Jun 10 07:57:56 standalone container-server[114025]: Starting 2
Jun 10 07:57:56 standalone account-server[113968]: Starting 2
Jun 10 07:57:56 standalone account-server[113988]: Started child 20 from parent 2
Jun 10 07:57:56 standalone account-server[113988]: Started child 21 from parent 2
Jun 10 07:57:56 standalone account-server[113988]: Started child 22 from parent 2
Jun 10 07:57:56 standalone account-server[113988]: Started child 23 from parent 2
Jun 10 07:57:56 standalone container-server[113984]: Option allow_versions is deprecated. Configure the versioned_writes middleware in the proxy-server instead. This option will be ignored in a future release.
Jun 10 07:57:56 standalone container-server[114347]: Option allow_versions is deprecated. Configure the versioned_writes middleware in the proxy-server instead. This option will be ignored in a future release.
Jun 10 07:57:56 standalone container-server[113984]: Started child 20 from parent 2
Jun 10 07:57:56 standalone container-server[114352]: Option allow_versions is deprecated. Configure the versioned_writes middleware in the proxy-server instead. This option will be ignored in a future release.
Jun 10 07:57:56 standalone container-server[113984]: Started child 21 from parent 2
Jun 10 07:57:56 standalone container-server[114358]: Option allow_versions is deprecated. Configure the versioned_writes middleware in the proxy-server instead. This option will be ignored in a future release.
Jun 10 07:57:56 standalone container-server[113984]: Started child 22 from parent 2
Jun 10 07:57:56 standalone container-server[114360]: Option allow_versions is deprecated. Configure the versioned_writes middleware in the proxy-server instead. This option will be ignored in a future release.
Jun 10 07:57:56 standalone container-server[113984]: Started child 23 from parent 2
Jun 10 07:57:57 standalone object-expirer[114369]: Starting 2
Jun 10 07:57:57 standalone object-expirer[114369]: Option auto_create_account_prefix is deprecated. Configure auto_create_account_prefix under the swift-constraints section of swift.conf. This option will be ignored in a future release.
Jun 10 07:57:57 standalone object-server[114366]: Starting 2
Jun 10 07:57:57 standalone object-server[114425]: Started child 22 from parent 2
Jun 10 07:57:57 standalone object-server[114425]: Started child 23 from parent 2
Jun 10 07:57:57 standalone object-server[114425]: Started child 24 from parent 2
Jun 10 07:57:57 standalone object-server[114425]: Started child 25 from parent 2
Jun 10 07:57:57 standalone account-server[114230]: 172.20.0.100 - - [10/Jun/2026:07:57:57 +0000] "HEAD /d1/14/.expiring_objects" 404 - "HEAD http://localhost/v1/.expiring_objects?format=json" "txde06e3e8a4aa447193034-006a291905" "proxy-server 2" 0.0013 "-" 20 -
Jun 10 07:57:57 standalone object-expirer[114369]: Pass completed in 0s; 0 objects expired (txn: txde06e3e8a4aa447193034-006a291905)
Jun 10 07:58:02 standalone proxy-server[116049]: Starting Keystone auth_token middleware
Jun 10 07:58:02 standalone proxy-server[116049]: AuthToken middleware is set with keystone_authtoken.service_token_roles_required set to False. This is backwards compatible but deprecated behaviour. Please set this to True.
Jun 10 07:58:02 standalone proxy-server[116181]: Starting Keystone auth_token middleware
Jun 10 07:58:02 standalone proxy-server[116181]: STDERR: The option "bind_port" is not known to keystonemiddleware
Jun 10 07:58:02 standalone proxy-server[116181]: STDERR: The option "workers" is not known to keystonemiddleware
Jun 10 07:58:02 standalone proxy-server[116181]: STDERR: The option "user" is not known to keystonemiddleware
Jun 10 07:58:02 standalone proxy-server[116181]: STDERR: The option "bind_ip" is not known to keystonemiddleware
Jun 10 07:58:02 standalone proxy-server[116181]: STDERR: The option "log_name" is not known to keystonemiddleware
Jun 10 07:58:02 standalone proxy-server[116181]: STDERR: The option "log_facility" is not known to keystonemiddleware
Jun 10 07:58:02 standalone proxy-server[116181]: STDERR: The option "log_level" is not known to keystonemiddleware
Jun 10 07:58:02 standalone proxy-server[116181]: STDERR: The option "log_headers" is not known to keystonemiddleware
Jun 10 07:58:02 standalone proxy-server[116181]: STDERR: The option "log_address" is not known to keystonemiddleware
Jun 10 07:58:02 standalone proxy-server[116181]: STDERR: The option "project_name" is not known to keystonemiddleware
Jun 10 07:58:02 standalone proxy-server[116181]: STDERR: The option "username" is not known to keystonemiddleware
Jun 10 07:58:02 standalone proxy-server[116181]: STDERR: The option "password" is not known to keystonemiddleware
Jun 10 07:58:02 standalone proxy-server[116181]: STDERR: The option "auth_url" is not known to keystonemiddleware
Jun 10 07:58:02 standalone proxy-server[116181]: STDERR: The option "signing_dir" is not known to keystonemiddleware
Jun 10 07:58:02 standalone proxy-server[116181]: STDERR: The option "project_domain_id" is not known to keystonemiddleware
Jun 10 07:58:02 standalone proxy-server[116181]: STDERR: The option "user_domain_id" is not known to keystonemiddleware
Jun 10 07:58:02 standalone proxy-server[116181]: STDERR: The option "__name__" is not known to keystonemiddleware
Jun 10 07:58:02 standalone proxy-server[116181]: AuthToken middleware is set with keystone_authtoken.service_token_roles_required set to False. This is backwards compatible but deprecated behaviour. Please set this to True.
Jun 10 07:58:02 standalone proxy-server[116049]: Started child 21 from parent 2
Jun 10 08:00:06 standalone object-server[114366]: Begin object update sweep
Jun 10 08:00:06 standalone object-server[129176]: Object update sweep starting on /srv/node/d1 (pid: 11)
Jun 10 08:00:06 standalone object-server[129176]: Object update sweep completed on /srv/node/d1 in 0.00s seconds:, 0 successes, 0 failures, 0 quarantines, 0 unlinks, 0 errors, 0 redirects (pid: 11)
Jun 10 08:00:06 standalone object-server[129176]: Object update sweep of d1 completed: 0.00s, 0 successes, 0 failures, 0 quarantines, 0 unlinks, 0 errors, 0 redirects
Jun 10 08:00:06 standalone object-server[114366]: Object update sweep completed: 0.08s
Jun 10 08:02:20 standalone account-server[114230]: 172.20.0.100 - - [10/Jun/2026:08:02:20 +0000] "HEAD /d1/14/.expiring_objects" 404 - "HEAD http://localhost/v1/.expiring_objects?format=json" "txb8409b1eb27b4e1e99fd0-006a291a0c" "proxy-server 2" 0.0010 "-" 20 -
Jun 10 08:02:20 standalone object-expirer[114369]: Pass completed in 0s; 0 objects expired (txn: txb8409b1eb27b4e1e99fd0-006a291a0c)
Jun 10 08:02:35 standalone container-server[114025]: Begin container update sweep
Jun 10 08:02:35 standalone container-server[114025]: Container update sweep completed: 0.00s
Jun 10 08:03:49 standalone account-server[114244]: 172.20.0.100 - - [10/Jun/2026:08:03:49 +0000] "HEAD /d1/14/.expiring_objects" 404 - "HEAD http://localhost/v1/.expiring_objects?format=json" "txe6f286a35f7047debd1ad-006a291a65" "proxy-server 2" 0.0019 "-" 22 -
Jun 10 08:03:49 standalone object-expirer[114369]: Pass completed in 0s; 0 objects expired (txn: txe6f286a35f7047debd1ad-006a291a65)
Jun 10 08:04:03 standalone proxy-server[116181]: 172.21.0.2 ::1 10/Jun/2026/08/04/03 GET /info HTTP/1.0 200 - python-urllib3/1.26.5 gAAAAABqKRpvRYiB... - 1671 - tx22e177277f1d481495475-006a291a72 - 0.5205 - - 1781078642.837660313 1781078643.358121634 -
Jun 10 08:04:09 standalone account-server[114230]: 172.20.0.100 - - [10/Jun/2026:08:04:09 +0000] "HEAD /d1/637/AUTH_c8ae57503cc04c69b49179dfcc69f6ac" 404 - "HEAD http://localhost:8080/v1/AUTH_c8ae57503cc04c69b49179dfcc69f6ac?format=json" "txf55eb350f73c4a57bd707-006a291a79" "proxy-server 21" 0.0005 "-" 20 -
Jun 10 08:04:09 standalone proxy-server[116181]: - - 10/Jun/2026/08/04/09 HEAD /v1/AUTH_c8ae57503cc04c69b49179dfcc69f6ac%3Fformat%3Djson HTTP/1.0 200 - Swift - - - - txf55eb350f73c4a57bd707-006a291a79 - 0.0054 RL - 1781078649.515564203 1781078649.520946026 -
Jun 10 08:04:09 standalone proxy-server[116181]: 172.18.0.2 ::1 10/Jun/2026/08/04/09 HEAD /v1/AUTH_c8ae57503cc04c69b49179dfcc69f6ac/glance%3Fformat%3Djson HTTP/1.0 404 - python-swiftclient-3.11.1 gAAAAABqKRp55sft... - - - txf55eb350f73c4a57bd707-006a291a79 - 0.0659 - - 1781078649.512849092 1781078649.578785896 -
Jun 10 08:04:09 standalone account-server[114244]: 172.20.0.100 - - [10/Jun/2026:08:04:09 +0000] "PUT /d1/637/AUTH_c8ae57503cc04c69b49179dfcc69f6ac" 201 - "-" "tx49d6cdbfb99841cf9e1f4-006a291a79" "-" 0.0179 "-" 22 -
Jun 10 08:04:09 standalone proxy-server[116181]: autocreate account '/AUTH_c8ae57503cc04c69b49179dfcc69f6ac' (txn: tx49d6cdbfb99841cf9e1f4-006a291a79)
Jun 10 08:04:09 standalone account-server[114230]: 172.20.0.100 - - [10/Jun/2026:08:04:09 +0000] "HEAD /d1/637/AUTH_c8ae57503cc04c69b49179dfcc69f6ac" 204 - "HEAD http://localhost:8080/v1/AUTH_c8ae57503cc04c69b49179dfcc69f6ac?format=json" "tx49d6cdbfb99841cf9e1f4-006a291a79" "proxy-server 21" 0.0029 "-" 20 -
Jun 10 08:04:09 standalone account-server[114230]: 172.20.0.100 - - [10/Jun/2026:08:04:09 +0000] "PUT /d1/637/AUTH_c8ae57503cc04c69b49179dfcc69f6ac/glance" 201 - "PUT http://172.20.0.100:6001/d1/800/AUTH_c8ae57503cc04c69b49179dfcc69f6ac/glance" "tx49d6cdbfb99841cf9e1f4-006a291a79" "container-server 22" 0.0017 "-" 20 0
Jun 10 08:04:09 standalone container-server[114358]: 172.20.0.100 - - [10/Jun/2026:08:04:09 +0000] "PUT /d1/800/AUTH_c8ae57503cc04c69b49179dfcc69f6ac/glance" 201 - "PUT http://localhost:8080/v1/AUTH_c8ae57503cc04c69b49179dfcc69f6ac/glance" "tx49d6cdbfb99841cf9e1f4-006a291a79" "proxy-server 21" 0.0134 "-" 22 0
Jun 10 08:04:09 standalone proxy-server[116181]: 172.18.0.2 ::1 10/Jun/2026/08/04/09 PUT /v1/AUTH_c8ae57503cc04c69b49179dfcc69f6ac/glance HTTP/1.0 201 - python-swiftclient-3.11.1 gAAAAABqKRp55sft... - - - tx49d6cdbfb99841cf9e1f4-006a291a79 - 0.0552 - - 1781078649.583598137 1781078649.638767719 0
Jun 10 08:04:09 standalone container-server[114347]: 172.20.0.100 - - [10/Jun/2026:08:04:09 +0000] "HEAD /d1/800/AUTH_c8ae57503cc04c69b49179dfcc69f6ac/glance" 204 - "HEAD http://localhost:8080/v1/AUTH_c8ae57503cc04c69b49179dfcc69f6ac/glance?format=json&states=listing" "tx29460f69585d49db8ff5a-006a291a79" "proxy-server 21" 0.0024 "-" 20 0
Jun 10 08:04:09 standalone proxy-server[116181]: - - 10/Jun/2026/08/04/09 HEAD /v1/AUTH_c8ae57503cc04c69b49179dfcc69f6ac/glance%3Fformat%3Djson%26states%3Dlisting HTTP/1.0 204 - Swift - - - - tx29460f69585d49db8ff5a-006a291a79 - 0.0087 RL - 1781078649.649128675 1781078649.657804012 0
Jun 10 08:04:09 standalone container-server[114347]: 172.20.0.100 - - [10/Jun/2026:08:04:09 +0000] "PUT /d1/800/AUTH_c8ae57503cc04c69b49179dfcc69f6ac/glance/d88c021f-c9c5-44ea-b20f-a9018e0d39c3-00001" 201 - "PUT http://localhost:8080/d1/8/AUTH_c8ae57503cc04c69b49179dfcc69f6ac/glance/d88c021f-c9c5-44ea-b20f-a9018e0d39c3-00001" "tx29460f69585d49db8ff5a-006a291a79" "object-server 22" 0.0008 "-" 20 0
Jun 10 08:04:09 standalone object-server[114519]: 172.20.0.100 - - [10/Jun/2026:08:04:09 +0000] "PUT /d1/8/AUTH_c8ae57503cc04c69b49179dfcc69f6ac/glance/d88c021f-c9c5-44ea-b20f-a9018e0d39c3-00001" 201 - "PUT http://localhost:8080/v1/AUTH_c8ae57503cc04c69b49179dfcc69f6ac/glance/d88c021f-c9c5-44ea-b20f-a9018e0d39c3-00001" "tx29460f69585d49db8ff5a-006a291a79" "proxy-server 21" 0.1681 "-" 22 0
Jun 10 08:04:09 standalone proxy-server[116181]: 172.18.0.2 ::1 10/Jun/2026/08/04/09 PUT /v1/AUTH_c8ae57503cc04c69b49179dfcc69f6ac/glance/d88c021f-c9c5-44ea-b20f-a9018e0d39c3-00001 HTTP/1.0 201 - python-swiftclient-3.11.1 gAAAAABqKRp55sft... 16300544 - - tx29460f69585d49db8ff5a-006a291a79 - 0.1880 - - 1781078649.646767139 1781078649.834782362 0
Jun 10 08:04:09 standalone container-server[114347]: 172.20.0.100 - - [10/Jun/2026:08:04:09 +0000] "PUT /d1/800/AUTH_c8ae57503cc04c69b49179dfcc69f6ac/glance/d88c021f-c9c5-44ea-b20f-a9018e0d39c3" 201 - "PUT http://localhost:8080/d1/893/AUTH_c8ae57503cc04c69b49179dfcc69f6ac/glance/d88c021f-c9c5-44ea-b20f-a9018e0d39c3" "tx26dc67f35b184842a734b-006a291a79" "object-server 24" 0.0008 "-" 20 0
Jun 10 08:04:09 standalone object-server[114534]: 172.20.0.100 - - [10/Jun/2026:08:04:09 +0000] "PUT /d1/893/AUTH_c8ae57503cc04c69b49179dfcc69f6ac/glance/d88c021f-c9c5-44ea-b20f-a9018e0d39c3" 201 - "PUT http://localhost:8080/v1/AUTH_c8ae57503cc04c69b49179dfcc69f6ac/glance/d88c021f-c9c5-44ea-b20f-a9018e0d39c3" "tx26dc67f35b184842a734b-006a291a79" "proxy-server 21" 0.0217 "-" 24 0
Jun 10 08:04:09 standalone proxy-server[116181]: 172.18.0.2 ::1 10/Jun/2026/08/04/09 PUT /v1/AUTH_c8ae57503cc04c69b49179dfcc69f6ac/glance/d88c021f-c9c5-44ea-b20f-a9018e0d39c3 HTTP/1.0 201 - python-swiftclient-3.11.1 gAAAAABqKRp55sft... - - - tx26dc67f35b184842a734b-006a291a79 - 0.0272 - - 1781078649.841461658 1781078649.868683338 0
Jun 10 08:04:10 standalone container-server[114358]: 172.20.0.100 - - [10/Jun/2026:08:04:10 +0000] "HEAD /d1/800/AUTH_c8ae57503cc04c69b49179dfcc69f6ac/glance" 204 - "HEAD http://localhost:8080/v1/AUTH_c8ae57503cc04c69b49179dfcc69f6ac/glance?format=json&states=listing" "txef537433be51452980cf5-006a291a7a" "proxy-server 21" 0.0186 "-" 22 0
Jun 10 08:04:10 standalone proxy-server[116181]: 172.18.0.2 ::1 10/Jun/2026/08/04/10 HEAD /v1/AUTH_c8ae57503cc04c69b49179dfcc69f6ac/glance%3Fformat%3Djson%26states%3Dlisting HTTP/1.0 204 - python-swiftclient-3.11.1 gAAAAABqKRp6q4yd... - - - txef537433be51452980cf5-006a291a7a - 0.0534 - - 1781078650.420751333 1781078650.474197149 0
Jun 10 08:04:10 standalone container-server[114352]: 172.20.0.100 - - [10/Jun/2026:08:04:10 +0000] "PUT /d1/800/AUTH_c8ae57503cc04c69b49179dfcc69f6ac/glance/61058657-18d4-4e7e-abab-32ad80332e4f-00001" 201 - "PUT http://localhost:8080/d1/629/AUTH_c8ae57503cc04c69b49179dfcc69f6ac/glance/61058657-18d4-4e7e-abab-32ad80332e4f-00001" "tx0eb5f3e7cfd845a2a4e0d-006a291a7a" "object-server 24" 0.0011 "-" 21 0
Jun 10 08:04:10 standalone object-server[114534]: 172.20.0.100 - - [10/Jun/2026:08:04:10 +0000] "PUT /d1/629/AUTH_c8ae57503cc04c69b49179dfcc69f6ac/glance/61058657-18d4-4e7e-abab-32ad80332e4f-00001" 201 - "PUT http://localhost:8080/v1/AUTH_c8ae57503cc04c69b49179dfcc69f6ac/glance/61058657-18d4-4e7e-abab-32ad80332e4f-00001" "tx0eb5f3e7cfd845a2a4e0d-006a291a7a" "proxy-server 21" 0.1459 "-" 24 0
Jun 10 08:04:10 standalone proxy-server[116181]: 172.18.0.2 ::1 10/Jun/2026/08/04/10 PUT /v1/AUTH_c8ae57503cc04c69b49179dfcc69f6ac/glance/61058657-18d4-4e7e-abab-32ad80332e4f-00001 HTTP/1.0 201 - python-swiftclient-3.11.1 gAAAAABqKRp6q4yd... 16300544 - - tx0eb5f3e7cfd845a2a4e0d-006a291a7a - 0.1539 - - 1781078650.478459358 1781078650.632361889 0
Jun 10 08:04:10 standalone container-server[114360]: 172.20.0.100 - - [10/Jun/2026:08:04:10 +0000] "PUT /d1/800/AUTH_c8ae57503cc04c69b49179dfcc69f6ac/glance/61058657-18d4-4e7e-abab-32ad80332e4f" 201 - "PUT http://localhost:8080/d1/749/AUTH_c8ae57503cc04c69b49179dfcc69f6ac/glance/61058657-18d4-4e7e-abab-32ad80332e4f" "tx29ff4340f9304536b2e14-006a291a7a" "object-server 25" 0.0010 "-" 23 0
Jun 10 08:04:10 standalone object-server[114536]: 172.20.0.100 - - [10/Jun/2026:08:04:10 +0000] "PUT /d1/749/AUTH_c8ae57503cc04c69b49179dfcc69f6ac/glance/61058657-18d4-4e7e-abab-32ad80332e4f" 201 - "PUT http://localhost:8080/v1/AUTH_c8ae57503cc04c69b49179dfcc69f6ac/glance/61058657-18d4-4e7e-abab-32ad80332e4f" "tx29ff4340f9304536b2e14-006a291a7a" "proxy-server 21" 0.0252 "-" 25 0
Jun 10 08:04:10 standalone proxy-server[116181]: 172.18.0.2 ::1 10/Jun/2026/08/04/10 PUT /v1/AUTH_c8ae57503cc04c69b49179dfcc69f6ac/glance/61058657-18d4-4e7e-abab-32ad80332e4f HTTP/1.0 201 - python-swiftclient-3.11.1 gAAAAABqKRp6q4yd... - - - tx29ff4340f9304536b2e14-006a291a7a - 0.0338 - - 1781078650.639822245 1781078650.673580647 0
Jun 10 08:05:06 standalone object-server[114366]: Begin object update sweep
Jun 10 08:05:06 standalone object-server[157607]: Object update sweep starting on /srv/node/d1 (pid: 13)
Jun 10 08:05:06 standalone object-server[157607]: Object update sweep completed on /srv/node/d1 in 0.00s seconds:, 0 successes, 0 failures, 0 quarantines, 0 unlinks, 0 errors, 0 redirects (pid: 13)
Jun 10 08:05:06 standalone object-server[157607]: Object update sweep of d1 completed: 0.00s, 0 successes, 0 failures, 0 quarantines, 0 unlinks, 0 errors, 0 redirects
Jun 10 08:05:06 standalone object-server[114366]: Object update sweep completed: 0.07s
Jun 10 08:07:35 standalone container-server[114025]: Begin container update sweep
Jun 10 08:07:35 standalone account-server[114231]: 172.20.0.100 - - [10/Jun/2026:08:07:35 +0000] "PUT /d1/637/AUTH_c8ae57503cc04c69b49179dfcc69f6ac/glance" 201 - "-" "-" "container-updater 2" 0.0010 "-" 21 0
Jun 10 08:07:35 standalone container-server[114025]: Container update sweep completed: 0.12s
Jun 10 08:08:09 standalone account-server[114230]: 172.20.0.100 - - [10/Jun/2026:08:08:09 +0000] "HEAD /d1/14/.expiring_objects" 404 - "HEAD http://localhost/v1/.expiring_objects?format=json" "txd66a49d7f8f641cf97879-006a291b69" "proxy-server 2" 0.0005 "-" 20 -
Jun 10 08:08:09 standalone object-expirer[114369]: Pass completed in 0s; 0 objects expired (txn: txd66a49d7f8f641cf97879-006a291b69)
Jun 10 08:08:44 standalone account-server[114231]: 172.20.0.100 - - [10/Jun/2026:08:08:44 +0000] "HEAD /d1/637/AUTH_c8ae57503cc04c69b49179dfcc69f6ac" 204 - "HEAD http://localhost:8080/v1/AUTH_c8ae57503cc04c69b49179dfcc69f6ac?format=json" "txf566e45cca3547ae84064-006a291b8c" "proxy-server 21" 0.0083 "-" 21 -
Jun 10 08:08:44 standalone proxy-server[116181]: - - 10/Jun/2026/08/08/44 HEAD /v1/AUTH_c8ae57503cc04c69b49179dfcc69f6ac%3Fformat%3Djson HTTP/1.0 204 - Swift - - - - txf566e45cca3547ae84064-006a291b8c - 0.0121 RL - 1781078924.053491354 1781078924.065587759 -
Jun 10 08:08:44 standalone container-server[114352]: 172.20.0.100 - - [10/Jun/2026:08:08:44 +0000] "HEAD /d1/800/AUTH_c8ae57503cc04c69b49179dfcc69f6ac/glance" 204 - "HEAD http://localhost:8080/v1/AUTH_c8ae57503cc04c69b49179dfcc69f6ac/glance?format=json&states=listing" "txf566e45cca3547ae84064-006a291b8c" "proxy-server 21" 0.0028 "-" 21 0
Jun 10 08:08:44 standalone proxy-server[116181]: 172.18.0.2 ::1 10/Jun/2026/08/08/44 HEAD /v1/AUTH_c8ae57503cc04c69b49179dfcc69f6ac/glance%3Fformat%3Djson%26states%3Dlisting HTTP/1.0 204 - python-swiftclient-3.11.1 gAAAAABqKRuLYyAb... - - - txf566e45cca3547ae84064-006a291b8c - 0.2121 - - 1781078924.052725554 1781078924.264793873 0
Jun 10 08:08:46 standalone container-server[114360]: 172.20.0.100 - - [10/Jun/2026:08:08:46 +0000] "PUT /d1/800/AUTH_c8ae57503cc04c69b49179dfcc69f6ac/glance/ce8c9ae3-5253-4d7a-a86f-fa1b416a0c23-00001" 201 - "PUT http://localhost:8080/d1/35/AUTH_c8ae57503cc04c69b49179dfcc69f6ac/glance/ce8c9ae3-5253-4d7a-a86f-fa1b416a0c23-00001" "tx8b222f33234b45118fb3b-006a291b8c" "object-server 24" 0.0008 "-" 23 0
Jun 10 08:08:46 standalone object-server[114534]: 172.20.0.100 - - [10/Jun/2026:08:08:46 +0000] "PUT /d1/35/AUTH_c8ae57503cc04c69b49179dfcc69f6ac/glance/ce8c9ae3-5253-4d7a-a86f-fa1b416a0c23-00001" 201 - "PUT http://localhost:8080/v1/AUTH_c8ae57503cc04c69b49179dfcc69f6ac/glance/ce8c9ae3-5253-4d7a-a86f-fa1b416a0c23-00001" "tx8b222f33234b45118fb3b-006a291b8c" "proxy-server 21" 2.6450 "-" 24 0
Jun 10 08:08:46 standalone proxy-server[116181]: 172.18.0.2 ::1 10/Jun/2026/08/08/46 PUT /v1/AUTH_c8ae57503cc04c69b49179dfcc69f6ac/glance/ce8c9ae3-5253-4d7a-a86f-fa1b416a0c23-00001 HTTP/1.0 201 - python-swiftclient-3.11.1 gAAAAABqKRuLYyAb... 21692416 - - tx8b222f33234b45118fb3b-006a291b8c - 2.6501 - - 1781078924.276728868 1781078926.926856995 0
Jun 10 08:08:46 standalone container-server[114358]: 172.20.0.100 - - [10/Jun/2026:08:08:46 +0000] "PUT /d1/800/AUTH_c8ae57503cc04c69b49179dfcc69f6ac/glance/ce8c9ae3-5253-4d7a-a86f-fa1b416a0c23" 201 - "PUT http://localhost:8080/d1/231/AUTH_c8ae57503cc04c69b49179dfcc69f6ac/glance/ce8c9ae3-5253-4d7a-a86f-fa1b416a0c23" "tx37693ab90cad4403970f1-006a291b8e" "object-server 24" 0.0008 "-" 22 0
Jun 10 08:08:46 standalone object-server[114534]: 172.20.0.100 - - [10/Jun/2026:08:08:46 +0000] "PUT /d1/231/AUTH_c8ae57503cc04c69b49179dfcc69f6ac/glance/ce8c9ae3-5253-4d7a-a86f-fa1b416a0c23" 201 - "PUT http://localhost:8080/v1/AUTH_c8ae57503cc04c69b49179dfcc69f6ac/glance/ce8c9ae3-5253-4d7a-a86f-fa1b416a0c23" "tx37693ab90cad4403970f1-006a291b8e" "proxy-server 21" 0.0084 "-" 24 0
Jun 10 08:08:46 standalone proxy-server[116181]: 172.18.0.2 ::1 10/Jun/2026/08/08/46 PUT /v1/AUTH_c8ae57503cc04c69b49179dfcc69f6ac/glance/ce8c9ae3-5253-4d7a-a86f-fa1b416a0c23 HTTP/1.0 201 - python-swiftclient-3.11.1 gAAAAABqKRuLYyAb... - - - tx37693ab90cad4403970f1-006a291b8e - 0.0153 - - 1781078926.934839725 1781078926.950179577 0
Jun 10 08:09:51 standalone account-server[114260]: 172.20.0.100 - - [10/Jun/2026:08:09:51 +0000] "HEAD /d1/637/AUTH_c8ae57503cc04c69b49179dfcc69f6ac" 204 - "HEAD http://localhost:8080/v1/AUTH_c8ae57503cc04c69b49179dfcc69f6ac?format=json" "tx365d5f3ec724483e9b608-006a291bcf" "proxy-server 21" 0.0030 "-" 23 -
Jun 10 08:09:51 standalone proxy-server[116181]: - - 10/Jun/2026/08/09/51 HEAD /v1/AUTH_c8ae57503cc04c69b49179dfcc69f6ac%3Fformat%3Djson HTTP/1.0 204 - Swift - - - - tx365d5f3ec724483e9b608-006a291bcf - 0.0078 RL - 1781078991.077895403 1781078991.085711718 -
Jun 10 08:09:51 standalone container-server[114352]: 172.20.0.100 - - [10/Jun/2026:08:09:51 +0000] "HEAD /d1/800/AUTH_c8ae57503cc04c69b49179dfcc69f6ac/glance" 204 - "HEAD http://localhost:8080/v1/AUTH_c8ae57503cc04c69b49179dfcc69f6ac/glance?format=json&states=listing" "tx365d5f3ec724483e9b608-006a291bcf" "proxy-server 21" 0.0109 "-" 21 0
Jun 10 08:09:51 standalone object-server[114536]: 172.20.0.100 - - [10/Jun/2026:08:09:51 +0000] "GET /d1/231/AUTH_c8ae57503cc04c69b49179dfcc69f6ac/glance/ce8c9ae3-5253-4d7a-a86f-fa1b416a0c23" 200 - "GET http://localhost:8080/v1/AUTH_c8ae57503cc04c69b49179dfcc69f6ac/glance/ce8c9ae3-5253-4d7a-a86f-fa1b416a0c23" "tx365d5f3ec724483e9b608-006a291bcf" "proxy-server 21" 0.0013 "-" 25 0
Jun 10 08:09:51 standalone container-server[114358]: 172.20.0.100 - - [10/Jun/2026:08:09:51 +0000] "GET /d1/800/AUTH_c8ae57503cc04c69b49179dfcc69f6ac/glance" 200 210 "GET http://localhost:8080/v1/AUTH_c8ae57503cc04c69b49179dfcc69f6ac/glance?prefix=ce8c9ae3-5253-4d7a-a86f-fa1b416a0c23-&format=json&states=listing" "tx365d5f3ec724483e9b608-006a291bcf" "proxy-server 21" 0.0040 "-" 22 0
Jun 10 08:09:51 standalone proxy-server[116181]: - - 10/Jun/2026/08/09/51 GET /v1/AUTH_c8ae57503cc04c69b49179dfcc69f6ac/glance%3Fprefix%3Dce8c9ae3-5253-4d7a-a86f-fa1b416a0c23-%26format%3Djson%26states%3Dlisting HTTP/1.0 200 - python-swiftclient-3.11.1%20DLO%20MultipartGET gAAAAABqKRvPiTMF... - 210 - tx365d5f3ec724483e9b608-006a291bcf - 0.0088 DLO - 1781078991.192289829 1781078991.201087713 0
Jun 10 08:09:51 standalone object-server[114534]: 172.20.0.100 - - [10/Jun/2026:08:09:51 +0000] "GET /d1/35/AUTH_c8ae57503cc04c69b49179dfcc69f6ac/glance/ce8c9ae3-5253-4d7a-a86f-fa1b416a0c23-00001" 200 21692416 "GET http://localhost:8080/v1/AUTH_c8ae57503cc04c69b49179dfcc69f6ac/glance/ce8c9ae3-5253-4d7a-a86f-fa1b416a0c23-00001?multipart-manifest=get" "tx365d5f3ec724483e9b608-006a291bcf" "proxy-server 21" 0.0012 "-" 24 0
Jun 10 08:09:51 standalone proxy-server[116181]: - - 10/Jun/2026/08/09/51 GET /v1/AUTH_c8ae57503cc04c69b49179dfcc69f6ac/glance/ce8c9ae3-5253-4d7a-a86f-fa1b416a0c23-00001%3Fmultipart-manifest%3Dget HTTP/1.0 200 - python-swiftclient-3.11.1%20%20DLO%20MultipartGET gAAAAABqKRvPiTMF... - 21692416 - tx365d5f3ec724483e9b608-006a291bcf - 0.0929 DLO - 1781078991.201894760 1781078991.294778109 0
Jun 10 08:09:51 standalone proxy-server[116181]: 172.18.0.2 ::1 10/Jun/2026/08/09/51 GET /v1/AUTH_c8ae57503cc04c69b49179dfcc69f6ac/glance/ce8c9ae3-5253-4d7a-a86f-fa1b416a0c23 HTTP/1.0 200 - python-swiftclient-3.11.1 gAAAAABqKRvPiTMF... - 21692416 - tx365d5f3ec724483e9b608-006a291bcf - 0.2188 - - 1781078991.076662540 1781078991.295420408 0
Jun 10 08:09:57 standalone account-server[114260]: 172.20.0.100 - - [10/Jun/2026:08:09:57 +0000] "HEAD /d1/14/.expiring_objects" 404 - "HEAD http://localhost/v1/.expiring_objects?format=json" "txb749a93b9b734ccd983ae-006a291bd5" "proxy-server 2" 0.0007 "-" 23 -
Jun 10 08:09:57 standalone object-expirer[114369]: Pass completed in 0s; 0 objects expired (txn: txb749a93b9b734ccd983ae-006a291bd5)
Jun 10 08:10:06 standalone object-server[114366]: Begin object update sweep
Jun 10 08:10:06 standalone object-server[183523]: Object update sweep starting on /srv/node/d1 (pid: 14)
Jun 10 08:10:06 standalone object-server[183523]: Object update sweep completed on /srv/node/d1 in 0.00s seconds:, 0 successes, 0 failures, 0 quarantines, 0 unlinks, 0 errors, 0 redirects (pid: 14)
Jun 10 08:10:06 standalone object-server[183523]: Object update sweep of d1 completed: 0.00s, 0 successes, 0 failures, 0 quarantines, 0 unlinks, 0 errors, 0 redirects
Jun 10 08:10:06 standalone object-server[114366]: Object update sweep completed: 0.06s
Jun 10 08:12:35 standalone container-server[114025]: Begin container update sweep
Jun 10 08:12:35 standalone account-server[114231]: 172.20.0.100 - - [10/Jun/2026:08:12:35 +0000] "PUT /d1/637/AUTH_c8ae57503cc04c69b49179dfcc69f6ac/glance" 201 - "-" "-" "container-updater 2" 0.0010 "-" 21 0
Jun 10 08:12:35 standalone container-server[114025]: Container update sweep completed: 0.09s
Jun 10 08:13:13 standalone account-server[114231]: 172.20.0.100 - - [10/Jun/2026:08:13:13 +0000] "HEAD /d1/14/.expiring_objects" 404 - "HEAD http://localhost/v1/.expiring_objects?format=json" "txa0f31ccf46b34f56b07a3-006a291c99" "proxy-server 2" 0.0007 "-" 21 -
Jun 10 08:13:14 standalone object-expirer[114369]: Pass completed in 0s; 0 objects expired (txn: txa0f31ccf46b34f56b07a3-006a291c99)
Jun 10 08:13:47 standalone account-server[114260]: 172.20.0.100 - - [10/Jun/2026:08:13:47 +0000] "HEAD /d1/14/.expiring_objects" 404 - "HEAD http://localhost/v1/.expiring_objects?format=json" "tx4d01c9488d8043acb437d-006a291cbb" "proxy-server 2" 0.0009 "-" 23 -
Jun 10 08:13:47 standalone object-expirer[114369]: Pass completed in 0s; 0 objects expired (txn: tx4d01c9488d8043acb437d-006a291cbb)
Jun 10 08:15:06 standalone object-server[114366]: Begin object update sweep
Jun 10 08:15:06 standalone object-server[211200]: Object update sweep starting on /srv/node/d1 (pid: 15)
Jun 10 08:15:06 standalone object-server[211200]: Object update sweep completed on /srv/node/d1 in 0.00s seconds:, 0 successes, 0 failures, 0 quarantines, 0 unlinks, 0 errors, 0 redirects (pid: 15)
Jun 10 08:15:06 standalone object-server[211200]: Object update sweep of d1 completed: 0.00s, 0 successes, 0 failures, 0 quarantines, 0 unlinks, 0 errors, 0 redirects
Jun 10 08:15:07 standalone object-server[114366]: Object update sweep completed: 0.08s
Jun 10 08:17:24 standalone account-server[114260]: 172.20.0.100 - - [10/Jun/2026:08:17:24 +0000] "HEAD /d1/14/.expiring_objects" 404 - "HEAD http://localhost/v1/.expiring_objects?format=json" "txa172f10919704839a73bc-006a291d94" "proxy-server 2" 0.0007 "-" 23 -
Jun 10 08:17:24 standalone object-expirer[114369]: Pass completed in 0s; 0 objects expired (txn: txa172f10919704839a73bc-006a291d94)
Jun 10 08:17:35 standalone container-server[114025]: Begin container update sweep
Jun 10 08:17:36 standalone container-server[114025]: Container update sweep completed: 0.08s
Jun 10 08:19:00 standalone account-server[114231]: 172.20.0.100 - - [10/Jun/2026:08:19:00 +0000] "HEAD /d1/14/.expiring_objects" 404 - "HEAD http://localhost/v1/.expiring_objects?format=json" "tx66aa1ca4e0504f90867d6-006a291df4" "proxy-server 2" 0.0005 "-" 21 -
Jun 10 08:19:00 standalone object-expirer[114369]: Pass completed in 0s; 0 objects expired (txn: tx66aa1ca4e0504f90867d6-006a291df4)
Jun 10 08:20:07 standalone object-server[114366]: Begin object update sweep
Jun 10 08:20:07 standalone object-server[231001]: Object update sweep starting on /srv/node/d1 (pid: 16)
Jun 10 08:20:07 standalone object-server[231001]: Object update sweep completed on /srv/node/d1 in 0.00s seconds:, 0 successes, 0 failures, 0 quarantines, 0 unlinks, 0 errors, 0 redirects (pid: 16)
Jun 10 08:20:07 standalone object-server[231001]: Object update sweep of d1 completed: 0.00s, 0 successes, 0 failures, 0 quarantines, 0 unlinks, 0 errors, 0 redirects
Jun 10 08:20:07 standalone object-server[114366]: Object update sweep completed: 0.08s
Jun 10 08:22:32 standalone account-server[114244]: 172.20.0.100 - - [10/Jun/2026:08:22:32 +0000] "HEAD /d1/14/.expiring_objects" 404 - "HEAD http://localhost/v1/.expiring_objects?format=json" "tx6facb4c1c7724dc8b3db7-006a291ec8" "proxy-server 2" 0.0008 "-" 22 -
Jun 10 08:22:32 standalone object-expirer[114369]: Pass completed in 0s; 0 objects expired (txn: tx6facb4c1c7724dc8b3db7-006a291ec8)
Jun 10 08:22:36 standalone container-server[114025]: Begin container update sweep
Jun 10 08:22:36 standalone container-server[114025]: Container update sweep completed: 0.09s
Jun 10 08:22:37 standalone account-server[114230]: 172.20.0.31 - - [10/Jun/2026:08:22:37 +0000] "HEAD /d1/695/AUTH_e7af70e2c7f844999b7f7fe589b59b56" 404 - "HEAD http://swift-public-openstack.apps-crc.testing/v1/AUTH_e7af70e2c7f844999b7f7fe589b59b56?format=json" "txda22050c02414c6a89d88-006a291ecd" "proxy-server 10" 0.0006 "-" 20 -
Jun 10 08:22:37 standalone account-server[114244]: 172.20.0.31 - - [10/Jun/2026:08:22:37 +0000] "GET /d1/695/AUTH_e7af70e2c7f844999b7f7fe589b59b56" 404 - "GET http://swift-public-openstack.apps-crc.testing/v1/AUTH_e7af70e2c7f844999b7f7fe589b59b56?format=json" "txda22050c02414c6a89d88-006a291ecd" "proxy-server 10" 0.0004 "-" 22 -
Jun 10 08:23:26 standalone account-server[114244]: 172.20.0.100 - - [10/Jun/2026:08:23:26 +0000] "HEAD /d1/14/.expiring_objects" 404 - "HEAD http://localhost/v1/.expiring_objects?format=json" "txc31dc856c55d493d988d6-006a291efe" "proxy-server 2" 0.0007 "-" 22 -
Jun 10 08:23:26 standalone object-expirer[114369]: Pass completed in 0s; 0 objects expired (txn: txc31dc856c55d493d988d6-006a291efe)
Jun 10 08:23:35 standalone account-server[114230]: 172.20.0.100 - - [10/Jun/2026:08:23:35 +0000] "HEAD /d1/14/.expiring_objects" 404 - "HEAD http://localhost/v1/.expiring_objects?format=json" "txa8aabe238010491c85168-006a291f07" "proxy-server 2" 0.0008 "-" 20 -
Jun 10 08:23:35 standalone object-expirer[114369]: Pass completed in 0s; 0 objects expired (txn: txa8aabe238010491c85168-006a291f07)
Jun 10 08:25:07 standalone object-server[114366]: Begin object update sweep
Jun 10 08:25:07 standalone object-server[250386]: Object update sweep starting on /srv/node/d1 (pid: 17)
Jun 10 08:25:07 standalone object-server[250386]: Object update sweep completed on /srv/node/d1 in 0.00s seconds:, 0 successes, 0 failures, 0 quarantines, 0 unlinks, 0 errors, 0 redirects (pid: 17)
Jun 10 08:25:07 standalone object-server[250386]: Object update sweep of d1 completed: 0.00s, 0 successes, 0 failures, 0 quarantines, 0 unlinks, 0 errors, 0 redirects
Jun 10 08:25:07 standalone object-server[114366]: Object update sweep completed: 0.08s
Jun 10 08:27:05 standalone account-server[114260]: 172.20.0.100 - - [10/Jun/2026:08:27:05 +0000] "HEAD /d1/14/.expiring_objects" 404 - "HEAD http://localhost/v1/.expiring_objects?format=json" "tx0b2f238e42004abf9a054-006a291fd9" "proxy-server 2" 0.0007 "-" 23 -
Jun 10 08:27:05 standalone object-expirer[114369]: Pass completed in 0s; 0 objects expired (txn: tx0b2f238e42004abf9a054-006a291fd9)
Jun 10 08:27:36 standalone container-server[114025]: Begin container update sweep
Jun 10 08:27:36 standalone container-server[114025]: Container update sweep completed: 0.09s
Jun 10 08:30:07 standalone object-server[114366]: Begin object update sweep
Jun 10 08:30:07 standalone object-server[269670]: Object update sweep starting on /srv/node/d1 (pid: 18)
Jun 10 08:30:07 standalone object-server[269670]: Object update sweep completed on /srv/node/d1 in 0.00s seconds:, 0 successes, 0 failures, 0 quarantines, 0 unlinks, 0 errors, 0 redirects (pid: 18)
Jun 10 08:30:07 standalone object-server[269670]: Object update sweep of d1 completed: 0.00s, 0 successes, 0 failures, 0 quarantines, 0 unlinks, 0 errors, 0 redirects
Jun 10 08:30:07 standalone object-server[114366]: Object update sweep completed: 0.08s
Jun 10 08:31:21 standalone account-server[114244]: 172.20.0.100 - - [10/Jun/2026:08:31:21 +0000] "HEAD /d1/14/.expiring_objects" 404 - "HEAD http://localhost/v1/.expiring_objects?format=json" "txf1548fce838f4f55b61a2-006a2920d9" "proxy-server 2" 0.0005 "-" 22 -
Jun 10 08:31:21 standalone object-expirer[114369]: Pass completed in 0s; 0 objects expired (txn: txf1548fce838f4f55b61a2-006a2920d9)
Jun 10 08:32:36 standalone container-server[114025]: Begin container update sweep
Jun 10 08:32:36 standalone container-server[114025]: Container update sweep completed: 0.08s
Jun 10 08:33:53 standalone account-server[114230]: 172.20.0.100 - - [10/Jun/2026:08:33:53 +0000] "HEAD /d1/14/.expiring_objects" 404 - "HEAD http://localhost/v1/.expiring_objects?format=json" "tx87f4f20b1a254afd8037f-006a292171" "proxy-server 2" 0.0007 "-" 20 -
Jun 10 08:33:53 standalone object-expirer[114369]: Pass completed in 0s; 0 objects expired (txn: tx87f4f20b1a254afd8037f-006a292171)
Jun 10 08:34:24 standalone account-server[114244]: 172.20.0.31 - - [10/Jun/2026:08:34:24 +0000] "HEAD /d1/623/AUTH_b8a663a75f024d10864edabb48a09ac2" 404 - "HEAD http://swift-internal.openstack.svc:8080/v1/AUTH_b8a663a75f024d10864edabb48a09ac2?format=json" "txdca01b58fa6c4b649fa30-006a292190" "proxy-server 8" 0.0007 "-" 22 -
Jun 10 08:34:25 standalone account-server[114244]: 172.20.0.31 - - [10/Jun/2026:08:34:25 +0000] "GET /d1/623/AUTH_b8a663a75f024d10864edabb48a09ac2" 404 - "GET http://swift-internal.openstack.svc:8080/v1/AUTH_b8a663a75f024d10864edabb48a09ac2?format=json" "txdca01b58fa6c4b649fa30-006a292190" "proxy-server 8" 0.0004 "-" 22 -
Jun 10 08:34:25 standalone account-server[114230]: 172.20.0.31 - - [10/Jun/2026:08:34:25 +0000] "HEAD /d1/677/AUTH_c52c59bd2ddd4b21a874da06fc739be6" 404 - "HEAD http://swift-internal.openstack.svc:8080/v1/AUTH_c52c59bd2ddd4b21a874da06fc739be6?format=json" "txa11e540430a14ebe90b7a-006a292191" "proxy-server 6" 0.0004 "-" 20 -
Jun 10 08:34:25 standalone account-server[114260]: 172.20.0.31 - - [10/Jun/2026:08:34:25 +0000] "GET /d1/677/AUTH_c52c59bd2ddd4b21a874da06fc739be6" 404 - "GET http://swift-internal.openstack.svc:8080/v1/AUTH_c52c59bd2ddd4b21a874da06fc739be6?format=json" "txa11e540430a14ebe90b7a-006a292191" "proxy-server 6" 0.0004 "-" 23 -
Jun 10 08:34:25 standalone account-server[114244]: 172.20.0.31 - - [10/Jun/2026:08:34:25 +0000] "HEAD /d1/637/AUTH_c8ae57503cc04c69b49179dfcc69f6ac" 204 - "HEAD http://swift-internal.openstack.svc:8080/v1/AUTH_c8ae57503cc04c69b49179dfcc69f6ac?format=json" "tx96d3a3ae1c7b431b85f1e-006a292191" "proxy-server 8" 0.0128 "-" 22 -
Jun 10 08:34:25 standalone account-server[114260]: 172.20.0.31 - - [10/Jun/2026:08:34:25 +0000] "GET /d1/637/AUTH_c8ae57503cc04c69b49179dfcc69f6ac" 200 98 "GET http://swift-internal.openstack.svc:8080/v1/AUTH_c8ae57503cc04c69b49179dfcc69f6ac?format=json" "tx96d3a3ae1c7b431b85f1e-006a292191" "proxy-server 8" 0.0014 "-" 23 -
Jun 10 08:34:25 standalone account-server[114244]: 172.20.0.31 - - [10/Jun/2026:08:34:25 +0000] "HEAD /d1/695/AUTH_e7af70e2c7f844999b7f7fe589b59b56" 404 - "HEAD http://swift-internal.openstack.svc:8080/v1/AUTH_e7af70e2c7f844999b7f7fe589b59b56?format=json" "tx9b394238368540568aff5-006a292191" "proxy-server 9" 0.0006 "-" 22 -
Jun 10 08:34:26 standalone account-server[114230]: 172.20.0.31 - - [10/Jun/2026:08:34:26 +0000] "GET /d1/695/AUTH_e7af70e2c7f844999b7f7fe589b59b56" 404 - "GET http://swift-internal.openstack.svc:8080/v1/AUTH_e7af70e2c7f844999b7f7fe589b59b56?format=json" "tx9b394238368540568aff5-006a292191" "proxy-server 9" 0.0005 "-" 20 -
Jun 10 08:34:26 standalone account-server[114260]: 172.20.0.31 - - [10/Jun/2026:08:34:26 +0000] "HEAD /d1/623/AUTH_b8a663a75f024d10864edabb48a09ac2" 404 - "HEAD http://swift-internal.openstack.svc:8080/v1/AUTH_b8a663a75f024d10864edabb48a09ac2?format=json" "tx933f8d9221e34ef5a7278-006a292192" "proxy-server 8" 0.0005 "-" 23 -
Jun 10 08:34:26 standalone account-server[114230]: 172.20.0.31 - - [10/Jun/2026:08:34:26 +0000] "HEAD /d1/677/AUTH_c52c59bd2ddd4b21a874da06fc739be6" 404 - "HEAD http://swift-internal.openstack.svc:8080/v1/AUTH_c52c59bd2ddd4b21a874da06fc739be6?format=json" "tx42753542d13d4be9a6bda-006a292192" "proxy-server 9" 0.0004 "-" 20 -
Jun 10 08:34:26 standalone account-server[114231]: 172.20.0.31 - - [10/Jun/2026:08:34:26 +0000] "HEAD /d1/637/AUTH_c8ae57503cc04c69b49179dfcc69f6ac" 204 - "HEAD http://swift-internal.openstack.svc:8080/v1/AUTH_c8ae57503cc04c69b49179dfcc69f6ac?format=json" "txb9020a3675c640489ac76-006a292192" "proxy-server 6" 0.0023 "-" 21 -
Jun 10 08:34:26 standalone account-server[114231]: 172.20.0.31 - - [10/Jun/2026:08:34:26 +0000] "HEAD /d1/695/AUTH_e7af70e2c7f844999b7f7fe589b59b56" 404 - "HEAD http://swift-internal.openstack.svc:8080/v1/AUTH_e7af70e2c7f844999b7f7fe589b59b56?format=json" "tx084e541881424596849b6-006a292192" "proxy-server 6" 0.0004 "-" 21 -
Jun 10 08:34:59 standalone account-server[114260]: 172.20.0.100 - - [10/Jun/2026:08:34:59 +0000] "HEAD /d1/14/.expiring_objects" 404 - "HEAD http://localhost/v1/.expiring_objects?format=json" "tx2268e677713a4a0788eb5-006a2921b3" "proxy-server 2" 0.0004 "-" 23 -
Jun 10 08:34:59 standalone object-expirer[114369]: Pass completed in 0s; 0 objects expired (txn: tx2268e677713a4a0788eb5-006a2921b3)
Jun 10 08:34:59 standalone account-server[114231]: 172.20.0.31 - - [10/Jun/2026:08:34:59 +0000] "GET /d1/623/AUTH_b8a663a75f024d10864edabb48a09ac2" 404 - "GET http://swift-internal.openstack.svc:8080/v1/AUTH_b8a663a75f024d10864edabb48a09ac2?format=json" "tx0f283fe8b4254743b6e05-006a2921b3" "proxy-server 11" 0.0015 "-" 21 -
Jun 10 08:34:59 standalone account-server[114231]: 172.20.0.31 - - [10/Jun/2026:08:34:59 +0000] "GET /d1/677/AUTH_c52c59bd2ddd4b21a874da06fc739be6" 404 - "GET http://swift-internal.openstack.svc:8080/v1/AUTH_c52c59bd2ddd4b21a874da06fc739be6?format=json" "txcf1039af133548bf95066-006a2921b3" "proxy-server 6" 0.0006 "-" 21 -
Jun 10 08:34:59 standalone account-server[114230]: 172.20.0.31 - - [10/Jun/2026:08:34:59 +0000] "GET /d1/637/AUTH_c8ae57503cc04c69b49179dfcc69f6ac" 200 98 "GET http://swift-internal.openstack.svc:8080/v1/AUTH_c8ae57503cc04c69b49179dfcc69f6ac?format=json" "tx67f165ace6444be18486f-006a2921b3" "proxy-server 6" 0.0033 "-" 20 -
Jun 10 08:34:59 standalone account-server[114230]: 172.20.0.31 - - [10/Jun/2026:08:34:59 +0000] "GET /d1/695/AUTH_e7af70e2c7f844999b7f7fe589b59b56" 404 - "GET http://swift-internal.openstack.svc:8080/v1/AUTH_e7af70e2c7f844999b7f7fe589b59b56?format=json" "txa64ca77d63d74c69a9b69-006a2921b3" "proxy-server 6" 0.0004 "-" 20 -
Jun 10 08:35:01 standalone account-server[114244]: 172.20.0.31 - - [10/Jun/2026:08:35:01 +0000] "HEAD /d1/623/AUTH_b8a663a75f024d10864edabb48a09ac2" 404 - "HEAD http://swift-internal.openstack.svc:8080/v1/AUTH_b8a663a75f024d10864edabb48a09ac2?format=json" "tx9ac1cbd918ae4d66bccd8-006a2921b4" "proxy-server 7" 0.0009 "-" 22 -
Jun 10 08:35:01 standalone account-server[114231]: 172.20.0.31 - - [10/Jun/2026:08:35:01 +0000] "HEAD /d1/677/AUTH_c52c59bd2ddd4b21a874da06fc739be6" 404 - "HEAD http://swift-internal.openstack.svc:8080/v1/AUTH_c52c59bd2ddd4b21a874da06fc739be6?format=json" "txc22a4c9279404be9b39f3-006a2921b5" "proxy-server 7" 0.0005 "-" 21 -
Jun 10 08:35:01 standalone account-server[114260]: 172.20.0.31 - - [10/Jun/2026:08:35:01 +0000] "HEAD /d1/637/AUTH_c8ae57503cc04c69b49179dfcc69f6ac" 204 - "HEAD http://swift-internal.openstack.svc:8080/v1/AUTH_c8ae57503cc04c69b49179dfcc69f6ac?format=json" "tx115035b5e046496b8976b-006a2921b5" "proxy-server 6" 0.0032 "-" 23 -
Jun 10 08:35:01 standalone account-server[114231]: 172.20.0.31 - - [10/Jun/2026:08:35:01 +0000] "HEAD /d1/695/AUTH_e7af70e2c7f844999b7f7fe589b59b56" 404 - "HEAD http://swift-internal.openstack.svc:8080/v1/AUTH_e7af70e2c7f844999b7f7fe589b59b56?format=json" "tx3f9d22e410664179a375c-006a2921b5" "proxy-server 6" 0.0004 "-" 21 -
Jun 10 08:35:06 standalone account-server[114231]: 172.20.0.31 - - [10/Jun/2026:08:35:06 +0000] "HEAD /d1/623/AUTH_b8a663a75f024d10864edabb48a09ac2" 404 - "HEAD http://swift-internal.openstack.svc:8080/v1/AUTH_b8a663a75f024d10864edabb48a09ac2?format=json" "tx7880bca8991d4f0282ee4-006a2921ba" "proxy-server 11" 0.0005 "-" 21 -
Jun 10 08:35:06 standalone account-server[114231]: 172.20.0.31 - - [10/Jun/2026:08:35:06 +0000] "HEAD /d1/677/AUTH_c52c59bd2ddd4b21a874da06fc739be6" 404 - "HEAD http://swift-internal.openstack.svc:8080/v1/AUTH_c52c59bd2ddd4b21a874da06fc739be6?format=json" "tx4e72536715a94915a7e01-006a2921ba" "proxy-server 8" 0.0002 "-" 21 -
Jun 10 08:35:06 standalone account-server[114230]: 172.20.0.31 - - [10/Jun/2026:08:35:06 +0000] "HEAD /d1/637/AUTH_c8ae57503cc04c69b49179dfcc69f6ac" 204 - "HEAD http://swift-internal.openstack.svc:8080/v1/AUTH_c8ae57503cc04c69b49179dfcc69f6ac?format=json" "txd1f3ac6c47824a37999ad-006a2921ba" "proxy-server 8" 0.0012 "-" 20 -
Jun 10 08:35:06 standalone account-server[114231]: 172.20.0.31 - - [10/Jun/2026:08:35:06 +0000] "HEAD /d1/695/AUTH_e7af70e2c7f844999b7f7fe589b59b56" 404 - "HEAD http://swift-internal.openstack.svc:8080/v1/AUTH_e7af70e2c7f844999b7f7fe589b59b56?format=json" "txb061a0e2f38846de91973-006a2921ba" "proxy-server 11" 0.0002 "-" 21 -
Jun 10 08:35:07 standalone account-server[114230]: 172.20.0.31 - - [10/Jun/2026:08:35:07 +0000] "GET /d1/623/AUTH_b8a663a75f024d10864edabb48a09ac2" 404 - "GET http://swift-internal.openstack.svc:8080/v1/AUTH_b8a663a75f024d10864edabb48a09ac2?format=json" "txe3548f1683d94d0cb0614-006a2921bb" "proxy-server 11" 0.0002 "-" 20 -
Jun 10 08:35:07 standalone account-server[114244]: 172.20.0.31 - - [10/Jun/2026:08:35:07 +0000] "GET /d1/677/AUTH_c52c59bd2ddd4b21a874da06fc739be6" 404 - "GET http://swift-internal.openstack.svc:8080/v1/AUTH_c52c59bd2ddd4b21a874da06fc739be6?format=json" "txc9f7f665d314451c80a1f-006a2921bb" "proxy-server 6" 0.0005 "-" 22 -
Jun 10 08:35:07 standalone account-server[114230]: 172.20.0.31 - - [10/Jun/2026:08:35:07 +0000] "GET /d1/637/AUTH_c8ae57503cc04c69b49179dfcc69f6ac" 200 98 "GET http://swift-internal.openstack.svc:8080/v1/AUTH_c8ae57503cc04c69b49179dfcc69f6ac?format=json" "tx9abedac3b17e4beeb6463-006a2921bb" "proxy-server 8" 0.0014 "-" 20 -
Jun 10 08:35:07 standalone account-server[114244]: 172.20.0.31 - - [10/Jun/2026:08:35:07 +0000] "GET /d1/695/AUTH_e7af70e2c7f844999b7f7fe589b59b56" 404 - "GET http://swift-internal.openstack.svc:8080/v1/AUTH_e7af70e2c7f844999b7f7fe589b59b56?format=json" "tx30fc6c701a514bd6a32dd-006a2921bb" "proxy-server 11" 0.0004 "-" 22 -
Jun 10 08:35:07 standalone object-server[114366]: Begin object update sweep
Jun 10 08:35:07 standalone object-server[289475]: Object update sweep starting on /srv/node/d1 (pid: 19)
Jun 10 08:35:07 standalone object-server[289475]: Object update sweep completed on /srv/node/d1 in 0.00s seconds:, 0 successes, 0 failures, 0 quarantines, 0 unlinks, 0 errors, 0 redirects (pid: 19)
Jun 10 08:35:07 standalone object-server[289475]: Object update sweep of d1 completed: 0.00s, 0 successes, 0 failures, 0 quarantines, 0 unlinks, 0 errors, 0 redirects
Jun 10 08:35:07 standalone object-server[114366]: Object update sweep completed: 0.07s
Jun 10 08:35:51 standalone account-server[114244]: 172.20.0.31 - - [10/Jun/2026:08:35:51 +0000] "HEAD /d1/623/AUTH_b8a663a75f024d10864edabb48a09ac2" 404 - "HEAD http://swift-internal.openstack.svc:8080/v1/AUTH_b8a663a75f024d10864edabb48a09ac2?format=json" "tx1ea65b2d477e487dbc972-006a2921e7" "proxy-server 6" 0.0004 "-" 22 -
Jun 10 08:35:51 standalone account-server[114244]: 172.20.0.31 - - [10/Jun/2026:08:35:51 +0000] "HEAD /d1/677/AUTH_c52c59bd2ddd4b21a874da06fc739be6" 404 - "HEAD http://swift-internal.openstack.svc:8080/v1/AUTH_c52c59bd2ddd4b21a874da06fc739be6?format=json" "tx45f0734db0a749d7ba616-006a2921e7" "proxy-server 11" 0.0003 "-" 22 -
Jun 10 08:35:51 standalone account-server[114260]: 172.20.0.31 - - [10/Jun/2026:08:35:51 +0000] "HEAD /d1/637/AUTH_c8ae57503cc04c69b49179dfcc69f6ac" 204 - "HEAD http://swift-internal.openstack.svc:8080/v1/AUTH_c8ae57503cc04c69b49179dfcc69f6ac?format=json" "tx3b724d5d91c544619c0e2-006a2921e7" "proxy-server 6" 0.0023 "-" 23 -
Jun 10 08:35:51 standalone account-server[114244]: 172.20.0.31 - - [10/Jun/2026:08:35:51 +0000] "HEAD /d1/695/AUTH_e7af70e2c7f844999b7f7fe589b59b56" 404 - "HEAD http://swift-internal.openstack.svc:8080/v1/AUTH_e7af70e2c7f844999b7f7fe589b59b56?format=json" "tx2012e5fa55fc40d5ae8a8-006a2921e7" "proxy-server 6" 0.0004 "-" 22 -
Jun 10 08:35:52 standalone account-server[114244]: 172.20.0.31 - - [10/Jun/2026:08:35:52 +0000] "GET /d1/623/AUTH_b8a663a75f024d10864edabb48a09ac2" 404 - "GET http://swift-internal.openstack.svc:8080/v1/AUTH_b8a663a75f024d10864edabb48a09ac2?format=json" "tx8e0af5ade633479fa2ec0-006a2921e8" "proxy-server 8" 0.0005 "-" 22 -
Jun 10 08:35:52 standalone account-server[114244]: 172.20.0.31 - - [10/Jun/2026:08:35:52 +0000] "GET /d1/677/AUTH_c52c59bd2ddd4b21a874da06fc739be6" 404 - "GET http://swift-internal.openstack.svc:8080/v1/AUTH_c52c59bd2ddd4b21a874da06fc739be6?format=json" "tx17f33e478dc845d783489-006a2921e8" "proxy-server 6" 0.0004 "-" 22 -
Jun 10 08:35:52 standalone account-server[114231]: 172.20.0.31 - - [10/Jun/2026:08:35:52 +0000] "GET /d1/637/AUTH_c8ae57503cc04c69b49179dfcc69f6ac" 200 98 "GET http://swift-internal.openstack.svc:8080/v1/AUTH_c8ae57503cc04c69b49179dfcc69f6ac?format=json" "txb91216a7f77a43cdb416b-006a2921e8" "proxy-server 6" 0.0019 "-" 21 -
Jun 10 08:35:52 standalone account-server[114244]: 172.20.0.31 - - [10/Jun/2026:08:35:52 +0000] "GET /d1/695/AUTH_e7af70e2c7f844999b7f7fe589b59b56" 404 - "GET http://swift-internal.openstack.svc:8080/v1/AUTH_e7af70e2c7f844999b7f7fe589b59b56?format=json" "tx2c25207a24d744d194a7f-006a2921e8" "proxy-server 6" 0.0005 "-" 22 -
Jun 10 08:37:36 standalone container-server[114025]: Begin container update sweep
Jun 10 08:37:36 standalone container-server[114025]: Container update sweep completed: 0.08s
Jun 10 08:37:52 standalone account-server[114230]: 172.20.0.100 - - [10/Jun/2026:08:37:52 +0000] "HEAD /d1/14/.expiring_objects" 404 - "HEAD http://localhost/v1/.expiring_objects?format=json" "txff5d0de571f845fd8bedd-006a292260" "proxy-server 2" 0.0006 "-" 20 -
Jun 10 08:37:52 standalone object-expirer[114369]: Pass completed in 0s; 0 objects expired (txn: txff5d0de571f845fd8bedd-006a292260)
Jun 10 08:40:07 standalone object-server[114366]: Begin object update sweep
Jun 10 08:40:07 standalone object-server[299775]: Object update sweep starting on /srv/node/d1 (pid: 20)
Jun 10 08:40:07 standalone object-server[299775]: Object update sweep completed on /srv/node/d1 in 0.00s seconds:, 0 successes, 0 failures, 0 quarantines, 0 unlinks, 0 errors, 0 redirects (pid: 20)
Jun 10 08:40:07 standalone object-server[299775]: Object update sweep of d1 completed: 0.00s, 0 successes, 0 failures, 0 quarantines, 0 unlinks, 0 errors, 0 redirects
Jun 10 08:40:07 standalone object-server[114366]: Object update sweep completed: 0.06s
Jun 10 08:40:51 standalone account-server[114231]: 172.20.0.31 - - [10/Jun/2026:08:40:51 +0000] "HEAD /d1/623/AUTH_b8a663a75f024d10864edabb48a09ac2" 404 - "HEAD http://swift-internal.openstack.svc:8080/v1/AUTH_b8a663a75f024d10864edabb48a09ac2?format=json" "tx3c21da8f89a8477bb7b52-006a292313" "proxy-server 8" 0.0005 "-" 21 -
Jun 10 08:40:51 standalone account-server[114244]: 172.20.0.31 - - [10/Jun/2026:08:40:51 +0000] "GET /d1/623/AUTH_b8a663a75f024d10864edabb48a09ac2" 404 - "GET http://swift-internal.openstack.svc:8080/v1/AUTH_b8a663a75f024d10864edabb48a09ac2?format=json" "tx3c21da8f89a8477bb7b52-006a292313" "proxy-server 8" 0.0003 "-" 22 -
Jun 10 08:40:51 standalone account-server[114244]: 172.20.0.31 - - [10/Jun/2026:08:40:51 +0000] "HEAD /d1/677/AUTH_c52c59bd2ddd4b21a874da06fc739be6" 404 - "HEAD http://swift-internal.openstack.svc:8080/v1/AUTH_c52c59bd2ddd4b21a874da06fc739be6?format=json" "tx28dbe323838d4c21aa047-006a292313" "proxy-server 6" 0.0003 "-" 22 -
Jun 10 08:40:51 standalone account-server[114231]: 172.20.0.31 - - [10/Jun/2026:08:40:51 +0000] "GET /d1/677/AUTH_c52c59bd2ddd4b21a874da06fc739be6" 404 - "GET http://swift-internal.openstack.svc:8080/v1/AUTH_c52c59bd2ddd4b21a874da06fc739be6?format=json" "tx28dbe323838d4c21aa047-006a292313" "proxy-server 6" 0.0005 "-" 21 -
Jun 10 08:40:51 standalone account-server[114260]: 172.20.0.31 - - [10/Jun/2026:08:40:51 +0000] "HEAD /d1/637/AUTH_c8ae57503cc04c69b49179dfcc69f6ac" 204 - "HEAD http://swift-internal.openstack.svc:8080/v1/AUTH_c8ae57503cc04c69b49179dfcc69f6ac?format=json" "txf33900197fe447e1b0220-006a292313" "proxy-server 12" 0.0024 "-" 23 -
Jun 10 08:40:51 standalone account-server[114244]: 172.20.0.31 - - [10/Jun/2026:08:40:51 +0000] "GET /d1/637/AUTH_c8ae57503cc04c69b49179dfcc69f6ac" 200 98 "GET http://swift-internal.openstack.svc:8080/v1/AUTH_c8ae57503cc04c69b49179dfcc69f6ac?format=json" "txf33900197fe447e1b0220-006a292313" "proxy-server 12" 0.0029 "-" 22 -
Jun 10 08:40:52 standalone account-server[114260]: 172.20.0.31 - - [10/Jun/2026:08:40:52 +0000] "HEAD /d1/695/AUTH_e7af70e2c7f844999b7f7fe589b59b56" 404 - "HEAD http://swift-internal.openstack.svc:8080/v1/AUTH_e7af70e2c7f844999b7f7fe589b59b56?format=json" "tx1996d9bc8e43455eabbc6-006a292314" "proxy-server 12" 0.0005 "-" 23 -
Jun 10 08:40:52 standalone account-server[114231]: 172.20.0.31 - - [10/Jun/2026:08:40:52 +0000] "GET /d1/695/AUTH_e7af70e2c7f844999b7f7fe589b59b56" 404 - "GET http://swift-internal.openstack.svc:8080/v1/AUTH_e7af70e2c7f844999b7f7fe589b59b56?format=json" "tx1996d9bc8e43455eabbc6-006a292314" "proxy-server 12" 0.0004 "-" 21 -
Jun 10 08:40:52 standalone account-server[114230]: 172.20.0.31 - - [10/Jun/2026:08:40:52 +0000] "HEAD /d1/623/AUTH_b8a663a75f024d10864edabb48a09ac2" 404 - "HEAD http://swift-internal.openstack.svc:8080/v1/AUTH_b8a663a75f024d10864edabb48a09ac2?format=json" "txa1be387d7c594169ad722-006a292314" "proxy-server 8" 0.0005 "-" 20 -
