2026-06-11 07:47:49.757 2 DEBUG oslo_service.service [-] database.connection_recycle_time = 3600 log_opt_values /usr/lib/python3.9/site-packages/oslo_config/cfg.py:2613
2026-06-11 07:47:49.757 19 DEBUG neutron.plugins.ml2.drivers.ovn.mech_driver.ovsdb.maintenance [-] Periodic task found: DBInconsistenciesPeriodics.add_vnic_type_and_pb_capabilities_to_lsp add_periodics /usr/lib/python3.9/site-packages/neutron/plugins/ml2/drivers/ovn/mech_driver/ovsdb/maintenance.py:74
2026-06-11 07:47:49.757 2 DEBUG oslo_service.service [-] database.connection_trace = False log_opt_values /usr/lib/python3.9/site-packages/oslo_config/cfg.py:2613
2026-06-11 07:47:49.757 2 DEBUG oslo_service.service [-] database.db_inc_retry_interval = True log_opt_values /usr/lib/python3.9/site-packages/oslo_config/cfg.py:2613
2026-06-11 07:47:49.757 19 DEBUG neutron.plugins.ml2.drivers.ovn.mech_driver.ovsdb.maintenance [-] Periodic task found: DBInconsistenciesPeriodics.check_baremetal_ports_dhcp_options add_periodics /usr/lib/python3.9/site-packages/neutron/plugins/ml2/drivers/ovn/mech_driver/ovsdb/maintenance.py:74
2026-06-11 07:47:49.757 2 DEBUG oslo_service.service [-] database.db_max_retries = -1 log_opt_values /usr/lib/python3.9/site-packages/oslo_config/cfg.py:2613
2026-06-11 07:47:49.757 19 DEBUG neutron.plugins.ml2.drivers.ovn.mech_driver.ovsdb.maintenance [-] Periodic task found: DBInconsistenciesPeriodics.check_fair_meter_consistency add_periodics /usr/lib/python3.9/site-packages/neutron/plugins/ml2/drivers/ovn/mech_driver/ovsdb/maintenance.py:74
2026-06-11 07:47:49.757 2 DEBUG oslo_service.service [-] database.db_max_retry_interval = 10 log_opt_values /usr/lib/python3.9/site-packages/oslo_config/cfg.py:2613
2026-06-11 07:47:49.757 2 DEBUG oslo_service.service [-] database.db_retry_interval = 1 log_opt_values /usr/lib/python3.9/site-packages/oslo_config/cfg.py:2613
2026-06-11 07:47:49.757 19 DEBUG neutron.plugins.ml2.drivers.ovn.mech_driver.ovsdb.maintenance [-] Periodic task found: DBInconsistenciesPeriodics.check_fdb_aging_settings add_periodics /usr/lib/python3.9/site-packages/neutron/plugins/ml2/drivers/ovn/mech_driver/ovsdb/maintenance.py:74
2026-06-11 07:47:49.757 2 DEBUG oslo_service.service [-] database.max_overflow = 50 log_opt_values /usr/lib/python3.9/site-packages/oslo_config/cfg.py:2613
2026-06-11 07:47:49.757 2 DEBUG oslo_service.service [-] database.max_pool_size = 5 log_opt_values /usr/lib/python3.9/site-packages/oslo_config/cfg.py:2613
2026-06-11 07:47:49.757 19 DEBUG neutron.plugins.ml2.drivers.ovn.mech_driver.ovsdb.maintenance [-] Periodic task found: DBInconsistenciesPeriodics.check_for_fragmentation_support add_periodics /usr/lib/python3.9/site-packages/neutron/plugins/ml2/drivers/ovn/mech_driver/ovsdb/maintenance.py:74
2026-06-11 07:47:49.757 2 DEBUG oslo_service.service [-] database.max_retries = -1 log_opt_values /usr/lib/python3.9/site-packages/oslo_config/cfg.py:2613
2026-06-11 07:47:49.757 19 DEBUG neutron.plugins.ml2.drivers.ovn.mech_driver.ovsdb.maintenance [-] Periodic task found: DBInconsistenciesPeriodics.check_for_ha_chassis_group add_periodics /usr/lib/python3.9/site-packages/neutron/plugins/ml2/drivers/ovn/mech_driver/ovsdb/maintenance.py:74
2026-06-11 07:47:49.757 2 DEBUG oslo_service.service [-] database.mysql_enable_ndb = False log_opt_values /usr/lib/python3.9/site-packages/oslo_config/cfg.py:2613
2026-06-11 07:47:49.757 2 DEBUG oslo_service.service [-] database.mysql_sql_mode = TRADITIONAL log_opt_values /usr/lib/python3.9/site-packages/oslo_config/cfg.py:2613
2026-06-11 07:47:49.757 19 DEBUG neutron.plugins.ml2.drivers.ovn.mech_driver.ovsdb.maintenance [-] Periodic task found: DBInconsistenciesPeriodics.check_for_igmp_snoop_support add_periodics /usr/lib/python3.9/site-packages/neutron/plugins/ml2/drivers/ovn/mech_driver/ovsdb/maintenance.py:74
2026-06-11 07:47:49.757 2 DEBUG oslo_service.service [-] database.pool_timeout = None log_opt_values /usr/lib/python3.9/site-packages/oslo_config/cfg.py:2613
2026-06-11 07:47:49.758 2 DEBUG oslo_service.service [-] database.retry_interval = 10 log_opt_values /usr/lib/python3.9/site-packages/oslo_config/cfg.py:2613
2026-06-11 07:47:49.758 19 DEBUG neutron.plugins.ml2.drivers.ovn.mech_driver.ovsdb.maintenance [-] Periodic task found: DBInconsistenciesPeriodics.check_for_inconsistencies add_periodics /usr/lib/python3.9/site-packages/neutron/plugins/ml2/drivers/ovn/mech_driver/ovsdb/maintenance.py:74
2026-06-11 07:47:49.758 2 DEBUG oslo_service.service [-] database.slave_connection = **** log_opt_values /usr/lib/python3.9/site-packages/oslo_config/cfg.py:2613
2026-06-11 07:47:49.758 19 DEBUG neutron.plugins.ml2.drivers.ovn.mech_driver.ovsdb.maintenance [-] Periodic task found: DBInconsistenciesPeriodics.check_for_localnet_legacy_port_name add_periodics /usr/lib/python3.9/site-packages/neutron/plugins/ml2/drivers/ovn/mech_driver/ovsdb/maintenance.py:74
2026-06-11 07:47:49.758 2 DEBUG oslo_service.service [-] database.sqlite_synchronous = True log_opt_values /usr/lib/python3.9/site-packages/oslo_config/cfg.py:2613
2026-06-11 07:47:49.758 19 DEBUG neutron.plugins.ml2.drivers.ovn.mech_driver.ovsdb.maintenance [-] Periodic task found: DBInconsistenciesPeriodics.check_for_mcast_flood_reports add_periodics /usr/lib/python3.9/site-packages/neutron/plugins/ml2/drivers/ovn/mech_driver/ovsdb/maintenance.py:74
2026-06-11 07:47:49.758 2 DEBUG oslo_service.service [-] database.use_db_reconnect = False log_opt_values /usr/lib/python3.9/site-packages/oslo_config/cfg.py:2613
2026-06-11 07:47:49.758 2 DEBUG oslo_service.service [-] ovn.broadcast_arps_to_all_routers = True log_opt_values /usr/lib/python3.9/site-packages/oslo_config/cfg.py:2613
2026-06-11 07:47:49.758 19 DEBUG neutron.plugins.ml2.drivers.ovn.mech_driver.ovsdb.maintenance [-] Periodic task found: DBInconsistenciesPeriodics.check_for_port_security_unknown_address add_periodics /usr/lib/python3.9/site-packages/neutron/plugins/ml2/drivers/ovn/mech_driver/ovsdb/maintenance.py:74
2026-06-11 07:47:49.758 2 DEBUG oslo_service.service [-] ovn.dhcp_default_lease_time = 43200 log_opt_values /usr/lib/python3.9/site-packages/oslo_config/cfg.py:2613
2026-06-11 07:47:49.758 2 DEBUG oslo_service.service [-] ovn.disable_ovn_dhcp_for_baremetal_ports = False log_opt_values /usr/lib/python3.9/site-packages/oslo_config/cfg.py:2613
2026-06-11 07:47:49.758 19 DEBUG neutron.plugins.ml2.drivers.ovn.mech_driver.ovsdb.maintenance [-] Periodic task found: DBInconsistenciesPeriodics.check_global_dhcp_opts add_periodics /usr/lib/python3.9/site-packages/neutron/plugins/ml2/drivers/ovn/mech_driver/ovsdb/maintenance.py:74
2026-06-11 07:47:49.758 2 DEBUG oslo_service.service [-] ovn.dns_servers = [] log_opt_values /usr/lib/python3.9/site-packages/oslo_config/cfg.py:2613
2026-06-11 07:47:49.758 19 DEBUG neutron.plugins.ml2.drivers.ovn.mech_driver.ovsdb.maintenance [-] Periodic task found: DBInconsistenciesPeriodics.check_localnet_port_has_learn_fdb add_periodics /usr/lib/python3.9/site-packages/neutron/plugins/ml2/drivers/ovn/mech_driver/ovsdb/maintenance.py:74
2026-06-11 07:47:49.758 2 DEBUG oslo_service.service [-] ovn.enable_distributed_floating_ip = True log_opt_values /usr/lib/python3.9/site-packages/oslo_config/cfg.py:2613
2026-06-11 07:47:49.758 2 DEBUG oslo_service.service [-] ovn.fdb_age_threshold = 0 log_opt_values /usr/lib/python3.9/site-packages/oslo_config/cfg.py:2613
2026-06-11 07:47:49.758 19 DEBUG neutron.plugins.ml2.drivers.ovn.mech_driver.ovsdb.maintenance [-] Periodic task found: DBInconsistenciesPeriodics.check_metadata_ports add_periodics /usr/lib/python3.9/site-packages/neutron/plugins/ml2/drivers/ovn/mech_driver/ovsdb/maintenance.py:74
2026-06-11 07:47:49.758 2 DEBUG oslo_service.service [-] ovn.localnet_learn_fdb = False log_opt_values /usr/lib/python3.9/site-packages/oslo_config/cfg.py:2613
2026-06-11 07:47:49.758 2 DEBUG oslo_service.service [-] ovn.mac_binding_age_threshold = 0 log_opt_values /usr/lib/python3.9/site-packages/oslo_config/cfg.py:2613
2026-06-11 07:47:49.758 19 DEBUG neutron.plugins.ml2.drivers.ovn.mech_driver.ovsdb.maintenance [-] Periodic task found: DBInconsistenciesPeriodics.check_network_broadcast_arps_to_all_routers add_periodics /usr/lib/python3.9/site-packages/neutron/plugins/ml2/drivers/ovn/mech_driver/ovsdb/maintenance.py:74
2026-06-11 07:47:49.758 2 DEBUG oslo_service.service [-] ovn.neutron_sync_mode = log log_opt_values /usr/lib/python3.9/site-packages/oslo_config/cfg.py:2613
2026-06-11 07:47:49.758 2 DEBUG oslo_service.service [-] ovn.ovn_dhcp4_global_options = {} log_opt_values /usr/lib/python3.9/site-packages/oslo_config/cfg.py:2613
2026-06-11 07:47:49.758 19 DEBUG neutron.plugins.ml2.drivers.ovn.mech_driver.ovsdb.maintenance [-] Periodic task found: DBInconsistenciesPeriodics.check_port_has_address_scope add_periodics /usr/lib/python3.9/site-packages/neutron/plugins/ml2/drivers/ovn/mech_driver/ovsdb/maintenance.py:74
2026-06-11 07:47:49.758 2 DEBUG oslo_service.service [-] ovn.ovn_dhcp6_global_options = {} log_opt_values /usr/lib/python3.9/site-packages/oslo_config/cfg.py:2613
2026-06-11 07:47:49.758 19 DEBUG neutron.plugins.ml2.drivers.ovn.mech_driver.ovsdb.maintenance [-] Periodic task found: DBInconsistenciesPeriodics.check_provider_distributed_ports add_periodics /usr/lib/python3.9/site-packages/neutron/plugins/ml2/drivers/ovn/mech_driver/ovsdb/maintenance.py:74
2026-06-11 07:47:49.758 2 DEBUG oslo_service.service [-] ovn.ovn_emit_need_to_frag = True log_opt_values /usr/lib/python3.9/site-packages/oslo_config/cfg.py:2613
2026-06-11 07:47:49.759 2 DEBUG oslo_service.service [-] ovn.ovn_l3_mode = True log_opt_values /usr/lib/python3.9/site-packages/oslo_config/cfg.py:2613
2026-06-11 07:47:49.759 19 DEBUG neutron.plugins.ml2.drivers.ovn.mech_driver.ovsdb.maintenance [-] Periodic task found: DBInconsistenciesPeriodics.check_redirect_type_router_gateway_ports add_periodics /usr/lib/python3.9/site-packages/neutron/plugins/ml2/drivers/ovn/mech_driver/ovsdb/maintenance.py:74
2026-06-11 07:47:49.759 2 DEBUG oslo_service.service [-] ovn.ovn_l3_scheduler = leastloaded log_opt_values /usr/lib/python3.9/site-packages/oslo_config/cfg.py:2613
2026-06-11 07:47:49.759 2 DEBUG oslo_service.service [-] ovn.ovn_metadata_enabled = True log_opt_values /usr/lib/python3.9/site-packages/oslo_config/cfg.py:2613
2026-06-11 07:47:49.759 19 DEBUG neutron.plugins.ml2.drivers.ovn.mech_driver.ovsdb.maintenance [-] Periodic task found: DBInconsistenciesPeriodics.check_router_mac_binding_options add_periodics /usr/lib/python3.9/site-packages/neutron/plugins/ml2/drivers/ovn/mech_driver/ovsdb/maintenance.py:74
2026-06-11 07:47:49.759 2 DEBUG oslo_service.service [-] ovn.ovn_nb_ca_cert = log_opt_values /usr/lib/python3.9/site-packages/oslo_config/cfg.py:2613
2026-06-11 07:47:49.759 19 DEBUG neutron.plugins.ml2.drivers.ovn.mech_driver.ovsdb.maintenance [-] Periodic task found: DBInconsistenciesPeriodics.cleanup_old_hash_ring_nodes add_periodics /usr/lib/python3.9/site-packages/neutron/plugins/ml2/drivers/ovn/mech_driver/ovsdb/maintenance.py:74
2026-06-11 07:47:49.759 2 DEBUG oslo_service.service [-] ovn.ovn_nb_certificate = log_opt_values /usr/lib/python3.9/site-packages/oslo_config/cfg.py:2613
2026-06-11 07:47:49.759 2 DEBUG oslo_service.service [-] ovn.ovn_nb_connection = tcp:172.17.0.100:6641 log_opt_values /usr/lib/python3.9/site-packages/oslo_config/cfg.py:2613
2026-06-11 07:47:49.759 19 DEBUG neutron.plugins.ml2.drivers.ovn.mech_driver.ovsdb.maintenance [-] Periodic task found: DBInconsistenciesPeriodics.configure_nb_global add_periodics /usr/lib/python3.9/site-packages/neutron/plugins/ml2/drivers/ovn/mech_driver/ovsdb/maintenance.py:74
2026-06-11 07:47:49.759 2 DEBUG oslo_service.service [-] ovn.ovn_nb_private_key = log_opt_values /usr/lib/python3.9/site-packages/oslo_config/cfg.py:2613
2026-06-11 07:47:49.759 2 DEBUG oslo_service.service [-] ovn.ovn_router_indirect_snat = False log_opt_values /usr/lib/python3.9/site-packages/oslo_config/cfg.py:2613
2026-06-11 07:47:49.759 19 DEBUG neutron.plugins.ml2.drivers.ovn.mech_driver.ovsdb.maintenance [-] Periodic task found: DBInconsistenciesPeriodics.create_router_extra_attributes_registers add_periodics /usr/lib/python3.9/site-packages/neutron/plugins/ml2/drivers/ovn/mech_driver/ovsdb/maintenance.py:74
2026-06-11 07:47:49.759 2 DEBUG oslo_service.service [-] ovn.ovn_sb_ca_cert = log_opt_values /usr/lib/python3.9/site-packages/oslo_config/cfg.py:2613
2026-06-11 07:47:49.759 19 DEBUG neutron.plugins.ml2.drivers.ovn.mech_driver.ovsdb.maintenance [-] Periodic task found: DBInconsistenciesPeriodics.migrate_to_port_groups add_periodics /usr/lib/python3.9/site-packages/neutron/plugins/ml2/drivers/ovn/mech_driver/ovsdb/maintenance.py:74
2026-06-11 07:47:49.759 2 DEBUG oslo_service.service [-] ovn.ovn_sb_certificate = log_opt_values /usr/lib/python3.9/site-packages/oslo_config/cfg.py:2613
2026-06-11 07:47:49.759 2 DEBUG oslo_service.service [-] ovn.ovn_sb_connection = tcp:172.17.0.100:6642 log_opt_values /usr/lib/python3.9/site-packages/oslo_config/cfg.py:2613
2026-06-11 07:47:49.759 2 DEBUG oslo_service.service [-] ovn.ovn_sb_private_key = log_opt_values /usr/lib/python3.9/site-packages/oslo_config/cfg.py:2613
2026-06-11 07:47:49.759 19 DEBUG neutron.plugins.ml2.drivers.ovn.mech_driver.ovsdb.maintenance [-] Periodic task found: DBInconsistenciesPeriodics.remove_duplicated_chassis_registers add_periodics /usr/lib/python3.9/site-packages/neutron/plugins/ml2/drivers/ovn/mech_driver/ovsdb/maintenance.py:74
2026-06-11 07:47:49.759 2 DEBUG oslo_service.service [-] ovn.ovsdb_connection_timeout = 180 log_opt_values /usr/lib/python3.9/site-packages/oslo_config/cfg.py:2613
2026-06-11 07:47:49.759 19 DEBUG neutron.plugins.ml2.drivers.ovn.mech_driver.ovsdb.maintenance [-] Periodic task found: DBInconsistenciesPeriodics.remove_invalid_gateway_chassis_from_unbound_lrp add_periodics /usr/lib/python3.9/site-packages/neutron/plugins/ml2/drivers/ovn/mech_driver/ovsdb/maintenance.py:74
2026-06-11 07:47:49.759 2 DEBUG oslo_service.service [-] ovn.ovsdb_log_level = INFO log_opt_values /usr/lib/python3.9/site-packages/oslo_config/cfg.py:2613
2026-06-11 07:47:49.759 2 DEBUG oslo_service.service [-] ovn.ovsdb_probe_interval = 60000 log_opt_values /usr/lib/python3.9/site-packages/oslo_config/cfg.py:2613
2026-06-11 07:47:49.759 19 DEBUG neutron.plugins.ml2.drivers.ovn.mech_driver.ovsdb.maintenance [-] Periodic task found: DBInconsistenciesPeriodics.sync_metadata_ports add_periodics /usr/lib/python3.9/site-packages/neutron/plugins/ml2/drivers/ovn/mech_driver/ovsdb/maintenance.py:74
2026-06-11 07:47:49.759 2 DEBUG oslo_service.service [-] ovn.ovsdb_retry_max_interval = 180 log_opt_values /usr/lib/python3.9/site-packages/oslo_config/cfg.py:2613
2026-06-11 07:47:49.760 2 DEBUG oslo_service.service [-] ovn.vhost_sock_dir = /var/run/openvswitch log_opt_values /usr/lib/python3.9/site-packages/oslo_config/cfg.py:2613
2026-06-11 07:47:49.760 2 DEBUG oslo_service.service [-] ovn.vif_type = ovs log_opt_values /usr/lib/python3.9/site-packages/oslo_config/cfg.py:2613
2026-06-11 07:47:49.760 2 DEBUG oslo_service.service [-] OVS.bridge_mac_table_size = 50000 log_opt_values /usr/lib/python3.9/site-packages/oslo_config/cfg.py:2613
2026-06-11 07:47:49.760 2 DEBUG oslo_service.service [-] OVS.igmp_snooping_enable = False log_opt_values /usr/lib/python3.9/site-packages/oslo_config/cfg.py:2613
2026-06-11 07:47:49.760 2 DEBUG oslo_service.service [-] OVS.ovsdb_timeout = 10 log_opt_values /usr/lib/python3.9/site-packages/oslo_config/cfg.py:2613
2026-06-11 07:47:49.760 2 DEBUG oslo_service.service [-] ovn_nb_global.fdb_removal_limit = 0 log_opt_values /usr/lib/python3.9/site-packages/oslo_config/cfg.py:2613
2026-06-11 07:47:49.760 2 DEBUG oslo_service.service [-] ovn_nb_global.ignore_lsp_down = False log_opt_values /usr/lib/python3.9/site-packages/oslo_config/cfg.py:2613
2026-06-11 07:47:49.760 2 DEBUG oslo_service.service [-] ovn_nb_global.mac_binding_removal_limit = 0 log_opt_values /usr/lib/python3.9/site-packages/oslo_config/cfg.py:2613
2026-06-11 07:47:49.760 2 DEBUG oslo_service.service [-] ******************************************************************************** log_opt_values /usr/lib/python3.9/site-packages/oslo_config/cfg.py:2617
2026-06-11 07:47:49.760 19 DEBUG neutron.plugins.ml2.drivers.ovn.mech_driver.ovsdb.maintenance [-] Periodic task found: DBInconsistenciesPeriodics.update_logical_router_with_gateway_network_id add_periodics /usr/lib/python3.9/site-packages/neutron/plugins/ml2/drivers/ovn/mech_driver/ovsdb/maintenance.py:74
2026-06-11 07:47:49.760 19 DEBUG neutron.plugins.ml2.drivers.ovn.mech_driver.ovsdb.maintenance [-] Periodic task found: DBInconsistenciesPeriodics.update_mac_aging_settings add_periodics /usr/lib/python3.9/site-packages/neutron/plugins/ml2/drivers/ovn/mech_driver/ovsdb/maintenance.py:74
2026-06-11 07:47:49.760 19 DEBUG neutron.plugins.ml2.drivers.ovn.mech_driver.ovsdb.maintenance [-] Periodic task found: DBInconsistenciesPeriodics.update_port_qos_with_external_ids_reference add_periodics /usr/lib/python3.9/site-packages/neutron/plugins/ml2/drivers/ovn/mech_driver/ovsdb/maintenance.py:74
2026-06-11 07:47:49.760 19 DEBUG neutron.plugins.ml2.drivers.ovn.mech_driver.ovsdb.maintenance [-] Periodic task found: DBInconsistenciesPeriodics.update_port_virtual_type add_periodics /usr/lib/python3.9/site-packages/neutron/plugins/ml2/drivers/ovn/mech_driver/ovsdb/maintenance.py:74
2026-06-11 07:47:49.761 19 DEBUG neutron.plugins.ml2.drivers.ovn.mech_driver.ovsdb.maintenance [-] Periodic task found: DBInconsistenciesPeriodics.update_qos_fip_rule_priority add_periodics /usr/lib/python3.9/site-packages/neutron/plugins/ml2/drivers/ovn/mech_driver/ovsdb/maintenance.py:74
2026-06-11 07:47:49.764 15 DEBUG ovsdbapp.backend.ovs_idl [req-f8e13db0-794d-4178-b5b2-5de103e6d1d4 - - - - -] Created lookup_table index Logical_Switch.name autocreate_indices /usr/lib/python3.9/site-packages/ovsdbapp/backend/ovs_idl/__init__.py:109
2026-06-11 07:47:49.764 15 DEBUG ovsdbapp.backend.ovs_idl [req-f8e13db0-794d-4178-b5b2-5de103e6d1d4 - - - - -] Created lookup_table index Logical_Router.name autocreate_indices /usr/lib/python3.9/site-packages/ovsdbapp/backend/ovs_idl/__init__.py:109
2026-06-11 07:47:49.765 15 DEBUG ovsdbapp.backend.ovs_idl [req-f8e13db0-794d-4178-b5b2-5de103e6d1d4 - - - - -] Created lookup_table index Load_Balancer.name autocreate_indices /usr/lib/python3.9/site-packages/ovsdbapp/backend/ovs_idl/__init__.py:109
2026-06-11 07:47:49.765 15 DEBUG ovsdbapp.backend.ovs_idl [req-f8e13db0-794d-4178-b5b2-5de103e6d1d4 - - - - -] Created schema index Meter.name autocreate_indices /usr/lib/python3.9/site-packages/ovsdbapp/backend/ovs_idl/__init__.py:128
2026-06-11 07:47:49.765 15 DEBUG ovsdbapp.backend.ovs_idl [req-f8e13db0-794d-4178-b5b2-5de103e6d1d4 - - - - -] Created schema index Copp.name autocreate_indices /usr/lib/python3.9/site-packages/ovsdbapp/backend/ovs_idl/__init__.py:128
2026-06-11 07:47:49.765 15 DEBUG ovsdbapp.backend.ovs_idl [req-f8e13db0-794d-4178-b5b2-5de103e6d1d4 - - - - -] Created schema index Logical_Switch_Port.name autocreate_indices /usr/lib/python3.9/site-packages/ovsdbapp/backend/ovs_idl/__init__.py:128
2026-06-11 07:47:49.765 15 DEBUG ovsdbapp.backend.ovs_idl [req-f8e13db0-794d-4178-b5b2-5de103e6d1d4 - - - - -] Created schema index Chassis_Template_Var.chassis autocreate_indices /usr/lib/python3.9/site-packages/ovsdbapp/backend/ovs_idl/__init__.py:128
2026-06-11 07:47:49.766 17 DEBUG neutron.common.ovn.hash_ring_manager [req-f5c9ead8-f6ed-443f-984f-ca303ebc6edf - - - - -] Allow caching, nodes 1>=1 _wait_startup_before_caching /usr/lib/python3.9/site-packages/neutron/common/ovn/hash_ring_manager.py:64
2026-06-11 07:47:49.765 15 DEBUG ovsdbapp.backend.ovs_idl [req-f8e13db0-794d-4178-b5b2-5de103e6d1d4 - - - - -] Created schema index Gateway_Chassis.name autocreate_indices /usr/lib/python3.9/site-packages/ovsdbapp/backend/ovs_idl/__init__.py:128
2026-06-11 07:47:49.766 15 DEBUG ovsdbapp.backend.ovs_idl [req-f8e13db0-794d-4178-b5b2-5de103e6d1d4 - - - - -] Created schema index Connection.target autocreate_indices /usr/lib/python3.9/site-packages/ovsdbapp/backend/ovs_idl/__init__.py:128
2026-06-11 07:47:49.767 15 DEBUG ovsdbapp.backend.ovs_idl [req-f8e13db0-794d-4178-b5b2-5de103e6d1d4 - - - - -] Created schema index Port_Group.name autocreate_indices /usr/lib/python3.9/site-packages/ovsdbapp/backend/ovs_idl/__init__.py:128
2026-06-11 07:47:49.767 15 DEBUG ovsdbapp.backend.ovs_idl [req-f8e13db0-794d-4178-b5b2-5de103e6d1d4 - - - - -] Created schema index Logical_Router_Port.name autocreate_indices /usr/lib/python3.9/site-packages/ovsdbapp/backend/ovs_idl/__init__.py:128
2026-06-11 07:47:49.767 15 DEBUG ovsdbapp.backend.ovs_idl [req-f8e13db0-794d-4178-b5b2-5de103e6d1d4 - - - - -] Created schema index HA_Chassis_Group.name autocreate_indices /usr/lib/python3.9/site-packages/ovsdbapp/backend/ovs_idl/__init__.py:128
2026-06-11 07:47:49.767 15 DEBUG ovsdbapp.backend.ovs_idl [req-f8e13db0-794d-4178-b5b2-5de103e6d1d4 - - - - -] Created schema index Mirror.name autocreate_indices /usr/lib/python3.9/site-packages/ovsdbapp/backend/ovs_idl/__init__.py:128
2026-06-11 07:47:49.768 15 DEBUG ovsdbapp.backend.ovs_idl [req-f8e13db0-794d-4178-b5b2-5de103e6d1d4 - - - - -] Created schema index Address_Set.name autocreate_indices /usr/lib/python3.9/site-packages/ovsdbapp/backend/ovs_idl/__init__.py:128
2026-06-11 07:47:49.770 15 DEBUG ovsdbapp.backend.ovs_idl [req-f8e13db0-794d-4178-b5b2-5de103e6d1d4 - - - - -] Created schema index Load_Balancer_Group.name autocreate_indices /usr/lib/python3.9/site-packages/ovsdbapp/backend/ovs_idl/__init__.py:128
2026-06-11 07:47:49.770 15 INFO ovsdbapp.backend.ovs_idl.vlog [req-f8e13db0-794d-4178-b5b2-5de103e6d1d4 - - - - -] tcp:172.17.0.100:6641: connecting...
2026-06-11 07:47:49.771 15 INFO ovsdbapp.backend.ovs_idl.vlog [req-f8e13db0-794d-4178-b5b2-5de103e6d1d4 - - - - -] tcp:172.17.0.100:6641: connected
2026-06-11 07:47:49.774 19 DEBUG futurist.periodics [-] Submitting immediate callback 'neutron.plugins.ml2.drivers.ovn.mech_driver.ovsdb.maintenance.DBInconsistenciesPeriodics.add_vnic_type_and_pb_capabilities_to_lsp' _process_immediates /usr/lib/python3.9/site-packages/futurist/periodics.py:676
2026-06-11 07:47:49.775 17 DEBUG neutron.common.ovn.hash_ring_manager [req-f5c9ead8-f6ed-443f-984f-ca303ebc6edf - - - - -] Hash Ring loaded. 1 active nodes. 0 offline nodes _load_hash_ring /usr/lib/python3.9/site-packages/neutron/common/ovn/hash_ring_manager.py:99
2026-06-11 07:47:49.776 17 INFO neutron.plugins.ml2.drivers.ovn.mech_driver.ovsdb.impl_idl_ovn [req-f5c9ead8-f6ed-443f-984f-ca303ebc6edf - - - - -] Getting OvsdbSbOvnIdl for RpcWorker with retry
2026-06-11 07:47:49.784 17 DEBUG ovsdbapp.backend.ovs_idl [req-f5c9ead8-f6ed-443f-984f-ca303ebc6edf - - - - -] Created lookup_table index Chassis.name autocreate_indices /usr/lib/python3.9/site-packages/ovsdbapp/backend/ovs_idl/__init__.py:109
2026-06-11 07:47:49.785 17 DEBUG ovsdbapp.backend.ovs_idl [req-f5c9ead8-f6ed-443f-984f-ca303ebc6edf - - - - -] Created schema index Chassis_Private.name autocreate_indices /usr/lib/python3.9/site-packages/ovsdbapp/backend/ovs_idl/__init__.py:128
2026-06-11 07:47:49.785 17 DEBUG ovsdbapp.backend.ovs_idl [req-f5c9ead8-f6ed-443f-984f-ca303ebc6edf - - - - -] Created schema index Datapath_Binding.tunnel_key autocreate_indices /usr/lib/python3.9/site-packages/ovsdbapp/backend/ovs_idl/__init__.py:128
2026-06-11 07:47:49.785 17 INFO ovsdbapp.backend.ovs_idl.vlog [req-f5c9ead8-f6ed-443f-984f-ca303ebc6edf - - - - -] tcp:172.17.0.100:6642: connecting...
2026-06-11 07:47:49.785 17 INFO ovsdbapp.backend.ovs_idl.vlog [req-f5c9ead8-f6ed-443f-984f-ca303ebc6edf - - - - -] tcp:172.17.0.100:6642: connected
2026-06-11 07:47:49.792 15 DEBUG neutron.common.ovn.hash_ring_manager [req-f8e13db0-794d-4178-b5b2-5de103e6d1d4 - - - - -] Allow caching, nodes 1>=1 _wait_startup_before_caching /usr/lib/python3.9/site-packages/neutron/common/ovn/hash_ring_manager.py:64
2026-06-11 07:47:49.793 19 INFO neutron.plugins.ml2.drivers.ovn.mech_driver.mech_driver [-] Maintenance task thread has started
2026-06-11 07:47:49.793 19 INFO neutron.plugins.ml2.drivers.ovn.mech_driver.mech_driver [-] MaintenanceWorker process has finished the post initialization
2026-06-11 07:47:49.799 17 DEBUG neutron.common.ovn.hash_ring_manager [req-f5c9ead8-f6ed-443f-984f-ca303ebc6edf - - - - -] Allow caching, nodes 1>=1 _wait_startup_before_caching /usr/lib/python3.9/site-packages/neutron/common/ovn/hash_ring_manager.py:64
2026-06-11 07:47:49.808 19 DEBUG ovsdbapp.backend.ovs_idl.transaction [-] There are no commands to commit do_commit /usr/lib/python3.9/site-packages/ovsdbapp/backend/ovs_idl/transaction.py:78
2026-06-11 07:47:49.808 19 DEBUG futurist.periodics [req-f9fadb48-eb28-4353-83e8-a03e4f43c21e - - - - -] Periodic callback 'neutron.plugins.ml2.drivers.ovn.mech_driver.ovsdb.maintenance.DBInconsistenciesPeriodics.add_vnic_type_and_pb_capabilities_to_lsp' raised 'NeverAgain' exception, stopping any further execution of it. _on_done /usr/lib/python3.9/site-packages/futurist/periodics.py:713
2026-06-11 07:47:49.809 19 DEBUG futurist.periodics [req-f9fadb48-eb28-4353-83e8-a03e4f43c21e - - - - -] Submitting immediate callback 'neutron.plugins.ml2.drivers.ovn.mech_driver.ovsdb.maintenance.DBInconsistenciesPeriodics.check_baremetal_ports_dhcp_options' _process_immediates /usr/lib/python3.9/site-packages/futurist/periodics.py:676
2026-06-11 07:47:49.809 15 DEBUG neutron.common.ovn.hash_ring_manager [req-f8e13db0-794d-4178-b5b2-5de103e6d1d4 - - - - -] Hash Ring loaded. 1 active nodes. 0 offline nodes _load_hash_ring /usr/lib/python3.9/site-packages/neutron/common/ovn/hash_ring_manager.py:99
2026-06-11 07:47:49.815 15 DEBUG neutron.plugins.ml2.drivers.ovn.mech_driver.ovsdb.ovsdb_monitor [req-f8e13db0-794d-4178-b5b2-5de103e6d1d4 - - - - -] Hash Ring: Node 50550167-e488-40de-931b-fbd31a4c60b0 (host: standalone.localdomain) handling event "create" for row 45c4128e-e60c-49ce-8163-6b33c7b11629 (table: NB_Global) notify /usr/lib/python3.9/site-packages/neutron/plugins/ml2/drivers/ovn/mech_driver/ovsdb/ovsdb_monitor.py:791
2026-06-11 07:47:49.815 15 DEBUG neutron.plugins.ml2.drivers.ovn.mech_driver.ovsdb.ovsdb_monitor [req-f8e13db0-794d-4178-b5b2-5de103e6d1d4 - - - - -] Hash Ring: Node 50550167-e488-40de-931b-fbd31a4c60b0 (host: standalone.localdomain) handling event "create" for row 5d4ff6be-696b-43a8-833d-c0f5e25b23de (table: Connection) notify /usr/lib/python3.9/site-packages/neutron/plugins/ml2/drivers/ovn/mech_driver/ovsdb/ovsdb_monitor.py:791
2026-06-11 07:47:49.815 15 DEBUG neutron.plugins.ml2.drivers.ovn.mech_driver.ovsdb.ovsdb_monitor [req-f8e13db0-794d-4178-b5b2-5de103e6d1d4 - - - - -] Hash Ring: Node 50550167-e488-40de-931b-fbd31a4c60b0 (host: standalone.localdomain) handling event "create" for row c5f97925-417e-48b8-8399-d5f772c0388d (table: Port_Group) notify /usr/lib/python3.9/site-packages/neutron/plugins/ml2/drivers/ovn/mech_driver/ovsdb/ovsdb_monitor.py:791
2026-06-11 07:47:49.815 15 DEBUG neutron.plugins.ml2.drivers.ovn.mech_driver.ovsdb.ovsdb_monitor [req-f8e13db0-794d-4178-b5b2-5de103e6d1d4 - - - - -] Hash Ring: Node 50550167-e488-40de-931b-fbd31a4c60b0 (host: standalone.localdomain) handling event "create" for row 3ba2f313-ac91-4c4f-9084-8f32168f72b6 (table: ACL) notify /usr/lib/python3.9/site-packages/neutron/plugins/ml2/drivers/ovn/mech_driver/ovsdb/ovsdb_monitor.py:791
2026-06-11 07:47:49.816 15 DEBUG neutron.plugins.ml2.drivers.ovn.mech_driver.ovsdb.ovsdb_monitor [req-f8e13db0-794d-4178-b5b2-5de103e6d1d4 - - - - -] Hash Ring: Node 50550167-e488-40de-931b-fbd31a4c60b0 (host: standalone.localdomain) handling event "create" for row 241be3be-dc85-4958-a9d1-29fa94245145 (table: ACL) notify /usr/lib/python3.9/site-packages/neutron/plugins/ml2/drivers/ovn/mech_driver/ovsdb/ovsdb_monitor.py:791
2026-06-11 07:47:49.816 15 INFO neutron.plugins.ml2.drivers.ovn.mech_driver.ovsdb.impl_idl_ovn [req-f8e13db0-794d-4178-b5b2-5de103e6d1d4 - - - - -] Getting OvsdbSbOvnIdl for WorkerService with retry
2026-06-11 07:47:49.831 17 DEBUG neutron.common.ovn.hash_ring_manager [req-f5c9ead8-f6ed-443f-984f-ca303ebc6edf - - - - -] Hash Ring loaded. 1 active nodes. 0 offline nodes _load_hash_ring /usr/lib/python3.9/site-packages/neutron/common/ovn/hash_ring_manager.py:99
2026-06-11 07:47:49.832 17 DEBUG neutron.plugins.ml2.drivers.ovn.mech_driver.ovsdb.ovsdb_monitor [req-f5c9ead8-f6ed-443f-984f-ca303ebc6edf - - - - -] ChassisAgentWriteEvent : Matched Chassis_Private, create, None None matches /usr/lib/python3.9/site-packages/neutron/plugins/ml2/drivers/ovn/mech_driver/ovsdb/ovsdb_monitor.py:61
2026-06-11 07:47:49.833 17 INFO neutron.plugins.ml2.drivers.ovn.mech_driver.mech_driver [req-f5c9ead8-f6ed-443f-984f-ca303ebc6edf - - - - -] RpcWorker process has finished the post initialization
2026-06-11 07:47:49.833 17 DEBUG neutron.plugins.ml2.plugin [req-f5c9ead8-f6ed-443f-984f-ca303ebc6edf - - - - -] neutron.plugins.ml2.plugin.Ml2Plugin method start_rpc_listeners called with arguments () {} wrapper /usr/lib/python3.9/site-packages/oslo_log/helpers.py:65
2026-06-11 07:47:49.831 15 DEBUG ovsdbapp.backend.ovs_idl [req-f8e13db0-794d-4178-b5b2-5de103e6d1d4 - - - - -] Created lookup_table index Chassis.name autocreate_indices /usr/lib/python3.9/site-packages/ovsdbapp/backend/ovs_idl/__init__.py:109
2026-06-11 07:47:49.834 15 DEBUG ovsdbapp.backend.ovs_idl [req-f8e13db0-794d-4178-b5b2-5de103e6d1d4 - - - - -] Created schema index Chassis_Private.name autocreate_indices /usr/lib/python3.9/site-packages/ovsdbapp/backend/ovs_idl/__init__.py:128
2026-06-11 07:47:49.834 15 DEBUG ovsdbapp.backend.ovs_idl [req-f8e13db0-794d-4178-b5b2-5de103e6d1d4 - - - - -] Created schema index Datapath_Binding.tunnel_key autocreate_indices /usr/lib/python3.9/site-packages/ovsdbapp/backend/ovs_idl/__init__.py:128
2026-06-11 07:47:49.834 15 INFO ovsdbapp.backend.ovs_idl.vlog [req-f8e13db0-794d-4178-b5b2-5de103e6d1d4 - - - - -] tcp:172.17.0.100:6642: connecting...
2026-06-11 07:47:49.834 15 INFO ovsdbapp.backend.ovs_idl.vlog [req-f8e13db0-794d-4178-b5b2-5de103e6d1d4 - - - - -] tcp:172.17.0.100:6642: connected
2026-06-11 07:47:49.850 15 DEBUG neutron.common.ovn.hash_ring_manager [req-f8e13db0-794d-4178-b5b2-5de103e6d1d4 - - - - -] Allow caching, nodes 1>=1 _wait_startup_before_caching /usr/lib/python3.9/site-packages/neutron/common/ovn/hash_ring_manager.py:64
2026-06-11 07:47:49.854 15 DEBUG neutron.common.ovn.hash_ring_manager [req-f8e13db0-794d-4178-b5b2-5de103e6d1d4 - - - - -] Hash Ring loaded. 1 active nodes. 0 offline nodes _load_hash_ring /usr/lib/python3.9/site-packages/neutron/common/ovn/hash_ring_manager.py:99
2026-06-11 07:47:49.858 15 DEBUG neutron.plugins.ml2.drivers.ovn.mech_driver.ovsdb.ovsdb_monitor [req-f8e13db0-794d-4178-b5b2-5de103e6d1d4 - - - - -] Hash Ring: Node 50550167-e488-40de-931b-fbd31a4c60b0 (host: standalone.localdomain) handling event "create" for row 4b34fa54-8859-4632-b539-772fc935ebc1 (table: Chassis) notify /usr/lib/python3.9/site-packages/neutron/plugins/ml2/drivers/ovn/mech_driver/ovsdb/ovsdb_monitor.py:791
2026-06-11 07:47:49.858 15 DEBUG neutron.plugins.ml2.drivers.ovn.mech_driver.ovsdb.ovsdb_monitor [req-f8e13db0-794d-4178-b5b2-5de103e6d1d4 - - - - -] ChassisAgentWriteEvent : Matched Chassis_Private, create, None None matches /usr/lib/python3.9/site-packages/neutron/plugins/ml2/drivers/ovn/mech_driver/ovsdb/ovsdb_monitor.py:61
2026-06-11 07:47:49.859 15 DEBUG neutron.plugins.ml2.drivers.ovn.mech_driver.ovsdb.ovsdb_monitor [req-f8e13db0-794d-4178-b5b2-5de103e6d1d4 - - - - -] Hash Ring: Node 50550167-e488-40de-931b-fbd31a4c60b0 (host: standalone.localdomain) handling event "create" for row 5daac634-0574-4fe2-8cac-1060c5f97871 (table: Chassis_Private) notify /usr/lib/python3.9/site-packages/neutron/plugins/ml2/drivers/ovn/mech_driver/ovsdb/ovsdb_monitor.py:791
2026-06-11 07:47:49.859 15 DEBUG neutron.plugins.ml2.drivers.ovn.mech_driver.ovsdb.ovsdb_monitor [req-f8e13db0-794d-4178-b5b2-5de103e6d1d4 - - - - -] Hash Ring: Node 50550167-e488-40de-931b-fbd31a4c60b0 (host: standalone.localdomain) handling event "create" for row 4df2e194-19e5-4deb-878f-8802ba6c017e (table: Encap) notify /usr/lib/python3.9/site-packages/neutron/plugins/ml2/drivers/ovn/mech_driver/ovsdb/ovsdb_monitor.py:791
2026-06-11 07:47:49.860 15 INFO neutron.plugins.ml2.drivers.ovn.mech_driver.mech_driver [req-f8e13db0-794d-4178-b5b2-5de103e6d1d4 - - - - -] WorkerService process has finished the post initialization
2026-06-11 07:47:49.860 15 INFO neutron.wsgi [-] (15) wsgi starting up on http://172.17.0.100:9696
2026-06-11 07:47:49.874 19 DEBUG futurist.periodics [req-f9fadb48-eb28-4353-83e8-a03e4f43c21e - - - - -] Periodic callback 'neutron.plugins.ml2.drivers.ovn.mech_driver.ovsdb.maintenance.DBInconsistenciesPeriodics.check_baremetal_ports_dhcp_options' raised 'NeverAgain' exception, stopping any further execution of it. _on_done /usr/lib/python3.9/site-packages/futurist/periodics.py:713
2026-06-11 07:47:49.875 19 DEBUG futurist.periodics [req-f9fadb48-eb28-4353-83e8-a03e4f43c21e - - - - -] Submitting immediate callback 'neutron.plugins.ml2.drivers.ovn.mech_driver.ovsdb.maintenance.DBInconsistenciesPeriodics.check_fair_meter_consistency' _process_immediates /usr/lib/python3.9/site-packages/futurist/periodics.py:676
2026-06-11 07:47:49.875 19 DEBUG futurist.periodics [req-f9fadb48-eb28-4353-83e8-a03e4f43c21e - - - - -] Periodic callback 'neutron.plugins.ml2.drivers.ovn.mech_driver.ovsdb.maintenance.DBInconsistenciesPeriodics.check_fair_meter_consistency' raised 'NeverAgain' exception, stopping any further execution of it. _on_done /usr/lib/python3.9/site-packages/futurist/periodics.py:713
2026-06-11 07:47:49.875 19 DEBUG futurist.periodics [req-f9fadb48-eb28-4353-83e8-a03e4f43c21e - - - - -] Submitting immediate callback 'neutron.plugins.ml2.drivers.ovn.mech_driver.ovsdb.maintenance.DBInconsistenciesPeriodics.check_fdb_aging_settings' _process_immediates /usr/lib/python3.9/site-packages/futurist/periodics.py:676
2026-06-11 07:47:49.893 19 DEBUG ovsdbapp.backend.ovs_idl.transaction [-] Running txn n=1 command(idx=0): DbSetCommand(_result=None, table=NB_Global, record=., col_values=dict_items([('options', {'fdb_removal_limit': '0'})]), if_exists=True) do_commit /usr/lib/python3.9/site-packages/ovsdbapp/backend/ovs_idl/transaction.py:89
2026-06-11 07:47:49.898 15 DEBUG neutron.plugins.ml2.drivers.ovn.mech_driver.ovsdb.ovsdb_monitor [-] Hash Ring: Node 50550167-e488-40de-931b-fbd31a4c60b0 (host: standalone.localdomain) handling event "update" for row 45c4128e-e60c-49ce-8163-6b33c7b11629 (table: NB_Global) notify /usr/lib/python3.9/site-packages/neutron/plugins/ml2/drivers/ovn/mech_driver/ovsdb/ovsdb_monitor.py:791
2026-06-11 07:47:49.899 19 DEBUG futurist.periodics [req-f9fadb48-eb28-4353-83e8-a03e4f43c21e - - - - -] Periodic callback 'neutron.plugins.ml2.drivers.ovn.mech_driver.ovsdb.maintenance.DBInconsistenciesPeriodics.check_fdb_aging_settings' raised 'NeverAgain' exception, stopping any further execution of it. _on_done /usr/lib/python3.9/site-packages/futurist/periodics.py:713
2026-06-11 07:47:49.899 19 DEBUG futurist.periodics [req-f9fadb48-eb28-4353-83e8-a03e4f43c21e - - - - -] Submitting immediate callback 'neutron.plugins.ml2.drivers.ovn.mech_driver.ovsdb.maintenance.DBInconsistenciesPeriodics.check_for_fragmentation_support' _process_immediates /usr/lib/python3.9/site-packages/futurist/periodics.py:676
2026-06-11 07:47:49.918 19 DEBUG futurist.periodics [req-f9fadb48-eb28-4353-83e8-a03e4f43c21e - - - - -] Periodic callback 'neutron.plugins.ml2.drivers.ovn.mech_driver.ovsdb.maintenance.DBInconsistenciesPeriodics.check_for_fragmentation_support' raised 'NeverAgain' exception, stopping any further execution of it. _on_done /usr/lib/python3.9/site-packages/futurist/periodics.py:713
2026-06-11 07:47:49.919 19 DEBUG futurist.periodics [req-f9fadb48-eb28-4353-83e8-a03e4f43c21e - - - - -] Submitting immediate callback 'neutron.plugins.ml2.drivers.ovn.mech_driver.ovsdb.maintenance.DBInconsistenciesPeriodics.check_for_ha_chassis_group' _process_immediates /usr/lib/python3.9/site-packages/futurist/periodics.py:676
2026-06-11 07:47:49.919 19 DEBUG ovsdbapp.backend.ovs_idl.transaction [-] Running txn n=1 command(idx=0): HAChassisGroupDelCommand(_result=None, name=default_ha_chassis_group, if_exists=True) do_commit /usr/lib/python3.9/site-packages/ovsdbapp/backend/ovs_idl/transaction.py:89
2026-06-11 07:47:49.919 19 DEBUG ovsdbapp.backend.ovs_idl.transaction [-] Transaction caused no change do_commit /usr/lib/python3.9/site-packages/ovsdbapp/backend/ovs_idl/transaction.py:129
2026-06-11 07:47:49.920 19 DEBUG futurist.periodics [req-f9fadb48-eb28-4353-83e8-a03e4f43c21e - - - - -] Periodic callback 'neutron.plugins.ml2.drivers.ovn.mech_driver.ovsdb.maintenance.DBInconsistenciesPeriodics.check_for_ha_chassis_group' raised 'NeverAgain' exception, stopping any further execution of it. _on_done /usr/lib/python3.9/site-packages/futurist/periodics.py:713
2026-06-11 07:47:49.920 19 DEBUG futurist.periodics [req-f9fadb48-eb28-4353-83e8-a03e4f43c21e - - - - -] Submitting immediate callback 'neutron.plugins.ml2.drivers.ovn.mech_driver.ovsdb.maintenance.DBInconsistenciesPeriodics.check_for_igmp_snoop_support' _process_immediates /usr/lib/python3.9/site-packages/futurist/periodics.py:676
2026-06-11 07:47:49.920 19 DEBUG ovsdbapp.backend.ovs_idl.transaction [-] There are no commands to commit do_commit /usr/lib/python3.9/site-packages/ovsdbapp/backend/ovs_idl/transaction.py:78
2026-06-11 07:47:49.920 19 DEBUG futurist.periodics [req-f9fadb48-eb28-4353-83e8-a03e4f43c21e - - - - -] Periodic callback 'neutron.plugins.ml2.drivers.ovn.mech_driver.ovsdb.maintenance.DBInconsistenciesPeriodics.check_for_igmp_snoop_support' raised 'NeverAgain' exception, stopping any further execution of it. _on_done /usr/lib/python3.9/site-packages/futurist/periodics.py:713
2026-06-11 07:47:49.921 19 DEBUG futurist.periodics [req-f9fadb48-eb28-4353-83e8-a03e4f43c21e - - - - -] Submitting immediate callback 'neutron.plugins.ml2.drivers.ovn.mech_driver.ovsdb.maintenance.DBInconsistenciesPeriodics.check_for_inconsistencies' _process_immediates /usr/lib/python3.9/site-packages/futurist/periodics.py:676
2026-06-11 07:47:49.929 19 DEBUG neutron.plugins.ml2.drivers.ovn.mech_driver.ovsdb.maintenance [req-f9fadb48-eb28-4353-83e8-a03e4f43c21e - - - - -] Maintenance task: No inconsistencies found. Skipping check_for_inconsistencies /usr/lib/python3.9/site-packages/neutron/plugins/ml2/drivers/ovn/mech_driver/ovsdb/maintenance.py:363
2026-06-11 07:47:49.929 19 DEBUG futurist.periodics [req-f9fadb48-eb28-4353-83e8-a03e4f43c21e - - - - -] Submitting immediate callback 'neutron.plugins.ml2.drivers.ovn.mech_driver.ovsdb.maintenance.DBInconsistenciesPeriodics.check_for_localnet_legacy_port_name' _process_immediates /usr/lib/python3.9/site-packages/futurist/periodics.py:676
2026-06-11 07:47:49.929 19 DEBUG futurist.periodics [req-f9fadb48-eb28-4353-83e8-a03e4f43c21e - - - - -] Periodic callback 'neutron.plugins.ml2.drivers.ovn.mech_driver.ovsdb.maintenance.DBInconsistenciesPeriodics.check_for_localnet_legacy_port_name' raised 'NeverAgain' exception, stopping any further execution of it. _on_done /usr/lib/python3.9/site-packages/futurist/periodics.py:713
2026-06-11 07:47:49.929 19 DEBUG futurist.periodics [req-f9fadb48-eb28-4353-83e8-a03e4f43c21e - - - - -] Submitting immediate callback 'neutron.plugins.ml2.drivers.ovn.mech_driver.ovsdb.maintenance.DBInconsistenciesPeriodics.check_for_mcast_flood_reports' _process_immediates /usr/lib/python3.9/site-packages/futurist/periodics.py:676
2026-06-11 07:47:49.930 19 DEBUG futurist.periodics [req-f9fadb48-eb28-4353-83e8-a03e4f43c21e - - - - -] Periodic callback 'neutron.plugins.ml2.drivers.ovn.mech_driver.ovsdb.maintenance.DBInconsistenciesPeriodics.check_for_mcast_flood_reports' raised 'NeverAgain' exception, stopping any further execution of it. _on_done /usr/lib/python3.9/site-packages/futurist/periodics.py:713
2026-06-11 07:47:49.930 19 DEBUG futurist.periodics [req-f9fadb48-eb28-4353-83e8-a03e4f43c21e - - - - -] Submitting immediate callback 'neutron.plugins.ml2.drivers.ovn.mech_driver.ovsdb.maintenance.DBInconsistenciesPeriodics.check_for_port_security_unknown_address' _process_immediates /usr/lib/python3.9/site-packages/futurist/periodics.py:676
2026-06-11 07:47:49.930 19 DEBUG futurist.periodics [req-f9fadb48-eb28-4353-83e8-a03e4f43c21e - - - - -] Periodic callback 'neutron.plugins.ml2.drivers.ovn.mech_driver.ovsdb.maintenance.DBInconsistenciesPeriodics.check_for_port_security_unknown_address' raised 'NeverAgain' exception, stopping any further execution of it. _on_done /usr/lib/python3.9/site-packages/futurist/periodics.py:713
2026-06-11 07:47:49.930 19 DEBUG futurist.periodics [req-f9fadb48-eb28-4353-83e8-a03e4f43c21e - - - - -] Submitting immediate callback 'neutron.plugins.ml2.drivers.ovn.mech_driver.ovsdb.maintenance.DBInconsistenciesPeriodics.check_global_dhcp_opts' _process_immediates /usr/lib/python3.9/site-packages/futurist/periodics.py:676
2026-06-11 07:47:49.930 19 DEBUG futurist.periodics [req-f9fadb48-eb28-4353-83e8-a03e4f43c21e - - - - -] Periodic callback 'neutron.plugins.ml2.drivers.ovn.mech_driver.ovsdb.maintenance.DBInconsistenciesPeriodics.check_global_dhcp_opts' raised 'NeverAgain' exception, stopping any further execution of it. _on_done /usr/lib/python3.9/site-packages/futurist/periodics.py:713
2026-06-11 07:47:49.931 19 DEBUG futurist.periodics [req-f9fadb48-eb28-4353-83e8-a03e4f43c21e - - - - -] Submitting immediate callback 'neutron.plugins.ml2.drivers.ovn.mech_driver.ovsdb.maintenance.DBInconsistenciesPeriodics.check_localnet_port_has_learn_fdb' _process_immediates /usr/lib/python3.9/site-packages/futurist/periodics.py:676
2026-06-11 07:47:49.931 19 DEBUG ovsdbapp.backend.ovs_idl.transaction [-] There are no commands to commit do_commit /usr/lib/python3.9/site-packages/ovsdbapp/backend/ovs_idl/transaction.py:78
2026-06-11 07:47:49.931 19 DEBUG futurist.periodics [req-f9fadb48-eb28-4353-83e8-a03e4f43c21e - - - - -] Periodic callback 'neutron.plugins.ml2.drivers.ovn.mech_driver.ovsdb.maintenance.DBInconsistenciesPeriodics.check_localnet_port_has_learn_fdb' raised 'NeverAgain' exception, stopping any further execution of it. _on_done /usr/lib/python3.9/site-packages/futurist/periodics.py:713
2026-06-11 07:47:49.931 19 DEBUG futurist.periodics [req-f9fadb48-eb28-4353-83e8-a03e4f43c21e - - - - -] Submitting immediate callback 'neutron.plugins.ml2.drivers.ovn.mech_driver.ovsdb.maintenance.DBInconsistenciesPeriodics.check_metadata_ports' _process_immediates /usr/lib/python3.9/site-packages/futurist/periodics.py:676
2026-06-11 07:47:49.950 19 DEBUG futurist.periodics [req-f9fadb48-eb28-4353-83e8-a03e4f43c21e - - - - -] Periodic callback 'neutron.plugins.ml2.drivers.ovn.mech_driver.ovsdb.maintenance.DBInconsistenciesPeriodics.check_metadata_ports' raised 'NeverAgain' exception, stopping any further execution of it. _on_done /usr/lib/python3.9/site-packages/futurist/periodics.py:713
2026-06-11 07:47:49.950 19 DEBUG futurist.periodics [req-f9fadb48-eb28-4353-83e8-a03e4f43c21e - - - - -] Submitting immediate callback 'neutron.plugins.ml2.drivers.ovn.mech_driver.ovsdb.maintenance.DBInconsistenciesPeriodics.check_network_broadcast_arps_to_all_routers' _process_immediates /usr/lib/python3.9/site-packages/futurist/periodics.py:676
2026-06-11 07:47:49.959 19 DEBUG futurist.periodics [req-f9fadb48-eb28-4353-83e8-a03e4f43c21e - - - - -] Periodic callback 'neutron.plugins.ml2.drivers.ovn.mech_driver.ovsdb.maintenance.DBInconsistenciesPeriodics.check_network_broadcast_arps_to_all_routers' raised 'NeverAgain' exception, stopping any further execution of it. _on_done /usr/lib/python3.9/site-packages/futurist/periodics.py:713
2026-06-11 07:47:49.959 19 DEBUG futurist.periodics [req-f9fadb48-eb28-4353-83e8-a03e4f43c21e - - - - -] Submitting immediate callback 'neutron.plugins.ml2.drivers.ovn.mech_driver.ovsdb.maintenance.DBInconsistenciesPeriodics.check_port_has_address_scope' _process_immediates /usr/lib/python3.9/site-packages/futurist/periodics.py:676
2026-06-11 07:47:49.959 19 DEBUG ovsdbapp.backend.ovs_idl.transaction [-] There are no commands to commit do_commit /usr/lib/python3.9/site-packages/ovsdbapp/backend/ovs_idl/transaction.py:78
2026-06-11 07:47:49.960 19 DEBUG futurist.periodics [req-f9fadb48-eb28-4353-83e8-a03e4f43c21e - - - - -] Periodic callback 'neutron.plugins.ml2.drivers.ovn.mech_driver.ovsdb.maintenance.DBInconsistenciesPeriodics.check_port_has_address_scope' raised 'NeverAgain' exception, stopping any further execution of it. _on_done /usr/lib/python3.9/site-packages/futurist/periodics.py:713
2026-06-11 07:47:49.960 19 DEBUG futurist.periodics [req-f9fadb48-eb28-4353-83e8-a03e4f43c21e - - - - -] Submitting immediate callback 'neutron.plugins.ml2.drivers.ovn.mech_driver.ovsdb.maintenance.DBInconsistenciesPeriodics.check_provider_distributed_ports' _process_immediates /usr/lib/python3.9/site-packages/futurist/periodics.py:676
2026-06-11 07:47:49.985 19 DEBUG futurist.periodics [req-f9fadb48-eb28-4353-83e8-a03e4f43c21e - - - - -] Periodic callback 'neutron.plugins.ml2.drivers.ovn.mech_driver.ovsdb.maintenance.DBInconsistenciesPeriodics.check_provider_distributed_ports' raised 'NeverAgain' exception, stopping any further execution of it. _on_done /usr/lib/python3.9/site-packages/futurist/periodics.py:713
2026-06-11 07:47:49.985 19 DEBUG futurist.periodics [req-f9fadb48-eb28-4353-83e8-a03e4f43c21e - - - - -] Submitting immediate callback 'neutron.plugins.ml2.drivers.ovn.mech_driver.ovsdb.maintenance.DBInconsistenciesPeriodics.check_redirect_type_router_gateway_ports' _process_immediates /usr/lib/python3.9/site-packages/futurist/periodics.py:676
2026-06-11 07:47:50.004 19 DEBUG futurist.periodics [req-f9fadb48-eb28-4353-83e8-a03e4f43c21e - - - - -] Periodic callback 'neutron.plugins.ml2.drivers.ovn.mech_driver.ovsdb.maintenance.DBInconsistenciesPeriodics.check_redirect_type_router_gateway_ports' raised 'NeverAgain' exception, stopping any further execution of it. _on_done /usr/lib/python3.9/site-packages/futurist/periodics.py:713
2026-06-11 07:47:50.005 19 DEBUG futurist.periodics [req-f9fadb48-eb28-4353-83e8-a03e4f43c21e - - - - -] Submitting immediate callback 'neutron.plugins.ml2.drivers.ovn.mech_driver.ovsdb.maintenance.DBInconsistenciesPeriodics.check_router_mac_binding_options' _process_immediates /usr/lib/python3.9/site-packages/futurist/periodics.py:676
2026-06-11 07:47:50.005 19 DEBUG futurist.periodics [req-f9fadb48-eb28-4353-83e8-a03e4f43c21e - - - - -] Periodic callback 'neutron.plugins.ml2.drivers.ovn.mech_driver.ovsdb.maintenance.DBInconsistenciesPeriodics.check_router_mac_binding_options' raised 'NeverAgain' exception, stopping any further execution of it. _on_done /usr/lib/python3.9/site-packages/futurist/periodics.py:713
2026-06-11 07:47:50.005 19 DEBUG futurist.periodics [req-f9fadb48-eb28-4353-83e8-a03e4f43c21e - - - - -] Submitting immediate callback 'neutron.plugins.ml2.drivers.ovn.mech_driver.ovsdb.maintenance.DBInconsistenciesPeriodics.cleanup_old_hash_ring_nodes' _process_immediates /usr/lib/python3.9/site-packages/futurist/periodics.py:676
2026-06-11 07:47:50.008 19 INFO neutron.db.ovn_hash_ring_db [req-f9fadb48-eb28-4353-83e8-a03e4f43c21e - - - - -] Cleaned up Hash Ring nodes older than 5 days
2026-06-11 07:47:50.008 19 DEBUG futurist.periodics [req-f9fadb48-eb28-4353-83e8-a03e4f43c21e - - - - -] Submitting immediate callback 'neutron.plugins.ml2.drivers.ovn.mech_driver.ovsdb.maintenance.DBInconsistenciesPeriodics.configure_nb_global' _process_immediates /usr/lib/python3.9/site-packages/futurist/periodics.py:676
2026-06-11 07:47:50.009 19 DEBUG neutron.plugins.ml2.drivers.ovn.mech_driver.ovsdb.impl_idl_ovn [req-f9fadb48-eb28-4353-83e8-a03e4f43c21e - - - - -] Setting NB_Global options: {'ignore_lsp_down': 'false', 'mac_binding_removal_limit': '0', 'fdb_removal_limit': '0'} set_nb_global_options /usr/lib/python3.9/site-packages/neutron/plugins/ml2/drivers/ovn/mech_driver/ovsdb/impl_idl_ovn.py:854
2026-06-11 07:47:50.009 19 DEBUG ovsdbapp.backend.ovs_idl.transaction [-] Running txn n=1 command(idx=0): DbSetCommand(_result=None, table=NB_Global, record=., col_values=dict_items([('options', {'ignore_lsp_down': 'false', 'mac_binding_removal_limit': '0', 'fdb_removal_limit': '0'})]), if_exists=True) do_commit /usr/lib/python3.9/site-packages/ovsdbapp/backend/ovs_idl/transaction.py:89
2026-06-11 07:47:50.014 19 DEBUG futurist.periodics [req-f9fadb48-eb28-4353-83e8-a03e4f43c21e - - - - -] Periodic callback 'neutron.plugins.ml2.drivers.ovn.mech_driver.ovsdb.maintenance.DBInconsistenciesPeriodics.configure_nb_global' raised 'NeverAgain' exception, stopping any further execution of it. _on_done /usr/lib/python3.9/site-packages/futurist/periodics.py:713
2026-06-11 07:47:50.014 19 DEBUG futurist.periodics [req-f9fadb48-eb28-4353-83e8-a03e4f43c21e - - - - -] Submitting immediate callback 'neutron.plugins.ml2.drivers.ovn.mech_driver.ovsdb.maintenance.DBInconsistenciesPeriodics.create_router_extra_attributes_registers' _process_immediates /usr/lib/python3.9/site-packages/futurist/periodics.py:676
2026-06-11 07:47:50.019 15 DEBUG neutron.wsgi [-] (15) accepted ('172.17.0.100', 34016) server /usr/lib/python3.9/site-packages/eventlet/wsgi.py:992
2026-06-11 07:47:50.020 15 DEBUG neutron.plugins.ml2.drivers.ovn.mech_driver.ovsdb.ovsdb_monitor [-] Hash Ring: Node 50550167-e488-40de-931b-fbd31a4c60b0 (host: standalone.localdomain) handling event "update" for row 45c4128e-e60c-49ce-8163-6b33c7b11629 (table: NB_Global) notify /usr/lib/python3.9/site-packages/neutron/plugins/ml2/drivers/ovn/mech_driver/ovsdb/ovsdb_monitor.py:791
2026-06-11 07:47:50.024 15 INFO neutron.wsgi [-] 172.17.0.100 "GET /healthcheck HTTP/1.0" status: 200 len: 137 time: 0.0036540
