Jun 13 08:29:05 np0000072641 container-server[124059]: Beginning replication run
Jun 13 08:29:05 np0000072641 container-server[124059]: Replication run OVER
Jun 13 08:29:05 np0000072641 container-server[124059]: Attempted to replicate 0 dbs in 0.00149 seconds (0.00000/s)
Jun 13 08:29:05 np0000072641 container-server[124059]: Removed 0 dbs
Jun 13 08:29:05 np0000072641 container-server[124059]: 0 successes, 0 failures
Jun 13 08:29:05 np0000072641 container-server[124059]: diff:0 diff_capped:0 empty:0 hashmatch:0 no_change:0 remote_merge:0 rsync:0 ts_repl:0
Jun 13 08:29:12 np0000072641 account-server[123927]: Beginning replication run
Jun 13 08:29:12 np0000072641 account-server[123927]: Replication run OVER
Jun 13 08:29:12 np0000072641 account-server[123927]: Attempted to replicate 0 dbs in 0.00178 seconds (0.00000/s)
Jun 13 08:29:12 np0000072641 account-server[123927]: Removed 0 dbs
Jun 13 08:29:12 np0000072641 account-server[123927]: 0 successes, 0 failures
Jun 13 08:29:12 np0000072641 account-server[123927]: diff:0 diff_capped:0 empty:0 hashmatch:0 no_change:0 remote_merge:0 rsync:0 ts_repl:0
Jun 13 08:29:16 np0000072641 account-server[124243]: 172.20.0.105 - - [13/Jun/2026:08:29:16 +0000] "HEAD /d1/335/.expiring_objects" 404 - "HEAD http://localhost/v1/.expiring_objects?format=json" "tx0aca48a42fad40a0a41b7-006a2d14dc" "proxy-server 2" 0.0009 "-" 22 -
Jun 13 08:29:26 np0000072641 container-server[124463]: Begin container update sweep
Jun 13 08:29:26 np0000072641 container-server[124463]: Container update sweep completed: 0.00s
Jun 13 08:29:27 np0000072641 object-server[124564]: Starting object replication pass.
Jun 13 08:29:27 np0000072641 object-server[124564]: Nothing replicated for 0.0021715164184570312 seconds.
Jun 13 08:29:27 np0000072641 object-server[124564]: Object replication complete. (0.00 minutes)
Jun 13 08:29:29 np0000072641 object-server[196612]: Begin object audit "forever" mode (ZBF)
Jun 13 08:29:29 np0000072641 object-server[196613]: Begin object audit "forever" mode (ALL)
Jun 13 08:29:29 np0000072641 object-server[196612]: Object audit (ZBF) "forever" mode completed: 0.00s. Total quarantined: 0, Total errors: 0, Total files/sec: 0.00, Total bytes/sec: 0.00, Auditing time: 0.00, Rate: 0.00
Jun 13 08:29:29 np0000072641 object-server[196613]: Object audit (ALL) "forever" mode completed: 0.00s. Total quarantined: 0, Total errors: 0, Total files/sec: 0.00, Total bytes/sec: 0.00, Auditing time: 0.00, Rate: 0.00
Jun 13 08:29:35 np0000072641 container-server[124059]: Beginning replication run
Jun 13 08:29:35 np0000072641 container-server[124059]: Replication run OVER
Jun 13 08:29:35 np0000072641 container-server[124059]: Attempted to replicate 0 dbs in 0.00154 seconds (0.00000/s)
Jun 13 08:29:35 np0000072641 container-server[124059]: Removed 0 dbs
Jun 13 08:29:35 np0000072641 container-server[124059]: 0 successes, 0 failures
Jun 13 08:29:35 np0000072641 container-server[124059]: diff:0 diff_capped:0 empty:0 hashmatch:0 no_change:0 remote_merge:0 rsync:0 ts_repl:0
Jun 13 08:29:42 np0000072641 account-server[123927]: Beginning replication run
Jun 13 08:29:42 np0000072641 account-server[123927]: Replication run OVER
Jun 13 08:29:42 np0000072641 account-server[123927]: Attempted to replicate 0 dbs in 0.00185 seconds (0.00000/s)
Jun 13 08:29:42 np0000072641 account-server[123927]: Removed 0 dbs
Jun 13 08:29:42 np0000072641 account-server[123927]: 0 successes, 0 failures
Jun 13 08:29:42 np0000072641 account-server[123927]: diff:0 diff_capped:0 empty:0 hashmatch:0 no_change:0 remote_merge:0 rsync:0 ts_repl:0
Jun 13 08:29:58 np0000072641 object-server[124564]: Starting object replication pass.
Jun 13 08:29:58 np0000072641 object-server[124564]: Nothing replicated for 0.003719806671142578 seconds.
Jun 13 08:29:58 np0000072641 object-server[124564]: Object replication complete. (0.00 minutes)
Jun 13 08:29:59 np0000072641 object-server[196614]: Begin object audit "forever" mode (ZBF)
Jun 13 08:29:59 np0000072641 object-server[196614]: Object audit (ZBF) "forever" mode completed: 0.00s. Total quarantined: 0, Total errors: 0, Total files/sec: 0.00, Total bytes/sec: 0.00, Auditing time: 0.00, Rate: 0.00
Jun 13 08:30:05 np0000072641 container-server[124059]: Beginning replication run
Jun 13 08:30:05 np0000072641 container-server[124059]: Replication run OVER
Jun 13 08:30:05 np0000072641 container-server[124059]: Attempted to replicate 0 dbs in 0.00232 seconds (0.00000/s)
Jun 13 08:30:05 np0000072641 container-server[124059]: Removed 0 dbs
Jun 13 08:30:05 np0000072641 container-server[124059]: 0 successes, 0 failures
Jun 13 08:30:05 np0000072641 container-server[124059]: diff:0 diff_capped:0 empty:0 hashmatch:0 no_change:0 remote_merge:0 rsync:0 ts_repl:0
Jun 13 08:30:12 np0000072641 account-server[123927]: Beginning replication run
Jun 13 08:30:12 np0000072641 account-server[123927]: Replication run OVER
Jun 13 08:30:12 np0000072641 account-server[123927]: Attempted to replicate 0 dbs in 0.00167 seconds (0.00000/s)
Jun 13 08:30:12 np0000072641 account-server[123927]: Removed 0 dbs
Jun 13 08:30:12 np0000072641 account-server[123927]: 0 successes, 0 failures
Jun 13 08:30:12 np0000072641 account-server[123927]: diff:0 diff_capped:0 empty:0 hashmatch:0 no_change:0 remote_merge:0 rsync:0 ts_repl:0
Jun 13 08:30:28 np0000072641 object-server[124564]: Starting object replication pass.
Jun 13 08:30:28 np0000072641 object-server[124564]: Nothing replicated for 0.004350423812866211 seconds.
Jun 13 08:30:28 np0000072641 object-server[124564]: Object replication complete. (0.00 minutes)
Jun 13 08:30:29 np0000072641 object-server[202780]: Begin object audit "forever" mode (ZBF)
Jun 13 08:30:29 np0000072641 object-server[202780]: Object audit (ZBF) "forever" mode completed: 0.00s. Total quarantined: 0, Total errors: 0, Total files/sec: 0.00, Total bytes/sec: 0.00, Auditing time: 0.00, Rate: 0.00
Jun 13 08:30:29 np0000072641 object-server[202781]: Begin object audit "forever" mode (ALL)
Jun 13 08:30:29 np0000072641 object-server[202781]: Object audit (ALL) "forever" mode completed: 0.00s. Total quarantined: 0, Total errors: 0, Total files/sec: 0.00, Total bytes/sec: 0.00, Auditing time: 0.00, Rate: 0.00
Jun 13 08:30:35 np0000072641 container-server[124059]: Beginning replication run
Jun 13 08:30:35 np0000072641 container-server[124059]: Replication run OVER
Jun 13 08:30:35 np0000072641 container-server[124059]: Attempted to replicate 0 dbs in 0.00162 seconds (0.00000/s)
Jun 13 08:30:35 np0000072641 container-server[124059]: Removed 0 dbs
Jun 13 08:30:35 np0000072641 container-server[124059]: 0 successes, 0 failures
Jun 13 08:30:35 np0000072641 container-server[124059]: diff:0 diff_capped:0 empty:0 hashmatch:0 no_change:0 remote_merge:0 rsync:0 ts_repl:0
Jun 13 08:30:42 np0000072641 account-server[123927]: Beginning replication run
Jun 13 08:30:42 np0000072641 account-server[123927]: Replication run OVER
Jun 13 08:30:42 np0000072641 account-server[123927]: Attempted to replicate 0 dbs in 0.00128 seconds (0.00000/s)
Jun 13 08:30:42 np0000072641 account-server[123927]: Removed 0 dbs
Jun 13 08:30:42 np0000072641 account-server[123927]: 0 successes, 0 failures
Jun 13 08:30:42 np0000072641 account-server[123927]: diff:0 diff_capped:0 empty:0 hashmatch:0 no_change:0 remote_merge:0 rsync:0 ts_repl:0
Jun 13 08:30:58 np0000072641 object-server[124564]: Starting object replication pass.
Jun 13 08:30:58 np0000072641 object-server[124564]: Nothing replicated for 0.0024971961975097656 seconds.
Jun 13 08:30:58 np0000072641 object-server[124564]: Object replication complete. (0.00 minutes)
Jun 13 08:30:59 np0000072641 object-server[202782]: Begin object audit "forever" mode (ZBF)
Jun 13 08:30:59 np0000072641 object-server[202782]: Object audit (ZBF) "forever" mode completed: 0.00s. Total quarantined: 0, Total errors: 0, Total files/sec: 0.00, Total bytes/sec: 0.00, Auditing time: 0.00, Rate: 0.00
Jun 13 08:31:05 np0000072641 container-server[124059]: Beginning replication run
Jun 13 08:31:05 np0000072641 container-server[124059]: Replication run OVER
Jun 13 08:31:05 np0000072641 container-server[124059]: Attempted to replicate 0 dbs in 0.00270 seconds (0.00000/s)
Jun 13 08:31:05 np0000072641 container-server[124059]: Removed 0 dbs
Jun 13 08:31:05 np0000072641 container-server[124059]: 0 successes, 0 failures
Jun 13 08:31:05 np0000072641 container-server[124059]: diff:0 diff_capped:0 empty:0 hashmatch:0 no_change:0 remote_merge:0 rsync:0 ts_repl:0
Jun 13 08:31:06 np0000072641 account-server[124232]: 172.20.0.104 - - [13/Jun/2026:08:31:06 +0000] "HEAD /d1/335/.expiring_objects" 404 - "HEAD http://localhost/v1/.expiring_objects?format=json" "txd234e5cf7dc94a5da3b46-006a2d154a" "proxy-server 2" 0.0008 "-" 20 -
Jun 13 08:31:12 np0000072641 account-server[123927]: Beginning replication run
Jun 13 08:31:12 np0000072641 account-server[123927]: Replication run OVER
Jun 13 08:31:12 np0000072641 account-server[123927]: Attempted to replicate 0 dbs in 0.00066 seconds (0.00000/s)
Jun 13 08:31:12 np0000072641 account-server[123927]: Removed 0 dbs
Jun 13 08:31:12 np0000072641 account-server[123927]: 0 successes, 0 failures
Jun 13 08:31:12 np0000072641 account-server[123927]: diff:0 diff_capped:0 empty:0 hashmatch:0 no_change:0 remote_merge:0 rsync:0 ts_repl:0
Jun 13 08:31:28 np0000072641 object-server[124564]: Starting object replication pass.
Jun 13 08:31:28 np0000072641 object-server[124564]: Nothing replicated for 0.003847360610961914 seconds.
Jun 13 08:31:28 np0000072641 object-server[124564]: Object replication complete. (0.00 minutes)
Jun 13 08:31:29 np0000072641 object-server[208765]: Begin object audit "forever" mode (ZBF)
Jun 13 08:31:29 np0000072641 object-server[208767]: Begin object audit "forever" mode (ALL)
Jun 13 08:31:29 np0000072641 object-server[208765]: Object audit (ZBF) "forever" mode completed: 0.00s. Total quarantined: 0, Total errors: 0, Total files/sec: 0.00, Total bytes/sec: 0.00, Auditing time: 0.00, Rate: 0.00
Jun 13 08:31:29 np0000072641 object-server[208767]: Object audit (ALL) "forever" mode completed: 0.00s. Total quarantined: 0, Total errors: 0, Total files/sec: 0.00, Total bytes/sec: 0.00, Auditing time: 0.00, Rate: 0.00
Jun 13 08:31:35 np0000072641 container-server[124059]: Beginning replication run
Jun 13 08:31:35 np0000072641 container-server[124059]: Replication run OVER
Jun 13 08:31:35 np0000072641 container-server[124059]: Attempted to replicate 0 dbs in 0.00203 seconds (0.00000/s)
Jun 13 08:31:35 np0000072641 container-server[124059]: Removed 0 dbs
Jun 13 08:31:35 np0000072641 container-server[124059]: 0 successes, 0 failures
Jun 13 08:31:35 np0000072641 container-server[124059]: diff:0 diff_capped:0 empty:0 hashmatch:0 no_change:0 remote_merge:0 rsync:0 ts_repl:0
Jun 13 08:31:42 np0000072641 account-server[123927]: Beginning replication run
Jun 13 08:31:42 np0000072641 account-server[123927]: Replication run OVER
Jun 13 08:31:42 np0000072641 account-server[123927]: Attempted to replicate 0 dbs in 0.00247 seconds (0.00000/s)
Jun 13 08:31:42 np0000072641 account-server[123927]: Removed 0 dbs
Jun 13 08:31:42 np0000072641 account-server[123927]: 0 successes, 0 failures
Jun 13 08:31:42 np0000072641 account-server[123927]: diff:0 diff_capped:0 empty:0 hashmatch:0 no_change:0 remote_merge:0 rsync:0 ts_repl:0
Jun 13 08:31:58 np0000072641 object-server[124564]: Starting object replication pass.
Jun 13 08:31:58 np0000072641 object-server[124564]: Nothing replicated for 0.004400730133056641 seconds.
Jun 13 08:31:58 np0000072641 object-server[124564]: Object replication complete. (0.00 minutes)
Jun 13 08:31:58 np0000072641 account-server[124251]: 172.20.0.103 - - [13/Jun/2026:08:31:58 +0000] "HEAD /d1/953/AUTH_88ae32f2c8204458beb5922823236026" 404 - "HEAD http://172.18.0.157:8080/v1/AUTH_88ae32f2c8204458beb5922823236026?format=json" "tx662a3550142b401b95401-006a2d157e" "proxy-server 20" 0.0007 "-" 23 -
Jun 13 08:31:58 np0000072641 proxy-server[126064]: - - 13/Jun/2026/08/31/58 HEAD /v1/AUTH_88ae32f2c8204458beb5922823236026%3Fformat%3Djson HTTP/1.0 200 - Swift - - - - tx662a3550142b401b95401-006a2d157e - 0.0222 RL - 1781339518.244579315 1781339518.266793251 -
Jun 13 08:31:58 np0000072641 object-server[124940]: 172.20.0.103 - - [13/Jun/2026:08:31:58 +0000] "GET /d1/843/AUTH_88ae32f2c8204458beb5922823236026/gnocchi.b1e3aebb-54c2-4838-bf78-34a7e54b5195/none_v3" 404 70 "GET http://172.18.0.157:8080/v1/AUTH_88ae32f2c8204458beb5922823236026/gnocchi.b1e3aebb-54c2-4838-bf78-34a7e54b5195/none_v3" "tx662a3550142b401b95401-006a2d157e" "proxy-server 20" 0.0013 "-" 25 0
Jun 13 08:31:58 np0000072641 proxy-server[126064]: 172.18.0.157 172.18.0.104 13/Jun/2026/08/31/58 GET /v1/AUTH_88ae32f2c8204458beb5922823236026/gnocchi.b1e3aebb-54c2-4838-bf78-34a7e54b5195/none_v3 HTTP/1.0 404 - python-swiftclient-3.11.1 gAAAAABqLRV-REV4... - 70 - tx662a3550142b401b95401-006a2d157e - 0.6025 - - 1781339518.238971949 1781339518.841480970 0
Jun 13 08:31:58 np0000072641 account-server[124251]: 172.20.0.104 - - [13/Jun/2026:08:31:58 +0000] "PUT /d1/953/AUTH_88ae32f2c8204458beb5922823236026" 201 - "-" "txc6b3dd9fdc61466ea7bd1-006a2d157e" "-" 0.0116 "-" 23 -
Jun 13 08:31:58 np0000072641 container-server[124601]: 172.20.0.104 - - [13/Jun/2026:08:31:58 +0000] "PUT /d1/724/AUTH_88ae32f2c8204458beb5922823236026/gnocchi.b1e3aebb-54c2-4838-bf78-34a7e54b5195" 201 - "PUT http://172.18.0.157:8080/v1/AUTH_88ae32f2c8204458beb5922823236026/gnocchi.b1e3aebb-54c2-4838-bf78-34a7e54b5195" "txc6b3dd9fdc61466ea7bd1-006a2d157e" "proxy-server 20" 0.0160 "-" 21 0
Jun 13 08:31:58 np0000072641 account-server[124236]: 172.20.0.105 - - [13/Jun/2026:08:31:58 +0000] "PUT /d1/953/AUTH_88ae32f2c8204458beb5922823236026/gnocchi.b1e3aebb-54c2-4838-bf78-34a7e54b5195" 201 - "PUT http://172.20.0.105:6001/d1/724/AUTH_88ae32f2c8204458beb5922823236026/gnocchi.b1e3aebb-54c2-4838-bf78-34a7e54b5195" "txc6b3dd9fdc61466ea7bd1-006a2d157e" "container-server 15" 0.0014 "-" 21 0
Jun 13 08:31:58 np0000072641 object-server[124940]: 172.20.0.103 - - [13/Jun/2026:08:31:58 +0000] "GET /d1/398/AUTH_88ae32f2c8204458beb5922823236026/gnocchi.b1e3aebb-54c2-4838-bf78-34a7e54b5195/1780920000.0_mean_300.0_v3" 404 70 "GET http://172.18.0.157:8080/v1/AUTH_88ae32f2c8204458beb5922823236026/gnocchi.b1e3aebb-54c2-4838-bf78-34a7e54b5195/1780920000.0_mean_300.0_v3" "tx1e577cf9bbe74fd9a7ab4-006a2d157e" "proxy-server 20" 0.0005 "-" 25 0
Jun 13 08:31:58 np0000072641 proxy-server[126064]: 172.18.0.157 172.18.0.104 13/Jun/2026/08/31/58 GET /v1/AUTH_88ae32f2c8204458beb5922823236026/gnocchi.b1e3aebb-54c2-4838-bf78-34a7e54b5195/1780920000.0_mean_300.0_v3 HTTP/1.0 404 - python-swiftclient-3.11.1 gAAAAABqLRV-REV4... - 70 - tx1e577cf9bbe74fd9a7ab4-006a2d157e - 0.0209 - - 1781339518.946978331 1781339518.967864275 0
Jun 13 08:31:59 np0000072641 container-server[124621]: 172.20.0.104 - - [13/Jun/2026:08:31:59 +0000] "PUT /d1/724/AUTH_88ae32f2c8204458beb5922823236026/gnocchi.b1e3aebb-54c2-4838-bf78-34a7e54b5195/1780920000.0_mean_300.0_v3" 201 - "PUT http://172.18.0.157:8080/d1/398/AUTH_88ae32f2c8204458beb5922823236026/gnocchi.b1e3aebb-54c2-4838-bf78-34a7e54b5195/1780920000.0_mean_300.0_v3" "tx60e8367dfa5c494799af2-006a2d157e" "object-server 23" 0.0018 "-" 23 0
Jun 13 08:31:59 np0000072641 object-server[124928]: 172.20.0.104 - - [13/Jun/2026:08:31:59 +0000] "PUT /d1/398/AUTH_88ae32f2c8204458beb5922823236026/gnocchi.b1e3aebb-54c2-4838-bf78-34a7e54b5195/1780920000.0_mean_300.0_v3" 201 - "PUT http://172.18.0.157:8080/v1/AUTH_88ae32f2c8204458beb5922823236026/gnocchi.b1e3aebb-54c2-4838-bf78-34a7e54b5195/1780920000.0_mean_300.0_v3" "tx60e8367dfa5c494799af2-006a2d157e" "proxy-server 20" 0.0316 "-" 23 0
Jun 13 08:31:59 np0000072641 object-server[124928]: 172.20.0.105 - - [13/Jun/2026:08:31:59 +0000] "PUT /d1/843/AUTH_88ae32f2c8204458beb5922823236026/gnocchi.b1e3aebb-54c2-4838-bf78-34a7e54b5195/none_v3" 201 - "PUT http://172.18.0.157:8080/v1/AUTH_88ae32f2c8204458beb5922823236026/gnocchi.b1e3aebb-54c2-4838-bf78-34a7e54b5195/none_v3" "txd7236303c003452fb7f4d-006a2d157f" "proxy-server 20" 0.0179 "-" 23 0
Jun 13 08:31:59 np0000072641 container-server[124601]: 172.20.0.105 - - [13/Jun/2026:08:31:59 +0000] "PUT /d1/724/AUTH_88ae32f2c8204458beb5922823236026/gnocchi.b1e3aebb-54c2-4838-bf78-34a7e54b5195/none_v3" 201 - "PUT http://172.18.0.157:8080/d1/843/AUTH_88ae32f2c8204458beb5922823236026/gnocchi.b1e3aebb-54c2-4838-bf78-34a7e54b5195/none_v3" "txd7236303c003452fb7f4d-006a2d157f" "object-server 16" 0.0010 "-" 21 0
Jun 13 08:31:59 np0000072641 object-server[208768]: Begin object audit "forever" mode (ZBF)
Jun 13 08:31:59 np0000072641 object-server[208768]: Object audit (ZBF). Since Sat Jun 13 08:31:59 2026: Locally: 1 passed, 0 quarantined, 0 errors, files/sec: 799.37, bytes/sec: 0.00, Total time: 0.00, Auditing time: 0.00, Rate: 0.00
Jun 13 08:31:59 np0000072641 object-server[208768]: Object audit (ZBF) "forever" mode completed: 0.00s. Total quarantined: 0, Total errors: 0, Total files/sec: 624.20, Total bytes/sec: 0.00, Auditing time: 0.00, Rate: 0.24
Jun 13 08:32:05 np0000072641 container-server[124059]: Beginning replication run
Jun 13 08:32:05 np0000072641 container-server[124059]: Replication run OVER
Jun 13 08:32:05 np0000072641 container-server[124059]: Attempted to replicate 1 dbs in 0.11153 seconds (8.96609/s)
Jun 13 08:32:05 np0000072641 container-server[124059]: Removed 0 dbs
Jun 13 08:32:05 np0000072641 container-server[124059]: 2 successes, 0 failures
Jun 13 08:32:05 np0000072641 container-server[124059]: diff:0 diff_capped:0 empty:0 hashmatch:0 no_change:2 remote_merge:0 rsync:0 ts_repl:0
Jun 13 08:32:10 np0000072641 container-server[124237]: Begin container audit pass.
Jun 13 08:32:12 np0000072641 account-server[123927]: Beginning replication run
Jun 13 08:32:12 np0000072641 account-server[123927]: Replication run OVER
Jun 13 08:32:12 np0000072641 account-server[123927]: Attempted to replicate 1 dbs in 0.03414 seconds (29.29527/s)
Jun 13 08:32:12 np0000072641 account-server[123927]: Removed 0 dbs
Jun 13 08:32:12 np0000072641 account-server[123927]: 2 successes, 0 failures
Jun 13 08:32:12 np0000072641 account-server[123927]: diff:0 diff_capped:0 empty:0 hashmatch:0 no_change:2 remote_merge:0 rsync:0 ts_repl:0
Jun 13 08:32:24 np0000072641 account-server[124236]: 172.20.0.103 - - [13/Jun/2026:08:32:24 +0000] "HEAD /d1/335/.expiring_objects" 404 - "HEAD http://localhost/v1/.expiring_objects?format=json" "txeedc3767f53c409db4062-006a2d1598" "proxy-server 2" 0.0008 "-" 21 -
Jun 13 08:32:24 np0000072641 object-expirer[124471]: Pass completed in 0s; 0 objects expired (txn: txeedc3767f53c409db4062-006a2d1598)
Jun 13 08:32:28 np0000072641 proxy-server[126064]: 172.18.0.157 172.18.0.104 13/Jun/2026/08/32/28 GET /v1/AUTH_88ae32f2c8204458beb5922823236026/gnocchi.b1e3aebb-54c2-4838-bf78-34a7e54b5195/none_v3 HTTP/1.0 200 - python-swiftclient-3.11.1 gAAAAABqLRV-REV4... - 22 - tx54744457017244b488953-006a2d159b - 0.0442 - - 1781339547.995343208 1781339548.039530754 0
Jun 13 08:32:28 np0000072641 container-server[124601]: 172.20.0.104 - - [13/Jun/2026:08:32:28 +0000] "GET /d1/724/AUTH_88ae32f2c8204458beb5922823236026/gnocchi.b1e3aebb-54c2-4838-bf78-34a7e54b5195" 200 357 "GET http://172.18.0.157:8080/v1/AUTH_88ae32f2c8204458beb5922823236026/gnocchi.b1e3aebb-54c2-4838-bf78-34a7e54b5195?format=json&states=listing" "txcb07c16b76654170aab52-006a2d159c" "proxy-server 20" 0.0043 "-" 21 0
Jun 13 08:32:28 np0000072641 object-server[124923]: 172.20.0.103 - - [13/Jun/2026:08:32:28 +0000] "GET /d1/398/AUTH_88ae32f2c8204458beb5922823236026/gnocchi.b1e3aebb-54c2-4838-bf78-34a7e54b5195/1780920000.0_mean_300.0_v3" 200 16 "GET http://172.18.0.157:8080/v1/AUTH_88ae32f2c8204458beb5922823236026/gnocchi.b1e3aebb-54c2-4838-bf78-34a7e54b5195/1780920000.0_mean_300.0_v3" "tx3cc57d4a4a1245c29175c-006a2d159c" "proxy-server 20" 0.0019 "-" 22 0
Jun 13 08:32:28 np0000072641 proxy-server[126064]: 172.18.0.157 172.18.0.104 13/Jun/2026/08/32/28 GET /v1/AUTH_88ae32f2c8204458beb5922823236026/gnocchi.b1e3aebb-54c2-4838-bf78-34a7e54b5195/1780920000.0_mean_300.0_v3 HTTP/1.0 200 - python-swiftclient-3.11.1 gAAAAABqLRV-REV4... - 16 - tx3cc57d4a4a1245c29175c-006a2d159c - 0.0215 - - 1781339548.086359739 1781339548.107830524 0
Jun 13 08:32:28 np0000072641 container-server[124621]: 172.20.0.105 - - [13/Jun/2026:08:32:28 +0000] "PUT /d1/724/AUTH_88ae32f2c8204458beb5922823236026/gnocchi.b1e3aebb-54c2-4838-bf78-34a7e54b5195/1780920000.0_mean_300.0_v3" 201 - "PUT http://172.18.0.157:8080/d1/398/AUTH_88ae32f2c8204458beb5922823236026/gnocchi.b1e3aebb-54c2-4838-bf78-34a7e54b5195/1780920000.0_mean_300.0_v3" "txbec43c44a71a4705b5e72-006a2d159c" "object-server 16" 0.0010 "-" 23 0
Jun 13 08:32:28 np0000072641 object-server[124564]: Starting object replication pass.
Jun 13 08:32:28 np0000072641 object-server[124938]: 172.20.0.104 - - [13/Jun/2026:08:32:28 +0000] "PUT /d1/398/AUTH_88ae32f2c8204458beb5922823236026/gnocchi.b1e3aebb-54c2-4838-bf78-34a7e54b5195/1780920000.0_mean_300.0_v3" 201 - "PUT http://172.18.0.157:8080/v1/AUTH_88ae32f2c8204458beb5922823236026/gnocchi.b1e3aebb-54c2-4838-bf78-34a7e54b5195/1780920000.0_mean_300.0_v3" "txbec43c44a71a4705b5e72-006a2d159c" "proxy-server 20" 0.0763 "-" 24 0
Jun 13 08:32:28 np0000072641 object-server[124938]: 172.20.0.105 - - [13/Jun/2026:08:32:28 +0000] "PUT /d1/843/AUTH_88ae32f2c8204458beb5922823236026/gnocchi.b1e3aebb-54c2-4838-bf78-34a7e54b5195/none_v3" 201 - "PUT http://172.18.0.157:8080/v1/AUTH_88ae32f2c8204458beb5922823236026/gnocchi.b1e3aebb-54c2-4838-bf78-34a7e54b5195/none_v3" "tx51dbc14af865451181a18-006a2d159c" "proxy-server 20" 0.0138 "-" 24 0
Jun 13 08:32:28 np0000072641 container-server[124601]: 172.20.0.104 - - [13/Jun/2026:08:32:28 +0000] "PUT /d1/724/AUTH_88ae32f2c8204458beb5922823236026/gnocchi.b1e3aebb-54c2-4838-bf78-34a7e54b5195/none_v3" 201 - "PUT http://172.18.0.157:8080/d1/843/AUTH_88ae32f2c8204458beb5922823236026/gnocchi.b1e3aebb-54c2-4838-bf78-34a7e54b5195/none_v3" "tx51dbc14af865451181a18-006a2d159c" "object-server 23" 0.0008 "-" 21 0
Jun 13 08:32:28 np0000072641 object-server[124564]: 2/2 (100.00%) partitions replicated in 0.08s (24.50/sec, 0s remaining)
Jun 13 08:32:28 np0000072641 object-server[124564]: 4 successes, 0 failures
Jun 13 08:32:28 np0000072641 object-server[124564]: 2 suffixes checked - 100.00% hashed, 0.00% synced
Jun 13 08:32:28 np0000072641 object-server[124564]: Partition times: max 0.0464s, min 0.0290s, med 0.0464s
Jun 13 08:32:28 np0000072641 object-server[124564]: Object replication complete. (0.00 minutes)
Jun 13 08:32:29 np0000072641 object-server[214727]: Begin object audit "forever" mode (ZBF)
Jun 13 08:32:29 np0000072641 object-server[214727]: Object audit (ZBF). Since Sat Jun 13 08:32:29 2026: Locally: 1 passed, 0 quarantined, 0 errors, files/sec: 535.26, bytes/sec: 0.00, Total time: 0.00, Auditing time: 0.00, Rate: 0.00
Jun 13 08:32:29 np0000072641 object-server[214729]: Begin object audit "forever" mode (ALL)
Jun 13 08:32:29 np0000072641 object-server[214727]: Object audit (ZBF) "forever" mode completed: 0.00s. Total quarantined: 0, Total errors: 0, Total files/sec: 443.02, Total bytes/sec: 0.00, Auditing time: 0.00, Rate: 0.30
Jun 13 08:32:29 np0000072641 object-server[214729]: Object audit (ALL). Since Sat Jun 13 08:32:29 2026: Locally: 1 passed, 0 quarantined, 0 errors, files/sec: 117.78, bytes/sec: 1884.55, Total time: 0.01, Auditing time: 0.00, Rate: 0.00
Jun 13 08:32:29 np0000072641 object-server[214729]: Object audit (ALL) "forever" mode completed: 0.01s. Total quarantined: 0, Total errors: 0, Total files/sec: 160.97, Total bytes/sec: 3863.20, Auditing time: 0.01, Rate: 0.70
Jun 13 08:32:35 np0000072641 container-server[124059]: Beginning replication run
Jun 13 08:32:35 np0000072641 container-server[124059]: Replication run OVER
Jun 13 08:32:35 np0000072641 container-server[124059]: Attempted to replicate 1 dbs in 0.04395 seconds (22.75452/s)
Jun 13 08:32:35 np0000072641 container-server[124059]: Removed 0 dbs
Jun 13 08:32:35 np0000072641 container-server[124059]: 2 successes, 0 failures
Jun 13 08:32:35 np0000072641 container-server[124059]: diff:0 diff_capped:0 empty:0 hashmatch:0 no_change:2 remote_merge:0 rsync:0 ts_repl:0
Jun 13 08:32:37 np0000072641 account-server[124243]: 172.20.0.103 - - [13/Jun/2026:08:32:37 +0000] "HEAD /d1/335/.expiring_objects" 404 - "HEAD http://localhost/v1/.expiring_objects?format=json" "txde102f8ba641431b864a5-006a2d15a5" "proxy-server 2" 0.0005 "-" 22 -
Jun 13 08:32:37 np0000072641 object-expirer[124471]: Pass completed in 0s; 0 objects expired (txn: txde102f8ba641431b864a5-006a2d15a5)
Jun 13 08:32:42 np0000072641 account-server[123927]: Beginning replication run
Jun 13 08:32:42 np0000072641 account-server[123927]: Replication run OVER
Jun 13 08:32:42 np0000072641 account-server[123927]: Attempted to replicate 1 dbs in 0.01233 seconds (81.09571/s)
Jun 13 08:32:42 np0000072641 account-server[123927]: Removed 0 dbs
Jun 13 08:32:42 np0000072641 account-server[123927]: 2 successes, 0 failures
Jun 13 08:32:42 np0000072641 account-server[123927]: diff:0 diff_capped:0 empty:0 hashmatch:0 no_change:2 remote_merge:0 rsync:0 ts_repl:0
Jun 13 08:32:58 np0000072641 object-server[124564]: Starting object replication pass.
Jun 13 08:32:58 np0000072641 object-server[124564]: 2/2 (100.00%) partitions replicated in 0.02s (93.18/sec, 0s remaining)
Jun 13 08:32:58 np0000072641 object-server[124564]: 4 successes, 0 failures
Jun 13 08:32:58 np0000072641 object-server[124564]: 2 suffixes checked - 0.00% hashed, 0.00% synced
Jun 13 08:32:58 np0000072641 object-server[124564]: Partition times: max 0.0114s, min 0.0077s, med 0.0114s
Jun 13 08:32:58 np0000072641 object-server[124564]: Object replication complete. (0.00 minutes)
Jun 13 08:32:59 np0000072641 object-server[214734]: Begin object audit "forever" mode (ZBF)
Jun 13 08:32:59 np0000072641 object-server[214734]: Object audit (ZBF). Since Sat Jun 13 08:32:59 2026: Locally: 1 passed, 0 quarantined, 0 errors, files/sec: 1133.90, bytes/sec: 0.00, Total time: 0.00, Auditing time: 0.00, Rate: 0.00
Jun 13 08:32:59 np0000072641 object-server[214734]: Object audit (ZBF) "forever" mode completed: 0.00s. Total quarantined: 0, Total errors: 0, Total files/sec: 791.30, Total bytes/sec: 0.00, Auditing time: 0.00, Rate: 0.23
Jun 13 08:33:00 np0000072641 account-server[124236]: 172.20.0.103 - - [13/Jun/2026:08:33:00 +0000] "HEAD /d1/953/AUTH_88ae32f2c8204458beb5922823236026" 204 - "HEAD http://172.18.0.157:8080/v1/AUTH_88ae32f2c8204458beb5922823236026?format=json" "txe725ed2b88914258939d2-006a2d15bc" "proxy-server 20" 0.0026 "-" 21 -
Jun 13 08:33:00 np0000072641 proxy-server[126064]: - - 13/Jun/2026/08/33/00 HEAD /v1/AUTH_88ae32f2c8204458beb5922823236026%3Fformat%3Djson HTTP/1.0 204 - Swift - - - - txe725ed2b88914258939d2-006a2d15bc - 0.0085 RL - 1781339580.743080139 1781339580.751547575 -
Jun 13 08:33:00 np0000072641 container-server[124601]: 172.20.0.103 - - [13/Jun/2026:08:33:00 +0000] "HEAD /d1/722/AUTH_88ae32f2c8204458beb5922823236026/gnocchi.20021faf-dd1f-4087-afe3-d543f7a348d5" 404 - "HEAD http://172.18.0.157:8080/v1/AUTH_88ae32f2c8204458beb5922823236026/gnocchi.20021faf-dd1f-4087-afe3-d543f7a348d5?format=json&states=listing" "txe725ed2b88914258939d2-006a2d15bc" "proxy-server 20" 0.0009 "-" 21 0
Jun 13 08:33:00 np0000072641 object-server[124928]: 172.20.0.103 - - [13/Jun/2026:08:33:00 +0000] "GET /d1/235/AUTH_88ae32f2c8204458beb5922823236026/gnocchi.20021faf-dd1f-4087-afe3-d543f7a348d5/none_v3" 404 70 "GET http://172.18.0.157:8080/v1/AUTH_88ae32f2c8204458beb5922823236026/gnocchi.20021faf-dd1f-4087-afe3-d543f7a348d5/none_v3" "txe725ed2b88914258939d2-006a2d15bc" "proxy-server 20" 0.0010 "-" 23 0
Jun 13 08:33:00 np0000072641 proxy-server[126064]: 172.18.0.157 172.18.0.104 13/Jun/2026/08/33/00 GET /v1/AUTH_88ae32f2c8204458beb5922823236026/gnocchi.20021faf-dd1f-4087-afe3-d543f7a348d5/none_v3 HTTP/1.0 404 - python-swiftclient-3.11.1 gAAAAABqLRV-REV4... - 70 - txe725ed2b88914258939d2-006a2d15bc - 0.0467 - - 1781339580.741743326 1781339580.788431168 0
Jun 13 08:33:00 np0000072641 account-server[124243]: 172.20.0.105 - - [13/Jun/2026:08:33:00 +0000] "PUT /d1/953/AUTH_88ae32f2c8204458beb5922823236026/gnocchi.20021faf-dd1f-4087-afe3-d543f7a348d5" 201 - "PUT http://172.20.0.105:6001/d1/722/AUTH_88ae32f2c8204458beb5922823236026/gnocchi.20021faf-dd1f-4087-afe3-d543f7a348d5" "tx32f326a194e44164bd84d-006a2d15bc" "container-server 16" 0.0023 "-" 22 0
Jun 13 08:33:00 np0000072641 container-server[124597]: 172.20.0.104 - - [13/Jun/2026:08:33:00 +0000] "PUT /d1/722/AUTH_88ae32f2c8204458beb5922823236026/gnocchi.20021faf-dd1f-4087-afe3-d543f7a348d5" 201 - "PUT http://172.18.0.157:8080/v1/AUTH_88ae32f2c8204458beb5922823236026/gnocchi.20021faf-dd1f-4087-afe3-d543f7a348d5" "tx32f326a194e44164bd84d-006a2d15bc" "proxy-server 20" 0.0156 "-" 20 0
Jun 13 08:33:00 np0000072641 container-server[124601]: 172.20.0.105 - - [13/Jun/2026:08:33:00 +0000] "HEAD /d1/722/AUTH_88ae32f2c8204458beb5922823236026/gnocchi.20021faf-dd1f-4087-afe3-d543f7a348d5" 204 - "HEAD http://172.18.0.157:8080/v1/AUTH_88ae32f2c8204458beb5922823236026/gnocchi.20021faf-dd1f-4087-afe3-d543f7a348d5?format=json&states=listing" "txc56442d68fef4625b740b-006a2d15bc" "proxy-server 20" 0.0026 "-" 21 0
Jun 13 08:33:00 np0000072641 container-server[124601]: 172.20.0.105 - - [13/Jun/2026:08:33:00 +0000] "GET /d1/722/AUTH_88ae32f2c8204458beb5922823236026/gnocchi.20021faf-dd1f-4087-afe3-d543f7a348d5" 200 2 "GET http://172.18.0.157:8080/v1/AUTH_88ae32f2c8204458beb5922823236026/gnocchi.20021faf-dd1f-4087-afe3-d543f7a348d5?format=json&states=listing" "txc56442d68fef4625b740b-006a2d15bc" "proxy-server 20" 0.0034 "-" 21 0
Jun 13 08:33:00 np0000072641 object-server[124928]: 172.20.0.103 - - [13/Jun/2026:08:33:00 +0000] "GET /d1/684/AUTH_88ae32f2c8204458beb5922823236026/gnocchi.20021faf-dd1f-4087-afe3-d543f7a348d5/1780920000.0_mean_300.0_v3" 404 70 "GET http://172.18.0.157:8080/v1/AUTH_88ae32f2c8204458beb5922823236026/gnocchi.20021faf-dd1f-4087-afe3-d543f7a348d5/1780920000.0_mean_300.0_v3" "tx94063978b26744fba6bbf-006a2d15bc" "proxy-server 20" 0.0004 "-" 23 0
Jun 13 08:33:00 np0000072641 proxy-server[126064]: 172.18.0.157 172.18.0.104 13/Jun/2026/08/33/00 GET /v1/AUTH_88ae32f2c8204458beb5922823236026/gnocchi.20021faf-dd1f-4087-afe3-d543f7a348d5/1780920000.0_mean_300.0_v3 HTTP/1.0 404 - python-swiftclient-3.11.1 gAAAAABqLRV-REV4... - 70 - tx94063978b26744fba6bbf-006a2d15bc - 0.0145 - - 1781339580.857270718 1781339580.871781349 0
Jun 13 08:33:00 np0000072641 container-server[124617]: 172.20.0.103 - - [13/Jun/2026:08:33:00 +0000] "PUT /d1/722/AUTH_88ae32f2c8204458beb5922823236026/gnocchi.20021faf-dd1f-4087-afe3-d543f7a348d5/1780920000.0_mean_300.0_v3" 201 - "PUT http://172.18.0.157:8080/d1/684/AUTH_88ae32f2c8204458beb5922823236026/gnocchi.20021faf-dd1f-4087-afe3-d543f7a348d5/1780920000.0_mean_300.0_v3" "txaf817e6ec4de4bb1a7ad5-006a2d15bc" "object-server 22" 0.0011 "-" 22 0
Jun 13 08:33:00 np0000072641 object-server[124923]: 172.20.0.104 - - [13/Jun/2026:08:33:00 +0000] "PUT /d1/684/AUTH_88ae32f2c8204458beb5922823236026/gnocchi.20021faf-dd1f-4087-afe3-d543f7a348d5/1780920000.0_mean_300.0_v3" 201 - "PUT http://172.18.0.157:8080/v1/AUTH_88ae32f2c8204458beb5922823236026/gnocchi.20021faf-dd1f-4087-afe3-d543f7a348d5/1780920000.0_mean_300.0_v3" "txaf817e6ec4de4bb1a7ad5-006a2d15bc" "proxy-server 20" 0.0225 "-" 22 0
Jun 13 08:33:00 np0000072641 container-server[124621]: 172.20.0.103 - - [13/Jun/2026:08:33:00 +0000] "PUT /d1/722/AUTH_88ae32f2c8204458beb5922823236026/gnocchi.20021faf-dd1f-4087-afe3-d543f7a348d5/none_v3" 201 - "PUT http://172.18.0.157:8080/d1/235/AUTH_88ae32f2c8204458beb5922823236026/gnocchi.20021faf-dd1f-4087-afe3-d543f7a348d5/none_v3" "tx978cfb60f8d849c3a8a5d-006a2d15bc" "object-server 24" 0.0005 "-" 23 0
Jun 13 08:33:00 np0000072641 object-server[124938]: 172.20.0.105 - - [13/Jun/2026:08:33:00 +0000] "PUT /d1/235/AUTH_88ae32f2c8204458beb5922823236026/gnocchi.20021faf-dd1f-4087-afe3-d543f7a348d5/none_v3" 201 - "PUT http://172.18.0.157:8080/v1/AUTH_88ae32f2c8204458beb5922823236026/gnocchi.20021faf-dd1f-4087-afe3-d543f7a348d5/none_v3" "tx978cfb60f8d849c3a8a5d-006a2d15bc" "proxy-server 20" 0.0113 "-" 24 0
Jun 13 08:33:01 np0000072641 container-server[124601]: 172.20.0.103 - - [13/Jun/2026:08:33:01 +0000] "HEAD /d1/933/AUTH_88ae32f2c8204458beb5922823236026/gnocchi.2adf911e-81c4-4a63-8433-7872c4562a3a" 404 - "HEAD http://172.18.0.157:8080/v1/AUTH_88ae32f2c8204458beb5922823236026/gnocchi.2adf911e-81c4-4a63-8433-7872c4562a3a?format=json&states=listing" "tx10bff4f27d3c4ae39f155-006a2d15bd" "proxy-server 20" 0.0005 "-" 21 0
Jun 13 08:33:01 np0000072641 object-server[124923]: 172.20.0.103 - - [13/Jun/2026:08:33:01 +0000] "GET /d1/146/AUTH_88ae32f2c8204458beb5922823236026/gnocchi.2adf911e-81c4-4a63-8433-7872c4562a3a/none_v3" 404 70 "GET http://172.18.0.157:8080/v1/AUTH_88ae32f2c8204458beb5922823236026/gnocchi.2adf911e-81c4-4a63-8433-7872c4562a3a/none_v3" "tx10bff4f27d3c4ae39f155-006a2d15bd" "proxy-server 20" 0.0006 "-" 22 0
Jun 13 08:33:01 np0000072641 proxy-server[126064]: 172.18.0.105 172.18.0.104 13/Jun/2026/08/33/01 GET /v1/AUTH_88ae32f2c8204458beb5922823236026/gnocchi.2adf911e-81c4-4a63-8433-7872c4562a3a/none_v3 HTTP/1.0 404 - python-swiftclient-3.11.1 gAAAAABqLRW9KbrP... - 70 - tx10bff4f27d3c4ae39f155-006a2d15bd - 0.0811 - - 1781339581.228777409 1781339581.309878349 0
Jun 13 08:33:01 np0000072641 account-server[124243]: 172.20.0.103 - - [13/Jun/2026:08:33:01 +0000] "PUT /d1/953/AUTH_88ae32f2c8204458beb5922823236026/gnocchi.2adf911e-81c4-4a63-8433-7872c4562a3a" 201 - "PUT http://172.20.0.103:6001/d1/933/AUTH_88ae32f2c8204458beb5922823236026/gnocchi.2adf911e-81c4-4a63-8433-7872c4562a3a" "tx24efaaa5db874a7881ec3-006a2d15bd" "container-server 20" 0.0069 "-" 22 0
Jun 13 08:33:01 np0000072641 container-server[124597]: 172.20.0.104 - - [13/Jun/2026:08:33:01 +0000] "PUT /d1/933/AUTH_88ae32f2c8204458beb5922823236026/gnocchi.2adf911e-81c4-4a63-8433-7872c4562a3a" 201 - "PUT http://172.18.0.157:8080/v1/AUTH_88ae32f2c8204458beb5922823236026/gnocchi.2adf911e-81c4-4a63-8433-7872c4562a3a" "tx24efaaa5db874a7881ec3-006a2d15bd" "proxy-server 20" 0.0217 "-" 20 0
Jun 13 08:33:01 np0000072641 object-server[124923]: 172.20.0.103 - - [13/Jun/2026:08:33:01 +0000] "GET /d1/566/AUTH_88ae32f2c8204458beb5922823236026/gnocchi.2adf911e-81c4-4a63-8433-7872c4562a3a/1780920000.0_mean_300.0_v3" 404 70 "GET http://172.18.0.157:8080/v1/AUTH_88ae32f2c8204458beb5922823236026/gnocchi.2adf911e-81c4-4a63-8433-7872c4562a3a/1780920000.0_mean_300.0_v3" "tx6fae66f9f1c34f68bab83-006a2d15bd" "proxy-server 20" 0.0005 "-" 22 0
Jun 13 08:33:01 np0000072641 proxy-server[126064]: 172.18.0.105 172.18.0.104 13/Jun/2026/08/33/01 GET /v1/AUTH_88ae32f2c8204458beb5922823236026/gnocchi.2adf911e-81c4-4a63-8433-7872c4562a3a/1780920000.0_mean_300.0_v3 HTTP/1.0 404 - python-swiftclient-3.11.1 gAAAAABqLRW9KbrP... - 70 - tx6fae66f9f1c34f68bab83-006a2d15bd - 0.0167 - - 1781339581.387360096 1781339581.404026270 0
Jun 13 08:33:01 np0000072641 container-server[124621]: 172.20.0.103 - - [13/Jun/2026:08:33:01 +0000] "PUT /d1/933/AUTH_88ae32f2c8204458beb5922823236026/gnocchi.2adf911e-81c4-4a63-8433-7872c4562a3a/1780920000.0_mean_300.0_v3" 201 - "PUT http://172.18.0.157:8080/d1/566/AUTH_88ae32f2c8204458beb5922823236026/gnocchi.2adf911e-81c4-4a63-8433-7872c4562a3a/1780920000.0_mean_300.0_v3" "tx382d37b168b54a39b78ca-006a2d15bd" "object-server 22" 0.0012 "-" 23 0
Jun 13 08:33:01 np0000072641 object-server[124923]: 172.20.0.104 - - [13/Jun/2026:08:33:01 +0000] "PUT /d1/566/AUTH_88ae32f2c8204458beb5922823236026/gnocchi.2adf911e-81c4-4a63-8433-7872c4562a3a/1780920000.0_mean_300.0_v3" 201 - "PUT http://172.18.0.157:8080/v1/AUTH_88ae32f2c8204458beb5922823236026/gnocchi.2adf911e-81c4-4a63-8433-7872c4562a3a/1780920000.0_mean_300.0_v3" "tx382d37b168b54a39b78ca-006a2d15bd" "proxy-server 20" 0.0167 "-" 22 0
Jun 13 08:33:01 np0000072641 container-server[124597]: 172.20.0.104 - - [13/Jun/2026:08:33:01 +0000] "PUT /d1/933/AUTH_88ae32f2c8204458beb5922823236026/gnocchi.2adf911e-81c4-4a63-8433-7872c4562a3a/none_v3" 201 - "PUT http://172.18.0.157:8080/d1/146/AUTH_88ae32f2c8204458beb5922823236026/gnocchi.2adf911e-81c4-4a63-8433-7872c4562a3a/none_v3" "tx24a0015e42114e5787a0b-006a2d15bd" "object-server 22" 0.0006 "-" 20 0
Jun 13 08:33:01 np0000072641 object-server[124940]: 172.20.0.105 - - [13/Jun/2026:08:33:01 +0000] "PUT /d1/146/AUTH_88ae32f2c8204458beb5922823236026/gnocchi.2adf911e-81c4-4a63-8433-7872c4562a3a/none_v3" 201 - "PUT http://172.18.0.157:8080/v1/AUTH_88ae32f2c8204458beb5922823236026/gnocchi.2adf911e-81c4-4a63-8433-7872c4562a3a/none_v3" "tx24a0015e42114e5787a0b-006a2d15bd" "proxy-server 20" 0.0338 "-" 25 0
Jun 13 08:33:05 np0000072641 container-server[124059]: Beginning replication run
Jun 13 08:33:05 np0000072641 container-server[124059]: Replication run OVER
Jun 13 08:33:05 np0000072641 container-server[124059]: Attempted to replicate 3 dbs in 0.15646 seconds (19.17465/s)
Jun 13 08:33:05 np0000072641 container-server[124059]: Removed 0 dbs
Jun 13 08:33:05 np0000072641 container-server[124059]: 6 successes, 0 failures
Jun 13 08:33:05 np0000072641 container-server[124059]: diff:0 diff_capped:0 empty:0 hashmatch:0 no_change:6 remote_merge:0 rsync:0 ts_repl:0
Jun 13 08:33:09 np0000072641 container-server[124597]: 172.20.0.104 - - [13/Jun/2026:08:33:09 +0000] "HEAD /d1/546/AUTH_88ae32f2c8204458beb5922823236026/gnocchi.e1c795b2-0eb3-4c3f-90e0-885cd6449c6a" 404 - "HEAD http://172.18.0.157:8080/v1/AUTH_88ae32f2c8204458beb5922823236026/gnocchi.e1c795b2-0eb3-4c3f-90e0-885cd6449c6a?format=json&states=listing" "tx61ceef9bc3a54cbebcd04-006a2d15c5" "proxy-server 20" 0.0008 "-" 20 0
Jun 13 08:33:09 np0000072641 container-server[124601]: 172.20.0.103 - - [13/Jun/2026:08:33:09 +0000] "HEAD /d1/256/AUTH_88ae32f2c8204458beb5922823236026/gnocchi.fd52dd80-d730-48ec-bdb1-310c92916bce" 404 - "HEAD http://172.18.0.157:8080/v1/AUTH_88ae32f2c8204458beb5922823236026/gnocchi.fd52dd80-d730-48ec-bdb1-310c92916bce?format=json&states=listing" "txcf5e7fde09904408aead1-006a2d15c5" "proxy-server 20" 0.0005 "-" 21 0
Jun 13 08:33:09 np0000072641 object-server[124923]: 172.20.0.103 - - [13/Jun/2026:08:33:09 +0000] "GET /d1/284/AUTH_88ae32f2c8204458beb5922823236026/gnocchi.fd52dd80-d730-48ec-bdb1-310c92916bce/none_v3" 404 70 "GET http://172.18.0.157:8080/v1/AUTH_88ae32f2c8204458beb5922823236026/gnocchi.fd52dd80-d730-48ec-bdb1-310c92916bce/none_v3" "txcf5e7fde09904408aead1-006a2d15c5" "proxy-server 20" 0.0005 "-" 22 0
Jun 13 08:33:09 np0000072641 object-server[124928]: 172.20.0.104 - - [13/Jun/2026:08:33:09 +0000] "GET /d1/119/AUTH_88ae32f2c8204458beb5922823236026/gnocchi.e1c795b2-0eb3-4c3f-90e0-885cd6449c6a/none_v3" 404 70 "GET http://172.18.0.157:8080/v1/AUTH_88ae32f2c8204458beb5922823236026/gnocchi.e1c795b2-0eb3-4c3f-90e0-885cd6449c6a/none_v3" "tx61ceef9bc3a54cbebcd04-006a2d15c5" "proxy-server 20" 0.0003 "-" 23 0
Jun 13 08:33:09 np0000072641 proxy-server[126064]: 172.18.0.105 172.18.0.104 13/Jun/2026/08/33/09 GET /v1/AUTH_88ae32f2c8204458beb5922823236026/gnocchi.fd52dd80-d730-48ec-bdb1-310c92916bce/none_v3 HTTP/1.0 404 - python-swiftclient-3.11.1 gAAAAABqLRW9KbrP... - 70 - txcf5e7fde09904408aead1-006a2d15c5 - 0.0356 - - 1781339589.629086018 1781339589.664701939 0
Jun 13 08:33:09 np0000072641 account-server[124243]: 172.20.0.104 - - [13/Jun/2026:08:33:09 +0000] "PUT /d1/953/AUTH_88ae32f2c8204458beb5922823236026/gnocchi.e1c795b2-0eb3-4c3f-90e0-885cd6449c6a" 201 - "PUT http://172.20.0.104:6001/d1/546/AUTH_88ae32f2c8204458beb5922823236026/gnocchi.e1c795b2-0eb3-4c3f-90e0-885cd6449c6a" "txe4caa6026b9a44d08d127-006a2d15c5" "container-server 17" 0.0013 "-" 22 0
Jun 13 08:33:09 np0000072641 account-server[124232]: 172.20.0.104 - - [13/Jun/2026:08:33:09 +0000] "PUT /d1/953/AUTH_88ae32f2c8204458beb5922823236026/gnocchi.fd52dd80-d730-48ec-bdb1-310c92916bce" 201 - "PUT http://172.20.0.104:6001/d1/256/AUTH_88ae32f2c8204458beb5922823236026/gnocchi.fd52dd80-d730-48ec-bdb1-310c92916bce" "tx4e2466c14022458a833d7-006a2d15c5" "container-server 19" 0.0063 "-" 20 0
Jun 13 08:33:09 np0000072641 container-server[124621]: 172.20.0.105 - - [13/Jun/2026:08:33:09 +0000] "PUT /d1/256/AUTH_88ae32f2c8204458beb5922823236026/gnocchi.fd52dd80-d730-48ec-bdb1-310c92916bce" 201 - "PUT http://172.18.0.157:8080/v1/AUTH_88ae32f2c8204458beb5922823236026/gnocchi.fd52dd80-d730-48ec-bdb1-310c92916bce" "tx4e2466c14022458a833d7-006a2d15c5" "proxy-server 20" 0.0257 "-" 23 0
Jun 13 08:33:09 np0000072641 container-server[124617]: 172.20.0.103 - - [13/Jun/2026:08:33:09 +0000] "PUT /d1/546/AUTH_88ae32f2c8204458beb5922823236026/gnocchi.e1c795b2-0eb3-4c3f-90e0-885cd6449c6a" 201 - "PUT http://172.18.0.157:8080/v1/AUTH_88ae32f2c8204458beb5922823236026/gnocchi.e1c795b2-0eb3-4c3f-90e0-885cd6449c6a" "txe4caa6026b9a44d08d127-006a2d15c5" "proxy-server 20" 0.0274 "-" 22 0
Jun 13 08:33:09 np0000072641 proxy-server[126064]: 172.18.0.157 172.18.0.104 13/Jun/2026/08/33/09 PUT /v1/AUTH_88ae32f2c8204458beb5922823236026/gnocchi.e1c795b2-0eb3-4c3f-90e0-885cd6449c6a HTTP/1.0 201 - python-swiftclient-3.11.1 gAAAAABqLRV-REV4... - - - txe4caa6026b9a44d08d127-006a2d15c5 - 0.0346 - - 1781339589.672355652 1781339589.706918240 0
Jun 13 08:33:09 np0000072641 proxy-server[126064]: - - 13/Jun/2026/08/33/09 HEAD /v1/AUTH_88ae32f2c8204458beb5922823236026/gnocchi.fd52dd80-d730-48ec-bdb1-310c92916bce%3Fformat%3Djson%26states%3Dlisting HTTP/1.0 204 - Swift - - - - tx5ee1f4a2110b4862a65da-006a2d15c5 - 0.0046 RL - 1781339589.715611935 1781339589.720226288 0
Jun 13 08:33:09 np0000072641 proxy-server[126064]: 172.18.0.105 172.18.0.104 13/Jun/2026/08/33/09 GET /v1/AUTH_88ae32f2c8204458beb5922823236026/gnocchi.fd52dd80-d730-48ec-bdb1-310c92916bce%3Fformat%3Djson%26states%3Dlisting HTTP/1.0 200 - python-swiftclient-3.11.1 gAAAAABqLRW9KbrP... - 2 - tx5ee1f4a2110b4862a65da-006a2d15c5 - 0.0136 - - 1781339589.714132786 1781339589.727754831 0
Jun 13 08:33:09 np0000072641 container-server[124617]: 172.20.0.104 - - [13/Jun/2026:08:33:09 +0000] "GET /d1/546/AUTH_88ae32f2c8204458beb5922823236026/gnocchi.e1c795b2-0eb3-4c3f-90e0-885cd6449c6a" 200 2 "GET http://172.18.0.157:8080/v1/AUTH_88ae32f2c8204458beb5922823236026/gnocchi.e1c795b2-0eb3-4c3f-90e0-885cd6449c6a?format=json&states=listing" "tx2e502df199e049628b750-006a2d15c5" "proxy-server 20" 0.0024 "-" 22 0
Jun 13 08:33:09 np0000072641 object-server[124923]: 172.20.0.105 - - [13/Jun/2026:08:33:09 +0000] "GET /d1/376/AUTH_88ae32f2c8204458beb5922823236026/gnocchi.fd52dd80-d730-48ec-bdb1-310c92916bce/1780920000.0_mean_300.0_v3" 404 70 "GET http://172.18.0.157:8080/v1/AUTH_88ae32f2c8204458beb5922823236026/gnocchi.fd52dd80-d730-48ec-bdb1-310c92916bce/1780920000.0_mean_300.0_v3" "tx16b956766c30441683b5c-006a2d15c5" "proxy-server 20" 0.0007 "-" 22 0
Jun 13 08:33:09 np0000072641 object-server[124940]: 172.20.0.103 - - [13/Jun/2026:08:33:09 +0000] "GET /d1/356/AUTH_88ae32f2c8204458beb5922823236026/gnocchi.e1c795b2-0eb3-4c3f-90e0-885cd6449c6a/1780920000.0_mean_300.0_v3" 404 70 "GET http://172.18.0.157:8080/v1/AUTH_88ae32f2c8204458beb5922823236026/gnocchi.e1c795b2-0eb3-4c3f-90e0-885cd6449c6a/1780920000.0_mean_300.0_v3" "tx1acb410e6f8b49498b158-006a2d15c5" "proxy-server 20" 0.0004 "-" 25 0
Jun 13 08:33:09 np0000072641 proxy-server[126064]: 172.18.0.157 172.18.0.104 13/Jun/2026/08/33/09 GET /v1/AUTH_88ae32f2c8204458beb5922823236026/gnocchi.e1c795b2-0eb3-4c3f-90e0-885cd6449c6a/1780920000.0_mean_300.0_v3 HTTP/1.0 404 - python-swiftclient-3.11.1 gAAAAABqLRV-REV4... - 70 - tx1acb410e6f8b49498b158-006a2d15c5 - 0.0131 - - 1781339589.739301920 1781339589.752408981 0
Jun 13 08:33:09 np0000072641 container-server[124601]: 172.20.0.104 - - [13/Jun/2026:08:33:09 +0000] "PUT /d1/546/AUTH_88ae32f2c8204458beb5922823236026/gnocchi.e1c795b2-0eb3-4c3f-90e0-885cd6449c6a/1780920000.0_mean_300.0_v3" 201 - "PUT http://172.18.0.157:8080/d1/356/AUTH_88ae32f2c8204458beb5922823236026/gnocchi.e1c795b2-0eb3-4c3f-90e0-885cd6449c6a/1780920000.0_mean_300.0_v3" "txea6b5b713fa34f3a87ed0-006a2d15c5" "object-server 22" 0.0010 "-" 21 0
Jun 13 08:33:09 np0000072641 container-server[124601]: 172.20.0.105 - - [13/Jun/2026:08:33:09 +0000] "PUT /d1/256/AUTH_88ae32f2c8204458beb5922823236026/gnocchi.fd52dd80-d730-48ec-bdb1-310c92916bce/1780920000.0_mean_300.0_v3" 201 - "PUT http://172.18.0.157:8080/d1/376/AUTH_88ae32f2c8204458beb5922823236026/gnocchi.fd52dd80-d730-48ec-bdb1-310c92916bce/1780920000.0_mean_300.0_v3" "tx8e212e78610d48dc886c7-006a2d15c5" "object-server 20" 0.0009 "-" 21 0
Jun 13 08:33:09 np0000072641 object-server[124923]: 172.20.0.105 - - [13/Jun/2026:08:33:09 +0000] "PUT /d1/356/AUTH_88ae32f2c8204458beb5922823236026/gnocchi.e1c795b2-0eb3-4c3f-90e0-885cd6449c6a/1780920000.0_mean_300.0_v3" 201 - "PUT http://172.18.0.157:8080/v1/AUTH_88ae32f2c8204458beb5922823236026/gnocchi.e1c795b2-0eb3-4c3f-90e0-885cd6449c6a/1780920000.0_mean_300.0_v3" "txea6b5b713fa34f3a87ed0-006a2d15c5" "proxy-server 20" 0.0151 "-" 22 0
Jun 13 08:33:09 np0000072641 object-server[124940]: 172.20.0.104 - - [13/Jun/2026:08:33:09 +0000] "PUT /d1/376/AUTH_88ae32f2c8204458beb5922823236026/gnocchi.fd52dd80-d730-48ec-bdb1-310c92916bce/1780920000.0_mean_300.0_v3" 201 - "PUT http://172.18.0.157:8080/v1/AUTH_88ae32f2c8204458beb5922823236026/gnocchi.fd52dd80-d730-48ec-bdb1-310c92916bce/1780920000.0_mean_300.0_v3" "tx8e212e78610d48dc886c7-006a2d15c5" "proxy-server 20" 0.0183 "-" 25 0
Jun 13 08:33:09 np0000072641 container-server[124597]: 172.20.0.103 - - [13/Jun/2026:08:33:09 +0000] "PUT /d1/256/AUTH_88ae32f2c8204458beb5922823236026/gnocchi.fd52dd80-d730-48ec-bdb1-310c92916bce/none_v3" 201 - "PUT http://172.18.0.157:8080/d1/284/AUTH_88ae32f2c8204458beb5922823236026/gnocchi.fd52dd80-d730-48ec-bdb1-310c92916bce/none_v3" "tx6bb29224dd3447f2bca7e-006a2d15c5" "object-server 25" 0.0005 "-" 20 0
Jun 13 08:33:09 np0000072641 object-server[124940]: 172.20.0.105 - - [13/Jun/2026:08:33:09 +0000] "PUT /d1/284/AUTH_88ae32f2c8204458beb5922823236026/gnocchi.fd52dd80-d730-48ec-bdb1-310c92916bce/none_v3" 201 - "PUT http://172.18.0.157:8080/v1/AUTH_88ae32f2c8204458beb5922823236026/gnocchi.fd52dd80-d730-48ec-bdb1-310c92916bce/none_v3" "tx6bb29224dd3447f2bca7e-006a2d15c5" "proxy-server 20" 0.0101 "-" 25 0
Jun 13 08:33:09 np0000072641 object-server[124923]: 172.20.0.103 - - [13/Jun/2026:08:33:09 +0000] "PUT /d1/119/AUTH_88ae32f2c8204458beb5922823236026/gnocchi.e1c795b2-0eb3-4c3f-90e0-885cd6449c6a/none_v3" 201 - "PUT http://172.18.0.157:8080/v1/AUTH_88ae32f2c8204458beb5922823236026/gnocchi.e1c795b2-0eb3-4c3f-90e0-885cd6449c6a/none_v3" "tx1d589cf7bb5c44adb8933-006a2d15c5" "proxy-server 20" 0.0206 "-" 22 0
Jun 13 08:33:09 np0000072641 container-server[124617]: 172.20.0.105 - - [13/Jun/2026:08:33:09 +0000] "PUT /d1/546/AUTH_88ae32f2c8204458beb5922823236026/gnocchi.e1c795b2-0eb3-4c3f-90e0-885cd6449c6a/none_v3" 201 - "PUT http://172.18.0.157:8080/d1/119/AUTH_88ae32f2c8204458beb5922823236026/gnocchi.e1c795b2-0eb3-4c3f-90e0-885cd6449c6a/none_v3" "tx1d589cf7bb5c44adb8933-006a2d15c5" "object-server 21" 0.0005 "-" 22 0
Jun 13 08:33:09 np0000072641 proxy-server[126064]: 172.18.0.157 172.18.0.104 13/Jun/2026/08/33/09 PUT /v1/AUTH_88ae32f2c8204458beb5922823236026/gnocchi.e1c795b2-0eb3-4c3f-90e0-885cd6449c6a/none_v3 HTTP/1.0 201 - python-swiftclient-3.11.1 gAAAAABqLRV-REV4... 22 - - tx1d589cf7bb5c44adb8933-006a2d15c5 - 0.0459 - - 1781339589.784293175 1781339589.830237389 0
Jun 13 08:33:09 np0000072641 container-server[124621]: 172.20.0.104 - - [13/Jun/2026:08:33:09 +0000] "HEAD /d1/1004/AUTH_88ae32f2c8204458beb5922823236026/gnocchi.48d182e6-1503-4f6b-9cb2-1cf84422a539" 404 - "HEAD http://172.18.0.157:8080/v1/AUTH_88ae32f2c8204458beb5922823236026/gnocchi.48d182e6-1503-4f6b-9cb2-1cf84422a539?format=json&states=listing" "txec5961c77d2d4d6d8d7f3-006a2d15c5" "proxy-server 20" 0.0011 "-" 23 0
Jun 13 08:33:09 np0000072641 object-server[124940]: 172.20.0.104 - - [13/Jun/2026:08:33:09 +0000] "GET /d1/907/AUTH_88ae32f2c8204458beb5922823236026/gnocchi.48d182e6-1503-4f6b-9cb2-1cf84422a539/none_v3" 404 70 "GET http://172.18.0.157:8080/v1/AUTH_88ae32f2c8204458beb5922823236026/gnocchi.48d182e6-1503-4f6b-9cb2-1cf84422a539/none_v3" "txec5961c77d2d4d6d8d7f3-006a2d15c5" "proxy-server 20" 0.0005 "-" 25 0
Jun 13 08:33:09 np0000072641 container-server[124621]: 172.20.0.103 - - [13/Jun/2026:08:33:09 +0000] "HEAD /d1/329/AUTH_88ae32f2c8204458beb5922823236026/gnocchi.46b3007c-d10a-4334-83ba-39bee951cd43" 404 - "HEAD http://172.18.0.157:8080/v1/AUTH_88ae32f2c8204458beb5922823236026/gnocchi.46b3007c-d10a-4334-83ba-39bee951cd43?format=json&states=listing" "tx3f0d44b0beed483ba3888-006a2d15c5" "proxy-server 20" 0.0005 "-" 23 0
Jun 13 08:33:09 np0000072641 object-server[124940]: 172.20.0.103 - - [13/Jun/2026:08:33:09 +0000] "GET /d1/693/AUTH_88ae32f2c8204458beb5922823236026/gnocchi.46b3007c-d10a-4334-83ba-39bee951cd43/none_v3" 404 70 "GET http://172.18.0.157:8080/v1/AUTH_88ae32f2c8204458beb5922823236026/gnocchi.46b3007c-d10a-4334-83ba-39bee951cd43/none_v3" "tx3f0d44b0beed483ba3888-006a2d15c5" "proxy-server 20" 0.0004 "-" 25 0
Jun 13 08:33:09 np0000072641 proxy-server[126064]: 172.18.0.105 172.18.0.104 13/Jun/2026/08/33/09 GET /v1/AUTH_88ae32f2c8204458beb5922823236026/gnocchi.46b3007c-d10a-4334-83ba-39bee951cd43/none_v3 HTTP/1.0 404 - python-swiftclient-3.11.1 gAAAAABqLRW9KbrP... - 70 - tx3f0d44b0beed483ba3888-006a2d15c5 - 0.0224 - - 1781339589.874894142 1781339589.897288561 0
Jun 13 08:33:09 np0000072641 account-server[124232]: 172.20.0.103 - - [13/Jun/2026:08:33:09 +0000] "PUT /d1/953/AUTH_88ae32f2c8204458beb5922823236026/gnocchi.48d182e6-1503-4f6b-9cb2-1cf84422a539" 201 - "PUT http://172.20.0.103:6001/d1/1004/AUTH_88ae32f2c8204458beb5922823236026/gnocchi.48d182e6-1503-4f6b-9cb2-1cf84422a539" "tx29a588b1ba2741ce9a016-006a2d15c5" "container-server 20" 0.0067 "-" 20 0
