Jun 13 08:33:09 np0000072641 container-server[124597]: 172.20.0.105 - - [13/Jun/2026:08:33:09 +0000] "PUT /d1/1004/AUTH_88ae32f2c8204458beb5922823236026/gnocchi.48d182e6-1503-4f6b-9cb2-1cf84422a539" 201 - "PUT http://172.18.0.157:8080/v1/AUTH_88ae32f2c8204458beb5922823236026/gnocchi.48d182e6-1503-4f6b-9cb2-1cf84422a539" "tx29a588b1ba2741ce9a016-006a2d15c5" "proxy-server 20" 0.0180 "-" 20 0
Jun 13 08:33:09 np0000072641 account-server[124243]: 172.20.0.104 - - [13/Jun/2026:08:33:09 +0000] "PUT /d1/953/AUTH_88ae32f2c8204458beb5922823236026/gnocchi.46b3007c-d10a-4334-83ba-39bee951cd43" 201 - "PUT http://172.20.0.104:6001/d1/329/AUTH_88ae32f2c8204458beb5922823236026/gnocchi.46b3007c-d10a-4334-83ba-39bee951cd43" "txb371d255e5454447b102f-006a2d15c5" "container-server 17" 0.0044 "-" 22 0
Jun 13 08:33:09 np0000072641 container-server[124601]: 172.20.0.103 - - [13/Jun/2026:08:33:09 +0000] "HEAD /d1/1004/AUTH_88ae32f2c8204458beb5922823236026/gnocchi.48d182e6-1503-4f6b-9cb2-1cf84422a539" 204 - "HEAD http://172.18.0.157:8080/v1/AUTH_88ae32f2c8204458beb5922823236026/gnocchi.48d182e6-1503-4f6b-9cb2-1cf84422a539?format=json&states=listing" "txc10d4d52771d4796a0e5e-006a2d15c5" "proxy-server 20" 0.0010 "-" 21 0
Jun 13 08:33:09 np0000072641 proxy-server[126064]: - - 13/Jun/2026/08/33/09 HEAD /v1/AUTH_88ae32f2c8204458beb5922823236026/gnocchi.48d182e6-1503-4f6b-9cb2-1cf84422a539%3Fformat%3Djson%26states%3Dlisting HTTP/1.0 204 - Swift - - - - txc10d4d52771d4796a0e5e-006a2d15c5 - 0.0044 RL - 1781339589.920003653 1781339589.924445868 0
Jun 13 08:33:09 np0000072641 container-server[124621]: 172.20.0.104 - - [13/Jun/2026:08:33:09 +0000] "PUT /d1/329/AUTH_88ae32f2c8204458beb5922823236026/gnocchi.46b3007c-d10a-4334-83ba-39bee951cd43" 201 - "PUT http://172.18.0.157:8080/v1/AUTH_88ae32f2c8204458beb5922823236026/gnocchi.46b3007c-d10a-4334-83ba-39bee951cd43" "txb371d255e5454447b102f-006a2d15c5" "proxy-server 20" 0.0173 "-" 23 0
Jun 13 08:33:09 np0000072641 container-server[124617]: 172.20.0.103 - - [13/Jun/2026:08:33:09 +0000] "GET /d1/1004/AUTH_88ae32f2c8204458beb5922823236026/gnocchi.48d182e6-1503-4f6b-9cb2-1cf84422a539" 200 2 "GET http://172.18.0.157:8080/v1/AUTH_88ae32f2c8204458beb5922823236026/gnocchi.48d182e6-1503-4f6b-9cb2-1cf84422a539?format=json&states=listing" "txc10d4d52771d4796a0e5e-006a2d15c5" "proxy-server 20" 0.0027 "-" 22 0
Jun 13 08:33:09 np0000072641 proxy-server[126064]: 172.18.0.157 172.18.0.104 13/Jun/2026/08/33/09 GET /v1/AUTH_88ae32f2c8204458beb5922823236026/gnocchi.48d182e6-1503-4f6b-9cb2-1cf84422a539%3Fformat%3Djson%26states%3Dlisting HTTP/1.0 200 - python-swiftclient-3.11.1 gAAAAABqLRV-REV4... - 2 - txc10d4d52771d4796a0e5e-006a2d15c5 - 0.0169 - - 1781339589.918081045 1781339589.934931278 0
Jun 13 08:33:09 np0000072641 container-server[124597]: 172.20.0.105 - - [13/Jun/2026:08:33:09 +0000] "GET /d1/329/AUTH_88ae32f2c8204458beb5922823236026/gnocchi.46b3007c-d10a-4334-83ba-39bee951cd43" 200 2 "GET http://172.18.0.157:8080/v1/AUTH_88ae32f2c8204458beb5922823236026/gnocchi.46b3007c-d10a-4334-83ba-39bee951cd43?format=json&states=listing" "txb37b98e903804734824b2-006a2d15c5" "proxy-server 20" 0.0038 "-" 20 0
Jun 13 08:33:09 np0000072641 object-server[124938]: 172.20.0.104 - - [13/Jun/2026:08:33:09 +0000] "GET /d1/864/AUTH_88ae32f2c8204458beb5922823236026/gnocchi.48d182e6-1503-4f6b-9cb2-1cf84422a539/1780920000.0_mean_300.0_v3" 404 70 "GET http://172.18.0.157:8080/v1/AUTH_88ae32f2c8204458beb5922823236026/gnocchi.48d182e6-1503-4f6b-9cb2-1cf84422a539/1780920000.0_mean_300.0_v3" "tx362a92b343ff43f6b5cde-006a2d15c5" "proxy-server 20" 0.0007 "-" 24 0
Jun 13 08:33:09 np0000072641 container-server[124597]: 172.20.0.104 - - [13/Jun/2026:08:33:09 +0000] "PUT /d1/1004/AUTH_88ae32f2c8204458beb5922823236026/gnocchi.48d182e6-1503-4f6b-9cb2-1cf84422a539/1780920000.0_mean_300.0_v3" 201 - "PUT http://172.18.0.157:8080/d1/864/AUTH_88ae32f2c8204458beb5922823236026/gnocchi.48d182e6-1503-4f6b-9cb2-1cf84422a539/1780920000.0_mean_300.0_v3" "tx1fd9dd5403824d39a69f7-006a2d15c5" "object-server 22" 0.0006 "-" 20 0
Jun 13 08:33:09 np0000072641 object-server[124940]: 172.20.0.103 - - [13/Jun/2026:08:33:09 +0000] "PUT /d1/864/AUTH_88ae32f2c8204458beb5922823236026/gnocchi.48d182e6-1503-4f6b-9cb2-1cf84422a539/1780920000.0_mean_300.0_v3" 201 - "PUT http://172.18.0.157:8080/v1/AUTH_88ae32f2c8204458beb5922823236026/gnocchi.48d182e6-1503-4f6b-9cb2-1cf84422a539/1780920000.0_mean_300.0_v3" "tx1fd9dd5403824d39a69f7-006a2d15c5" "proxy-server 20" 0.0121 "-" 25 0
Jun 13 08:33:09 np0000072641 proxy-server[126064]: 172.18.0.157 172.18.0.104 13/Jun/2026/08/33/09 PUT /v1/AUTH_88ae32f2c8204458beb5922823236026/gnocchi.48d182e6-1503-4f6b-9cb2-1cf84422a539/1780920000.0_mean_300.0_v3 HTTP/1.0 201 - python-swiftclient-3.11.1 gAAAAABqLRV-REV4... 16 - - tx1fd9dd5403824d39a69f7-006a2d15c5 - 0.0214 - - 1781339589.968262911 1781339589.989697933 0
Jun 13 08:33:09 np0000072641 object-server[124928]: 172.20.0.105 - - [13/Jun/2026:08:33:09 +0000] "GET /d1/638/AUTH_88ae32f2c8204458beb5922823236026/gnocchi.46b3007c-d10a-4334-83ba-39bee951cd43/1780920000.0_mean_300.0_v3" 404 70 "GET http://172.18.0.157:8080/v1/AUTH_88ae32f2c8204458beb5922823236026/gnocchi.46b3007c-d10a-4334-83ba-39bee951cd43/1780920000.0_mean_300.0_v3" "txc1ce4cfec9c94a9b84542-006a2d15c5" "proxy-server 20" 0.0004 "-" 23 0
Jun 13 08:33:10 np0000072641 container-server[124601]: 172.20.0.105 - - [13/Jun/2026:08:33:10 +0000] "PUT /d1/329/AUTH_88ae32f2c8204458beb5922823236026/gnocchi.46b3007c-d10a-4334-83ba-39bee951cd43/1780920000.0_mean_300.0_v3" 201 - "PUT http://172.18.0.157:8080/d1/638/AUTH_88ae32f2c8204458beb5922823236026/gnocchi.46b3007c-d10a-4334-83ba-39bee951cd43/1780920000.0_mean_300.0_v3" "tx6b61d0a7e4c44eebb46c2-006a2d15c6" "object-server 22" 0.0005 "-" 21 0
Jun 13 08:33:10 np0000072641 object-server[124923]: 172.20.0.105 - - [13/Jun/2026:08:33:10 +0000] "PUT /d1/638/AUTH_88ae32f2c8204458beb5922823236026/gnocchi.46b3007c-d10a-4334-83ba-39bee951cd43/1780920000.0_mean_300.0_v3" 201 - "PUT http://172.18.0.157:8080/v1/AUTH_88ae32f2c8204458beb5922823236026/gnocchi.46b3007c-d10a-4334-83ba-39bee951cd43/1780920000.0_mean_300.0_v3" "tx6b61d0a7e4c44eebb46c2-006a2d15c6" "proxy-server 20" 0.0133 "-" 22 0
Jun 13 08:33:10 np0000072641 container-server[124601]: 172.20.0.103 - - [13/Jun/2026:08:33:10 +0000] "PUT /d1/329/AUTH_88ae32f2c8204458beb5922823236026/gnocchi.46b3007c-d10a-4334-83ba-39bee951cd43/none_v3" 201 - "PUT http://172.18.0.157:8080/d1/693/AUTH_88ae32f2c8204458beb5922823236026/gnocchi.46b3007c-d10a-4334-83ba-39bee951cd43/none_v3" "txd84564a84b6c43448d282-006a2d15c6" "object-server 24" 0.0005 "-" 21 0
Jun 13 08:33:10 np0000072641 container-server[124617]: 172.20.0.105 - - [13/Jun/2026:08:33:10 +0000] "PUT /d1/1004/AUTH_88ae32f2c8204458beb5922823236026/gnocchi.48d182e6-1503-4f6b-9cb2-1cf84422a539/none_v3" 201 - "PUT http://172.18.0.157:8080/d1/907/AUTH_88ae32f2c8204458beb5922823236026/gnocchi.48d182e6-1503-4f6b-9cb2-1cf84422a539/none_v3" "tx60b962b54f43449992942-006a2d15c5" "object-server 16" 0.0013 "-" 22 0
Jun 13 08:33:10 np0000072641 object-server[124938]: 172.20.0.105 - - [13/Jun/2026:08:33:10 +0000] "PUT /d1/693/AUTH_88ae32f2c8204458beb5922823236026/gnocchi.46b3007c-d10a-4334-83ba-39bee951cd43/none_v3" 201 - "PUT http://172.18.0.157:8080/v1/AUTH_88ae32f2c8204458beb5922823236026/gnocchi.46b3007c-d10a-4334-83ba-39bee951cd43/none_v3" "txd84564a84b6c43448d282-006a2d15c6" "proxy-server 20" 0.0154 "-" 24 0
Jun 13 08:33:10 np0000072641 object-server[124938]: 172.20.0.104 - - [13/Jun/2026:08:33:10 +0000] "PUT /d1/907/AUTH_88ae32f2c8204458beb5922823236026/gnocchi.48d182e6-1503-4f6b-9cb2-1cf84422a539/none_v3" 201 - "PUT http://172.18.0.157:8080/v1/AUTH_88ae32f2c8204458beb5922823236026/gnocchi.48d182e6-1503-4f6b-9cb2-1cf84422a539/none_v3" "tx60b962b54f43449992942-006a2d15c5" "proxy-server 20" 0.0173 "-" 24 0
Jun 13 08:33:10 np0000072641 container-server[124621]: 172.20.0.103 - - [13/Jun/2026:08:33:10 +0000] "HEAD /d1/605/AUTH_88ae32f2c8204458beb5922823236026/gnocchi.c39fffcf-1749-401d-849b-d23b5a9f5fcd" 404 - "HEAD http://172.18.0.157:8080/v1/AUTH_88ae32f2c8204458beb5922823236026/gnocchi.c39fffcf-1749-401d-849b-d23b5a9f5fcd?format=json&states=listing" "tx2fb9009d16844756b276d-006a2d15c5" "proxy-server 20" 0.0005 "-" 23 0
Jun 13 08:33:10 np0000072641 object-server[124923]: 172.20.0.103 - - [13/Jun/2026:08:33:10 +0000] "GET /d1/866/AUTH_88ae32f2c8204458beb5922823236026/gnocchi.c39fffcf-1749-401d-849b-d23b5a9f5fcd/none_v3" 404 70 "GET http://172.18.0.157:8080/v1/AUTH_88ae32f2c8204458beb5922823236026/gnocchi.c39fffcf-1749-401d-849b-d23b5a9f5fcd/none_v3" "tx2fb9009d16844756b276d-006a2d15c5" "proxy-server 20" 0.0005 "-" 22 0
Jun 13 08:33:10 np0000072641 proxy-server[126064]: 172.18.0.103 172.18.0.104 13/Jun/2026/08/33/10 GET /v1/AUTH_88ae32f2c8204458beb5922823236026/gnocchi.c39fffcf-1749-401d-849b-d23b5a9f5fcd/none_v3 HTTP/1.0 404 - python-swiftclient-3.11.1 gAAAAABqLRXF7NW_... - 70 - tx2fb9009d16844756b276d-006a2d15c5 - 0.0929 - - 1781339589.994665384 1781339590.087557793 0
Jun 13 08:33:10 np0000072641 account-server[124236]: 172.20.0.103 - - [13/Jun/2026:08:33:10 +0000] "PUT /d1/953/AUTH_88ae32f2c8204458beb5922823236026/gnocchi.c39fffcf-1749-401d-849b-d23b5a9f5fcd" 201 - "PUT http://172.20.0.103:6001/d1/605/AUTH_88ae32f2c8204458beb5922823236026/gnocchi.c39fffcf-1749-401d-849b-d23b5a9f5fcd" "txf7423ca362b34e5d837ef-006a2d15c6" "container-server 21" 0.0068 "-" 21 0
Jun 13 08:33:10 np0000072641 container-server[124601]: 172.20.0.105 - - [13/Jun/2026:08:33:10 +0000] "PUT /d1/605/AUTH_88ae32f2c8204458beb5922823236026/gnocchi.c39fffcf-1749-401d-849b-d23b5a9f5fcd" 201 - "PUT http://172.18.0.157:8080/v1/AUTH_88ae32f2c8204458beb5922823236026/gnocchi.c39fffcf-1749-401d-849b-d23b5a9f5fcd" "txf7423ca362b34e5d837ef-006a2d15c6" "proxy-server 20" 0.0173 "-" 21 0
Jun 13 08:33:10 np0000072641 object-server[124928]: 172.20.0.103 - - [13/Jun/2026:08:33:10 +0000] "GET /d1/605/AUTH_88ae32f2c8204458beb5922823236026/gnocchi.c39fffcf-1749-401d-849b-d23b5a9f5fcd/1780920000.0_mean_300.0_v3" 404 70 "GET http://172.18.0.157:8080/v1/AUTH_88ae32f2c8204458beb5922823236026/gnocchi.c39fffcf-1749-401d-849b-d23b5a9f5fcd/1780920000.0_mean_300.0_v3" "tx08470b96556d49838019e-006a2d15c6" "proxy-server 20" 0.0005 "-" 23 0
Jun 13 08:33:10 np0000072641 proxy-server[126064]: 172.18.0.103 172.18.0.104 13/Jun/2026/08/33/10 GET /v1/AUTH_88ae32f2c8204458beb5922823236026/gnocchi.c39fffcf-1749-401d-849b-d23b5a9f5fcd/1780920000.0_mean_300.0_v3 HTTP/1.0 404 - python-swiftclient-3.11.1 gAAAAABqLRXF7NW_... - 70 - tx08470b96556d49838019e-006a2d15c6 - 0.0159 - - 1781339590.178960085 1781339590.194895506 0
Jun 13 08:33:10 np0000072641 container-server[124597]: 172.20.0.104 - - [13/Jun/2026:08:33:10 +0000] "PUT /d1/605/AUTH_88ae32f2c8204458beb5922823236026/gnocchi.c39fffcf-1749-401d-849b-d23b5a9f5fcd/1780920000.0_mean_300.0_v3" 201 - "PUT http://172.18.0.157:8080/d1/605/AUTH_88ae32f2c8204458beb5922823236026/gnocchi.c39fffcf-1749-401d-849b-d23b5a9f5fcd/1780920000.0_mean_300.0_v3" "tx5812538f09f0451da9c8b-006a2d15c6" "object-server 24" 0.0005 "-" 20 0
Jun 13 08:33:10 np0000072641 object-server[124928]: 172.20.0.105 - - [13/Jun/2026:08:33:10 +0000] "PUT /d1/605/AUTH_88ae32f2c8204458beb5922823236026/gnocchi.c39fffcf-1749-401d-849b-d23b5a9f5fcd/1780920000.0_mean_300.0_v3" 201 - "PUT http://172.18.0.157:8080/v1/AUTH_88ae32f2c8204458beb5922823236026/gnocchi.c39fffcf-1749-401d-849b-d23b5a9f5fcd/1780920000.0_mean_300.0_v3" "tx5812538f09f0451da9c8b-006a2d15c6" "proxy-server 20" 0.0127 "-" 23 0
Jun 13 08:33:10 np0000072641 container-server[124597]: 172.20.0.104 - - [13/Jun/2026:08:33:10 +0000] "PUT /d1/605/AUTH_88ae32f2c8204458beb5922823236026/gnocchi.c39fffcf-1749-401d-849b-d23b5a9f5fcd/none_v3" 201 - "PUT http://172.18.0.157:8080/d1/866/AUTH_88ae32f2c8204458beb5922823236026/gnocchi.c39fffcf-1749-401d-849b-d23b5a9f5fcd/none_v3" "tx9318d02c3bd74e90b8e83-006a2d15c6" "object-server 25" 0.0004 "-" 20 0
Jun 13 08:33:10 np0000072641 object-server[124928]: 172.20.0.104 - - [13/Jun/2026:08:33:10 +0000] "PUT /d1/866/AUTH_88ae32f2c8204458beb5922823236026/gnocchi.c39fffcf-1749-401d-849b-d23b5a9f5fcd/none_v3" 201 - "PUT http://172.18.0.157:8080/v1/AUTH_88ae32f2c8204458beb5922823236026/gnocchi.c39fffcf-1749-401d-849b-d23b5a9f5fcd/none_v3" "tx9318d02c3bd74e90b8e83-006a2d15c6" "proxy-server 20" 0.0122 "-" 23 0
Jun 13 08:33:12 np0000072641 account-server[123927]: Beginning replication run
Jun 13 08:33:12 np0000072641 account-server[123927]: Replication run OVER
Jun 13 08:33:12 np0000072641 account-server[123927]: Attempted to replicate 1 dbs in 0.03490 seconds (28.65404/s)
Jun 13 08:33:12 np0000072641 account-server[123927]: Removed 0 dbs
Jun 13 08:33:12 np0000072641 account-server[123927]: 2 successes, 0 failures
Jun 13 08:33:12 np0000072641 account-server[123927]: diff:0 diff_capped:0 empty:0 hashmatch:0 no_change:2 remote_merge:0 rsync:0 ts_repl:0
Jun 13 08:33:25 np0000072641 object-server[124773]: Begin object update sweep
Jun 13 08:33:25 np0000072641 object-server[220550]: Object update sweep starting on /srv/node/d1 (pid: 14)
Jun 13 08:33:25 np0000072641 object-server[220550]: Object update sweep completed on /srv/node/d1 in 0.00s seconds:, 0 successes, 0 failures, 0 quarantines, 0 unlinks, 0 errors, 0 redirects (pid: 14)
Jun 13 08:33:25 np0000072641 object-server[220550]: Object update sweep of d1 completed: 0.00s, 0 successes, 0 failures, 0 quarantines, 0 unlinks, 0 errors, 0 redirects
Jun 13 08:33:25 np0000072641 object-server[124773]: Object update sweep completed: 0.06s
Jun 13 08:33:28 np0000072641 object-server[124564]: Starting object replication pass.
Jun 13 08:33:29 np0000072641 object-server[124564]: 16/16 (100.00%) partitions replicated in 0.83s (19.31/sec, 0s remaining)
Jun 13 08:33:29 np0000072641 object-server[124564]: 32 successes, 0 failures
Jun 13 08:33:29 np0000072641 object-server[124564]: 16 suffixes checked - 0.00% hashed, 0.00% synced
Jun 13 08:33:29 np0000072641 object-server[124564]: Partition times: max 0.5733s, min 0.0070s, med 0.0086s
Jun 13 08:33:29 np0000072641 object-server[124564]: Object replication complete. (0.01 minutes)
Jun 13 08:33:29 np0000072641 object-server[220806]: Begin object audit "forever" mode (ZBF)
Jun 13 08:33:29 np0000072641 object-server[220807]: Begin object audit "forever" mode (ALL)
Jun 13 08:33:29 np0000072641 object-server[220806]: Object audit (ZBF). Since Sat Jun 13 08:33:29 2026: Locally: 1 passed, 0 quarantined, 0 errors, files/sec: 577.57, bytes/sec: 0.00, Total time: 0.00, Auditing time: 0.00, Rate: 0.00
Jun 13 08:33:29 np0000072641 object-server[220807]: Object audit (ALL). Since Sat Jun 13 08:33:29 2026: Locally: 1 passed, 0 quarantined, 0 errors, files/sec: 118.47, bytes/sec: 1895.52, Total time: 0.01, Auditing time: 0.00, Rate: 0.00
Jun 13 08:33:30 np0000072641 object-server[220806]: Object audit (ZBF) "forever" mode completed: 0.28s. Total quarantined: 0, Total errors: 0, Total files/sec: 56.51, Total bytes/sec: 0.00, Auditing time: 0.28, Rate: 0.98
Jun 13 08:33:30 np0000072641 object-server[220807]: Object audit (ALL) "forever" mode completed: 0.71s. Total quarantined: 0, Total errors: 0, Total files/sec: 22.52, Total bytes/sec: 441.86, Auditing time: 0.70, Rate: 0.99
Jun 13 08:33:35 np0000072641 container-server[124059]: Beginning replication run
Jun 13 08:33:36 np0000072641 container-server[124059]: Replication run OVER
Jun 13 08:33:36 np0000072641 container-server[124059]: Attempted to replicate 8 dbs in 0.21125 seconds (37.87022/s)
Jun 13 08:33:36 np0000072641 container-server[124059]: Removed 0 dbs
Jun 13 08:33:36 np0000072641 container-server[124059]: 16 successes, 0 failures
Jun 13 08:33:36 np0000072641 container-server[124059]: diff:0 diff_capped:0 empty:0 hashmatch:0 no_change:16 remote_merge:0 rsync:0 ts_repl:0
Jun 13 08:33:42 np0000072641 account-server[123927]: Beginning replication run
Jun 13 08:33:42 np0000072641 account-server[123927]: Replication run OVER
Jun 13 08:33:42 np0000072641 account-server[123927]: Attempted to replicate 1 dbs in 0.01710 seconds (58.46664/s)
Jun 13 08:33:42 np0000072641 account-server[123927]: Removed 0 dbs
Jun 13 08:33:42 np0000072641 account-server[123927]: 2 successes, 0 failures
Jun 13 08:33:42 np0000072641 account-server[123927]: diff:0 diff_capped:0 empty:0 hashmatch:0 no_change:2 remote_merge:0 rsync:0 ts_repl:0
Jun 13 08:33:43 np0000072641 account-server[124243]: 172.20.0.105 - - [13/Jun/2026:08:33:43 +0000] "HEAD /d1/335/.expiring_objects" 404 - "HEAD http://localhost/v1/.expiring_objects?format=json" "tx1178b8f86d584fc7808c7-006a2d15e7" "proxy-server 2" 0.0007 "-" 22 -
Jun 13 08:33:59 np0000072641 object-server[124564]: Starting object replication pass.
Jun 13 08:33:59 np0000072641 object-server[124564]: 16/16 (100.00%) partitions replicated in 0.19s (83.50/sec, 0s remaining)
Jun 13 08:33:59 np0000072641 object-server[124564]: 32 successes, 0 failures
Jun 13 08:33:59 np0000072641 object-server[124564]: 16 suffixes checked - 0.00% hashed, 0.00% synced
Jun 13 08:33:59 np0000072641 object-server[124564]: Partition times: max 0.0575s, min 0.0060s, med 0.0083s
Jun 13 08:33:59 np0000072641 object-server[124564]: Object replication complete. (0.00 minutes)
Jun 13 08:34:00 np0000072641 object-server[220817]: Begin object audit "forever" mode (ZBF)
Jun 13 08:34:00 np0000072641 object-server[220817]: Object audit (ZBF). Since Sat Jun 13 08:34:00 2026: Locally: 1 passed, 0 quarantined, 0 errors, files/sec: 345.75, bytes/sec: 0.00, Total time: 0.00, Auditing time: 0.00, Rate: 0.00
Jun 13 08:34:00 np0000072641 object-server[220817]: Object audit (ZBF) "forever" mode completed: 0.28s. Total quarantined: 0, Total errors: 0, Total files/sec: 56.23, Total bytes/sec: 0.00, Auditing time: 0.28, Rate: 0.97
Jun 13 08:34:05 np0000072641 container-server[124059]: Beginning replication run
Jun 13 08:34:06 np0000072641 container-server[124059]: Replication run OVER
Jun 13 08:34:06 np0000072641 container-server[124059]: Attempted to replicate 8 dbs in 0.15026 seconds (53.24111/s)
Jun 13 08:34:06 np0000072641 container-server[124059]: Removed 0 dbs
Jun 13 08:34:06 np0000072641 container-server[124059]: 16 successes, 0 failures
Jun 13 08:34:06 np0000072641 container-server[124059]: diff:0 diff_capped:0 empty:0 hashmatch:0 no_change:16 remote_merge:0 rsync:0 ts_repl:0
Jun 13 08:34:12 np0000072641 account-server[123927]: Beginning replication run
Jun 13 08:34:12 np0000072641 account-server[123927]: Replication run OVER
Jun 13 08:34:12 np0000072641 account-server[123927]: Attempted to replicate 1 dbs in 0.01798 seconds (55.63223/s)
Jun 13 08:34:12 np0000072641 account-server[123927]: Removed 0 dbs
Jun 13 08:34:12 np0000072641 account-server[123927]: 2 successes, 0 failures
Jun 13 08:34:12 np0000072641 account-server[123927]: diff:0 diff_capped:0 empty:0 hashmatch:0 no_change:2 remote_merge:0 rsync:0 ts_repl:0
Jun 13 08:34:26 np0000072641 container-server[124463]: Begin container update sweep
Jun 13 08:34:26 np0000072641 account-server[124251]: 172.20.0.103 - - [13/Jun/2026:08:34:26 +0000] "PUT /d1/953/AUTH_88ae32f2c8204458beb5922823236026/gnocchi.b1e3aebb-54c2-4838-bf78-34a7e54b5195" 201 - "-" "-" "container-updater 2" 0.0012 "-" 23 0
Jun 13 08:34:26 np0000072641 account-server[124236]: 172.20.0.103 - - [13/Jun/2026:08:34:26 +0000] "PUT /d1/953/AUTH_88ae32f2c8204458beb5922823236026/gnocchi.e1c795b2-0eb3-4c3f-90e0-885cd6449c6a" 201 - "-" "-" "container-updater 2" 0.0004 "-" 21 0
Jun 13 08:34:26 np0000072641 account-server[124243]: 172.20.0.103 - - [13/Jun/2026:08:34:26 +0000] "PUT /d1/953/AUTH_88ae32f2c8204458beb5922823236026/gnocchi.2adf911e-81c4-4a63-8433-7872c4562a3a" 201 - "-" "-" "container-updater 2" 0.0004 "-" 22 0
Jun 13 08:34:26 np0000072641 account-server[124251]: 172.20.0.103 - - [13/Jun/2026:08:34:26 +0000] "PUT /d1/953/AUTH_88ae32f2c8204458beb5922823236026/gnocchi.46b3007c-d10a-4334-83ba-39bee951cd43" 201 - "-" "-" "container-updater 2" 0.0007 "-" 23 0
Jun 13 08:34:26 np0000072641 account-server[124251]: 172.20.0.103 - - [13/Jun/2026:08:34:26 +0000] "PUT /d1/953/AUTH_88ae32f2c8204458beb5922823236026/gnocchi.fd52dd80-d730-48ec-bdb1-310c92916bce" 201 - "-" "-" "container-updater 2" 0.0006 "-" 23 0
Jun 13 08:34:26 np0000072641 account-server[124236]: 172.20.0.103 - - [13/Jun/2026:08:34:26 +0000] "PUT /d1/953/AUTH_88ae32f2c8204458beb5922823236026/gnocchi.20021faf-dd1f-4087-afe3-d543f7a348d5" 201 - "-" "-" "container-updater 2" 0.0006 "-" 21 0
Jun 13 08:34:26 np0000072641 account-server[124243]: 172.20.0.103 - - [13/Jun/2026:08:34:26 +0000] "PUT /d1/953/AUTH_88ae32f2c8204458beb5922823236026/gnocchi.48d182e6-1503-4f6b-9cb2-1cf84422a539" 201 - "-" "-" "container-updater 2" 0.0005 "-" 22 0
Jun 13 08:34:26 np0000072641 account-server[124251]: 172.20.0.103 - - [13/Jun/2026:08:34:26 +0000] "PUT /d1/953/AUTH_88ae32f2c8204458beb5922823236026/gnocchi.c39fffcf-1749-401d-849b-d23b5a9f5fcd" 201 - "-" "-" "container-updater 2" 0.0007 "-" 23 0
Jun 13 08:34:26 np0000072641 container-server[124463]: Container update sweep completed: 0.65s
Jun 13 08:34:28 np0000072641 proxy-server[126064]: - - 13/Jun/2026/08/34/28 HEAD /v1/AUTH_88ae32f2c8204458beb5922823236026%3Fformat%3Djson HTTP/1.0 204 - Swift - - - - tx776ba7dbbad146d6840b9-006a2d1614 - 0.0134 RL - 1781339668.896124601 1781339668.909538984 -
Jun 13 08:34:28 np0000072641 container-server[124621]: 172.20.0.103 - - [13/Jun/2026:08:34:28 +0000] "HEAD /d1/614/AUTH_88ae32f2c8204458beb5922823236026/gnocchi.16488f8c-b4d9-48a1-8bdd-c128f2675fa0" 404 - "HEAD http://172.18.0.157:8080/v1/AUTH_88ae32f2c8204458beb5922823236026/gnocchi.16488f8c-b4d9-48a1-8bdd-c128f2675fa0?format=json&states=listing" "tx776ba7dbbad146d6840b9-006a2d1614" "proxy-server 20" 0.0005 "-" 23 0
Jun 13 08:34:28 np0000072641 container-server[124601]: 172.20.0.105 - - [13/Jun/2026:08:34:28 +0000] "HEAD /d1/338/AUTH_88ae32f2c8204458beb5922823236026/gnocchi.f91430eb-81cc-471c-a4b8-01f5f8284d56" 404 - "HEAD http://172.18.0.157:8080/v1/AUTH_88ae32f2c8204458beb5922823236026/gnocchi.f91430eb-81cc-471c-a4b8-01f5f8284d56?format=json&states=listing" "tx6f9a4fd1b2f244f380bb4-006a2d1614" "proxy-server 20" 0.0006 "-" 21 0
Jun 13 08:34:28 np0000072641 container-server[124597]: 172.20.0.104 - - [13/Jun/2026:08:34:28 +0000] "HEAD /d1/226/AUTH_88ae32f2c8204458beb5922823236026/gnocchi.c8db387f-4b3e-438a-bc73-a2662186e5b7" 404 - "HEAD http://172.18.0.157:8080/v1/AUTH_88ae32f2c8204458beb5922823236026/gnocchi.c8db387f-4b3e-438a-bc73-a2662186e5b7?format=json&states=listing" "tx889de84c8f554dceb8121-006a2d1614" "proxy-server 20" 0.0004 "-" 20 0
Jun 13 08:34:28 np0000072641 object-server[124923]: 172.20.0.103 - - [13/Jun/2026:08:34:28 +0000] "GET /d1/421/AUTH_88ae32f2c8204458beb5922823236026/gnocchi.16488f8c-b4d9-48a1-8bdd-c128f2675fa0/none_v3" 404 70 "GET http://172.18.0.157:8080/v1/AUTH_88ae32f2c8204458beb5922823236026/gnocchi.16488f8c-b4d9-48a1-8bdd-c128f2675fa0/none_v3" "tx776ba7dbbad146d6840b9-006a2d1614" "proxy-server 20" 0.0006 "-" 22 0
Jun 13 08:34:28 np0000072641 object-server[124923]: 172.20.0.105 - - [13/Jun/2026:08:34:28 +0000] "GET /d1/950/AUTH_88ae32f2c8204458beb5922823236026/gnocchi.f91430eb-81cc-471c-a4b8-01f5f8284d56/none_v3" 404 70 "GET http://172.18.0.157:8080/v1/AUTH_88ae32f2c8204458beb5922823236026/gnocchi.f91430eb-81cc-471c-a4b8-01f5f8284d56/none_v3" "tx6f9a4fd1b2f244f380bb4-006a2d1614" "proxy-server 20" 0.0002 "-" 22 0
Jun 13 08:34:28 np0000072641 object-server[124940]: 172.20.0.104 - - [13/Jun/2026:08:34:28 +0000] "GET /d1/1016/AUTH_88ae32f2c8204458beb5922823236026/gnocchi.c8db387f-4b3e-438a-bc73-a2662186e5b7/none_v3" 404 70 "GET http://172.18.0.157:8080/v1/AUTH_88ae32f2c8204458beb5922823236026/gnocchi.c8db387f-4b3e-438a-bc73-a2662186e5b7/none_v3" "tx889de84c8f554dceb8121-006a2d1614" "proxy-server 20" 0.0003 "-" 25 0
Jun 13 08:34:28 np0000072641 proxy-server[126064]: 172.18.0.103 172.18.0.104 13/Jun/2026/08/34/28 GET /v1/AUTH_88ae32f2c8204458beb5922823236026/gnocchi.16488f8c-b4d9-48a1-8bdd-c128f2675fa0/none_v3 HTTP/1.0 404 - python-swiftclient-3.11.1 gAAAAABqLRXF7NW_... - 70 - tx776ba7dbbad146d6840b9-006a2d1614 - 0.0491 - - 1781339668.895043612 1781339668.944149256 0
Jun 13 08:34:29 np0000072641 account-server[124232]: 172.20.0.105 - - [13/Jun/2026:08:34:29 +0000] "PUT /d1/953/AUTH_88ae32f2c8204458beb5922823236026/gnocchi.f91430eb-81cc-471c-a4b8-01f5f8284d56" 201 - "PUT http://172.20.0.105:6001/d1/338/AUTH_88ae32f2c8204458beb5922823236026/gnocchi.f91430eb-81cc-471c-a4b8-01f5f8284d56" "tx71c189c5f8ce4801a7628-006a2d1614" "container-server 16" 0.0320 "-" 20 0
Jun 13 08:34:29 np0000072641 account-server[124251]: 172.20.0.105 - - [13/Jun/2026:08:34:29 +0000] "PUT /d1/953/AUTH_88ae32f2c8204458beb5922823236026/gnocchi.16488f8c-b4d9-48a1-8bdd-c128f2675fa0" 201 - "PUT http://172.20.0.105:6001/d1/614/AUTH_88ae32f2c8204458beb5922823236026/gnocchi.16488f8c-b4d9-48a1-8bdd-c128f2675fa0" "tx9febc09108654637b99c4-006a2d1614" "container-server 14" 0.0369 "-" 23 0
Jun 13 08:34:29 np0000072641 container-server[124621]: 172.20.0.104 - - [13/Jun/2026:08:34:29 +0000] "PUT /d1/226/AUTH_88ae32f2c8204458beb5922823236026/gnocchi.c8db387f-4b3e-438a-bc73-a2662186e5b7" 201 - "PUT http://172.18.0.157:8080/v1/AUTH_88ae32f2c8204458beb5922823236026/gnocchi.c8db387f-4b3e-438a-bc73-a2662186e5b7" "tx5243052b1d9c4d3eaa691-006a2d1614" "proxy-server 20" 0.0609 "-" 23 0
Jun 13 08:34:29 np0000072641 container-server[124597]: 172.20.0.103 - - [13/Jun/2026:08:34:29 +0000] "PUT /d1/338/AUTH_88ae32f2c8204458beb5922823236026/gnocchi.f91430eb-81cc-471c-a4b8-01f5f8284d56" 201 - "PUT http://172.18.0.157:8080/v1/AUTH_88ae32f2c8204458beb5922823236026/gnocchi.f91430eb-81cc-471c-a4b8-01f5f8284d56" "tx71c189c5f8ce4801a7628-006a2d1614" "proxy-server 20" 0.0532 "-" 20 0
Jun 13 08:34:29 np0000072641 container-server[124601]: 172.20.0.105 - - [13/Jun/2026:08:34:29 +0000] "PUT /d1/614/AUTH_88ae32f2c8204458beb5922823236026/gnocchi.16488f8c-b4d9-48a1-8bdd-c128f2675fa0" 201 - "PUT http://172.18.0.157:8080/v1/AUTH_88ae32f2c8204458beb5922823236026/gnocchi.16488f8c-b4d9-48a1-8bdd-c128f2675fa0" "tx9febc09108654637b99c4-006a2d1614" "proxy-server 20" 0.0682 "-" 21 0
Jun 13 08:34:29 np0000072641 account-server[124251]: 172.20.0.104 - - [13/Jun/2026:08:34:29 +0000] "PUT /d1/953/AUTH_88ae32f2c8204458beb5922823236026/gnocchi.c8db387f-4b3e-438a-bc73-a2662186e5b7" 201 - "PUT http://172.20.0.104:6001/d1/226/AUTH_88ae32f2c8204458beb5922823236026/gnocchi.c8db387f-4b3e-438a-bc73-a2662186e5b7" "tx5243052b1d9c4d3eaa691-006a2d1614" "container-server 18" 0.0420 "-" 23 0
Jun 13 08:34:29 np0000072641 proxy-server[126064]: 172.18.0.157 172.18.0.104 13/Jun/2026/08/34/29 PUT /v1/AUTH_88ae32f2c8204458beb5922823236026/gnocchi.f91430eb-81cc-471c-a4b8-01f5f8284d56 HTTP/1.0 201 - python-swiftclient-3.11.1 gAAAAABqLRV-REV4... - - - tx71c189c5f8ce4801a7628-006a2d1614 - 0.0798 - - 1781339668.948752880 1781339669.028524399 0
Jun 13 08:34:29 np0000072641 proxy-server[126064]: - - 13/Jun/2026/08/34/29 HEAD /v1/AUTH_88ae32f2c8204458beb5922823236026/gnocchi.f91430eb-81cc-471c-a4b8-01f5f8284d56%3Fformat%3Djson%26states%3Dlisting HTTP/1.0 204 - Swift - - - - txa90e9473de634aad8b567-006a2d1615 - 0.0056 RL - 1781339669.036662817 1781339669.042287827 0
Jun 13 08:34:29 np0000072641 proxy-server[126064]: 172.18.0.157 172.18.0.104 13/Jun/2026/08/34/29 GET /v1/AUTH_88ae32f2c8204458beb5922823236026/gnocchi.f91430eb-81cc-471c-a4b8-01f5f8284d56%3Fformat%3Djson%26states%3Dlisting HTTP/1.0 200 - python-swiftclient-3.11.1 gAAAAABqLRV-REV4... - 2 - txa90e9473de634aad8b567-006a2d1615 - 0.0170 - - 1781339669.034954786 1781339669.052001953 0
Jun 13 08:34:29 np0000072641 object-server[124928]: 172.20.0.105 - - [13/Jun/2026:08:34:29 +0000] "GET /d1/122/AUTH_88ae32f2c8204458beb5922823236026/gnocchi.16488f8c-b4d9-48a1-8bdd-c128f2675fa0/1780920000.0_mean_300.0_v3" 404 70 "GET http://172.18.0.157:8080/v1/AUTH_88ae32f2c8204458beb5922823236026/gnocchi.16488f8c-b4d9-48a1-8bdd-c128f2675fa0/1780920000.0_mean_300.0_v3" "tx589530edad6946c58f71b-006a2d1615" "proxy-server 20" 0.0003 "-" 23 0
Jun 13 08:34:29 np0000072641 object-server[124938]: 172.20.0.103 - - [13/Jun/2026:08:34:29 +0000] "GET /d1/307/AUTH_88ae32f2c8204458beb5922823236026/gnocchi.f91430eb-81cc-471c-a4b8-01f5f8284d56/1780920000.0_mean_300.0_v3" 404 70 "GET http://172.18.0.157:8080/v1/AUTH_88ae32f2c8204458beb5922823236026/gnocchi.f91430eb-81cc-471c-a4b8-01f5f8284d56/1780920000.0_mean_300.0_v3" "tx38f6d0e14da14b4991bfd-006a2d1615" "proxy-server 20" 0.0003 "-" 24 0
Jun 13 08:34:29 np0000072641 object-server[124923]: 172.20.0.104 - - [13/Jun/2026:08:34:29 +0000] "GET /d1/833/AUTH_88ae32f2c8204458beb5922823236026/gnocchi.c8db387f-4b3e-438a-bc73-a2662186e5b7/1780920000.0_mean_300.0_v3" 404 70 "GET http://172.18.0.157:8080/v1/AUTH_88ae32f2c8204458beb5922823236026/gnocchi.c8db387f-4b3e-438a-bc73-a2662186e5b7/1780920000.0_mean_300.0_v3" "txfaf121a527884b479b61d-006a2d1615" "proxy-server 20" 0.0003 "-" 22 0
Jun 13 08:34:29 np0000072641 proxy-server[126064]: 172.18.0.157 172.18.0.104 13/Jun/2026/08/34/29 GET /v1/AUTH_88ae32f2c8204458beb5922823236026/gnocchi.f91430eb-81cc-471c-a4b8-01f5f8284d56/1780920000.0_mean_300.0_v3 HTTP/1.0 404 - python-swiftclient-3.11.1 gAAAAABqLRV-REV4... - 70 - tx38f6d0e14da14b4991bfd-006a2d1615 - 0.0127 - - 1781339669.056412220 1781339669.069070339 0
Jun 13 08:34:29 np0000072641 container-server[124597]: 172.20.0.103 - - [13/Jun/2026:08:34:29 +0000] "PUT /d1/614/AUTH_88ae32f2c8204458beb5922823236026/gnocchi.16488f8c-b4d9-48a1-8bdd-c128f2675fa0/1780920000.0_mean_300.0_v3" 201 - "PUT http://172.18.0.157:8080/d1/122/AUTH_88ae32f2c8204458beb5922823236026/gnocchi.16488f8c-b4d9-48a1-8bdd-c128f2675fa0/1780920000.0_mean_300.0_v3" "tx95b8ac5615b94af3af523-006a2d1615" "object-server 25" 0.0006 "-" 20 0
Jun 13 08:34:29 np0000072641 object-server[124940]: 172.20.0.104 - - [13/Jun/2026:08:34:29 +0000] "PUT /d1/122/AUTH_88ae32f2c8204458beb5922823236026/gnocchi.16488f8c-b4d9-48a1-8bdd-c128f2675fa0/1780920000.0_mean_300.0_v3" 201 - "PUT http://172.18.0.157:8080/v1/AUTH_88ae32f2c8204458beb5922823236026/gnocchi.16488f8c-b4d9-48a1-8bdd-c128f2675fa0/1780920000.0_mean_300.0_v3" "tx95b8ac5615b94af3af523-006a2d1615" "proxy-server 20" 0.0089 "-" 25 0
Jun 13 08:34:29 np0000072641 container-server[124597]: 172.20.0.105 - - [13/Jun/2026:08:34:29 +0000] "PUT /d1/338/AUTH_88ae32f2c8204458beb5922823236026/gnocchi.f91430eb-81cc-471c-a4b8-01f5f8284d56/1780920000.0_mean_300.0_v3" 201 - "PUT http://172.18.0.157:8080/d1/307/AUTH_88ae32f2c8204458beb5922823236026/gnocchi.f91430eb-81cc-471c-a4b8-01f5f8284d56/1780920000.0_mean_300.0_v3" "txc3215786773f4e2db7ce5-006a2d1615" "object-server 21" 0.0003 "-" 20 0
Jun 13 08:34:29 np0000072641 object-server[124928]: 172.20.0.103 - - [13/Jun/2026:08:34:29 +0000] "PUT /d1/307/AUTH_88ae32f2c8204458beb5922823236026/gnocchi.f91430eb-81cc-471c-a4b8-01f5f8284d56/1780920000.0_mean_300.0_v3" 201 - "PUT http://172.18.0.157:8080/v1/AUTH_88ae32f2c8204458beb5922823236026/gnocchi.f91430eb-81cc-471c-a4b8-01f5f8284d56/1780920000.0_mean_300.0_v3" "txc3215786773f4e2db7ce5-006a2d1615" "proxy-server 20" 0.0132 "-" 23 0
Jun 13 08:34:29 np0000072641 object-server[124923]: 172.20.0.105 - - [13/Jun/2026:08:34:29 +0000] "PUT /d1/833/AUTH_88ae32f2c8204458beb5922823236026/gnocchi.c8db387f-4b3e-438a-bc73-a2662186e5b7/1780920000.0_mean_300.0_v3" 201 - "PUT http://172.18.0.157:8080/v1/AUTH_88ae32f2c8204458beb5922823236026/gnocchi.c8db387f-4b3e-438a-bc73-a2662186e5b7/1780920000.0_mean_300.0_v3" "tx8bd29b83ed894869a18ec-006a2d1615" "proxy-server 20" 0.0103 "-" 22 0
Jun 13 08:34:29 np0000072641 proxy-server[126064]: 172.18.0.157 172.18.0.104 13/Jun/2026/08/34/29 PUT /v1/AUTH_88ae32f2c8204458beb5922823236026/gnocchi.f91430eb-81cc-471c-a4b8-01f5f8284d56/1780920000.0_mean_300.0_v3 HTTP/1.0 201 - python-swiftclient-3.11.1 gAAAAABqLRV-REV4... 16 - - txc3215786773f4e2db7ce5-006a2d1615 - 0.0260 - - 1781339669.072491169 1781339669.098495960 0
Jun 13 08:34:29 np0000072641 container-server[124601]: 172.20.0.105 - - [13/Jun/2026:08:34:29 +0000] "PUT /d1/226/AUTH_88ae32f2c8204458beb5922823236026/gnocchi.c8db387f-4b3e-438a-bc73-a2662186e5b7/1780920000.0_mean_300.0_v3" 201 - "PUT http://172.18.0.157:8080/d1/833/AUTH_88ae32f2c8204458beb5922823236026/gnocchi.c8db387f-4b3e-438a-bc73-a2662186e5b7/1780920000.0_mean_300.0_v3" "tx8bd29b83ed894869a18ec-006a2d1615" "object-server 21" 0.0007 "-" 21 0
Jun 13 08:34:29 np0000072641 container-server[124601]: 172.20.0.104 - - [13/Jun/2026:08:34:29 +0000] "PUT /d1/614/AUTH_88ae32f2c8204458beb5922823236026/gnocchi.16488f8c-b4d9-48a1-8bdd-c128f2675fa0/none_v3" 201 - "PUT http://172.18.0.157:8080/d1/421/AUTH_88ae32f2c8204458beb5922823236026/gnocchi.16488f8c-b4d9-48a1-8bdd-c128f2675fa0/none_v3" "txa2c8d84a60ce498ca4447-006a2d1615" "object-server 25" 0.0007 "-" 21 0
Jun 13 08:34:29 np0000072641 object-server[124940]: 172.20.0.104 - - [13/Jun/2026:08:34:29 +0000] "PUT /d1/421/AUTH_88ae32f2c8204458beb5922823236026/gnocchi.16488f8c-b4d9-48a1-8bdd-c128f2675fa0/none_v3" 201 - "PUT http://172.18.0.157:8080/v1/AUTH_88ae32f2c8204458beb5922823236026/gnocchi.16488f8c-b4d9-48a1-8bdd-c128f2675fa0/none_v3" "txa2c8d84a60ce498ca4447-006a2d1615" "proxy-server 20" 0.0130 "-" 25 0
Jun 13 08:34:29 np0000072641 object-server[124928]: 172.20.0.103 - - [13/Jun/2026:08:34:29 +0000] "PUT /d1/950/AUTH_88ae32f2c8204458beb5922823236026/gnocchi.f91430eb-81cc-471c-a4b8-01f5f8284d56/none_v3" 201 - "PUT http://172.18.0.157:8080/v1/AUTH_88ae32f2c8204458beb5922823236026/gnocchi.f91430eb-81cc-471c-a4b8-01f5f8284d56/none_v3" "txc2e34fe7ee9f4c4299b85-006a2d1615" "proxy-server 20" 0.0170 "-" 23 0
Jun 13 08:34:29 np0000072641 object-server[124940]: 172.20.0.105 - - [13/Jun/2026:08:34:29 +0000] "PUT /d1/1016/AUTH_88ae32f2c8204458beb5922823236026/gnocchi.c8db387f-4b3e-438a-bc73-a2662186e5b7/none_v3" 201 - "PUT http://172.18.0.157:8080/v1/AUTH_88ae32f2c8204458beb5922823236026/gnocchi.c8db387f-4b3e-438a-bc73-a2662186e5b7/none_v3" "tx24b09647a9064b20a0ec1-006a2d1615" "proxy-server 20" 0.0120 "-" 25 0
Jun 13 08:34:29 np0000072641 container-server[124601]: 172.20.0.105 - - [13/Jun/2026:08:34:29 +0000] "PUT /d1/338/AUTH_88ae32f2c8204458beb5922823236026/gnocchi.f91430eb-81cc-471c-a4b8-01f5f8284d56/none_v3" 201 - "PUT http://172.18.0.157:8080/d1/950/AUTH_88ae32f2c8204458beb5922823236026/gnocchi.f91430eb-81cc-471c-a4b8-01f5f8284d56/none_v3" "txc2e34fe7ee9f4c4299b85-006a2d1615" "object-server 22" 0.0006 "-" 21 0
Jun 13 08:34:29 np0000072641 container-server[124597]: 172.20.0.105 - - [13/Jun/2026:08:34:29 +0000] "PUT /d1/226/AUTH_88ae32f2c8204458beb5922823236026/gnocchi.c8db387f-4b3e-438a-bc73-a2662186e5b7/none_v3" 201 - "PUT http://172.18.0.157:8080/d1/1016/AUTH_88ae32f2c8204458beb5922823236026/gnocchi.c8db387f-4b3e-438a-bc73-a2662186e5b7/none_v3" "tx24b09647a9064b20a0ec1-006a2d1615" "object-server 21" 0.0003 "-" 20 0
Jun 13 08:34:29 np0000072641 proxy-server[126064]: 172.18.0.157 172.18.0.104 13/Jun/2026/08/34/29 PUT /v1/AUTH_88ae32f2c8204458beb5922823236026/gnocchi.f91430eb-81cc-471c-a4b8-01f5f8284d56/none_v3 HTTP/1.0 201 - python-swiftclient-3.11.1 gAAAAABqLRV-REV4... 22 - - txc2e34fe7ee9f4c4299b85-006a2d1615 - 0.0382 - - 1781339669.103793859 1781339669.141987801 0
Jun 13 08:34:29 np0000072641 container-server[124621]: 172.20.0.104 - - [13/Jun/2026:08:34:29 +0000] "HEAD /d1/205/AUTH_88ae32f2c8204458beb5922823236026/gnocchi.02fb4429-dd8a-44e9-8dc6-b6f02cc12874" 404 - "HEAD http://172.18.0.157:8080/v1/AUTH_88ae32f2c8204458beb5922823236026/gnocchi.02fb4429-dd8a-44e9-8dc6-b6f02cc12874?format=json&states=listing" "tx50b7f37219ff45fdadfea-006a2d1615" "proxy-server 20" 0.0006 "-" 23 0
Jun 13 08:34:29 np0000072641 container-server[124601]: 172.20.0.103 - - [13/Jun/2026:08:34:29 +0000] "HEAD /d1/219/AUTH_88ae32f2c8204458beb5922823236026/gnocchi.764772c8-6eef-4bc0-ab31-48b64cda24a1" 404 - "HEAD http://172.18.0.157:8080/v1/AUTH_88ae32f2c8204458beb5922823236026/gnocchi.764772c8-6eef-4bc0-ab31-48b64cda24a1?format=json&states=listing" "tx27e4101efa8442aeaedd9-006a2d1615" "proxy-server 20" 0.0003 "-" 21 0
Jun 13 08:34:29 np0000072641 object-server[124923]: 172.20.0.103 - - [13/Jun/2026:08:34:29 +0000] "GET /d1/816/AUTH_88ae32f2c8204458beb5922823236026/gnocchi.764772c8-6eef-4bc0-ab31-48b64cda24a1/none_v3" 404 70 "GET http://172.18.0.157:8080/v1/AUTH_88ae32f2c8204458beb5922823236026/gnocchi.764772c8-6eef-4bc0-ab31-48b64cda24a1/none_v3" "tx27e4101efa8442aeaedd9-006a2d1615" "proxy-server 20" 0.0003 "-" 22 0
Jun 13 08:34:29 np0000072641 container-server[124601]: 172.20.0.105 - - [13/Jun/2026:08:34:29 +0000] "HEAD /d1/294/AUTH_88ae32f2c8204458beb5922823236026/gnocchi.a8c33b1d-95f1-4225-a311-9b9ee63fb8b0" 404 - "HEAD http://172.18.0.157:8080/v1/AUTH_88ae32f2c8204458beb5922823236026/gnocchi.a8c33b1d-95f1-4225-a311-9b9ee63fb8b0?format=json&states=listing" "tx1f10a58efdf645af96038-006a2d1615" "proxy-server 20" 0.0004 "-" 21 0
Jun 13 08:34:29 np0000072641 proxy-server[126064]: 172.18.0.157 172.18.0.104 13/Jun/2026/08/34/29 GET /v1/AUTH_88ae32f2c8204458beb5922823236026/gnocchi.764772c8-6eef-4bc0-ab31-48b64cda24a1/none_v3 HTTP/1.0 404 - python-swiftclient-3.11.1 gAAAAABqLRV-REV4... - 70 - tx27e4101efa8442aeaedd9-006a2d1615 - 0.0214 - - 1781339669.157310724 1781339669.178712368 0
Jun 13 08:34:29 np0000072641 object-server[124923]: 172.20.0.104 - - [13/Jun/2026:08:34:29 +0000] "GET /d1/162/AUTH_88ae32f2c8204458beb5922823236026/gnocchi.02fb4429-dd8a-44e9-8dc6-b6f02cc12874/none_v3" 404 70 "GET http://172.18.0.157:8080/v1/AUTH_88ae32f2c8204458beb5922823236026/gnocchi.02fb4429-dd8a-44e9-8dc6-b6f02cc12874/none_v3" "tx50b7f37219ff45fdadfea-006a2d1615" "proxy-server 20" 0.0001 "-" 22 0
Jun 13 08:34:29 np0000072641 object-server[124923]: 172.20.0.105 - - [13/Jun/2026:08:34:29 +0000] "GET /d1/584/AUTH_88ae32f2c8204458beb5922823236026/gnocchi.a8c33b1d-95f1-4225-a311-9b9ee63fb8b0/none_v3" 404 70 "GET http://172.18.0.157:8080/v1/AUTH_88ae32f2c8204458beb5922823236026/gnocchi.a8c33b1d-95f1-4225-a311-9b9ee63fb8b0/none_v3" "tx1f10a58efdf645af96038-006a2d1615" "proxy-server 20" 0.0002 "-" 22 0
Jun 13 08:34:29 np0000072641 account-server[124243]: 172.20.0.104 - - [13/Jun/2026:08:34:29 +0000] "PUT /d1/953/AUTH_88ae32f2c8204458beb5922823236026/gnocchi.764772c8-6eef-4bc0-ab31-48b64cda24a1" 201 - "PUT http://172.20.0.104:6001/d1/219/AUTH_88ae32f2c8204458beb5922823236026/gnocchi.764772c8-6eef-4bc0-ab31-48b64cda24a1" "tx55e9036411934916864ff-006a2d1615" "container-server 19" 0.0055 "-" 22 0
Jun 13 08:34:29 np0000072641 container-server[124617]: 172.20.0.103 - - [13/Jun/2026:08:34:29 +0000] "PUT /d1/219/AUTH_88ae32f2c8204458beb5922823236026/gnocchi.764772c8-6eef-4bc0-ab31-48b64cda24a1" 201 - "PUT http://172.18.0.157:8080/v1/AUTH_88ae32f2c8204458beb5922823236026/gnocchi.764772c8-6eef-4bc0-ab31-48b64cda24a1" "tx55e9036411934916864ff-006a2d1615" "proxy-server 20" 0.0177 "-" 22 0
Jun 13 08:34:29 np0000072641 account-server[124251]: 172.20.0.104 - - [13/Jun/2026:08:34:29 +0000] "PUT /d1/953/AUTH_88ae32f2c8204458beb5922823236026/gnocchi.02fb4429-dd8a-44e9-8dc6-b6f02cc12874" 201 - "PUT http://172.20.0.104:6001/d1/205/AUTH_88ae32f2c8204458beb5922823236026/gnocchi.02fb4429-dd8a-44e9-8dc6-b6f02cc12874" "txa9de5bd40cc64d7daaae8-006a2d1615" "container-server 20" 0.0166 "-" 23 0
Jun 13 08:34:29 np0000072641 container-server[124621]: 172.20.0.104 - - [13/Jun/2026:08:34:29 +0000] "PUT /d1/205/AUTH_88ae32f2c8204458beb5922823236026/gnocchi.02fb4429-dd8a-44e9-8dc6-b6f02cc12874" 201 - "PUT http://172.18.0.157:8080/v1/AUTH_88ae32f2c8204458beb5922823236026/gnocchi.02fb4429-dd8a-44e9-8dc6-b6f02cc12874" "txa9de5bd40cc64d7daaae8-006a2d1615" "proxy-server 20" 0.0215 "-" 23 0
Jun 13 08:34:29 np0000072641 proxy-server[126064]: 172.18.0.157 172.18.0.104 13/Jun/2026/08/34/29 PUT /v1/AUTH_88ae32f2c8204458beb5922823236026/gnocchi.764772c8-6eef-4bc0-ab31-48b64cda24a1 HTTP/1.0 201 - python-swiftclient-3.11.1 gAAAAABqLRV-REV4... - - - tx55e9036411934916864ff-006a2d1615 - 0.0379 - - 1781339669.181526184 1781339669.219450474 0
Jun 13 08:34:29 np0000072641 account-server[124232]: 172.20.0.103 - - [13/Jun/2026:08:34:29 +0000] "PUT /d1/953/AUTH_88ae32f2c8204458beb5922823236026/gnocchi.a8c33b1d-95f1-4225-a311-9b9ee63fb8b0" 201 - "PUT http://172.20.0.103:6001/d1/294/AUTH_88ae32f2c8204458beb5922823236026/gnocchi.a8c33b1d-95f1-4225-a311-9b9ee63fb8b0" "tx79ac807be073404ca3e49-006a2d1615" "container-server 20" 0.0055 "-" 20 0
Jun 13 08:34:29 np0000072641 container-server[124617]: 172.20.0.103 - - [13/Jun/2026:08:34:29 +0000] "HEAD /d1/219/AUTH_88ae32f2c8204458beb5922823236026/gnocchi.764772c8-6eef-4bc0-ab31-48b64cda24a1" 204 - "HEAD http://172.18.0.157:8080/v1/AUTH_88ae32f2c8204458beb5922823236026/gnocchi.764772c8-6eef-4bc0-ab31-48b64cda24a1?format=json&states=listing" "tx66b9940c07b74b3990a9a-006a2d1615" "proxy-server 20" 0.0012 "-" 22 0
Jun 13 08:34:29 np0000072641 container-server[124597]: 172.20.0.105 - - [13/Jun/2026:08:34:29 +0000] "PUT /d1/294/AUTH_88ae32f2c8204458beb5922823236026/gnocchi.a8c33b1d-95f1-4225-a311-9b9ee63fb8b0" 201 - "PUT http://172.18.0.157:8080/v1/AUTH_88ae32f2c8204458beb5922823236026/gnocchi.a8c33b1d-95f1-4225-a311-9b9ee63fb8b0" "tx79ac807be073404ca3e49-006a2d1615" "proxy-server 20" 0.0177 "-" 20 0
Jun 13 08:34:29 np0000072641 proxy-server[126064]: - - 13/Jun/2026/08/34/29 HEAD /v1/AUTH_88ae32f2c8204458beb5922823236026/gnocchi.764772c8-6eef-4bc0-ab31-48b64cda24a1%3Fformat%3Djson%26states%3Dlisting HTTP/1.0 204 - Swift - - - - tx66b9940c07b74b3990a9a-006a2d1615 - 0.0054 RL - 1781339669.225864649 1781339669.231304407 0
Jun 13 08:34:29 np0000072641 container-server[124617]: 172.20.0.104 - - [13/Jun/2026:08:34:29 +0000] "HEAD /d1/205/AUTH_88ae32f2c8204458beb5922823236026/gnocchi.02fb4429-dd8a-44e9-8dc6-b6f02cc12874" 204 - "HEAD http://172.18.0.157:8080/v1/AUTH_88ae32f2c8204458beb5922823236026/gnocchi.02fb4429-dd8a-44e9-8dc6-b6f02cc12874?format=json&states=listing" "txd3bfe5ab7ffe4ffd94397-006a2d1615" "proxy-server 20" 0.0008 "-" 22 0
Jun 13 08:34:29 np0000072641 proxy-server[126064]: 172.18.0.157 172.18.0.104 13/Jun/2026/08/34/29 GET /v1/AUTH_88ae32f2c8204458beb5922823236026/gnocchi.764772c8-6eef-4bc0-ab31-48b64cda24a1%3Fformat%3Djson%26states%3Dlisting HTTP/1.0 200 - python-swiftclient-3.11.1 gAAAAABqLRV-REV4... - 2 - tx66b9940c07b74b3990a9a-006a2d1615 - 0.0234 - - 1781339669.223545790 1781339669.246990919 0
Jun 13 08:34:29 np0000072641 object-server[124940]: 172.20.0.104 - - [13/Jun/2026:08:34:29 +0000] "GET /d1/108/AUTH_88ae32f2c8204458beb5922823236026/gnocchi.02fb4429-dd8a-44e9-8dc6-b6f02cc12874/1780920000.0_mean_300.0_v3" 404 70 "GET http://172.18.0.157:8080/v1/AUTH_88ae32f2c8204458beb5922823236026/gnocchi.02fb4429-dd8a-44e9-8dc6-b6f02cc12874/1780920000.0_mean_300.0_v3" "txbbf3bd9142af4b0fa70bd-006a2d1615" "proxy-server 20" 0.0004 "-" 25 0
Jun 13 08:34:29 np0000072641 object-server[124928]: 172.20.0.103 - - [13/Jun/2026:08:34:29 +0000] "GET /d1/369/AUTH_88ae32f2c8204458beb5922823236026/gnocchi.764772c8-6eef-4bc0-ab31-48b64cda24a1/1780920000.0_mean_300.0_v3" 404 70 "GET http://172.18.0.157:8080/v1/AUTH_88ae32f2c8204458beb5922823236026/gnocchi.764772c8-6eef-4bc0-ab31-48b64cda24a1/1780920000.0_mean_300.0_v3" "tx8575d4910b324da7a6c0e-006a2d1615" "proxy-server 20" 0.0003 "-" 23 0
Jun 13 08:34:29 np0000072641 proxy-server[126064]: 172.18.0.157 172.18.0.104 13/Jun/2026/08/34/29 GET /v1/AUTH_88ae32f2c8204458beb5922823236026/gnocchi.764772c8-6eef-4bc0-ab31-48b64cda24a1/1780920000.0_mean_300.0_v3 HTTP/1.0 404 - python-swiftclient-3.11.1 gAAAAABqLRV-REV4... - 70 - tx8575d4910b324da7a6c0e-006a2d1615 - 0.0140 - - 1781339669.251008749 1781339669.265055418 0
Jun 13 08:34:29 np0000072641 container-server[124617]: 172.20.0.104 - - [13/Jun/2026:08:34:29 +0000] "PUT /d1/205/AUTH_88ae32f2c8204458beb5922823236026/gnocchi.02fb4429-dd8a-44e9-8dc6-b6f02cc12874/1780920000.0_mean_300.0_v3" 201 - "PUT http://172.18.0.157:8080/d1/108/AUTH_88ae32f2c8204458beb5922823236026/gnocchi.02fb4429-dd8a-44e9-8dc6-b6f02cc12874/1780920000.0_mean_300.0_v3" "tx84fa83b7ac904cf790c62-006a2d1615" "object-server 25" 0.0005 "-" 22 0
Jun 13 08:34:29 np0000072641 object-server[124940]: 172.20.0.104 - - [13/Jun/2026:08:34:29 +0000] "PUT /d1/108/AUTH_88ae32f2c8204458beb5922823236026/gnocchi.02fb4429-dd8a-44e9-8dc6-b6f02cc12874/1780920000.0_mean_300.0_v3" 201 - "PUT http://172.18.0.157:8080/v1/AUTH_88ae32f2c8204458beb5922823236026/gnocchi.02fb4429-dd8a-44e9-8dc6-b6f02cc12874/1780920000.0_mean_300.0_v3" "tx84fa83b7ac904cf790c62-006a2d1615" "proxy-server 20" 0.0117 "-" 25 0
Jun 13 08:34:29 np0000072641 object-server[124940]: 172.20.0.105 - - [13/Jun/2026:08:34:29 +0000] "GET /d1/547/AUTH_88ae32f2c8204458beb5922823236026/gnocchi.a8c33b1d-95f1-4225-a311-9b9ee63fb8b0/1780920000.0_mean_300.0_v3" 404 70 "GET http://172.18.0.157:8080/v1/AUTH_88ae32f2c8204458beb5922823236026/gnocchi.a8c33b1d-95f1-4225-a311-9b9ee63fb8b0/1780920000.0_mean_300.0_v3" "txbc637718c695455bb73af-006a2d1615" "proxy-server 20" 0.0002 "-" 25 0
Jun 13 08:34:29 np0000072641 container-server[124597]: 172.20.0.105 - - [13/Jun/2026:08:34:29 +0000] "PUT /d1/219/AUTH_88ae32f2c8204458beb5922823236026/gnocchi.764772c8-6eef-4bc0-ab31-48b64cda24a1/1780920000.0_mean_300.0_v3" 201 - "PUT http://172.18.0.157:8080/d1/369/AUTH_88ae32f2c8204458beb5922823236026/gnocchi.764772c8-6eef-4bc0-ab31-48b64cda24a1/1780920000.0_mean_300.0_v3" "txa6729f3989d44801922b8-006a2d1615" "object-server 20" 0.0005 "-" 20 0
Jun 13 08:34:29 np0000072641 object-server[124938]: 172.20.0.103 - - [13/Jun/2026:08:34:29 +0000] "PUT /d1/369/AUTH_88ae32f2c8204458beb5922823236026/gnocchi.764772c8-6eef-4bc0-ab31-48b64cda24a1/1780920000.0_mean_300.0_v3" 201 - "PUT http://172.18.0.157:8080/v1/AUTH_88ae32f2c8204458beb5922823236026/gnocchi.764772c8-6eef-4bc0-ab31-48b64cda24a1/1780920000.0_mean_300.0_v3" "txa6729f3989d44801922b8-006a2d1615" "proxy-server 20" 0.0115 "-" 24 0
Jun 13 08:34:29 np0000072641 proxy-server[126064]: 172.18.0.157 172.18.0.104 13/Jun/2026/08/34/29 PUT /v1/AUTH_88ae32f2c8204458beb5922823236026/gnocchi.764772c8-6eef-4bc0-ab31-48b64cda24a1/1780920000.0_mean_300.0_v3 HTTP/1.0 201 - python-swiftclient-3.11.1 gAAAAABqLRV-REV4... 16 - - txa6729f3989d44801922b8-006a2d1615 - 0.0218 - - 1781339669.268062353 1781339669.289868116 0
Jun 13 08:34:29 np0000072641 object-server[124564]: Starting object replication pass.
Jun 13 08:34:29 np0000072641 container-server[124601]: 172.20.0.103 - - [13/Jun/2026:08:34:29 +0000] "PUT /d1/205/AUTH_88ae32f2c8204458beb5922823236026/gnocchi.02fb4429-dd8a-44e9-8dc6-b6f02cc12874/none_v3" 201 - "PUT http://172.18.0.157:8080/d1/162/AUTH_88ae32f2c8204458beb5922823236026/gnocchi.02fb4429-dd8a-44e9-8dc6-b6f02cc12874/none_v3" "tx6a2db32b671849c6b7d9a-006a2d1615" "object-server 25" 0.0006 "-" 21 0
Jun 13 08:34:29 np0000072641 object-server[124940]: 172.20.0.104 - - [13/Jun/2026:08:34:29 +0000] "PUT /d1/162/AUTH_88ae32f2c8204458beb5922823236026/gnocchi.02fb4429-dd8a-44e9-8dc6-b6f02cc12874/none_v3" 201 - "PUT http://172.18.0.157:8080/v1/AUTH_88ae32f2c8204458beb5922823236026/gnocchi.02fb4429-dd8a-44e9-8dc6-b6f02cc12874/none_v3" "tx6a2db32b671849c6b7d9a-006a2d1615" "proxy-server 20" 0.0510 "-" 25 0
Jun 13 08:34:29 np0000072641 container-server[124597]: 172.20.0.103 - - [13/Jun/2026:08:34:29 +0000] "PUT /d1/294/AUTH_88ae32f2c8204458beb5922823236026/gnocchi.a8c33b1d-95f1-4225-a311-9b9ee63fb8b0/1780920000.0_mean_300.0_v3" 201 - "PUT http://172.18.0.157:8080/d1/547/AUTH_88ae32f2c8204458beb5922823236026/gnocchi.a8c33b1d-95f1-4225-a311-9b9ee63fb8b0/1780920000.0_mean_300.0_v3" "txb1a7055affd140e7bebef-006a2d1615" "object-server 25" 0.0003 "-" 20 0
Jun 13 08:34:29 np0000072641 object-server[124940]: 172.20.0.105 - - [13/Jun/2026:08:34:29 +0000] "PUT /d1/547/AUTH_88ae32f2c8204458beb5922823236026/gnocchi.a8c33b1d-95f1-4225-a311-9b9ee63fb8b0/1780920000.0_mean_300.0_v3" 201 - "PUT http://172.18.0.157:8080/v1/AUTH_88ae32f2c8204458beb5922823236026/gnocchi.a8c33b1d-95f1-4225-a311-9b9ee63fb8b0/1780920000.0_mean_300.0_v3" "txb1a7055affd140e7bebef-006a2d1615" "proxy-server 20" 0.0529 "-" 25 0
Jun 13 08:34:29 np0000072641 container-server[124597]: 172.20.0.103 - - [13/Jun/2026:08:34:29 +0000] "PUT /d1/219/AUTH_88ae32f2c8204458beb5922823236026/gnocchi.764772c8-6eef-4bc0-ab31-48b64cda24a1/none_v3" 201 - "PUT http://172.18.0.157:8080/d1/816/AUTH_88ae32f2c8204458beb5922823236026/gnocchi.764772c8-6eef-4bc0-ab31-48b64cda24a1/none_v3" "txd12d8338848f438684b2e-006a2d1615" "object-server 22" 0.0003 "-" 20 0
Jun 13 08:34:29 np0000072641 object-server[124923]: 172.20.0.103 - - [13/Jun/2026:08:34:29 +0000] "PUT /d1/816/AUTH_88ae32f2c8204458beb5922823236026/gnocchi.764772c8-6eef-4bc0-ab31-48b64cda24a1/none_v3" 201 - "PUT http://172.18.0.157:8080/v1/AUTH_88ae32f2c8204458beb5922823236026/gnocchi.764772c8-6eef-4bc0-ab31-48b64cda24a1/none_v3" "txd12d8338848f438684b2e-006a2d1615" "proxy-server 20" 0.0522 "-" 22 0
Jun 13 08:34:29 np0000072641 proxy-server[126064]: 172.18.0.157 172.18.0.104 13/Jun/2026/08/34/29 PUT /v1/AUTH_88ae32f2c8204458beb5922823236026/gnocchi.764772c8-6eef-4bc0-ab31-48b64cda24a1/none_v3 HTTP/1.0 201 - python-swiftclient-3.11.1 gAAAAABqLRV-REV4... 22 - - txd12d8338848f438684b2e-006a2d1615 - 0.0633 - - 1781339669.294350386 1781339669.357697725 0
Jun 13 08:34:29 np0000072641 container-server[124617]: 172.20.0.103 - - [13/Jun/2026:08:34:29 +0000] "HEAD /d1/813/AUTH_88ae32f2c8204458beb5922823236026/gnocchi.b5a44d0c-02ec-444c-bc8f-f2c1ce9880c1" 404 - "HEAD http://172.18.0.157:8080/v1/AUTH_88ae32f2c8204458beb5922823236026/gnocchi.b5a44d0c-02ec-444c-bc8f-f2c1ce9880c1?format=json&states=listing" "txb0f6273eea9c426f83b8f-006a2d1615" "proxy-server 20" 0.0004 "-" 22 0
Jun 13 08:34:29 np0000072641 container-server[124621]: 172.20.0.105 - - [13/Jun/2026:08:34:29 +0000] "PUT /d1/294/AUTH_88ae32f2c8204458beb5922823236026/gnocchi.a8c33b1d-95f1-4225-a311-9b9ee63fb8b0/none_v3" 201 - "PUT http://172.18.0.157:8080/d1/584/AUTH_88ae32f2c8204458beb5922823236026/gnocchi.a8c33b1d-95f1-4225-a311-9b9ee63fb8b0/none_v3" "tx161a0105e4d0413388915-006a2d1615" "object-server 20" 0.0013 "-" 23 0
