Jun 13 08:34:29 np0000072641 object-server[124923]: 172.20.0.103 - - [13/Jun/2026:08:34:29 +0000] "GET /d1/47/AUTH_88ae32f2c8204458beb5922823236026/gnocchi.b5a44d0c-02ec-444c-bc8f-f2c1ce9880c1/none_v3" 404 70 "GET http://172.18.0.157:8080/v1/AUTH_88ae32f2c8204458beb5922823236026/gnocchi.b5a44d0c-02ec-444c-bc8f-f2c1ce9880c1/none_v3" "txb0f6273eea9c426f83b8f-006a2d1615" "proxy-server 20" 0.0003 "-" 22 0
Jun 13 08:34:29 np0000072641 container-server[124621]: 172.20.0.105 - - [13/Jun/2026:08:34:29 +0000] "HEAD /d1/636/AUTH_88ae32f2c8204458beb5922823236026/gnocchi.1c8ac7b8-b2a4-477b-a46d-de8f76cb926c" 404 - "HEAD http://172.18.0.157:8080/v1/AUTH_88ae32f2c8204458beb5922823236026/gnocchi.1c8ac7b8-b2a4-477b-a46d-de8f76cb926c?format=json&states=listing" "tx929d02a5f938489dac4ad-006a2d1615" "proxy-server 20" 0.0004 "-" 23 0
Jun 13 08:34:29 np0000072641 proxy-server[126064]: 172.18.0.103 172.18.0.104 13/Jun/2026/08/34/29 GET /v1/AUTH_88ae32f2c8204458beb5922823236026/gnocchi.b5a44d0c-02ec-444c-bc8f-f2c1ce9880c1/none_v3 HTTP/1.0 404 - python-swiftclient-3.11.1 gAAAAABqLRXF7NW_... - 70 - txb0f6273eea9c426f83b8f-006a2d1615 - 0.0230 - - 1781339669.366224289 1781339669.389194250 0
Jun 13 08:34:29 np0000072641 object-server[124940]: 172.20.0.104 - - [13/Jun/2026:08:34:29 +0000] "PUT /d1/584/AUTH_88ae32f2c8204458beb5922823236026/gnocchi.a8c33b1d-95f1-4225-a311-9b9ee63fb8b0/none_v3" 201 - "PUT http://172.18.0.157:8080/v1/AUTH_88ae32f2c8204458beb5922823236026/gnocchi.a8c33b1d-95f1-4225-a311-9b9ee63fb8b0/none_v3" "tx161a0105e4d0413388915-006a2d1615" "proxy-server 20" 0.0204 "-" 25 0
Jun 13 08:34:29 np0000072641 object-server[124940]: 172.20.0.105 - - [13/Jun/2026:08:34:29 +0000] "GET /d1/264/AUTH_88ae32f2c8204458beb5922823236026/gnocchi.1c8ac7b8-b2a4-477b-a46d-de8f76cb926c/none_v3" 404 70 "GET http://172.18.0.157:8080/v1/AUTH_88ae32f2c8204458beb5922823236026/gnocchi.1c8ac7b8-b2a4-477b-a46d-de8f76cb926c/none_v3" "tx929d02a5f938489dac4ad-006a2d1615" "proxy-server 20" 0.0006 "-" 25 0
Jun 13 08:34:29 np0000072641 container-server[124617]: 172.20.0.104 - - [13/Jun/2026:08:34:29 +0000] "HEAD /d1/110/AUTH_88ae32f2c8204458beb5922823236026/gnocchi.ba2754ce-c679-4af1-9b5b-7caf60ee5a7c" 404 - "HEAD http://172.18.0.157:8080/v1/AUTH_88ae32f2c8204458beb5922823236026/gnocchi.ba2754ce-c679-4af1-9b5b-7caf60ee5a7c?format=json&states=listing" "txfac0477945d14fa18c250-006a2d1615" "proxy-server 20" 0.0002 "-" 22 0
Jun 13 08:34:29 np0000072641 account-server[124236]: 172.20.0.104 - - [13/Jun/2026:08:34:29 +0000] "PUT /d1/953/AUTH_88ae32f2c8204458beb5922823236026/gnocchi.b5a44d0c-02ec-444c-bc8f-f2c1ce9880c1" 201 - "PUT http://172.20.0.104:6001/d1/813/AUTH_88ae32f2c8204458beb5922823236026/gnocchi.b5a44d0c-02ec-444c-bc8f-f2c1ce9880c1" "txecd00bb39725464d96c20-006a2d1615" "container-server 19" 0.0062 "-" 21 0
Jun 13 08:34:29 np0000072641 container-server[124617]: 172.20.0.103 - - [13/Jun/2026:08:34:29 +0000] "PUT /d1/813/AUTH_88ae32f2c8204458beb5922823236026/gnocchi.b5a44d0c-02ec-444c-bc8f-f2c1ce9880c1" 201 - "PUT http://172.18.0.157:8080/v1/AUTH_88ae32f2c8204458beb5922823236026/gnocchi.b5a44d0c-02ec-444c-bc8f-f2c1ce9880c1" "txecd00bb39725464d96c20-006a2d1615" "proxy-server 20" 0.0174 "-" 22 0
Jun 13 08:34:29 np0000072641 object-server[124928]: 172.20.0.104 - - [13/Jun/2026:08:34:29 +0000] "GET /d1/476/AUTH_88ae32f2c8204458beb5922823236026/gnocchi.ba2754ce-c679-4af1-9b5b-7caf60ee5a7c/none_v3" 404 70 "GET http://172.18.0.157:8080/v1/AUTH_88ae32f2c8204458beb5922823236026/gnocchi.ba2754ce-c679-4af1-9b5b-7caf60ee5a7c/none_v3" "txfac0477945d14fa18c250-006a2d1615" "proxy-server 20" 0.0004 "-" 23 0
Jun 13 08:34:29 np0000072641 proxy-server[126064]: 172.18.0.103 172.18.0.104 13/Jun/2026/08/34/29 PUT /v1/AUTH_88ae32f2c8204458beb5922823236026/gnocchi.b5a44d0c-02ec-444c-bc8f-f2c1ce9880c1 HTTP/1.0 201 - python-swiftclient-3.11.1 gAAAAABqLRXF7NW_... - - - txecd00bb39725464d96c20-006a2d1615 - 0.0316 - - 1781339669.392909050 1781339669.424532890 0
Jun 13 08:34:29 np0000072641 account-server[124251]: 172.20.0.105 - - [13/Jun/2026:08:34:29 +0000] "PUT /d1/953/AUTH_88ae32f2c8204458beb5922823236026/gnocchi.1c8ac7b8-b2a4-477b-a46d-de8f76cb926c" 201 - "PUT http://172.20.0.105:6001/d1/636/AUTH_88ae32f2c8204458beb5922823236026/gnocchi.1c8ac7b8-b2a4-477b-a46d-de8f76cb926c" "tx15676692df1e4b3d847ff-006a2d1615" "container-server 14" 0.0044 "-" 23 0
Jun 13 08:34:29 np0000072641 container-server[124621]: 172.20.0.105 - - [13/Jun/2026:08:34:29 +0000] "PUT /d1/636/AUTH_88ae32f2c8204458beb5922823236026/gnocchi.1c8ac7b8-b2a4-477b-a46d-de8f76cb926c" 201 - "PUT http://172.18.0.157:8080/v1/AUTH_88ae32f2c8204458beb5922823236026/gnocchi.1c8ac7b8-b2a4-477b-a46d-de8f76cb926c" "tx15676692df1e4b3d847ff-006a2d1615" "proxy-server 20" 0.0195 "-" 23 0
Jun 13 08:34:29 np0000072641 account-server[124236]: 172.20.0.103 - - [13/Jun/2026:08:34:29 +0000] "PUT /d1/953/AUTH_88ae32f2c8204458beb5922823236026/gnocchi.ba2754ce-c679-4af1-9b5b-7caf60ee5a7c" 201 - "PUT http://172.20.0.103:6001/d1/110/AUTH_88ae32f2c8204458beb5922823236026/gnocchi.ba2754ce-c679-4af1-9b5b-7caf60ee5a7c" "tx9c5dc02e6c7444a28bee1-006a2d1615" "container-server 22" 0.0040 "-" 21 0
Jun 13 08:34:29 np0000072641 container-server[124617]: 172.20.0.103 - - [13/Jun/2026:08:34:29 +0000] "PUT /d1/110/AUTH_88ae32f2c8204458beb5922823236026/gnocchi.ba2754ce-c679-4af1-9b5b-7caf60ee5a7c" 201 - "PUT http://172.18.0.157:8080/v1/AUTH_88ae32f2c8204458beb5922823236026/gnocchi.ba2754ce-c679-4af1-9b5b-7caf60ee5a7c" "tx9c5dc02e6c7444a28bee1-006a2d1615" "proxy-server 20" 0.0126 "-" 22 0
Jun 13 08:34:29 np0000072641 proxy-server[126064]: 172.18.0.105 172.18.0.104 13/Jun/2026/08/34/29 PUT /v1/AUTH_88ae32f2c8204458beb5922823236026/gnocchi.ba2754ce-c679-4af1-9b5b-7caf60ee5a7c HTTP/1.0 201 - python-swiftclient-3.11.1 gAAAAABqLRW9KbrP... - - - tx9c5dc02e6c7444a28bee1-006a2d1615 - 0.0269 - - 1781339669.427845955 1781339669.454696178 0
Jun 13 08:34:29 np0000072641 object-server[124938]: 172.20.0.104 - - [13/Jun/2026:08:34:29 +0000] "GET /d1/429/AUTH_88ae32f2c8204458beb5922823236026/gnocchi.b5a44d0c-02ec-444c-bc8f-f2c1ce9880c1/1780920000.0_mean_300.0_v3" 404 70 "GET http://172.18.0.157:8080/v1/AUTH_88ae32f2c8204458beb5922823236026/gnocchi.b5a44d0c-02ec-444c-bc8f-f2c1ce9880c1/1780920000.0_mean_300.0_v3" "tx71370d6f6a5b42109b532-006a2d1615" "proxy-server 20" 0.0003 "-" 24 0
Jun 13 08:34:29 np0000072641 proxy-server[126064]: - - 13/Jun/2026/08/34/29 HEAD /v1/AUTH_88ae32f2c8204458beb5922823236026/gnocchi.ba2754ce-c679-4af1-9b5b-7caf60ee5a7c%3Fformat%3Djson%26states%3Dlisting HTTP/1.0 204 - Swift - - - - txe9d85176a37548ba85c71-006a2d1615 - 0.0043 RL - 1781339669.460673094 1781339669.464982986 0
Jun 13 08:34:29 np0000072641 object-server[124938]: 172.20.0.105 - - [13/Jun/2026:08:34:29 +0000] "GET /d1/949/AUTH_88ae32f2c8204458beb5922823236026/gnocchi.1c8ac7b8-b2a4-477b-a46d-de8f76cb926c/1780920000.0_mean_300.0_v3" 404 70 "GET http://172.18.0.157:8080/v1/AUTH_88ae32f2c8204458beb5922823236026/gnocchi.1c8ac7b8-b2a4-477b-a46d-de8f76cb926c/1780920000.0_mean_300.0_v3" "tx585afa1c415e40bf8cdf9-006a2d1615" "proxy-server 20" 0.0002 "-" 24 0
Jun 13 08:34:29 np0000072641 proxy-server[126064]: 172.18.0.105 172.18.0.104 13/Jun/2026/08/34/29 GET /v1/AUTH_88ae32f2c8204458beb5922823236026/gnocchi.ba2754ce-c679-4af1-9b5b-7caf60ee5a7c%3Fformat%3Djson%26states%3Dlisting HTTP/1.0 200 - python-swiftclient-3.11.1 gAAAAABqLRW9KbrP... - 2 - txe9d85176a37548ba85c71-006a2d1615 - 0.0134 - - 1781339669.459271908 1781339669.472655535 0
Jun 13 08:34:29 np0000072641 container-server[124597]: 172.20.0.103 - - [13/Jun/2026:08:34:29 +0000] "PUT /d1/813/AUTH_88ae32f2c8204458beb5922823236026/gnocchi.b5a44d0c-02ec-444c-bc8f-f2c1ce9880c1/1780920000.0_mean_300.0_v3" 201 - "PUT http://172.18.0.157:8080/d1/429/AUTH_88ae32f2c8204458beb5922823236026/gnocchi.b5a44d0c-02ec-444c-bc8f-f2c1ce9880c1/1780920000.0_mean_300.0_v3" "txb3b2018636aa4aaabd743-006a2d1615" "object-server 22" 0.0005 "-" 20 0
Jun 13 08:34:29 np0000072641 object-server[124923]: 172.20.0.104 - - [13/Jun/2026:08:34:29 +0000] "PUT /d1/429/AUTH_88ae32f2c8204458beb5922823236026/gnocchi.b5a44d0c-02ec-444c-bc8f-f2c1ce9880c1/1780920000.0_mean_300.0_v3" 201 - "PUT http://172.18.0.157:8080/v1/AUTH_88ae32f2c8204458beb5922823236026/gnocchi.b5a44d0c-02ec-444c-bc8f-f2c1ce9880c1/1780920000.0_mean_300.0_v3" "txb3b2018636aa4aaabd743-006a2d1615" "proxy-server 20" 0.0091 "-" 22 0
Jun 13 08:34:29 np0000072641 object-server[124938]: 172.20.0.103 - - [13/Jun/2026:08:34:29 +0000] "GET /d1/1000/AUTH_88ae32f2c8204458beb5922823236026/gnocchi.ba2754ce-c679-4af1-9b5b-7caf60ee5a7c/1780920000.0_mean_300.0_v3" 404 70 "GET http://172.18.0.157:8080/v1/AUTH_88ae32f2c8204458beb5922823236026/gnocchi.ba2754ce-c679-4af1-9b5b-7caf60ee5a7c/1780920000.0_mean_300.0_v3" "tx548d5c322e5c468ca604d-006a2d1615" "proxy-server 20" 0.0003 "-" 24 0
Jun 13 08:34:29 np0000072641 proxy-server[126064]: 172.18.0.105 172.18.0.104 13/Jun/2026/08/34/29 GET /v1/AUTH_88ae32f2c8204458beb5922823236026/gnocchi.ba2754ce-c679-4af1-9b5b-7caf60ee5a7c/1780920000.0_mean_300.0_v3 HTTP/1.0 404 - python-swiftclient-3.11.1 gAAAAABqLRW9KbrP... - 70 - tx548d5c322e5c468ca604d-006a2d1615 - 0.0139 - - 1781339669.477607727 1781339669.491537571 0
Jun 13 08:34:29 np0000072641 object-server[124928]: 172.20.0.105 - - [13/Jun/2026:08:34:29 +0000] "PUT /d1/949/AUTH_88ae32f2c8204458beb5922823236026/gnocchi.1c8ac7b8-b2a4-477b-a46d-de8f76cb926c/1780920000.0_mean_300.0_v3" 201 - "PUT http://172.18.0.157:8080/v1/AUTH_88ae32f2c8204458beb5922823236026/gnocchi.1c8ac7b8-b2a4-477b-a46d-de8f76cb926c/1780920000.0_mean_300.0_v3" "tx75066f7c83d249e385e82-006a2d1615" "proxy-server 20" 0.0134 "-" 23 0
Jun 13 08:34:29 np0000072641 container-server[124621]: 172.20.0.104 - - [13/Jun/2026:08:34:29 +0000] "PUT /d1/813/AUTH_88ae32f2c8204458beb5922823236026/gnocchi.b5a44d0c-02ec-444c-bc8f-f2c1ce9880c1/none_v3" 201 - "PUT http://172.18.0.157:8080/d1/47/AUTH_88ae32f2c8204458beb5922823236026/gnocchi.b5a44d0c-02ec-444c-bc8f-f2c1ce9880c1/none_v3" "tx3c29556993bc446b961a4-006a2d1615" "object-server 23" 0.0006 "-" 23 0
Jun 13 08:34:29 np0000072641 container-server[124597]: 172.20.0.105 - - [13/Jun/2026:08:34:29 +0000] "PUT /d1/636/AUTH_88ae32f2c8204458beb5922823236026/gnocchi.1c8ac7b8-b2a4-477b-a46d-de8f76cb926c/1780920000.0_mean_300.0_v3" 201 - "PUT http://172.18.0.157:8080/d1/949/AUTH_88ae32f2c8204458beb5922823236026/gnocchi.1c8ac7b8-b2a4-477b-a46d-de8f76cb926c/1780920000.0_mean_300.0_v3" "tx75066f7c83d249e385e82-006a2d1615" "object-server 20" 0.0006 "-" 20 0
Jun 13 08:34:29 np0000072641 object-server[124940]: 172.20.0.103 - - [13/Jun/2026:08:34:29 +0000] "PUT /d1/47/AUTH_88ae32f2c8204458beb5922823236026/gnocchi.b5a44d0c-02ec-444c-bc8f-f2c1ce9880c1/none_v3" 201 - "PUT http://172.18.0.157:8080/v1/AUTH_88ae32f2c8204458beb5922823236026/gnocchi.b5a44d0c-02ec-444c-bc8f-f2c1ce9880c1/none_v3" "tx3c29556993bc446b961a4-006a2d1615" "proxy-server 20" 0.0146 "-" 25 0
Jun 13 08:34:29 np0000072641 object-server[124940]: 172.20.0.104 - - [13/Jun/2026:08:34:29 +0000] "PUT /d1/1000/AUTH_88ae32f2c8204458beb5922823236026/gnocchi.ba2754ce-c679-4af1-9b5b-7caf60ee5a7c/1780920000.0_mean_300.0_v3" 201 - "PUT http://172.18.0.157:8080/v1/AUTH_88ae32f2c8204458beb5922823236026/gnocchi.ba2754ce-c679-4af1-9b5b-7caf60ee5a7c/1780920000.0_mean_300.0_v3" "tx6c4486cf102646179e5ab-006a2d1615" "proxy-server 20" 0.0153 "-" 25 0
Jun 13 08:34:29 np0000072641 container-server[124597]: 172.20.0.105 - - [13/Jun/2026:08:34:29 +0000] "PUT /d1/110/AUTH_88ae32f2c8204458beb5922823236026/gnocchi.ba2754ce-c679-4af1-9b5b-7caf60ee5a7c/1780920000.0_mean_300.0_v3" 201 - "PUT http://172.18.0.157:8080/d1/1000/AUTH_88ae32f2c8204458beb5922823236026/gnocchi.ba2754ce-c679-4af1-9b5b-7caf60ee5a7c/1780920000.0_mean_300.0_v3" "tx6c4486cf102646179e5ab-006a2d1615" "object-server 22" 0.0003 "-" 20 0
Jun 13 08:34:29 np0000072641 container-server[124601]: 172.20.0.103 - - [13/Jun/2026:08:34:29 +0000] "PUT /d1/636/AUTH_88ae32f2c8204458beb5922823236026/gnocchi.1c8ac7b8-b2a4-477b-a46d-de8f76cb926c/none_v3" 201 - "PUT http://172.18.0.157:8080/d1/264/AUTH_88ae32f2c8204458beb5922823236026/gnocchi.1c8ac7b8-b2a4-477b-a46d-de8f76cb926c/none_v3" "tx28cbb75b93eb4a818d529-006a2d1615" "object-server 24" 0.0004 "-" 21 0
Jun 13 08:34:29 np0000072641 object-server[124938]: 172.20.0.105 - - [13/Jun/2026:08:34:29 +0000] "PUT /d1/264/AUTH_88ae32f2c8204458beb5922823236026/gnocchi.1c8ac7b8-b2a4-477b-a46d-de8f76cb926c/none_v3" 201 - "PUT http://172.18.0.157:8080/v1/AUTH_88ae32f2c8204458beb5922823236026/gnocchi.1c8ac7b8-b2a4-477b-a46d-de8f76cb926c/none_v3" "tx28cbb75b93eb4a818d529-006a2d1615" "proxy-server 20" 0.0098 "-" 24 0
Jun 13 08:34:29 np0000072641 proxy-server[126064]: 172.18.0.103 172.18.0.104 13/Jun/2026/08/34/29 PUT /v1/AUTH_88ae32f2c8204458beb5922823236026/gnocchi.b5a44d0c-02ec-444c-bc8f-f2c1ce9880c1/none_v3 HTTP/1.0 201 - python-swiftclient-3.11.1 gAAAAABqLRXF7NW_... 22 - - tx3c29556993bc446b961a4-006a2d1615 - 0.0509 - - 1781339669.497667074 1781339669.548520565 0
Jun 13 08:34:29 np0000072641 container-server[124601]: 172.20.0.104 - - [13/Jun/2026:08:34:29 +0000] "PUT /d1/110/AUTH_88ae32f2c8204458beb5922823236026/gnocchi.ba2754ce-c679-4af1-9b5b-7caf60ee5a7c/none_v3" 201 - "PUT http://172.18.0.157:8080/d1/476/AUTH_88ae32f2c8204458beb5922823236026/gnocchi.ba2754ce-c679-4af1-9b5b-7caf60ee5a7c/none_v3" "txb8ff0e87c02040f78eb5b-006a2d1615" "object-server 24" 0.0003 "-" 21 0
Jun 13 08:34:29 np0000072641 object-server[124923]: 172.20.0.104 - - [13/Jun/2026:08:34:29 +0000] "PUT /d1/476/AUTH_88ae32f2c8204458beb5922823236026/gnocchi.ba2754ce-c679-4af1-9b5b-7caf60ee5a7c/none_v3" 201 - "PUT http://172.18.0.157:8080/v1/AUTH_88ae32f2c8204458beb5922823236026/gnocchi.ba2754ce-c679-4af1-9b5b-7caf60ee5a7c/none_v3" "txb8ff0e87c02040f78eb5b-006a2d1615" "proxy-server 20" 0.0235 "-" 22 0
Jun 13 08:34:29 np0000072641 container-server[124621]: 172.20.0.103 - - [13/Jun/2026:08:34:29 +0000] "HEAD /d1/679/AUTH_88ae32f2c8204458beb5922823236026/gnocchi.ddb99d94-e52f-4b2c-a4be-a6113ad66107" 404 - "HEAD http://172.18.0.157:8080/v1/AUTH_88ae32f2c8204458beb5922823236026/gnocchi.ddb99d94-e52f-4b2c-a4be-a6113ad66107?format=json&states=listing" "tx4f2e2d945f5c461080ec1-006a2d1615" "proxy-server 20" 0.0006 "-" 23 0
Jun 13 08:34:29 np0000072641 container-server[124597]: 172.20.0.104 - - [13/Jun/2026:08:34:29 +0000] "HEAD /d1/333/AUTH_88ae32f2c8204458beb5922823236026/gnocchi.7bc840a1-2b21-4e53-915f-00bc6707220c" 404 - "HEAD http://172.18.0.157:8080/v1/AUTH_88ae32f2c8204458beb5922823236026/gnocchi.7bc840a1-2b21-4e53-915f-00bc6707220c?format=json&states=listing" "txd55510519ed74fae9ad46-006a2d1615" "proxy-server 20" 0.0006 "-" 20 0
Jun 13 08:34:29 np0000072641 object-server[124928]: 172.20.0.103 - - [13/Jun/2026:08:34:29 +0000] "GET /d1/305/AUTH_88ae32f2c8204458beb5922823236026/gnocchi.ddb99d94-e52f-4b2c-a4be-a6113ad66107/none_v3" 404 70 "GET http://172.18.0.157:8080/v1/AUTH_88ae32f2c8204458beb5922823236026/gnocchi.ddb99d94-e52f-4b2c-a4be-a6113ad66107/none_v3" "tx4f2e2d945f5c461080ec1-006a2d1615" "proxy-server 20" 0.0003 "-" 23 0
Jun 13 08:34:29 np0000072641 container-server[124597]: 172.20.0.105 - - [13/Jun/2026:08:34:29 +0000] "HEAD /d1/582/AUTH_88ae32f2c8204458beb5922823236026/gnocchi.4c4a45f2-5abf-4c71-bbab-a40d598be05f" 404 - "HEAD http://172.18.0.157:8080/v1/AUTH_88ae32f2c8204458beb5922823236026/gnocchi.4c4a45f2-5abf-4c71-bbab-a40d598be05f?format=json&states=listing" "tx9f0efbc4bc254e3d8801b-006a2d1615" "proxy-server 20" 0.0006 "-" 20 0
Jun 13 08:34:29 np0000072641 proxy-server[126064]: 172.18.0.103 172.18.0.104 13/Jun/2026/08/34/29 GET /v1/AUTH_88ae32f2c8204458beb5922823236026/gnocchi.ddb99d94-e52f-4b2c-a4be-a6113ad66107/none_v3 HTTP/1.0 404 - python-swiftclient-3.11.1 gAAAAABqLRXF7NW_... - 70 - tx4f2e2d945f5c461080ec1-006a2d1615 - 0.0301 - - 1781339669.609316587 1781339669.639417171 0
Jun 13 08:34:29 np0000072641 object-server[124928]: 172.20.0.104 - - [13/Jun/2026:08:34:29 +0000] "GET /d1/769/AUTH_88ae32f2c8204458beb5922823236026/gnocchi.7bc840a1-2b21-4e53-915f-00bc6707220c/none_v3" 404 70 "GET http://172.18.0.157:8080/v1/AUTH_88ae32f2c8204458beb5922823236026/gnocchi.7bc840a1-2b21-4e53-915f-00bc6707220c/none_v3" "txd55510519ed74fae9ad46-006a2d1615" "proxy-server 20" 0.0002 "-" 23 0
Jun 13 08:34:29 np0000072641 object-server[124923]: 172.20.0.105 - - [13/Jun/2026:08:34:29 +0000] "GET /d1/824/AUTH_88ae32f2c8204458beb5922823236026/gnocchi.4c4a45f2-5abf-4c71-bbab-a40d598be05f/none_v3" 404 70 "GET http://172.18.0.157:8080/v1/AUTH_88ae32f2c8204458beb5922823236026/gnocchi.4c4a45f2-5abf-4c71-bbab-a40d598be05f/none_v3" "tx9f0efbc4bc254e3d8801b-006a2d1615" "proxy-server 20" 0.0003 "-" 22 0
Jun 13 08:34:29 np0000072641 account-server[124251]: 172.20.0.103 - - [13/Jun/2026:08:34:29 +0000] "PUT /d1/953/AUTH_88ae32f2c8204458beb5922823236026/gnocchi.ddb99d94-e52f-4b2c-a4be-a6113ad66107" 201 - "PUT http://172.20.0.103:6001/d1/679/AUTH_88ae32f2c8204458beb5922823236026/gnocchi.ddb99d94-e52f-4b2c-a4be-a6113ad66107" "tx83eb003fcafd45faae0ab-006a2d1615" "container-server 23" 0.0052 "-" 23 0
Jun 13 08:34:29 np0000072641 container-server[124621]: 172.20.0.103 - - [13/Jun/2026:08:34:29 +0000] "PUT /d1/679/AUTH_88ae32f2c8204458beb5922823236026/gnocchi.ddb99d94-e52f-4b2c-a4be-a6113ad66107" 201 - "PUT http://172.18.0.157:8080/v1/AUTH_88ae32f2c8204458beb5922823236026/gnocchi.ddb99d94-e52f-4b2c-a4be-a6113ad66107" "tx83eb003fcafd45faae0ab-006a2d1615" "proxy-server 20" 0.0158 "-" 23 0
Jun 13 08:34:29 np0000072641 proxy-server[126064]: 172.18.0.103 172.18.0.104 13/Jun/2026/08/34/29 PUT /v1/AUTH_88ae32f2c8204458beb5922823236026/gnocchi.ddb99d94-e52f-4b2c-a4be-a6113ad66107 HTTP/1.0 201 - python-swiftclient-3.11.1 gAAAAABqLRXF7NW_... - - - tx83eb003fcafd45faae0ab-006a2d1615 - 0.0376 - - 1781339669.642104626 1781339669.679689646 0
Jun 13 08:34:29 np0000072641 account-server[124243]: 172.20.0.104 - - [13/Jun/2026:08:34:29 +0000] "PUT /d1/953/AUTH_88ae32f2c8204458beb5922823236026/gnocchi.7bc840a1-2b21-4e53-915f-00bc6707220c" 201 - "PUT http://172.20.0.104:6001/d1/333/AUTH_88ae32f2c8204458beb5922823236026/gnocchi.7bc840a1-2b21-4e53-915f-00bc6707220c" "txbb3dbcae04b24792a5692-006a2d1615" "container-server 20" 0.0064 "-" 22 0
Jun 13 08:34:29 np0000072641 container-server[124597]: 172.20.0.103 - - [13/Jun/2026:08:34:29 +0000] "HEAD /d1/679/AUTH_88ae32f2c8204458beb5922823236026/gnocchi.ddb99d94-e52f-4b2c-a4be-a6113ad66107" 204 - "HEAD http://172.18.0.157:8080/v1/AUTH_88ae32f2c8204458beb5922823236026/gnocchi.ddb99d94-e52f-4b2c-a4be-a6113ad66107?format=json&states=listing" "tx7991c56be991431fbfb1d-006a2d1615" "proxy-server 20" 0.0014 "-" 20 0
Jun 13 08:34:29 np0000072641 proxy-server[126064]: - - 13/Jun/2026/08/34/29 HEAD /v1/AUTH_88ae32f2c8204458beb5922823236026/gnocchi.ddb99d94-e52f-4b2c-a4be-a6113ad66107%3Fformat%3Djson%26states%3Dlisting HTTP/1.0 204 - Swift - - - - tx7991c56be991431fbfb1d-006a2d1615 - 0.0042 RL - 1781339669.685093403 1781339669.689340115 0
Jun 13 08:34:29 np0000072641 account-server[124243]: 172.20.0.103 - - [13/Jun/2026:08:34:29 +0000] "PUT /d1/953/AUTH_88ae32f2c8204458beb5922823236026/gnocchi.4c4a45f2-5abf-4c71-bbab-a40d598be05f" 201 - "PUT http://172.20.0.103:6001/d1/582/AUTH_88ae32f2c8204458beb5922823236026/gnocchi.4c4a45f2-5abf-4c71-bbab-a40d598be05f" "txfffd2c027ef74c659b0cc-006a2d1615" "container-server 20" 0.0037 "-" 22 0
Jun 13 08:34:29 np0000072641 container-server[124597]: 172.20.0.105 - - [13/Jun/2026:08:34:29 +0000] "PUT /d1/582/AUTH_88ae32f2c8204458beb5922823236026/gnocchi.4c4a45f2-5abf-4c71-bbab-a40d598be05f" 201 - "PUT http://172.18.0.157:8080/v1/AUTH_88ae32f2c8204458beb5922823236026/gnocchi.4c4a45f2-5abf-4c71-bbab-a40d598be05f" "txfffd2c027ef74c659b0cc-006a2d1615" "proxy-server 20" 0.0145 "-" 20 0
Jun 13 08:34:29 np0000072641 container-server[124597]: 172.20.0.104 - - [13/Jun/2026:08:34:29 +0000] "PUT /d1/333/AUTH_88ae32f2c8204458beb5922823236026/gnocchi.7bc840a1-2b21-4e53-915f-00bc6707220c" 201 - "PUT http://172.18.0.157:8080/v1/AUTH_88ae32f2c8204458beb5922823236026/gnocchi.7bc840a1-2b21-4e53-915f-00bc6707220c" "txbb3dbcae04b24792a5692-006a2d1615" "proxy-server 20" 0.0287 "-" 20 0
Jun 13 08:34:29 np0000072641 proxy-server[126064]: 172.18.0.103 172.18.0.104 13/Jun/2026/08/34/29 GET /v1/AUTH_88ae32f2c8204458beb5922823236026/gnocchi.ddb99d94-e52f-4b2c-a4be-a6113ad66107%3Fformat%3Djson%26states%3Dlisting HTTP/1.0 200 - python-swiftclient-3.11.1 gAAAAABqLRXF7NW_... - 2 - tx7991c56be991431fbfb1d-006a2d1615 - 0.0144 - - 1781339669.683387280 1781339669.697794199 0
Jun 13 08:34:29 np0000072641 container-server[124597]: 172.20.0.105 - - [13/Jun/2026:08:34:29 +0000] "HEAD /d1/582/AUTH_88ae32f2c8204458beb5922823236026/gnocchi.4c4a45f2-5abf-4c71-bbab-a40d598be05f" 204 - "HEAD http://172.18.0.157:8080/v1/AUTH_88ae32f2c8204458beb5922823236026/gnocchi.4c4a45f2-5abf-4c71-bbab-a40d598be05f?format=json&states=listing" "tx7129e54a276e48b4843b7-006a2d1615" "proxy-server 20" 0.0009 "-" 20 0
Jun 13 08:34:29 np0000072641 container-server[124601]: 172.20.0.104 - - [13/Jun/2026:08:34:29 +0000] "HEAD /d1/333/AUTH_88ae32f2c8204458beb5922823236026/gnocchi.7bc840a1-2b21-4e53-915f-00bc6707220c" 204 - "HEAD http://172.18.0.157:8080/v1/AUTH_88ae32f2c8204458beb5922823236026/gnocchi.7bc840a1-2b21-4e53-915f-00bc6707220c?format=json&states=listing" "tx1073edb77db446299fc82-006a2d1615" "proxy-server 20" 0.0010 "-" 21 0
Jun 13 08:34:29 np0000072641 object-server[124940]: 172.20.0.103 - - [13/Jun/2026:08:34:29 +0000] "GET /d1/207/AUTH_88ae32f2c8204458beb5922823236026/gnocchi.ddb99d94-e52f-4b2c-a4be-a6113ad66107/1780920000.0_mean_300.0_v3" 404 70 "GET http://172.18.0.157:8080/v1/AUTH_88ae32f2c8204458beb5922823236026/gnocchi.ddb99d94-e52f-4b2c-a4be-a6113ad66107/1780920000.0_mean_300.0_v3" "txc238a3d58c9d4f649c8ab-006a2d1615" "proxy-server 20" 0.0003 "-" 25 0
Jun 13 08:34:29 np0000072641 proxy-server[126064]: 172.18.0.103 172.18.0.104 13/Jun/2026/08/34/29 GET /v1/AUTH_88ae32f2c8204458beb5922823236026/gnocchi.ddb99d94-e52f-4b2c-a4be-a6113ad66107/1780920000.0_mean_300.0_v3 HTTP/1.0 404 - python-swiftclient-3.11.1 gAAAAABqLRXF7NW_... - 70 - txc238a3d58c9d4f649c8ab-006a2d1615 - 0.0191 - - 1781339669.705288887 1781339669.724406958 0
Jun 13 08:34:29 np0000072641 object-server[124940]: 172.20.0.105 - - [13/Jun/2026:08:34:29 +0000] "GET /d1/865/AUTH_88ae32f2c8204458beb5922823236026/gnocchi.4c4a45f2-5abf-4c71-bbab-a40d598be05f/1780920000.0_mean_300.0_v3" 404 70 "GET http://172.18.0.157:8080/v1/AUTH_88ae32f2c8204458beb5922823236026/gnocchi.4c4a45f2-5abf-4c71-bbab-a40d598be05f/1780920000.0_mean_300.0_v3" "tx120d9bf9fb424bc78d884-006a2d1615" "proxy-server 20" 0.0002 "-" 25 0
Jun 13 08:34:29 np0000072641 object-server[124928]: 172.20.0.104 - - [13/Jun/2026:08:34:29 +0000] "GET /d1/310/AUTH_88ae32f2c8204458beb5922823236026/gnocchi.7bc840a1-2b21-4e53-915f-00bc6707220c/1780920000.0_mean_300.0_v3" 404 70 "GET http://172.18.0.157:8080/v1/AUTH_88ae32f2c8204458beb5922823236026/gnocchi.7bc840a1-2b21-4e53-915f-00bc6707220c/1780920000.0_mean_300.0_v3" "tx84d66e3c2e23419a85e5c-006a2d1615" "proxy-server 20" 0.0003 "-" 23 0
Jun 13 08:34:29 np0000072641 container-server[124601]: 172.20.0.103 - - [13/Jun/2026:08:34:29 +0000] "PUT /d1/679/AUTH_88ae32f2c8204458beb5922823236026/gnocchi.ddb99d94-e52f-4b2c-a4be-a6113ad66107/1780920000.0_mean_300.0_v3" 201 - "PUT http://172.18.0.157:8080/d1/207/AUTH_88ae32f2c8204458beb5922823236026/gnocchi.ddb99d94-e52f-4b2c-a4be-a6113ad66107/1780920000.0_mean_300.0_v3" "txbdd6d0c7a2be4fa4a132a-006a2d1615" "object-server 25" 0.0006 "-" 21 0
Jun 13 08:34:29 np0000072641 object-server[124940]: 172.20.0.103 - - [13/Jun/2026:08:34:29 +0000] "PUT /d1/207/AUTH_88ae32f2c8204458beb5922823236026/gnocchi.ddb99d94-e52f-4b2c-a4be-a6113ad66107/1780920000.0_mean_300.0_v3" 201 - "PUT http://172.18.0.157:8080/v1/AUTH_88ae32f2c8204458beb5922823236026/gnocchi.ddb99d94-e52f-4b2c-a4be-a6113ad66107/1780920000.0_mean_300.0_v3" "txbdd6d0c7a2be4fa4a132a-006a2d1615" "proxy-server 20" 0.0134 "-" 25 0
Jun 13 08:34:29 np0000072641 proxy-server[126064]: 172.18.0.103 172.18.0.104 13/Jun/2026/08/34/29 PUT /v1/AUTH_88ae32f2c8204458beb5922823236026/gnocchi.ddb99d94-e52f-4b2c-a4be-a6113ad66107/1780920000.0_mean_300.0_v3 HTTP/1.0 201 - python-swiftclient-3.11.1 gAAAAABqLRXF7NW_... 16 - - txbdd6d0c7a2be4fa4a132a-006a2d1615 - 0.0317 - - 1781339669.730790377 1781339669.762459993 0
Jun 13 08:34:29 np0000072641 container-server[124597]: 172.20.0.103 - - [13/Jun/2026:08:34:29 +0000] "PUT /d1/582/AUTH_88ae32f2c8204458beb5922823236026/gnocchi.4c4a45f2-5abf-4c71-bbab-a40d598be05f/1780920000.0_mean_300.0_v3" 201 - "PUT http://172.18.0.157:8080/d1/865/AUTH_88ae32f2c8204458beb5922823236026/gnocchi.4c4a45f2-5abf-4c71-bbab-a40d598be05f/1780920000.0_mean_300.0_v3" "tx904284e6409341d796992-006a2d1615" "object-server 22" 0.0007 "-" 20 0
Jun 13 08:34:29 np0000072641 container-server[124597]: 172.20.0.104 - - [13/Jun/2026:08:34:29 +0000] "PUT /d1/333/AUTH_88ae32f2c8204458beb5922823236026/gnocchi.7bc840a1-2b21-4e53-915f-00bc6707220c/1780920000.0_mean_300.0_v3" 201 - "PUT http://172.18.0.157:8080/d1/310/AUTH_88ae32f2c8204458beb5922823236026/gnocchi.7bc840a1-2b21-4e53-915f-00bc6707220c/1780920000.0_mean_300.0_v3" "txeb9df8ecc87243bfa85a1-006a2d1615" "object-server 25" 0.0003 "-" 20 0
Jun 13 08:34:29 np0000072641 object-server[124923]: 172.20.0.105 - - [13/Jun/2026:08:34:29 +0000] "PUT /d1/865/AUTH_88ae32f2c8204458beb5922823236026/gnocchi.4c4a45f2-5abf-4c71-bbab-a40d598be05f/1780920000.0_mean_300.0_v3" 201 - "PUT http://172.18.0.157:8080/v1/AUTH_88ae32f2c8204458beb5922823236026/gnocchi.4c4a45f2-5abf-4c71-bbab-a40d598be05f/1780920000.0_mean_300.0_v3" "tx904284e6409341d796992-006a2d1615" "proxy-server 20" 0.0128 "-" 22 0
Jun 13 08:34:29 np0000072641 object-server[124923]: 172.20.0.104 - - [13/Jun/2026:08:34:29 +0000] "PUT /d1/310/AUTH_88ae32f2c8204458beb5922823236026/gnocchi.7bc840a1-2b21-4e53-915f-00bc6707220c/1780920000.0_mean_300.0_v3" 201 - "PUT http://172.18.0.157:8080/v1/AUTH_88ae32f2c8204458beb5922823236026/gnocchi.7bc840a1-2b21-4e53-915f-00bc6707220c/1780920000.0_mean_300.0_v3" "txeb9df8ecc87243bfa85a1-006a2d1615" "proxy-server 20" 0.0170 "-" 22 0
Jun 13 08:34:29 np0000072641 container-server[124621]: 172.20.0.104 - - [13/Jun/2026:08:34:29 +0000] "PUT /d1/679/AUTH_88ae32f2c8204458beb5922823236026/gnocchi.ddb99d94-e52f-4b2c-a4be-a6113ad66107/none_v3" 201 - "PUT http://172.18.0.157:8080/d1/305/AUTH_88ae32f2c8204458beb5922823236026/gnocchi.ddb99d94-e52f-4b2c-a4be-a6113ad66107/none_v3" "txdb92a210d8a64bf48714f-006a2d1615" "object-server 22" 0.0005 "-" 23 0
Jun 13 08:34:29 np0000072641 object-server[124938]: 172.20.0.103 - - [13/Jun/2026:08:34:29 +0000] "PUT /d1/305/AUTH_88ae32f2c8204458beb5922823236026/gnocchi.ddb99d94-e52f-4b2c-a4be-a6113ad66107/none_v3" 201 - "PUT http://172.18.0.157:8080/v1/AUTH_88ae32f2c8204458beb5922823236026/gnocchi.ddb99d94-e52f-4b2c-a4be-a6113ad66107/none_v3" "txdb92a210d8a64bf48714f-006a2d1615" "proxy-server 20" 0.0160 "-" 24 0
Jun 13 08:34:29 np0000072641 proxy-server[126064]: 172.18.0.103 172.18.0.104 13/Jun/2026/08/34/29 PUT /v1/AUTH_88ae32f2c8204458beb5922823236026/gnocchi.ddb99d94-e52f-4b2c-a4be-a6113ad66107/none_v3 HTTP/1.0 201 - python-swiftclient-3.11.1 gAAAAABqLRXF7NW_... 22 - - txdb92a210d8a64bf48714f-006a2d1615 - 0.0485 - - 1781339669.767830133 1781339669.816327095 0
Jun 13 08:34:29 np0000072641 container-server[124601]: 172.20.0.105 - - [13/Jun/2026:08:34:29 +0000] "PUT /d1/333/AUTH_88ae32f2c8204458beb5922823236026/gnocchi.7bc840a1-2b21-4e53-915f-00bc6707220c/none_v3" 201 - "PUT http://172.18.0.157:8080/d1/769/AUTH_88ae32f2c8204458beb5922823236026/gnocchi.7bc840a1-2b21-4e53-915f-00bc6707220c/none_v3" "tx9feb50e00e0c4c8ba757c-006a2d1615" "object-server 21" 0.0006 "-" 21 0
Jun 13 08:34:29 np0000072641 container-server[124617]: 172.20.0.105 - - [13/Jun/2026:08:34:29 +0000] "PUT /d1/582/AUTH_88ae32f2c8204458beb5922823236026/gnocchi.4c4a45f2-5abf-4c71-bbab-a40d598be05f/none_v3" 201 - "PUT http://172.18.0.157:8080/d1/824/AUTH_88ae32f2c8204458beb5922823236026/gnocchi.4c4a45f2-5abf-4c71-bbab-a40d598be05f/none_v3" "tx2309fe78b7394c04bb8bb-006a2d1615" "object-server 16" 0.0004 "-" 22 0
Jun 13 08:34:29 np0000072641 object-server[124923]: 172.20.0.104 - - [13/Jun/2026:08:34:29 +0000] "PUT /d1/769/AUTH_88ae32f2c8204458beb5922823236026/gnocchi.7bc840a1-2b21-4e53-915f-00bc6707220c/none_v3" 201 - "PUT http://172.18.0.157:8080/v1/AUTH_88ae32f2c8204458beb5922823236026/gnocchi.7bc840a1-2b21-4e53-915f-00bc6707220c/none_v3" "tx9feb50e00e0c4c8ba757c-006a2d1615" "proxy-server 20" 0.0174 "-" 22 0
Jun 13 08:34:29 np0000072641 object-server[124940]: 172.20.0.105 - - [13/Jun/2026:08:34:29 +0000] "PUT /d1/824/AUTH_88ae32f2c8204458beb5922823236026/gnocchi.4c4a45f2-5abf-4c71-bbab-a40d598be05f/none_v3" 201 - "PUT http://172.18.0.157:8080/v1/AUTH_88ae32f2c8204458beb5922823236026/gnocchi.4c4a45f2-5abf-4c71-bbab-a40d598be05f/none_v3" "tx2309fe78b7394c04bb8bb-006a2d1615" "proxy-server 20" 0.0180 "-" 25 0
Jun 13 08:34:29 np0000072641 container-server[124597]: 172.20.0.103 - - [13/Jun/2026:08:34:29 +0000] "HEAD /d1/884/AUTH_88ae32f2c8204458beb5922823236026/gnocchi.9effecb2-f7e5-4f9d-a23e-1378be07bbd4" 404 - "HEAD http://172.18.0.157:8080/v1/AUTH_88ae32f2c8204458beb5922823236026/gnocchi.9effecb2-f7e5-4f9d-a23e-1378be07bbd4?format=json&states=listing" "txda0174e866854bda8f0e9-006a2d1615" "proxy-server 20" 0.0004 "-" 20 0
Jun 13 08:34:29 np0000072641 object-server[124938]: 172.20.0.103 - - [13/Jun/2026:08:34:29 +0000] "GET /d1/491/AUTH_88ae32f2c8204458beb5922823236026/gnocchi.9effecb2-f7e5-4f9d-a23e-1378be07bbd4/none_v3" 404 70 "GET http://172.18.0.157:8080/v1/AUTH_88ae32f2c8204458beb5922823236026/gnocchi.9effecb2-f7e5-4f9d-a23e-1378be07bbd4/none_v3" "txda0174e866854bda8f0e9-006a2d1615" "proxy-server 20" 0.0005 "-" 24 0
Jun 13 08:34:29 np0000072641 proxy-server[126064]: 172.18.0.103 172.18.0.104 13/Jun/2026/08/34/29 GET /v1/AUTH_88ae32f2c8204458beb5922823236026/gnocchi.9effecb2-f7e5-4f9d-a23e-1378be07bbd4/none_v3 HTTP/1.0 404 - python-swiftclient-3.11.1 gAAAAABqLRXF7NW_... - 70 - txda0174e866854bda8f0e9-006a2d1615 - 0.0260 - - 1781339669.832371235 1781339669.858412743 0
Jun 13 08:34:29 np0000072641 container-server[124597]: 172.20.0.104 - - [13/Jun/2026:08:34:29 +0000] "HEAD /d1/25/AUTH_88ae32f2c8204458beb5922823236026/gnocchi.5d9fec3a-afff-43be-8090-f7c93982f0a8" 404 - "HEAD http://172.18.0.157:8080/v1/AUTH_88ae32f2c8204458beb5922823236026/gnocchi.5d9fec3a-afff-43be-8090-f7c93982f0a8?format=json&states=listing" "tx625a669076d84ffaba9ae-006a2d1615" "proxy-server 20" 0.0005 "-" 20 0
Jun 13 08:34:29 np0000072641 object-server[124940]: 172.20.0.104 - - [13/Jun/2026:08:34:29 +0000] "GET /d1/987/AUTH_88ae32f2c8204458beb5922823236026/gnocchi.5d9fec3a-afff-43be-8090-f7c93982f0a8/none_v3" 404 70 "GET http://172.18.0.157:8080/v1/AUTH_88ae32f2c8204458beb5922823236026/gnocchi.5d9fec3a-afff-43be-8090-f7c93982f0a8/none_v3" "tx625a669076d84ffaba9ae-006a2d1615" "proxy-server 20" 0.0003 "-" 25 0
Jun 13 08:34:29 np0000072641 account-server[124251]: 172.20.0.105 - - [13/Jun/2026:08:34:29 +0000] "PUT /d1/953/AUTH_88ae32f2c8204458beb5922823236026/gnocchi.9effecb2-f7e5-4f9d-a23e-1378be07bbd4" 201 - "PUT http://172.20.0.105:6001/d1/884/AUTH_88ae32f2c8204458beb5922823236026/gnocchi.9effecb2-f7e5-4f9d-a23e-1378be07bbd4" "tx5a94f3404ca1491b8cf64-006a2d1615" "container-server 14" 0.0080 "-" 23 0
Jun 13 08:34:29 np0000072641 container-server[124617]: 172.20.0.105 - - [13/Jun/2026:08:34:29 +0000] "PUT /d1/884/AUTH_88ae32f2c8204458beb5922823236026/gnocchi.9effecb2-f7e5-4f9d-a23e-1378be07bbd4" 201 - "PUT http://172.18.0.157:8080/v1/AUTH_88ae32f2c8204458beb5922823236026/gnocchi.9effecb2-f7e5-4f9d-a23e-1378be07bbd4" "tx5a94f3404ca1491b8cf64-006a2d1615" "proxy-server 20" 0.0160 "-" 22 0
Jun 13 08:34:29 np0000072641 account-server[124232]: 172.20.0.103 - - [13/Jun/2026:08:34:29 +0000] "PUT /d1/953/AUTH_88ae32f2c8204458beb5922823236026/gnocchi.5d9fec3a-afff-43be-8090-f7c93982f0a8" 201 - "PUT http://172.20.0.103:6001/d1/25/AUTH_88ae32f2c8204458beb5922823236026/gnocchi.5d9fec3a-afff-43be-8090-f7c93982f0a8" "txb750d65ff8ac4f73aa0ed-006a2d1615" "container-server 23" 0.0050 "-" 20 0
Jun 13 08:34:29 np0000072641 container-server[124621]: 172.20.0.103 - - [13/Jun/2026:08:34:29 +0000] "PUT /d1/25/AUTH_88ae32f2c8204458beb5922823236026/gnocchi.5d9fec3a-afff-43be-8090-f7c93982f0a8" 201 - "PUT http://172.18.0.157:8080/v1/AUTH_88ae32f2c8204458beb5922823236026/gnocchi.5d9fec3a-afff-43be-8090-f7c93982f0a8" "txb750d65ff8ac4f73aa0ed-006a2d1615" "proxy-server 20" 0.0132 "-" 23 0
Jun 13 08:34:29 np0000072641 container-server[124601]: 172.20.0.104 - - [13/Jun/2026:08:34:29 +0000] "HEAD /d1/884/AUTH_88ae32f2c8204458beb5922823236026/gnocchi.9effecb2-f7e5-4f9d-a23e-1378be07bbd4" 204 - "HEAD http://172.18.0.157:8080/v1/AUTH_88ae32f2c8204458beb5922823236026/gnocchi.9effecb2-f7e5-4f9d-a23e-1378be07bbd4?format=json&states=listing" "tx1e9e5347f4fa48dea4692-006a2d1615" "proxy-server 20" 0.0023 "-" 21 0
Jun 13 08:34:29 np0000072641 proxy-server[126064]: 172.18.0.105 172.18.0.104 13/Jun/2026/08/34/29 PUT /v1/AUTH_88ae32f2c8204458beb5922823236026/gnocchi.5d9fec3a-afff-43be-8090-f7c93982f0a8 HTTP/1.0 201 - python-swiftclient-3.11.1 gAAAAABqLRW9KbrP... - - - txb750d65ff8ac4f73aa0ed-006a2d1615 - 0.0256 - - 1781339669.891862631 1781339669.917446136 0
Jun 13 08:34:29 np0000072641 container-server[124601]: 172.20.0.105 - - [13/Jun/2026:08:34:29 +0000] "HEAD /d1/25/AUTH_88ae32f2c8204458beb5922823236026/gnocchi.5d9fec3a-afff-43be-8090-f7c93982f0a8" 204 - "HEAD http://172.18.0.157:8080/v1/AUTH_88ae32f2c8204458beb5922823236026/gnocchi.5d9fec3a-afff-43be-8090-f7c93982f0a8?format=json&states=listing" "txdc2abcec9b0d415cad9ca-006a2d1615" "proxy-server 20" 0.0021 "-" 21 0
Jun 13 08:34:29 np0000072641 object-server[124938]: 172.20.0.103 - - [13/Jun/2026:08:34:29 +0000] "GET /d1/574/AUTH_88ae32f2c8204458beb5922823236026/gnocchi.9effecb2-f7e5-4f9d-a23e-1378be07bbd4/1780920000.0_mean_300.0_v3" 404 70 "GET http://172.18.0.157:8080/v1/AUTH_88ae32f2c8204458beb5922823236026/gnocchi.9effecb2-f7e5-4f9d-a23e-1378be07bbd4/1780920000.0_mean_300.0_v3" "tx2eefea0bb16b490b97b8f-006a2d1615" "proxy-server 20" 0.0004 "-" 24 0
Jun 13 08:34:29 np0000072641 proxy-server[126064]: 172.18.0.103 172.18.0.104 13/Jun/2026/08/34/29 GET /v1/AUTH_88ae32f2c8204458beb5922823236026/gnocchi.9effecb2-f7e5-4f9d-a23e-1378be07bbd4/1780920000.0_mean_300.0_v3 HTTP/1.0 404 - python-swiftclient-3.11.1 gAAAAABqLRXF7NW_... - 70 - tx2eefea0bb16b490b97b8f-006a2d1615 - 0.0133 - - 1781339669.932982206 1781339669.946276665 0
Jun 13 08:34:29 np0000072641 object-server[124938]: 172.20.0.103 - - [13/Jun/2026:08:34:29 +0000] "GET /d1/915/AUTH_88ae32f2c8204458beb5922823236026/gnocchi.5d9fec3a-afff-43be-8090-f7c93982f0a8/1780920000.0_mean_300.0_v3" 404 70 "GET http://172.18.0.157:8080/v1/AUTH_88ae32f2c8204458beb5922823236026/gnocchi.5d9fec3a-afff-43be-8090-f7c93982f0a8/1780920000.0_mean_300.0_v3" "txf9b40234461a47e5a5c84-006a2d1615" "proxy-server 20" 0.0004 "-" 24 0
Jun 13 08:34:29 np0000072641 proxy-server[126064]: 172.18.0.105 172.18.0.104 13/Jun/2026/08/34/29 GET /v1/AUTH_88ae32f2c8204458beb5922823236026/gnocchi.5d9fec3a-afff-43be-8090-f7c93982f0a8/1780920000.0_mean_300.0_v3 HTTP/1.0 404 - python-swiftclient-3.11.1 gAAAAABqLRW9KbrP... - 70 - txf9b40234461a47e5a5c84-006a2d1615 - 0.0134 - - 1781339669.957709789 1781339669.971106052 0
Jun 13 08:34:29 np0000072641 container-server[124597]: 172.20.0.103 - - [13/Jun/2026:08:34:29 +0000] "PUT /d1/884/AUTH_88ae32f2c8204458beb5922823236026/gnocchi.9effecb2-f7e5-4f9d-a23e-1378be07bbd4/1780920000.0_mean_300.0_v3" 201 - "PUT http://172.18.0.157:8080/d1/574/AUTH_88ae32f2c8204458beb5922823236026/gnocchi.9effecb2-f7e5-4f9d-a23e-1378be07bbd4/1780920000.0_mean_300.0_v3" "txe6cecd939a6d4a1abf79a-006a2d1615" "object-server 25" 0.0009 "-" 20 0
Jun 13 08:34:29 np0000072641 object-server[124940]: 172.20.0.104 - - [13/Jun/2026:08:34:29 +0000] "PUT /d1/574/AUTH_88ae32f2c8204458beb5922823236026/gnocchi.9effecb2-f7e5-4f9d-a23e-1378be07bbd4/1780920000.0_mean_300.0_v3" 201 - "PUT http://172.18.0.157:8080/v1/AUTH_88ae32f2c8204458beb5922823236026/gnocchi.9effecb2-f7e5-4f9d-a23e-1378be07bbd4/1780920000.0_mean_300.0_v3" "txe6cecd939a6d4a1abf79a-006a2d1615" "proxy-server 20" 0.0116 "-" 25 0
Jun 13 08:34:29 np0000072641 object-server[124564]: 27/27 (100.00%) partitions replicated in 0.64s (42.47/sec, 0s remaining)
Jun 13 08:34:29 np0000072641 object-server[124564]: 54 successes, 0 failures
Jun 13 08:34:29 np0000072641 object-server[124564]: 27 suffixes checked - 40.74% hashed, 0.00% synced
Jun 13 08:34:29 np0000072641 object-server[124564]: Partition times: max 0.0547s, min 0.0070s, med 0.0133s
Jun 13 08:34:29 np0000072641 object-server[124564]: Object replication complete. (0.01 minutes)
Jun 13 08:34:29 np0000072641 container-server[124597]: 172.20.0.105 - - [13/Jun/2026:08:34:29 +0000] "PUT /d1/25/AUTH_88ae32f2c8204458beb5922823236026/gnocchi.5d9fec3a-afff-43be-8090-f7c93982f0a8/1780920000.0_mean_300.0_v3" 201 - "PUT http://172.18.0.157:8080/d1/915/AUTH_88ae32f2c8204458beb5922823236026/gnocchi.5d9fec3a-afff-43be-8090-f7c93982f0a8/1780920000.0_mean_300.0_v3" "tx019471adaa9b4e1a86db6-006a2d1615" "object-server 20" 0.0009 "-" 20 0
Jun 13 08:34:29 np0000072641 object-server[124940]: 172.20.0.105 - - [13/Jun/2026:08:34:29 +0000] "PUT /d1/915/AUTH_88ae32f2c8204458beb5922823236026/gnocchi.5d9fec3a-afff-43be-8090-f7c93982f0a8/1780920000.0_mean_300.0_v3" 201 - "PUT http://172.18.0.157:8080/v1/AUTH_88ae32f2c8204458beb5922823236026/gnocchi.5d9fec3a-afff-43be-8090-f7c93982f0a8/1780920000.0_mean_300.0_v3" "tx019471adaa9b4e1a86db6-006a2d1615" "proxy-server 20" 0.0109 "-" 25 0
Jun 13 08:34:30 np0000072641 container-server[124601]: 172.20.0.105 - - [13/Jun/2026:08:34:30 +0000] "PUT /d1/884/AUTH_88ae32f2c8204458beb5922823236026/gnocchi.9effecb2-f7e5-4f9d-a23e-1378be07bbd4/none_v3" 201 - "PUT http://172.18.0.157:8080/d1/491/AUTH_88ae32f2c8204458beb5922823236026/gnocchi.9effecb2-f7e5-4f9d-a23e-1378be07bbd4/none_v3" "tx549463653ac64df6a6e06-006a2d1615" "object-server 16" 0.0007 "-" 21 0
Jun 13 08:34:30 np0000072641 object-server[124923]: 172.20.0.103 - - [13/Jun/2026:08:34:30 +0000] "PUT /d1/491/AUTH_88ae32f2c8204458beb5922823236026/gnocchi.9effecb2-f7e5-4f9d-a23e-1378be07bbd4/none_v3" 201 - "PUT http://172.18.0.157:8080/v1/AUTH_88ae32f2c8204458beb5922823236026/gnocchi.9effecb2-f7e5-4f9d-a23e-1378be07bbd4/none_v3" "tx549463653ac64df6a6e06-006a2d1615" "proxy-server 20" 0.0135 "-" 22 0
Jun 13 08:34:30 np0000072641 proxy-server[126064]: 172.18.0.103 172.18.0.104 13/Jun/2026/08/34/30 PUT /v1/AUTH_88ae32f2c8204458beb5922823236026/gnocchi.9effecb2-f7e5-4f9d-a23e-1378be07bbd4/none_v3 HTTP/1.0 201 - python-swiftclient-3.11.1 gAAAAABqLRXF7NW_... 22 - - tx549463653ac64df6a6e06-006a2d1615 - 0.0253 - - 1781339669.982624531 1781339670.007925510 0
Jun 13 08:34:30 np0000072641 object-server[124923]: 172.20.0.104 - - [13/Jun/2026:08:34:30 +0000] "PUT /d1/987/AUTH_88ae32f2c8204458beb5922823236026/gnocchi.5d9fec3a-afff-43be-8090-f7c93982f0a8/none_v3" 201 - "PUT http://172.18.0.157:8080/v1/AUTH_88ae32f2c8204458beb5922823236026/gnocchi.5d9fec3a-afff-43be-8090-f7c93982f0a8/none_v3" "txce4fbcc3492742f3ab6e8-006a2d1616" "proxy-server 20" 0.0129 "-" 22 0
Jun 13 08:34:30 np0000072641 container-server[124597]: 172.20.0.105 - - [13/Jun/2026:08:34:30 +0000] "PUT /d1/25/AUTH_88ae32f2c8204458beb5922823236026/gnocchi.5d9fec3a-afff-43be-8090-f7c93982f0a8/none_v3" 201 - "PUT http://172.18.0.157:8080/d1/987/AUTH_88ae32f2c8204458beb5922823236026/gnocchi.5d9fec3a-afff-43be-8090-f7c93982f0a8/none_v3" "txce4fbcc3492742f3ab6e8-006a2d1616" "object-server 20" 0.0008 "-" 20 0
Jun 13 08:34:30 np0000072641 object-server[226764]: Begin object audit "forever" mode (ZBF)
Jun 13 08:34:30 np0000072641 object-server[226765]: Begin object audit "forever" mode (ALL)
Jun 13 08:34:30 np0000072641 object-server[226764]: Object audit (ZBF). Since Sat Jun 13 08:34:30 2026: Locally: 1 passed, 0 quarantined, 0 errors, files/sec: 616.99, bytes/sec: 0.00, Total time: 0.00, Auditing time: 0.00, Rate: 0.00
Jun 13 08:34:30 np0000072641 object-server[226765]: Object audit (ALL). Since Sat Jun 13 08:34:30 2026: Locally: 1 passed, 0 quarantined, 0 errors, files/sec: 107.29, bytes/sec: 1716.69, Total time: 0.01, Auditing time: 0.00, Rate: 0.00
Jun 13 08:34:31 np0000072641 object-server[226764]: Object audit (ZBF) "forever" mode completed: 0.84s. Total quarantined: 0, Total errors: 0, Total files/sec: 52.18, Total bytes/sec: 0.00, Auditing time: 0.83, Rate: 0.99
Jun 13 08:34:32 np0000072641 object-server[226765]: Object audit (ALL) "forever" mode completed: 2.11s. Total quarantined: 0, Total errors: 0, Total files/sec: 20.83, Total bytes/sec: 400.55, Auditing time: 2.10, Rate: 0.99
Jun 13 08:34:35 np0000072641 container-server[124059]: Beginning replication run
Jun 13 08:34:36 np0000072641 container-server[124059]: Replication run OVER
Jun 13 08:34:36 np0000072641 container-server[124059]: Attempted to replicate 22 dbs in 0.97850 seconds (22.48333/s)
Jun 13 08:34:36 np0000072641 container-server[124059]: Removed 0 dbs
Jun 13 08:34:36 np0000072641 container-server[124059]: 44 successes, 0 failures
Jun 13 08:34:36 np0000072641 container-server[124059]: diff:0 diff_capped:0 empty:0 hashmatch:0 no_change:44 remote_merge:0 rsync:0 ts_repl:0
Jun 13 08:34:42 np0000072641 account-server[123927]: Beginning replication run
Jun 13 08:34:42 np0000072641 account-server[123927]: Replication run OVER
Jun 13 08:34:42 np0000072641 account-server[123927]: Attempted to replicate 1 dbs in 0.02475 seconds (40.39961/s)
Jun 13 08:34:42 np0000072641 account-server[123927]: Removed 0 dbs
Jun 13 08:34:42 np0000072641 account-server[123927]: 2 successes, 0 failures
Jun 13 08:34:42 np0000072641 account-server[123927]: diff:0 diff_capped:0 empty:0 hashmatch:0 no_change:2 remote_merge:0 rsync:0 ts_repl:0
Jun 13 08:34:59 np0000072641 object-server[124564]: Starting object replication pass.
Jun 13 08:35:00 np0000072641 object-server[124564]: 44/44 (100.00%) partitions replicated in 0.43s (103.52/sec, 0s remaining)
Jun 13 08:35:00 np0000072641 object-server[124564]: 88 successes, 0 failures
Jun 13 08:35:00 np0000072641 object-server[124564]: 44 suffixes checked - 0.00% hashed, 0.00% synced
Jun 13 08:35:00 np0000072641 object-server[124564]: Partition times: max 0.0155s, min 0.0063s, med 0.0089s
Jun 13 08:35:00 np0000072641 object-server[124564]: Object replication complete. (0.01 minutes)
Jun 13 08:35:01 np0000072641 object-server[226793]: Begin object audit "forever" mode (ZBF)
Jun 13 08:35:01 np0000072641 object-server[226793]: Object audit (ZBF). Since Sat Jun 13 08:35:01 2026: Locally: 1 passed, 0 quarantined, 0 errors, files/sec: 486.13, bytes/sec: 0.00, Total time: 0.00, Auditing time: 0.00, Rate: 0.00
Jun 13 08:35:02 np0000072641 object-server[226793]: Object audit (ZBF) "forever" mode completed: 0.84s. Total quarantined: 0, Total errors: 0, Total files/sec: 52.16, Total bytes/sec: 0.00, Auditing time: 0.83, Rate: 0.99
Jun 13 08:35:05 np0000072641 container-server[124059]: Beginning replication run
Jun 13 08:35:06 np0000072641 container-server[124059]: Replication run OVER
Jun 13 08:35:06 np0000072641 container-server[124059]: Attempted to replicate 22 dbs in 0.42828 seconds (51.36855/s)
Jun 13 08:35:06 np0000072641 container-server[124059]: Removed 0 dbs
Jun 13 08:35:06 np0000072641 container-server[124059]: 44 successes, 0 failures
Jun 13 08:35:06 np0000072641 container-server[124059]: diff:0 diff_capped:0 empty:0 hashmatch:0 no_change:44 remote_merge:0 rsync:0 ts_repl:0
Jun 13 08:35:12 np0000072641 account-server[123927]: Beginning replication run
Jun 13 08:35:12 np0000072641 account-server[123927]: Replication run OVER
Jun 13 08:35:12 np0000072641 account-server[123927]: Attempted to replicate 1 dbs in 0.02003 seconds (49.93551/s)
Jun 13 08:35:12 np0000072641 account-server[123927]: Removed 0 dbs
Jun 13 08:35:12 np0000072641 account-server[123927]: 2 successes, 0 failures
Jun 13 08:35:12 np0000072641 account-server[123927]: diff:0 diff_capped:0 empty:0 hashmatch:0 no_change:2 remote_merge:0 rsync:0 ts_repl:0
Jun 13 08:35:30 np0000072641 object-server[124564]: Starting object replication pass.
Jun 13 08:35:30 np0000072641 object-server[124564]: 44/44 (100.00%) partitions replicated in 0.38s (114.94/sec, 0s remaining)
Jun 13 08:35:30 np0000072641 object-server[124564]: 88 successes, 0 failures
Jun 13 08:35:30 np0000072641 object-server[124564]: 44 suffixes checked - 0.00% hashed, 0.00% synced
Jun 13 08:35:30 np0000072641 object-server[124564]: Partition times: max 0.0223s, min 0.0048s, med 0.0081s
Jun 13 08:35:30 np0000072641 object-server[124564]: Object replication complete. (0.01 minutes)
Jun 13 08:35:32 np0000072641 object-server[232968]: Begin object audit "forever" mode (ALL)
Jun 13 08:35:32 np0000072641 object-server[232967]: Begin object audit "forever" mode (ZBF)
Jun 13 08:35:32 np0000072641 object-server[232967]: Object audit (ZBF). Since Sat Jun 13 08:35:32 2026: Locally: 1 passed, 0 quarantined, 0 errors, files/sec: 408.24, bytes/sec: 0.00, Total time: 0.00, Auditing time: 0.00, Rate: 0.00
Jun 13 08:35:32 np0000072641 object-server[232968]: Object audit (ALL). Since Sat Jun 13 08:35:32 2026: Locally: 1 passed, 0 quarantined, 0 errors, files/sec: 132.05, bytes/sec: 2112.73, Total time: 0.01, Auditing time: 0.00, Rate: 0.00
Jun 13 08:35:33 np0000072641 object-server[232967]: Object audit (ZBF) "forever" mode completed: 0.84s. Total quarantined: 0, Total errors: 0, Total files/sec: 52.13, Total bytes/sec: 0.00, Auditing time: 0.83, Rate: 0.98
Jun 13 08:35:34 np0000072641 object-server[232968]: Object audit (ALL) "forever" mode completed: 2.11s. Total quarantined: 0, Total errors: 0, Total files/sec: 20.86, Total bytes/sec: 401.05, Auditing time: 2.10, Rate: 0.99
Jun 13 08:35:35 np0000072641 container-server[124059]: Beginning replication run
Jun 13 08:35:36 np0000072641 container-server[124059]: Replication run OVER
Jun 13 08:35:36 np0000072641 container-server[124059]: Attempted to replicate 22 dbs in 0.43752 seconds (50.28318/s)
Jun 13 08:35:36 np0000072641 container-server[124059]: Removed 0 dbs
Jun 13 08:35:36 np0000072641 container-server[124059]: 44 successes, 0 failures
Jun 13 08:35:36 np0000072641 container-server[124059]: diff:0 diff_capped:0 empty:0 hashmatch:0 no_change:44 remote_merge:0 rsync:0 ts_repl:0
Jun 13 08:35:42 np0000072641 account-server[124251]: 172.20.0.105 - - [13/Jun/2026:08:35:42 +0000] "PUT /d1/953/AUTH_88ae32f2c8204458beb5922823236026/gnocchi.4c4a45f2-5abf-4c71-bbab-a40d598be05f" 201 - "-" "-" "container-updater 2" 0.0012 "-" 23 0
Jun 13 08:35:42 np0000072641 account-server[124251]: 172.20.0.105 - - [13/Jun/2026:08:35:42 +0000] "PUT /d1/953/AUTH_88ae32f2c8204458beb5922823236026/gnocchi.5d9fec3a-afff-43be-8090-f7c93982f0a8" 201 - "-" "-" "container-updater 2" 0.0008 "-" 23 0
Jun 13 08:35:42 np0000072641 account-server[124251]: 172.20.0.105 - - [13/Jun/2026:08:35:42 +0000] "PUT /d1/953/AUTH_88ae32f2c8204458beb5922823236026/gnocchi.e1c795b2-0eb3-4c3f-90e0-885cd6449c6a" 201 - "-" "-" "container-updater 2" 0.0006 "-" 23 0
Jun 13 08:35:42 np0000072641 account-server[124232]: 172.20.0.105 - - [13/Jun/2026:08:35:42 +0000] "PUT /d1/953/AUTH_88ae32f2c8204458beb5922823236026/gnocchi.16488f8c-b4d9-48a1-8bdd-c128f2675fa0" 201 - "-" "-" "container-updater 2" 0.0005 "-" 20 0
Jun 13 08:35:42 np0000072641 account-server[123927]: Beginning replication run
Jun 13 08:35:42 np0000072641 account-server[123927]: Replication run OVER
Jun 13 08:35:42 np0000072641 account-server[123927]: Attempted to replicate 1 dbs in 0.03886 seconds (25.73028/s)
Jun 13 08:35:42 np0000072641 account-server[123927]: Removed 0 dbs
Jun 13 08:35:42 np0000072641 account-server[123927]: 2 successes, 0 failures
Jun 13 08:35:42 np0000072641 account-server[123927]: diff:0 diff_capped:0 empty:0 hashmatch:0 no_change:2 remote_merge:0 rsync:0 ts_repl:0
Jun 13 08:35:42 np0000072641 account-server[124251]: 172.20.0.105 - - [13/Jun/2026:08:35:42 +0000] "PUT /d1/953/AUTH_88ae32f2c8204458beb5922823236026/gnocchi.9effecb2-f7e5-4f9d-a23e-1378be07bbd4" 201 - "-" "-" "container-updater 2" 0.0004 "-" 23 0
Jun 13 08:35:42 np0000072641 account-server[124232]: 172.20.0.105 - - [13/Jun/2026:08:35:42 +0000] "PUT /d1/953/AUTH_88ae32f2c8204458beb5922823236026/gnocchi.fd52dd80-d730-48ec-bdb1-310c92916bce" 201 - "-" "-" "container-updater 2" 0.0007 "-" 20 0
Jun 13 08:35:42 np0000072641 account-server[124243]: 172.20.0.105 - - [13/Jun/2026:08:35:42 +0000] "PUT /d1/953/AUTH_88ae32f2c8204458beb5922823236026/gnocchi.c39fffcf-1749-401d-849b-d23b5a9f5fcd" 201 - "-" "-" "container-updater 2" 0.0007 "-" 22 0
Jun 13 08:35:42 np0000072641 account-server[124251]: 172.20.0.105 - - [13/Jun/2026:08:35:42 +0000] "PUT /d1/953/AUTH_88ae32f2c8204458beb5922823236026/gnocchi.46b3007c-d10a-4334-83ba-39bee951cd43" 201 - "-" "-" "container-updater 2" 0.0008 "-" 23 0
Jun 13 08:35:43 np0000072641 account-server[124243]: 172.20.0.105 - - [13/Jun/2026:08:35:43 +0000] "PUT /d1/953/AUTH_88ae32f2c8204458beb5922823236026/gnocchi.764772c8-6eef-4bc0-ab31-48b64cda24a1" 201 - "-" "-" "container-updater 2" 0.0007 "-" 22 0
Jun 13 08:35:43 np0000072641 account-server[124251]: 172.20.0.105 - - [13/Jun/2026:08:35:43 +0000] "PUT /d1/953/AUTH_88ae32f2c8204458beb5922823236026/gnocchi.2adf911e-81c4-4a63-8433-7872c4562a3a" 201 - "-" "-" "container-updater 2" 0.0007 "-" 23 0
Jun 13 08:35:43 np0000072641 account-server[124243]: 172.20.0.105 - - [13/Jun/2026:08:35:43 +0000] "PUT /d1/953/AUTH_88ae32f2c8204458beb5922823236026/gnocchi.b1e3aebb-54c2-4838-bf78-34a7e54b5195" 201 - "-" "-" "container-updater 2" 0.0010 "-" 22 0
Jun 13 08:35:43 np0000072641 account-server[124232]: 172.20.0.105 - - [13/Jun/2026:08:35:43 +0000] "PUT /d1/953/AUTH_88ae32f2c8204458beb5922823236026/gnocchi.02fb4429-dd8a-44e9-8dc6-b6f02cc12874" 201 - "-" "-" "container-updater 2" 0.0006 "-" 20 0
