Jun 13 08:34:29 np0000072642 proxy-server[123202]: 172.18.0.105 172.18.0.104 13/Jun/2026/08/34/29 GET /v1/AUTH_88ae32f2c8204458beb5922823236026/gnocchi.ba2754ce-c679-4af1-9b5b-7caf60ee5a7c/none_v3 HTTP/1.0 404 - python-swiftclient-3.11.1 gAAAAABqLRW9KbrP... - 70 - txfac0477945d14fa18c250-006a2d1615 - 0.0208 - - 1781339669.405641794 1781339669.426403522 0
Jun 13 08:34:29 np0000072642 account-server[121041]: 172.20.0.104 - - [13/Jun/2026:08:34:29 +0000] "PUT /d1/953/AUTH_88ae32f2c8204458beb5922823236026/gnocchi.1c8ac7b8-b2a4-477b-a46d-de8f76cb926c" 201 - "PUT http://172.20.0.104:6001/d1/636/AUTH_88ae32f2c8204458beb5922823236026/gnocchi.1c8ac7b8-b2a4-477b-a46d-de8f76cb926c" "tx15676692df1e4b3d847ff-006a2d1615" "container-server 17" 0.0042 "-" 22 0
Jun 13 08:34:29 np0000072642 container-server[121436]: 172.20.0.105 - - [13/Jun/2026:08:34:29 +0000] "PUT /d1/636/AUTH_88ae32f2c8204458beb5922823236026/gnocchi.1c8ac7b8-b2a4-477b-a46d-de8f76cb926c" 201 - "PUT http://172.18.0.157:8080/v1/AUTH_88ae32f2c8204458beb5922823236026/gnocchi.1c8ac7b8-b2a4-477b-a46d-de8f76cb926c" "tx15676692df1e4b3d847ff-006a2d1615" "proxy-server 20" 0.0130 "-" 17 0
Jun 13 08:34:29 np0000072642 proxy-server[123202]: - - 13/Jun/2026/08/34/29 HEAD /v1/AUTH_88ae32f2c8204458beb5922823236026/gnocchi.b5a44d0c-02ec-444c-bc8f-f2c1ce9880c1%3Fformat%3Djson%26states%3Dlisting HTTP/1.0 204 - Swift - - - - tx863d69ace26e451e9cddd-006a2d1615 - 0.0064 RL - 1781339669.431971788 1781339669.438407183 0
Jun 13 08:34:29 np0000072642 proxy-server[123202]: 172.18.0.103 172.18.0.104 13/Jun/2026/08/34/29 GET /v1/AUTH_88ae32f2c8204458beb5922823236026/gnocchi.b5a44d0c-02ec-444c-bc8f-f2c1ce9880c1%3Fformat%3Djson%26states%3Dlisting HTTP/1.0 200 - python-swiftclient-3.11.1 gAAAAABqLRXF7NW_... - 2 - tx863d69ace26e451e9cddd-006a2d1615 - 0.0152 - - 1781339669.430498123 1781339669.445722818 0
Jun 13 08:34:29 np0000072642 container-server[121436]: 172.20.0.103 - - [13/Jun/2026:08:34:29 +0000] "PUT /d1/110/AUTH_88ae32f2c8204458beb5922823236026/gnocchi.ba2754ce-c679-4af1-9b5b-7caf60ee5a7c" 201 - "PUT http://172.18.0.157:8080/v1/AUTH_88ae32f2c8204458beb5922823236026/gnocchi.ba2754ce-c679-4af1-9b5b-7caf60ee5a7c" "tx9c5dc02e6c7444a28bee1-006a2d1615" "proxy-server 20" 0.0165 "-" 17 0
Jun 13 08:34:29 np0000072642 account-server[121035]: 172.20.0.105 - - [13/Jun/2026:08:34:29 +0000] "PUT /d1/953/AUTH_88ae32f2c8204458beb5922823236026/gnocchi.ba2754ce-c679-4af1-9b5b-7caf60ee5a7c" 201 - "PUT http://172.20.0.105:6001/d1/110/AUTH_88ae32f2c8204458beb5922823236026/gnocchi.ba2754ce-c679-4af1-9b5b-7caf60ee5a7c" "tx9c5dc02e6c7444a28bee1-006a2d1615" "container-server 16" 0.0040 "-" 21 0
Jun 13 08:34:29 np0000072642 object-server[121873]: 172.20.0.104 - - [13/Jun/2026:08:34:29 +0000] "GET /d1/429/AUTH_88ae32f2c8204458beb5922823236026/gnocchi.b5a44d0c-02ec-444c-bc8f-f2c1ce9880c1/1780920000.0_mean_300.0_v3" 404 70 "GET http://172.18.0.157:8080/v1/AUTH_88ae32f2c8204458beb5922823236026/gnocchi.b5a44d0c-02ec-444c-bc8f-f2c1ce9880c1/1780920000.0_mean_300.0_v3" "tx71370d6f6a5b42109b532-006a2d1615" "proxy-server 20" 0.0003 "-" 22 0
Jun 13 08:34:29 np0000072642 proxy-server[123202]: 172.18.0.103 172.18.0.104 13/Jun/2026/08/34/29 GET /v1/AUTH_88ae32f2c8204458beb5922823236026/gnocchi.b5a44d0c-02ec-444c-bc8f-f2c1ce9880c1/1780920000.0_mean_300.0_v3 HTTP/1.0 404 - python-swiftclient-3.11.1 gAAAAABqLRXF7NW_... - 70 - tx71370d6f6a5b42109b532-006a2d1615 - 0.0132 - - 1781339669.450624228 1781339669.463804007 0
Jun 13 08:34:29 np0000072642 container-server[121472]: 172.20.0.103 - - [13/Jun/2026:08:34:29 +0000] "HEAD /d1/110/AUTH_88ae32f2c8204458beb5922823236026/gnocchi.ba2754ce-c679-4af1-9b5b-7caf60ee5a7c" 204 - "HEAD http://172.18.0.157:8080/v1/AUTH_88ae32f2c8204458beb5922823236026/gnocchi.ba2754ce-c679-4af1-9b5b-7caf60ee5a7c?format=json&states=listing" "txe9d85176a37548ba85c71-006a2d1615" "proxy-server 20" 0.0011 "-" 20 0
Jun 13 08:34:29 np0000072642 container-server[121472]: 172.20.0.103 - - [13/Jun/2026:08:34:29 +0000] "GET /d1/110/AUTH_88ae32f2c8204458beb5922823236026/gnocchi.ba2754ce-c679-4af1-9b5b-7caf60ee5a7c" 200 2 "GET http://172.18.0.157:8080/v1/AUTH_88ae32f2c8204458beb5922823236026/gnocchi.ba2754ce-c679-4af1-9b5b-7caf60ee5a7c?format=json&states=listing" "txe9d85176a37548ba85c71-006a2d1615" "proxy-server 20" 0.0020 "-" 20 0
Jun 13 08:34:29 np0000072642 object-server[121873]: 172.20.0.105 - - [13/Jun/2026:08:34:29 +0000] "GET /d1/949/AUTH_88ae32f2c8204458beb5922823236026/gnocchi.1c8ac7b8-b2a4-477b-a46d-de8f76cb926c/1780920000.0_mean_300.0_v3" 404 70 "GET http://172.18.0.157:8080/v1/AUTH_88ae32f2c8204458beb5922823236026/gnocchi.1c8ac7b8-b2a4-477b-a46d-de8f76cb926c/1780920000.0_mean_300.0_v3" "tx585afa1c415e40bf8cdf9-006a2d1615" "proxy-server 20" 0.0003 "-" 22 0
Jun 13 08:34:29 np0000072642 object-server[121873]: 172.20.0.103 - - [13/Jun/2026:08:34:29 +0000] "GET /d1/1000/AUTH_88ae32f2c8204458beb5922823236026/gnocchi.ba2754ce-c679-4af1-9b5b-7caf60ee5a7c/1780920000.0_mean_300.0_v3" 404 70 "GET http://172.18.0.157:8080/v1/AUTH_88ae32f2c8204458beb5922823236026/gnocchi.ba2754ce-c679-4af1-9b5b-7caf60ee5a7c/1780920000.0_mean_300.0_v3" "tx548d5c322e5c468ca604d-006a2d1615" "proxy-server 20" 0.0002 "-" 22 0
Jun 13 08:34:29 np0000072642 object-server[121873]: 172.20.0.104 - - [13/Jun/2026:08:34:29 +0000] "PUT /d1/429/AUTH_88ae32f2c8204458beb5922823236026/gnocchi.b5a44d0c-02ec-444c-bc8f-f2c1ce9880c1/1780920000.0_mean_300.0_v3" 201 - "PUT http://172.18.0.157:8080/v1/AUTH_88ae32f2c8204458beb5922823236026/gnocchi.b5a44d0c-02ec-444c-bc8f-f2c1ce9880c1/1780920000.0_mean_300.0_v3" "txb3b2018636aa4aaabd743-006a2d1615" "proxy-server 20" 0.0111 "-" 22 0
Jun 13 08:34:29 np0000072642 container-server[121453]: 172.20.0.105 - - [13/Jun/2026:08:34:29 +0000] "PUT /d1/813/AUTH_88ae32f2c8204458beb5922823236026/gnocchi.b5a44d0c-02ec-444c-bc8f-f2c1ce9880c1/1780920000.0_mean_300.0_v3" 201 - "PUT http://172.18.0.157:8080/d1/429/AUTH_88ae32f2c8204458beb5922823236026/gnocchi.b5a44d0c-02ec-444c-bc8f-f2c1ce9880c1/1780920000.0_mean_300.0_v3" "txb3b2018636aa4aaabd743-006a2d1615" "object-server 21" 0.0014 "-" 18 0
Jun 13 08:34:29 np0000072642 proxy-server[123202]: 172.18.0.103 172.18.0.104 13/Jun/2026/08/34/29 PUT /v1/AUTH_88ae32f2c8204458beb5922823236026/gnocchi.b5a44d0c-02ec-444c-bc8f-f2c1ce9880c1/1780920000.0_mean_300.0_v3 HTTP/1.0 201 - python-swiftclient-3.11.1 gAAAAABqLRXF7NW_... 16 - - txb3b2018636aa4aaabd743-006a2d1615 - 0.0260 - - 1781339669.469768763 1781339669.495750666 0
Jun 13 08:34:29 np0000072642 container-server[121464]: 172.20.0.103 - - [13/Jun/2026:08:34:29 +0000] "PUT /d1/636/AUTH_88ae32f2c8204458beb5922823236026/gnocchi.1c8ac7b8-b2a4-477b-a46d-de8f76cb926c/1780920000.0_mean_300.0_v3" 201 - "PUT http://172.18.0.157:8080/d1/949/AUTH_88ae32f2c8204458beb5922823236026/gnocchi.1c8ac7b8-b2a4-477b-a46d-de8f76cb926c/1780920000.0_mean_300.0_v3" "tx75066f7c83d249e385e82-006a2d1615" "object-server 23" 0.0006 "-" 19 0
Jun 13 08:34:29 np0000072642 object-server[121904]: 172.20.0.105 - - [13/Jun/2026:08:34:29 +0000] "PUT /d1/949/AUTH_88ae32f2c8204458beb5922823236026/gnocchi.1c8ac7b8-b2a4-477b-a46d-de8f76cb926c/1780920000.0_mean_300.0_v3" 201 - "PUT http://172.18.0.157:8080/v1/AUTH_88ae32f2c8204458beb5922823236026/gnocchi.1c8ac7b8-b2a4-477b-a46d-de8f76cb926c/1780920000.0_mean_300.0_v3" "tx75066f7c83d249e385e82-006a2d1615" "proxy-server 20" 0.0164 "-" 24 0
Jun 13 08:34:29 np0000072642 container-server[121472]: 172.20.0.103 - - [13/Jun/2026:08:34:29 +0000] "PUT /d1/813/AUTH_88ae32f2c8204458beb5922823236026/gnocchi.b5a44d0c-02ec-444c-bc8f-f2c1ce9880c1/none_v3" 201 - "PUT http://172.18.0.157:8080/d1/47/AUTH_88ae32f2c8204458beb5922823236026/gnocchi.b5a44d0c-02ec-444c-bc8f-f2c1ce9880c1/none_v3" "tx3c29556993bc446b961a4-006a2d1615" "object-server 25" 0.0005 "-" 20 0
Jun 13 08:34:29 np0000072642 object-server[121884]: 172.20.0.103 - - [13/Jun/2026:08:34:29 +0000] "PUT /d1/47/AUTH_88ae32f2c8204458beb5922823236026/gnocchi.b5a44d0c-02ec-444c-bc8f-f2c1ce9880c1/none_v3" 201 - "PUT http://172.18.0.157:8080/v1/AUTH_88ae32f2c8204458beb5922823236026/gnocchi.b5a44d0c-02ec-444c-bc8f-f2c1ce9880c1/none_v3" "tx3c29556993bc446b961a4-006a2d1615" "proxy-server 20" 0.0135 "-" 23 0
Jun 13 08:34:29 np0000072642 container-server[121472]: 172.20.0.103 - - [13/Jun/2026:08:34:29 +0000] "PUT /d1/110/AUTH_88ae32f2c8204458beb5922823236026/gnocchi.ba2754ce-c679-4af1-9b5b-7caf60ee5a7c/1780920000.0_mean_300.0_v3" 201 - "PUT http://172.18.0.157:8080/d1/1000/AUTH_88ae32f2c8204458beb5922823236026/gnocchi.ba2754ce-c679-4af1-9b5b-7caf60ee5a7c/1780920000.0_mean_300.0_v3" "tx6c4486cf102646179e5ab-006a2d1615" "object-server 25" 0.0004 "-" 20 0
Jun 13 08:34:29 np0000072642 object-server[121884]: 172.20.0.104 - - [13/Jun/2026:08:34:29 +0000] "PUT /d1/1000/AUTH_88ae32f2c8204458beb5922823236026/gnocchi.ba2754ce-c679-4af1-9b5b-7caf60ee5a7c/1780920000.0_mean_300.0_v3" 201 - "PUT http://172.18.0.157:8080/v1/AUTH_88ae32f2c8204458beb5922823236026/gnocchi.ba2754ce-c679-4af1-9b5b-7caf60ee5a7c/1780920000.0_mean_300.0_v3" "tx6c4486cf102646179e5ab-006a2d1615" "proxy-server 20" 0.0140 "-" 23 0
Jun 13 08:34:29 np0000072642 proxy-server[123202]: 172.18.0.105 172.18.0.104 13/Jun/2026/08/34/29 PUT /v1/AUTH_88ae32f2c8204458beb5922823236026/gnocchi.ba2754ce-c679-4af1-9b5b-7caf60ee5a7c/1780920000.0_mean_300.0_v3 HTTP/1.0 201 - python-swiftclient-3.11.1 gAAAAABqLRW9KbrP... 16 - - tx6c4486cf102646179e5ab-006a2d1615 - 0.0311 - - 1781339669.498881578 1781339669.530001163 0
Jun 13 08:34:29 np0000072642 object-server[121884]: 172.20.0.105 - - [13/Jun/2026:08:34:29 +0000] "PUT /d1/264/AUTH_88ae32f2c8204458beb5922823236026/gnocchi.1c8ac7b8-b2a4-477b-a46d-de8f76cb926c/none_v3" 201 - "PUT http://172.18.0.157:8080/v1/AUTH_88ae32f2c8204458beb5922823236026/gnocchi.1c8ac7b8-b2a4-477b-a46d-de8f76cb926c/none_v3" "tx28cbb75b93eb4a818d529-006a2d1615" "proxy-server 20" 0.0166 "-" 23 0
Jun 13 08:34:29 np0000072642 container-server[121453]: 172.20.0.103 - - [13/Jun/2026:08:34:29 +0000] "PUT /d1/110/AUTH_88ae32f2c8204458beb5922823236026/gnocchi.ba2754ce-c679-4af1-9b5b-7caf60ee5a7c/none_v3" 201 - "PUT http://172.18.0.157:8080/d1/476/AUTH_88ae32f2c8204458beb5922823236026/gnocchi.ba2754ce-c679-4af1-9b5b-7caf60ee5a7c/none_v3" "txb8ff0e87c02040f78eb5b-006a2d1615" "object-server 22" 0.0014 "-" 18 0
Jun 13 08:34:29 np0000072642 object-server[121904]: 172.20.0.104 - - [13/Jun/2026:08:34:29 +0000] "PUT /d1/476/AUTH_88ae32f2c8204458beb5922823236026/gnocchi.ba2754ce-c679-4af1-9b5b-7caf60ee5a7c/none_v3" 201 - "PUT http://172.18.0.157:8080/v1/AUTH_88ae32f2c8204458beb5922823236026/gnocchi.ba2754ce-c679-4af1-9b5b-7caf60ee5a7c/none_v3" "txb8ff0e87c02040f78eb5b-006a2d1615" "proxy-server 20" 0.0222 "-" 24 0
Jun 13 08:34:29 np0000072642 container-server[121436]: 172.20.0.105 - - [13/Jun/2026:08:34:29 +0000] "PUT /d1/636/AUTH_88ae32f2c8204458beb5922823236026/gnocchi.1c8ac7b8-b2a4-477b-a46d-de8f76cb926c/none_v3" 201 - "PUT http://172.18.0.157:8080/d1/264/AUTH_88ae32f2c8204458beb5922823236026/gnocchi.1c8ac7b8-b2a4-477b-a46d-de8f76cb926c/none_v3" "tx28cbb75b93eb4a818d529-006a2d1615" "object-server 22" 0.0008 "-" 17 0
Jun 13 08:34:29 np0000072642 proxy-server[123202]: 172.18.0.105 172.18.0.104 13/Jun/2026/08/34/29 PUT /v1/AUTH_88ae32f2c8204458beb5922823236026/gnocchi.ba2754ce-c679-4af1-9b5b-7caf60ee5a7c/none_v3 HTTP/1.0 201 - python-swiftclient-3.11.1 gAAAAABqLRW9KbrP... 22 - - txb8ff0e87c02040f78eb5b-006a2d1615 - 0.0392 - - 1781339669.534682274 1781339669.573908806 0
Jun 13 08:34:29 np0000072642 container-server[121464]: 172.20.0.103 - - [13/Jun/2026:08:34:29 +0000] "HEAD /d1/679/AUTH_88ae32f2c8204458beb5922823236026/gnocchi.ddb99d94-e52f-4b2c-a4be-a6113ad66107" 404 - "HEAD http://172.18.0.157:8080/v1/AUTH_88ae32f2c8204458beb5922823236026/gnocchi.ddb99d94-e52f-4b2c-a4be-a6113ad66107?format=json&states=listing" "tx4f2e2d945f5c461080ec1-006a2d1615" "proxy-server 20" 0.0004 "-" 19 0
Jun 13 08:34:29 np0000072642 container-server[121472]: 172.20.0.104 - - [13/Jun/2026:08:34:29 +0000] "HEAD /d1/333/AUTH_88ae32f2c8204458beb5922823236026/gnocchi.7bc840a1-2b21-4e53-915f-00bc6707220c" 404 - "HEAD http://172.18.0.157:8080/v1/AUTH_88ae32f2c8204458beb5922823236026/gnocchi.7bc840a1-2b21-4e53-915f-00bc6707220c?format=json&states=listing" "txd55510519ed74fae9ad46-006a2d1615" "proxy-server 20" 0.0005 "-" 20 0
Jun 13 08:34:29 np0000072642 object-server[121927]: 172.20.0.103 - - [13/Jun/2026:08:34:29 +0000] "GET /d1/305/AUTH_88ae32f2c8204458beb5922823236026/gnocchi.ddb99d94-e52f-4b2c-a4be-a6113ad66107/none_v3" 404 70 "GET http://172.18.0.157:8080/v1/AUTH_88ae32f2c8204458beb5922823236026/gnocchi.ddb99d94-e52f-4b2c-a4be-a6113ad66107/none_v3" "tx4f2e2d945f5c461080ec1-006a2d1615" "proxy-server 20" 0.0009 "-" 25 0
Jun 13 08:34:29 np0000072642 container-server[121453]: 172.20.0.105 - - [13/Jun/2026:08:34:29 +0000] "HEAD /d1/582/AUTH_88ae32f2c8204458beb5922823236026/gnocchi.4c4a45f2-5abf-4c71-bbab-a40d598be05f" 404 - "HEAD http://172.18.0.157:8080/v1/AUTH_88ae32f2c8204458beb5922823236026/gnocchi.4c4a45f2-5abf-4c71-bbab-a40d598be05f?format=json&states=listing" "tx9f0efbc4bc254e3d8801b-006a2d1615" "proxy-server 20" 0.0005 "-" 18 0
Jun 13 08:34:29 np0000072642 object-server[121927]: 172.20.0.104 - - [13/Jun/2026:08:34:29 +0000] "GET /d1/769/AUTH_88ae32f2c8204458beb5922823236026/gnocchi.7bc840a1-2b21-4e53-915f-00bc6707220c/none_v3" 404 70 "GET http://172.18.0.157:8080/v1/AUTH_88ae32f2c8204458beb5922823236026/gnocchi.7bc840a1-2b21-4e53-915f-00bc6707220c/none_v3" "txd55510519ed74fae9ad46-006a2d1615" "proxy-server 20" 0.0004 "-" 25 0
Jun 13 08:34:29 np0000072642 object-server[121927]: 172.20.0.105 - - [13/Jun/2026:08:34:29 +0000] "GET /d1/824/AUTH_88ae32f2c8204458beb5922823236026/gnocchi.4c4a45f2-5abf-4c71-bbab-a40d598be05f/none_v3" 404 70 "GET http://172.18.0.157:8080/v1/AUTH_88ae32f2c8204458beb5922823236026/gnocchi.4c4a45f2-5abf-4c71-bbab-a40d598be05f/none_v3" "tx9f0efbc4bc254e3d8801b-006a2d1615" "proxy-server 20" 0.0003 "-" 25 0
Jun 13 08:34:29 np0000072642 proxy-server[123202]: 172.18.0.105 172.18.0.104 13/Jun/2026/08/34/29 GET /v1/AUTH_88ae32f2c8204458beb5922823236026/gnocchi.7bc840a1-2b21-4e53-915f-00bc6707220c/none_v3 HTTP/1.0 404 - python-swiftclient-3.11.1 gAAAAABqLRW9KbrP... - 70 - txd55510519ed74fae9ad46-006a2d1615 - 0.0309 - - 1781339669.621138573 1781339669.652000189 0
Jun 13 08:34:29 np0000072642 container-server[121453]: 172.20.0.103 - - [13/Jun/2026:08:34:29 +0000] "PUT /d1/679/AUTH_88ae32f2c8204458beb5922823236026/gnocchi.ddb99d94-e52f-4b2c-a4be-a6113ad66107" 201 - "PUT http://172.18.0.157:8080/v1/AUTH_88ae32f2c8204458beb5922823236026/gnocchi.ddb99d94-e52f-4b2c-a4be-a6113ad66107" "tx83eb003fcafd45faae0ab-006a2d1615" "proxy-server 20" 0.0173 "-" 18 0
Jun 13 08:34:29 np0000072642 account-server[121029]: 172.20.0.105 - - [13/Jun/2026:08:34:29 +0000] "PUT /d1/953/AUTH_88ae32f2c8204458beb5922823236026/gnocchi.ddb99d94-e52f-4b2c-a4be-a6113ad66107" 201 - "PUT http://172.20.0.105:6001/d1/679/AUTH_88ae32f2c8204458beb5922823236026/gnocchi.ddb99d94-e52f-4b2c-a4be-a6113ad66107" "tx83eb003fcafd45faae0ab-006a2d1615" "container-server 17" 0.0082 "-" 20 0
Jun 13 08:34:29 np0000072642 account-server[121035]: 172.20.0.104 - - [13/Jun/2026:08:34:29 +0000] "PUT /d1/953/AUTH_88ae32f2c8204458beb5922823236026/gnocchi.4c4a45f2-5abf-4c71-bbab-a40d598be05f" 201 - "PUT http://172.20.0.104:6001/d1/582/AUTH_88ae32f2c8204458beb5922823236026/gnocchi.4c4a45f2-5abf-4c71-bbab-a40d598be05f" "txfffd2c027ef74c659b0cc-006a2d1615" "container-server 19" 0.0054 "-" 21 0
Jun 13 08:34:29 np0000072642 container-server[121464]: 172.20.0.105 - - [13/Jun/2026:08:34:29 +0000] "PUT /d1/582/AUTH_88ae32f2c8204458beb5922823236026/gnocchi.4c4a45f2-5abf-4c71-bbab-a40d598be05f" 201 - "PUT http://172.18.0.157:8080/v1/AUTH_88ae32f2c8204458beb5922823236026/gnocchi.4c4a45f2-5abf-4c71-bbab-a40d598be05f" "txfffd2c027ef74c659b0cc-006a2d1615" "proxy-server 20" 0.0157 "-" 19 0
Jun 13 08:34:29 np0000072642 container-server[121472]: 172.20.0.104 - - [13/Jun/2026:08:34:29 +0000] "PUT /d1/333/AUTH_88ae32f2c8204458beb5922823236026/gnocchi.7bc840a1-2b21-4e53-915f-00bc6707220c" 201 - "PUT http://172.18.0.157:8080/v1/AUTH_88ae32f2c8204458beb5922823236026/gnocchi.7bc840a1-2b21-4e53-915f-00bc6707220c" "txbb3dbcae04b24792a5692-006a2d1615" "proxy-server 20" 0.0213 "-" 20 0
Jun 13 08:34:29 np0000072642 account-server[121035]: 172.20.0.105 - - [13/Jun/2026:08:34:29 +0000] "PUT /d1/953/AUTH_88ae32f2c8204458beb5922823236026/gnocchi.7bc840a1-2b21-4e53-915f-00bc6707220c" 201 - "PUT http://172.20.0.105:6001/d1/333/AUTH_88ae32f2c8204458beb5922823236026/gnocchi.7bc840a1-2b21-4e53-915f-00bc6707220c" "txbb3dbcae04b24792a5692-006a2d1615" "container-server 14" 0.0053 "-" 21 0
Jun 13 08:34:29 np0000072642 proxy-server[123202]: 172.18.0.105 172.18.0.104 13/Jun/2026/08/34/29 PUT /v1/AUTH_88ae32f2c8204458beb5922823236026/gnocchi.7bc840a1-2b21-4e53-915f-00bc6707220c HTTP/1.0 201 - python-swiftclient-3.11.1 gAAAAABqLRW9KbrP... - - - txbb3dbcae04b24792a5692-006a2d1615 - 0.0404 - - 1781339669.656808376 1781339669.697247267 0
Jun 13 08:34:29 np0000072642 proxy-server[123202]: - - 13/Jun/2026/08/34/29 HEAD /v1/AUTH_88ae32f2c8204458beb5922823236026/gnocchi.7bc840a1-2b21-4e53-915f-00bc6707220c%3Fformat%3Djson%26states%3Dlisting HTTP/1.0 204 - Swift - - - - tx1073edb77db446299fc82-006a2d1615 - 0.0044 RL - 1781339669.704475164 1781339669.708892345 0
Jun 13 08:34:29 np0000072642 container-server[121472]: 172.20.0.104 - - [13/Jun/2026:08:34:29 +0000] "GET /d1/333/AUTH_88ae32f2c8204458beb5922823236026/gnocchi.7bc840a1-2b21-4e53-915f-00bc6707220c" 200 2 "GET http://172.18.0.157:8080/v1/AUTH_88ae32f2c8204458beb5922823236026/gnocchi.7bc840a1-2b21-4e53-915f-00bc6707220c?format=json&states=listing" "tx1073edb77db446299fc82-006a2d1615" "proxy-server 20" 0.0053 "-" 20 0
Jun 13 08:34:29 np0000072642 proxy-server[123202]: 172.18.0.105 172.18.0.104 13/Jun/2026/08/34/29 GET /v1/AUTH_88ae32f2c8204458beb5922823236026/gnocchi.7bc840a1-2b21-4e53-915f-00bc6707220c%3Fformat%3Djson%26states%3Dlisting HTTP/1.0 200 - python-swiftclient-3.11.1 gAAAAABqLRW9KbrP... - 2 - tx1073edb77db446299fc82-006a2d1615 - 0.0176 - - 1781339669.702832460 1781339669.720471382 0
Jun 13 08:34:29 np0000072642 object-server[121927]: 172.20.0.103 - - [13/Jun/2026:08:34:29 +0000] "GET /d1/207/AUTH_88ae32f2c8204458beb5922823236026/gnocchi.ddb99d94-e52f-4b2c-a4be-a6113ad66107/1780920000.0_mean_300.0_v3" 404 70 "GET http://172.18.0.157:8080/v1/AUTH_88ae32f2c8204458beb5922823236026/gnocchi.ddb99d94-e52f-4b2c-a4be-a6113ad66107/1780920000.0_mean_300.0_v3" "txc238a3d58c9d4f649c8ab-006a2d1615" "proxy-server 20" 0.0006 "-" 25 0
Jun 13 08:34:29 np0000072642 object-server[121904]: 172.20.0.105 - - [13/Jun/2026:08:34:29 +0000] "GET /d1/865/AUTH_88ae32f2c8204458beb5922823236026/gnocchi.4c4a45f2-5abf-4c71-bbab-a40d598be05f/1780920000.0_mean_300.0_v3" 404 70 "GET http://172.18.0.157:8080/v1/AUTH_88ae32f2c8204458beb5922823236026/gnocchi.4c4a45f2-5abf-4c71-bbab-a40d598be05f/1780920000.0_mean_300.0_v3" "tx120d9bf9fb424bc78d884-006a2d1615" "proxy-server 20" 0.0006 "-" 24 0
Jun 13 08:34:29 np0000072642 object-server[121904]: 172.20.0.104 - - [13/Jun/2026:08:34:29 +0000] "GET /d1/310/AUTH_88ae32f2c8204458beb5922823236026/gnocchi.7bc840a1-2b21-4e53-915f-00bc6707220c/1780920000.0_mean_300.0_v3" 404 70 "GET http://172.18.0.157:8080/v1/AUTH_88ae32f2c8204458beb5922823236026/gnocchi.7bc840a1-2b21-4e53-915f-00bc6707220c/1780920000.0_mean_300.0_v3" "tx84d66e3c2e23419a85e5c-006a2d1615" "proxy-server 20" 0.0005 "-" 24 0
Jun 13 08:34:29 np0000072642 proxy-server[123202]: 172.18.0.105 172.18.0.104 13/Jun/2026/08/34/29 GET /v1/AUTH_88ae32f2c8204458beb5922823236026/gnocchi.7bc840a1-2b21-4e53-915f-00bc6707220c/1780920000.0_mean_300.0_v3 HTTP/1.0 404 - python-swiftclient-3.11.1 gAAAAABqLRW9KbrP... - 70 - tx84d66e3c2e23419a85e5c-006a2d1615 - 0.0139 - - 1781339669.724254131 1781339669.738133430 0
Jun 13 08:34:29 np0000072642 container-server[121472]: 172.20.0.105 - - [13/Jun/2026:08:34:29 +0000] "PUT /d1/679/AUTH_88ae32f2c8204458beb5922823236026/gnocchi.ddb99d94-e52f-4b2c-a4be-a6113ad66107/1780920000.0_mean_300.0_v3" 201 - "PUT http://172.18.0.157:8080/d1/207/AUTH_88ae32f2c8204458beb5922823236026/gnocchi.ddb99d94-e52f-4b2c-a4be-a6113ad66107/1780920000.0_mean_300.0_v3" "txbdd6d0c7a2be4fa4a132a-006a2d1615" "object-server 20" 0.0014 "-" 20 0
Jun 13 08:34:29 np0000072642 object-server[121884]: 172.20.0.103 - - [13/Jun/2026:08:34:29 +0000] "PUT /d1/207/AUTH_88ae32f2c8204458beb5922823236026/gnocchi.ddb99d94-e52f-4b2c-a4be-a6113ad66107/1780920000.0_mean_300.0_v3" 201 - "PUT http://172.18.0.157:8080/v1/AUTH_88ae32f2c8204458beb5922823236026/gnocchi.ddb99d94-e52f-4b2c-a4be-a6113ad66107/1780920000.0_mean_300.0_v3" "txbdd6d0c7a2be4fa4a132a-006a2d1615" "proxy-server 20" 0.0207 "-" 23 0
Jun 13 08:34:29 np0000072642 object-server[121927]: 172.20.0.104 - - [13/Jun/2026:08:34:29 +0000] "PUT /d1/310/AUTH_88ae32f2c8204458beb5922823236026/gnocchi.7bc840a1-2b21-4e53-915f-00bc6707220c/1780920000.0_mean_300.0_v3" 201 - "PUT http://172.18.0.157:8080/v1/AUTH_88ae32f2c8204458beb5922823236026/gnocchi.7bc840a1-2b21-4e53-915f-00bc6707220c/1780920000.0_mean_300.0_v3" "txeb9df8ecc87243bfa85a1-006a2d1615" "proxy-server 20" 0.0151 "-" 25 0
Jun 13 08:34:29 np0000072642 container-server[121472]: 172.20.0.103 - - [13/Jun/2026:08:34:29 +0000] "PUT /d1/333/AUTH_88ae32f2c8204458beb5922823236026/gnocchi.7bc840a1-2b21-4e53-915f-00bc6707220c/1780920000.0_mean_300.0_v3" 201 - "PUT http://172.18.0.157:8080/d1/310/AUTH_88ae32f2c8204458beb5922823236026/gnocchi.7bc840a1-2b21-4e53-915f-00bc6707220c/1780920000.0_mean_300.0_v3" "txeb9df8ecc87243bfa85a1-006a2d1615" "object-server 22" 0.0011 "-" 20 0
Jun 13 08:34:29 np0000072642 container-server[121464]: 172.20.0.105 - - [13/Jun/2026:08:34:29 +0000] "PUT /d1/582/AUTH_88ae32f2c8204458beb5922823236026/gnocchi.4c4a45f2-5abf-4c71-bbab-a40d598be05f/1780920000.0_mean_300.0_v3" 201 - "PUT http://172.18.0.157:8080/d1/865/AUTH_88ae32f2c8204458beb5922823236026/gnocchi.4c4a45f2-5abf-4c71-bbab-a40d598be05f/1780920000.0_mean_300.0_v3" "tx904284e6409341d796992-006a2d1615" "object-server 22" 0.0005 "-" 19 0
Jun 13 08:34:29 np0000072642 object-server[121873]: 172.20.0.105 - - [13/Jun/2026:08:34:29 +0000] "PUT /d1/865/AUTH_88ae32f2c8204458beb5922823236026/gnocchi.4c4a45f2-5abf-4c71-bbab-a40d598be05f/1780920000.0_mean_300.0_v3" 201 - "PUT http://172.18.0.157:8080/v1/AUTH_88ae32f2c8204458beb5922823236026/gnocchi.4c4a45f2-5abf-4c71-bbab-a40d598be05f/1780920000.0_mean_300.0_v3" "tx904284e6409341d796992-006a2d1615" "proxy-server 20" 0.0442 "-" 22 0
Jun 13 08:34:29 np0000072642 object-server[121873]: 172.20.0.103 - - [13/Jun/2026:08:34:29 +0000] "PUT /d1/305/AUTH_88ae32f2c8204458beb5922823236026/gnocchi.ddb99d94-e52f-4b2c-a4be-a6113ad66107/none_v3" 201 - "PUT http://172.18.0.157:8080/v1/AUTH_88ae32f2c8204458beb5922823236026/gnocchi.ddb99d94-e52f-4b2c-a4be-a6113ad66107/none_v3" "txdb92a210d8a64bf48714f-006a2d1615" "proxy-server 20" 0.0129 "-" 22 0
Jun 13 08:34:29 np0000072642 proxy-server[123202]: 172.18.0.105 172.18.0.104 13/Jun/2026/08/34/29 PUT /v1/AUTH_88ae32f2c8204458beb5922823236026/gnocchi.7bc840a1-2b21-4e53-915f-00bc6707220c/1780920000.0_mean_300.0_v3 HTTP/1.0 201 - python-swiftclient-3.11.1 gAAAAABqLRW9KbrP... 16 - - txeb9df8ecc87243bfa85a1-006a2d1615 - 0.0603 - - 1781339669.741784573 1781339669.802103758 0
Jun 13 08:34:29 np0000072642 container-server[121436]: 172.20.0.105 - - [13/Jun/2026:08:34:29 +0000] "PUT /d1/679/AUTH_88ae32f2c8204458beb5922823236026/gnocchi.ddb99d94-e52f-4b2c-a4be-a6113ad66107/none_v3" 201 - "PUT http://172.18.0.157:8080/d1/305/AUTH_88ae32f2c8204458beb5922823236026/gnocchi.ddb99d94-e52f-4b2c-a4be-a6113ad66107/none_v3" "txdb92a210d8a64bf48714f-006a2d1615" "object-server 21" 0.0009 "-" 17 0
Jun 13 08:34:29 np0000072642 container-server[121472]: 172.20.0.104 - - [13/Jun/2026:08:34:29 +0000] "PUT /d1/333/AUTH_88ae32f2c8204458beb5922823236026/gnocchi.7bc840a1-2b21-4e53-915f-00bc6707220c/none_v3" 201 - "PUT http://172.18.0.157:8080/d1/769/AUTH_88ae32f2c8204458beb5922823236026/gnocchi.7bc840a1-2b21-4e53-915f-00bc6707220c/none_v3" "tx9feb50e00e0c4c8ba757c-006a2d1615" "object-server 23" 0.0008 "-" 20 0
Jun 13 08:34:29 np0000072642 object-server[121884]: 172.20.0.104 - - [13/Jun/2026:08:34:29 +0000] "PUT /d1/769/AUTH_88ae32f2c8204458beb5922823236026/gnocchi.7bc840a1-2b21-4e53-915f-00bc6707220c/none_v3" 201 - "PUT http://172.18.0.157:8080/v1/AUTH_88ae32f2c8204458beb5922823236026/gnocchi.7bc840a1-2b21-4e53-915f-00bc6707220c/none_v3" "tx9feb50e00e0c4c8ba757c-006a2d1615" "proxy-server 20" 0.0172 "-" 23 0
Jun 13 08:34:29 np0000072642 container-server[121436]: 172.20.0.103 - - [13/Jun/2026:08:34:29 +0000] "PUT /d1/582/AUTH_88ae32f2c8204458beb5922823236026/gnocchi.4c4a45f2-5abf-4c71-bbab-a40d598be05f/none_v3" 201 - "PUT http://172.18.0.157:8080/d1/824/AUTH_88ae32f2c8204458beb5922823236026/gnocchi.4c4a45f2-5abf-4c71-bbab-a40d598be05f/none_v3" "tx2309fe78b7394c04bb8bb-006a2d1615" "object-server 25" 0.0006 "-" 17 0
Jun 13 08:34:29 np0000072642 proxy-server[123202]: 172.18.0.105 172.18.0.104 13/Jun/2026/08/34/29 PUT /v1/AUTH_88ae32f2c8204458beb5922823236026/gnocchi.7bc840a1-2b21-4e53-915f-00bc6707220c/none_v3 HTTP/1.0 201 - python-swiftclient-3.11.1 gAAAAABqLRW9KbrP... 22 - - tx9feb50e00e0c4c8ba757c-006a2d1615 - 0.0267 - - 1781339669.805686951 1781339669.832357407 0
Jun 13 08:34:29 np0000072642 object-server[121884]: 172.20.0.105 - - [13/Jun/2026:08:34:29 +0000] "PUT /d1/824/AUTH_88ae32f2c8204458beb5922823236026/gnocchi.4c4a45f2-5abf-4c71-bbab-a40d598be05f/none_v3" 201 - "PUT http://172.18.0.157:8080/v1/AUTH_88ae32f2c8204458beb5922823236026/gnocchi.4c4a45f2-5abf-4c71-bbab-a40d598be05f/none_v3" "tx2309fe78b7394c04bb8bb-006a2d1615" "proxy-server 20" 0.0174 "-" 23 0
Jun 13 08:34:29 np0000072642 container-server[121472]: 172.20.0.103 - - [13/Jun/2026:08:34:29 +0000] "HEAD /d1/884/AUTH_88ae32f2c8204458beb5922823236026/gnocchi.9effecb2-f7e5-4f9d-a23e-1378be07bbd4" 404 - "HEAD http://172.18.0.157:8080/v1/AUTH_88ae32f2c8204458beb5922823236026/gnocchi.9effecb2-f7e5-4f9d-a23e-1378be07bbd4?format=json&states=listing" "txda0174e866854bda8f0e9-006a2d1615" "proxy-server 20" 0.0003 "-" 20 0
Jun 13 08:34:29 np0000072642 object-server[121904]: 172.20.0.103 - - [13/Jun/2026:08:34:29 +0000] "GET /d1/491/AUTH_88ae32f2c8204458beb5922823236026/gnocchi.9effecb2-f7e5-4f9d-a23e-1378be07bbd4/none_v3" 404 70 "GET http://172.18.0.157:8080/v1/AUTH_88ae32f2c8204458beb5922823236026/gnocchi.9effecb2-f7e5-4f9d-a23e-1378be07bbd4/none_v3" "txda0174e866854bda8f0e9-006a2d1615" "proxy-server 20" 0.0005 "-" 24 0
Jun 13 08:34:29 np0000072642 container-server[121472]: 172.20.0.104 - - [13/Jun/2026:08:34:29 +0000] "HEAD /d1/25/AUTH_88ae32f2c8204458beb5922823236026/gnocchi.5d9fec3a-afff-43be-8090-f7c93982f0a8" 404 - "HEAD http://172.18.0.157:8080/v1/AUTH_88ae32f2c8204458beb5922823236026/gnocchi.5d9fec3a-afff-43be-8090-f7c93982f0a8?format=json&states=listing" "tx625a669076d84ffaba9ae-006a2d1615" "proxy-server 20" 0.0003 "-" 20 0
Jun 13 08:34:29 np0000072642 object-server[121904]: 172.20.0.104 - - [13/Jun/2026:08:34:29 +0000] "GET /d1/987/AUTH_88ae32f2c8204458beb5922823236026/gnocchi.5d9fec3a-afff-43be-8090-f7c93982f0a8/none_v3" 404 70 "GET http://172.18.0.157:8080/v1/AUTH_88ae32f2c8204458beb5922823236026/gnocchi.5d9fec3a-afff-43be-8090-f7c93982f0a8/none_v3" "tx625a669076d84ffaba9ae-006a2d1615" "proxy-server 20" 0.0005 "-" 24 0
Jun 13 08:34:29 np0000072642 proxy-server[123202]: 172.18.0.105 172.18.0.104 13/Jun/2026/08/34/29 GET /v1/AUTH_88ae32f2c8204458beb5922823236026/gnocchi.5d9fec3a-afff-43be-8090-f7c93982f0a8/none_v3 HTTP/1.0 404 - python-swiftclient-3.11.1 gAAAAABqLRW9KbrP... - 70 - tx625a669076d84ffaba9ae-006a2d1615 - 0.0340 - - 1781339669.855044365 1781339669.889065504 0
Jun 13 08:34:29 np0000072642 account-server[121045]: 172.20.0.104 - - [13/Jun/2026:08:34:29 +0000] "PUT /d1/953/AUTH_88ae32f2c8204458beb5922823236026/gnocchi.9effecb2-f7e5-4f9d-a23e-1378be07bbd4" 201 - "PUT http://172.20.0.104:6001/d1/884/AUTH_88ae32f2c8204458beb5922823236026/gnocchi.9effecb2-f7e5-4f9d-a23e-1378be07bbd4" "tx5a94f3404ca1491b8cf64-006a2d1615" "container-server 17" 0.0096 "-" 23 0
Jun 13 08:34:29 np0000072642 container-server[121436]: 172.20.0.105 - - [13/Jun/2026:08:34:29 +0000] "PUT /d1/884/AUTH_88ae32f2c8204458beb5922823236026/gnocchi.9effecb2-f7e5-4f9d-a23e-1378be07bbd4" 201 - "PUT http://172.18.0.157:8080/v1/AUTH_88ae32f2c8204458beb5922823236026/gnocchi.9effecb2-f7e5-4f9d-a23e-1378be07bbd4" "tx5a94f3404ca1491b8cf64-006a2d1615" "proxy-server 20" 0.0228 "-" 17 0
Jun 13 08:34:29 np0000072642 proxy-server[123202]: - - 13/Jun/2026/08/34/29 HEAD /v1/AUTH_88ae32f2c8204458beb5922823236026/gnocchi.9effecb2-f7e5-4f9d-a23e-1378be07bbd4%3Fformat%3Djson%26states%3Dlisting HTTP/1.0 204 - Swift - - - - tx1e9e5347f4fa48dea4692-006a2d1615 - 0.0085 RL - 1781339669.905195951 1781339669.913724899 0
Jun 13 08:34:29 np0000072642 account-server[121045]: 172.20.0.105 - - [13/Jun/2026:08:34:29 +0000] "PUT /d1/953/AUTH_88ae32f2c8204458beb5922823236026/gnocchi.5d9fec3a-afff-43be-8090-f7c93982f0a8" 201 - "PUT http://172.20.0.105:6001/d1/25/AUTH_88ae32f2c8204458beb5922823236026/gnocchi.5d9fec3a-afff-43be-8090-f7c93982f0a8" "txb750d65ff8ac4f73aa0ed-006a2d1615" "container-server 16" 0.0055 "-" 23 0
Jun 13 08:34:29 np0000072642 container-server[121472]: 172.20.0.103 - - [13/Jun/2026:08:34:29 +0000] "PUT /d1/25/AUTH_88ae32f2c8204458beb5922823236026/gnocchi.5d9fec3a-afff-43be-8090-f7c93982f0a8" 201 - "PUT http://172.18.0.157:8080/v1/AUTH_88ae32f2c8204458beb5922823236026/gnocchi.5d9fec3a-afff-43be-8090-f7c93982f0a8" "txb750d65ff8ac4f73aa0ed-006a2d1615" "proxy-server 20" 0.0181 "-" 20 0
Jun 13 08:34:29 np0000072642 proxy-server[123202]: 172.18.0.103 172.18.0.104 13/Jun/2026/08/34/29 GET /v1/AUTH_88ae32f2c8204458beb5922823236026/gnocchi.9effecb2-f7e5-4f9d-a23e-1378be07bbd4%3Fformat%3Djson%26states%3Dlisting HTTP/1.0 200 - python-swiftclient-3.11.1 gAAAAABqLRXF7NW_... - 2 - tx1e9e5347f4fa48dea4692-006a2d1615 - 0.0268 - - 1781339669.902334690 1781339669.929153204 0
Jun 13 08:34:29 np0000072642 object-server[121927]: 172.20.0.103 - - [13/Jun/2026:08:34:29 +0000] "GET /d1/574/AUTH_88ae32f2c8204458beb5922823236026/gnocchi.9effecb2-f7e5-4f9d-a23e-1378be07bbd4/1780920000.0_mean_300.0_v3" 404 70 "GET http://172.18.0.157:8080/v1/AUTH_88ae32f2c8204458beb5922823236026/gnocchi.9effecb2-f7e5-4f9d-a23e-1378be07bbd4/1780920000.0_mean_300.0_v3" "tx2eefea0bb16b490b97b8f-006a2d1615" "proxy-server 20" 0.0004 "-" 25 0
Jun 13 08:34:29 np0000072642 container-server[121464]: 172.20.0.105 - - [13/Jun/2026:08:34:29 +0000] "GET /d1/25/AUTH_88ae32f2c8204458beb5922823236026/gnocchi.5d9fec3a-afff-43be-8090-f7c93982f0a8" 200 2 "GET http://172.18.0.157:8080/v1/AUTH_88ae32f2c8204458beb5922823236026/gnocchi.5d9fec3a-afff-43be-8090-f7c93982f0a8?format=json&states=listing" "txdc2abcec9b0d415cad9ca-006a2d1615" "proxy-server 20" 0.0055 "-" 19 0
Jun 13 08:34:29 np0000072642 object-server[121927]: 172.20.0.103 - - [13/Jun/2026:08:34:29 +0000] "GET /d1/915/AUTH_88ae32f2c8204458beb5922823236026/gnocchi.5d9fec3a-afff-43be-8090-f7c93982f0a8/1780920000.0_mean_300.0_v3" 404 70 "GET http://172.18.0.157:8080/v1/AUTH_88ae32f2c8204458beb5922823236026/gnocchi.5d9fec3a-afff-43be-8090-f7c93982f0a8/1780920000.0_mean_300.0_v3" "txf9b40234461a47e5a5c84-006a2d1615" "proxy-server 20" 0.0002 "-" 25 0
Jun 13 08:34:29 np0000072642 container-server[121453]: 172.20.0.105 - - [13/Jun/2026:08:34:29 +0000] "PUT /d1/884/AUTH_88ae32f2c8204458beb5922823236026/gnocchi.9effecb2-f7e5-4f9d-a23e-1378be07bbd4/1780920000.0_mean_300.0_v3" 201 - "PUT http://172.18.0.157:8080/d1/574/AUTH_88ae32f2c8204458beb5922823236026/gnocchi.9effecb2-f7e5-4f9d-a23e-1378be07bbd4/1780920000.0_mean_300.0_v3" "txe6cecd939a6d4a1abf79a-006a2d1615" "object-server 21" 0.0008 "-" 18 0
Jun 13 08:34:29 np0000072642 object-server[121927]: 172.20.0.104 - - [13/Jun/2026:08:34:29 +0000] "PUT /d1/574/AUTH_88ae32f2c8204458beb5922823236026/gnocchi.9effecb2-f7e5-4f9d-a23e-1378be07bbd4/1780920000.0_mean_300.0_v3" 201 - "PUT http://172.18.0.157:8080/v1/AUTH_88ae32f2c8204458beb5922823236026/gnocchi.9effecb2-f7e5-4f9d-a23e-1378be07bbd4/1780920000.0_mean_300.0_v3" "txe6cecd939a6d4a1abf79a-006a2d1615" "proxy-server 20" 0.0135 "-" 25 0
Jun 13 08:34:29 np0000072642 proxy-server[123202]: 172.18.0.103 172.18.0.104 13/Jun/2026/08/34/29 PUT /v1/AUTH_88ae32f2c8204458beb5922823236026/gnocchi.9effecb2-f7e5-4f9d-a23e-1378be07bbd4/1780920000.0_mean_300.0_v3 HTTP/1.0 201 - python-swiftclient-3.11.1 gAAAAABqLRXF7NW_... 16 - - txe6cecd939a6d4a1abf79a-006a2d1615 - 0.0271 - - 1781339669.951797724 1781339669.978881359 0
Jun 13 08:34:29 np0000072642 container-server[121436]: 172.20.0.104 - - [13/Jun/2026:08:34:29 +0000] "PUT /d1/25/AUTH_88ae32f2c8204458beb5922823236026/gnocchi.5d9fec3a-afff-43be-8090-f7c93982f0a8/1780920000.0_mean_300.0_v3" 201 - "PUT http://172.18.0.157:8080/d1/915/AUTH_88ae32f2c8204458beb5922823236026/gnocchi.5d9fec3a-afff-43be-8090-f7c93982f0a8/1780920000.0_mean_300.0_v3" "tx019471adaa9b4e1a86db6-006a2d1615" "object-server 25" 0.0008 "-" 17 0
Jun 13 08:34:29 np0000072642 object-server[121927]: 172.20.0.105 - - [13/Jun/2026:08:34:29 +0000] "PUT /d1/915/AUTH_88ae32f2c8204458beb5922823236026/gnocchi.5d9fec3a-afff-43be-8090-f7c93982f0a8/1780920000.0_mean_300.0_v3" 201 - "PUT http://172.18.0.157:8080/v1/AUTH_88ae32f2c8204458beb5922823236026/gnocchi.5d9fec3a-afff-43be-8090-f7c93982f0a8/1780920000.0_mean_300.0_v3" "tx019471adaa9b4e1a86db6-006a2d1615" "proxy-server 20" 0.0094 "-" 25 0
Jun 13 08:34:30 np0000072642 container-server[121453]: 172.20.0.104 - - [13/Jun/2026:08:34:30 +0000] "PUT /d1/884/AUTH_88ae32f2c8204458beb5922823236026/gnocchi.9effecb2-f7e5-4f9d-a23e-1378be07bbd4/none_v3" 201 - "PUT http://172.18.0.157:8080/d1/491/AUTH_88ae32f2c8204458beb5922823236026/gnocchi.9effecb2-f7e5-4f9d-a23e-1378be07bbd4/none_v3" "tx549463653ac64df6a6e06-006a2d1615" "object-server 25" 0.0006 "-" 18 0
Jun 13 08:34:30 np0000072642 object-server[121927]: 172.20.0.103 - - [13/Jun/2026:08:34:30 +0000] "PUT /d1/491/AUTH_88ae32f2c8204458beb5922823236026/gnocchi.9effecb2-f7e5-4f9d-a23e-1378be07bbd4/none_v3" 201 - "PUT http://172.18.0.157:8080/v1/AUTH_88ae32f2c8204458beb5922823236026/gnocchi.9effecb2-f7e5-4f9d-a23e-1378be07bbd4/none_v3" "tx549463653ac64df6a6e06-006a2d1615" "proxy-server 20" 0.0111 "-" 25 0
Jun 13 08:34:30 np0000072642 container-server[121453]: 172.20.0.104 - - [13/Jun/2026:08:34:30 +0000] "PUT /d1/25/AUTH_88ae32f2c8204458beb5922823236026/gnocchi.5d9fec3a-afff-43be-8090-f7c93982f0a8/none_v3" 201 - "PUT http://172.18.0.157:8080/d1/987/AUTH_88ae32f2c8204458beb5922823236026/gnocchi.5d9fec3a-afff-43be-8090-f7c93982f0a8/none_v3" "txce4fbcc3492742f3ab6e8-006a2d1616" "object-server 24" 0.0005 "-" 18 0
Jun 13 08:34:30 np0000072642 object-server[121904]: 172.20.0.104 - - [13/Jun/2026:08:34:30 +0000] "PUT /d1/987/AUTH_88ae32f2c8204458beb5922823236026/gnocchi.5d9fec3a-afff-43be-8090-f7c93982f0a8/none_v3" 201 - "PUT http://172.18.0.157:8080/v1/AUTH_88ae32f2c8204458beb5922823236026/gnocchi.5d9fec3a-afff-43be-8090-f7c93982f0a8/none_v3" "txce4fbcc3492742f3ab6e8-006a2d1616" "proxy-server 20" 0.0139 "-" 24 0
Jun 13 08:34:30 np0000072642 proxy-server[123202]: 172.18.0.105 172.18.0.104 13/Jun/2026/08/34/30 PUT /v1/AUTH_88ae32f2c8204458beb5922823236026/gnocchi.5d9fec3a-afff-43be-8090-f7c93982f0a8/none_v3 HTTP/1.0 201 - python-swiftclient-3.11.1 gAAAAABqLRW9KbrP... 22 - - txce4fbcc3492742f3ab6e8-006a2d1616 - 0.0304 - - 1781339670.000423193 1781339670.030835152 0
Jun 13 08:34:34 np0000072642 account-server[120729]: Beginning replication run
Jun 13 08:34:34 np0000072642 account-server[120729]: Replication run OVER
Jun 13 08:34:34 np0000072642 account-server[120729]: Attempted to replicate 1 dbs in 0.02617 seconds (38.21327/s)
Jun 13 08:34:34 np0000072642 account-server[120729]: Removed 0 dbs
Jun 13 08:34:34 np0000072642 account-server[120729]: 2 successes, 0 failures
Jun 13 08:34:34 np0000072642 account-server[120729]: diff:0 diff_capped:0 empty:0 hashmatch:0 no_change:2 remote_merge:0 rsync:0 ts_repl:0
Jun 13 08:34:44 np0000072642 container-server[121112]: Beginning replication run
Jun 13 08:34:44 np0000072642 container-server[121112]: Replication run OVER
Jun 13 08:34:44 np0000072642 container-server[121112]: Attempted to replicate 22 dbs in 0.52855 seconds (41.62305/s)
Jun 13 08:34:44 np0000072642 container-server[121112]: Removed 0 dbs
Jun 13 08:34:44 np0000072642 container-server[121112]: 44 successes, 0 failures
Jun 13 08:34:44 np0000072642 container-server[121112]: diff:0 diff_capped:0 empty:0 hashmatch:0 no_change:44 remote_merge:0 rsync:0 ts_repl:0
Jun 13 08:34:46 np0000072642 object-server[121575]: Starting object replication pass.
Jun 13 08:34:47 np0000072642 object-server[121575]: 44/44 (100.00%) partitions replicated in 0.69s (64.02/sec, 0s remaining)
Jun 13 08:34:47 np0000072642 object-server[121575]: 88 successes, 0 failures
Jun 13 08:34:47 np0000072642 object-server[121575]: 44 suffixes checked - 20.45% hashed, 0.00% synced
Jun 13 08:34:47 np0000072642 object-server[121575]: Partition times: max 0.0499s, min 0.0070s, med 0.0104s
Jun 13 08:34:47 np0000072642 object-server[121575]: Object replication complete. (0.01 minutes)
Jun 13 08:34:48 np0000072642 object-server[223249]: Begin object audit "forever" mode (ZBF)
Jun 13 08:34:48 np0000072642 object-server[223249]: Object audit (ZBF). Since Sat Jun 13 08:34:48 2026: Locally: 1 passed, 0 quarantined, 0 errors, files/sec: 581.25, bytes/sec: 0.00, Total time: 0.00, Auditing time: 0.00, Rate: 0.00
Jun 13 08:34:48 np0000072642 object-server[223250]: Begin object audit "forever" mode (ALL)
Jun 13 08:34:48 np0000072642 object-server[223250]: Object audit (ALL). Since Sat Jun 13 08:34:48 2026: Locally: 1 passed, 0 quarantined, 0 errors, files/sec: 100.79, bytes/sec: 1612.65, Total time: 0.01, Auditing time: 0.00, Rate: 0.00
Jun 13 08:34:49 np0000072642 object-server[223249]: Object audit (ZBF) "forever" mode completed: 0.84s. Total quarantined: 0, Total errors: 0, Total files/sec: 52.18, Total bytes/sec: 0.00, Auditing time: 0.83, Rate: 0.98
Jun 13 08:34:50 np0000072642 object-server[223250]: Object audit (ALL) "forever" mode completed: 2.11s. Total quarantined: 0, Total errors: 0, Total files/sec: 20.83, Total bytes/sec: 400.54, Auditing time: 2.10, Rate: 0.99
Jun 13 08:35:04 np0000072642 account-server[120729]: Beginning replication run
Jun 13 08:35:04 np0000072642 account-server[120729]: Replication run OVER
Jun 13 08:35:04 np0000072642 account-server[120729]: Attempted to replicate 1 dbs in 0.01372 seconds (72.87418/s)
Jun 13 08:35:04 np0000072642 account-server[120729]: Removed 0 dbs
Jun 13 08:35:04 np0000072642 account-server[120729]: 2 successes, 0 failures
Jun 13 08:35:04 np0000072642 account-server[120729]: diff:0 diff_capped:0 empty:0 hashmatch:0 no_change:2 remote_merge:0 rsync:0 ts_repl:0
Jun 13 08:35:14 np0000072642 container-server[121112]: Beginning replication run
Jun 13 08:35:14 np0000072642 container-server[121112]: Replication run OVER
Jun 13 08:35:14 np0000072642 container-server[121112]: Attempted to replicate 22 dbs in 0.45045 seconds (48.84046/s)
Jun 13 08:35:14 np0000072642 container-server[121112]: Removed 0 dbs
Jun 13 08:35:14 np0000072642 container-server[121112]: 44 successes, 0 failures
Jun 13 08:35:14 np0000072642 container-server[121112]: diff:0 diff_capped:0 empty:0 hashmatch:0 no_change:44 remote_merge:0 rsync:0 ts_repl:0
Jun 13 08:35:17 np0000072642 object-server[121575]: Starting object replication pass.
Jun 13 08:35:17 np0000072642 object-server[121575]: 44/44 (100.00%) partitions replicated in 0.47s (93.16/sec, 0s remaining)
Jun 13 08:35:17 np0000072642 object-server[121575]: 88 successes, 0 failures
Jun 13 08:35:17 np0000072642 object-server[121575]: 44 suffixes checked - 0.00% hashed, 0.00% synced
Jun 13 08:35:17 np0000072642 object-server[121575]: Partition times: max 0.0199s, min 0.0068s, med 0.0100s
Jun 13 08:35:17 np0000072642 object-server[121575]: Object replication complete. (0.01 minutes)
Jun 13 08:35:19 np0000072642 object-server[223278]: Begin object audit "forever" mode (ZBF)
Jun 13 08:35:19 np0000072642 object-server[223278]: Object audit (ZBF). Since Sat Jun 13 08:35:19 2026: Locally: 1 passed, 0 quarantined, 0 errors, files/sec: 511.38, bytes/sec: 0.00, Total time: 0.00, Auditing time: 0.00, Rate: 0.00
Jun 13 08:35:20 np0000072642 object-server[223278]: Object audit (ZBF) "forever" mode completed: 0.84s. Total quarantined: 0, Total errors: 0, Total files/sec: 52.15, Total bytes/sec: 0.00, Auditing time: 0.83, Rate: 0.98
Jun 13 08:35:34 np0000072642 account-server[120729]: Beginning replication run
Jun 13 08:35:34 np0000072642 account-server[120729]: Replication run OVER
Jun 13 08:35:34 np0000072642 account-server[120729]: Attempted to replicate 1 dbs in 0.01575 seconds (63.48329/s)
Jun 13 08:35:34 np0000072642 account-server[120729]: Removed 0 dbs
Jun 13 08:35:34 np0000072642 account-server[120729]: 2 successes, 0 failures
Jun 13 08:35:34 np0000072642 account-server[120729]: diff:0 diff_capped:0 empty:0 hashmatch:0 no_change:2 remote_merge:0 rsync:0 ts_repl:0
Jun 13 08:35:42 np0000072642 account-server[121029]: 172.20.0.105 - - [13/Jun/2026:08:35:42 +0000] "PUT /d1/953/AUTH_88ae32f2c8204458beb5922823236026/gnocchi.4c4a45f2-5abf-4c71-bbab-a40d598be05f" 201 - "-" "-" "container-updater 2" 0.0012 "-" 20 0
Jun 13 08:35:42 np0000072642 account-server[121029]: 172.20.0.105 - - [13/Jun/2026:08:35:42 +0000] "PUT /d1/953/AUTH_88ae32f2c8204458beb5922823236026/gnocchi.5d9fec3a-afff-43be-8090-f7c93982f0a8" 201 - "-" "-" "container-updater 2" 0.0005 "-" 20 0
Jun 13 08:35:42 np0000072642 account-server[121045]: 172.20.0.105 - - [13/Jun/2026:08:35:42 +0000] "PUT /d1/953/AUTH_88ae32f2c8204458beb5922823236026/gnocchi.e1c795b2-0eb3-4c3f-90e0-885cd6449c6a" 201 - "-" "-" "container-updater 2" 0.0007 "-" 23 0
Jun 13 08:35:42 np0000072642 account-server[121035]: 172.20.0.105 - - [13/Jun/2026:08:35:42 +0000] "PUT /d1/953/AUTH_88ae32f2c8204458beb5922823236026/gnocchi.16488f8c-b4d9-48a1-8bdd-c128f2675fa0" 201 - "-" "-" "container-updater 2" 0.0008 "-" 21 0
Jun 13 08:35:42 np0000072642 account-server[121045]: 172.20.0.105 - - [13/Jun/2026:08:35:42 +0000] "PUT /d1/953/AUTH_88ae32f2c8204458beb5922823236026/gnocchi.9effecb2-f7e5-4f9d-a23e-1378be07bbd4" 201 - "-" "-" "container-updater 2" 0.0005 "-" 23 0
Jun 13 08:35:42 np0000072642 account-server[121035]: 172.20.0.105 - - [13/Jun/2026:08:35:42 +0000] "PUT /d1/953/AUTH_88ae32f2c8204458beb5922823236026/gnocchi.fd52dd80-d730-48ec-bdb1-310c92916bce" 201 - "-" "-" "container-updater 2" 0.0004 "-" 21 0
Jun 13 08:35:42 np0000072642 account-server[121045]: 172.20.0.105 - - [13/Jun/2026:08:35:42 +0000] "PUT /d1/953/AUTH_88ae32f2c8204458beb5922823236026/gnocchi.c39fffcf-1749-401d-849b-d23b5a9f5fcd" 201 - "-" "-" "container-updater 2" 0.0004 "-" 23 0
Jun 13 08:35:42 np0000072642 account-server[121041]: 172.20.0.105 - - [13/Jun/2026:08:35:42 +0000] "PUT /d1/953/AUTH_88ae32f2c8204458beb5922823236026/gnocchi.46b3007c-d10a-4334-83ba-39bee951cd43" 201 - "-" "-" "container-updater 2" 0.0006 "-" 22 0
Jun 13 08:35:43 np0000072642 account-server[121045]: 172.20.0.105 - - [13/Jun/2026:08:35:43 +0000] "PUT /d1/953/AUTH_88ae32f2c8204458beb5922823236026/gnocchi.764772c8-6eef-4bc0-ab31-48b64cda24a1" 201 - "-" "-" "container-updater 2" 0.0007 "-" 23 0
Jun 13 08:35:43 np0000072642 account-server[121035]: 172.20.0.105 - - [13/Jun/2026:08:35:43 +0000] "PUT /d1/953/AUTH_88ae32f2c8204458beb5922823236026/gnocchi.2adf911e-81c4-4a63-8433-7872c4562a3a" 201 - "-" "-" "container-updater 2" 0.0007 "-" 21 0
Jun 13 08:35:43 np0000072642 account-server[121045]: 172.20.0.105 - - [13/Jun/2026:08:35:43 +0000] "PUT /d1/953/AUTH_88ae32f2c8204458beb5922823236026/gnocchi.b1e3aebb-54c2-4838-bf78-34a7e54b5195" 201 - "-" "-" "container-updater 2" 0.0004 "-" 23 0
Jun 13 08:35:43 np0000072642 account-server[121029]: 172.20.0.105 - - [13/Jun/2026:08:35:43 +0000] "PUT /d1/953/AUTH_88ae32f2c8204458beb5922823236026/gnocchi.02fb4429-dd8a-44e9-8dc6-b6f02cc12874" 201 - "-" "-" "container-updater 2" 0.0008 "-" 20 0
Jun 13 08:35:43 np0000072642 account-server[121035]: 172.20.0.105 - - [13/Jun/2026:08:35:43 +0000] "PUT /d1/953/AUTH_88ae32f2c8204458beb5922823236026/gnocchi.20021faf-dd1f-4087-afe3-d543f7a348d5" 201 - "-" "-" "container-updater 2" 0.0007 "-" 21 0
Jun 13 08:35:43 np0000072642 account-server[121045]: 172.20.0.105 - - [13/Jun/2026:08:35:43 +0000] "PUT /d1/953/AUTH_88ae32f2c8204458beb5922823236026/gnocchi.1c8ac7b8-b2a4-477b-a46d-de8f76cb926c" 201 - "-" "-" "container-updater 2" 0.0007 "-" 23 0
Jun 13 08:35:43 np0000072642 account-server[121029]: 172.20.0.105 - - [13/Jun/2026:08:35:43 +0000] "PUT /d1/953/AUTH_88ae32f2c8204458beb5922823236026/gnocchi.f91430eb-81cc-471c-a4b8-01f5f8284d56" 201 - "-" "-" "container-updater 2" 0.0007 "-" 20 0
Jun 13 08:35:44 np0000072642 account-server[121035]: 172.20.0.105 - - [13/Jun/2026:08:35:44 +0000] "PUT /d1/953/AUTH_88ae32f2c8204458beb5922823236026/gnocchi.ddb99d94-e52f-4b2c-a4be-a6113ad66107" 201 - "-" "-" "container-updater 2" 0.0007 "-" 21 0
Jun 13 08:35:44 np0000072642 account-server[121045]: 172.20.0.105 - - [13/Jun/2026:08:35:44 +0000] "PUT /d1/953/AUTH_88ae32f2c8204458beb5922823236026/gnocchi.7bc840a1-2b21-4e53-915f-00bc6707220c" 201 - "-" "-" "container-updater 2" 0.0008 "-" 23 0
Jun 13 08:35:44 np0000072642 account-server[121035]: 172.20.0.105 - - [13/Jun/2026:08:35:44 +0000] "PUT /d1/953/AUTH_88ae32f2c8204458beb5922823236026/gnocchi.ba2754ce-c679-4af1-9b5b-7caf60ee5a7c" 201 - "-" "-" "container-updater 2" 0.0008 "-" 21 0
Jun 13 08:35:44 np0000072642 account-server[121035]: 172.20.0.105 - - [13/Jun/2026:08:35:44 +0000] "PUT /d1/953/AUTH_88ae32f2c8204458beb5922823236026/gnocchi.48d182e6-1503-4f6b-9cb2-1cf84422a539" 201 - "-" "-" "container-updater 2" 0.0008 "-" 21 0
Jun 13 08:35:44 np0000072642 container-server[121112]: Beginning replication run
Jun 13 08:35:44 np0000072642 account-server[121029]: 172.20.0.105 - - [13/Jun/2026:08:35:44 +0000] "PUT /d1/953/AUTH_88ae32f2c8204458beb5922823236026/gnocchi.c8db387f-4b3e-438a-bc73-a2662186e5b7" 201 - "-" "-" "container-updater 2" 0.0007 "-" 20 0
Jun 13 08:35:44 np0000072642 account-server[121045]: 172.20.0.105 - - [13/Jun/2026:08:35:44 +0000] "PUT /d1/953/AUTH_88ae32f2c8204458beb5922823236026/gnocchi.a8c33b1d-95f1-4225-a311-9b9ee63fb8b0" 201 - "-" "-" "container-updater 2" 0.0007 "-" 23 0
Jun 13 08:35:44 np0000072642 account-server[121029]: 172.20.0.105 - - [13/Jun/2026:08:35:44 +0000] "PUT /d1/953/AUTH_88ae32f2c8204458beb5922823236026/gnocchi.b5a44d0c-02ec-444c-bc8f-f2c1ce9880c1" 201 - "-" "-" "container-updater 2" 0.0007 "-" 20 0
Jun 13 08:35:44 np0000072642 container-server[121112]: Replication run OVER
Jun 13 08:35:44 np0000072642 container-server[121112]: Attempted to replicate 22 dbs in 0.42868 seconds (51.32013/s)
Jun 13 08:35:44 np0000072642 container-server[121112]: Removed 0 dbs
Jun 13 08:35:44 np0000072642 container-server[121112]: 44 successes, 0 failures
Jun 13 08:35:44 np0000072642 container-server[121112]: diff:0 diff_capped:0 empty:0 hashmatch:0 no_change:44 remote_merge:0 rsync:0 ts_repl:0
Jun 13 08:35:47 np0000072642 container-server[121279]: Begin container update sweep
Jun 13 08:35:47 np0000072642 account-server[121029]: 172.20.0.104 - - [13/Jun/2026:08:35:47 +0000] "PUT /d1/953/AUTH_88ae32f2c8204458beb5922823236026/gnocchi.b5a44d0c-02ec-444c-bc8f-f2c1ce9880c1" 201 - "-" "-" "container-updater 2" 0.0010 "-" 20 0
Jun 13 08:35:47 np0000072642 account-server[121041]: 172.20.0.104 - - [13/Jun/2026:08:35:47 +0000] "PUT /d1/953/AUTH_88ae32f2c8204458beb5922823236026/gnocchi.16488f8c-b4d9-48a1-8bdd-c128f2675fa0" 201 - "-" "-" "container-updater 2" 0.0011 "-" 22 0
Jun 13 08:35:47 np0000072642 account-server[121029]: 172.20.0.104 - - [13/Jun/2026:08:35:47 +0000] "PUT /d1/953/AUTH_88ae32f2c8204458beb5922823236026/gnocchi.1c8ac7b8-b2a4-477b-a46d-de8f76cb926c" 201 - "-" "-" "container-updater 2" 0.0009 "-" 20 0
Jun 13 08:35:47 np0000072642 object-server[121575]: Starting object replication pass.
Jun 13 08:35:47 np0000072642 account-server[121035]: 172.20.0.104 - - [13/Jun/2026:08:35:47 +0000] "PUT /d1/953/AUTH_88ae32f2c8204458beb5922823236026/gnocchi.764772c8-6eef-4bc0-ab31-48b64cda24a1" 201 - "-" "-" "container-updater 2" 0.0007 "-" 21 0
Jun 13 08:35:47 np0000072642 account-server[121035]: 172.20.0.104 - - [13/Jun/2026:08:35:47 +0000] "PUT /d1/953/AUTH_88ae32f2c8204458beb5922823236026/gnocchi.a8c33b1d-95f1-4225-a311-9b9ee63fb8b0" 201 - "-" "-" "container-updater 2" 0.0006 "-" 21 0
Jun 13 08:35:47 np0000072642 account-server[121035]: 172.20.0.104 - - [13/Jun/2026:08:35:47 +0000] "PUT /d1/953/AUTH_88ae32f2c8204458beb5922823236026/gnocchi.7bc840a1-2b21-4e53-915f-00bc6707220c" 201 - "-" "-" "container-updater 2" 0.0009 "-" 21 0
Jun 13 08:35:48 np0000072642 account-server[121041]: 172.20.0.104 - - [13/Jun/2026:08:35:48 +0000] "PUT /d1/953/AUTH_88ae32f2c8204458beb5922823236026/gnocchi.2adf911e-81c4-4a63-8433-7872c4562a3a" 201 - "-" "-" "container-updater 2" 0.0004 "-" 22 0
Jun 13 08:35:48 np0000072642 account-server[121035]: 172.20.0.104 - - [13/Jun/2026:08:35:48 +0000] "PUT /d1/953/AUTH_88ae32f2c8204458beb5922823236026/gnocchi.48d182e6-1503-4f6b-9cb2-1cf84422a539" 201 - "-" "-" "container-updater 2" 0.0005 "-" 21 0
Jun 13 08:35:48 np0000072642 object-server[121575]: 44/44 (100.00%) partitions replicated in 0.41s (107.59/sec, 0s remaining)
Jun 13 08:35:48 np0000072642 object-server[121575]: 88 successes, 0 failures
Jun 13 08:35:48 np0000072642 object-server[121575]: 44 suffixes checked - 0.00% hashed, 0.00% synced
Jun 13 08:35:48 np0000072642 object-server[121575]: Partition times: max 0.0158s, min 0.0056s, med 0.0080s
Jun 13 08:35:48 np0000072642 object-server[121575]: Object replication complete. (0.01 minutes)
Jun 13 08:35:48 np0000072642 account-server[121029]: 172.20.0.104 - - [13/Jun/2026:08:35:48 +0000] "PUT /d1/953/AUTH_88ae32f2c8204458beb5922823236026/gnocchi.02fb4429-dd8a-44e9-8dc6-b6f02cc12874" 201 - "-" "-" "container-updater 2" 0.0005 "-" 20 0
