Jun 13 08:33:10 np0000072642 object-server[121873]: 172.20.0.105 - - [13/Jun/2026:08:33:10 +0000] "PUT /d1/638/AUTH_88ae32f2c8204458beb5922823236026/gnocchi.46b3007c-d10a-4334-83ba-39bee951cd43/1780920000.0_mean_300.0_v3" 201 - "PUT http://172.18.0.157:8080/v1/AUTH_88ae32f2c8204458beb5922823236026/gnocchi.46b3007c-d10a-4334-83ba-39bee951cd43/1780920000.0_mean_300.0_v3" "tx6b61d0a7e4c44eebb46c2-006a2d15c6" "proxy-server 20" 0.0126 "-" 22 0
Jun 13 08:33:10 np0000072642 container-server[121436]: 172.20.0.105 - - [13/Jun/2026:08:33:10 +0000] "PUT /d1/329/AUTH_88ae32f2c8204458beb5922823236026/gnocchi.46b3007c-d10a-4334-83ba-39bee951cd43/none_v3" 201 - "PUT http://172.18.0.157:8080/d1/693/AUTH_88ae32f2c8204458beb5922823236026/gnocchi.46b3007c-d10a-4334-83ba-39bee951cd43/none_v3" "txd84564a84b6c43448d282-006a2d15c6" "object-server 22" 0.0004 "-" 17 0
Jun 13 08:33:10 np0000072642 container-server[121453]: 172.20.0.104 - - [13/Jun/2026:08:33:10 +0000] "PUT /d1/1004/AUTH_88ae32f2c8204458beb5922823236026/gnocchi.48d182e6-1503-4f6b-9cb2-1cf84422a539/none_v3" 201 - "PUT http://172.18.0.157:8080/d1/907/AUTH_88ae32f2c8204458beb5922823236026/gnocchi.48d182e6-1503-4f6b-9cb2-1cf84422a539/none_v3" "tx60b962b54f43449992942-006a2d15c5" "object-server 25" 0.0007 "-" 18 0
Jun 13 08:33:10 np0000072642 object-server[121873]: 172.20.0.105 - - [13/Jun/2026:08:33:10 +0000] "PUT /d1/693/AUTH_88ae32f2c8204458beb5922823236026/gnocchi.46b3007c-d10a-4334-83ba-39bee951cd43/none_v3" 201 - "PUT http://172.18.0.157:8080/v1/AUTH_88ae32f2c8204458beb5922823236026/gnocchi.46b3007c-d10a-4334-83ba-39bee951cd43/none_v3" "txd84564a84b6c43448d282-006a2d15c6" "proxy-server 20" 0.0127 "-" 22 0
Jun 13 08:33:10 np0000072642 object-server[121927]: 172.20.0.104 - - [13/Jun/2026:08:33:10 +0000] "PUT /d1/907/AUTH_88ae32f2c8204458beb5922823236026/gnocchi.48d182e6-1503-4f6b-9cb2-1cf84422a539/none_v3" 201 - "PUT http://172.18.0.157:8080/v1/AUTH_88ae32f2c8204458beb5922823236026/gnocchi.48d182e6-1503-4f6b-9cb2-1cf84422a539/none_v3" "tx60b962b54f43449992942-006a2d15c5" "proxy-server 20" 0.0134 "-" 25 0
Jun 13 08:33:10 np0000072642 proxy-server[123202]: 172.18.0.157 172.18.0.104 13/Jun/2026/08/33/10 PUT /v1/AUTH_88ae32f2c8204458beb5922823236026/gnocchi.48d182e6-1503-4f6b-9cb2-1cf84422a539/none_v3 HTTP/1.0 201 - python-swiftclient-3.11.1 gAAAAABqLRV-REV4... 22 - - tx60b962b54f43449992942-006a2d15c5 - 0.0664 - - 1781339589.994000196 1781339590.060406208 0
Jun 13 08:33:10 np0000072642 container-server[121453]: 172.20.0.103 - - [13/Jun/2026:08:33:10 +0000] "HEAD /d1/605/AUTH_88ae32f2c8204458beb5922823236026/gnocchi.c39fffcf-1749-401d-849b-d23b5a9f5fcd" 404 - "HEAD http://172.18.0.157:8080/v1/AUTH_88ae32f2c8204458beb5922823236026/gnocchi.c39fffcf-1749-401d-849b-d23b5a9f5fcd?format=json&states=listing" "tx2fb9009d16844756b276d-006a2d15c5" "proxy-server 20" 0.0007 "-" 18 0
Jun 13 08:33:10 np0000072642 object-server[121927]: 172.20.0.103 - - [13/Jun/2026:08:33:10 +0000] "GET /d1/866/AUTH_88ae32f2c8204458beb5922823236026/gnocchi.c39fffcf-1749-401d-849b-d23b5a9f5fcd/none_v3" 404 70 "GET http://172.18.0.157:8080/v1/AUTH_88ae32f2c8204458beb5922823236026/gnocchi.c39fffcf-1749-401d-849b-d23b5a9f5fcd/none_v3" "tx2fb9009d16844756b276d-006a2d15c5" "proxy-server 20" 0.0003 "-" 25 0
Jun 13 08:33:10 np0000072642 account-server[121045]: 172.20.0.104 - - [13/Jun/2026:08:33:10 +0000] "PUT /d1/953/AUTH_88ae32f2c8204458beb5922823236026/gnocchi.c39fffcf-1749-401d-849b-d23b5a9f5fcd" 201 - "PUT http://172.20.0.104:6001/d1/605/AUTH_88ae32f2c8204458beb5922823236026/gnocchi.c39fffcf-1749-401d-849b-d23b5a9f5fcd" "txf7423ca362b34e5d837ef-006a2d15c6" "container-server 19" 0.0069 "-" 23 0
Jun 13 08:33:10 np0000072642 container-server[121464]: 172.20.0.105 - - [13/Jun/2026:08:33:10 +0000] "PUT /d1/605/AUTH_88ae32f2c8204458beb5922823236026/gnocchi.c39fffcf-1749-401d-849b-d23b5a9f5fcd" 201 - "PUT http://172.18.0.157:8080/v1/AUTH_88ae32f2c8204458beb5922823236026/gnocchi.c39fffcf-1749-401d-849b-d23b5a9f5fcd" "txf7423ca362b34e5d837ef-006a2d15c6" "proxy-server 20" 0.0177 "-" 19 0
Jun 13 08:33:10 np0000072642 proxy-server[123202]: - - 13/Jun/2026/08/33/10 HEAD /v1/AUTH_88ae32f2c8204458beb5922823236026/gnocchi.c39fffcf-1749-401d-849b-d23b5a9f5fcd%3Fformat%3Djson%26states%3Dlisting HTTP/1.0 204 - Swift - - - - txe35c83fa726d486cbd34e-006a2d15c6 - 0.0109 RL - 1781339590.143302917 1781339590.154156685 0
Jun 13 08:33:10 np0000072642 proxy-server[123202]: 172.18.0.103 172.18.0.104 13/Jun/2026/08/33/10 GET /v1/AUTH_88ae32f2c8204458beb5922823236026/gnocchi.c39fffcf-1749-401d-849b-d23b5a9f5fcd%3Fformat%3Djson%26states%3Dlisting HTTP/1.0 200 - python-swiftclient-3.11.1 gAAAAABqLRXF7NW_... - 2 - txe35c83fa726d486cbd34e-006a2d15c6 - 0.0307 - - 1781339590.140130758 1781339590.170853138 0
Jun 13 08:33:10 np0000072642 object-server[121873]: 172.20.0.103 - - [13/Jun/2026:08:33:10 +0000] "GET /d1/605/AUTH_88ae32f2c8204458beb5922823236026/gnocchi.c39fffcf-1749-401d-849b-d23b5a9f5fcd/1780920000.0_mean_300.0_v3" 404 70 "GET http://172.18.0.157:8080/v1/AUTH_88ae32f2c8204458beb5922823236026/gnocchi.c39fffcf-1749-401d-849b-d23b5a9f5fcd/1780920000.0_mean_300.0_v3" "tx08470b96556d49838019e-006a2d15c6" "proxy-server 20" 0.0004 "-" 22 0
Jun 13 08:33:10 np0000072642 object-server[121904]: 172.20.0.105 - - [13/Jun/2026:08:33:10 +0000] "PUT /d1/605/AUTH_88ae32f2c8204458beb5922823236026/gnocchi.c39fffcf-1749-401d-849b-d23b5a9f5fcd/1780920000.0_mean_300.0_v3" 201 - "PUT http://172.18.0.157:8080/v1/AUTH_88ae32f2c8204458beb5922823236026/gnocchi.c39fffcf-1749-401d-849b-d23b5a9f5fcd/1780920000.0_mean_300.0_v3" "tx5812538f09f0451da9c8b-006a2d15c6" "proxy-server 20" 0.0107 "-" 24 0
Jun 13 08:33:10 np0000072642 container-server[121464]: 172.20.0.103 - - [13/Jun/2026:08:33:10 +0000] "PUT /d1/605/AUTH_88ae32f2c8204458beb5922823236026/gnocchi.c39fffcf-1749-401d-849b-d23b5a9f5fcd/1780920000.0_mean_300.0_v3" 201 - "PUT http://172.18.0.157:8080/d1/605/AUTH_88ae32f2c8204458beb5922823236026/gnocchi.c39fffcf-1749-401d-849b-d23b5a9f5fcd/1780920000.0_mean_300.0_v3" "tx5812538f09f0451da9c8b-006a2d15c6" "object-server 23" 0.0008 "-" 19 0
Jun 13 08:33:10 np0000072642 object-server[121927]: 172.20.0.104 - - [13/Jun/2026:08:33:10 +0000] "PUT /d1/866/AUTH_88ae32f2c8204458beb5922823236026/gnocchi.c39fffcf-1749-401d-849b-d23b5a9f5fcd/none_v3" 201 - "PUT http://172.18.0.157:8080/v1/AUTH_88ae32f2c8204458beb5922823236026/gnocchi.c39fffcf-1749-401d-849b-d23b5a9f5fcd/none_v3" "tx9318d02c3bd74e90b8e83-006a2d15c6" "proxy-server 20" 0.0130 "-" 25 0
Jun 13 08:33:10 np0000072642 container-server[121472]: 172.20.0.105 - - [13/Jun/2026:08:33:10 +0000] "PUT /d1/605/AUTH_88ae32f2c8204458beb5922823236026/gnocchi.c39fffcf-1749-401d-849b-d23b5a9f5fcd/none_v3" 201 - "PUT http://172.18.0.157:8080/d1/866/AUTH_88ae32f2c8204458beb5922823236026/gnocchi.c39fffcf-1749-401d-849b-d23b5a9f5fcd/none_v3" "tx9318d02c3bd74e90b8e83-006a2d15c6" "object-server 22" 0.0012 "-" 20 0
Jun 13 08:33:10 np0000072642 proxy-server[123202]: 172.18.0.103 172.18.0.104 13/Jun/2026/08/33/10 PUT /v1/AUTH_88ae32f2c8204458beb5922823236026/gnocchi.c39fffcf-1749-401d-849b-d23b5a9f5fcd/none_v3 HTTP/1.0 201 - python-swiftclient-3.11.1 gAAAAABqLRXF7NW_... 22 - - tx9318d02c3bd74e90b8e83-006a2d15c6 - 0.0230 - - 1781339590.229197979 1781339590.252179623 0
Jun 13 08:33:14 np0000072642 container-server[121112]: Beginning replication run
Jun 13 08:33:14 np0000072642 container-server[121112]: Replication run OVER
Jun 13 08:33:14 np0000072642 container-server[121112]: Attempted to replicate 8 dbs in 0.36317 seconds (22.02795/s)
Jun 13 08:33:14 np0000072642 container-server[121112]: Removed 0 dbs
Jun 13 08:33:14 np0000072642 container-server[121112]: 16 successes, 0 failures
Jun 13 08:33:14 np0000072642 container-server[121112]: diff:0 diff_capped:0 empty:0 hashmatch:0 no_change:16 remote_merge:0 rsync:0 ts_repl:0
Jun 13 08:33:15 np0000072642 object-server[121575]: Starting object replication pass.
Jun 13 08:33:16 np0000072642 object-server[121575]: 16/16 (100.00%) partitions replicated in 0.45s (35.47/sec, 0s remaining)
Jun 13 08:33:16 np0000072642 object-server[121575]: 32 successes, 0 failures
Jun 13 08:33:16 np0000072642 object-server[121575]: 16 suffixes checked - 75.00% hashed, 0.00% synced
Jun 13 08:33:16 np0000072642 object-server[121575]: Partition times: max 0.0383s, min 0.0086s, med 0.0320s
Jun 13 08:33:16 np0000072642 object-server[121575]: Object replication complete. (0.01 minutes)
Jun 13 08:33:17 np0000072642 object-server[211501]: Begin object audit "forever" mode (ZBF)
Jun 13 08:33:17 np0000072642 object-server[211501]: Object audit (ZBF). Since Sat Jun 13 08:33:17 2026: Locally: 1 passed, 0 quarantined, 0 errors, files/sec: 781.35, bytes/sec: 0.00, Total time: 0.00, Auditing time: 0.00, Rate: 0.00
Jun 13 08:33:17 np0000072642 object-server[211501]: Object audit (ZBF) "forever" mode completed: 0.28s. Total quarantined: 0, Total errors: 0, Total files/sec: 56.60, Total bytes/sec: 0.00, Auditing time: 0.28, Rate: 0.98
Jun 13 08:33:18 np0000072642 container-server[120946]: Begin container audit pass.
Jun 13 08:33:34 np0000072642 account-server[120729]: Beginning replication run
Jun 13 08:33:34 np0000072642 account-server[120729]: Replication run OVER
Jun 13 08:33:34 np0000072642 account-server[120729]: Attempted to replicate 1 dbs in 0.02135 seconds (46.83159/s)
Jun 13 08:33:34 np0000072642 account-server[120729]: Removed 0 dbs
Jun 13 08:33:34 np0000072642 account-server[120729]: 2 successes, 0 failures
Jun 13 08:33:34 np0000072642 account-server[120729]: diff:0 diff_capped:0 empty:0 hashmatch:0 no_change:2 remote_merge:0 rsync:0 ts_repl:0
Jun 13 08:33:43 np0000072642 account-server[121045]: 172.20.0.105 - - [13/Jun/2026:08:33:43 +0000] "HEAD /d1/335/.expiring_objects" 404 - "HEAD http://localhost/v1/.expiring_objects?format=json" "tx1178b8f86d584fc7808c7-006a2d15e7" "proxy-server 2" 0.0007 "-" 23 -
Jun 13 08:33:44 np0000072642 container-server[121112]: Beginning replication run
Jun 13 08:33:44 np0000072642 container-server[121112]: Replication run OVER
Jun 13 08:33:44 np0000072642 container-server[121112]: Attempted to replicate 8 dbs in 0.15344 seconds (52.13648/s)
Jun 13 08:33:44 np0000072642 container-server[121112]: Removed 0 dbs
Jun 13 08:33:44 np0000072642 container-server[121112]: 16 successes, 0 failures
Jun 13 08:33:44 np0000072642 container-server[121112]: diff:0 diff_capped:0 empty:0 hashmatch:0 no_change:16 remote_merge:0 rsync:0 ts_repl:0
Jun 13 08:33:46 np0000072642 object-server[121575]: Starting object replication pass.
Jun 13 08:33:46 np0000072642 object-server[121575]: 16/16 (100.00%) partitions replicated in 0.15s (106.64/sec, 0s remaining)
Jun 13 08:33:46 np0000072642 object-server[121575]: 32 successes, 0 failures
Jun 13 08:33:46 np0000072642 object-server[121575]: 16 suffixes checked - 0.00% hashed, 0.00% synced
Jun 13 08:33:46 np0000072642 object-server[121575]: Partition times: max 0.0125s, min 0.0074s, med 0.0085s
Jun 13 08:33:46 np0000072642 object-server[121575]: Object replication complete. (0.00 minutes)
Jun 13 08:33:47 np0000072642 object-server[217271]: Begin object audit "forever" mode (ZBF)
Jun 13 08:33:47 np0000072642 object-server[217271]: Object audit (ZBF). Since Sat Jun 13 08:33:47 2026: Locally: 1 passed, 0 quarantined, 0 errors, files/sec: 853.19, bytes/sec: 0.00, Total time: 0.00, Auditing time: 0.00, Rate: 0.00
Jun 13 08:33:47 np0000072642 object-server[217272]: Begin object audit "forever" mode (ALL)
Jun 13 08:33:47 np0000072642 object-server[217272]: Object audit (ALL). Since Sat Jun 13 08:33:47 2026: Locally: 1 passed, 0 quarantined, 0 errors, files/sec: 123.98, bytes/sec: 1983.65, Total time: 0.01, Auditing time: 0.00, Rate: 0.00
Jun 13 08:33:47 np0000072642 object-server[217271]: Object audit (ZBF) "forever" mode completed: 0.28s. Total quarantined: 0, Total errors: 0, Total files/sec: 56.57, Total bytes/sec: 0.00, Auditing time: 0.28, Rate: 0.98
Jun 13 08:33:48 np0000072642 object-server[217272]: Object audit (ALL) "forever" mode completed: 0.71s. Total quarantined: 0, Total errors: 0, Total files/sec: 22.53, Total bytes/sec: 442.16, Auditing time: 0.70, Rate: 0.99
Jun 13 08:34:04 np0000072642 account-server[120729]: Beginning replication run
Jun 13 08:34:04 np0000072642 account-server[120729]: Replication run OVER
Jun 13 08:34:04 np0000072642 account-server[120729]: Attempted to replicate 1 dbs in 0.01441 seconds (69.41980/s)
Jun 13 08:34:04 np0000072642 account-server[120729]: Removed 0 dbs
Jun 13 08:34:04 np0000072642 account-server[120729]: 2 successes, 0 failures
Jun 13 08:34:04 np0000072642 account-server[120729]: diff:0 diff_capped:0 empty:0 hashmatch:0 no_change:2 remote_merge:0 rsync:0 ts_repl:0
Jun 13 08:34:14 np0000072642 container-server[121112]: Beginning replication run
Jun 13 08:34:14 np0000072642 container-server[121112]: Replication run OVER
Jun 13 08:34:14 np0000072642 container-server[121112]: Attempted to replicate 8 dbs in 0.15708 seconds (50.92961/s)
Jun 13 08:34:14 np0000072642 container-server[121112]: Removed 0 dbs
Jun 13 08:34:14 np0000072642 container-server[121112]: 16 successes, 0 failures
Jun 13 08:34:14 np0000072642 container-server[121112]: diff:0 diff_capped:0 empty:0 hashmatch:0 no_change:16 remote_merge:0 rsync:0 ts_repl:0
Jun 13 08:34:16 np0000072642 object-server[121575]: Starting object replication pass.
Jun 13 08:34:16 np0000072642 object-server[121575]: 16/16 (100.00%) partitions replicated in 0.14s (111.27/sec, 0s remaining)
Jun 13 08:34:16 np0000072642 object-server[121575]: 32 successes, 0 failures
Jun 13 08:34:16 np0000072642 object-server[121575]: 16 suffixes checked - 0.00% hashed, 0.00% synced
Jun 13 08:34:16 np0000072642 object-server[121575]: Partition times: max 0.0126s, min 0.0065s, med 0.0081s
Jun 13 08:34:16 np0000072642 object-server[121575]: Object replication complete. (0.00 minutes)
Jun 13 08:34:18 np0000072642 object-server[217290]: Begin object audit "forever" mode (ZBF)
Jun 13 08:34:18 np0000072642 object-server[217290]: Object audit (ZBF). Since Sat Jun 13 08:34:18 2026: Locally: 1 passed, 0 quarantined, 0 errors, files/sec: 566.87, bytes/sec: 0.00, Total time: 0.00, Auditing time: 0.00, Rate: 0.00
Jun 13 08:34:18 np0000072642 object-server[217290]: Object audit (ZBF) "forever" mode completed: 0.28s. Total quarantined: 0, Total errors: 0, Total files/sec: 56.43, Total bytes/sec: 0.00, Auditing time: 0.28, Rate: 0.98
Jun 13 08:34:26 np0000072642 account-server[121045]: 172.20.0.103 - - [13/Jun/2026:08:34:26 +0000] "PUT /d1/953/AUTH_88ae32f2c8204458beb5922823236026/gnocchi.b1e3aebb-54c2-4838-bf78-34a7e54b5195" 201 - "-" "-" "container-updater 2" 0.0010 "-" 23 0
Jun 13 08:34:26 np0000072642 account-server[121041]: 172.20.0.103 - - [13/Jun/2026:08:34:26 +0000] "PUT /d1/953/AUTH_88ae32f2c8204458beb5922823236026/gnocchi.e1c795b2-0eb3-4c3f-90e0-885cd6449c6a" 201 - "-" "-" "container-updater 2" 0.0004 "-" 22 0
Jun 13 08:34:26 np0000072642 account-server[121029]: 172.20.0.103 - - [13/Jun/2026:08:34:26 +0000] "PUT /d1/953/AUTH_88ae32f2c8204458beb5922823236026/gnocchi.2adf911e-81c4-4a63-8433-7872c4562a3a" 201 - "-" "-" "container-updater 2" 0.0006 "-" 20 0
Jun 13 08:34:26 np0000072642 account-server[121029]: 172.20.0.103 - - [13/Jun/2026:08:34:26 +0000] "PUT /d1/953/AUTH_88ae32f2c8204458beb5922823236026/gnocchi.46b3007c-d10a-4334-83ba-39bee951cd43" 201 - "-" "-" "container-updater 2" 0.0007 "-" 20 0
Jun 13 08:34:26 np0000072642 account-server[121041]: 172.20.0.103 - - [13/Jun/2026:08:34:26 +0000] "PUT /d1/953/AUTH_88ae32f2c8204458beb5922823236026/gnocchi.fd52dd80-d730-48ec-bdb1-310c92916bce" 201 - "-" "-" "container-updater 2" 0.0005 "-" 22 0
Jun 13 08:34:26 np0000072642 account-server[121041]: 172.20.0.103 - - [13/Jun/2026:08:34:26 +0000] "PUT /d1/953/AUTH_88ae32f2c8204458beb5922823236026/gnocchi.20021faf-dd1f-4087-afe3-d543f7a348d5" 201 - "-" "-" "container-updater 2" 0.0017 "-" 22 0
Jun 13 08:34:26 np0000072642 account-server[121029]: 172.20.0.103 - - [13/Jun/2026:08:34:26 +0000] "PUT /d1/953/AUTH_88ae32f2c8204458beb5922823236026/gnocchi.48d182e6-1503-4f6b-9cb2-1cf84422a539" 201 - "-" "-" "container-updater 2" 0.0006 "-" 20 0
Jun 13 08:34:26 np0000072642 account-server[121041]: 172.20.0.103 - - [13/Jun/2026:08:34:26 +0000] "PUT /d1/953/AUTH_88ae32f2c8204458beb5922823236026/gnocchi.c39fffcf-1749-401d-849b-d23b5a9f5fcd" 201 - "-" "-" "container-updater 2" 0.0008 "-" 22 0
Jun 13 08:34:28 np0000072642 container-server[121453]: 172.20.0.103 - - [13/Jun/2026:08:34:28 +0000] "HEAD /d1/614/AUTH_88ae32f2c8204458beb5922823236026/gnocchi.16488f8c-b4d9-48a1-8bdd-c128f2675fa0" 404 - "HEAD http://172.18.0.157:8080/v1/AUTH_88ae32f2c8204458beb5922823236026/gnocchi.16488f8c-b4d9-48a1-8bdd-c128f2675fa0?format=json&states=listing" "tx776ba7dbbad146d6840b9-006a2d1614" "proxy-server 20" 0.0009 "-" 18 0
Jun 13 08:34:28 np0000072642 container-server[121464]: 172.20.0.105 - - [13/Jun/2026:08:34:28 +0000] "HEAD /d1/338/AUTH_88ae32f2c8204458beb5922823236026/gnocchi.f91430eb-81cc-471c-a4b8-01f5f8284d56" 404 - "HEAD http://172.18.0.157:8080/v1/AUTH_88ae32f2c8204458beb5922823236026/gnocchi.f91430eb-81cc-471c-a4b8-01f5f8284d56?format=json&states=listing" "tx6f9a4fd1b2f244f380bb4-006a2d1614" "proxy-server 20" 0.0004 "-" 19 0
Jun 13 08:34:28 np0000072642 container-server[121453]: 172.20.0.104 - - [13/Jun/2026:08:34:28 +0000] "HEAD /d1/226/AUTH_88ae32f2c8204458beb5922823236026/gnocchi.c8db387f-4b3e-438a-bc73-a2662186e5b7" 404 - "HEAD http://172.18.0.157:8080/v1/AUTH_88ae32f2c8204458beb5922823236026/gnocchi.c8db387f-4b3e-438a-bc73-a2662186e5b7?format=json&states=listing" "tx889de84c8f554dceb8121-006a2d1614" "proxy-server 20" 0.0004 "-" 18 0
Jun 13 08:34:28 np0000072642 object-server[121927]: 172.20.0.103 - - [13/Jun/2026:08:34:28 +0000] "GET /d1/421/AUTH_88ae32f2c8204458beb5922823236026/gnocchi.16488f8c-b4d9-48a1-8bdd-c128f2675fa0/none_v3" 404 70 "GET http://172.18.0.157:8080/v1/AUTH_88ae32f2c8204458beb5922823236026/gnocchi.16488f8c-b4d9-48a1-8bdd-c128f2675fa0/none_v3" "tx776ba7dbbad146d6840b9-006a2d1614" "proxy-server 20" 0.0007 "-" 25 0
Jun 13 08:34:28 np0000072642 object-server[121927]: 172.20.0.105 - - [13/Jun/2026:08:34:28 +0000] "GET /d1/950/AUTH_88ae32f2c8204458beb5922823236026/gnocchi.f91430eb-81cc-471c-a4b8-01f5f8284d56/none_v3" 404 70 "GET http://172.18.0.157:8080/v1/AUTH_88ae32f2c8204458beb5922823236026/gnocchi.f91430eb-81cc-471c-a4b8-01f5f8284d56/none_v3" "tx6f9a4fd1b2f244f380bb4-006a2d1614" "proxy-server 20" 0.0002 "-" 25 0
Jun 13 08:34:28 np0000072642 object-server[121904]: 172.20.0.104 - - [13/Jun/2026:08:34:28 +0000] "GET /d1/1016/AUTH_88ae32f2c8204458beb5922823236026/gnocchi.c8db387f-4b3e-438a-bc73-a2662186e5b7/none_v3" 404 70 "GET http://172.18.0.157:8080/v1/AUTH_88ae32f2c8204458beb5922823236026/gnocchi.c8db387f-4b3e-438a-bc73-a2662186e5b7/none_v3" "tx889de84c8f554dceb8121-006a2d1614" "proxy-server 20" 0.0005 "-" 24 0
Jun 13 08:34:28 np0000072642 proxy-server[123202]: 172.18.0.105 172.18.0.104 13/Jun/2026/08/34/28 GET /v1/AUTH_88ae32f2c8204458beb5922823236026/gnocchi.c8db387f-4b3e-438a-bc73-a2662186e5b7/none_v3 HTTP/1.0 404 - python-swiftclient-3.11.1 gAAAAABqLRW9KbrP... - 70 - tx889de84c8f554dceb8121-006a2d1614 - 0.0250 - - 1781339668.921798229 1781339668.946837664 0
Jun 13 08:34:28 np0000072642 account-server[121041]: 172.20.0.104 - - [13/Jun/2026:08:34:28 +0000] "PUT /d1/953/AUTH_88ae32f2c8204458beb5922823236026/gnocchi.16488f8c-b4d9-48a1-8bdd-c128f2675fa0" 201 - "PUT http://172.20.0.104:6001/d1/614/AUTH_88ae32f2c8204458beb5922823236026/gnocchi.16488f8c-b4d9-48a1-8bdd-c128f2675fa0" "tx9febc09108654637b99c4-006a2d1614" "container-server 19" 0.0090 "-" 22 0
Jun 13 08:34:28 np0000072642 container-server[121464]: 172.20.0.105 - - [13/Jun/2026:08:34:28 +0000] "PUT /d1/614/AUTH_88ae32f2c8204458beb5922823236026/gnocchi.16488f8c-b4d9-48a1-8bdd-c128f2675fa0" 201 - "PUT http://172.18.0.157:8080/v1/AUTH_88ae32f2c8204458beb5922823236026/gnocchi.16488f8c-b4d9-48a1-8bdd-c128f2675fa0" "tx9febc09108654637b99c4-006a2d1614" "proxy-server 20" 0.0252 "-" 19 0
Jun 13 08:34:28 np0000072642 container-server[121453]: 172.20.0.103 - - [13/Jun/2026:08:34:28 +0000] "PUT /d1/338/AUTH_88ae32f2c8204458beb5922823236026/gnocchi.f91430eb-81cc-471c-a4b8-01f5f8284d56" 201 - "PUT http://172.18.0.157:8080/v1/AUTH_88ae32f2c8204458beb5922823236026/gnocchi.f91430eb-81cc-471c-a4b8-01f5f8284d56" "tx71c189c5f8ce4801a7628-006a2d1614" "proxy-server 20" 0.0210 "-" 18 0
Jun 13 08:34:29 np0000072642 account-server[121045]: 172.20.0.103 - - [13/Jun/2026:08:34:29 +0000] "PUT /d1/953/AUTH_88ae32f2c8204458beb5922823236026/gnocchi.c8db387f-4b3e-438a-bc73-a2662186e5b7" 201 - "PUT http://172.20.0.103:6001/d1/226/AUTH_88ae32f2c8204458beb5922823236026/gnocchi.c8db387f-4b3e-438a-bc73-a2662186e5b7" "tx5243052b1d9c4d3eaa691-006a2d1614" "container-server 23" 0.0044 "-" 23 0
Jun 13 08:34:29 np0000072642 account-server[121045]: 172.20.0.103 - - [13/Jun/2026:08:34:29 +0000] "PUT /d1/953/AUTH_88ae32f2c8204458beb5922823236026/gnocchi.f91430eb-81cc-471c-a4b8-01f5f8284d56" 201 - "PUT http://172.20.0.103:6001/d1/338/AUTH_88ae32f2c8204458beb5922823236026/gnocchi.f91430eb-81cc-471c-a4b8-01f5f8284d56" "tx71c189c5f8ce4801a7628-006a2d1614" "container-server 20" 0.0044 "-" 23 0
Jun 13 08:34:29 np0000072642 container-server[121453]: 172.20.0.104 - - [13/Jun/2026:08:34:29 +0000] "PUT /d1/226/AUTH_88ae32f2c8204458beb5922823236026/gnocchi.c8db387f-4b3e-438a-bc73-a2662186e5b7" 201 - "PUT http://172.18.0.157:8080/v1/AUTH_88ae32f2c8204458beb5922823236026/gnocchi.c8db387f-4b3e-438a-bc73-a2662186e5b7" "tx5243052b1d9c4d3eaa691-006a2d1614" "proxy-server 20" 0.0735 "-" 18 0
Jun 13 08:34:29 np0000072642 proxy-server[123202]: 172.18.0.105 172.18.0.104 13/Jun/2026/08/34/29 PUT /v1/AUTH_88ae32f2c8204458beb5922823236026/gnocchi.c8db387f-4b3e-438a-bc73-a2662186e5b7 HTTP/1.0 201 - python-swiftclient-3.11.1 gAAAAABqLRW9KbrP... - - - tx5243052b1d9c4d3eaa691-006a2d1614 - 0.0837 - - 1781339668.951394796 1781339669.035071135 0
Jun 13 08:34:29 np0000072642 container-server[121472]: 172.20.0.103 - - [13/Jun/2026:08:34:29 +0000] "HEAD /d1/338/AUTH_88ae32f2c8204458beb5922823236026/gnocchi.f91430eb-81cc-471c-a4b8-01f5f8284d56" 204 - "HEAD http://172.18.0.157:8080/v1/AUTH_88ae32f2c8204458beb5922823236026/gnocchi.f91430eb-81cc-471c-a4b8-01f5f8284d56?format=json&states=listing" "txa90e9473de634aad8b567-006a2d1615" "proxy-server 20" 0.0016 "-" 20 0
Jun 13 08:34:29 np0000072642 container-server[121472]: 172.20.0.104 - - [13/Jun/2026:08:34:29 +0000] "HEAD /d1/226/AUTH_88ae32f2c8204458beb5922823236026/gnocchi.c8db387f-4b3e-438a-bc73-a2662186e5b7" 204 - "HEAD http://172.18.0.157:8080/v1/AUTH_88ae32f2c8204458beb5922823236026/gnocchi.c8db387f-4b3e-438a-bc73-a2662186e5b7?format=json&states=listing" "tx816d68c1dfde4bb997457-006a2d1615" "proxy-server 20" 0.0013 "-" 20 0
Jun 13 08:34:29 np0000072642 proxy-server[123202]: - - 13/Jun/2026/08/34/29 HEAD /v1/AUTH_88ae32f2c8204458beb5922823236026/gnocchi.c8db387f-4b3e-438a-bc73-a2662186e5b7%3Fformat%3Djson%26states%3Dlisting HTTP/1.0 204 - Swift - - - - tx816d68c1dfde4bb997457-006a2d1615 - 0.0043 RL - 1781339669.042371273 1781339669.046713352 0
Jun 13 08:34:29 np0000072642 container-server[121472]: 172.20.0.103 - - [13/Jun/2026:08:34:29 +0000] "GET /d1/338/AUTH_88ae32f2c8204458beb5922823236026/gnocchi.f91430eb-81cc-471c-a4b8-01f5f8284d56" 200 2 "GET http://172.18.0.157:8080/v1/AUTH_88ae32f2c8204458beb5922823236026/gnocchi.f91430eb-81cc-471c-a4b8-01f5f8284d56?format=json&states=listing" "txa90e9473de634aad8b567-006a2d1615" "proxy-server 20" 0.0021 "-" 20 0
Jun 13 08:34:29 np0000072642 container-server[121453]: 172.20.0.104 - - [13/Jun/2026:08:34:29 +0000] "GET /d1/226/AUTH_88ae32f2c8204458beb5922823236026/gnocchi.c8db387f-4b3e-438a-bc73-a2662186e5b7" 200 2 "GET http://172.18.0.157:8080/v1/AUTH_88ae32f2c8204458beb5922823236026/gnocchi.c8db387f-4b3e-438a-bc73-a2662186e5b7?format=json&states=listing" "tx816d68c1dfde4bb997457-006a2d1615" "proxy-server 20" 0.0027 "-" 18 0
Jun 13 08:34:29 np0000072642 proxy-server[123202]: 172.18.0.105 172.18.0.104 13/Jun/2026/08/34/29 GET /v1/AUTH_88ae32f2c8204458beb5922823236026/gnocchi.c8db387f-4b3e-438a-bc73-a2662186e5b7%3Fformat%3Djson%26states%3Dlisting HTTP/1.0 200 - python-swiftclient-3.11.1 gAAAAABqLRW9KbrP... - 2 - tx816d68c1dfde4bb997457-006a2d1615 - 0.0145 - - 1781339669.040530682 1781339669.055056334 0
Jun 13 08:34:29 np0000072642 object-server[121904]: 172.20.0.105 - - [13/Jun/2026:08:34:29 +0000] "GET /d1/122/AUTH_88ae32f2c8204458beb5922823236026/gnocchi.16488f8c-b4d9-48a1-8bdd-c128f2675fa0/1780920000.0_mean_300.0_v3" 404 70 "GET http://172.18.0.157:8080/v1/AUTH_88ae32f2c8204458beb5922823236026/gnocchi.16488f8c-b4d9-48a1-8bdd-c128f2675fa0/1780920000.0_mean_300.0_v3" "tx589530edad6946c58f71b-006a2d1615" "proxy-server 20" 0.0006 "-" 24 0
Jun 13 08:34:29 np0000072642 object-server[121927]: 172.20.0.104 - - [13/Jun/2026:08:34:29 +0000] "GET /d1/833/AUTH_88ae32f2c8204458beb5922823236026/gnocchi.c8db387f-4b3e-438a-bc73-a2662186e5b7/1780920000.0_mean_300.0_v3" 404 70 "GET http://172.18.0.157:8080/v1/AUTH_88ae32f2c8204458beb5922823236026/gnocchi.c8db387f-4b3e-438a-bc73-a2662186e5b7/1780920000.0_mean_300.0_v3" "txfaf121a527884b479b61d-006a2d1615" "proxy-server 20" 0.0004 "-" 25 0
Jun 13 08:34:29 np0000072642 object-server[121927]: 172.20.0.103 - - [13/Jun/2026:08:34:29 +0000] "GET /d1/307/AUTH_88ae32f2c8204458beb5922823236026/gnocchi.f91430eb-81cc-471c-a4b8-01f5f8284d56/1780920000.0_mean_300.0_v3" 404 70 "GET http://172.18.0.157:8080/v1/AUTH_88ae32f2c8204458beb5922823236026/gnocchi.f91430eb-81cc-471c-a4b8-01f5f8284d56/1780920000.0_mean_300.0_v3" "tx38f6d0e14da14b4991bfd-006a2d1615" "proxy-server 20" 0.0002 "-" 25 0
Jun 13 08:34:29 np0000072642 proxy-server[123202]: 172.18.0.105 172.18.0.104 13/Jun/2026/08/34/29 GET /v1/AUTH_88ae32f2c8204458beb5922823236026/gnocchi.c8db387f-4b3e-438a-bc73-a2662186e5b7/1780920000.0_mean_300.0_v3 HTTP/1.0 404 - python-swiftclient-3.11.1 gAAAAABqLRW9KbrP... - 70 - txfaf121a527884b479b61d-006a2d1615 - 0.0106 - - 1781339669.059973001 1781339669.070621252 0
Jun 13 08:34:29 np0000072642 container-server[121436]: 172.20.0.104 - - [13/Jun/2026:08:34:29 +0000] "PUT /d1/338/AUTH_88ae32f2c8204458beb5922823236026/gnocchi.f91430eb-81cc-471c-a4b8-01f5f8284d56/1780920000.0_mean_300.0_v3" 201 - "PUT http://172.18.0.157:8080/d1/307/AUTH_88ae32f2c8204458beb5922823236026/gnocchi.f91430eb-81cc-471c-a4b8-01f5f8284d56/1780920000.0_mean_300.0_v3" "txc3215786773f4e2db7ce5-006a2d1615" "object-server 23" 0.0011 "-" 17 0
Jun 13 08:34:29 np0000072642 object-server[121884]: 172.20.0.103 - - [13/Jun/2026:08:34:29 +0000] "PUT /d1/307/AUTH_88ae32f2c8204458beb5922823236026/gnocchi.f91430eb-81cc-471c-a4b8-01f5f8284d56/1780920000.0_mean_300.0_v3" 201 - "PUT http://172.18.0.157:8080/v1/AUTH_88ae32f2c8204458beb5922823236026/gnocchi.f91430eb-81cc-471c-a4b8-01f5f8284d56/1780920000.0_mean_300.0_v3" "txc3215786773f4e2db7ce5-006a2d1615" "proxy-server 20" 0.0145 "-" 23 0
Jun 13 08:34:29 np0000072642 object-server[121927]: 172.20.0.104 - - [13/Jun/2026:08:34:29 +0000] "PUT /d1/122/AUTH_88ae32f2c8204458beb5922823236026/gnocchi.16488f8c-b4d9-48a1-8bdd-c128f2675fa0/1780920000.0_mean_300.0_v3" 201 - "PUT http://172.18.0.157:8080/v1/AUTH_88ae32f2c8204458beb5922823236026/gnocchi.16488f8c-b4d9-48a1-8bdd-c128f2675fa0/1780920000.0_mean_300.0_v3" "tx95b8ac5615b94af3af523-006a2d1615" "proxy-server 20" 0.0128 "-" 25 0
Jun 13 08:34:29 np0000072642 container-server[121464]: 172.20.0.104 - - [13/Jun/2026:08:34:29 +0000] "PUT /d1/226/AUTH_88ae32f2c8204458beb5922823236026/gnocchi.c8db387f-4b3e-438a-bc73-a2662186e5b7/1780920000.0_mean_300.0_v3" 201 - "PUT http://172.18.0.157:8080/d1/833/AUTH_88ae32f2c8204458beb5922823236026/gnocchi.c8db387f-4b3e-438a-bc73-a2662186e5b7/1780920000.0_mean_300.0_v3" "tx8bd29b83ed894869a18ec-006a2d1615" "object-server 23" 0.0006 "-" 19 0
Jun 13 08:34:29 np0000072642 object-server[121884]: 172.20.0.105 - - [13/Jun/2026:08:34:29 +0000] "PUT /d1/833/AUTH_88ae32f2c8204458beb5922823236026/gnocchi.c8db387f-4b3e-438a-bc73-a2662186e5b7/1780920000.0_mean_300.0_v3" 201 - "PUT http://172.18.0.157:8080/v1/AUTH_88ae32f2c8204458beb5922823236026/gnocchi.c8db387f-4b3e-438a-bc73-a2662186e5b7/1780920000.0_mean_300.0_v3" "tx8bd29b83ed894869a18ec-006a2d1615" "proxy-server 20" 0.0119 "-" 23 0
Jun 13 08:34:29 np0000072642 container-server[121472]: 172.20.0.105 - - [13/Jun/2026:08:34:29 +0000] "PUT /d1/614/AUTH_88ae32f2c8204458beb5922823236026/gnocchi.16488f8c-b4d9-48a1-8bdd-c128f2675fa0/1780920000.0_mean_300.0_v3" 201 - "PUT http://172.18.0.157:8080/d1/122/AUTH_88ae32f2c8204458beb5922823236026/gnocchi.16488f8c-b4d9-48a1-8bdd-c128f2675fa0/1780920000.0_mean_300.0_v3" "tx95b8ac5615b94af3af523-006a2d1615" "object-server 16" 0.0006 "-" 20 0
Jun 13 08:34:29 np0000072642 proxy-server[123202]: 172.18.0.103 172.18.0.104 13/Jun/2026/08/34/29 PUT /v1/AUTH_88ae32f2c8204458beb5922823236026/gnocchi.16488f8c-b4d9-48a1-8bdd-c128f2675fa0/1780920000.0_mean_300.0_v3 HTTP/1.0 201 - python-swiftclient-3.11.1 gAAAAABqLRXF7NW_... 16 - - tx95b8ac5615b94af3af523-006a2d1615 - 0.0286 - - 1781339669.075013399 1781339669.103614092 0
Jun 13 08:34:29 np0000072642 object-server[121927]: 172.20.0.104 - - [13/Jun/2026:08:34:29 +0000] "PUT /d1/421/AUTH_88ae32f2c8204458beb5922823236026/gnocchi.16488f8c-b4d9-48a1-8bdd-c128f2675fa0/none_v3" 201 - "PUT http://172.18.0.157:8080/v1/AUTH_88ae32f2c8204458beb5922823236026/gnocchi.16488f8c-b4d9-48a1-8bdd-c128f2675fa0/none_v3" "txa2c8d84a60ce498ca4447-006a2d1615" "proxy-server 20" 0.0103 "-" 25 0
Jun 13 08:34:29 np0000072642 container-server[121453]: 172.20.0.103 - - [13/Jun/2026:08:34:29 +0000] "PUT /d1/338/AUTH_88ae32f2c8204458beb5922823236026/gnocchi.f91430eb-81cc-471c-a4b8-01f5f8284d56/none_v3" 201 - "PUT http://172.18.0.157:8080/d1/950/AUTH_88ae32f2c8204458beb5922823236026/gnocchi.f91430eb-81cc-471c-a4b8-01f5f8284d56/none_v3" "txc2e34fe7ee9f4c4299b85-006a2d1615" "object-server 23" 0.0006 "-" 18 0
Jun 13 08:34:29 np0000072642 object-server[121927]: 172.20.0.103 - - [13/Jun/2026:08:34:29 +0000] "PUT /d1/950/AUTH_88ae32f2c8204458beb5922823236026/gnocchi.f91430eb-81cc-471c-a4b8-01f5f8284d56/none_v3" 201 - "PUT http://172.18.0.157:8080/v1/AUTH_88ae32f2c8204458beb5922823236026/gnocchi.f91430eb-81cc-471c-a4b8-01f5f8284d56/none_v3" "txc2e34fe7ee9f4c4299b85-006a2d1615" "proxy-server 20" 0.0159 "-" 25 0
Jun 13 08:34:29 np0000072642 object-server[121904]: 172.20.0.105 - - [13/Jun/2026:08:34:29 +0000] "PUT /d1/1016/AUTH_88ae32f2c8204458beb5922823236026/gnocchi.c8db387f-4b3e-438a-bc73-a2662186e5b7/none_v3" 201 - "PUT http://172.18.0.157:8080/v1/AUTH_88ae32f2c8204458beb5922823236026/gnocchi.c8db387f-4b3e-438a-bc73-a2662186e5b7/none_v3" "tx24b09647a9064b20a0ec1-006a2d1615" "proxy-server 20" 0.0114 "-" 24 0
Jun 13 08:34:29 np0000072642 container-server[121464]: 172.20.0.103 - - [13/Jun/2026:08:34:29 +0000] "PUT /d1/226/AUTH_88ae32f2c8204458beb5922823236026/gnocchi.c8db387f-4b3e-438a-bc73-a2662186e5b7/none_v3" 201 - "PUT http://172.18.0.157:8080/d1/1016/AUTH_88ae32f2c8204458beb5922823236026/gnocchi.c8db387f-4b3e-438a-bc73-a2662186e5b7/none_v3" "tx24b09647a9064b20a0ec1-006a2d1615" "object-server 25" 0.0004 "-" 19 0
Jun 13 08:34:29 np0000072642 container-server[121472]: 172.20.0.105 - - [13/Jun/2026:08:34:29 +0000] "PUT /d1/614/AUTH_88ae32f2c8204458beb5922823236026/gnocchi.16488f8c-b4d9-48a1-8bdd-c128f2675fa0/none_v3" 201 - "PUT http://172.18.0.157:8080/d1/421/AUTH_88ae32f2c8204458beb5922823236026/gnocchi.16488f8c-b4d9-48a1-8bdd-c128f2675fa0/none_v3" "txa2c8d84a60ce498ca4447-006a2d1615" "object-server 16" 0.0006 "-" 20 0
Jun 13 08:34:29 np0000072642 proxy-server[123202]: 172.18.0.103 172.18.0.104 13/Jun/2026/08/34/29 PUT /v1/AUTH_88ae32f2c8204458beb5922823236026/gnocchi.16488f8c-b4d9-48a1-8bdd-c128f2675fa0/none_v3 HTTP/1.0 201 - python-swiftclient-3.11.1 gAAAAABqLRXF7NW_... 22 - - txa2c8d84a60ce498ca4447-006a2d1615 - 0.0304 - - 1781339669.109093428 1781339669.139539242 0
Jun 13 08:34:29 np0000072642 container-server[121436]: 172.20.0.103 - - [13/Jun/2026:08:34:29 +0000] "HEAD /d1/219/AUTH_88ae32f2c8204458beb5922823236026/gnocchi.764772c8-6eef-4bc0-ab31-48b64cda24a1" 404 - "HEAD http://172.18.0.157:8080/v1/AUTH_88ae32f2c8204458beb5922823236026/gnocchi.764772c8-6eef-4bc0-ab31-48b64cda24a1?format=json&states=listing" "tx27e4101efa8442aeaedd9-006a2d1615" "proxy-server 20" 0.0004 "-" 17 0
Jun 13 08:34:29 np0000072642 container-server[121436]: 172.20.0.104 - - [13/Jun/2026:08:34:29 +0000] "HEAD /d1/205/AUTH_88ae32f2c8204458beb5922823236026/gnocchi.02fb4429-dd8a-44e9-8dc6-b6f02cc12874" 404 - "HEAD http://172.18.0.157:8080/v1/AUTH_88ae32f2c8204458beb5922823236026/gnocchi.02fb4429-dd8a-44e9-8dc6-b6f02cc12874?format=json&states=listing" "tx50b7f37219ff45fdadfea-006a2d1615" "proxy-server 20" 0.0002 "-" 17 0
Jun 13 08:34:29 np0000072642 container-server[121472]: 172.20.0.105 - - [13/Jun/2026:08:34:29 +0000] "HEAD /d1/294/AUTH_88ae32f2c8204458beb5922823236026/gnocchi.a8c33b1d-95f1-4225-a311-9b9ee63fb8b0" 404 - "HEAD http://172.18.0.157:8080/v1/AUTH_88ae32f2c8204458beb5922823236026/gnocchi.a8c33b1d-95f1-4225-a311-9b9ee63fb8b0?format=json&states=listing" "tx1f10a58efdf645af96038-006a2d1615" "proxy-server 20" 0.0003 "-" 20 0
Jun 13 08:34:29 np0000072642 object-server[121873]: 172.20.0.104 - - [13/Jun/2026:08:34:29 +0000] "GET /d1/162/AUTH_88ae32f2c8204458beb5922823236026/gnocchi.02fb4429-dd8a-44e9-8dc6-b6f02cc12874/none_v3" 404 70 "GET http://172.18.0.157:8080/v1/AUTH_88ae32f2c8204458beb5922823236026/gnocchi.02fb4429-dd8a-44e9-8dc6-b6f02cc12874/none_v3" "tx50b7f37219ff45fdadfea-006a2d1615" "proxy-server 20" 0.0007 "-" 22 0
Jun 13 08:34:29 np0000072642 object-server[121873]: 172.20.0.103 - - [13/Jun/2026:08:34:29 +0000] "GET /d1/816/AUTH_88ae32f2c8204458beb5922823236026/gnocchi.764772c8-6eef-4bc0-ab31-48b64cda24a1/none_v3" 404 70 "GET http://172.18.0.157:8080/v1/AUTH_88ae32f2c8204458beb5922823236026/gnocchi.764772c8-6eef-4bc0-ab31-48b64cda24a1/none_v3" "tx27e4101efa8442aeaedd9-006a2d1615" "proxy-server 20" 0.0002 "-" 22 0
Jun 13 08:34:29 np0000072642 proxy-server[123202]: 172.18.0.103 172.18.0.104 13/Jun/2026/08/34/29 GET /v1/AUTH_88ae32f2c8204458beb5922823236026/gnocchi.02fb4429-dd8a-44e9-8dc6-b6f02cc12874/none_v3 HTTP/1.0 404 - python-swiftclient-3.11.1 gAAAAABqLRXF7NW_... - 70 - tx50b7f37219ff45fdadfea-006a2d1615 - 0.0269 - - 1781339669.154864550 1781339669.181802750 0
Jun 13 08:34:29 np0000072642 object-server[121884]: 172.20.0.105 - - [13/Jun/2026:08:34:29 +0000] "GET /d1/584/AUTH_88ae32f2c8204458beb5922823236026/gnocchi.a8c33b1d-95f1-4225-a311-9b9ee63fb8b0/none_v3" 404 70 "GET http://172.18.0.157:8080/v1/AUTH_88ae32f2c8204458beb5922823236026/gnocchi.a8c33b1d-95f1-4225-a311-9b9ee63fb8b0/none_v3" "tx1f10a58efdf645af96038-006a2d1615" "proxy-server 20" 0.0006 "-" 23 0
Jun 13 08:34:29 np0000072642 container-server[121464]: 172.20.0.103 - - [13/Jun/2026:08:34:29 +0000] "PUT /d1/219/AUTH_88ae32f2c8204458beb5922823236026/gnocchi.764772c8-6eef-4bc0-ab31-48b64cda24a1" 201 - "PUT http://172.18.0.157:8080/v1/AUTH_88ae32f2c8204458beb5922823236026/gnocchi.764772c8-6eef-4bc0-ab31-48b64cda24a1" "tx55e9036411934916864ff-006a2d1615" "proxy-server 20" 0.0136 "-" 19 0
Jun 13 08:34:29 np0000072642 container-server[121472]: 172.20.0.104 - - [13/Jun/2026:08:34:29 +0000] "PUT /d1/205/AUTH_88ae32f2c8204458beb5922823236026/gnocchi.02fb4429-dd8a-44e9-8dc6-b6f02cc12874" 201 - "PUT http://172.18.0.157:8080/v1/AUTH_88ae32f2c8204458beb5922823236026/gnocchi.02fb4429-dd8a-44e9-8dc6-b6f02cc12874" "txa9de5bd40cc64d7daaae8-006a2d1615" "proxy-server 20" 0.0257 "-" 20 0
Jun 13 08:34:29 np0000072642 account-server[121041]: 172.20.0.105 - - [13/Jun/2026:08:34:29 +0000] "PUT /d1/953/AUTH_88ae32f2c8204458beb5922823236026/gnocchi.764772c8-6eef-4bc0-ab31-48b64cda24a1" 201 - "PUT http://172.20.0.105:6001/d1/219/AUTH_88ae32f2c8204458beb5922823236026/gnocchi.764772c8-6eef-4bc0-ab31-48b64cda24a1" "tx55e9036411934916864ff-006a2d1615" "container-server 15" 0.0060 "-" 22 0
Jun 13 08:34:29 np0000072642 account-server[121041]: 172.20.0.105 - - [13/Jun/2026:08:34:29 +0000] "PUT /d1/953/AUTH_88ae32f2c8204458beb5922823236026/gnocchi.02fb4429-dd8a-44e9-8dc6-b6f02cc12874" 201 - "PUT http://172.20.0.105:6001/d1/205/AUTH_88ae32f2c8204458beb5922823236026/gnocchi.02fb4429-dd8a-44e9-8dc6-b6f02cc12874" "txa9de5bd40cc64d7daaae8-006a2d1615" "container-server 15" 0.0040 "-" 22 0
Jun 13 08:34:29 np0000072642 proxy-server[123202]: 172.18.0.103 172.18.0.104 13/Jun/2026/08/34/29 PUT /v1/AUTH_88ae32f2c8204458beb5922823236026/gnocchi.02fb4429-dd8a-44e9-8dc6-b6f02cc12874 HTTP/1.0 201 - python-swiftclient-3.11.1 gAAAAABqLRXF7NW_... - - - txa9de5bd40cc64d7daaae8-006a2d1615 - 0.0397 - - 1781339669.185423851 1781339669.225155115 0
Jun 13 08:34:29 np0000072642 container-server[121436]: 172.20.0.105 - - [13/Jun/2026:08:34:29 +0000] "PUT /d1/294/AUTH_88ae32f2c8204458beb5922823236026/gnocchi.a8c33b1d-95f1-4225-a311-9b9ee63fb8b0" 201 - "PUT http://172.18.0.157:8080/v1/AUTH_88ae32f2c8204458beb5922823236026/gnocchi.a8c33b1d-95f1-4225-a311-9b9ee63fb8b0" "tx79ac807be073404ca3e49-006a2d1615" "proxy-server 20" 0.0168 "-" 17 0
Jun 13 08:34:29 np0000072642 account-server[121029]: 172.20.0.105 - - [13/Jun/2026:08:34:29 +0000] "PUT /d1/953/AUTH_88ae32f2c8204458beb5922823236026/gnocchi.a8c33b1d-95f1-4225-a311-9b9ee63fb8b0" 201 - "PUT http://172.20.0.105:6001/d1/294/AUTH_88ae32f2c8204458beb5922823236026/gnocchi.a8c33b1d-95f1-4225-a311-9b9ee63fb8b0" "tx79ac807be073404ca3e49-006a2d1615" "container-server 16" 0.0052 "-" 20 0
Jun 13 08:34:29 np0000072642 proxy-server[123202]: - - 13/Jun/2026/08/34/29 HEAD /v1/AUTH_88ae32f2c8204458beb5922823236026/gnocchi.02fb4429-dd8a-44e9-8dc6-b6f02cc12874%3Fformat%3Djson%26states%3Dlisting HTTP/1.0 204 - Swift - - - - txd3bfe5ab7ffe4ffd94397-006a2d1615 - 0.0037 RL - 1781339669.231598616 1781339669.235270500 0
Jun 13 08:34:29 np0000072642 proxy-server[123202]: 172.18.0.103 172.18.0.104 13/Jun/2026/08/34/29 GET /v1/AUTH_88ae32f2c8204458beb5922823236026/gnocchi.02fb4429-dd8a-44e9-8dc6-b6f02cc12874%3Fformat%3Djson%26states%3Dlisting HTTP/1.0 200 - python-swiftclient-3.11.1 gAAAAABqLRXF7NW_... - 2 - txd3bfe5ab7ffe4ffd94397-006a2d1615 - 0.0133 - - 1781339669.229914188 1781339669.243179798 0
Jun 13 08:34:29 np0000072642 object-server[121873]: 172.20.0.104 - - [13/Jun/2026:08:34:29 +0000] "GET /d1/108/AUTH_88ae32f2c8204458beb5922823236026/gnocchi.02fb4429-dd8a-44e9-8dc6-b6f02cc12874/1780920000.0_mean_300.0_v3" 404 70 "GET http://172.18.0.157:8080/v1/AUTH_88ae32f2c8204458beb5922823236026/gnocchi.02fb4429-dd8a-44e9-8dc6-b6f02cc12874/1780920000.0_mean_300.0_v3" "txbbf3bd9142af4b0fa70bd-006a2d1615" "proxy-server 20" 0.0005 "-" 22 0
Jun 13 08:34:29 np0000072642 proxy-server[123202]: 172.18.0.103 172.18.0.104 13/Jun/2026/08/34/29 GET /v1/AUTH_88ae32f2c8204458beb5922823236026/gnocchi.02fb4429-dd8a-44e9-8dc6-b6f02cc12874/1780920000.0_mean_300.0_v3 HTTP/1.0 404 - python-swiftclient-3.11.1 gAAAAABqLRXF7NW_... - 70 - txbbf3bd9142af4b0fa70bd-006a2d1615 - 0.0126 - - 1781339669.246398687 1781339669.258982658 0
Jun 13 08:34:29 np0000072642 container-server[121464]: 172.20.0.105 - - [13/Jun/2026:08:34:29 +0000] "GET /d1/294/AUTH_88ae32f2c8204458beb5922823236026/gnocchi.a8c33b1d-95f1-4225-a311-9b9ee63fb8b0" 200 2 "GET http://172.18.0.157:8080/v1/AUTH_88ae32f2c8204458beb5922823236026/gnocchi.a8c33b1d-95f1-4225-a311-9b9ee63fb8b0?format=json&states=listing" "txb79acc52000b45728d56a-006a2d1615" "proxy-server 20" 0.0018 "-" 19 0
Jun 13 08:34:29 np0000072642 object-server[121873]: 172.20.0.103 - - [13/Jun/2026:08:34:29 +0000] "GET /d1/369/AUTH_88ae32f2c8204458beb5922823236026/gnocchi.764772c8-6eef-4bc0-ab31-48b64cda24a1/1780920000.0_mean_300.0_v3" 404 70 "GET http://172.18.0.157:8080/v1/AUTH_88ae32f2c8204458beb5922823236026/gnocchi.764772c8-6eef-4bc0-ab31-48b64cda24a1/1780920000.0_mean_300.0_v3" "tx8575d4910b324da7a6c0e-006a2d1615" "proxy-server 20" 0.0002 "-" 22 0
Jun 13 08:34:29 np0000072642 container-server[121436]: 172.20.0.103 - - [13/Jun/2026:08:34:29 +0000] "PUT /d1/205/AUTH_88ae32f2c8204458beb5922823236026/gnocchi.02fb4429-dd8a-44e9-8dc6-b6f02cc12874/1780920000.0_mean_300.0_v3" 201 - "PUT http://172.18.0.157:8080/d1/108/AUTH_88ae32f2c8204458beb5922823236026/gnocchi.02fb4429-dd8a-44e9-8dc6-b6f02cc12874/1780920000.0_mean_300.0_v3" "tx84fa83b7ac904cf790c62-006a2d1615" "object-server 25" 0.0006 "-" 17 0
Jun 13 08:34:29 np0000072642 object-server[121904]: 172.20.0.105 - - [13/Jun/2026:08:34:29 +0000] "GET /d1/547/AUTH_88ae32f2c8204458beb5922823236026/gnocchi.a8c33b1d-95f1-4225-a311-9b9ee63fb8b0/1780920000.0_mean_300.0_v3" 404 70 "GET http://172.18.0.157:8080/v1/AUTH_88ae32f2c8204458beb5922823236026/gnocchi.a8c33b1d-95f1-4225-a311-9b9ee63fb8b0/1780920000.0_mean_300.0_v3" "txbc637718c695455bb73af-006a2d1615" "proxy-server 20" 0.0004 "-" 24 0
Jun 13 08:34:29 np0000072642 object-server[121927]: 172.20.0.104 - - [13/Jun/2026:08:34:29 +0000] "PUT /d1/108/AUTH_88ae32f2c8204458beb5922823236026/gnocchi.02fb4429-dd8a-44e9-8dc6-b6f02cc12874/1780920000.0_mean_300.0_v3" 201 - "PUT http://172.18.0.157:8080/v1/AUTH_88ae32f2c8204458beb5922823236026/gnocchi.02fb4429-dd8a-44e9-8dc6-b6f02cc12874/1780920000.0_mean_300.0_v3" "tx84fa83b7ac904cf790c62-006a2d1615" "proxy-server 20" 0.0120 "-" 25 0
Jun 13 08:34:29 np0000072642 proxy-server[123202]: 172.18.0.103 172.18.0.104 13/Jun/2026/08/34/29 PUT /v1/AUTH_88ae32f2c8204458beb5922823236026/gnocchi.02fb4429-dd8a-44e9-8dc6-b6f02cc12874/1780920000.0_mean_300.0_v3 HTTP/1.0 201 - python-swiftclient-3.11.1 gAAAAABqLRXF7NW_... 16 - - tx84fa83b7ac904cf790c62-006a2d1615 - 0.0211 - - 1781339669.265752554 1781339669.286862612 0
Jun 13 08:34:29 np0000072642 container-server[121453]: 172.20.0.104 - - [13/Jun/2026:08:34:29 +0000] "PUT /d1/219/AUTH_88ae32f2c8204458beb5922823236026/gnocchi.764772c8-6eef-4bc0-ab31-48b64cda24a1/1780920000.0_mean_300.0_v3" 201 - "PUT http://172.18.0.157:8080/d1/369/AUTH_88ae32f2c8204458beb5922823236026/gnocchi.764772c8-6eef-4bc0-ab31-48b64cda24a1/1780920000.0_mean_300.0_v3" "txa6729f3989d44801922b8-006a2d1615" "object-server 23" 0.0013 "-" 18 0
Jun 13 08:34:29 np0000072642 object-server[121884]: 172.20.0.103 - - [13/Jun/2026:08:34:29 +0000] "PUT /d1/369/AUTH_88ae32f2c8204458beb5922823236026/gnocchi.764772c8-6eef-4bc0-ab31-48b64cda24a1/1780920000.0_mean_300.0_v3" 201 - "PUT http://172.18.0.157:8080/v1/AUTH_88ae32f2c8204458beb5922823236026/gnocchi.764772c8-6eef-4bc0-ab31-48b64cda24a1/1780920000.0_mean_300.0_v3" "txa6729f3989d44801922b8-006a2d1615" "proxy-server 20" 0.0115 "-" 23 0
Jun 13 08:34:29 np0000072642 container-server[121472]: 172.20.0.104 - - [13/Jun/2026:08:34:29 +0000] "PUT /d1/205/AUTH_88ae32f2c8204458beb5922823236026/gnocchi.02fb4429-dd8a-44e9-8dc6-b6f02cc12874/none_v3" 201 - "PUT http://172.18.0.157:8080/d1/162/AUTH_88ae32f2c8204458beb5922823236026/gnocchi.02fb4429-dd8a-44e9-8dc6-b6f02cc12874/none_v3" "tx6a2db32b671849c6b7d9a-006a2d1615" "object-server 22" 0.0005 "-" 20 0
Jun 13 08:34:29 np0000072642 object-server[121873]: 172.20.0.104 - - [13/Jun/2026:08:34:29 +0000] "PUT /d1/162/AUTH_88ae32f2c8204458beb5922823236026/gnocchi.02fb4429-dd8a-44e9-8dc6-b6f02cc12874/none_v3" 201 - "PUT http://172.18.0.157:8080/v1/AUTH_88ae32f2c8204458beb5922823236026/gnocchi.02fb4429-dd8a-44e9-8dc6-b6f02cc12874/none_v3" "tx6a2db32b671849c6b7d9a-006a2d1615" "proxy-server 20" 0.0538 "-" 22 0
Jun 13 08:34:29 np0000072642 proxy-server[123202]: 172.18.0.103 172.18.0.104 13/Jun/2026/08/34/29 PUT /v1/AUTH_88ae32f2c8204458beb5922823236026/gnocchi.02fb4429-dd8a-44e9-8dc6-b6f02cc12874/none_v3 HTTP/1.0 201 - python-swiftclient-3.11.1 gAAAAABqLRXF7NW_... 22 - - tx6a2db32b671849c6b7d9a-006a2d1615 - 0.0602 - - 1781339669.289727688 1781339669.349906445 0
Jun 13 08:34:29 np0000072642 container-server[121436]: 172.20.0.105 - - [13/Jun/2026:08:34:29 +0000] "PUT /d1/294/AUTH_88ae32f2c8204458beb5922823236026/gnocchi.a8c33b1d-95f1-4225-a311-9b9ee63fb8b0/1780920000.0_mean_300.0_v3" 201 - "PUT http://172.18.0.157:8080/d1/547/AUTH_88ae32f2c8204458beb5922823236026/gnocchi.a8c33b1d-95f1-4225-a311-9b9ee63fb8b0/1780920000.0_mean_300.0_v3" "txb1a7055affd140e7bebef-006a2d1615" "object-server 16" 0.0007 "-" 17 0
Jun 13 08:34:29 np0000072642 container-server[121472]: 172.20.0.104 - - [13/Jun/2026:08:34:29 +0000] "PUT /d1/219/AUTH_88ae32f2c8204458beb5922823236026/gnocchi.764772c8-6eef-4bc0-ab31-48b64cda24a1/none_v3" 201 - "PUT http://172.18.0.157:8080/d1/816/AUTH_88ae32f2c8204458beb5922823236026/gnocchi.764772c8-6eef-4bc0-ab31-48b64cda24a1/none_v3" "txd12d8338848f438684b2e-006a2d1615" "object-server 22" 0.0004 "-" 20 0
Jun 13 08:34:29 np0000072642 object-server[121873]: 172.20.0.103 - - [13/Jun/2026:08:34:29 +0000] "PUT /d1/816/AUTH_88ae32f2c8204458beb5922823236026/gnocchi.764772c8-6eef-4bc0-ab31-48b64cda24a1/none_v3" 201 - "PUT http://172.18.0.157:8080/v1/AUTH_88ae32f2c8204458beb5922823236026/gnocchi.764772c8-6eef-4bc0-ab31-48b64cda24a1/none_v3" "txd12d8338848f438684b2e-006a2d1615" "proxy-server 20" 0.0143 "-" 22 0
Jun 13 08:34:29 np0000072642 object-server[121873]: 172.20.0.105 - - [13/Jun/2026:08:34:29 +0000] "PUT /d1/547/AUTH_88ae32f2c8204458beb5922823236026/gnocchi.a8c33b1d-95f1-4225-a311-9b9ee63fb8b0/1780920000.0_mean_300.0_v3" 201 - "PUT http://172.18.0.157:8080/v1/AUTH_88ae32f2c8204458beb5922823236026/gnocchi.a8c33b1d-95f1-4225-a311-9b9ee63fb8b0/1780920000.0_mean_300.0_v3" "txb1a7055affd140e7bebef-006a2d1615" "proxy-server 20" 0.0136 "-" 22 0
Jun 13 08:34:29 np0000072642 container-server[121464]: 172.20.0.103 - - [13/Jun/2026:08:34:29 +0000] "HEAD /d1/813/AUTH_88ae32f2c8204458beb5922823236026/gnocchi.b5a44d0c-02ec-444c-bc8f-f2c1ce9880c1" 404 - "HEAD http://172.18.0.157:8080/v1/AUTH_88ae32f2c8204458beb5922823236026/gnocchi.b5a44d0c-02ec-444c-bc8f-f2c1ce9880c1?format=json&states=listing" "txb0f6273eea9c426f83b8f-006a2d1615" "proxy-server 20" 0.0003 "-" 19 0
Jun 13 08:34:29 np0000072642 object-server[121884]: 172.20.0.103 - - [13/Jun/2026:08:34:29 +0000] "GET /d1/47/AUTH_88ae32f2c8204458beb5922823236026/gnocchi.b5a44d0c-02ec-444c-bc8f-f2c1ce9880c1/none_v3" 404 70 "GET http://172.18.0.157:8080/v1/AUTH_88ae32f2c8204458beb5922823236026/gnocchi.b5a44d0c-02ec-444c-bc8f-f2c1ce9880c1/none_v3" "txb0f6273eea9c426f83b8f-006a2d1615" "proxy-server 20" 0.0003 "-" 23 0
Jun 13 08:34:29 np0000072642 container-server[121472]: 172.20.0.105 - - [13/Jun/2026:08:34:29 +0000] "HEAD /d1/636/AUTH_88ae32f2c8204458beb5922823236026/gnocchi.1c8ac7b8-b2a4-477b-a46d-de8f76cb926c" 404 - "HEAD http://172.18.0.157:8080/v1/AUTH_88ae32f2c8204458beb5922823236026/gnocchi.1c8ac7b8-b2a4-477b-a46d-de8f76cb926c?format=json&states=listing" "tx929d02a5f938489dac4ad-006a2d1615" "proxy-server 20" 0.0003 "-" 20 0
Jun 13 08:34:29 np0000072642 object-server[121873]: 172.20.0.104 - - [13/Jun/2026:08:34:29 +0000] "PUT /d1/584/AUTH_88ae32f2c8204458beb5922823236026/gnocchi.a8c33b1d-95f1-4225-a311-9b9ee63fb8b0/none_v3" 201 - "PUT http://172.18.0.157:8080/v1/AUTH_88ae32f2c8204458beb5922823236026/gnocchi.a8c33b1d-95f1-4225-a311-9b9ee63fb8b0/none_v3" "tx161a0105e4d0413388915-006a2d1615" "proxy-server 20" 0.0125 "-" 22 0
Jun 13 08:34:29 np0000072642 container-server[121453]: 172.20.0.103 - - [13/Jun/2026:08:34:29 +0000] "PUT /d1/294/AUTH_88ae32f2c8204458beb5922823236026/gnocchi.a8c33b1d-95f1-4225-a311-9b9ee63fb8b0/none_v3" 201 - "PUT http://172.18.0.157:8080/d1/584/AUTH_88ae32f2c8204458beb5922823236026/gnocchi.a8c33b1d-95f1-4225-a311-9b9ee63fb8b0/none_v3" "tx161a0105e4d0413388915-006a2d1615" "object-server 25" 0.0012 "-" 18 0
Jun 13 08:34:29 np0000072642 proxy-server[123202]: 172.18.0.105 172.18.0.104 13/Jun/2026/08/34/29 PUT /v1/AUTH_88ae32f2c8204458beb5922823236026/gnocchi.a8c33b1d-95f1-4225-a311-9b9ee63fb8b0/none_v3 HTTP/1.0 201 - python-swiftclient-3.11.1 gAAAAABqLRW9KbrP... 22 - - tx161a0105e4d0413388915-006a2d1615 - 0.0276 - - 1781339669.364229679 1781339669.391802073 0
Jun 13 08:34:29 np0000072642 object-server[121873]: 172.20.0.105 - - [13/Jun/2026:08:34:29 +0000] "GET /d1/264/AUTH_88ae32f2c8204458beb5922823236026/gnocchi.1c8ac7b8-b2a4-477b-a46d-de8f76cb926c/none_v3" 404 70 "GET http://172.18.0.157:8080/v1/AUTH_88ae32f2c8204458beb5922823236026/gnocchi.1c8ac7b8-b2a4-477b-a46d-de8f76cb926c/none_v3" "tx929d02a5f938489dac4ad-006a2d1615" "proxy-server 20" 0.0004 "-" 22 0
Jun 13 08:34:29 np0000072642 container-server[121472]: 172.20.0.104 - - [13/Jun/2026:08:34:29 +0000] "HEAD /d1/110/AUTH_88ae32f2c8204458beb5922823236026/gnocchi.ba2754ce-c679-4af1-9b5b-7caf60ee5a7c" 404 - "HEAD http://172.18.0.157:8080/v1/AUTH_88ae32f2c8204458beb5922823236026/gnocchi.ba2754ce-c679-4af1-9b5b-7caf60ee5a7c?format=json&states=listing" "txfac0477945d14fa18c250-006a2d1615" "proxy-server 20" 0.0003 "-" 20 0
Jun 13 08:34:29 np0000072642 account-server[121035]: 172.20.0.103 - - [13/Jun/2026:08:34:29 +0000] "PUT /d1/953/AUTH_88ae32f2c8204458beb5922823236026/gnocchi.b5a44d0c-02ec-444c-bc8f-f2c1ce9880c1" 201 - "PUT http://172.20.0.103:6001/d1/813/AUTH_88ae32f2c8204458beb5922823236026/gnocchi.b5a44d0c-02ec-444c-bc8f-f2c1ce9880c1" "txecd00bb39725464d96c20-006a2d1615" "container-server 22" 0.0071 "-" 21 0
Jun 13 08:34:29 np0000072642 container-server[121464]: 172.20.0.103 - - [13/Jun/2026:08:34:29 +0000] "PUT /d1/813/AUTH_88ae32f2c8204458beb5922823236026/gnocchi.b5a44d0c-02ec-444c-bc8f-f2c1ce9880c1" 201 - "PUT http://172.18.0.157:8080/v1/AUTH_88ae32f2c8204458beb5922823236026/gnocchi.b5a44d0c-02ec-444c-bc8f-f2c1ce9880c1" "txecd00bb39725464d96c20-006a2d1615" "proxy-server 20" 0.0170 "-" 19 0
Jun 13 08:34:29 np0000072642 object-server[121884]: 172.20.0.104 - - [13/Jun/2026:08:34:29 +0000] "GET /d1/476/AUTH_88ae32f2c8204458beb5922823236026/gnocchi.ba2754ce-c679-4af1-9b5b-7caf60ee5a7c/none_v3" 404 70 "GET http://172.18.0.157:8080/v1/AUTH_88ae32f2c8204458beb5922823236026/gnocchi.ba2754ce-c679-4af1-9b5b-7caf60ee5a7c/none_v3" "txfac0477945d14fa18c250-006a2d1615" "proxy-server 20" 0.0003 "-" 23 0
