Jun 13 08:29:44 np0000072642 container-server[121112]: diff:0 diff_capped:0 empty:0 hashmatch:0 no_change:0 remote_merge:0 rsync:0 ts_repl:0
Jun 13 08:29:45 np0000072642 object-server[121575]: Starting object replication pass.
Jun 13 08:29:45 np0000072642 object-server[121575]: Nothing replicated for 0.004066944122314453 seconds.
Jun 13 08:29:45 np0000072642 object-server[121575]: Object replication complete. (0.00 minutes)
Jun 13 08:29:46 np0000072642 object-server[190698]: Begin object audit "forever" mode (ZBF)
Jun 13 08:29:46 np0000072642 object-server[190698]: Object audit (ZBF) "forever" mode completed: 0.00s. Total quarantined: 0, Total errors: 0, Total files/sec: 0.00, Total bytes/sec: 0.00, Auditing time: 0.00, Rate: 0.00
Jun 13 08:30:03 np0000072642 account-server[120729]: Beginning replication run
Jun 13 08:30:03 np0000072642 account-server[120729]: Replication run OVER
Jun 13 08:30:03 np0000072642 account-server[120729]: Attempted to replicate 0 dbs in 0.00250 seconds (0.00000/s)
Jun 13 08:30:03 np0000072642 account-server[120729]: Removed 0 dbs
Jun 13 08:30:03 np0000072642 account-server[120729]: 0 successes, 0 failures
Jun 13 08:30:03 np0000072642 account-server[120729]: diff:0 diff_capped:0 empty:0 hashmatch:0 no_change:0 remote_merge:0 rsync:0 ts_repl:0
Jun 13 08:30:14 np0000072642 container-server[121112]: Beginning replication run
Jun 13 08:30:14 np0000072642 container-server[121112]: Replication run OVER
Jun 13 08:30:14 np0000072642 container-server[121112]: Attempted to replicate 0 dbs in 0.00268 seconds (0.00000/s)
Jun 13 08:30:14 np0000072642 container-server[121112]: Removed 0 dbs
Jun 13 08:30:14 np0000072642 container-server[121112]: 0 successes, 0 failures
Jun 13 08:30:14 np0000072642 container-server[121112]: diff:0 diff_capped:0 empty:0 hashmatch:0 no_change:0 remote_merge:0 rsync:0 ts_repl:0
Jun 13 08:30:15 np0000072642 object-server[121575]: Starting object replication pass.
Jun 13 08:30:15 np0000072642 object-server[121575]: Nothing replicated for 0.0035495758056640625 seconds.
Jun 13 08:30:15 np0000072642 object-server[121575]: Object replication complete. (0.00 minutes)
Jun 13 08:30:16 np0000072642 object-server[196804]: Begin object audit "forever" mode (ALL)
Jun 13 08:30:16 np0000072642 object-server[196803]: Begin object audit "forever" mode (ZBF)
Jun 13 08:30:16 np0000072642 object-server[196804]: Object audit (ALL) "forever" mode completed: 0.00s. Total quarantined: 0, Total errors: 0, Total files/sec: 0.00, Total bytes/sec: 0.00, Auditing time: 0.00, Rate: 0.00
Jun 13 08:30:16 np0000072642 object-server[196803]: Object audit (ZBF) "forever" mode completed: 0.00s. Total quarantined: 0, Total errors: 0, Total files/sec: 0.00, Total bytes/sec: 0.00, Auditing time: 0.00, Rate: 0.00
Jun 13 08:30:33 np0000072642 account-server[120729]: Beginning replication run
Jun 13 08:30:33 np0000072642 account-server[120729]: Replication run OVER
Jun 13 08:30:33 np0000072642 account-server[120729]: Attempted to replicate 0 dbs in 0.00260 seconds (0.00000/s)
Jun 13 08:30:33 np0000072642 account-server[120729]: Removed 0 dbs
Jun 13 08:30:33 np0000072642 account-server[120729]: 0 successes, 0 failures
Jun 13 08:30:33 np0000072642 account-server[120729]: diff:0 diff_capped:0 empty:0 hashmatch:0 no_change:0 remote_merge:0 rsync:0 ts_repl:0
Jun 13 08:30:44 np0000072642 container-server[121112]: Beginning replication run
Jun 13 08:30:44 np0000072642 container-server[121112]: Replication run OVER
Jun 13 08:30:44 np0000072642 container-server[121112]: Attempted to replicate 0 dbs in 0.00158 seconds (0.00000/s)
Jun 13 08:30:44 np0000072642 container-server[121112]: Removed 0 dbs
Jun 13 08:30:44 np0000072642 container-server[121112]: 0 successes, 0 failures
Jun 13 08:30:44 np0000072642 container-server[121112]: diff:0 diff_capped:0 empty:0 hashmatch:0 no_change:0 remote_merge:0 rsync:0 ts_repl:0
Jun 13 08:30:45 np0000072642 object-server[121575]: Starting object replication pass.
Jun 13 08:30:45 np0000072642 object-server[121575]: Nothing replicated for 0.0036106109619140625 seconds.
Jun 13 08:30:45 np0000072642 object-server[121575]: Object replication complete. (0.00 minutes)
Jun 13 08:30:46 np0000072642 object-server[199654]: Begin object audit "forever" mode (ZBF)
Jun 13 08:30:46 np0000072642 object-server[199655]: Begin object audit "forever" mode (ALL)
Jun 13 08:30:46 np0000072642 object-server[199655]: Object audit (ALL) "forever" mode completed: 0.00s. Total quarantined: 0, Total errors: 0, Total files/sec: 0.00, Total bytes/sec: 0.00, Auditing time: 0.00, Rate: 0.00
Jun 13 08:30:46 np0000072642 object-server[199654]: Object audit (ZBF) "forever" mode completed: 0.00s. Total quarantined: 0, Total errors: 0, Total files/sec: 0.00, Total bytes/sec: 0.00, Auditing time: 0.00, Rate: 0.00
Jun 13 08:30:47 np0000072642 container-server[121279]: Begin container update sweep
Jun 13 08:30:47 np0000072642 container-server[121279]: Container update sweep completed: 0.00s
Jun 13 08:31:04 np0000072642 account-server[120729]: Beginning replication run
Jun 13 08:31:04 np0000072642 account-server[120729]: Replication run OVER
Jun 13 08:31:04 np0000072642 account-server[120729]: Attempted to replicate 0 dbs in 0.00095 seconds (0.00000/s)
Jun 13 08:31:04 np0000072642 account-server[120729]: Removed 0 dbs
Jun 13 08:31:04 np0000072642 account-server[120729]: 0 successes, 0 failures
Jun 13 08:31:04 np0000072642 account-server[120729]: diff:0 diff_capped:0 empty:0 hashmatch:0 no_change:0 remote_merge:0 rsync:0 ts_repl:0
Jun 13 08:31:06 np0000072642 account-server[121029]: 172.20.0.104 - - [13/Jun/2026:08:31:06 +0000] "HEAD /d1/335/.expiring_objects" 404 - "HEAD http://localhost/v1/.expiring_objects?format=json" "txd234e5cf7dc94a5da3b46-006a2d154a" "proxy-server 2" 0.0006 "-" 20 -
Jun 13 08:31:06 np0000072642 object-expirer[121360]: Pass completed in 0s; 0 objects expired (txn: txd234e5cf7dc94a5da3b46-006a2d154a)
Jun 13 08:31:14 np0000072642 container-server[121112]: Beginning replication run
Jun 13 08:31:14 np0000072642 container-server[121112]: Replication run OVER
Jun 13 08:31:14 np0000072642 container-server[121112]: Attempted to replicate 0 dbs in 0.00175 seconds (0.00000/s)
Jun 13 08:31:14 np0000072642 container-server[121112]: Removed 0 dbs
Jun 13 08:31:14 np0000072642 container-server[121112]: 0 successes, 0 failures
Jun 13 08:31:14 np0000072642 container-server[121112]: diff:0 diff_capped:0 empty:0 hashmatch:0 no_change:0 remote_merge:0 rsync:0 ts_repl:0
Jun 13 08:31:15 np0000072642 object-server[121575]: Starting object replication pass.
Jun 13 08:31:15 np0000072642 object-server[121575]: Nothing replicated for 0.0019142627716064453 seconds.
Jun 13 08:31:15 np0000072642 object-server[121575]: Object replication complete. (0.00 minutes)
Jun 13 08:31:16 np0000072642 object-server[199656]: Begin object audit "forever" mode (ZBF)
Jun 13 08:31:16 np0000072642 object-server[199656]: Object audit (ZBF) "forever" mode completed: 0.00s. Total quarantined: 0, Total errors: 0, Total files/sec: 0.00, Total bytes/sec: 0.00, Auditing time: 0.00, Rate: 0.00
Jun 13 08:31:34 np0000072642 account-server[120729]: Beginning replication run
Jun 13 08:31:34 np0000072642 account-server[120729]: Replication run OVER
Jun 13 08:31:34 np0000072642 account-server[120729]: Attempted to replicate 0 dbs in 0.00164 seconds (0.00000/s)
Jun 13 08:31:34 np0000072642 account-server[120729]: Removed 0 dbs
Jun 13 08:31:34 np0000072642 account-server[120729]: 0 successes, 0 failures
Jun 13 08:31:34 np0000072642 account-server[120729]: diff:0 diff_capped:0 empty:0 hashmatch:0 no_change:0 remote_merge:0 rsync:0 ts_repl:0
Jun 13 08:31:44 np0000072642 container-server[121112]: Beginning replication run
Jun 13 08:31:44 np0000072642 container-server[121112]: Replication run OVER
Jun 13 08:31:44 np0000072642 container-server[121112]: Attempted to replicate 0 dbs in 0.00163 seconds (0.00000/s)
Jun 13 08:31:44 np0000072642 container-server[121112]: Removed 0 dbs
Jun 13 08:31:44 np0000072642 container-server[121112]: 0 successes, 0 failures
Jun 13 08:31:44 np0000072642 container-server[121112]: diff:0 diff_capped:0 empty:0 hashmatch:0 no_change:0 remote_merge:0 rsync:0 ts_repl:0
Jun 13 08:31:45 np0000072642 object-server[121575]: Starting object replication pass.
Jun 13 08:31:45 np0000072642 object-server[121575]: Nothing replicated for 0.004000663757324219 seconds.
Jun 13 08:31:45 np0000072642 object-server[121575]: Object replication complete. (0.00 minutes)
Jun 13 08:31:46 np0000072642 object-server[205601]: Begin object audit "forever" mode (ZBF)
Jun 13 08:31:46 np0000072642 object-server[205604]: Begin object audit "forever" mode (ALL)
Jun 13 08:31:46 np0000072642 object-server[205601]: Object audit (ZBF) "forever" mode completed: 0.00s. Total quarantined: 0, Total errors: 0, Total files/sec: 0.00, Total bytes/sec: 0.00, Auditing time: 0.00, Rate: 0.00
Jun 13 08:31:46 np0000072642 object-server[205604]: Object audit (ALL) "forever" mode completed: 0.00s. Total quarantined: 0, Total errors: 0, Total files/sec: 0.00, Total bytes/sec: 0.00, Auditing time: 0.00, Rate: 0.00
Jun 13 08:31:58 np0000072642 account-server[121029]: 172.20.0.103 - - [13/Jun/2026:08:31:58 +0000] "HEAD /d1/953/AUTH_88ae32f2c8204458beb5922823236026" 404 - "HEAD http://172.18.0.157:8080/v1/AUTH_88ae32f2c8204458beb5922823236026?format=json" "tx662a3550142b401b95401-006a2d157e" "proxy-server 20" 0.0006 "-" 20 -
Jun 13 08:31:58 np0000072642 object-server[121904]: 172.20.0.103 - - [13/Jun/2026:08:31:58 +0000] "GET /d1/843/AUTH_88ae32f2c8204458beb5922823236026/gnocchi.b1e3aebb-54c2-4838-bf78-34a7e54b5195/none_v3" 404 70 "GET http://172.18.0.157:8080/v1/AUTH_88ae32f2c8204458beb5922823236026/gnocchi.b1e3aebb-54c2-4838-bf78-34a7e54b5195/none_v3" "tx662a3550142b401b95401-006a2d157e" "proxy-server 20" 0.0008 "-" 24 0
Jun 13 08:31:58 np0000072642 account-server[121045]: 172.20.0.104 - - [13/Jun/2026:08:31:58 +0000] "PUT /d1/953/AUTH_88ae32f2c8204458beb5922823236026" 201 - "-" "txc6b3dd9fdc61466ea7bd1-006a2d157e" "-" 0.0122 "-" 23 -
Jun 13 08:31:58 np0000072642 proxy-server[123202]: autocreate account '/AUTH_88ae32f2c8204458beb5922823236026' (txn: txc6b3dd9fdc61466ea7bd1-006a2d157e)
Jun 13 08:31:58 np0000072642 account-server[121041]: 172.20.0.104 - - [13/Jun/2026:08:31:58 +0000] "PUT /d1/953/AUTH_88ae32f2c8204458beb5922823236026/gnocchi.b1e3aebb-54c2-4838-bf78-34a7e54b5195" 201 - "PUT http://172.20.0.104:6001/d1/724/AUTH_88ae32f2c8204458beb5922823236026/gnocchi.b1e3aebb-54c2-4838-bf78-34a7e54b5195" "txc6b3dd9fdc61466ea7bd1-006a2d157e" "container-server 19" 0.0018 "-" 22 0
Jun 13 08:31:58 np0000072642 container-server[121464]: 172.20.0.104 - - [13/Jun/2026:08:31:58 +0000] "PUT /d1/724/AUTH_88ae32f2c8204458beb5922823236026/gnocchi.b1e3aebb-54c2-4838-bf78-34a7e54b5195" 201 - "PUT http://172.18.0.157:8080/v1/AUTH_88ae32f2c8204458beb5922823236026/gnocchi.b1e3aebb-54c2-4838-bf78-34a7e54b5195" "txc6b3dd9fdc61466ea7bd1-006a2d157e" "proxy-server 20" 0.0190 "-" 19 0
Jun 13 08:31:58 np0000072642 proxy-server[123202]: 172.18.0.157 172.18.0.104 13/Jun/2026/08/31/58 PUT /v1/AUTH_88ae32f2c8204458beb5922823236026/gnocchi.b1e3aebb-54c2-4838-bf78-34a7e54b5195 HTTP/1.0 201 - python-swiftclient-3.11.1 gAAAAABqLRV-REV4... - - - txc6b3dd9fdc61466ea7bd1-006a2d157e - 0.0649 - - 1781339518.847220182 1781339518.912153244 0
Jun 13 08:31:58 np0000072642 container-server[121453]: 172.20.0.105 - - [13/Jun/2026:08:31:58 +0000] "HEAD /d1/724/AUTH_88ae32f2c8204458beb5922823236026/gnocchi.b1e3aebb-54c2-4838-bf78-34a7e54b5195" 204 - "HEAD http://172.18.0.157:8080/v1/AUTH_88ae32f2c8204458beb5922823236026/gnocchi.b1e3aebb-54c2-4838-bf78-34a7e54b5195?format=json&states=listing" "tx0ed8f14228324e6f95d5d-006a2d157e" "proxy-server 20" 0.0022 "-" 18 0
Jun 13 08:31:58 np0000072642 object-server[121873]: 172.20.0.103 - - [13/Jun/2026:08:31:58 +0000] "GET /d1/398/AUTH_88ae32f2c8204458beb5922823236026/gnocchi.b1e3aebb-54c2-4838-bf78-34a7e54b5195/1780920000.0_mean_300.0_v3" 404 70 "GET http://172.18.0.157:8080/v1/AUTH_88ae32f2c8204458beb5922823236026/gnocchi.b1e3aebb-54c2-4838-bf78-34a7e54b5195/1780920000.0_mean_300.0_v3" "tx1e577cf9bbe74fd9a7ab4-006a2d157e" "proxy-server 20" 0.0011 "-" 22 0
Jun 13 08:31:59 np0000072642 object-server[121884]: 172.20.0.104 - - [13/Jun/2026:08:31:59 +0000] "PUT /d1/398/AUTH_88ae32f2c8204458beb5922823236026/gnocchi.b1e3aebb-54c2-4838-bf78-34a7e54b5195/1780920000.0_mean_300.0_v3" 201 - "PUT http://172.18.0.157:8080/v1/AUTH_88ae32f2c8204458beb5922823236026/gnocchi.b1e3aebb-54c2-4838-bf78-34a7e54b5195/1780920000.0_mean_300.0_v3" "tx60e8367dfa5c494799af2-006a2d157e" "proxy-server 20" 0.0286 "-" 23 0
Jun 13 08:31:59 np0000072642 container-server[121436]: 172.20.0.103 - - [13/Jun/2026:08:31:59 +0000] "PUT /d1/724/AUTH_88ae32f2c8204458beb5922823236026/gnocchi.b1e3aebb-54c2-4838-bf78-34a7e54b5195/1780920000.0_mean_300.0_v3" 201 - "PUT http://172.18.0.157:8080/d1/398/AUTH_88ae32f2c8204458beb5922823236026/gnocchi.b1e3aebb-54c2-4838-bf78-34a7e54b5195/1780920000.0_mean_300.0_v3" "tx60e8367dfa5c494799af2-006a2d157e" "object-server 23" 0.0016 "-" 17 0
Jun 13 08:31:59 np0000072642 proxy-server[123202]: 172.18.0.157 172.18.0.104 13/Jun/2026/08/31/59 PUT /v1/AUTH_88ae32f2c8204458beb5922823236026/gnocchi.b1e3aebb-54c2-4838-bf78-34a7e54b5195/1780920000.0_mean_300.0_v3 HTTP/1.0 201 - python-swiftclient-3.11.1 gAAAAABqLRV-REV4... 16 - - tx60e8367dfa5c494799af2-006a2d157e - 0.0434 - - 1781339518.973034859 1781339519.016471148 0
Jun 13 08:31:59 np0000072642 container-server[121464]: 172.20.0.103 - - [13/Jun/2026:08:31:59 +0000] "PUT /d1/724/AUTH_88ae32f2c8204458beb5922823236026/gnocchi.b1e3aebb-54c2-4838-bf78-34a7e54b5195/none_v3" 201 - "PUT http://172.18.0.157:8080/d1/843/AUTH_88ae32f2c8204458beb5922823236026/gnocchi.b1e3aebb-54c2-4838-bf78-34a7e54b5195/none_v3" "txd7236303c003452fb7f4d-006a2d157f" "object-server 23" 0.0011 "-" 19 0
Jun 13 08:31:59 np0000072642 object-server[121873]: 172.20.0.105 - - [13/Jun/2026:08:31:59 +0000] "PUT /d1/843/AUTH_88ae32f2c8204458beb5922823236026/gnocchi.b1e3aebb-54c2-4838-bf78-34a7e54b5195/none_v3" 201 - "PUT http://172.18.0.157:8080/v1/AUTH_88ae32f2c8204458beb5922823236026/gnocchi.b1e3aebb-54c2-4838-bf78-34a7e54b5195/none_v3" "txd7236303c003452fb7f4d-006a2d157f" "proxy-server 20" 0.0310 "-" 22 0
Jun 13 08:32:04 np0000072642 account-server[120729]: Beginning replication run
Jun 13 08:32:04 np0000072642 account-server[120729]: Replication run OVER
Jun 13 08:32:04 np0000072642 account-server[120729]: Attempted to replicate 1 dbs in 0.02858 seconds (34.99353/s)
Jun 13 08:32:04 np0000072642 account-server[120729]: Removed 0 dbs
Jun 13 08:32:04 np0000072642 account-server[120729]: 2 successes, 0 failures
Jun 13 08:32:04 np0000072642 account-server[120729]: diff:0 diff_capped:0 empty:0 hashmatch:0 no_change:2 remote_merge:0 rsync:0 ts_repl:0
Jun 13 08:32:08 np0000072642 object-server[121705]: Begin object update sweep
Jun 13 08:32:08 np0000072642 object-server[207821]: Object update sweep starting on /srv/node/d1 (pid: 14)
Jun 13 08:32:08 np0000072642 object-server[207821]: Object update sweep completed on /srv/node/d1 in 0.00s seconds:, 0 successes, 0 failures, 0 quarantines, 0 unlinks, 0 errors, 0 redirects (pid: 14)
Jun 13 08:32:08 np0000072642 object-server[207821]: Object update sweep of d1 completed: 0.00s, 0 successes, 0 failures, 0 quarantines, 0 unlinks, 0 errors, 0 redirects
Jun 13 08:32:08 np0000072642 object-server[121705]: Object update sweep completed: 0.08s
Jun 13 08:32:14 np0000072642 container-server[121112]: Beginning replication run
Jun 13 08:32:14 np0000072642 container-server[121112]: Replication run OVER
Jun 13 08:32:14 np0000072642 container-server[121112]: Attempted to replicate 1 dbs in 0.03455 seconds (28.94472/s)
Jun 13 08:32:14 np0000072642 container-server[121112]: Removed 0 dbs
Jun 13 08:32:14 np0000072642 container-server[121112]: 2 successes, 0 failures
Jun 13 08:32:14 np0000072642 container-server[121112]: diff:0 diff_capped:0 empty:0 hashmatch:0 no_change:2 remote_merge:0 rsync:0 ts_repl:0
Jun 13 08:32:15 np0000072642 object-server[121575]: Starting object replication pass.
Jun 13 08:32:15 np0000072642 object-server[121575]: 2/2 (100.00%) partitions replicated in 0.11s (18.56/sec, 0s remaining)
Jun 13 08:32:15 np0000072642 object-server[121575]: 4 successes, 0 failures
Jun 13 08:32:15 np0000072642 object-server[121575]: 2 suffixes checked - 100.00% hashed, 0.00% synced
Jun 13 08:32:15 np0000072642 object-server[121575]: Partition times: max 0.0511s, min 0.0504s, med 0.0511s
Jun 13 08:32:15 np0000072642 object-server[121575]: Object replication complete. (0.00 minutes)
Jun 13 08:32:17 np0000072642 object-server[205610]: Begin object audit "forever" mode (ZBF)
Jun 13 08:32:17 np0000072642 object-server[205610]: Object audit (ZBF). Since Sat Jun 13 08:32:17 2026: Locally: 1 passed, 0 quarantined, 0 errors, files/sec: 528.65, bytes/sec: 0.00, Total time: 0.00, Auditing time: 0.00, Rate: 0.00
Jun 13 08:32:17 np0000072642 object-server[205610]: Object audit (ZBF) "forever" mode completed: 0.00s. Total quarantined: 0, Total errors: 0, Total files/sec: 424.55, Total bytes/sec: 0.00, Auditing time: 0.00, Rate: 0.30
Jun 13 08:32:24 np0000072642 account-server[121041]: 172.20.0.103 - - [13/Jun/2026:08:32:24 +0000] "HEAD /d1/335/.expiring_objects" 404 - "HEAD http://localhost/v1/.expiring_objects?format=json" "txeedc3767f53c409db4062-006a2d1598" "proxy-server 2" 0.0004 "-" 22 -
Jun 13 08:32:28 np0000072642 object-server[121927]: 172.20.0.103 - - [13/Jun/2026:08:32:28 +0000] "GET /d1/843/AUTH_88ae32f2c8204458beb5922823236026/gnocchi.b1e3aebb-54c2-4838-bf78-34a7e54b5195/none_v3" 200 22 "GET http://172.18.0.157:8080/v1/AUTH_88ae32f2c8204458beb5922823236026/gnocchi.b1e3aebb-54c2-4838-bf78-34a7e54b5195/none_v3" "tx54744457017244b488953-006a2d159b" "proxy-server 20" 0.0020 "-" 25 0
Jun 13 08:32:28 np0000072642 proxy-server[123202]: 172.18.0.157 172.18.0.104 13/Jun/2026/08/32/28 GET /v1/AUTH_88ae32f2c8204458beb5922823236026/gnocchi.b1e3aebb-54c2-4838-bf78-34a7e54b5195%3Fformat%3Djson%26states%3Dlisting HTTP/1.0 200 - python-swiftclient-3.11.1 gAAAAABqLRV-REV4... - 357 - txcb07c16b76654170aab52-006a2d159c - 0.0166 - - 1781339548.046902180 1781339548.063455582 0
Jun 13 08:32:28 np0000072642 container-server[121436]: 172.20.0.104 - - [13/Jun/2026:08:32:28 +0000] "PUT /d1/724/AUTH_88ae32f2c8204458beb5922823236026/gnocchi.b1e3aebb-54c2-4838-bf78-34a7e54b5195/1780920000.0_mean_300.0_v3" 201 - "PUT http://172.18.0.157:8080/d1/398/AUTH_88ae32f2c8204458beb5922823236026/gnocchi.b1e3aebb-54c2-4838-bf78-34a7e54b5195/1780920000.0_mean_300.0_v3" "txbec43c44a71a4705b5e72-006a2d159c" "object-server 25" 0.0008 "-" 17 0
Jun 13 08:32:28 np0000072642 object-server[121927]: 172.20.0.104 - - [13/Jun/2026:08:32:28 +0000] "PUT /d1/398/AUTH_88ae32f2c8204458beb5922823236026/gnocchi.b1e3aebb-54c2-4838-bf78-34a7e54b5195/1780920000.0_mean_300.0_v3" 201 - "PUT http://172.18.0.157:8080/v1/AUTH_88ae32f2c8204458beb5922823236026/gnocchi.b1e3aebb-54c2-4838-bf78-34a7e54b5195/1780920000.0_mean_300.0_v3" "txbec43c44a71a4705b5e72-006a2d159c" "proxy-server 20" 0.0244 "-" 25 0
Jun 13 08:32:28 np0000072642 proxy-server[123202]: 172.18.0.157 172.18.0.104 13/Jun/2026/08/32/28 PUT /v1/AUTH_88ae32f2c8204458beb5922823236026/gnocchi.b1e3aebb-54c2-4838-bf78-34a7e54b5195/1780920000.0_mean_300.0_v3 HTTP/1.0 201 - python-swiftclient-3.11.1 gAAAAABqLRV-REV4... 16 - - txbec43c44a71a4705b5e72-006a2d159c - 0.0887 - - 1781339548.113971949 1781339548.202721357 0
Jun 13 08:32:28 np0000072642 container-server[121453]: 172.20.0.105 - - [13/Jun/2026:08:32:28 +0000] "PUT /d1/724/AUTH_88ae32f2c8204458beb5922823236026/gnocchi.b1e3aebb-54c2-4838-bf78-34a7e54b5195/none_v3" 201 - "PUT http://172.18.0.157:8080/d1/843/AUTH_88ae32f2c8204458beb5922823236026/gnocchi.b1e3aebb-54c2-4838-bf78-34a7e54b5195/none_v3" "tx51dbc14af865451181a18-006a2d159c" "object-server 16" 0.0010 "-" 18 0
Jun 13 08:32:28 np0000072642 object-server[121884]: 172.20.0.105 - - [13/Jun/2026:08:32:28 +0000] "PUT /d1/843/AUTH_88ae32f2c8204458beb5922823236026/gnocchi.b1e3aebb-54c2-4838-bf78-34a7e54b5195/none_v3" 201 - "PUT http://172.18.0.157:8080/v1/AUTH_88ae32f2c8204458beb5922823236026/gnocchi.b1e3aebb-54c2-4838-bf78-34a7e54b5195/none_v3" "tx51dbc14af865451181a18-006a2d159c" "proxy-server 20" 0.0155 "-" 23 0
Jun 13 08:32:34 np0000072642 account-server[120729]: Beginning replication run
Jun 13 08:32:34 np0000072642 account-server[120729]: Replication run OVER
Jun 13 08:32:34 np0000072642 account-server[120729]: Attempted to replicate 1 dbs in 0.01654 seconds (60.47027/s)
Jun 13 08:32:34 np0000072642 account-server[120729]: Removed 0 dbs
Jun 13 08:32:34 np0000072642 account-server[120729]: 2 successes, 0 failures
Jun 13 08:32:34 np0000072642 account-server[120729]: diff:0 diff_capped:0 empty:0 hashmatch:0 no_change:2 remote_merge:0 rsync:0 ts_repl:0
Jun 13 08:32:37 np0000072642 account-server[121041]: 172.20.0.103 - - [13/Jun/2026:08:32:37 +0000] "HEAD /d1/335/.expiring_objects" 404 - "HEAD http://localhost/v1/.expiring_objects?format=json" "txde102f8ba641431b864a5-006a2d15a5" "proxy-server 2" 0.0006 "-" 22 -
Jun 13 08:32:44 np0000072642 container-server[121112]: Beginning replication run
Jun 13 08:32:44 np0000072642 container-server[121112]: Replication run OVER
Jun 13 08:32:44 np0000072642 container-server[121112]: Attempted to replicate 1 dbs in 0.02827 seconds (35.37216/s)
Jun 13 08:32:44 np0000072642 container-server[121112]: Removed 0 dbs
Jun 13 08:32:44 np0000072642 container-server[121112]: 2 successes, 0 failures
Jun 13 08:32:44 np0000072642 container-server[121112]: diff:0 diff_capped:0 empty:0 hashmatch:0 no_change:2 remote_merge:0 rsync:0 ts_repl:0
Jun 13 08:32:45 np0000072642 object-server[121575]: Starting object replication pass.
Jun 13 08:32:45 np0000072642 object-server[121575]: 2/2 (100.00%) partitions replicated in 0.02s (87.68/sec, 0s remaining)
Jun 13 08:32:45 np0000072642 object-server[121575]: 4 successes, 0 failures
Jun 13 08:32:45 np0000072642 object-server[121575]: 2 suffixes checked - 0.00% hashed, 0.00% synced
Jun 13 08:32:45 np0000072642 object-server[121575]: Partition times: max 0.0104s, min 0.0076s, med 0.0104s
Jun 13 08:32:45 np0000072642 object-server[121575]: Object replication complete. (0.00 minutes)
Jun 13 08:32:47 np0000072642 object-server[211498]: Begin object audit "forever" mode (ZBF)
Jun 13 08:32:47 np0000072642 object-server[211499]: Begin object audit "forever" mode (ALL)
Jun 13 08:32:47 np0000072642 object-server[211498]: Object audit (ZBF). Since Sat Jun 13 08:32:47 2026: Locally: 1 passed, 0 quarantined, 0 errors, files/sec: 617.90, bytes/sec: 0.00, Total time: 0.00, Auditing time: 0.00, Rate: 0.00
Jun 13 08:32:47 np0000072642 object-server[211498]: Object audit (ZBF) "forever" mode completed: 0.00s. Total quarantined: 0, Total errors: 0, Total files/sec: 476.57, Total bytes/sec: 0.00, Auditing time: 0.00, Rate: 0.30
Jun 13 08:32:47 np0000072642 object-server[211499]: Object audit (ALL). Since Sat Jun 13 08:32:47 2026: Locally: 1 passed, 0 quarantined, 0 errors, files/sec: 116.10, bytes/sec: 1857.58, Total time: 0.01, Auditing time: 0.00, Rate: 0.00
Jun 13 08:32:47 np0000072642 object-server[211499]: Object audit (ALL) "forever" mode completed: 0.01s. Total quarantined: 0, Total errors: 0, Total files/sec: 161.71, Total bytes/sec: 3881.07, Auditing time: 0.01, Rate: 0.72
Jun 13 08:33:00 np0000072642 container-server[121453]: 172.20.0.103 - - [13/Jun/2026:08:33:00 +0000] "HEAD /d1/722/AUTH_88ae32f2c8204458beb5922823236026/gnocchi.20021faf-dd1f-4087-afe3-d543f7a348d5" 404 - "HEAD http://172.18.0.157:8080/v1/AUTH_88ae32f2c8204458beb5922823236026/gnocchi.20021faf-dd1f-4087-afe3-d543f7a348d5?format=json&states=listing" "txe725ed2b88914258939d2-006a2d15bc" "proxy-server 20" 0.0005 "-" 18 0
Jun 13 08:33:00 np0000072642 object-server[121927]: 172.20.0.103 - - [13/Jun/2026:08:33:00 +0000] "GET /d1/235/AUTH_88ae32f2c8204458beb5922823236026/gnocchi.20021faf-dd1f-4087-afe3-d543f7a348d5/none_v3" 404 70 "GET http://172.18.0.157:8080/v1/AUTH_88ae32f2c8204458beb5922823236026/gnocchi.20021faf-dd1f-4087-afe3-d543f7a348d5/none_v3" "txe725ed2b88914258939d2-006a2d15bc" "proxy-server 20" 0.0011 "-" 25 0
Jun 13 08:33:00 np0000072642 account-server[121041]: 172.20.0.103 - - [13/Jun/2026:08:33:00 +0000] "PUT /d1/953/AUTH_88ae32f2c8204458beb5922823236026/gnocchi.20021faf-dd1f-4087-afe3-d543f7a348d5" 201 - "PUT http://172.20.0.103:6001/d1/722/AUTH_88ae32f2c8204458beb5922823236026/gnocchi.20021faf-dd1f-4087-afe3-d543f7a348d5" "tx32f326a194e44164bd84d-006a2d15bc" "container-server 20" 0.0022 "-" 22 0
Jun 13 08:33:00 np0000072642 container-server[121453]: 172.20.0.104 - - [13/Jun/2026:08:33:00 +0000] "PUT /d1/722/AUTH_88ae32f2c8204458beb5922823236026/gnocchi.20021faf-dd1f-4087-afe3-d543f7a348d5" 201 - "PUT http://172.18.0.157:8080/v1/AUTH_88ae32f2c8204458beb5922823236026/gnocchi.20021faf-dd1f-4087-afe3-d543f7a348d5" "tx32f326a194e44164bd84d-006a2d15bc" "proxy-server 20" 0.0150 "-" 18 0
Jun 13 08:33:00 np0000072642 proxy-server[123202]: 172.18.0.157 172.18.0.104 13/Jun/2026/08/33/00 PUT /v1/AUTH_88ae32f2c8204458beb5922823236026/gnocchi.20021faf-dd1f-4087-afe3-d543f7a348d5 HTTP/1.0 201 - python-swiftclient-3.11.1 gAAAAABqLRV-REV4... - - - tx32f326a194e44164bd84d-006a2d15bc - 0.0288 - - 1781339580.794295788 1781339580.823140383 0
Jun 13 08:33:00 np0000072642 object-server[121884]: 172.20.0.103 - - [13/Jun/2026:08:33:00 +0000] "GET /d1/684/AUTH_88ae32f2c8204458beb5922823236026/gnocchi.20021faf-dd1f-4087-afe3-d543f7a348d5/1780920000.0_mean_300.0_v3" 404 70 "GET http://172.18.0.157:8080/v1/AUTH_88ae32f2c8204458beb5922823236026/gnocchi.20021faf-dd1f-4087-afe3-d543f7a348d5/1780920000.0_mean_300.0_v3" "tx94063978b26744fba6bbf-006a2d15bc" "proxy-server 20" 0.0004 "-" 23 0
Jun 13 08:33:00 np0000072642 container-server[121472]: 172.20.0.104 - - [13/Jun/2026:08:33:00 +0000] "PUT /d1/722/AUTH_88ae32f2c8204458beb5922823236026/gnocchi.20021faf-dd1f-4087-afe3-d543f7a348d5/1780920000.0_mean_300.0_v3" 201 - "PUT http://172.18.0.157:8080/d1/684/AUTH_88ae32f2c8204458beb5922823236026/gnocchi.20021faf-dd1f-4087-afe3-d543f7a348d5/1780920000.0_mean_300.0_v3" "txaf817e6ec4de4bb1a7ad5-006a2d15bc" "object-server 25" 0.0022 "-" 20 0
Jun 13 08:33:00 np0000072642 object-server[121927]: 172.20.0.104 - - [13/Jun/2026:08:33:00 +0000] "PUT /d1/684/AUTH_88ae32f2c8204458beb5922823236026/gnocchi.20021faf-dd1f-4087-afe3-d543f7a348d5/1780920000.0_mean_300.0_v3" 201 - "PUT http://172.18.0.157:8080/v1/AUTH_88ae32f2c8204458beb5922823236026/gnocchi.20021faf-dd1f-4087-afe3-d543f7a348d5/1780920000.0_mean_300.0_v3" "txaf817e6ec4de4bb1a7ad5-006a2d15bc" "proxy-server 20" 0.0212 "-" 25 0
Jun 13 08:33:00 np0000072642 proxy-server[123202]: 172.18.0.157 172.18.0.104 13/Jun/2026/08/33/00 PUT /v1/AUTH_88ae32f2c8204458beb5922823236026/gnocchi.20021faf-dd1f-4087-afe3-d543f7a348d5/1780920000.0_mean_300.0_v3 HTTP/1.0 201 - python-swiftclient-3.11.1 gAAAAABqLRV-REV4... 16 - - txaf817e6ec4de4bb1a7ad5-006a2d15bc - 0.0336 - - 1781339580.877152920 1781339580.910736322 0
Jun 13 08:33:00 np0000072642 object-server[121873]: 172.20.0.105 - - [13/Jun/2026:08:33:00 +0000] "PUT /d1/235/AUTH_88ae32f2c8204458beb5922823236026/gnocchi.20021faf-dd1f-4087-afe3-d543f7a348d5/none_v3" 201 - "PUT http://172.18.0.157:8080/v1/AUTH_88ae32f2c8204458beb5922823236026/gnocchi.20021faf-dd1f-4087-afe3-d543f7a348d5/none_v3" "tx978cfb60f8d849c3a8a5d-006a2d15bc" "proxy-server 20" 0.0139 "-" 22 0
Jun 13 08:33:00 np0000072642 container-server[121472]: 172.20.0.105 - - [13/Jun/2026:08:33:00 +0000] "PUT /d1/722/AUTH_88ae32f2c8204458beb5922823236026/gnocchi.20021faf-dd1f-4087-afe3-d543f7a348d5/none_v3" 201 - "PUT http://172.18.0.157:8080/d1/235/AUTH_88ae32f2c8204458beb5922823236026/gnocchi.20021faf-dd1f-4087-afe3-d543f7a348d5/none_v3" "tx978cfb60f8d849c3a8a5d-006a2d15bc" "object-server 22" 0.0006 "-" 20 0
Jun 13 08:33:01 np0000072642 container-server[121472]: 172.20.0.103 - - [13/Jun/2026:08:33:01 +0000] "HEAD /d1/933/AUTH_88ae32f2c8204458beb5922823236026/gnocchi.2adf911e-81c4-4a63-8433-7872c4562a3a" 404 - "HEAD http://172.18.0.157:8080/v1/AUTH_88ae32f2c8204458beb5922823236026/gnocchi.2adf911e-81c4-4a63-8433-7872c4562a3a?format=json&states=listing" "tx10bff4f27d3c4ae39f155-006a2d15bd" "proxy-server 20" 0.0010 "-" 20 0
Jun 13 08:33:01 np0000072642 object-server[121884]: 172.20.0.103 - - [13/Jun/2026:08:33:01 +0000] "GET /d1/146/AUTH_88ae32f2c8204458beb5922823236026/gnocchi.2adf911e-81c4-4a63-8433-7872c4562a3a/none_v3" 404 70 "GET http://172.18.0.157:8080/v1/AUTH_88ae32f2c8204458beb5922823236026/gnocchi.2adf911e-81c4-4a63-8433-7872c4562a3a/none_v3" "tx10bff4f27d3c4ae39f155-006a2d15bd" "proxy-server 20" 0.0005 "-" 23 0
Jun 13 08:33:01 np0000072642 container-server[121436]: 172.20.0.104 - - [13/Jun/2026:08:33:01 +0000] "PUT /d1/933/AUTH_88ae32f2c8204458beb5922823236026/gnocchi.2adf911e-81c4-4a63-8433-7872c4562a3a" 201 - "PUT http://172.18.0.157:8080/v1/AUTH_88ae32f2c8204458beb5922823236026/gnocchi.2adf911e-81c4-4a63-8433-7872c4562a3a" "tx24efaaa5db874a7881ec3-006a2d15bd" "proxy-server 20" 0.0220 "-" 17 0
Jun 13 08:33:01 np0000072642 account-server[121035]: 172.20.0.105 - - [13/Jun/2026:08:33:01 +0000] "PUT /d1/953/AUTH_88ae32f2c8204458beb5922823236026/gnocchi.2adf911e-81c4-4a63-8433-7872c4562a3a" 201 - "PUT http://172.20.0.105:6001/d1/933/AUTH_88ae32f2c8204458beb5922823236026/gnocchi.2adf911e-81c4-4a63-8433-7872c4562a3a" "tx24efaaa5db874a7881ec3-006a2d15bd" "container-server 14" 0.0070 "-" 21 0
Jun 13 08:33:01 np0000072642 proxy-server[123202]: 172.18.0.105 172.18.0.104 13/Jun/2026/08/33/01 PUT /v1/AUTH_88ae32f2c8204458beb5922823236026/gnocchi.2adf911e-81c4-4a63-8433-7872c4562a3a HTTP/1.0 201 - python-swiftclient-3.11.1 gAAAAABqLRW9KbrP... - - - tx24efaaa5db874a7881ec3-006a2d15bd - 0.0374 - - 1781339581.316883564 1781339581.354289770 0
Jun 13 08:33:01 np0000072642 container-server[121472]: 172.20.0.105 - - [13/Jun/2026:08:33:01 +0000] "GET /d1/933/AUTH_88ae32f2c8204458beb5922823236026/gnocchi.2adf911e-81c4-4a63-8433-7872c4562a3a" 200 2 "GET http://172.18.0.157:8080/v1/AUTH_88ae32f2c8204458beb5922823236026/gnocchi.2adf911e-81c4-4a63-8433-7872c4562a3a?format=json&states=listing" "txb3c74b5f1f7c4abda270a-006a2d15bd" "proxy-server 20" 0.0046 "-" 20 0
Jun 13 08:33:01 np0000072642 object-server[121884]: 172.20.0.103 - - [13/Jun/2026:08:33:01 +0000] "GET /d1/566/AUTH_88ae32f2c8204458beb5922823236026/gnocchi.2adf911e-81c4-4a63-8433-7872c4562a3a/1780920000.0_mean_300.0_v3" 404 70 "GET http://172.18.0.157:8080/v1/AUTH_88ae32f2c8204458beb5922823236026/gnocchi.2adf911e-81c4-4a63-8433-7872c4562a3a/1780920000.0_mean_300.0_v3" "tx6fae66f9f1c34f68bab83-006a2d15bd" "proxy-server 20" 0.0005 "-" 23 0
Jun 13 08:33:01 np0000072642 container-server[121453]: 172.20.0.105 - - [13/Jun/2026:08:33:01 +0000] "PUT /d1/933/AUTH_88ae32f2c8204458beb5922823236026/gnocchi.2adf911e-81c4-4a63-8433-7872c4562a3a/1780920000.0_mean_300.0_v3" 201 - "PUT http://172.18.0.157:8080/d1/566/AUTH_88ae32f2c8204458beb5922823236026/gnocchi.2adf911e-81c4-4a63-8433-7872c4562a3a/1780920000.0_mean_300.0_v3" "tx382d37b168b54a39b78ca-006a2d15bd" "object-server 16" 0.0009 "-" 18 0
Jun 13 08:33:01 np0000072642 object-server[121873]: 172.20.0.104 - - [13/Jun/2026:08:33:01 +0000] "PUT /d1/566/AUTH_88ae32f2c8204458beb5922823236026/gnocchi.2adf911e-81c4-4a63-8433-7872c4562a3a/1780920000.0_mean_300.0_v3" 201 - "PUT http://172.18.0.157:8080/v1/AUTH_88ae32f2c8204458beb5922823236026/gnocchi.2adf911e-81c4-4a63-8433-7872c4562a3a/1780920000.0_mean_300.0_v3" "tx382d37b168b54a39b78ca-006a2d15bd" "proxy-server 20" 0.0137 "-" 22 0
Jun 13 08:33:01 np0000072642 proxy-server[123202]: 172.18.0.105 172.18.0.104 13/Jun/2026/08/33/01 PUT /v1/AUTH_88ae32f2c8204458beb5922823236026/gnocchi.2adf911e-81c4-4a63-8433-7872c4562a3a/1780920000.0_mean_300.0_v3 HTTP/1.0 201 - python-swiftclient-3.11.1 gAAAAABqLRW9KbrP... 16 - - tx382d37b168b54a39b78ca-006a2d15bd - 0.0285 - - 1781339581.410640240 1781339581.439140797 0
Jun 13 08:33:01 np0000072642 object-server[121873]: 172.20.0.105 - - [13/Jun/2026:08:33:01 +0000] "PUT /d1/146/AUTH_88ae32f2c8204458beb5922823236026/gnocchi.2adf911e-81c4-4a63-8433-7872c4562a3a/none_v3" 201 - "PUT http://172.18.0.157:8080/v1/AUTH_88ae32f2c8204458beb5922823236026/gnocchi.2adf911e-81c4-4a63-8433-7872c4562a3a/none_v3" "tx24a0015e42114e5787a0b-006a2d15bd" "proxy-server 20" 0.0280 "-" 22 0
Jun 13 08:33:01 np0000072642 container-server[121436]: 172.20.0.103 - - [13/Jun/2026:08:33:01 +0000] "PUT /d1/933/AUTH_88ae32f2c8204458beb5922823236026/gnocchi.2adf911e-81c4-4a63-8433-7872c4562a3a/none_v3" 201 - "PUT http://172.18.0.157:8080/d1/146/AUTH_88ae32f2c8204458beb5922823236026/gnocchi.2adf911e-81c4-4a63-8433-7872c4562a3a/none_v3" "tx24a0015e42114e5787a0b-006a2d15bd" "object-server 25" 0.0008 "-" 17 0
Jun 13 08:33:04 np0000072642 account-server[120729]: Beginning replication run
Jun 13 08:33:04 np0000072642 account-server[120729]: Replication run OVER
Jun 13 08:33:04 np0000072642 account-server[120729]: Attempted to replicate 1 dbs in 0.04030 seconds (24.81507/s)
Jun 13 08:33:04 np0000072642 account-server[120729]: Removed 0 dbs
Jun 13 08:33:04 np0000072642 account-server[120729]: 2 successes, 0 failures
Jun 13 08:33:04 np0000072642 account-server[120729]: diff:0 diff_capped:0 empty:0 hashmatch:0 no_change:2 remote_merge:0 rsync:0 ts_repl:0
Jun 13 08:33:09 np0000072642 container-server[121453]: 172.20.0.103 - - [13/Jun/2026:08:33:09 +0000] "HEAD /d1/256/AUTH_88ae32f2c8204458beb5922823236026/gnocchi.fd52dd80-d730-48ec-bdb1-310c92916bce" 404 - "HEAD http://172.18.0.157:8080/v1/AUTH_88ae32f2c8204458beb5922823236026/gnocchi.fd52dd80-d730-48ec-bdb1-310c92916bce?format=json&states=listing" "txcf5e7fde09904408aead1-006a2d15c5" "proxy-server 20" 0.0006 "-" 18 0
Jun 13 08:33:09 np0000072642 container-server[121436]: 172.20.0.104 - - [13/Jun/2026:08:33:09 +0000] "HEAD /d1/546/AUTH_88ae32f2c8204458beb5922823236026/gnocchi.e1c795b2-0eb3-4c3f-90e0-885cd6449c6a" 404 - "HEAD http://172.18.0.157:8080/v1/AUTH_88ae32f2c8204458beb5922823236026/gnocchi.e1c795b2-0eb3-4c3f-90e0-885cd6449c6a?format=json&states=listing" "tx61ceef9bc3a54cbebcd04-006a2d15c5" "proxy-server 20" 0.0006 "-" 17 0
Jun 13 08:33:09 np0000072642 object-server[121884]: 172.20.0.103 - - [13/Jun/2026:08:33:09 +0000] "GET /d1/284/AUTH_88ae32f2c8204458beb5922823236026/gnocchi.fd52dd80-d730-48ec-bdb1-310c92916bce/none_v3" 404 70 "GET http://172.18.0.157:8080/v1/AUTH_88ae32f2c8204458beb5922823236026/gnocchi.fd52dd80-d730-48ec-bdb1-310c92916bce/none_v3" "txcf5e7fde09904408aead1-006a2d15c5" "proxy-server 20" 0.0005 "-" 23 0
Jun 13 08:33:09 np0000072642 object-server[121873]: 172.20.0.104 - - [13/Jun/2026:08:33:09 +0000] "GET /d1/119/AUTH_88ae32f2c8204458beb5922823236026/gnocchi.e1c795b2-0eb3-4c3f-90e0-885cd6449c6a/none_v3" 404 70 "GET http://172.18.0.157:8080/v1/AUTH_88ae32f2c8204458beb5922823236026/gnocchi.e1c795b2-0eb3-4c3f-90e0-885cd6449c6a/none_v3" "tx61ceef9bc3a54cbebcd04-006a2d15c5" "proxy-server 20" 0.0004 "-" 22 0
Jun 13 08:33:09 np0000072642 proxy-server[123202]: 172.18.0.157 172.18.0.104 13/Jun/2026/08/33/09 GET /v1/AUTH_88ae32f2c8204458beb5922823236026/gnocchi.e1c795b2-0eb3-4c3f-90e0-885cd6449c6a/none_v3 HTTP/1.0 404 - python-swiftclient-3.11.1 gAAAAABqLRV-REV4... - 70 - tx61ceef9bc3a54cbebcd04-006a2d15c5 - 0.0334 - - 1781339589.636371613 1781339589.669783831 0
Jun 13 08:33:09 np0000072642 container-server[121436]: 172.20.0.103 - - [13/Jun/2026:08:33:09 +0000] "PUT /d1/546/AUTH_88ae32f2c8204458beb5922823236026/gnocchi.e1c795b2-0eb3-4c3f-90e0-885cd6449c6a" 201 - "PUT http://172.18.0.157:8080/v1/AUTH_88ae32f2c8204458beb5922823236026/gnocchi.e1c795b2-0eb3-4c3f-90e0-885cd6449c6a" "txe4caa6026b9a44d08d127-006a2d15c5" "proxy-server 20" 0.0124 "-" 17 0
Jun 13 08:33:09 np0000072642 account-server[121041]: 172.20.0.105 - - [13/Jun/2026:08:33:09 +0000] "PUT /d1/953/AUTH_88ae32f2c8204458beb5922823236026/gnocchi.e1c795b2-0eb3-4c3f-90e0-885cd6449c6a" 201 - "PUT http://172.20.0.105:6001/d1/546/AUTH_88ae32f2c8204458beb5922823236026/gnocchi.e1c795b2-0eb3-4c3f-90e0-885cd6449c6a" "txe4caa6026b9a44d08d127-006a2d15c5" "container-server 16" 0.0020 "-" 22 0
Jun 13 08:33:09 np0000072642 container-server[121464]: 172.20.0.105 - - [13/Jun/2026:08:33:09 +0000] "PUT /d1/256/AUTH_88ae32f2c8204458beb5922823236026/gnocchi.fd52dd80-d730-48ec-bdb1-310c92916bce" 201 - "PUT http://172.18.0.157:8080/v1/AUTH_88ae32f2c8204458beb5922823236026/gnocchi.fd52dd80-d730-48ec-bdb1-310c92916bce" "tx4e2466c14022458a833d7-006a2d15c5" "proxy-server 20" 0.0227 "-" 19 0
Jun 13 08:33:09 np0000072642 account-server[121041]: 172.20.0.103 - - [13/Jun/2026:08:33:09 +0000] "PUT /d1/953/AUTH_88ae32f2c8204458beb5922823236026/gnocchi.fd52dd80-d730-48ec-bdb1-310c92916bce" 201 - "PUT http://172.20.0.103:6001/d1/256/AUTH_88ae32f2c8204458beb5922823236026/gnocchi.fd52dd80-d730-48ec-bdb1-310c92916bce" "tx4e2466c14022458a833d7-006a2d15c5" "container-server 23" 0.0053 "-" 22 0
Jun 13 08:33:09 np0000072642 container-server[121453]: 172.20.0.103 - - [13/Jun/2026:08:33:09 +0000] "HEAD /d1/256/AUTH_88ae32f2c8204458beb5922823236026/gnocchi.fd52dd80-d730-48ec-bdb1-310c92916bce" 204 - "HEAD http://172.18.0.157:8080/v1/AUTH_88ae32f2c8204458beb5922823236026/gnocchi.fd52dd80-d730-48ec-bdb1-310c92916bce?format=json&states=listing" "tx5ee1f4a2110b4862a65da-006a2d15c5" "proxy-server 20" 0.0015 "-" 18 0
Jun 13 08:33:09 np0000072642 container-server[121464]: 172.20.0.104 - - [13/Jun/2026:08:33:09 +0000] "HEAD /d1/546/AUTH_88ae32f2c8204458beb5922823236026/gnocchi.e1c795b2-0eb3-4c3f-90e0-885cd6449c6a" 204 - "HEAD http://172.18.0.157:8080/v1/AUTH_88ae32f2c8204458beb5922823236026/gnocchi.e1c795b2-0eb3-4c3f-90e0-885cd6449c6a?format=json&states=listing" "tx2e502df199e049628b750-006a2d15c5" "proxy-server 20" 0.0037 "-" 19 0
Jun 13 08:33:09 np0000072642 proxy-server[123202]: - - 13/Jun/2026/08/33/09 HEAD /v1/AUTH_88ae32f2c8204458beb5922823236026/gnocchi.e1c795b2-0eb3-4c3f-90e0-885cd6449c6a%3Fformat%3Djson%26states%3Dlisting HTTP/1.0 204 - Swift - - - - tx2e502df199e049628b750-006a2d15c5 - 0.0095 RL - 1781339589.714648008 1781339589.724136591 0
Jun 13 08:33:09 np0000072642 proxy-server[123202]: 172.18.0.157 172.18.0.104 13/Jun/2026/08/33/09 GET /v1/AUTH_88ae32f2c8204458beb5922823236026/gnocchi.e1c795b2-0eb3-4c3f-90e0-885cd6449c6a%3Fformat%3Djson%26states%3Dlisting HTTP/1.0 200 - python-swiftclient-3.11.1 gAAAAABqLRV-REV4... - 2 - tx2e502df199e049628b750-006a2d15c5 - 0.0228 - - 1781339589.712634802 1781339589.735435963 0
Jun 13 08:33:09 np0000072642 object-server[121927]: 172.20.0.103 - - [13/Jun/2026:08:33:09 +0000] "GET /d1/356/AUTH_88ae32f2c8204458beb5922823236026/gnocchi.e1c795b2-0eb3-4c3f-90e0-885cd6449c6a/1780920000.0_mean_300.0_v3" 404 70 "GET http://172.18.0.157:8080/v1/AUTH_88ae32f2c8204458beb5922823236026/gnocchi.e1c795b2-0eb3-4c3f-90e0-885cd6449c6a/1780920000.0_mean_300.0_v3" "tx1acb410e6f8b49498b158-006a2d15c5" "proxy-server 20" 0.0005 "-" 25 0
Jun 13 08:33:09 np0000072642 object-server[121884]: 172.20.0.105 - - [13/Jun/2026:08:33:09 +0000] "GET /d1/376/AUTH_88ae32f2c8204458beb5922823236026/gnocchi.fd52dd80-d730-48ec-bdb1-310c92916bce/1780920000.0_mean_300.0_v3" 404 70 "GET http://172.18.0.157:8080/v1/AUTH_88ae32f2c8204458beb5922823236026/gnocchi.fd52dd80-d730-48ec-bdb1-310c92916bce/1780920000.0_mean_300.0_v3" "tx16b956766c30441683b5c-006a2d15c5" "proxy-server 20" 0.0003 "-" 23 0
Jun 13 08:33:09 np0000072642 container-server[121464]: 172.20.0.103 - - [13/Jun/2026:08:33:09 +0000] "PUT /d1/546/AUTH_88ae32f2c8204458beb5922823236026/gnocchi.e1c795b2-0eb3-4c3f-90e0-885cd6449c6a/1780920000.0_mean_300.0_v3" 201 - "PUT http://172.18.0.157:8080/d1/356/AUTH_88ae32f2c8204458beb5922823236026/gnocchi.e1c795b2-0eb3-4c3f-90e0-885cd6449c6a/1780920000.0_mean_300.0_v3" "txea6b5b713fa34f3a87ed0-006a2d15c5" "object-server 22" 0.0005 "-" 19 0
Jun 13 08:33:09 np0000072642 object-server[121873]: 172.20.0.105 - - [13/Jun/2026:08:33:09 +0000] "PUT /d1/356/AUTH_88ae32f2c8204458beb5922823236026/gnocchi.e1c795b2-0eb3-4c3f-90e0-885cd6449c6a/1780920000.0_mean_300.0_v3" 201 - "PUT http://172.18.0.157:8080/v1/AUTH_88ae32f2c8204458beb5922823236026/gnocchi.e1c795b2-0eb3-4c3f-90e0-885cd6449c6a/1780920000.0_mean_300.0_v3" "txea6b5b713fa34f3a87ed0-006a2d15c5" "proxy-server 20" 0.0144 "-" 22 0
Jun 13 08:33:09 np0000072642 object-server[121873]: 172.20.0.104 - - [13/Jun/2026:08:33:09 +0000] "PUT /d1/376/AUTH_88ae32f2c8204458beb5922823236026/gnocchi.fd52dd80-d730-48ec-bdb1-310c92916bce/1780920000.0_mean_300.0_v3" 201 - "PUT http://172.18.0.157:8080/v1/AUTH_88ae32f2c8204458beb5922823236026/gnocchi.fd52dd80-d730-48ec-bdb1-310c92916bce/1780920000.0_mean_300.0_v3" "tx8e212e78610d48dc886c7-006a2d15c5" "proxy-server 20" 0.0141 "-" 22 0
Jun 13 08:33:09 np0000072642 container-server[121453]: 172.20.0.103 - - [13/Jun/2026:08:33:09 +0000] "PUT /d1/256/AUTH_88ae32f2c8204458beb5922823236026/gnocchi.fd52dd80-d730-48ec-bdb1-310c92916bce/1780920000.0_mean_300.0_v3" 201 - "PUT http://172.18.0.157:8080/d1/376/AUTH_88ae32f2c8204458beb5922823236026/gnocchi.fd52dd80-d730-48ec-bdb1-310c92916bce/1780920000.0_mean_300.0_v3" "tx8e212e78610d48dc886c7-006a2d15c5" "object-server 25" 0.0005 "-" 18 0
Jun 13 08:33:09 np0000072642 proxy-server[123202]: 172.18.0.105 172.18.0.104 13/Jun/2026/08/33/09 PUT /v1/AUTH_88ae32f2c8204458beb5922823236026/gnocchi.fd52dd80-d730-48ec-bdb1-310c92916bce/1780920000.0_mean_300.0_v3 HTTP/1.0 201 - python-swiftclient-3.11.1 gAAAAABqLRW9KbrP... 16 - - tx8e212e78610d48dc886c7-006a2d15c5 - 0.0295 - - 1781339589.756572962 1781339589.786040306 0
Jun 13 08:33:09 np0000072642 object-server[121873]: 172.20.0.105 - - [13/Jun/2026:08:33:09 +0000] "PUT /d1/284/AUTH_88ae32f2c8204458beb5922823236026/gnocchi.fd52dd80-d730-48ec-bdb1-310c92916bce/none_v3" 201 - "PUT http://172.18.0.157:8080/v1/AUTH_88ae32f2c8204458beb5922823236026/gnocchi.fd52dd80-d730-48ec-bdb1-310c92916bce/none_v3" "tx6bb29224dd3447f2bca7e-006a2d15c5" "proxy-server 20" 0.0124 "-" 22 0
Jun 13 08:33:09 np0000072642 container-server[121436]: 172.20.0.105 - - [13/Jun/2026:08:33:09 +0000] "PUT /d1/256/AUTH_88ae32f2c8204458beb5922823236026/gnocchi.fd52dd80-d730-48ec-bdb1-310c92916bce/none_v3" 201 - "PUT http://172.18.0.157:8080/d1/284/AUTH_88ae32f2c8204458beb5922823236026/gnocchi.fd52dd80-d730-48ec-bdb1-310c92916bce/none_v3" "tx6bb29224dd3447f2bca7e-006a2d15c5" "object-server 16" 0.0005 "-" 17 0
Jun 13 08:33:09 np0000072642 container-server[121472]: 172.20.0.104 - - [13/Jun/2026:08:33:09 +0000] "PUT /d1/546/AUTH_88ae32f2c8204458beb5922823236026/gnocchi.e1c795b2-0eb3-4c3f-90e0-885cd6449c6a/none_v3" 201 - "PUT http://172.18.0.157:8080/d1/119/AUTH_88ae32f2c8204458beb5922823236026/gnocchi.e1c795b2-0eb3-4c3f-90e0-885cd6449c6a/none_v3" "tx1d589cf7bb5c44adb8933-006a2d15c5" "object-server 24" 0.0004 "-" 20 0
Jun 13 08:33:09 np0000072642 object-server[121904]: 172.20.0.103 - - [13/Jun/2026:08:33:09 +0000] "PUT /d1/119/AUTH_88ae32f2c8204458beb5922823236026/gnocchi.e1c795b2-0eb3-4c3f-90e0-885cd6449c6a/none_v3" 201 - "PUT http://172.18.0.157:8080/v1/AUTH_88ae32f2c8204458beb5922823236026/gnocchi.e1c795b2-0eb3-4c3f-90e0-885cd6449c6a/none_v3" "tx1d589cf7bb5c44adb8933-006a2d15c5" "proxy-server 20" 0.0286 "-" 24 0
Jun 13 08:33:09 np0000072642 container-server[121472]: 172.20.0.104 - - [13/Jun/2026:08:33:09 +0000] "HEAD /d1/1004/AUTH_88ae32f2c8204458beb5922823236026/gnocchi.48d182e6-1503-4f6b-9cb2-1cf84422a539" 404 - "HEAD http://172.18.0.157:8080/v1/AUTH_88ae32f2c8204458beb5922823236026/gnocchi.48d182e6-1503-4f6b-9cb2-1cf84422a539?format=json&states=listing" "txec5961c77d2d4d6d8d7f3-006a2d15c5" "proxy-server 20" 0.0003 "-" 20 0
Jun 13 08:33:09 np0000072642 object-server[121884]: 172.20.0.104 - - [13/Jun/2026:08:33:09 +0000] "GET /d1/907/AUTH_88ae32f2c8204458beb5922823236026/gnocchi.48d182e6-1503-4f6b-9cb2-1cf84422a539/none_v3" 404 70 "GET http://172.18.0.157:8080/v1/AUTH_88ae32f2c8204458beb5922823236026/gnocchi.48d182e6-1503-4f6b-9cb2-1cf84422a539/none_v3" "txec5961c77d2d4d6d8d7f3-006a2d15c5" "proxy-server 20" 0.0003 "-" 23 0
Jun 13 08:33:09 np0000072642 proxy-server[123202]: 172.18.0.157 172.18.0.104 13/Jun/2026/08/33/09 GET /v1/AUTH_88ae32f2c8204458beb5922823236026/gnocchi.48d182e6-1503-4f6b-9cb2-1cf84422a539/none_v3 HTTP/1.0 404 - python-swiftclient-3.11.1 gAAAAABqLRV-REV4... - 70 - txec5961c77d2d4d6d8d7f3-006a2d15c5 - 0.0310 - - 1781339589.848312140 1781339589.879283190 0
Jun 13 08:33:09 np0000072642 container-server[121464]: 172.20.0.103 - - [13/Jun/2026:08:33:09 +0000] "HEAD /d1/329/AUTH_88ae32f2c8204458beb5922823236026/gnocchi.46b3007c-d10a-4334-83ba-39bee951cd43" 404 - "HEAD http://172.18.0.157:8080/v1/AUTH_88ae32f2c8204458beb5922823236026/gnocchi.46b3007c-d10a-4334-83ba-39bee951cd43?format=json&states=listing" "tx3f0d44b0beed483ba3888-006a2d15c5" "proxy-server 20" 0.0003 "-" 19 0
Jun 13 08:33:09 np0000072642 object-server[121884]: 172.20.0.103 - - [13/Jun/2026:08:33:09 +0000] "GET /d1/693/AUTH_88ae32f2c8204458beb5922823236026/gnocchi.46b3007c-d10a-4334-83ba-39bee951cd43/none_v3" 404 70 "GET http://172.18.0.157:8080/v1/AUTH_88ae32f2c8204458beb5922823236026/gnocchi.46b3007c-d10a-4334-83ba-39bee951cd43/none_v3" "tx3f0d44b0beed483ba3888-006a2d15c5" "proxy-server 20" 0.0003 "-" 23 0
Jun 13 08:33:09 np0000072642 account-server[121035]: 172.20.0.104 - - [13/Jun/2026:08:33:09 +0000] "PUT /d1/953/AUTH_88ae32f2c8204458beb5922823236026/gnocchi.48d182e6-1503-4f6b-9cb2-1cf84422a539" 201 - "PUT http://172.20.0.104:6001/d1/1004/AUTH_88ae32f2c8204458beb5922823236026/gnocchi.48d182e6-1503-4f6b-9cb2-1cf84422a539" "tx29a588b1ba2741ce9a016-006a2d15c5" "container-server 17" 0.0064 "-" 21 0
Jun 13 08:33:09 np0000072642 container-server[121436]: 172.20.0.105 - - [13/Jun/2026:08:33:09 +0000] "PUT /d1/1004/AUTH_88ae32f2c8204458beb5922823236026/gnocchi.48d182e6-1503-4f6b-9cb2-1cf84422a539" 201 - "PUT http://172.18.0.157:8080/v1/AUTH_88ae32f2c8204458beb5922823236026/gnocchi.48d182e6-1503-4f6b-9cb2-1cf84422a539" "tx29a588b1ba2741ce9a016-006a2d15c5" "proxy-server 20" 0.0202 "-" 17 0
Jun 13 08:33:09 np0000072642 container-server[121436]: 172.20.0.104 - - [13/Jun/2026:08:33:09 +0000] "PUT /d1/329/AUTH_88ae32f2c8204458beb5922823236026/gnocchi.46b3007c-d10a-4334-83ba-39bee951cd43" 201 - "PUT http://172.18.0.157:8080/v1/AUTH_88ae32f2c8204458beb5922823236026/gnocchi.46b3007c-d10a-4334-83ba-39bee951cd43" "txb371d255e5454447b102f-006a2d15c5" "proxy-server 20" 0.0129 "-" 17 0
Jun 13 08:33:09 np0000072642 account-server[121045]: 172.20.0.103 - - [13/Jun/2026:08:33:09 +0000] "PUT /d1/953/AUTH_88ae32f2c8204458beb5922823236026/gnocchi.46b3007c-d10a-4334-83ba-39bee951cd43" 201 - "PUT http://172.20.0.103:6001/d1/329/AUTH_88ae32f2c8204458beb5922823236026/gnocchi.46b3007c-d10a-4334-83ba-39bee951cd43" "txb371d255e5454447b102f-006a2d15c5" "container-server 23" 0.0040 "-" 23 0
Jun 13 08:33:09 np0000072642 proxy-server[123202]: 172.18.0.105 172.18.0.104 13/Jun/2026/08/33/09 PUT /v1/AUTH_88ae32f2c8204458beb5922823236026/gnocchi.46b3007c-d10a-4334-83ba-39bee951cd43 HTTP/1.0 201 - python-swiftclient-3.11.1 gAAAAABqLRW9KbrP... - - - txb371d255e5454447b102f-006a2d15c5 - 0.0281 - - 1781339589.903045654 1781339589.931115150 0
Jun 13 08:33:09 np0000072642 object-server[121884]: 172.20.0.104 - - [13/Jun/2026:08:33:09 +0000] "GET /d1/864/AUTH_88ae32f2c8204458beb5922823236026/gnocchi.48d182e6-1503-4f6b-9cb2-1cf84422a539/1780920000.0_mean_300.0_v3" 404 70 "GET http://172.18.0.157:8080/v1/AUTH_88ae32f2c8204458beb5922823236026/gnocchi.48d182e6-1503-4f6b-9cb2-1cf84422a539/1780920000.0_mean_300.0_v3" "tx362a92b343ff43f6b5cde-006a2d15c5" "proxy-server 20" 0.0017 "-" 23 0
Jun 13 08:33:09 np0000072642 proxy-server[123202]: 172.18.0.157 172.18.0.104 13/Jun/2026/08/33/09 GET /v1/AUTH_88ae32f2c8204458beb5922823236026/gnocchi.48d182e6-1503-4f6b-9cb2-1cf84422a539/1780920000.0_mean_300.0_v3 HTTP/1.0 404 - python-swiftclient-3.11.1 gAAAAABqLRV-REV4... - 70 - tx362a92b343ff43f6b5cde-006a2d15c5 - 0.0246 - - 1781339589.941074371 1781339589.965685129 0
Jun 13 08:33:09 np0000072642 container-server[121436]: 172.20.0.103 - - [13/Jun/2026:08:33:09 +0000] "PUT /d1/1004/AUTH_88ae32f2c8204458beb5922823236026/gnocchi.48d182e6-1503-4f6b-9cb2-1cf84422a539/1780920000.0_mean_300.0_v3" 201 - "PUT http://172.18.0.157:8080/d1/864/AUTH_88ae32f2c8204458beb5922823236026/gnocchi.48d182e6-1503-4f6b-9cb2-1cf84422a539/1780920000.0_mean_300.0_v3" "tx1fd9dd5403824d39a69f7-006a2d15c5" "object-server 25" 0.0007 "-" 17 0
Jun 13 08:33:09 np0000072642 object-server[121873]: 172.20.0.105 - - [13/Jun/2026:08:33:09 +0000] "GET /d1/638/AUTH_88ae32f2c8204458beb5922823236026/gnocchi.46b3007c-d10a-4334-83ba-39bee951cd43/1780920000.0_mean_300.0_v3" 404 70 "GET http://172.18.0.157:8080/v1/AUTH_88ae32f2c8204458beb5922823236026/gnocchi.46b3007c-d10a-4334-83ba-39bee951cd43/1780920000.0_mean_300.0_v3" "txc1ce4cfec9c94a9b84542-006a2d15c5" "proxy-server 20" 0.0003 "-" 22 0
Jun 13 08:33:09 np0000072642 object-server[121873]: 172.20.0.103 - - [13/Jun/2026:08:33:09 +0000] "PUT /d1/864/AUTH_88ae32f2c8204458beb5922823236026/gnocchi.48d182e6-1503-4f6b-9cb2-1cf84422a539/1780920000.0_mean_300.0_v3" 201 - "PUT http://172.18.0.157:8080/v1/AUTH_88ae32f2c8204458beb5922823236026/gnocchi.48d182e6-1503-4f6b-9cb2-1cf84422a539/1780920000.0_mean_300.0_v3" "tx1fd9dd5403824d39a69f7-006a2d15c5" "proxy-server 20" 0.0132 "-" 22 0
Jun 13 08:33:10 np0000072642 container-server[121472]: 172.20.0.104 - - [13/Jun/2026:08:33:10 +0000] "PUT /d1/329/AUTH_88ae32f2c8204458beb5922823236026/gnocchi.46b3007c-d10a-4334-83ba-39bee951cd43/1780920000.0_mean_300.0_v3" 201 - "PUT http://172.18.0.157:8080/d1/638/AUTH_88ae32f2c8204458beb5922823236026/gnocchi.46b3007c-d10a-4334-83ba-39bee951cd43/1780920000.0_mean_300.0_v3" "tx6b61d0a7e4c44eebb46c2-006a2d15c6" "object-server 22" 0.0013 "-" 20 0
