Jun 13 08:33:09 np0000072643 object-server[121082]: 172.20.0.103 - - [13/Jun/2026:08:33:09 +0000] "PUT /d1/864/AUTH_88ae32f2c8204458beb5922823236026/gnocchi.48d182e6-1503-4f6b-9cb2-1cf84422a539/1780920000.0_mean_300.0_v3" 201 - "PUT http://172.18.0.157:8080/v1/AUTH_88ae32f2c8204458beb5922823236026/gnocchi.48d182e6-1503-4f6b-9cb2-1cf84422a539/1780920000.0_mean_300.0_v3" "tx1fd9dd5403824d39a69f7-006a2d15c5" "proxy-server 20" 0.0122 "-" 22 0
Jun 13 08:33:09 np0000072643 proxy-server[122491]: 172.18.0.105 172.18.0.104 13/Jun/2026/08/33/09 GET /v1/AUTH_88ae32f2c8204458beb5922823236026/gnocchi.46b3007c-d10a-4334-83ba-39bee951cd43/1780920000.0_mean_300.0_v3 HTTP/1.0 404 - python-swiftclient-3.11.1 gAAAAABqLRW9KbrP... - 70 - txc1ce4cfec9c94a9b84542-006a2d15c5 - 0.0225 - - 1781339589.971133947 1781339589.993666649 0
Jun 13 08:33:10 np0000072643 container-server[120695]: 172.20.0.103 - - [13/Jun/2026:08:33:10 +0000] "PUT /d1/329/AUTH_88ae32f2c8204458beb5922823236026/gnocchi.46b3007c-d10a-4334-83ba-39bee951cd43/1780920000.0_mean_300.0_v3" 201 - "PUT http://172.18.0.157:8080/d1/638/AUTH_88ae32f2c8204458beb5922823236026/gnocchi.46b3007c-d10a-4334-83ba-39bee951cd43/1780920000.0_mean_300.0_v3" "tx6b61d0a7e4c44eebb46c2-006a2d15c6" "object-server 22" 0.0016 "-" 16 0
Jun 13 08:33:10 np0000072643 object-server[121082]: 172.20.0.105 - - [13/Jun/2026:08:33:10 +0000] "PUT /d1/638/AUTH_88ae32f2c8204458beb5922823236026/gnocchi.46b3007c-d10a-4334-83ba-39bee951cd43/1780920000.0_mean_300.0_v3" 201 - "PUT http://172.18.0.157:8080/v1/AUTH_88ae32f2c8204458beb5922823236026/gnocchi.46b3007c-d10a-4334-83ba-39bee951cd43/1780920000.0_mean_300.0_v3" "tx6b61d0a7e4c44eebb46c2-006a2d15c6" "proxy-server 20" 0.0136 "-" 22 0
Jun 13 08:33:10 np0000072643 proxy-server[122491]: 172.18.0.105 172.18.0.104 13/Jun/2026/08/33/10 PUT /v1/AUTH_88ae32f2c8204458beb5922823236026/gnocchi.46b3007c-d10a-4334-83ba-39bee951cd43/1780920000.0_mean_300.0_v3 HTTP/1.0 201 - python-swiftclient-3.11.1 gAAAAABqLRW9KbrP... 16 - - tx6b61d0a7e4c44eebb46c2-006a2d15c6 - 0.0255 - - 1781339590.000200272 1781339590.025682688 0
Jun 13 08:33:10 np0000072643 container-server[120689]: 172.20.0.104 - - [13/Jun/2026:08:33:10 +0000] "PUT /d1/329/AUTH_88ae32f2c8204458beb5922823236026/gnocchi.46b3007c-d10a-4334-83ba-39bee951cd43/none_v3" 201 - "PUT http://172.18.0.157:8080/d1/693/AUTH_88ae32f2c8204458beb5922823236026/gnocchi.46b3007c-d10a-4334-83ba-39bee951cd43/none_v3" "txd84564a84b6c43448d282-006a2d15c6" "object-server 22" 0.0007 "-" 14 0
Jun 13 08:33:10 np0000072643 object-server[121082]: 172.20.0.105 - - [13/Jun/2026:08:33:10 +0000] "PUT /d1/693/AUTH_88ae32f2c8204458beb5922823236026/gnocchi.46b3007c-d10a-4334-83ba-39bee951cd43/none_v3" 201 - "PUT http://172.18.0.157:8080/v1/AUTH_88ae32f2c8204458beb5922823236026/gnocchi.46b3007c-d10a-4334-83ba-39bee951cd43/none_v3" "txd84564a84b6c43448d282-006a2d15c6" "proxy-server 20" 0.0134 "-" 22 0
Jun 13 08:33:10 np0000072643 object-server[121067]: 172.20.0.104 - - [13/Jun/2026:08:33:10 +0000] "PUT /d1/907/AUTH_88ae32f2c8204458beb5922823236026/gnocchi.48d182e6-1503-4f6b-9cb2-1cf84422a539/none_v3" 201 - "PUT http://172.18.0.157:8080/v1/AUTH_88ae32f2c8204458beb5922823236026/gnocchi.48d182e6-1503-4f6b-9cb2-1cf84422a539/none_v3" "tx60b962b54f43449992942-006a2d15c5" "proxy-server 20" 0.0163 "-" 16 0
Jun 13 08:33:10 np0000072643 proxy-server[122491]: 172.18.0.105 172.18.0.104 13/Jun/2026/08/33/10 PUT /v1/AUTH_88ae32f2c8204458beb5922823236026/gnocchi.46b3007c-d10a-4334-83ba-39bee951cd43/none_v3 HTTP/1.0 201 - python-swiftclient-3.11.1 gAAAAABqLRW9KbrP... 22 - - txd84564a84b6c43448d282-006a2d15c6 - 0.0254 - - 1781339590.031770229 1781339590.057120800 0
Jun 13 08:33:10 np0000072643 container-server[120695]: 172.20.0.103 - - [13/Jun/2026:08:33:10 +0000] "PUT /d1/1004/AUTH_88ae32f2c8204458beb5922823236026/gnocchi.48d182e6-1503-4f6b-9cb2-1cf84422a539/none_v3" 201 - "PUT http://172.18.0.157:8080/d1/907/AUTH_88ae32f2c8204458beb5922823236026/gnocchi.48d182e6-1503-4f6b-9cb2-1cf84422a539/none_v3" "tx60b962b54f43449992942-006a2d15c5" "object-server 24" 0.0008 "-" 16 0
Jun 13 08:33:10 np0000072643 container-server[120695]: 172.20.0.103 - - [13/Jun/2026:08:33:10 +0000] "HEAD /d1/605/AUTH_88ae32f2c8204458beb5922823236026/gnocchi.c39fffcf-1749-401d-849b-d23b5a9f5fcd" 404 - "HEAD http://172.18.0.157:8080/v1/AUTH_88ae32f2c8204458beb5922823236026/gnocchi.c39fffcf-1749-401d-849b-d23b5a9f5fcd?format=json&states=listing" "tx2fb9009d16844756b276d-006a2d15c5" "proxy-server 20" 0.0007 "-" 16 0
Jun 13 08:33:10 np0000072643 object-server[121075]: 172.20.0.103 - - [13/Jun/2026:08:33:10 +0000] "GET /d1/866/AUTH_88ae32f2c8204458beb5922823236026/gnocchi.c39fffcf-1749-401d-849b-d23b5a9f5fcd/none_v3" 404 70 "GET http://172.18.0.157:8080/v1/AUTH_88ae32f2c8204458beb5922823236026/gnocchi.c39fffcf-1749-401d-849b-d23b5a9f5fcd/none_v3" "tx2fb9009d16844756b276d-006a2d15c5" "proxy-server 20" 0.0006 "-" 20 0
Jun 13 08:33:10 np0000072643 account-server[120277]: 172.20.0.105 - - [13/Jun/2026:08:33:10 +0000] "PUT /d1/953/AUTH_88ae32f2c8204458beb5922823236026/gnocchi.c39fffcf-1749-401d-849b-d23b5a9f5fcd" 201 - "PUT http://172.20.0.105:6001/d1/605/AUTH_88ae32f2c8204458beb5922823236026/gnocchi.c39fffcf-1749-401d-849b-d23b5a9f5fcd" "txf7423ca362b34e5d837ef-006a2d15c6" "container-server 16" 0.0073 "-" 23 0
Jun 13 08:33:10 np0000072643 container-server[120695]: 172.20.0.105 - - [13/Jun/2026:08:33:10 +0000] "PUT /d1/605/AUTH_88ae32f2c8204458beb5922823236026/gnocchi.c39fffcf-1749-401d-849b-d23b5a9f5fcd" 201 - "PUT http://172.18.0.157:8080/v1/AUTH_88ae32f2c8204458beb5922823236026/gnocchi.c39fffcf-1749-401d-849b-d23b5a9f5fcd" "txf7423ca362b34e5d837ef-006a2d15c6" "proxy-server 20" 0.0232 "-" 16 0
Jun 13 08:33:10 np0000072643 proxy-server[122491]: 172.18.0.103 172.18.0.104 13/Jun/2026/08/33/10 PUT /v1/AUTH_88ae32f2c8204458beb5922823236026/gnocchi.c39fffcf-1749-401d-849b-d23b5a9f5fcd HTTP/1.0 201 - python-swiftclient-3.11.1 gAAAAABqLRXF7NW_... - - - txf7423ca362b34e5d837ef-006a2d15c6 - 0.0323 - - 1781339590.092646837 1781339590.124918461 0
Jun 13 08:33:10 np0000072643 container-server[120689]: 172.20.0.104 - - [13/Jun/2026:08:33:10 +0000] "HEAD /d1/605/AUTH_88ae32f2c8204458beb5922823236026/gnocchi.c39fffcf-1749-401d-849b-d23b5a9f5fcd" 204 - "HEAD http://172.18.0.157:8080/v1/AUTH_88ae32f2c8204458beb5922823236026/gnocchi.c39fffcf-1749-401d-849b-d23b5a9f5fcd?format=json&states=listing" "txe35c83fa726d486cbd34e-006a2d15c6" "proxy-server 20" 0.0044 "-" 14 0
Jun 13 08:33:10 np0000072643 container-server[120695]: 172.20.0.104 - - [13/Jun/2026:08:33:10 +0000] "GET /d1/605/AUTH_88ae32f2c8204458beb5922823236026/gnocchi.c39fffcf-1749-401d-849b-d23b5a9f5fcd" 200 2 "GET http://172.18.0.157:8080/v1/AUTH_88ae32f2c8204458beb5922823236026/gnocchi.c39fffcf-1749-401d-849b-d23b5a9f5fcd?format=json&states=listing" "txe35c83fa726d486cbd34e-006a2d15c6" "proxy-server 20" 0.0047 "-" 16 0
Jun 13 08:33:10 np0000072643 object-server[121079]: 172.20.0.103 - - [13/Jun/2026:08:33:10 +0000] "GET /d1/605/AUTH_88ae32f2c8204458beb5922823236026/gnocchi.c39fffcf-1749-401d-849b-d23b5a9f5fcd/1780920000.0_mean_300.0_v3" 404 70 "GET http://172.18.0.157:8080/v1/AUTH_88ae32f2c8204458beb5922823236026/gnocchi.c39fffcf-1749-401d-849b-d23b5a9f5fcd/1780920000.0_mean_300.0_v3" "tx08470b96556d49838019e-006a2d15c6" "proxy-server 20" 0.0005 "-" 21 0
Jun 13 08:33:10 np0000072643 container-server[120706]: 172.20.0.105 - - [13/Jun/2026:08:33:10 +0000] "PUT /d1/605/AUTH_88ae32f2c8204458beb5922823236026/gnocchi.c39fffcf-1749-401d-849b-d23b5a9f5fcd/1780920000.0_mean_300.0_v3" 201 - "PUT http://172.18.0.157:8080/d1/605/AUTH_88ae32f2c8204458beb5922823236026/gnocchi.c39fffcf-1749-401d-849b-d23b5a9f5fcd/1780920000.0_mean_300.0_v3" "tx5812538f09f0451da9c8b-006a2d15c6" "object-server 21" 0.0007 "-" 17 0
Jun 13 08:33:10 np0000072643 object-server[121079]: 172.20.0.105 - - [13/Jun/2026:08:33:10 +0000] "PUT /d1/605/AUTH_88ae32f2c8204458beb5922823236026/gnocchi.c39fffcf-1749-401d-849b-d23b5a9f5fcd/1780920000.0_mean_300.0_v3" 201 - "PUT http://172.18.0.157:8080/v1/AUTH_88ae32f2c8204458beb5922823236026/gnocchi.c39fffcf-1749-401d-849b-d23b5a9f5fcd/1780920000.0_mean_300.0_v3" "tx5812538f09f0451da9c8b-006a2d15c6" "proxy-server 20" 0.0107 "-" 21 0
Jun 13 08:33:10 np0000072643 proxy-server[122491]: 172.18.0.103 172.18.0.104 13/Jun/2026/08/33/10 PUT /v1/AUTH_88ae32f2c8204458beb5922823236026/gnocchi.c39fffcf-1749-401d-849b-d23b5a9f5fcd/1780920000.0_mean_300.0_v3 HTTP/1.0 201 - python-swiftclient-3.11.1 gAAAAABqLRXF7NW_... 16 - - tx5812538f09f0451da9c8b-006a2d15c6 - 0.0244 - - 1781339590.200696468 1781339590.225060940 0
Jun 13 08:33:10 np0000072643 container-server[120706]: 172.20.0.103 - - [13/Jun/2026:08:33:10 +0000] "PUT /d1/605/AUTH_88ae32f2c8204458beb5922823236026/gnocchi.c39fffcf-1749-401d-849b-d23b5a9f5fcd/none_v3" 201 - "PUT http://172.18.0.157:8080/d1/866/AUTH_88ae32f2c8204458beb5922823236026/gnocchi.c39fffcf-1749-401d-849b-d23b5a9f5fcd/none_v3" "tx9318d02c3bd74e90b8e83-006a2d15c6" "object-server 23" 0.0017 "-" 17 0
Jun 13 08:33:10 np0000072643 object-server[121082]: 172.20.0.104 - - [13/Jun/2026:08:33:10 +0000] "PUT /d1/866/AUTH_88ae32f2c8204458beb5922823236026/gnocchi.c39fffcf-1749-401d-849b-d23b5a9f5fcd/none_v3" 201 - "PUT http://172.18.0.157:8080/v1/AUTH_88ae32f2c8204458beb5922823236026/gnocchi.c39fffcf-1749-401d-849b-d23b5a9f5fcd/none_v3" "tx9318d02c3bd74e90b8e83-006a2d15c6" "proxy-server 20" 0.0151 "-" 22 0
Jun 13 08:33:16 np0000072643 object-server[120909]: Starting object replication pass.
Jun 13 08:33:16 np0000072643 object-server[120909]: 16/16 (100.00%) partitions replicated in 0.25s (64.20/sec, 0s remaining)
Jun 13 08:33:16 np0000072643 object-server[120909]: 32 successes, 0 failures
Jun 13 08:33:16 np0000072643 object-server[120909]: 16 suffixes checked - 25.00% hashed, 0.00% synced
Jun 13 08:33:16 np0000072643 object-server[120909]: Partition times: max 0.0364s, min 0.0056s, med 0.0125s
Jun 13 08:33:16 np0000072643 object-server[120909]: Object replication complete. (0.00 minutes)
Jun 13 08:33:17 np0000072643 object-server[215430]: Begin object audit "forever" mode (ZBF)
Jun 13 08:33:17 np0000072643 object-server[215431]: Begin object audit "forever" mode (ALL)
Jun 13 08:33:17 np0000072643 object-server[215430]: Object audit (ZBF). Since Sat Jun 13 08:33:17 2026: Locally: 1 passed, 0 quarantined, 0 errors, files/sec: 530.39, bytes/sec: 0.00, Total time: 0.00, Auditing time: 0.00, Rate: 0.00
Jun 13 08:33:17 np0000072643 object-server[215431]: Object audit (ALL). Since Sat Jun 13 08:33:17 2026: Locally: 1 passed, 0 quarantined, 0 errors, files/sec: 102.30, bytes/sec: 1636.80, Total time: 0.01, Auditing time: 0.00, Rate: 0.00
Jun 13 08:33:18 np0000072643 object-server[215430]: Object audit (ZBF) "forever" mode completed: 0.28s. Total quarantined: 0, Total errors: 0, Total files/sec: 56.36, Total bytes/sec: 0.00, Auditing time: 0.28, Rate: 0.98
Jun 13 08:33:18 np0000072643 object-server[215431]: Object audit (ALL) "forever" mode completed: 0.71s. Total quarantined: 0, Total errors: 0, Total files/sec: 22.46, Total bytes/sec: 440.74, Auditing time: 0.70, Rate: 0.99
Jun 13 08:33:27 np0000072643 container-server[120337]: Beginning replication run
Jun 13 08:33:29 np0000072643 container-server[120337]: Replication run OVER
Jun 13 08:33:29 np0000072643 container-server[120337]: Attempted to replicate 8 dbs in 1.61564 seconds (4.95159/s)
Jun 13 08:33:29 np0000072643 container-server[120337]: Removed 0 dbs
Jun 13 08:33:29 np0000072643 container-server[120337]: 16 successes, 0 failures
Jun 13 08:33:29 np0000072643 container-server[120337]: diff:0 diff_capped:0 empty:0 hashmatch:0 no_change:16 remote_merge:0 rsync:0 ts_repl:0
Jun 13 08:33:30 np0000072643 account-server[120026]: Beginning replication run
Jun 13 08:33:30 np0000072643 account-server[120026]: Replication run OVER
Jun 13 08:33:30 np0000072643 account-server[120026]: Attempted to replicate 1 dbs in 0.28782 seconds (3.47438/s)
Jun 13 08:33:30 np0000072643 account-server[120026]: Removed 0 dbs
Jun 13 08:33:30 np0000072643 account-server[120026]: 2 successes, 0 failures
Jun 13 08:33:30 np0000072643 account-server[120026]: diff:0 diff_capped:0 empty:0 hashmatch:0 no_change:2 remote_merge:0 rsync:0 ts_repl:0
Jun 13 08:33:43 np0000072643 account-server[120274]: 172.20.0.105 - - [13/Jun/2026:08:33:43 +0000] "HEAD /d1/335/.expiring_objects" 404 - "HEAD http://localhost/v1/.expiring_objects?format=json" "tx1178b8f86d584fc7808c7-006a2d15e7" "proxy-server 2" 0.0007 "-" 22 -
Jun 13 08:33:43 np0000072643 object-expirer[120717]: Pass completed in 0s; 0 objects expired (txn: tx1178b8f86d584fc7808c7-006a2d15e7)
Jun 13 08:33:46 np0000072643 object-server[120909]: Starting object replication pass.
Jun 13 08:33:46 np0000072643 object-server[120909]: 16/16 (100.00%) partitions replicated in 0.15s (103.38/sec, 0s remaining)
Jun 13 08:33:46 np0000072643 object-server[120909]: 32 successes, 0 failures
Jun 13 08:33:46 np0000072643 object-server[120909]: 16 suffixes checked - 0.00% hashed, 0.00% synced
Jun 13 08:33:46 np0000072643 object-server[120909]: Partition times: max 0.0152s, min 0.0073s, med 0.0087s
Jun 13 08:33:46 np0000072643 object-server[120909]: Object replication complete. (0.00 minutes)
Jun 13 08:33:48 np0000072643 object-server[215441]: Begin object audit "forever" mode (ZBF)
Jun 13 08:33:48 np0000072643 object-server[215441]: Object audit (ZBF). Since Sat Jun 13 08:33:48 2026: Locally: 1 passed, 0 quarantined, 0 errors, files/sec: 858.08, bytes/sec: 0.00, Total time: 0.00, Auditing time: 0.00, Rate: 0.00
Jun 13 08:33:48 np0000072643 object-server[215441]: Object audit (ZBF) "forever" mode completed: 0.28s. Total quarantined: 0, Total errors: 0, Total files/sec: 56.54, Total bytes/sec: 0.00, Auditing time: 0.28, Rate: 0.98
Jun 13 08:33:57 np0000072643 container-server[120337]: Beginning replication run
Jun 13 08:33:57 np0000072643 container-server[120337]: Replication run OVER
Jun 13 08:33:57 np0000072643 container-server[120337]: Attempted to replicate 8 dbs in 0.15965 seconds (50.10896/s)
Jun 13 08:33:57 np0000072643 container-server[120337]: Removed 0 dbs
Jun 13 08:33:57 np0000072643 container-server[120337]: 16 successes, 0 failures
Jun 13 08:33:57 np0000072643 container-server[120337]: diff:0 diff_capped:0 empty:0 hashmatch:0 no_change:16 remote_merge:0 rsync:0 ts_repl:0
Jun 13 08:34:00 np0000072643 account-server[120026]: Beginning replication run
Jun 13 08:34:00 np0000072643 account-server[120026]: Replication run OVER
Jun 13 08:34:00 np0000072643 account-server[120026]: Attempted to replicate 1 dbs in 0.01771 seconds (56.45897/s)
Jun 13 08:34:00 np0000072643 account-server[120026]: Removed 0 dbs
Jun 13 08:34:00 np0000072643 account-server[120026]: 2 successes, 0 failures
Jun 13 08:34:00 np0000072643 account-server[120026]: diff:0 diff_capped:0 empty:0 hashmatch:0 no_change:2 remote_merge:0 rsync:0 ts_repl:0
Jun 13 08:34:16 np0000072643 object-server[120909]: Starting object replication pass.
Jun 13 08:34:16 np0000072643 object-server[120909]: 16/16 (100.00%) partitions replicated in 0.15s (108.01/sec, 0s remaining)
Jun 13 08:34:16 np0000072643 object-server[120909]: 32 successes, 0 failures
Jun 13 08:34:16 np0000072643 object-server[120909]: 16 suffixes checked - 0.00% hashed, 0.00% synced
Jun 13 08:34:16 np0000072643 object-server[120909]: Partition times: max 0.0108s, min 0.0070s, med 0.0087s
Jun 13 08:34:16 np0000072643 object-server[120909]: Object replication complete. (0.00 minutes)
Jun 13 08:34:18 np0000072643 object-server[221323]: Begin object audit "forever" mode (ZBF)
Jun 13 08:34:18 np0000072643 object-server[221324]: Begin object audit "forever" mode (ALL)
Jun 13 08:34:18 np0000072643 object-server[221323]: Object audit (ZBF). Since Sat Jun 13 08:34:18 2026: Locally: 1 passed, 0 quarantined, 0 errors, files/sec: 560.44, bytes/sec: 0.00, Total time: 0.00, Auditing time: 0.00, Rate: 0.00
Jun 13 08:34:18 np0000072643 object-server[221324]: Object audit (ALL). Since Sat Jun 13 08:34:18 2026: Locally: 1 passed, 0 quarantined, 0 errors, files/sec: 114.53, bytes/sec: 1832.47, Total time: 0.01, Auditing time: 0.00, Rate: 0.00
Jun 13 08:34:18 np0000072643 object-server[221323]: Object audit (ZBF) "forever" mode completed: 0.29s. Total quarantined: 0, Total errors: 0, Total files/sec: 55.89, Total bytes/sec: 0.00, Auditing time: 0.28, Rate: 0.97
Jun 13 08:34:19 np0000072643 object-server[221324]: Object audit (ALL) "forever" mode completed: 0.71s. Total quarantined: 0, Total errors: 0, Total files/sec: 22.45, Total bytes/sec: 440.67, Auditing time: 0.70, Rate: 0.99
Jun 13 08:34:26 np0000072643 account-server[120274]: 172.20.0.103 - - [13/Jun/2026:08:34:26 +0000] "PUT /d1/953/AUTH_88ae32f2c8204458beb5922823236026/gnocchi.b1e3aebb-54c2-4838-bf78-34a7e54b5195" 201 - "-" "-" "container-updater 2" 0.0016 "-" 22 0
Jun 13 08:34:26 np0000072643 account-server[120261]: 172.20.0.103 - - [13/Jun/2026:08:34:26 +0000] "PUT /d1/953/AUTH_88ae32f2c8204458beb5922823236026/gnocchi.e1c795b2-0eb3-4c3f-90e0-885cd6449c6a" 201 - "-" "-" "container-updater 2" 0.0007 "-" 21 0
Jun 13 08:34:26 np0000072643 account-server[120277]: 172.20.0.103 - - [13/Jun/2026:08:34:26 +0000] "PUT /d1/953/AUTH_88ae32f2c8204458beb5922823236026/gnocchi.2adf911e-81c4-4a63-8433-7872c4562a3a" 201 - "-" "-" "container-updater 2" 0.0007 "-" 23 0
Jun 13 08:34:26 np0000072643 account-server[120277]: 172.20.0.103 - - [13/Jun/2026:08:34:26 +0000] "PUT /d1/953/AUTH_88ae32f2c8204458beb5922823236026/gnocchi.46b3007c-d10a-4334-83ba-39bee951cd43" 201 - "-" "-" "container-updater 2" 0.0008 "-" 23 0
Jun 13 08:34:26 np0000072643 account-server[120261]: 172.20.0.103 - - [13/Jun/2026:08:34:26 +0000] "PUT /d1/953/AUTH_88ae32f2c8204458beb5922823236026/gnocchi.fd52dd80-d730-48ec-bdb1-310c92916bce" 201 - "-" "-" "container-updater 2" 0.0006 "-" 21 0
Jun 13 08:34:26 np0000072643 account-server[120277]: 172.20.0.103 - - [13/Jun/2026:08:34:26 +0000] "PUT /d1/953/AUTH_88ae32f2c8204458beb5922823236026/gnocchi.20021faf-dd1f-4087-afe3-d543f7a348d5" 201 - "-" "-" "container-updater 2" 0.0006 "-" 23 0
Jun 13 08:34:26 np0000072643 account-server[120261]: 172.20.0.103 - - [13/Jun/2026:08:34:26 +0000] "PUT /d1/953/AUTH_88ae32f2c8204458beb5922823236026/gnocchi.48d182e6-1503-4f6b-9cb2-1cf84422a539" 201 - "-" "-" "container-updater 2" 0.0006 "-" 21 0
Jun 13 08:34:26 np0000072643 account-server[120261]: 172.20.0.103 - - [13/Jun/2026:08:34:26 +0000] "PUT /d1/953/AUTH_88ae32f2c8204458beb5922823236026/gnocchi.c39fffcf-1749-401d-849b-d23b5a9f5fcd" 201 - "-" "-" "container-updater 2" 0.0009 "-" 21 0
Jun 13 08:34:27 np0000072643 container-server[120337]: Beginning replication run
Jun 13 08:34:27 np0000072643 container-server[120337]: Replication run OVER
Jun 13 08:34:27 np0000072643 container-server[120337]: Attempted to replicate 8 dbs in 0.14665 seconds (54.55132/s)
Jun 13 08:34:27 np0000072643 container-server[120337]: Removed 0 dbs
Jun 13 08:34:27 np0000072643 container-server[120337]: 16 successes, 0 failures
Jun 13 08:34:27 np0000072643 container-server[120337]: diff:0 diff_capped:0 empty:0 hashmatch:0 no_change:16 remote_merge:0 rsync:0 ts_repl:0
Jun 13 08:34:27 np0000072643 object-server[121065]: Begin object update sweep
Jun 13 08:34:27 np0000072643 object-server[221940]: Object update sweep starting on /srv/node/d1 (pid: 14)
Jun 13 08:34:27 np0000072643 object-server[221940]: Object update sweep completed on /srv/node/d1 in 0.00s seconds:, 0 successes, 0 failures, 0 quarantines, 0 unlinks, 0 errors, 0 redirects (pid: 14)
Jun 13 08:34:27 np0000072643 object-server[221940]: Object update sweep of d1 completed: 0.00s, 0 successes, 0 failures, 0 quarantines, 0 unlinks, 0 errors, 0 redirects
Jun 13 08:34:28 np0000072643 object-server[121065]: Object update sweep completed: 0.08s
Jun 13 08:34:28 np0000072643 account-server[120257]: 172.20.0.103 - - [13/Jun/2026:08:34:28 +0000] "HEAD /d1/953/AUTH_88ae32f2c8204458beb5922823236026" 204 - "HEAD http://172.18.0.157:8080/v1/AUTH_88ae32f2c8204458beb5922823236026?format=json" "tx776ba7dbbad146d6840b9-006a2d1614" "proxy-server 20" 0.0079 "-" 20 -
Jun 13 08:34:28 np0000072643 account-server[120257]: 172.20.0.105 - - [13/Jun/2026:08:34:28 +0000] "HEAD /d1/953/AUTH_88ae32f2c8204458beb5922823236026" 204 - "HEAD http://172.18.0.157:8080/v1/AUTH_88ae32f2c8204458beb5922823236026?format=json" "tx6f9a4fd1b2f244f380bb4-006a2d1614" "proxy-server 20" 0.0013 "-" 20 -
Jun 13 08:34:28 np0000072643 proxy-server[122491]: - - 13/Jun/2026/08/34/28 HEAD /v1/AUTH_88ae32f2c8204458beb5922823236026%3Fformat%3Djson HTTP/1.0 204 - Swift - - - - tx6f9a4fd1b2f244f380bb4-006a2d1614 - 0.0131 RL - 1781339668.900972366 1781339668.914075851 -
Jun 13 08:34:28 np0000072643 container-server[120689]: 172.20.0.103 - - [13/Jun/2026:08:34:28 +0000] "HEAD /d1/614/AUTH_88ae32f2c8204458beb5922823236026/gnocchi.16488f8c-b4d9-48a1-8bdd-c128f2675fa0" 404 - "HEAD http://172.18.0.157:8080/v1/AUTH_88ae32f2c8204458beb5922823236026/gnocchi.16488f8c-b4d9-48a1-8bdd-c128f2675fa0?format=json&states=listing" "tx776ba7dbbad146d6840b9-006a2d1614" "proxy-server 20" 0.0008 "-" 14 0
Jun 13 08:34:28 np0000072643 container-server[120694]: 172.20.0.105 - - [13/Jun/2026:08:34:28 +0000] "HEAD /d1/338/AUTH_88ae32f2c8204458beb5922823236026/gnocchi.f91430eb-81cc-471c-a4b8-01f5f8284d56" 404 - "HEAD http://172.18.0.157:8080/v1/AUTH_88ae32f2c8204458beb5922823236026/gnocchi.f91430eb-81cc-471c-a4b8-01f5f8284d56?format=json&states=listing" "tx6f9a4fd1b2f244f380bb4-006a2d1614" "proxy-server 20" 0.0005 "-" 15 0
Jun 13 08:34:28 np0000072643 container-server[120694]: 172.20.0.104 - - [13/Jun/2026:08:34:28 +0000] "HEAD /d1/226/AUTH_88ae32f2c8204458beb5922823236026/gnocchi.c8db387f-4b3e-438a-bc73-a2662186e5b7" 404 - "HEAD http://172.18.0.157:8080/v1/AUTH_88ae32f2c8204458beb5922823236026/gnocchi.c8db387f-4b3e-438a-bc73-a2662186e5b7?format=json&states=listing" "tx889de84c8f554dceb8121-006a2d1614" "proxy-server 20" 0.0004 "-" 15 0
Jun 13 08:34:28 np0000072643 object-server[121075]: 172.20.0.103 - - [13/Jun/2026:08:34:28 +0000] "GET /d1/421/AUTH_88ae32f2c8204458beb5922823236026/gnocchi.16488f8c-b4d9-48a1-8bdd-c128f2675fa0/none_v3" 404 70 "GET http://172.18.0.157:8080/v1/AUTH_88ae32f2c8204458beb5922823236026/gnocchi.16488f8c-b4d9-48a1-8bdd-c128f2675fa0/none_v3" "tx776ba7dbbad146d6840b9-006a2d1614" "proxy-server 20" 0.0007 "-" 20 0
Jun 13 08:34:28 np0000072643 object-server[121075]: 172.20.0.105 - - [13/Jun/2026:08:34:28 +0000] "GET /d1/950/AUTH_88ae32f2c8204458beb5922823236026/gnocchi.f91430eb-81cc-471c-a4b8-01f5f8284d56/none_v3" 404 70 "GET http://172.18.0.157:8080/v1/AUTH_88ae32f2c8204458beb5922823236026/gnocchi.f91430eb-81cc-471c-a4b8-01f5f8284d56/none_v3" "tx6f9a4fd1b2f244f380bb4-006a2d1614" "proxy-server 20" 0.0001 "-" 20 0
Jun 13 08:34:28 np0000072643 object-server[121075]: 172.20.0.104 - - [13/Jun/2026:08:34:28 +0000] "GET /d1/1016/AUTH_88ae32f2c8204458beb5922823236026/gnocchi.c8db387f-4b3e-438a-bc73-a2662186e5b7/none_v3" 404 70 "GET http://172.18.0.157:8080/v1/AUTH_88ae32f2c8204458beb5922823236026/gnocchi.c8db387f-4b3e-438a-bc73-a2662186e5b7/none_v3" "tx889de84c8f554dceb8121-006a2d1614" "proxy-server 20" 0.0002 "-" 20 0
Jun 13 08:34:28 np0000072643 proxy-server[122491]: 172.18.0.157 172.18.0.104 13/Jun/2026/08/34/28 GET /v1/AUTH_88ae32f2c8204458beb5922823236026/gnocchi.f91430eb-81cc-471c-a4b8-01f5f8284d56/none_v3 HTTP/1.0 404 - python-swiftclient-3.11.1 gAAAAABqLRV-REV4... - 70 - tx6f9a4fd1b2f244f380bb4-006a2d1614 - 0.0460 - - 1781339668.899854422 1781339668.945833921 0
Jun 13 08:34:28 np0000072643 account-server[120277]: 172.20.0.105 - - [13/Jun/2026:08:34:28 +0000] "PUT /d1/953/AUTH_88ae32f2c8204458beb5922823236026/gnocchi.c8db387f-4b3e-438a-bc73-a2662186e5b7" 201 - "PUT http://172.20.0.105:6001/d1/226/AUTH_88ae32f2c8204458beb5922823236026/gnocchi.c8db387f-4b3e-438a-bc73-a2662186e5b7" "tx5243052b1d9c4d3eaa691-006a2d1614" "container-server 14" 0.0011 "-" 23 0
Jun 13 08:34:28 np0000072643 container-server[120689]: 172.20.0.104 - - [13/Jun/2026:08:34:28 +0000] "PUT /d1/226/AUTH_88ae32f2c8204458beb5922823236026/gnocchi.c8db387f-4b3e-438a-bc73-a2662186e5b7" 201 - "PUT http://172.18.0.157:8080/v1/AUTH_88ae32f2c8204458beb5922823236026/gnocchi.c8db387f-4b3e-438a-bc73-a2662186e5b7" "tx5243052b1d9c4d3eaa691-006a2d1614" "proxy-server 20" 0.0160 "-" 14 0
Jun 13 08:34:28 np0000072643 account-server[120277]: 172.20.0.104 - - [13/Jun/2026:08:34:28 +0000] "PUT /d1/953/AUTH_88ae32f2c8204458beb5922823236026/gnocchi.f91430eb-81cc-471c-a4b8-01f5f8284d56" 201 - "PUT http://172.20.0.104:6001/d1/338/AUTH_88ae32f2c8204458beb5922823236026/gnocchi.f91430eb-81cc-471c-a4b8-01f5f8284d56" "tx71c189c5f8ce4801a7628-006a2d1614" "container-server 18" 0.0059 "-" 23 0
Jun 13 08:34:29 np0000072643 container-server[120695]: 172.20.0.103 - - [13/Jun/2026:08:34:29 +0000] "PUT /d1/338/AUTH_88ae32f2c8204458beb5922823236026/gnocchi.f91430eb-81cc-471c-a4b8-01f5f8284d56" 201 - "PUT http://172.18.0.157:8080/v1/AUTH_88ae32f2c8204458beb5922823236026/gnocchi.f91430eb-81cc-471c-a4b8-01f5f8284d56" "tx71c189c5f8ce4801a7628-006a2d1614" "proxy-server 20" 0.0458 "-" 16 0
Jun 13 08:34:29 np0000072643 container-server[120689]: 172.20.0.105 - - [13/Jun/2026:08:34:29 +0000] "PUT /d1/614/AUTH_88ae32f2c8204458beb5922823236026/gnocchi.16488f8c-b4d9-48a1-8bdd-c128f2675fa0" 201 - "PUT http://172.18.0.157:8080/v1/AUTH_88ae32f2c8204458beb5922823236026/gnocchi.16488f8c-b4d9-48a1-8bdd-c128f2675fa0" "tx9febc09108654637b99c4-006a2d1614" "proxy-server 20" 0.0626 "-" 14 0
Jun 13 08:34:29 np0000072643 account-server[120261]: 172.20.0.103 - - [13/Jun/2026:08:34:29 +0000] "PUT /d1/953/AUTH_88ae32f2c8204458beb5922823236026/gnocchi.16488f8c-b4d9-48a1-8bdd-c128f2675fa0" 201 - "PUT http://172.20.0.103:6001/d1/614/AUTH_88ae32f2c8204458beb5922823236026/gnocchi.16488f8c-b4d9-48a1-8bdd-c128f2675fa0" "tx9febc09108654637b99c4-006a2d1614" "container-server 21" 0.0098 "-" 21 0
Jun 13 08:34:29 np0000072643 proxy-server[122491]: 172.18.0.103 172.18.0.104 13/Jun/2026/08/34/29 PUT /v1/AUTH_88ae32f2c8204458beb5922823236026/gnocchi.16488f8c-b4d9-48a1-8bdd-c128f2675fa0 HTTP/1.0 201 - python-swiftclient-3.11.1 gAAAAABqLRXF7NW_... - - - tx9febc09108654637b99c4-006a2d1614 - 0.0774 - - 1781339668.950020552 1781339669.027439594 0
Jun 13 08:34:29 np0000072643 container-server[120689]: 172.20.0.105 - - [13/Jun/2026:08:34:29 +0000] "HEAD /d1/614/AUTH_88ae32f2c8204458beb5922823236026/gnocchi.16488f8c-b4d9-48a1-8bdd-c128f2675fa0" 204 - "HEAD http://172.18.0.157:8080/v1/AUTH_88ae32f2c8204458beb5922823236026/gnocchi.16488f8c-b4d9-48a1-8bdd-c128f2675fa0?format=json&states=listing" "tx75f21f24abcb4523b7382-006a2d1615" "proxy-server 20" 0.0017 "-" 14 0
Jun 13 08:34:29 np0000072643 proxy-server[122491]: - - 13/Jun/2026/08/34/29 HEAD /v1/AUTH_88ae32f2c8204458beb5922823236026/gnocchi.16488f8c-b4d9-48a1-8bdd-c128f2675fa0%3Fformat%3Djson%26states%3Dlisting HTTP/1.0 204 - Swift - - - - tx75f21f24abcb4523b7382-006a2d1615 - 0.0058 RL - 1781339669.033433437 1781339669.039215803 0
Jun 13 08:34:29 np0000072643 container-server[120695]: 172.20.0.105 - - [13/Jun/2026:08:34:29 +0000] "GET /d1/614/AUTH_88ae32f2c8204458beb5922823236026/gnocchi.16488f8c-b4d9-48a1-8bdd-c128f2675fa0" 200 2 "GET http://172.18.0.157:8080/v1/AUTH_88ae32f2c8204458beb5922823236026/gnocchi.16488f8c-b4d9-48a1-8bdd-c128f2675fa0?format=json&states=listing" "tx75f21f24abcb4523b7382-006a2d1615" "proxy-server 20" 0.0036 "-" 16 0
Jun 13 08:34:29 np0000072643 proxy-server[122491]: 172.18.0.103 172.18.0.104 13/Jun/2026/08/34/29 GET /v1/AUTH_88ae32f2c8204458beb5922823236026/gnocchi.16488f8c-b4d9-48a1-8bdd-c128f2675fa0%3Fformat%3Djson%26states%3Dlisting HTTP/1.0 200 - python-swiftclient-3.11.1 gAAAAABqLRXF7NW_... - 2 - tx75f21f24abcb4523b7382-006a2d1615 - 0.0185 - - 1781339669.031822443 1781339669.050292730 0
Jun 13 08:34:29 np0000072643 object-server[121079]: 172.20.0.103 - - [13/Jun/2026:08:34:29 +0000] "GET /d1/307/AUTH_88ae32f2c8204458beb5922823236026/gnocchi.f91430eb-81cc-471c-a4b8-01f5f8284d56/1780920000.0_mean_300.0_v3" 404 70 "GET http://172.18.0.157:8080/v1/AUTH_88ae32f2c8204458beb5922823236026/gnocchi.f91430eb-81cc-471c-a4b8-01f5f8284d56/1780920000.0_mean_300.0_v3" "tx38f6d0e14da14b4991bfd-006a2d1615" "proxy-server 20" 0.0004 "-" 21 0
Jun 13 08:34:29 np0000072643 object-server[121079]: 172.20.0.104 - - [13/Jun/2026:08:34:29 +0000] "GET /d1/833/AUTH_88ae32f2c8204458beb5922823236026/gnocchi.c8db387f-4b3e-438a-bc73-a2662186e5b7/1780920000.0_mean_300.0_v3" 404 70 "GET http://172.18.0.157:8080/v1/AUTH_88ae32f2c8204458beb5922823236026/gnocchi.c8db387f-4b3e-438a-bc73-a2662186e5b7/1780920000.0_mean_300.0_v3" "txfaf121a527884b479b61d-006a2d1615" "proxy-server 20" 0.0004 "-" 21 0
Jun 13 08:34:29 np0000072643 object-server[121075]: 172.20.0.105 - - [13/Jun/2026:08:34:29 +0000] "GET /d1/122/AUTH_88ae32f2c8204458beb5922823236026/gnocchi.16488f8c-b4d9-48a1-8bdd-c128f2675fa0/1780920000.0_mean_300.0_v3" 404 70 "GET http://172.18.0.157:8080/v1/AUTH_88ae32f2c8204458beb5922823236026/gnocchi.16488f8c-b4d9-48a1-8bdd-c128f2675fa0/1780920000.0_mean_300.0_v3" "tx589530edad6946c58f71b-006a2d1615" "proxy-server 20" 0.0004 "-" 20 0
Jun 13 08:34:29 np0000072643 proxy-server[122491]: 172.18.0.103 172.18.0.104 13/Jun/2026/08/34/29 GET /v1/AUTH_88ae32f2c8204458beb5922823236026/gnocchi.16488f8c-b4d9-48a1-8bdd-c128f2675fa0/1780920000.0_mean_300.0_v3 HTTP/1.0 404 - python-swiftclient-3.11.1 gAAAAABqLRXF7NW_... - 70 - tx589530edad6946c58f71b-006a2d1615 - 0.0168 - - 1781339669.054171324 1781339669.070952654 0
Jun 13 08:34:29 np0000072643 container-server[120689]: 172.20.0.103 - - [13/Jun/2026:08:34:29 +0000] "PUT /d1/338/AUTH_88ae32f2c8204458beb5922823236026/gnocchi.f91430eb-81cc-471c-a4b8-01f5f8284d56/1780920000.0_mean_300.0_v3" 201 - "PUT http://172.18.0.157:8080/d1/307/AUTH_88ae32f2c8204458beb5922823236026/gnocchi.f91430eb-81cc-471c-a4b8-01f5f8284d56/1780920000.0_mean_300.0_v3" "txc3215786773f4e2db7ce5-006a2d1615" "object-server 23" 0.0007 "-" 14 0
Jun 13 08:34:29 np0000072643 container-server[120695]: 172.20.0.104 - - [13/Jun/2026:08:34:29 +0000] "PUT /d1/614/AUTH_88ae32f2c8204458beb5922823236026/gnocchi.16488f8c-b4d9-48a1-8bdd-c128f2675fa0/1780920000.0_mean_300.0_v3" 201 - "PUT http://172.18.0.157:8080/d1/122/AUTH_88ae32f2c8204458beb5922823236026/gnocchi.16488f8c-b4d9-48a1-8bdd-c128f2675fa0/1780920000.0_mean_300.0_v3" "tx95b8ac5615b94af3af523-006a2d1615" "object-server 25" 0.0007 "-" 16 0
Jun 13 08:34:29 np0000072643 object-server[121079]: 172.20.0.103 - - [13/Jun/2026:08:34:29 +0000] "PUT /d1/307/AUTH_88ae32f2c8204458beb5922823236026/gnocchi.f91430eb-81cc-471c-a4b8-01f5f8284d56/1780920000.0_mean_300.0_v3" 201 - "PUT http://172.18.0.157:8080/v1/AUTH_88ae32f2c8204458beb5922823236026/gnocchi.f91430eb-81cc-471c-a4b8-01f5f8284d56/1780920000.0_mean_300.0_v3" "txc3215786773f4e2db7ce5-006a2d1615" "proxy-server 20" 0.0153 "-" 21 0
Jun 13 08:34:29 np0000072643 container-server[120694]: 172.20.0.103 - - [13/Jun/2026:08:34:29 +0000] "PUT /d1/226/AUTH_88ae32f2c8204458beb5922823236026/gnocchi.c8db387f-4b3e-438a-bc73-a2662186e5b7/1780920000.0_mean_300.0_v3" 201 - "PUT http://172.18.0.157:8080/d1/833/AUTH_88ae32f2c8204458beb5922823236026/gnocchi.c8db387f-4b3e-438a-bc73-a2662186e5b7/1780920000.0_mean_300.0_v3" "tx8bd29b83ed894869a18ec-006a2d1615" "object-server 22" 0.0005 "-" 15 0
Jun 13 08:34:29 np0000072643 object-server[121067]: 172.20.0.104 - - [13/Jun/2026:08:34:29 +0000] "PUT /d1/122/AUTH_88ae32f2c8204458beb5922823236026/gnocchi.16488f8c-b4d9-48a1-8bdd-c128f2675fa0/1780920000.0_mean_300.0_v3" 201 - "PUT http://172.18.0.157:8080/v1/AUTH_88ae32f2c8204458beb5922823236026/gnocchi.16488f8c-b4d9-48a1-8bdd-c128f2675fa0/1780920000.0_mean_300.0_v3" "tx95b8ac5615b94af3af523-006a2d1615" "proxy-server 20" 0.0202 "-" 16 0
Jun 13 08:34:29 np0000072643 object-server[121079]: 172.20.0.105 - - [13/Jun/2026:08:34:29 +0000] "PUT /d1/833/AUTH_88ae32f2c8204458beb5922823236026/gnocchi.c8db387f-4b3e-438a-bc73-a2662186e5b7/1780920000.0_mean_300.0_v3" 201 - "PUT http://172.18.0.157:8080/v1/AUTH_88ae32f2c8204458beb5922823236026/gnocchi.c8db387f-4b3e-438a-bc73-a2662186e5b7/1780920000.0_mean_300.0_v3" "tx8bd29b83ed894869a18ec-006a2d1615" "proxy-server 20" 0.0146 "-" 21 0
Jun 13 08:34:29 np0000072643 proxy-server[122491]: 172.18.0.105 172.18.0.104 13/Jun/2026/08/34/29 PUT /v1/AUTH_88ae32f2c8204458beb5922823236026/gnocchi.c8db387f-4b3e-438a-bc73-a2662186e5b7/1780920000.0_mean_300.0_v3 HTTP/1.0 201 - python-swiftclient-3.11.1 gAAAAABqLRW9KbrP... 16 - - tx8bd29b83ed894869a18ec-006a2d1615 - 0.0288 - - 1781339669.077657461 1781339669.106439829 0
Jun 13 08:34:29 np0000072643 container-server[120695]: 172.20.0.103 - - [13/Jun/2026:08:34:29 +0000] "PUT /d1/614/AUTH_88ae32f2c8204458beb5922823236026/gnocchi.16488f8c-b4d9-48a1-8bdd-c128f2675fa0/none_v3" 201 - "PUT http://172.18.0.157:8080/d1/421/AUTH_88ae32f2c8204458beb5922823236026/gnocchi.16488f8c-b4d9-48a1-8bdd-c128f2675fa0/none_v3" "txa2c8d84a60ce498ca4447-006a2d1615" "object-server 25" 0.0006 "-" 16 0
Jun 13 08:34:29 np0000072643 container-server[120695]: 172.20.0.104 - - [13/Jun/2026:08:34:29 +0000] "PUT /d1/338/AUTH_88ae32f2c8204458beb5922823236026/gnocchi.f91430eb-81cc-471c-a4b8-01f5f8284d56/none_v3" 201 - "PUT http://172.18.0.157:8080/d1/950/AUTH_88ae32f2c8204458beb5922823236026/gnocchi.f91430eb-81cc-471c-a4b8-01f5f8284d56/none_v3" "txc2e34fe7ee9f4c4299b85-006a2d1615" "object-server 25" 0.0004 "-" 16 0
Jun 13 08:34:29 np0000072643 container-server[120689]: 172.20.0.104 - - [13/Jun/2026:08:34:29 +0000] "PUT /d1/226/AUTH_88ae32f2c8204458beb5922823236026/gnocchi.c8db387f-4b3e-438a-bc73-a2662186e5b7/none_v3" 201 - "PUT http://172.18.0.157:8080/d1/1016/AUTH_88ae32f2c8204458beb5922823236026/gnocchi.c8db387f-4b3e-438a-bc73-a2662186e5b7/none_v3" "tx24b09647a9064b20a0ec1-006a2d1615" "object-server 24" 0.0006 "-" 14 0
Jun 13 08:34:29 np0000072643 object-server[121067]: 172.20.0.104 - - [13/Jun/2026:08:34:29 +0000] "PUT /d1/421/AUTH_88ae32f2c8204458beb5922823236026/gnocchi.16488f8c-b4d9-48a1-8bdd-c128f2675fa0/none_v3" 201 - "PUT http://172.18.0.157:8080/v1/AUTH_88ae32f2c8204458beb5922823236026/gnocchi.16488f8c-b4d9-48a1-8bdd-c128f2675fa0/none_v3" "txa2c8d84a60ce498ca4447-006a2d1615" "proxy-server 20" 0.0232 "-" 16 0
Jun 13 08:34:29 np0000072643 object-server[121082]: 172.20.0.103 - - [13/Jun/2026:08:34:29 +0000] "PUT /d1/950/AUTH_88ae32f2c8204458beb5922823236026/gnocchi.f91430eb-81cc-471c-a4b8-01f5f8284d56/none_v3" 201 - "PUT http://172.18.0.157:8080/v1/AUTH_88ae32f2c8204458beb5922823236026/gnocchi.f91430eb-81cc-471c-a4b8-01f5f8284d56/none_v3" "txc2e34fe7ee9f4c4299b85-006a2d1615" "proxy-server 20" 0.0271 "-" 22 0
Jun 13 08:34:29 np0000072643 object-server[121079]: 172.20.0.105 - - [13/Jun/2026:08:34:29 +0000] "PUT /d1/1016/AUTH_88ae32f2c8204458beb5922823236026/gnocchi.c8db387f-4b3e-438a-bc73-a2662186e5b7/none_v3" 201 - "PUT http://172.18.0.157:8080/v1/AUTH_88ae32f2c8204458beb5922823236026/gnocchi.c8db387f-4b3e-438a-bc73-a2662186e5b7/none_v3" "tx24b09647a9064b20a0ec1-006a2d1615" "proxy-server 20" 0.0209 "-" 21 0
Jun 13 08:34:29 np0000072643 proxy-server[122491]: 172.18.0.105 172.18.0.104 13/Jun/2026/08/34/29 PUT /v1/AUTH_88ae32f2c8204458beb5922823236026/gnocchi.c8db387f-4b3e-438a-bc73-a2662186e5b7/none_v3 HTTP/1.0 201 - python-swiftclient-3.11.1 gAAAAABqLRW9KbrP... 22 - - tx24b09647a9064b20a0ec1-006a2d1615 - 0.0345 - - 1781339669.112311125 1781339669.146824360 0
Jun 13 08:34:29 np0000072643 container-server[120695]: 172.20.0.104 - - [13/Jun/2026:08:34:29 +0000] "HEAD /d1/205/AUTH_88ae32f2c8204458beb5922823236026/gnocchi.02fb4429-dd8a-44e9-8dc6-b6f02cc12874" 404 - "HEAD http://172.18.0.157:8080/v1/AUTH_88ae32f2c8204458beb5922823236026/gnocchi.02fb4429-dd8a-44e9-8dc6-b6f02cc12874?format=json&states=listing" "tx50b7f37219ff45fdadfea-006a2d1615" "proxy-server 20" 0.0004 "-" 16 0
Jun 13 08:34:29 np0000072643 container-server[120695]: 172.20.0.103 - - [13/Jun/2026:08:34:29 +0000] "HEAD /d1/219/AUTH_88ae32f2c8204458beb5922823236026/gnocchi.764772c8-6eef-4bc0-ab31-48b64cda24a1" 404 - "HEAD http://172.18.0.157:8080/v1/AUTH_88ae32f2c8204458beb5922823236026/gnocchi.764772c8-6eef-4bc0-ab31-48b64cda24a1?format=json&states=listing" "tx27e4101efa8442aeaedd9-006a2d1615" "proxy-server 20" 0.0003 "-" 16 0
Jun 13 08:34:29 np0000072643 object-server[121082]: 172.20.0.103 - - [13/Jun/2026:08:34:29 +0000] "GET /d1/816/AUTH_88ae32f2c8204458beb5922823236026/gnocchi.764772c8-6eef-4bc0-ab31-48b64cda24a1/none_v3" 404 70 "GET http://172.18.0.157:8080/v1/AUTH_88ae32f2c8204458beb5922823236026/gnocchi.764772c8-6eef-4bc0-ab31-48b64cda24a1/none_v3" "tx27e4101efa8442aeaedd9-006a2d1615" "proxy-server 20" 0.0005 "-" 22 0
Jun 13 08:34:29 np0000072643 container-server[120706]: 172.20.0.105 - - [13/Jun/2026:08:34:29 +0000] "HEAD /d1/294/AUTH_88ae32f2c8204458beb5922823236026/gnocchi.a8c33b1d-95f1-4225-a311-9b9ee63fb8b0" 404 - "HEAD http://172.18.0.157:8080/v1/AUTH_88ae32f2c8204458beb5922823236026/gnocchi.a8c33b1d-95f1-4225-a311-9b9ee63fb8b0?format=json&states=listing" "tx1f10a58efdf645af96038-006a2d1615" "proxy-server 20" 0.0008 "-" 17 0
Jun 13 08:34:29 np0000072643 object-server[121075]: 172.20.0.104 - - [13/Jun/2026:08:34:29 +0000] "GET /d1/162/AUTH_88ae32f2c8204458beb5922823236026/gnocchi.02fb4429-dd8a-44e9-8dc6-b6f02cc12874/none_v3" 404 70 "GET http://172.18.0.157:8080/v1/AUTH_88ae32f2c8204458beb5922823236026/gnocchi.02fb4429-dd8a-44e9-8dc6-b6f02cc12874/none_v3" "tx50b7f37219ff45fdadfea-006a2d1615" "proxy-server 20" 0.0005 "-" 20 0
Jun 13 08:34:29 np0000072643 object-server[121079]: 172.20.0.105 - - [13/Jun/2026:08:34:29 +0000] "GET /d1/584/AUTH_88ae32f2c8204458beb5922823236026/gnocchi.a8c33b1d-95f1-4225-a311-9b9ee63fb8b0/none_v3" 404 70 "GET http://172.18.0.157:8080/v1/AUTH_88ae32f2c8204458beb5922823236026/gnocchi.a8c33b1d-95f1-4225-a311-9b9ee63fb8b0/none_v3" "tx1f10a58efdf645af96038-006a2d1615" "proxy-server 20" 0.0004 "-" 21 0
Jun 13 08:34:29 np0000072643 proxy-server[122491]: 172.18.0.105 172.18.0.104 13/Jun/2026/08/34/29 GET /v1/AUTH_88ae32f2c8204458beb5922823236026/gnocchi.a8c33b1d-95f1-4225-a311-9b9ee63fb8b0/none_v3 HTTP/1.0 404 - python-swiftclient-3.11.1 gAAAAABqLRW9KbrP... - 70 - tx1f10a58efdf645af96038-006a2d1615 - 0.0320 - - 1781339669.166571617 1781339669.198565006 0
Jun 13 08:34:29 np0000072643 account-server[120257]: 172.20.0.103 - - [13/Jun/2026:08:34:29 +0000] "PUT /d1/953/AUTH_88ae32f2c8204458beb5922823236026/gnocchi.764772c8-6eef-4bc0-ab31-48b64cda24a1" 201 - "PUT http://172.20.0.103:6001/d1/219/AUTH_88ae32f2c8204458beb5922823236026/gnocchi.764772c8-6eef-4bc0-ab31-48b64cda24a1" "tx55e9036411934916864ff-006a2d1615" "container-server 22" 0.0073 "-" 20 0
Jun 13 08:34:29 np0000072643 account-server[120274]: 172.20.0.103 - - [13/Jun/2026:08:34:29 +0000] "PUT /d1/953/AUTH_88ae32f2c8204458beb5922823236026/gnocchi.02fb4429-dd8a-44e9-8dc6-b6f02cc12874" 201 - "PUT http://172.20.0.103:6001/d1/205/AUTH_88ae32f2c8204458beb5922823236026/gnocchi.02fb4429-dd8a-44e9-8dc6-b6f02cc12874" "txa9de5bd40cc64d7daaae8-006a2d1615" "container-server 23" 0.0064 "-" 22 0
Jun 13 08:34:29 np0000072643 container-server[120694]: 172.20.0.103 - - [13/Jun/2026:08:34:29 +0000] "PUT /d1/219/AUTH_88ae32f2c8204458beb5922823236026/gnocchi.764772c8-6eef-4bc0-ab31-48b64cda24a1" 201 - "PUT http://172.18.0.157:8080/v1/AUTH_88ae32f2c8204458beb5922823236026/gnocchi.764772c8-6eef-4bc0-ab31-48b64cda24a1" "tx55e9036411934916864ff-006a2d1615" "proxy-server 20" 0.0310 "-" 15 0
Jun 13 08:34:29 np0000072643 container-server[120694]: 172.20.0.104 - - [13/Jun/2026:08:34:29 +0000] "PUT /d1/205/AUTH_88ae32f2c8204458beb5922823236026/gnocchi.02fb4429-dd8a-44e9-8dc6-b6f02cc12874" 201 - "PUT http://172.18.0.157:8080/v1/AUTH_88ae32f2c8204458beb5922823236026/gnocchi.02fb4429-dd8a-44e9-8dc6-b6f02cc12874" "txa9de5bd40cc64d7daaae8-006a2d1615" "proxy-server 20" 0.0240 "-" 15 0
Jun 13 08:34:29 np0000072643 account-server[120274]: 172.20.0.104 - - [13/Jun/2026:08:34:29 +0000] "PUT /d1/953/AUTH_88ae32f2c8204458beb5922823236026/gnocchi.a8c33b1d-95f1-4225-a311-9b9ee63fb8b0" 201 - "PUT http://172.20.0.104:6001/d1/294/AUTH_88ae32f2c8204458beb5922823236026/gnocchi.a8c33b1d-95f1-4225-a311-9b9ee63fb8b0" "tx79ac807be073404ca3e49-006a2d1615" "container-server 17" 0.0077 "-" 22 0
Jun 13 08:34:29 np0000072643 container-server[120695]: 172.20.0.105 - - [13/Jun/2026:08:34:29 +0000] "PUT /d1/294/AUTH_88ae32f2c8204458beb5922823236026/gnocchi.a8c33b1d-95f1-4225-a311-9b9ee63fb8b0" 201 - "PUT http://172.18.0.157:8080/v1/AUTH_88ae32f2c8204458beb5922823236026/gnocchi.a8c33b1d-95f1-4225-a311-9b9ee63fb8b0" "tx79ac807be073404ca3e49-006a2d1615" "proxy-server 20" 0.0231 "-" 16 0
Jun 13 08:34:29 np0000072643 proxy-server[122491]: 172.18.0.105 172.18.0.104 13/Jun/2026/08/34/29 PUT /v1/AUTH_88ae32f2c8204458beb5922823236026/gnocchi.a8c33b1d-95f1-4225-a311-9b9ee63fb8b0 HTTP/1.0 201 - python-swiftclient-3.11.1 gAAAAABqLRW9KbrP... - - - tx79ac807be073404ca3e49-006a2d1615 - 0.0334 - - 1781339669.203977585 1781339669.237340212 0
Jun 13 08:34:29 np0000072643 container-server[120689]: 172.20.0.104 - - [13/Jun/2026:08:34:29 +0000] "GET /d1/205/AUTH_88ae32f2c8204458beb5922823236026/gnocchi.02fb4429-dd8a-44e9-8dc6-b6f02cc12874" 200 2 "GET http://172.18.0.157:8080/v1/AUTH_88ae32f2c8204458beb5922823236026/gnocchi.02fb4429-dd8a-44e9-8dc6-b6f02cc12874?format=json&states=listing" "txd3bfe5ab7ffe4ffd94397-006a2d1615" "proxy-server 20" 0.0023 "-" 14 0
Jun 13 08:34:29 np0000072643 container-server[120706]: 172.20.0.103 - - [13/Jun/2026:08:34:29 +0000] "GET /d1/219/AUTH_88ae32f2c8204458beb5922823236026/gnocchi.764772c8-6eef-4bc0-ab31-48b64cda24a1" 200 2 "GET http://172.18.0.157:8080/v1/AUTH_88ae32f2c8204458beb5922823236026/gnocchi.764772c8-6eef-4bc0-ab31-48b64cda24a1?format=json&states=listing" "tx66b9940c07b74b3990a9a-006a2d1615" "proxy-server 20" 0.0047 "-" 17 0
Jun 13 08:34:29 np0000072643 object-server[121075]: 172.20.0.104 - - [13/Jun/2026:08:34:29 +0000] "GET /d1/108/AUTH_88ae32f2c8204458beb5922823236026/gnocchi.02fb4429-dd8a-44e9-8dc6-b6f02cc12874/1780920000.0_mean_300.0_v3" 404 70 "GET http://172.18.0.157:8080/v1/AUTH_88ae32f2c8204458beb5922823236026/gnocchi.02fb4429-dd8a-44e9-8dc6-b6f02cc12874/1780920000.0_mean_300.0_v3" "txbbf3bd9142af4b0fa70bd-006a2d1615" "proxy-server 20" 0.0007 "-" 20 0
Jun 13 08:34:29 np0000072643 container-server[120706]: 172.20.0.105 - - [13/Jun/2026:08:34:29 +0000] "HEAD /d1/294/AUTH_88ae32f2c8204458beb5922823236026/gnocchi.a8c33b1d-95f1-4225-a311-9b9ee63fb8b0" 204 - "HEAD http://172.18.0.157:8080/v1/AUTH_88ae32f2c8204458beb5922823236026/gnocchi.a8c33b1d-95f1-4225-a311-9b9ee63fb8b0?format=json&states=listing" "txb79acc52000b45728d56a-006a2d1615" "proxy-server 20" 0.0022 "-" 17 0
Jun 13 08:34:29 np0000072643 proxy-server[122491]: - - 13/Jun/2026/08/34/29 HEAD /v1/AUTH_88ae32f2c8204458beb5922823236026/gnocchi.a8c33b1d-95f1-4225-a311-9b9ee63fb8b0%3Fformat%3Djson%26states%3Dlisting HTTP/1.0 204 - Swift - - - - txb79acc52000b45728d56a-006a2d1615 - 0.0074 RL - 1781339669.247449636 1781339669.254886150 0
Jun 13 08:34:29 np0000072643 object-server[121075]: 172.20.0.103 - - [13/Jun/2026:08:34:29 +0000] "GET /d1/369/AUTH_88ae32f2c8204458beb5922823236026/gnocchi.764772c8-6eef-4bc0-ab31-48b64cda24a1/1780920000.0_mean_300.0_v3" 404 70 "GET http://172.18.0.157:8080/v1/AUTH_88ae32f2c8204458beb5922823236026/gnocchi.764772c8-6eef-4bc0-ab31-48b64cda24a1/1780920000.0_mean_300.0_v3" "tx8575d4910b324da7a6c0e-006a2d1615" "proxy-server 20" 0.0003 "-" 20 0
Jun 13 08:34:29 np0000072643 proxy-server[122491]: 172.18.0.105 172.18.0.104 13/Jun/2026/08/34/29 GET /v1/AUTH_88ae32f2c8204458beb5922823236026/gnocchi.a8c33b1d-95f1-4225-a311-9b9ee63fb8b0%3Fformat%3Djson%26states%3Dlisting HTTP/1.0 200 - python-swiftclient-3.11.1 gAAAAABqLRW9KbrP... - 2 - txb79acc52000b45728d56a-006a2d1615 - 0.0207 - - 1781339669.245563507 1781339669.266244650 0
Jun 13 08:34:29 np0000072643 object-server[121075]: 172.20.0.105 - - [13/Jun/2026:08:34:29 +0000] "GET /d1/547/AUTH_88ae32f2c8204458beb5922823236026/gnocchi.a8c33b1d-95f1-4225-a311-9b9ee63fb8b0/1780920000.0_mean_300.0_v3" 404 70 "GET http://172.18.0.157:8080/v1/AUTH_88ae32f2c8204458beb5922823236026/gnocchi.a8c33b1d-95f1-4225-a311-9b9ee63fb8b0/1780920000.0_mean_300.0_v3" "txbc637718c695455bb73af-006a2d1615" "proxy-server 20" 0.0002 "-" 20 0
Jun 13 08:34:29 np0000072643 container-server[120694]: 172.20.0.105 - - [13/Jun/2026:08:34:29 +0000] "PUT /d1/205/AUTH_88ae32f2c8204458beb5922823236026/gnocchi.02fb4429-dd8a-44e9-8dc6-b6f02cc12874/1780920000.0_mean_300.0_v3" 201 - "PUT http://172.18.0.157:8080/d1/108/AUTH_88ae32f2c8204458beb5922823236026/gnocchi.02fb4429-dd8a-44e9-8dc6-b6f02cc12874/1780920000.0_mean_300.0_v3" "tx84fa83b7ac904cf790c62-006a2d1615" "object-server 22" 0.0008 "-" 15 0
Jun 13 08:34:29 np0000072643 object-server[121082]: 172.20.0.104 - - [13/Jun/2026:08:34:29 +0000] "PUT /d1/108/AUTH_88ae32f2c8204458beb5922823236026/gnocchi.02fb4429-dd8a-44e9-8dc6-b6f02cc12874/1780920000.0_mean_300.0_v3" 201 - "PUT http://172.18.0.157:8080/v1/AUTH_88ae32f2c8204458beb5922823236026/gnocchi.02fb4429-dd8a-44e9-8dc6-b6f02cc12874/1780920000.0_mean_300.0_v3" "tx84fa83b7ac904cf790c62-006a2d1615" "proxy-server 20" 0.0106 "-" 22 0
Jun 13 08:34:29 np0000072643 container-server[120689]: 172.20.0.103 - - [13/Jun/2026:08:34:29 +0000] "PUT /d1/219/AUTH_88ae32f2c8204458beb5922823236026/gnocchi.764772c8-6eef-4bc0-ab31-48b64cda24a1/1780920000.0_mean_300.0_v3" 201 - "PUT http://172.18.0.157:8080/d1/369/AUTH_88ae32f2c8204458beb5922823236026/gnocchi.764772c8-6eef-4bc0-ab31-48b64cda24a1/1780920000.0_mean_300.0_v3" "txa6729f3989d44801922b8-006a2d1615" "object-server 24" 0.0007 "-" 14 0
Jun 13 08:34:29 np0000072643 object-server[121075]: 172.20.0.103 - - [13/Jun/2026:08:34:29 +0000] "PUT /d1/369/AUTH_88ae32f2c8204458beb5922823236026/gnocchi.764772c8-6eef-4bc0-ab31-48b64cda24a1/1780920000.0_mean_300.0_v3" 201 - "PUT http://172.18.0.157:8080/v1/AUTH_88ae32f2c8204458beb5922823236026/gnocchi.764772c8-6eef-4bc0-ab31-48b64cda24a1/1780920000.0_mean_300.0_v3" "txa6729f3989d44801922b8-006a2d1615" "proxy-server 20" 0.0111 "-" 20 0
Jun 13 08:34:29 np0000072643 proxy-server[122491]: 172.18.0.105 172.18.0.104 13/Jun/2026/08/34/29 GET /v1/AUTH_88ae32f2c8204458beb5922823236026/gnocchi.a8c33b1d-95f1-4225-a311-9b9ee63fb8b0/1780920000.0_mean_300.0_v3 HTTP/1.0 404 - python-swiftclient-3.11.1 gAAAAABqLRW9KbrP... - 70 - txbc637718c695455bb73af-006a2d1615 - 0.0164 - - 1781339669.272538424 1781339669.288953781 0
Jun 13 08:34:29 np0000072643 container-server[120689]: 172.20.0.105 - - [13/Jun/2026:08:34:29 +0000] "PUT /d1/205/AUTH_88ae32f2c8204458beb5922823236026/gnocchi.02fb4429-dd8a-44e9-8dc6-b6f02cc12874/none_v3" 201 - "PUT http://172.18.0.157:8080/d1/162/AUTH_88ae32f2c8204458beb5922823236026/gnocchi.02fb4429-dd8a-44e9-8dc6-b6f02cc12874/none_v3" "tx6a2db32b671849c6b7d9a-006a2d1615" "object-server 21" 0.0031 "-" 14 0
Jun 13 08:34:29 np0000072643 object-server[121079]: 172.20.0.104 - - [13/Jun/2026:08:34:29 +0000] "PUT /d1/162/AUTH_88ae32f2c8204458beb5922823236026/gnocchi.02fb4429-dd8a-44e9-8dc6-b6f02cc12874/none_v3" 201 - "PUT http://172.18.0.157:8080/v1/AUTH_88ae32f2c8204458beb5922823236026/gnocchi.02fb4429-dd8a-44e9-8dc6-b6f02cc12874/none_v3" "tx6a2db32b671849c6b7d9a-006a2d1615" "proxy-server 20" 0.0133 "-" 21 0
Jun 13 08:34:29 np0000072643 container-server[120706]: 172.20.0.105 - - [13/Jun/2026:08:34:29 +0000] "PUT /d1/219/AUTH_88ae32f2c8204458beb5922823236026/gnocchi.764772c8-6eef-4bc0-ab31-48b64cda24a1/none_v3" 201 - "PUT http://172.18.0.157:8080/d1/816/AUTH_88ae32f2c8204458beb5922823236026/gnocchi.764772c8-6eef-4bc0-ab31-48b64cda24a1/none_v3" "txd12d8338848f438684b2e-006a2d1615" "object-server 16" 0.0008 "-" 17 0
Jun 13 08:34:29 np0000072643 object-server[121067]: 172.20.0.103 - - [13/Jun/2026:08:34:29 +0000] "PUT /d1/816/AUTH_88ae32f2c8204458beb5922823236026/gnocchi.764772c8-6eef-4bc0-ab31-48b64cda24a1/none_v3" 201 - "PUT http://172.18.0.157:8080/v1/AUTH_88ae32f2c8204458beb5922823236026/gnocchi.764772c8-6eef-4bc0-ab31-48b64cda24a1/none_v3" "txd12d8338848f438684b2e-006a2d1615" "proxy-server 20" 0.0497 "-" 16 0
Jun 13 08:34:29 np0000072643 object-server[121067]: 172.20.0.105 - - [13/Jun/2026:08:34:29 +0000] "PUT /d1/547/AUTH_88ae32f2c8204458beb5922823236026/gnocchi.a8c33b1d-95f1-4225-a311-9b9ee63fb8b0/1780920000.0_mean_300.0_v3" 201 - "PUT http://172.18.0.157:8080/v1/AUTH_88ae32f2c8204458beb5922823236026/gnocchi.a8c33b1d-95f1-4225-a311-9b9ee63fb8b0/1780920000.0_mean_300.0_v3" "txb1a7055affd140e7bebef-006a2d1615" "proxy-server 20" 0.0545 "-" 16 0
Jun 13 08:34:29 np0000072643 container-server[120694]: 172.20.0.104 - - [13/Jun/2026:08:34:29 +0000] "PUT /d1/294/AUTH_88ae32f2c8204458beb5922823236026/gnocchi.a8c33b1d-95f1-4225-a311-9b9ee63fb8b0/1780920000.0_mean_300.0_v3" 201 - "PUT http://172.18.0.157:8080/d1/547/AUTH_88ae32f2c8204458beb5922823236026/gnocchi.a8c33b1d-95f1-4225-a311-9b9ee63fb8b0/1780920000.0_mean_300.0_v3" "txb1a7055affd140e7bebef-006a2d1615" "object-server 22" 0.0012 "-" 15 0
Jun 13 08:34:29 np0000072643 proxy-server[122491]: 172.18.0.105 172.18.0.104 13/Jun/2026/08/34/29 PUT /v1/AUTH_88ae32f2c8204458beb5922823236026/gnocchi.a8c33b1d-95f1-4225-a311-9b9ee63fb8b0/1780920000.0_mean_300.0_v3 HTTP/1.0 201 - python-swiftclient-3.11.1 gAAAAABqLRW9KbrP... 16 - - txb1a7055affd140e7bebef-006a2d1615 - 0.0673 - - 1781339669.292632818 1781339669.359928608 0
Jun 13 08:34:29 np0000072643 container-server[120689]: 172.20.0.103 - - [13/Jun/2026:08:34:29 +0000] "HEAD /d1/813/AUTH_88ae32f2c8204458beb5922823236026/gnocchi.b5a44d0c-02ec-444c-bc8f-f2c1ce9880c1" 404 - "HEAD http://172.18.0.157:8080/v1/AUTH_88ae32f2c8204458beb5922823236026/gnocchi.b5a44d0c-02ec-444c-bc8f-f2c1ce9880c1?format=json&states=listing" "txb0f6273eea9c426f83b8f-006a2d1615" "proxy-server 20" 0.0005 "-" 14 0
