Jun 13 08:34:29 np0000072643 object-server[121075]: 172.20.0.104 - - [13/Jun/2026:08:34:29 +0000] "PUT /d1/584/AUTH_88ae32f2c8204458beb5922823236026/gnocchi.a8c33b1d-95f1-4225-a311-9b9ee63fb8b0/none_v3" 201 - "PUT http://172.18.0.157:8080/v1/AUTH_88ae32f2c8204458beb5922823236026/gnocchi.a8c33b1d-95f1-4225-a311-9b9ee63fb8b0/none_v3" "tx161a0105e4d0413388915-006a2d1615" "proxy-server 20" 0.0142 "-" 20 0
Jun 13 08:34:29 np0000072643 container-server[120706]: 172.20.0.104 - - [13/Jun/2026:08:34:29 +0000] "PUT /d1/294/AUTH_88ae32f2c8204458beb5922823236026/gnocchi.a8c33b1d-95f1-4225-a311-9b9ee63fb8b0/none_v3" 201 - "PUT http://172.18.0.157:8080/d1/584/AUTH_88ae32f2c8204458beb5922823236026/gnocchi.a8c33b1d-95f1-4225-a311-9b9ee63fb8b0/none_v3" "tx161a0105e4d0413388915-006a2d1615" "object-server 22" 0.0008 "-" 17 0
Jun 13 08:34:29 np0000072643 object-server[121082]: 172.20.0.103 - - [13/Jun/2026:08:34:29 +0000] "GET /d1/47/AUTH_88ae32f2c8204458beb5922823236026/gnocchi.b5a44d0c-02ec-444c-bc8f-f2c1ce9880c1/none_v3" 404 70 "GET http://172.18.0.157:8080/v1/AUTH_88ae32f2c8204458beb5922823236026/gnocchi.b5a44d0c-02ec-444c-bc8f-f2c1ce9880c1/none_v3" "txb0f6273eea9c426f83b8f-006a2d1615" "proxy-server 20" 0.0006 "-" 22 0
Jun 13 08:34:29 np0000072643 container-server[120695]: 172.20.0.105 - - [13/Jun/2026:08:34:29 +0000] "HEAD /d1/636/AUTH_88ae32f2c8204458beb5922823236026/gnocchi.1c8ac7b8-b2a4-477b-a46d-de8f76cb926c" 404 - "HEAD http://172.18.0.157:8080/v1/AUTH_88ae32f2c8204458beb5922823236026/gnocchi.1c8ac7b8-b2a4-477b-a46d-de8f76cb926c?format=json&states=listing" "tx929d02a5f938489dac4ad-006a2d1615" "proxy-server 20" 0.0004 "-" 16 0
Jun 13 08:34:29 np0000072643 object-server[121079]: 172.20.0.105 - - [13/Jun/2026:08:34:29 +0000] "GET /d1/264/AUTH_88ae32f2c8204458beb5922823236026/gnocchi.1c8ac7b8-b2a4-477b-a46d-de8f76cb926c/none_v3" 404 70 "GET http://172.18.0.157:8080/v1/AUTH_88ae32f2c8204458beb5922823236026/gnocchi.1c8ac7b8-b2a4-477b-a46d-de8f76cb926c/none_v3" "tx929d02a5f938489dac4ad-006a2d1615" "proxy-server 20" 0.0004 "-" 21 0
Jun 13 08:34:29 np0000072643 proxy-server[122491]: 172.18.0.157 172.18.0.104 13/Jun/2026/08/34/29 GET /v1/AUTH_88ae32f2c8204458beb5922823236026/gnocchi.1c8ac7b8-b2a4-477b-a46d-de8f76cb926c/none_v3 HTTP/1.0 404 - python-swiftclient-3.11.1 gAAAAABqLRV-REV4... - 70 - tx929d02a5f938489dac4ad-006a2d1615 - 0.0269 - - 1781339669.378796101 1781339669.405654669 0
Jun 13 08:34:29 np0000072643 container-server[120695]: 172.20.0.104 - - [13/Jun/2026:08:34:29 +0000] "HEAD /d1/110/AUTH_88ae32f2c8204458beb5922823236026/gnocchi.ba2754ce-c679-4af1-9b5b-7caf60ee5a7c" 404 - "HEAD http://172.18.0.157:8080/v1/AUTH_88ae32f2c8204458beb5922823236026/gnocchi.ba2754ce-c679-4af1-9b5b-7caf60ee5a7c?format=json&states=listing" "txfac0477945d14fa18c250-006a2d1615" "proxy-server 20" 0.0004 "-" 16 0
Jun 13 08:34:29 np0000072643 object-server[121075]: 172.20.0.104 - - [13/Jun/2026:08:34:29 +0000] "GET /d1/476/AUTH_88ae32f2c8204458beb5922823236026/gnocchi.ba2754ce-c679-4af1-9b5b-7caf60ee5a7c/none_v3" 404 70 "GET http://172.18.0.157:8080/v1/AUTH_88ae32f2c8204458beb5922823236026/gnocchi.ba2754ce-c679-4af1-9b5b-7caf60ee5a7c/none_v3" "txfac0477945d14fa18c250-006a2d1615" "proxy-server 20" 0.0004 "-" 20 0
Jun 13 08:34:29 np0000072643 account-server[120274]: 172.20.0.105 - - [13/Jun/2026:08:34:29 +0000] "PUT /d1/953/AUTH_88ae32f2c8204458beb5922823236026/gnocchi.b5a44d0c-02ec-444c-bc8f-f2c1ce9880c1" 201 - "PUT http://172.20.0.105:6001/d1/813/AUTH_88ae32f2c8204458beb5922823236026/gnocchi.b5a44d0c-02ec-444c-bc8f-f2c1ce9880c1" "txecd00bb39725464d96c20-006a2d1615" "container-server 17" 0.0099 "-" 22 0
Jun 13 08:34:29 np0000072643 container-server[120706]: 172.20.0.103 - - [13/Jun/2026:08:34:29 +0000] "PUT /d1/813/AUTH_88ae32f2c8204458beb5922823236026/gnocchi.b5a44d0c-02ec-444c-bc8f-f2c1ce9880c1" 201 - "PUT http://172.18.0.157:8080/v1/AUTH_88ae32f2c8204458beb5922823236026/gnocchi.b5a44d0c-02ec-444c-bc8f-f2c1ce9880c1" "txecd00bb39725464d96c20-006a2d1615" "proxy-server 20" 0.0230 "-" 17 0
Jun 13 08:34:29 np0000072643 account-server[120257]: 172.20.0.103 - - [13/Jun/2026:08:34:29 +0000] "PUT /d1/953/AUTH_88ae32f2c8204458beb5922823236026/gnocchi.1c8ac7b8-b2a4-477b-a46d-de8f76cb926c" 201 - "PUT http://172.20.0.103:6001/d1/636/AUTH_88ae32f2c8204458beb5922823236026/gnocchi.1c8ac7b8-b2a4-477b-a46d-de8f76cb926c" "tx15676692df1e4b3d847ff-006a2d1615" "container-server 23" 0.0062 "-" 20 0
Jun 13 08:34:29 np0000072643 container-server[120689]: 172.20.0.105 - - [13/Jun/2026:08:34:29 +0000] "PUT /d1/636/AUTH_88ae32f2c8204458beb5922823236026/gnocchi.1c8ac7b8-b2a4-477b-a46d-de8f76cb926c" 201 - "PUT http://172.18.0.157:8080/v1/AUTH_88ae32f2c8204458beb5922823236026/gnocchi.1c8ac7b8-b2a4-477b-a46d-de8f76cb926c" "tx15676692df1e4b3d847ff-006a2d1615" "proxy-server 20" 0.0192 "-" 14 0
Jun 13 08:34:29 np0000072643 container-server[120694]: 172.20.0.104 - - [13/Jun/2026:08:34:29 +0000] "HEAD /d1/813/AUTH_88ae32f2c8204458beb5922823236026/gnocchi.b5a44d0c-02ec-444c-bc8f-f2c1ce9880c1" 204 - "HEAD http://172.18.0.157:8080/v1/AUTH_88ae32f2c8204458beb5922823236026/gnocchi.b5a44d0c-02ec-444c-bc8f-f2c1ce9880c1?format=json&states=listing" "tx863d69ace26e451e9cddd-006a2d1615" "proxy-server 20" 0.0022 "-" 15 0
Jun 13 08:34:29 np0000072643 proxy-server[122491]: 172.18.0.157 172.18.0.104 13/Jun/2026/08/34/29 PUT /v1/AUTH_88ae32f2c8204458beb5922823236026/gnocchi.1c8ac7b8-b2a4-477b-a46d-de8f76cb926c HTTP/1.0 201 - python-swiftclient-3.11.1 gAAAAABqLRV-REV4... - - - tx15676692df1e4b3d847ff-006a2d1615 - 0.0286 - - 1781339669.408567190 1781339669.437177658 0
Jun 13 08:34:29 np0000072643 container-server[120694]: 172.20.0.104 - - [13/Jun/2026:08:34:29 +0000] "GET /d1/813/AUTH_88ae32f2c8204458beb5922823236026/gnocchi.b5a44d0c-02ec-444c-bc8f-f2c1ce9880c1" 200 2 "GET http://172.18.0.157:8080/v1/AUTH_88ae32f2c8204458beb5922823236026/gnocchi.b5a44d0c-02ec-444c-bc8f-f2c1ce9880c1?format=json&states=listing" "tx863d69ace26e451e9cddd-006a2d1615" "proxy-server 20" 0.0023 "-" 15 0
Jun 13 08:34:29 np0000072643 account-server[120277]: 172.20.0.104 - - [13/Jun/2026:08:34:29 +0000] "PUT /d1/953/AUTH_88ae32f2c8204458beb5922823236026/gnocchi.ba2754ce-c679-4af1-9b5b-7caf60ee5a7c" 201 - "PUT http://172.20.0.104:6001/d1/110/AUTH_88ae32f2c8204458beb5922823236026/gnocchi.ba2754ce-c679-4af1-9b5b-7caf60ee5a7c" "tx9c5dc02e6c7444a28bee1-006a2d1615" "container-server 17" 0.0057 "-" 23 0
Jun 13 08:34:29 np0000072643 container-server[120689]: 172.20.0.105 - - [13/Jun/2026:08:34:29 +0000] "HEAD /d1/636/AUTH_88ae32f2c8204458beb5922823236026/gnocchi.1c8ac7b8-b2a4-477b-a46d-de8f76cb926c" 204 - "HEAD http://172.18.0.157:8080/v1/AUTH_88ae32f2c8204458beb5922823236026/gnocchi.1c8ac7b8-b2a4-477b-a46d-de8f76cb926c?format=json&states=listing" "tx25be13ff44f94670bc532-006a2d1615" "proxy-server 20" 0.0029 "-" 14 0
Jun 13 08:34:29 np0000072643 proxy-server[122491]: - - 13/Jun/2026/08/34/29 HEAD /v1/AUTH_88ae32f2c8204458beb5922823236026/gnocchi.1c8ac7b8-b2a4-477b-a46d-de8f76cb926c%3Fformat%3Djson%26states%3Dlisting HTTP/1.0 204 - Swift - - - - tx25be13ff44f94670bc532-006a2d1615 - 0.0086 RL - 1781339669.442409277 1781339669.450970650 0
Jun 13 08:34:29 np0000072643 container-server[120695]: 172.20.0.103 - - [13/Jun/2026:08:34:29 +0000] "PUT /d1/110/AUTH_88ae32f2c8204458beb5922823236026/gnocchi.ba2754ce-c679-4af1-9b5b-7caf60ee5a7c" 201 - "PUT http://172.18.0.157:8080/v1/AUTH_88ae32f2c8204458beb5922823236026/gnocchi.ba2754ce-c679-4af1-9b5b-7caf60ee5a7c" "tx9c5dc02e6c7444a28bee1-006a2d1615" "proxy-server 20" 0.0198 "-" 16 0
Jun 13 08:34:29 np0000072643 container-server[120695]: 172.20.0.105 - - [13/Jun/2026:08:34:29 +0000] "GET /d1/636/AUTH_88ae32f2c8204458beb5922823236026/gnocchi.1c8ac7b8-b2a4-477b-a46d-de8f76cb926c" 200 2 "GET http://172.18.0.157:8080/v1/AUTH_88ae32f2c8204458beb5922823236026/gnocchi.1c8ac7b8-b2a4-477b-a46d-de8f76cb926c?format=json&states=listing" "tx25be13ff44f94670bc532-006a2d1615" "proxy-server 20" 0.0021 "-" 16 0
Jun 13 08:34:29 np0000072643 object-server[121082]: 172.20.0.104 - - [13/Jun/2026:08:34:29 +0000] "GET /d1/429/AUTH_88ae32f2c8204458beb5922823236026/gnocchi.b5a44d0c-02ec-444c-bc8f-f2c1ce9880c1/1780920000.0_mean_300.0_v3" 404 70 "GET http://172.18.0.157:8080/v1/AUTH_88ae32f2c8204458beb5922823236026/gnocchi.b5a44d0c-02ec-444c-bc8f-f2c1ce9880c1/1780920000.0_mean_300.0_v3" "tx71370d6f6a5b42109b532-006a2d1615" "proxy-server 20" 0.0006 "-" 22 0
Jun 13 08:34:29 np0000072643 proxy-server[122491]: 172.18.0.157 172.18.0.104 13/Jun/2026/08/34/29 GET /v1/AUTH_88ae32f2c8204458beb5922823236026/gnocchi.1c8ac7b8-b2a4-477b-a46d-de8f76cb926c%3Fformat%3Djson%26states%3Dlisting HTTP/1.0 200 - python-swiftclient-3.11.1 gAAAAABqLRV-REV4... - 2 - tx25be13ff44f94670bc532-006a2d1615 - 0.0203 - - 1781339669.441062450 1781339669.461390018 0
Jun 13 08:34:29 np0000072643 object-server[121079]: 172.20.0.105 - - [13/Jun/2026:08:34:29 +0000] "GET /d1/949/AUTH_88ae32f2c8204458beb5922823236026/gnocchi.1c8ac7b8-b2a4-477b-a46d-de8f76cb926c/1780920000.0_mean_300.0_v3" 404 70 "GET http://172.18.0.157:8080/v1/AUTH_88ae32f2c8204458beb5922823236026/gnocchi.1c8ac7b8-b2a4-477b-a46d-de8f76cb926c/1780920000.0_mean_300.0_v3" "tx585afa1c415e40bf8cdf9-006a2d1615" "proxy-server 20" 0.0004 "-" 21 0
Jun 13 08:34:29 np0000072643 proxy-server[122491]: 172.18.0.157 172.18.0.104 13/Jun/2026/08/34/29 GET /v1/AUTH_88ae32f2c8204458beb5922823236026/gnocchi.1c8ac7b8-b2a4-477b-a46d-de8f76cb926c/1780920000.0_mean_300.0_v3 HTTP/1.0 404 - python-swiftclient-3.11.1 gAAAAABqLRV-REV4... - 70 - tx585afa1c415e40bf8cdf9-006a2d1615 - 0.0148 - - 1781339669.465100050 1781339669.479854345 0
Jun 13 08:34:29 np0000072643 container-server[120694]: 172.20.0.104 - - [13/Jun/2026:08:34:29 +0000] "PUT /d1/813/AUTH_88ae32f2c8204458beb5922823236026/gnocchi.b5a44d0c-02ec-444c-bc8f-f2c1ce9880c1/1780920000.0_mean_300.0_v3" 201 - "PUT http://172.18.0.157:8080/d1/429/AUTH_88ae32f2c8204458beb5922823236026/gnocchi.b5a44d0c-02ec-444c-bc8f-f2c1ce9880c1/1780920000.0_mean_300.0_v3" "txb3b2018636aa4aaabd743-006a2d1615" "object-server 22" 0.0009 "-" 15 0
Jun 13 08:34:29 np0000072643 object-server[121079]: 172.20.0.103 - - [13/Jun/2026:08:34:29 +0000] "GET /d1/1000/AUTH_88ae32f2c8204458beb5922823236026/gnocchi.ba2754ce-c679-4af1-9b5b-7caf60ee5a7c/1780920000.0_mean_300.0_v3" 404 70 "GET http://172.18.0.157:8080/v1/AUTH_88ae32f2c8204458beb5922823236026/gnocchi.ba2754ce-c679-4af1-9b5b-7caf60ee5a7c/1780920000.0_mean_300.0_v3" "tx548d5c322e5c468ca604d-006a2d1615" "proxy-server 20" 0.0003 "-" 21 0
Jun 13 08:34:29 np0000072643 object-server[121079]: 172.20.0.104 - - [13/Jun/2026:08:34:29 +0000] "PUT /d1/429/AUTH_88ae32f2c8204458beb5922823236026/gnocchi.b5a44d0c-02ec-444c-bc8f-f2c1ce9880c1/1780920000.0_mean_300.0_v3" 201 - "PUT http://172.18.0.157:8080/v1/AUTH_88ae32f2c8204458beb5922823236026/gnocchi.b5a44d0c-02ec-444c-bc8f-f2c1ce9880c1/1780920000.0_mean_300.0_v3" "txb3b2018636aa4aaabd743-006a2d1615" "proxy-server 20" 0.0166 "-" 21 0
Jun 13 08:34:29 np0000072643 container-server[120694]: 172.20.0.104 - - [13/Jun/2026:08:34:29 +0000] "PUT /d1/636/AUTH_88ae32f2c8204458beb5922823236026/gnocchi.1c8ac7b8-b2a4-477b-a46d-de8f76cb926c/1780920000.0_mean_300.0_v3" 201 - "PUT http://172.18.0.157:8080/d1/949/AUTH_88ae32f2c8204458beb5922823236026/gnocchi.1c8ac7b8-b2a4-477b-a46d-de8f76cb926c/1780920000.0_mean_300.0_v3" "tx75066f7c83d249e385e82-006a2d1615" "object-server 24" 0.0011 "-" 15 0
Jun 13 08:34:29 np0000072643 object-server[121075]: 172.20.0.105 - - [13/Jun/2026:08:34:29 +0000] "PUT /d1/949/AUTH_88ae32f2c8204458beb5922823236026/gnocchi.1c8ac7b8-b2a4-477b-a46d-de8f76cb926c/1780920000.0_mean_300.0_v3" 201 - "PUT http://172.18.0.157:8080/v1/AUTH_88ae32f2c8204458beb5922823236026/gnocchi.1c8ac7b8-b2a4-477b-a46d-de8f76cb926c/1780920000.0_mean_300.0_v3" "tx75066f7c83d249e385e82-006a2d1615" "proxy-server 20" 0.0221 "-" 20 0
Jun 13 08:34:29 np0000072643 container-server[120689]: 172.20.0.104 - - [13/Jun/2026:08:34:29 +0000] "PUT /d1/110/AUTH_88ae32f2c8204458beb5922823236026/gnocchi.ba2754ce-c679-4af1-9b5b-7caf60ee5a7c/1780920000.0_mean_300.0_v3" 201 - "PUT http://172.18.0.157:8080/d1/1000/AUTH_88ae32f2c8204458beb5922823236026/gnocchi.ba2754ce-c679-4af1-9b5b-7caf60ee5a7c/1780920000.0_mean_300.0_v3" "tx6c4486cf102646179e5ab-006a2d1615" "object-server 23" 0.0011 "-" 14 0
Jun 13 08:34:29 np0000072643 proxy-server[122491]: 172.18.0.157 172.18.0.104 13/Jun/2026/08/34/29 PUT /v1/AUTH_88ae32f2c8204458beb5922823236026/gnocchi.1c8ac7b8-b2a4-477b-a46d-de8f76cb926c/1780920000.0_mean_300.0_v3 HTTP/1.0 201 - python-swiftclient-3.11.1 gAAAAABqLRV-REV4... 16 - - tx75066f7c83d249e385e82-006a2d1615 - 0.0380 - - 1781339669.483347654 1781339669.521328926 0
Jun 13 08:34:29 np0000072643 object-server[121082]: 172.20.0.104 - - [13/Jun/2026:08:34:29 +0000] "PUT /d1/1000/AUTH_88ae32f2c8204458beb5922823236026/gnocchi.ba2754ce-c679-4af1-9b5b-7caf60ee5a7c/1780920000.0_mean_300.0_v3" 201 - "PUT http://172.18.0.157:8080/v1/AUTH_88ae32f2c8204458beb5922823236026/gnocchi.ba2754ce-c679-4af1-9b5b-7caf60ee5a7c/1780920000.0_mean_300.0_v3" "tx6c4486cf102646179e5ab-006a2d1615" "proxy-server 20" 0.0192 "-" 22 0
Jun 13 08:34:29 np0000072643 container-server[120689]: 172.20.0.105 - - [13/Jun/2026:08:34:29 +0000] "PUT /d1/813/AUTH_88ae32f2c8204458beb5922823236026/gnocchi.b5a44d0c-02ec-444c-bc8f-f2c1ce9880c1/none_v3" 201 - "PUT http://172.18.0.157:8080/d1/47/AUTH_88ae32f2c8204458beb5922823236026/gnocchi.b5a44d0c-02ec-444c-bc8f-f2c1ce9880c1/none_v3" "tx3c29556993bc446b961a4-006a2d1615" "object-server 22" 0.0011 "-" 14 0
Jun 13 08:34:29 np0000072643 container-server[120694]: 172.20.0.104 - - [13/Jun/2026:08:34:29 +0000] "PUT /d1/636/AUTH_88ae32f2c8204458beb5922823236026/gnocchi.1c8ac7b8-b2a4-477b-a46d-de8f76cb926c/none_v3" 201 - "PUT http://172.18.0.157:8080/d1/264/AUTH_88ae32f2c8204458beb5922823236026/gnocchi.1c8ac7b8-b2a4-477b-a46d-de8f76cb926c/none_v3" "tx28cbb75b93eb4a818d529-006a2d1615" "object-server 23" 0.0011 "-" 15 0
Jun 13 08:34:29 np0000072643 object-server[121082]: 172.20.0.103 - - [13/Jun/2026:08:34:29 +0000] "PUT /d1/47/AUTH_88ae32f2c8204458beb5922823236026/gnocchi.b5a44d0c-02ec-444c-bc8f-f2c1ce9880c1/none_v3" 201 - "PUT http://172.18.0.157:8080/v1/AUTH_88ae32f2c8204458beb5922823236026/gnocchi.b5a44d0c-02ec-444c-bc8f-f2c1ce9880c1/none_v3" "tx3c29556993bc446b961a4-006a2d1615" "proxy-server 20" 0.0426 "-" 22 0
Jun 13 08:34:29 np0000072643 container-server[120694]: 172.20.0.105 - - [13/Jun/2026:08:34:29 +0000] "PUT /d1/110/AUTH_88ae32f2c8204458beb5922823236026/gnocchi.ba2754ce-c679-4af1-9b5b-7caf60ee5a7c/none_v3" 201 - "PUT http://172.18.0.157:8080/d1/476/AUTH_88ae32f2c8204458beb5922823236026/gnocchi.ba2754ce-c679-4af1-9b5b-7caf60ee5a7c/none_v3" "txb8ff0e87c02040f78eb5b-006a2d1615" "object-server 16" 0.0007 "-" 15 0
Jun 13 08:34:29 np0000072643 object-server[121082]: 172.20.0.105 - - [13/Jun/2026:08:34:29 +0000] "PUT /d1/264/AUTH_88ae32f2c8204458beb5922823236026/gnocchi.1c8ac7b8-b2a4-477b-a46d-de8f76cb926c/none_v3" 201 - "PUT http://172.18.0.157:8080/v1/AUTH_88ae32f2c8204458beb5922823236026/gnocchi.1c8ac7b8-b2a4-477b-a46d-de8f76cb926c/none_v3" "tx28cbb75b93eb4a818d529-006a2d1615" "proxy-server 20" 0.0390 "-" 22 0
Jun 13 08:34:29 np0000072643 object-server[121067]: 172.20.0.104 - - [13/Jun/2026:08:34:29 +0000] "PUT /d1/476/AUTH_88ae32f2c8204458beb5922823236026/gnocchi.ba2754ce-c679-4af1-9b5b-7caf60ee5a7c/none_v3" 201 - "PUT http://172.18.0.157:8080/v1/AUTH_88ae32f2c8204458beb5922823236026/gnocchi.ba2754ce-c679-4af1-9b5b-7caf60ee5a7c/none_v3" "txb8ff0e87c02040f78eb5b-006a2d1615" "proxy-server 20" 0.0163 "-" 16 0
Jun 13 08:34:29 np0000072643 proxy-server[122491]: 172.18.0.157 172.18.0.104 13/Jun/2026/08/34/29 PUT /v1/AUTH_88ae32f2c8204458beb5922823236026/gnocchi.1c8ac7b8-b2a4-477b-a46d-de8f76cb926c/none_v3 HTTP/1.0 201 - python-swiftclient-3.11.1 gAAAAABqLRV-REV4... 22 - - tx28cbb75b93eb4a818d529-006a2d1615 - 0.0496 - - 1781339669.524689198 1781339669.574291468 0
Jun 13 08:34:29 np0000072643 container-server[120706]: 172.20.0.103 - - [13/Jun/2026:08:34:29 +0000] "HEAD /d1/679/AUTH_88ae32f2c8204458beb5922823236026/gnocchi.ddb99d94-e52f-4b2c-a4be-a6113ad66107" 404 - "HEAD http://172.18.0.157:8080/v1/AUTH_88ae32f2c8204458beb5922823236026/gnocchi.ddb99d94-e52f-4b2c-a4be-a6113ad66107?format=json&states=listing" "tx4f2e2d945f5c461080ec1-006a2d1615" "proxy-server 20" 0.0005 "-" 17 0
Jun 13 08:34:29 np0000072643 container-server[120706]: 172.20.0.104 - - [13/Jun/2026:08:34:29 +0000] "HEAD /d1/333/AUTH_88ae32f2c8204458beb5922823236026/gnocchi.7bc840a1-2b21-4e53-915f-00bc6707220c" 404 - "HEAD http://172.18.0.157:8080/v1/AUTH_88ae32f2c8204458beb5922823236026/gnocchi.7bc840a1-2b21-4e53-915f-00bc6707220c?format=json&states=listing" "txd55510519ed74fae9ad46-006a2d1615" "proxy-server 20" 0.0005 "-" 17 0
Jun 13 08:34:29 np0000072643 container-server[120695]: 172.20.0.105 - - [13/Jun/2026:08:34:29 +0000] "HEAD /d1/582/AUTH_88ae32f2c8204458beb5922823236026/gnocchi.4c4a45f2-5abf-4c71-bbab-a40d598be05f" 404 - "HEAD http://172.18.0.157:8080/v1/AUTH_88ae32f2c8204458beb5922823236026/gnocchi.4c4a45f2-5abf-4c71-bbab-a40d598be05f?format=json&states=listing" "tx9f0efbc4bc254e3d8801b-006a2d1615" "proxy-server 20" 0.0004 "-" 16 0
Jun 13 08:34:29 np0000072643 object-server[121075]: 172.20.0.103 - - [13/Jun/2026:08:34:29 +0000] "GET /d1/305/AUTH_88ae32f2c8204458beb5922823236026/gnocchi.ddb99d94-e52f-4b2c-a4be-a6113ad66107/none_v3" 404 70 "GET http://172.18.0.157:8080/v1/AUTH_88ae32f2c8204458beb5922823236026/gnocchi.ddb99d94-e52f-4b2c-a4be-a6113ad66107/none_v3" "tx4f2e2d945f5c461080ec1-006a2d1615" "proxy-server 20" 0.0004 "-" 20 0
Jun 13 08:34:29 np0000072643 object-server[121075]: 172.20.0.104 - - [13/Jun/2026:08:34:29 +0000] "GET /d1/769/AUTH_88ae32f2c8204458beb5922823236026/gnocchi.7bc840a1-2b21-4e53-915f-00bc6707220c/none_v3" 404 70 "GET http://172.18.0.157:8080/v1/AUTH_88ae32f2c8204458beb5922823236026/gnocchi.7bc840a1-2b21-4e53-915f-00bc6707220c/none_v3" "txd55510519ed74fae9ad46-006a2d1615" "proxy-server 20" 0.0004 "-" 20 0
Jun 13 08:34:29 np0000072643 object-server[121082]: 172.20.0.105 - - [13/Jun/2026:08:34:29 +0000] "GET /d1/824/AUTH_88ae32f2c8204458beb5922823236026/gnocchi.4c4a45f2-5abf-4c71-bbab-a40d598be05f/none_v3" 404 70 "GET http://172.18.0.157:8080/v1/AUTH_88ae32f2c8204458beb5922823236026/gnocchi.4c4a45f2-5abf-4c71-bbab-a40d598be05f/none_v3" "tx9f0efbc4bc254e3d8801b-006a2d1615" "proxy-server 20" 0.0005 "-" 22 0
Jun 13 08:34:29 np0000072643 proxy-server[122491]: 172.18.0.157 172.18.0.104 13/Jun/2026/08/34/29 GET /v1/AUTH_88ae32f2c8204458beb5922823236026/gnocchi.4c4a45f2-5abf-4c71-bbab-a40d598be05f/none_v3 HTTP/1.0 404 - python-swiftclient-3.11.1 gAAAAABqLRV-REV4... - 70 - tx9f0efbc4bc254e3d8801b-006a2d1615 - 0.0298 - - 1781339669.628489494 1781339669.658257484 0
Jun 13 08:34:29 np0000072643 account-server[120261]: 172.20.0.104 - - [13/Jun/2026:08:34:29 +0000] "PUT /d1/953/AUTH_88ae32f2c8204458beb5922823236026/gnocchi.ddb99d94-e52f-4b2c-a4be-a6113ad66107" 201 - "PUT http://172.20.0.104:6001/d1/679/AUTH_88ae32f2c8204458beb5922823236026/gnocchi.ddb99d94-e52f-4b2c-a4be-a6113ad66107" "tx83eb003fcafd45faae0ab-006a2d1615" "container-server 18" 0.0063 "-" 21 0
Jun 13 08:34:29 np0000072643 container-server[120706]: 172.20.0.103 - - [13/Jun/2026:08:34:29 +0000] "PUT /d1/679/AUTH_88ae32f2c8204458beb5922823236026/gnocchi.ddb99d94-e52f-4b2c-a4be-a6113ad66107" 201 - "PUT http://172.18.0.157:8080/v1/AUTH_88ae32f2c8204458beb5922823236026/gnocchi.ddb99d94-e52f-4b2c-a4be-a6113ad66107" "tx83eb003fcafd45faae0ab-006a2d1615" "proxy-server 20" 0.0311 "-" 17 0
Jun 13 08:34:29 np0000072643 account-server[120257]: 172.20.0.105 - - [13/Jun/2026:08:34:29 +0000] "PUT /d1/953/AUTH_88ae32f2c8204458beb5922823236026/gnocchi.4c4a45f2-5abf-4c71-bbab-a40d598be05f" 201 - "PUT http://172.20.0.105:6001/d1/582/AUTH_88ae32f2c8204458beb5922823236026/gnocchi.4c4a45f2-5abf-4c71-bbab-a40d598be05f" "txfffd2c027ef74c659b0cc-006a2d1615" "container-server 16" 0.0045 "-" 20 0
Jun 13 08:34:29 np0000072643 container-server[120695]: 172.20.0.105 - - [13/Jun/2026:08:34:29 +0000] "PUT /d1/582/AUTH_88ae32f2c8204458beb5922823236026/gnocchi.4c4a45f2-5abf-4c71-bbab-a40d598be05f" 201 - "PUT http://172.18.0.157:8080/v1/AUTH_88ae32f2c8204458beb5922823236026/gnocchi.4c4a45f2-5abf-4c71-bbab-a40d598be05f" "txfffd2c027ef74c659b0cc-006a2d1615" "proxy-server 20" 0.0182 "-" 16 0
Jun 13 08:34:29 np0000072643 container-server[120689]: 172.20.0.104 - - [13/Jun/2026:08:34:29 +0000] "PUT /d1/333/AUTH_88ae32f2c8204458beb5922823236026/gnocchi.7bc840a1-2b21-4e53-915f-00bc6707220c" 201 - "PUT http://172.18.0.157:8080/v1/AUTH_88ae32f2c8204458beb5922823236026/gnocchi.7bc840a1-2b21-4e53-915f-00bc6707220c" "txbb3dbcae04b24792a5692-006a2d1615" "proxy-server 20" 0.0263 "-" 14 0
Jun 13 08:34:29 np0000072643 account-server[120261]: 172.20.0.103 - - [13/Jun/2026:08:34:29 +0000] "PUT /d1/953/AUTH_88ae32f2c8204458beb5922823236026/gnocchi.7bc840a1-2b21-4e53-915f-00bc6707220c" 201 - "PUT http://172.20.0.103:6001/d1/333/AUTH_88ae32f2c8204458beb5922823236026/gnocchi.7bc840a1-2b21-4e53-915f-00bc6707220c" "txbb3dbcae04b24792a5692-006a2d1615" "container-server 20" 0.0052 "-" 21 0
Jun 13 08:34:29 np0000072643 proxy-server[122491]: 172.18.0.157 172.18.0.104 13/Jun/2026/08/34/29 PUT /v1/AUTH_88ae32f2c8204458beb5922823236026/gnocchi.4c4a45f2-5abf-4c71-bbab-a40d598be05f HTTP/1.0 201 - python-swiftclient-3.11.1 gAAAAABqLRV-REV4... - - - txfffd2c027ef74c659b0cc-006a2d1615 - 0.0288 - - 1781339669.664620399 1781339669.693390608 0
Jun 13 08:34:29 np0000072643 container-server[120706]: 172.20.0.103 - - [13/Jun/2026:08:34:29 +0000] "GET /d1/679/AUTH_88ae32f2c8204458beb5922823236026/gnocchi.ddb99d94-e52f-4b2c-a4be-a6113ad66107" 200 2 "GET http://172.18.0.157:8080/v1/AUTH_88ae32f2c8204458beb5922823236026/gnocchi.ddb99d94-e52f-4b2c-a4be-a6113ad66107?format=json&states=listing" "tx7991c56be991431fbfb1d-006a2d1615" "proxy-server 20" 0.0022 "-" 17 0
Jun 13 08:34:29 np0000072643 proxy-server[122491]: - - 13/Jun/2026/08/34/29 HEAD /v1/AUTH_88ae32f2c8204458beb5922823236026/gnocchi.4c4a45f2-5abf-4c71-bbab-a40d598be05f%3Fformat%3Djson%26states%3Dlisting HTTP/1.0 204 - Swift - - - - tx7129e54a276e48b4843b7-006a2d1615 - 0.0045 RL - 1781339669.701512098 1781339669.705995083 0
Jun 13 08:34:29 np0000072643 container-server[120694]: 172.20.0.105 - - [13/Jun/2026:08:34:29 +0000] "GET /d1/582/AUTH_88ae32f2c8204458beb5922823236026/gnocchi.4c4a45f2-5abf-4c71-bbab-a40d598be05f" 200 2 "GET http://172.18.0.157:8080/v1/AUTH_88ae32f2c8204458beb5922823236026/gnocchi.4c4a45f2-5abf-4c71-bbab-a40d598be05f?format=json&states=listing" "tx7129e54a276e48b4843b7-006a2d1615" "proxy-server 20" 0.0020 "-" 15 0
Jun 13 08:34:29 np0000072643 proxy-server[122491]: 172.18.0.157 172.18.0.104 13/Jun/2026/08/34/29 GET /v1/AUTH_88ae32f2c8204458beb5922823236026/gnocchi.4c4a45f2-5abf-4c71-bbab-a40d598be05f%3Fformat%3Djson%26states%3Dlisting HTTP/1.0 200 - python-swiftclient-3.11.1 gAAAAABqLRV-REV4... - 2 - tx7129e54a276e48b4843b7-006a2d1615 - 0.0137 - - 1781339669.699980974 1781339669.713671207 0
Jun 13 08:34:29 np0000072643 object-server[121082]: 172.20.0.103 - - [13/Jun/2026:08:34:29 +0000] "GET /d1/207/AUTH_88ae32f2c8204458beb5922823236026/gnocchi.ddb99d94-e52f-4b2c-a4be-a6113ad66107/1780920000.0_mean_300.0_v3" 404 70 "GET http://172.18.0.157:8080/v1/AUTH_88ae32f2c8204458beb5922823236026/gnocchi.ddb99d94-e52f-4b2c-a4be-a6113ad66107/1780920000.0_mean_300.0_v3" "txc238a3d58c9d4f649c8ab-006a2d1615" "proxy-server 20" 0.0004 "-" 22 0
Jun 13 08:34:29 np0000072643 object-server[121079]: 172.20.0.104 - - [13/Jun/2026:08:34:29 +0000] "GET /d1/310/AUTH_88ae32f2c8204458beb5922823236026/gnocchi.7bc840a1-2b21-4e53-915f-00bc6707220c/1780920000.0_mean_300.0_v3" 404 70 "GET http://172.18.0.157:8080/v1/AUTH_88ae32f2c8204458beb5922823236026/gnocchi.7bc840a1-2b21-4e53-915f-00bc6707220c/1780920000.0_mean_300.0_v3" "tx84d66e3c2e23419a85e5c-006a2d1615" "proxy-server 20" 0.0014 "-" 21 0
Jun 13 08:34:29 np0000072643 object-server[121075]: 172.20.0.105 - - [13/Jun/2026:08:34:29 +0000] "GET /d1/865/AUTH_88ae32f2c8204458beb5922823236026/gnocchi.4c4a45f2-5abf-4c71-bbab-a40d598be05f/1780920000.0_mean_300.0_v3" 404 70 "GET http://172.18.0.157:8080/v1/AUTH_88ae32f2c8204458beb5922823236026/gnocchi.4c4a45f2-5abf-4c71-bbab-a40d598be05f/1780920000.0_mean_300.0_v3" "tx120d9bf9fb424bc78d884-006a2d1615" "proxy-server 20" 0.0004 "-" 20 0
Jun 13 08:34:29 np0000072643 proxy-server[122491]: 172.18.0.157 172.18.0.104 13/Jun/2026/08/34/29 GET /v1/AUTH_88ae32f2c8204458beb5922823236026/gnocchi.4c4a45f2-5abf-4c71-bbab-a40d598be05f/1780920000.0_mean_300.0_v3 HTTP/1.0 404 - python-swiftclient-3.11.1 gAAAAABqLRV-REV4... - 70 - tx120d9bf9fb424bc78d884-006a2d1615 - 0.0196 - - 1781339669.718935966 1781339669.738522053 0
Jun 13 08:34:29 np0000072643 container-server[120695]: 172.20.0.104 - - [13/Jun/2026:08:34:29 +0000] "PUT /d1/679/AUTH_88ae32f2c8204458beb5922823236026/gnocchi.ddb99d94-e52f-4b2c-a4be-a6113ad66107/1780920000.0_mean_300.0_v3" 201 - "PUT http://172.18.0.157:8080/d1/207/AUTH_88ae32f2c8204458beb5922823236026/gnocchi.ddb99d94-e52f-4b2c-a4be-a6113ad66107/1780920000.0_mean_300.0_v3" "txbdd6d0c7a2be4fa4a132a-006a2d1615" "object-server 23" 0.0007 "-" 16 0
Jun 13 08:34:29 np0000072643 object-server[121075]: 172.20.0.103 - - [13/Jun/2026:08:34:29 +0000] "PUT /d1/207/AUTH_88ae32f2c8204458beb5922823236026/gnocchi.ddb99d94-e52f-4b2c-a4be-a6113ad66107/1780920000.0_mean_300.0_v3" 201 - "PUT http://172.18.0.157:8080/v1/AUTH_88ae32f2c8204458beb5922823236026/gnocchi.ddb99d94-e52f-4b2c-a4be-a6113ad66107/1780920000.0_mean_300.0_v3" "txbdd6d0c7a2be4fa4a132a-006a2d1615" "proxy-server 20" 0.0221 "-" 20 0
Jun 13 08:34:29 np0000072643 container-server[120706]: 172.20.0.104 - - [13/Jun/2026:08:34:29 +0000] "PUT /d1/582/AUTH_88ae32f2c8204458beb5922823236026/gnocchi.4c4a45f2-5abf-4c71-bbab-a40d598be05f/1780920000.0_mean_300.0_v3" 201 - "PUT http://172.18.0.157:8080/d1/865/AUTH_88ae32f2c8204458beb5922823236026/gnocchi.4c4a45f2-5abf-4c71-bbab-a40d598be05f/1780920000.0_mean_300.0_v3" "tx904284e6409341d796992-006a2d1615" "object-server 22" 0.0007 "-" 17 0
Jun 13 08:34:29 np0000072643 container-server[120706]: 172.20.0.105 - - [13/Jun/2026:08:34:29 +0000] "PUT /d1/333/AUTH_88ae32f2c8204458beb5922823236026/gnocchi.7bc840a1-2b21-4e53-915f-00bc6707220c/1780920000.0_mean_300.0_v3" 201 - "PUT http://172.18.0.157:8080/d1/310/AUTH_88ae32f2c8204458beb5922823236026/gnocchi.7bc840a1-2b21-4e53-915f-00bc6707220c/1780920000.0_mean_300.0_v3" "txeb9df8ecc87243bfa85a1-006a2d1615" "object-server 22" 0.0003 "-" 17 0
Jun 13 08:34:29 np0000072643 container-server[120706]: 172.20.0.103 - - [13/Jun/2026:08:34:29 +0000] "PUT /d1/679/AUTH_88ae32f2c8204458beb5922823236026/gnocchi.ddb99d94-e52f-4b2c-a4be-a6113ad66107/none_v3" 201 - "PUT http://172.18.0.157:8080/d1/305/AUTH_88ae32f2c8204458beb5922823236026/gnocchi.ddb99d94-e52f-4b2c-a4be-a6113ad66107/none_v3" "txdb92a210d8a64bf48714f-006a2d1615" "object-server 24" 0.0004 "-" 17 0
Jun 13 08:34:29 np0000072643 object-server[121082]: 172.20.0.105 - - [13/Jun/2026:08:34:29 +0000] "PUT /d1/865/AUTH_88ae32f2c8204458beb5922823236026/gnocchi.4c4a45f2-5abf-4c71-bbab-a40d598be05f/1780920000.0_mean_300.0_v3" 201 - "PUT http://172.18.0.157:8080/v1/AUTH_88ae32f2c8204458beb5922823236026/gnocchi.4c4a45f2-5abf-4c71-bbab-a40d598be05f/1780920000.0_mean_300.0_v3" "tx904284e6409341d796992-006a2d1615" "proxy-server 20" 0.0494 "-" 22 0
Jun 13 08:34:29 np0000072643 object-server[121082]: 172.20.0.104 - - [13/Jun/2026:08:34:29 +0000] "PUT /d1/310/AUTH_88ae32f2c8204458beb5922823236026/gnocchi.7bc840a1-2b21-4e53-915f-00bc6707220c/1780920000.0_mean_300.0_v3" 201 - "PUT http://172.18.0.157:8080/v1/AUTH_88ae32f2c8204458beb5922823236026/gnocchi.7bc840a1-2b21-4e53-915f-00bc6707220c/1780920000.0_mean_300.0_v3" "txeb9df8ecc87243bfa85a1-006a2d1615" "proxy-server 20" 0.0445 "-" 22 0
Jun 13 08:34:29 np0000072643 proxy-server[122491]: 172.18.0.157 172.18.0.104 13/Jun/2026/08/34/29 PUT /v1/AUTH_88ae32f2c8204458beb5922823236026/gnocchi.4c4a45f2-5abf-4c71-bbab-a40d598be05f/1780920000.0_mean_300.0_v3 HTTP/1.0 201 - python-swiftclient-3.11.1 gAAAAABqLRV-REV4... 16 - - tx904284e6409341d796992-006a2d1615 - 0.0582 - - 1781339669.743553877 1781339669.801748991 0
Jun 13 08:34:29 np0000072643 object-server[121079]: 172.20.0.103 - - [13/Jun/2026:08:34:29 +0000] "PUT /d1/305/AUTH_88ae32f2c8204458beb5922823236026/gnocchi.ddb99d94-e52f-4b2c-a4be-a6113ad66107/none_v3" 201 - "PUT http://172.18.0.157:8080/v1/AUTH_88ae32f2c8204458beb5922823236026/gnocchi.ddb99d94-e52f-4b2c-a4be-a6113ad66107/none_v3" "txdb92a210d8a64bf48714f-006a2d1615" "proxy-server 20" 0.0271 "-" 21 0
Jun 13 08:34:29 np0000072643 object-server[121079]: 172.20.0.104 - - [13/Jun/2026:08:34:29 +0000] "PUT /d1/769/AUTH_88ae32f2c8204458beb5922823236026/gnocchi.7bc840a1-2b21-4e53-915f-00bc6707220c/none_v3" 201 - "PUT http://172.18.0.157:8080/v1/AUTH_88ae32f2c8204458beb5922823236026/gnocchi.7bc840a1-2b21-4e53-915f-00bc6707220c/none_v3" "tx9feb50e00e0c4c8ba757c-006a2d1615" "proxy-server 20" 0.0115 "-" 21 0
Jun 13 08:34:29 np0000072643 container-server[120695]: 172.20.0.103 - - [13/Jun/2026:08:34:29 +0000] "PUT /d1/333/AUTH_88ae32f2c8204458beb5922823236026/gnocchi.7bc840a1-2b21-4e53-915f-00bc6707220c/none_v3" 201 - "PUT http://172.18.0.157:8080/d1/769/AUTH_88ae32f2c8204458beb5922823236026/gnocchi.7bc840a1-2b21-4e53-915f-00bc6707220c/none_v3" "tx9feb50e00e0c4c8ba757c-006a2d1615" "object-server 22" 0.0016 "-" 16 0
Jun 13 08:34:29 np0000072643 object-server[121067]: 172.20.0.105 - - [13/Jun/2026:08:34:29 +0000] "PUT /d1/824/AUTH_88ae32f2c8204458beb5922823236026/gnocchi.4c4a45f2-5abf-4c71-bbab-a40d598be05f/none_v3" 201 - "PUT http://172.18.0.157:8080/v1/AUTH_88ae32f2c8204458beb5922823236026/gnocchi.4c4a45f2-5abf-4c71-bbab-a40d598be05f/none_v3" "tx2309fe78b7394c04bb8bb-006a2d1615" "proxy-server 20" 0.0146 "-" 16 0
Jun 13 08:34:29 np0000072643 container-server[120706]: 172.20.0.104 - - [13/Jun/2026:08:34:29 +0000] "PUT /d1/582/AUTH_88ae32f2c8204458beb5922823236026/gnocchi.4c4a45f2-5abf-4c71-bbab-a40d598be05f/none_v3" 201 - "PUT http://172.18.0.157:8080/d1/824/AUTH_88ae32f2c8204458beb5922823236026/gnocchi.4c4a45f2-5abf-4c71-bbab-a40d598be05f/none_v3" "tx2309fe78b7394c04bb8bb-006a2d1615" "object-server 23" 0.0006 "-" 17 0
Jun 13 08:34:29 np0000072643 proxy-server[122491]: 172.18.0.157 172.18.0.104 13/Jun/2026/08/34/29 PUT /v1/AUTH_88ae32f2c8204458beb5922823236026/gnocchi.4c4a45f2-5abf-4c71-bbab-a40d598be05f/none_v3 HTTP/1.0 201 - python-swiftclient-3.11.1 gAAAAABqLRV-REV4... 22 - - tx2309fe78b7394c04bb8bb-006a2d1615 - 0.0284 - - 1781339669.808288574 1781339669.836691380 0
Jun 13 08:34:29 np0000072643 container-server[120695]: 172.20.0.103 - - [13/Jun/2026:08:34:29 +0000] "HEAD /d1/884/AUTH_88ae32f2c8204458beb5922823236026/gnocchi.9effecb2-f7e5-4f9d-a23e-1378be07bbd4" 404 - "HEAD http://172.18.0.157:8080/v1/AUTH_88ae32f2c8204458beb5922823236026/gnocchi.9effecb2-f7e5-4f9d-a23e-1378be07bbd4?format=json&states=listing" "txda0174e866854bda8f0e9-006a2d1615" "proxy-server 20" 0.0009 "-" 16 0
Jun 13 08:34:29 np0000072643 object-server[121067]: 172.20.0.103 - - [13/Jun/2026:08:34:29 +0000] "GET /d1/491/AUTH_88ae32f2c8204458beb5922823236026/gnocchi.9effecb2-f7e5-4f9d-a23e-1378be07bbd4/none_v3" 404 70 "GET http://172.18.0.157:8080/v1/AUTH_88ae32f2c8204458beb5922823236026/gnocchi.9effecb2-f7e5-4f9d-a23e-1378be07bbd4/none_v3" "txda0174e866854bda8f0e9-006a2d1615" "proxy-server 20" 0.0004 "-" 16 0
Jun 13 08:34:29 np0000072643 container-server[120706]: 172.20.0.104 - - [13/Jun/2026:08:34:29 +0000] "HEAD /d1/25/AUTH_88ae32f2c8204458beb5922823236026/gnocchi.5d9fec3a-afff-43be-8090-f7c93982f0a8" 404 - "HEAD http://172.18.0.157:8080/v1/AUTH_88ae32f2c8204458beb5922823236026/gnocchi.5d9fec3a-afff-43be-8090-f7c93982f0a8?format=json&states=listing" "tx625a669076d84ffaba9ae-006a2d1615" "proxy-server 20" 0.0006 "-" 17 0
Jun 13 08:34:29 np0000072643 object-server[121067]: 172.20.0.104 - - [13/Jun/2026:08:34:29 +0000] "GET /d1/987/AUTH_88ae32f2c8204458beb5922823236026/gnocchi.5d9fec3a-afff-43be-8090-f7c93982f0a8/none_v3" 404 70 "GET http://172.18.0.157:8080/v1/AUTH_88ae32f2c8204458beb5922823236026/gnocchi.5d9fec3a-afff-43be-8090-f7c93982f0a8/none_v3" "tx625a669076d84ffaba9ae-006a2d1615" "proxy-server 20" 0.0004 "-" 16 0
Jun 13 08:34:29 np0000072643 account-server[120261]: 172.20.0.103 - - [13/Jun/2026:08:34:29 +0000] "PUT /d1/953/AUTH_88ae32f2c8204458beb5922823236026/gnocchi.9effecb2-f7e5-4f9d-a23e-1378be07bbd4" 201 - "PUT http://172.20.0.103:6001/d1/884/AUTH_88ae32f2c8204458beb5922823236026/gnocchi.9effecb2-f7e5-4f9d-a23e-1378be07bbd4" "tx5a94f3404ca1491b8cf64-006a2d1615" "container-server 22" 0.0038 "-" 21 0
Jun 13 08:34:29 np0000072643 container-server[120689]: 172.20.0.105 - - [13/Jun/2026:08:34:29 +0000] "PUT /d1/884/AUTH_88ae32f2c8204458beb5922823236026/gnocchi.9effecb2-f7e5-4f9d-a23e-1378be07bbd4" 201 - "PUT http://172.18.0.157:8080/v1/AUTH_88ae32f2c8204458beb5922823236026/gnocchi.9effecb2-f7e5-4f9d-a23e-1378be07bbd4" "tx5a94f3404ca1491b8cf64-006a2d1615" "proxy-server 20" 0.0203 "-" 14 0
Jun 13 08:34:29 np0000072643 proxy-server[122491]: 172.18.0.103 172.18.0.104 13/Jun/2026/08/34/29 PUT /v1/AUTH_88ae32f2c8204458beb5922823236026/gnocchi.9effecb2-f7e5-4f9d-a23e-1378be07bbd4 HTTP/1.0 201 - python-swiftclient-3.11.1 gAAAAABqLRXF7NW_... - - - tx5a94f3404ca1491b8cf64-006a2d1615 - 0.0325 - - 1781339669.864531994 1781339669.897011518 0
Jun 13 08:34:29 np0000072643 account-server[120257]: 172.20.0.104 - - [13/Jun/2026:08:34:29 +0000] "PUT /d1/953/AUTH_88ae32f2c8204458beb5922823236026/gnocchi.5d9fec3a-afff-43be-8090-f7c93982f0a8" 201 - "PUT http://172.20.0.104:6001/d1/25/AUTH_88ae32f2c8204458beb5922823236026/gnocchi.5d9fec3a-afff-43be-8090-f7c93982f0a8" "txb750d65ff8ac4f73aa0ed-006a2d1615" "container-server 20" 0.0069 "-" 20 0
Jun 13 08:34:29 np0000072643 container-server[120695]: 172.20.0.103 - - [13/Jun/2026:08:34:29 +0000] "PUT /d1/25/AUTH_88ae32f2c8204458beb5922823236026/gnocchi.5d9fec3a-afff-43be-8090-f7c93982f0a8" 201 - "PUT http://172.18.0.157:8080/v1/AUTH_88ae32f2c8204458beb5922823236026/gnocchi.5d9fec3a-afff-43be-8090-f7c93982f0a8" "txb750d65ff8ac4f73aa0ed-006a2d1615" "proxy-server 20" 0.0178 "-" 16 0
Jun 13 08:34:29 np0000072643 container-server[120695]: 172.20.0.104 - - [13/Jun/2026:08:34:29 +0000] "GET /d1/884/AUTH_88ae32f2c8204458beb5922823236026/gnocchi.9effecb2-f7e5-4f9d-a23e-1378be07bbd4" 200 2 "GET http://172.18.0.157:8080/v1/AUTH_88ae32f2c8204458beb5922823236026/gnocchi.9effecb2-f7e5-4f9d-a23e-1378be07bbd4?format=json&states=listing" "tx1e9e5347f4fa48dea4692-006a2d1615" "proxy-server 20" 0.0040 "-" 16 0
Jun 13 08:34:29 np0000072643 proxy-server[122491]: - - 13/Jun/2026/08/34/29 HEAD /v1/AUTH_88ae32f2c8204458beb5922823236026/gnocchi.5d9fec3a-afff-43be-8090-f7c93982f0a8%3Fformat%3Djson%26states%3Dlisting HTTP/1.0 204 - Swift - - - - txdc2abcec9b0d415cad9ca-006a2d1615 - 0.0093 RL - 1781339669.927891016 1781339669.937215090 0
Jun 13 08:34:29 np0000072643 object-server[121079]: 172.20.0.103 - - [13/Jun/2026:08:34:29 +0000] "GET /d1/574/AUTH_88ae32f2c8204458beb5922823236026/gnocchi.9effecb2-f7e5-4f9d-a23e-1378be07bbd4/1780920000.0_mean_300.0_v3" 404 70 "GET http://172.18.0.157:8080/v1/AUTH_88ae32f2c8204458beb5922823236026/gnocchi.9effecb2-f7e5-4f9d-a23e-1378be07bbd4/1780920000.0_mean_300.0_v3" "tx2eefea0bb16b490b97b8f-006a2d1615" "proxy-server 20" 0.0004 "-" 21 0
Jun 13 08:34:29 np0000072643 proxy-server[122491]: 172.18.0.105 172.18.0.104 13/Jun/2026/08/34/29 GET /v1/AUTH_88ae32f2c8204458beb5922823236026/gnocchi.5d9fec3a-afff-43be-8090-f7c93982f0a8%3Fformat%3Djson%26states%3Dlisting HTTP/1.0 200 - python-swiftclient-3.11.1 gAAAAABqLRW9KbrP... - 2 - txdc2abcec9b0d415cad9ca-006a2d1615 - 0.0294 - - 1781339669.924226522 1781339669.953671932 0
Jun 13 08:34:29 np0000072643 object-server[121075]: 172.20.0.103 - - [13/Jun/2026:08:34:29 +0000] "GET /d1/915/AUTH_88ae32f2c8204458beb5922823236026/gnocchi.5d9fec3a-afff-43be-8090-f7c93982f0a8/1780920000.0_mean_300.0_v3" 404 70 "GET http://172.18.0.157:8080/v1/AUTH_88ae32f2c8204458beb5922823236026/gnocchi.5d9fec3a-afff-43be-8090-f7c93982f0a8/1780920000.0_mean_300.0_v3" "txf9b40234461a47e5a5c84-006a2d1615" "proxy-server 20" 0.0004 "-" 20 0
Jun 13 08:34:29 np0000072643 container-server[120689]: 172.20.0.104 - - [13/Jun/2026:08:34:29 +0000] "PUT /d1/884/AUTH_88ae32f2c8204458beb5922823236026/gnocchi.9effecb2-f7e5-4f9d-a23e-1378be07bbd4/1780920000.0_mean_300.0_v3" 201 - "PUT http://172.18.0.157:8080/d1/574/AUTH_88ae32f2c8204458beb5922823236026/gnocchi.9effecb2-f7e5-4f9d-a23e-1378be07bbd4/1780920000.0_mean_300.0_v3" "txe6cecd939a6d4a1abf79a-006a2d1615" "object-server 25" 0.0017 "-" 14 0
Jun 13 08:34:29 np0000072643 object-server[121079]: 172.20.0.104 - - [13/Jun/2026:08:34:29 +0000] "PUT /d1/574/AUTH_88ae32f2c8204458beb5922823236026/gnocchi.9effecb2-f7e5-4f9d-a23e-1378be07bbd4/1780920000.0_mean_300.0_v3" 201 - "PUT http://172.18.0.157:8080/v1/AUTH_88ae32f2c8204458beb5922823236026/gnocchi.9effecb2-f7e5-4f9d-a23e-1378be07bbd4/1780920000.0_mean_300.0_v3" "txe6cecd939a6d4a1abf79a-006a2d1615" "proxy-server 20" 0.0145 "-" 21 0
Jun 13 08:34:29 np0000072643 container-server[120706]: 172.20.0.103 - - [13/Jun/2026:08:34:29 +0000] "PUT /d1/25/AUTH_88ae32f2c8204458beb5922823236026/gnocchi.5d9fec3a-afff-43be-8090-f7c93982f0a8/1780920000.0_mean_300.0_v3" 201 - "PUT http://172.18.0.157:8080/d1/915/AUTH_88ae32f2c8204458beb5922823236026/gnocchi.5d9fec3a-afff-43be-8090-f7c93982f0a8/1780920000.0_mean_300.0_v3" "tx019471adaa9b4e1a86db6-006a2d1615" "object-server 25" 0.0008 "-" 17 0
Jun 13 08:34:29 np0000072643 object-server[121075]: 172.20.0.105 - - [13/Jun/2026:08:34:29 +0000] "PUT /d1/915/AUTH_88ae32f2c8204458beb5922823236026/gnocchi.5d9fec3a-afff-43be-8090-f7c93982f0a8/1780920000.0_mean_300.0_v3" 201 - "PUT http://172.18.0.157:8080/v1/AUTH_88ae32f2c8204458beb5922823236026/gnocchi.5d9fec3a-afff-43be-8090-f7c93982f0a8/1780920000.0_mean_300.0_v3" "tx019471adaa9b4e1a86db6-006a2d1615" "proxy-server 20" 0.0116 "-" 20 0
Jun 13 08:34:29 np0000072643 proxy-server[122491]: 172.18.0.105 172.18.0.104 13/Jun/2026/08/34/29 PUT /v1/AUTH_88ae32f2c8204458beb5922823236026/gnocchi.5d9fec3a-afff-43be-8090-f7c93982f0a8/1780920000.0_mean_300.0_v3 HTTP/1.0 201 - python-swiftclient-3.11.1 gAAAAABqLRW9KbrP... 16 - - tx019471adaa9b4e1a86db6-006a2d1615 - 0.0186 - - 1781339669.977275372 1781339669.995920658 0
Jun 13 08:34:30 np0000072643 container-server[120695]: 172.20.0.103 - - [13/Jun/2026:08:34:30 +0000] "PUT /d1/884/AUTH_88ae32f2c8204458beb5922823236026/gnocchi.9effecb2-f7e5-4f9d-a23e-1378be07bbd4/none_v3" 201 - "PUT http://172.18.0.157:8080/d1/491/AUTH_88ae32f2c8204458beb5922823236026/gnocchi.9effecb2-f7e5-4f9d-a23e-1378be07bbd4/none_v3" "tx549463653ac64df6a6e06-006a2d1615" "object-server 22" 0.0008 "-" 16 0
Jun 13 08:34:30 np0000072643 object-server[121067]: 172.20.0.103 - - [13/Jun/2026:08:34:30 +0000] "PUT /d1/491/AUTH_88ae32f2c8204458beb5922823236026/gnocchi.9effecb2-f7e5-4f9d-a23e-1378be07bbd4/none_v3" 201 - "PUT http://172.18.0.157:8080/v1/AUTH_88ae32f2c8204458beb5922823236026/gnocchi.9effecb2-f7e5-4f9d-a23e-1378be07bbd4/none_v3" "tx549463653ac64df6a6e06-006a2d1615" "proxy-server 20" 0.0117 "-" 16 0
Jun 13 08:34:30 np0000072643 container-server[120706]: 172.20.0.103 - - [13/Jun/2026:08:34:30 +0000] "PUT /d1/25/AUTH_88ae32f2c8204458beb5922823236026/gnocchi.5d9fec3a-afff-43be-8090-f7c93982f0a8/none_v3" 201 - "PUT http://172.18.0.157:8080/d1/987/AUTH_88ae32f2c8204458beb5922823236026/gnocchi.5d9fec3a-afff-43be-8090-f7c93982f0a8/none_v3" "txce4fbcc3492742f3ab6e8-006a2d1616" "object-server 22" 0.0006 "-" 17 0
Jun 13 08:34:30 np0000072643 object-server[121075]: 172.20.0.104 - - [13/Jun/2026:08:34:30 +0000] "PUT /d1/987/AUTH_88ae32f2c8204458beb5922823236026/gnocchi.5d9fec3a-afff-43be-8090-f7c93982f0a8/none_v3" 201 - "PUT http://172.18.0.157:8080/v1/AUTH_88ae32f2c8204458beb5922823236026/gnocchi.5d9fec3a-afff-43be-8090-f7c93982f0a8/none_v3" "txce4fbcc3492742f3ab6e8-006a2d1616" "proxy-server 20" 0.0151 "-" 20 0
Jun 13 08:34:30 np0000072643 account-server[120026]: Beginning replication run
Jun 13 08:34:30 np0000072643 account-server[120026]: Replication run OVER
Jun 13 08:34:30 np0000072643 account-server[120026]: Attempted to replicate 1 dbs in 0.03583 seconds (27.90614/s)
Jun 13 08:34:30 np0000072643 account-server[120026]: Removed 0 dbs
Jun 13 08:34:30 np0000072643 account-server[120026]: 2 successes, 0 failures
Jun 13 08:34:30 np0000072643 account-server[120026]: diff:0 diff_capped:0 empty:0 hashmatch:0 no_change:2 remote_merge:0 rsync:0 ts_repl:0
Jun 13 08:34:46 np0000072643 object-server[120909]: Starting object replication pass.
Jun 13 08:34:47 np0000072643 object-server[120909]: 44/44 (100.00%) partitions replicated in 0.67s (65.63/sec, 0s remaining)
Jun 13 08:34:47 np0000072643 object-server[120909]: 88 successes, 0 failures
Jun 13 08:34:47 np0000072643 object-server[120909]: 44 suffixes checked - 18.18% hashed, 0.00% synced
Jun 13 08:34:47 np0000072643 object-server[120909]: Partition times: max 0.0454s, min 0.0073s, med 0.0102s
Jun 13 08:34:47 np0000072643 object-server[120909]: Object replication complete. (0.01 minutes)
Jun 13 08:34:49 np0000072643 object-server[221350]: Begin object audit "forever" mode (ZBF)
Jun 13 08:34:49 np0000072643 object-server[221350]: Object audit (ZBF). Since Sat Jun 13 08:34:49 2026: Locally: 1 passed, 0 quarantined, 0 errors, files/sec: 498.61, bytes/sec: 0.00, Total time: 0.00, Auditing time: 0.00, Rate: 0.00
Jun 13 08:34:49 np0000072643 object-server[221350]: Object audit (ZBF) "forever" mode completed: 0.84s. Total quarantined: 0, Total errors: 0, Total files/sec: 52.17, Total bytes/sec: 0.00, Auditing time: 0.83, Rate: 0.98
Jun 13 08:34:57 np0000072643 container-server[120337]: Beginning replication run
Jun 13 08:34:58 np0000072643 container-server[120337]: Replication run OVER
Jun 13 08:34:58 np0000072643 container-server[120337]: Attempted to replicate 22 dbs in 0.50996 seconds (43.14060/s)
Jun 13 08:34:58 np0000072643 container-server[120337]: Removed 0 dbs
Jun 13 08:34:58 np0000072643 container-server[120337]: 44 successes, 0 failures
Jun 13 08:34:58 np0000072643 container-server[120337]: diff:0 diff_capped:0 empty:0 hashmatch:0 no_change:44 remote_merge:0 rsync:0 ts_repl:0
Jun 13 08:35:00 np0000072643 account-server[120026]: Beginning replication run
Jun 13 08:35:00 np0000072643 account-server[120026]: Replication run OVER
Jun 13 08:35:00 np0000072643 account-server[120026]: Attempted to replicate 1 dbs in 0.01431 seconds (69.89642/s)
Jun 13 08:35:00 np0000072643 account-server[120026]: Removed 0 dbs
Jun 13 08:35:00 np0000072643 account-server[120026]: 2 successes, 0 failures
Jun 13 08:35:00 np0000072643 account-server[120026]: diff:0 diff_capped:0 empty:0 hashmatch:0 no_change:2 remote_merge:0 rsync:0 ts_repl:0
Jun 13 08:35:17 np0000072643 object-server[120909]: Starting object replication pass.
Jun 13 08:35:17 np0000072643 object-server[120909]: 44/44 (100.00%) partitions replicated in 0.46s (95.99/sec, 0s remaining)
Jun 13 08:35:17 np0000072643 object-server[120909]: 88 successes, 0 failures
Jun 13 08:35:17 np0000072643 object-server[120909]: 44 suffixes checked - 0.00% hashed, 0.00% synced
Jun 13 08:35:17 np0000072643 object-server[120909]: Partition times: max 0.0156s, min 0.0065s, med 0.0097s
Jun 13 08:35:17 np0000072643 object-server[120909]: Object replication complete. (0.01 minutes)
Jun 13 08:35:20 np0000072643 object-server[227371]: Begin object audit "forever" mode (ZBF)
Jun 13 08:35:20 np0000072643 object-server[227371]: Object audit (ZBF). Since Sat Jun 13 08:35:20 2026: Locally: 1 passed, 0 quarantined, 0 errors, files/sec: 687.70, bytes/sec: 0.00, Total time: 0.00, Auditing time: 0.00, Rate: 0.00
Jun 13 08:35:20 np0000072643 object-server[227372]: Begin object audit "forever" mode (ALL)
Jun 13 08:35:20 np0000072643 object-server[227372]: Object audit (ALL). Since Sat Jun 13 08:35:20 2026: Locally: 1 passed, 0 quarantined, 0 errors, files/sec: 150.94, bytes/sec: 2415.12, Total time: 0.01, Auditing time: 0.00, Rate: 0.00
Jun 13 08:35:20 np0000072643 object-server[227371]: Object audit (ZBF) "forever" mode completed: 0.84s. Total quarantined: 0, Total errors: 0, Total files/sec: 52.14, Total bytes/sec: 0.00, Auditing time: 0.83, Rate: 0.99
Jun 13 08:35:22 np0000072643 object-server[227372]: Object audit (ALL) "forever" mode completed: 2.11s. Total quarantined: 0, Total errors: 0, Total files/sec: 20.85, Total bytes/sec: 400.98, Auditing time: 2.10, Rate: 0.99
Jun 13 08:35:27 np0000072643 container-server[120337]: Beginning replication run
Jun 13 08:35:28 np0000072643 container-server[120337]: Replication run OVER
Jun 13 08:35:28 np0000072643 container-server[120337]: Attempted to replicate 22 dbs in 0.43065 seconds (51.08598/s)
Jun 13 08:35:28 np0000072643 container-server[120337]: Removed 0 dbs
Jun 13 08:35:28 np0000072643 container-server[120337]: 44 successes, 0 failures
Jun 13 08:35:28 np0000072643 container-server[120337]: diff:0 diff_capped:0 empty:0 hashmatch:0 no_change:44 remote_merge:0 rsync:0 ts_repl:0
Jun 13 08:35:30 np0000072643 account-server[120026]: Beginning replication run
Jun 13 08:35:30 np0000072643 account-server[120026]: Replication run OVER
Jun 13 08:35:30 np0000072643 account-server[120026]: Attempted to replicate 1 dbs in 0.01680 seconds (59.52371/s)
Jun 13 08:35:30 np0000072643 account-server[120026]: Removed 0 dbs
Jun 13 08:35:30 np0000072643 account-server[120026]: 2 successes, 0 failures
Jun 13 08:35:30 np0000072643 account-server[120026]: diff:0 diff_capped:0 empty:0 hashmatch:0 no_change:2 remote_merge:0 rsync:0 ts_repl:0
Jun 13 08:35:42 np0000072643 container-server[120595]: Begin container update sweep
Jun 13 08:35:42 np0000072643 account-server[120274]: 172.20.0.105 - - [13/Jun/2026:08:35:42 +0000] "PUT /d1/953/AUTH_88ae32f2c8204458beb5922823236026/gnocchi.4c4a45f2-5abf-4c71-bbab-a40d598be05f" 201 - "-" "-" "container-updater 2" 0.0014 "-" 22 0
Jun 13 08:35:42 np0000072643 account-server[120274]: 172.20.0.105 - - [13/Jun/2026:08:35:42 +0000] "PUT /d1/953/AUTH_88ae32f2c8204458beb5922823236026/gnocchi.5d9fec3a-afff-43be-8090-f7c93982f0a8" 201 - "-" "-" "container-updater 2" 0.0011 "-" 22 0
Jun 13 08:35:42 np0000072643 account-server[120277]: 172.20.0.105 - - [13/Jun/2026:08:35:42 +0000] "PUT /d1/953/AUTH_88ae32f2c8204458beb5922823236026/gnocchi.e1c795b2-0eb3-4c3f-90e0-885cd6449c6a" 201 - "-" "-" "container-updater 2" 0.0008 "-" 23 0
Jun 13 08:35:42 np0000072643 account-server[120274]: 172.20.0.105 - - [13/Jun/2026:08:35:42 +0000] "PUT /d1/953/AUTH_88ae32f2c8204458beb5922823236026/gnocchi.16488f8c-b4d9-48a1-8bdd-c128f2675fa0" 201 - "-" "-" "container-updater 2" 0.0007 "-" 22 0
Jun 13 08:35:42 np0000072643 account-server[120257]: 172.20.0.105 - - [13/Jun/2026:08:35:42 +0000] "PUT /d1/953/AUTH_88ae32f2c8204458beb5922823236026/gnocchi.9effecb2-f7e5-4f9d-a23e-1378be07bbd4" 201 - "-" "-" "container-updater 2" 0.0010 "-" 20 0
Jun 13 08:35:42 np0000072643 account-server[120274]: 172.20.0.105 - - [13/Jun/2026:08:35:42 +0000] "PUT /d1/953/AUTH_88ae32f2c8204458beb5922823236026/gnocchi.fd52dd80-d730-48ec-bdb1-310c92916bce" 201 - "-" "-" "container-updater 2" 0.0015 "-" 22 0
Jun 13 08:35:42 np0000072643 account-server[120257]: 172.20.0.105 - - [13/Jun/2026:08:35:42 +0000] "PUT /d1/953/AUTH_88ae32f2c8204458beb5922823236026/gnocchi.c39fffcf-1749-401d-849b-d23b5a9f5fcd" 201 - "-" "-" "container-updater 2" 0.0004 "-" 20 0
Jun 13 08:35:42 np0000072643 account-server[120261]: 172.20.0.105 - - [13/Jun/2026:08:35:42 +0000] "PUT /d1/953/AUTH_88ae32f2c8204458beb5922823236026/gnocchi.46b3007c-d10a-4334-83ba-39bee951cd43" 201 - "-" "-" "container-updater 2" 0.0009 "-" 21 0
Jun 13 08:35:43 np0000072643 account-server[120261]: 172.20.0.105 - - [13/Jun/2026:08:35:43 +0000] "PUT /d1/953/AUTH_88ae32f2c8204458beb5922823236026/gnocchi.764772c8-6eef-4bc0-ab31-48b64cda24a1" 201 - "-" "-" "container-updater 2" 0.0009 "-" 21 0
Jun 13 08:35:43 np0000072643 account-server[120277]: 172.20.0.105 - - [13/Jun/2026:08:35:43 +0000] "PUT /d1/953/AUTH_88ae32f2c8204458beb5922823236026/gnocchi.2adf911e-81c4-4a63-8433-7872c4562a3a" 201 - "-" "-" "container-updater 2" 0.0006 "-" 23 0
Jun 13 08:35:43 np0000072643 account-server[120277]: 172.20.0.105 - - [13/Jun/2026:08:35:43 +0000] "PUT /d1/953/AUTH_88ae32f2c8204458beb5922823236026/gnocchi.b1e3aebb-54c2-4838-bf78-34a7e54b5195" 201 - "-" "-" "container-updater 2" 0.0004 "-" 23 0
Jun 13 08:35:43 np0000072643 account-server[120277]: 172.20.0.105 - - [13/Jun/2026:08:35:43 +0000] "PUT /d1/953/AUTH_88ae32f2c8204458beb5922823236026/gnocchi.02fb4429-dd8a-44e9-8dc6-b6f02cc12874" 201 - "-" "-" "container-updater 2" 0.0005 "-" 23 0
Jun 13 08:35:43 np0000072643 account-server[120261]: 172.20.0.105 - - [13/Jun/2026:08:35:43 +0000] "PUT /d1/953/AUTH_88ae32f2c8204458beb5922823236026/gnocchi.20021faf-dd1f-4087-afe3-d543f7a348d5" 201 - "-" "-" "container-updater 2" 0.0007 "-" 21 0
Jun 13 08:35:43 np0000072643 account-server[120261]: 172.20.0.105 - - [13/Jun/2026:08:35:43 +0000] "PUT /d1/953/AUTH_88ae32f2c8204458beb5922823236026/gnocchi.1c8ac7b8-b2a4-477b-a46d-de8f76cb926c" 201 - "-" "-" "container-updater 2" 0.0008 "-" 21 0
Jun 13 08:35:43 np0000072643 account-server[120257]: 172.20.0.105 - - [13/Jun/2026:08:35:43 +0000] "PUT /d1/953/AUTH_88ae32f2c8204458beb5922823236026/gnocchi.f91430eb-81cc-471c-a4b8-01f5f8284d56" 201 - "-" "-" "container-updater 2" 0.0004 "-" 20 0
Jun 13 08:35:44 np0000072643 account-server[120277]: 172.20.0.105 - - [13/Jun/2026:08:35:44 +0000] "PUT /d1/953/AUTH_88ae32f2c8204458beb5922823236026/gnocchi.ddb99d94-e52f-4b2c-a4be-a6113ad66107" 201 - "-" "-" "container-updater 2" 0.0005 "-" 23 0
Jun 13 08:35:44 np0000072643 account-server[120274]: 172.20.0.105 - - [13/Jun/2026:08:35:44 +0000] "PUT /d1/953/AUTH_88ae32f2c8204458beb5922823236026/gnocchi.7bc840a1-2b21-4e53-915f-00bc6707220c" 201 - "-" "-" "container-updater 2" 0.0009 "-" 22 0
