Jun 13 08:29:45 np0000072643 object-server[120909]: Nothing replicated for 0.00397944450378418 seconds.
Jun 13 08:29:45 np0000072643 object-server[120909]: Object replication complete. (0.00 minutes)
Jun 13 08:29:46 np0000072643 object-server[194510]: Begin object audit "forever" mode (ZBF)
Jun 13 08:29:46 np0000072643 object-server[194510]: Object audit (ZBF) "forever" mode completed: 0.00s. Total quarantined: 0, Total errors: 0, Total files/sec: 0.00, Total bytes/sec: 0.00, Auditing time: 0.00, Rate: 0.00
Jun 13 08:29:46 np0000072643 object-server[194511]: Begin object audit "forever" mode (ALL)
Jun 13 08:29:46 np0000072643 object-server[194511]: Object audit (ALL) "forever" mode completed: 0.00s. Total quarantined: 0, Total errors: 0, Total files/sec: 0.00, Total bytes/sec: 0.00, Auditing time: 0.00, Rate: 0.00
Jun 13 08:29:57 np0000072643 container-server[120337]: Beginning replication run
Jun 13 08:29:57 np0000072643 container-server[120337]: Replication run OVER
Jun 13 08:29:57 np0000072643 container-server[120337]: Attempted to replicate 0 dbs in 0.00273 seconds (0.00000/s)
Jun 13 08:29:57 np0000072643 container-server[120337]: Removed 0 dbs
Jun 13 08:29:57 np0000072643 container-server[120337]: 0 successes, 0 failures
Jun 13 08:29:57 np0000072643 container-server[120337]: diff:0 diff_capped:0 empty:0 hashmatch:0 no_change:0 remote_merge:0 rsync:0 ts_repl:0
Jun 13 08:29:59 np0000072643 account-server[120026]: Beginning replication run
Jun 13 08:29:59 np0000072643 account-server[120026]: Replication run OVER
Jun 13 08:29:59 np0000072643 account-server[120026]: Attempted to replicate 0 dbs in 0.00104 seconds (0.00000/s)
Jun 13 08:29:59 np0000072643 account-server[120026]: Removed 0 dbs
Jun 13 08:29:59 np0000072643 account-server[120026]: 0 successes, 0 failures
Jun 13 08:29:59 np0000072643 account-server[120026]: diff:0 diff_capped:0 empty:0 hashmatch:0 no_change:0 remote_merge:0 rsync:0 ts_repl:0
Jun 13 08:30:15 np0000072643 object-server[120909]: Starting object replication pass.
Jun 13 08:30:15 np0000072643 object-server[120909]: Nothing replicated for 0.002820253372192383 seconds.
Jun 13 08:30:15 np0000072643 object-server[120909]: Object replication complete. (0.00 minutes)
Jun 13 08:30:17 np0000072643 object-server[197765]: Begin object audit "forever" mode (ZBF)
Jun 13 08:30:17 np0000072643 object-server[197765]: Object audit (ZBF) "forever" mode completed: 0.00s. Total quarantined: 0, Total errors: 0, Total files/sec: 0.00, Total bytes/sec: 0.00, Auditing time: 0.00, Rate: 0.00
Jun 13 08:30:17 np0000072643 object-server[197766]: Begin object audit "forever" mode (ALL)
Jun 13 08:30:17 np0000072643 object-server[197766]: Object audit (ALL) "forever" mode completed: 0.00s. Total quarantined: 0, Total errors: 0, Total files/sec: 0.00, Total bytes/sec: 0.00, Auditing time: 0.00, Rate: 0.00
Jun 13 08:30:27 np0000072643 container-server[120337]: Beginning replication run
Jun 13 08:30:27 np0000072643 container-server[120337]: Replication run OVER
Jun 13 08:30:27 np0000072643 container-server[120337]: Attempted to replicate 0 dbs in 0.00113 seconds (0.00000/s)
Jun 13 08:30:27 np0000072643 container-server[120337]: Removed 0 dbs
Jun 13 08:30:27 np0000072643 container-server[120337]: 0 successes, 0 failures
Jun 13 08:30:27 np0000072643 container-server[120337]: diff:0 diff_capped:0 empty:0 hashmatch:0 no_change:0 remote_merge:0 rsync:0 ts_repl:0
Jun 13 08:30:29 np0000072643 account-server[120026]: Beginning replication run
Jun 13 08:30:29 np0000072643 account-server[120026]: Replication run OVER
Jun 13 08:30:29 np0000072643 account-server[120026]: Attempted to replicate 0 dbs in 0.00142 seconds (0.00000/s)
Jun 13 08:30:29 np0000072643 account-server[120026]: Removed 0 dbs
Jun 13 08:30:29 np0000072643 account-server[120026]: 0 successes, 0 failures
Jun 13 08:30:29 np0000072643 account-server[120026]: diff:0 diff_capped:0 empty:0 hashmatch:0 no_change:0 remote_merge:0 rsync:0 ts_repl:0
Jun 13 08:30:42 np0000072643 container-server[120595]: Begin container update sweep
Jun 13 08:30:42 np0000072643 container-server[120595]: Container update sweep completed: 0.00s
Jun 13 08:30:45 np0000072643 object-server[120909]: Starting object replication pass.
Jun 13 08:30:45 np0000072643 object-server[120909]: Nothing replicated for 0.002520322799682617 seconds.
Jun 13 08:30:45 np0000072643 object-server[120909]: Object replication complete. (0.00 minutes)
Jun 13 08:30:47 np0000072643 object-server[200679]: Begin object audit "forever" mode (ZBF)
Jun 13 08:30:47 np0000072643 object-server[200680]: Begin object audit "forever" mode (ALL)
Jun 13 08:30:47 np0000072643 object-server[200679]: Object audit (ZBF) "forever" mode completed: 0.00s. Total quarantined: 0, Total errors: 0, Total files/sec: 0.00, Total bytes/sec: 0.00, Auditing time: 0.00, Rate: 0.00
Jun 13 08:30:47 np0000072643 object-server[200680]: Object audit (ALL) "forever" mode completed: 0.00s. Total quarantined: 0, Total errors: 0, Total files/sec: 0.00, Total bytes/sec: 0.00, Auditing time: 0.00, Rate: 0.00
Jun 13 08:30:57 np0000072643 container-server[120337]: Beginning replication run
Jun 13 08:30:57 np0000072643 container-server[120337]: Replication run OVER
Jun 13 08:30:57 np0000072643 container-server[120337]: Attempted to replicate 0 dbs in 0.00179 seconds (0.00000/s)
Jun 13 08:30:57 np0000072643 container-server[120337]: Removed 0 dbs
Jun 13 08:30:57 np0000072643 container-server[120337]: 0 successes, 0 failures
Jun 13 08:30:57 np0000072643 container-server[120337]: diff:0 diff_capped:0 empty:0 hashmatch:0 no_change:0 remote_merge:0 rsync:0 ts_repl:0
Jun 13 08:30:59 np0000072643 account-server[120026]: Beginning replication run
Jun 13 08:30:59 np0000072643 account-server[120026]: Replication run OVER
Jun 13 08:30:59 np0000072643 account-server[120026]: Attempted to replicate 0 dbs in 0.00194 seconds (0.00000/s)
Jun 13 08:30:59 np0000072643 account-server[120026]: Removed 0 dbs
Jun 13 08:30:59 np0000072643 account-server[120026]: 0 successes, 0 failures
Jun 13 08:30:59 np0000072643 account-server[120026]: diff:0 diff_capped:0 empty:0 hashmatch:0 no_change:0 remote_merge:0 rsync:0 ts_repl:0
Jun 13 08:31:06 np0000072643 account-server[120277]: 172.20.0.104 - - [13/Jun/2026:08:31:06 +0000] "HEAD /d1/335/.expiring_objects" 404 - "HEAD http://localhost/v1/.expiring_objects?format=json" "txd234e5cf7dc94a5da3b46-006a2d154a" "proxy-server 2" 0.0008 "-" 23 -
Jun 13 08:31:15 np0000072643 object-server[120909]: Starting object replication pass.
Jun 13 08:31:15 np0000072643 object-server[120909]: Nothing replicated for 0.00278472900390625 seconds.
Jun 13 08:31:15 np0000072643 object-server[120909]: Object replication complete. (0.00 minutes)
Jun 13 08:31:17 np0000072643 object-server[200681]: Begin object audit "forever" mode (ZBF)
Jun 13 08:31:17 np0000072643 object-server[200681]: Object audit (ZBF) "forever" mode completed: 0.00s. Total quarantined: 0, Total errors: 0, Total files/sec: 0.00, Total bytes/sec: 0.00, Auditing time: 0.00, Rate: 0.00
Jun 13 08:31:27 np0000072643 container-server[120337]: Beginning replication run
Jun 13 08:31:27 np0000072643 container-server[120337]: Replication run OVER
Jun 13 08:31:27 np0000072643 container-server[120337]: Attempted to replicate 0 dbs in 0.00128 seconds (0.00000/s)
Jun 13 08:31:27 np0000072643 container-server[120337]: Removed 0 dbs
Jun 13 08:31:27 np0000072643 container-server[120337]: 0 successes, 0 failures
Jun 13 08:31:27 np0000072643 container-server[120337]: diff:0 diff_capped:0 empty:0 hashmatch:0 no_change:0 remote_merge:0 rsync:0 ts_repl:0
Jun 13 08:31:29 np0000072643 account-server[120026]: Beginning replication run
Jun 13 08:31:29 np0000072643 account-server[120026]: Replication run OVER
Jun 13 08:31:29 np0000072643 account-server[120026]: Attempted to replicate 0 dbs in 0.00268 seconds (0.00000/s)
Jun 13 08:31:29 np0000072643 account-server[120026]: Removed 0 dbs
Jun 13 08:31:29 np0000072643 account-server[120026]: 0 successes, 0 failures
Jun 13 08:31:29 np0000072643 account-server[120026]: diff:0 diff_capped:0 empty:0 hashmatch:0 no_change:0 remote_merge:0 rsync:0 ts_repl:0
Jun 13 08:31:45 np0000072643 object-server[120909]: Starting object replication pass.
Jun 13 08:31:45 np0000072643 object-server[120909]: Nothing replicated for 0.004906892776489258 seconds.
Jun 13 08:31:45 np0000072643 object-server[120909]: Object replication complete. (0.00 minutes)
Jun 13 08:31:47 np0000072643 object-server[206390]: Begin object audit "forever" mode (ZBF)
Jun 13 08:31:47 np0000072643 object-server[206391]: Begin object audit "forever" mode (ALL)
Jun 13 08:31:47 np0000072643 object-server[206390]: Object audit (ZBF) "forever" mode completed: 0.00s. Total quarantined: 0, Total errors: 0, Total files/sec: 0.00, Total bytes/sec: 0.00, Auditing time: 0.00, Rate: 0.00
Jun 13 08:31:47 np0000072643 object-server[206391]: Object audit (ALL) "forever" mode completed: 0.00s. Total quarantined: 0, Total errors: 0, Total files/sec: 0.00, Total bytes/sec: 0.00, Auditing time: 0.00, Rate: 0.00
Jun 13 08:31:57 np0000072643 container-server[120337]: Beginning replication run
Jun 13 08:31:57 np0000072643 container-server[120337]: Replication run OVER
Jun 13 08:31:57 np0000072643 container-server[120337]: Attempted to replicate 0 dbs in 0.00261 seconds (0.00000/s)
Jun 13 08:31:57 np0000072643 container-server[120337]: Removed 0 dbs
Jun 13 08:31:57 np0000072643 container-server[120337]: 0 successes, 0 failures
Jun 13 08:31:57 np0000072643 container-server[120337]: diff:0 diff_capped:0 empty:0 hashmatch:0 no_change:0 remote_merge:0 rsync:0 ts_repl:0
Jun 13 08:31:58 np0000072643 account-server[120274]: 172.20.0.103 - - [13/Jun/2026:08:31:58 +0000] "HEAD /d1/953/AUTH_88ae32f2c8204458beb5922823236026" 404 - "HEAD http://172.18.0.157:8080/v1/AUTH_88ae32f2c8204458beb5922823236026?format=json" "tx662a3550142b401b95401-006a2d157e" "proxy-server 20" 0.0009 "-" 22 -
Jun 13 08:31:58 np0000072643 object-server[121067]: 172.20.0.103 - - [13/Jun/2026:08:31:58 +0000] "GET /d1/843/AUTH_88ae32f2c8204458beb5922823236026/gnocchi.b1e3aebb-54c2-4838-bf78-34a7e54b5195/none_v3" 404 70 "GET http://172.18.0.157:8080/v1/AUTH_88ae32f2c8204458beb5922823236026/gnocchi.b1e3aebb-54c2-4838-bf78-34a7e54b5195/none_v3" "tx662a3550142b401b95401-006a2d157e" "proxy-server 20" 0.0012 "-" 16 0
Jun 13 08:31:58 np0000072643 account-server[120257]: 172.20.0.104 - - [13/Jun/2026:08:31:58 +0000] "PUT /d1/953/AUTH_88ae32f2c8204458beb5922823236026" 201 - "-" "txc6b3dd9fdc61466ea7bd1-006a2d157e" "-" 0.0120 "-" 20 -
Jun 13 08:31:58 np0000072643 account-server[120274]: 172.20.0.104 - - [13/Jun/2026:08:31:58 +0000] "HEAD /d1/953/AUTH_88ae32f2c8204458beb5922823236026" 204 - "HEAD http://172.18.0.157:8080/v1/AUTH_88ae32f2c8204458beb5922823236026?format=json" "txc6b3dd9fdc61466ea7bd1-006a2d157e" "proxy-server 20" 0.0040 "-" 22 -
Jun 13 08:31:58 np0000072643 account-server[120261]: 172.20.0.103 - - [13/Jun/2026:08:31:58 +0000] "PUT /d1/953/AUTH_88ae32f2c8204458beb5922823236026/gnocchi.b1e3aebb-54c2-4838-bf78-34a7e54b5195" 201 - "PUT http://172.20.0.103:6001/d1/724/AUTH_88ae32f2c8204458beb5922823236026/gnocchi.b1e3aebb-54c2-4838-bf78-34a7e54b5195" "txc6b3dd9fdc61466ea7bd1-006a2d157e" "container-server 21" 0.0029 "-" 21 0
Jun 13 08:31:58 np0000072643 container-server[120694]: 172.20.0.104 - - [13/Jun/2026:08:31:58 +0000] "PUT /d1/724/AUTH_88ae32f2c8204458beb5922823236026/gnocchi.b1e3aebb-54c2-4838-bf78-34a7e54b5195" 201 - "PUT http://172.18.0.157:8080/v1/AUTH_88ae32f2c8204458beb5922823236026/gnocchi.b1e3aebb-54c2-4838-bf78-34a7e54b5195" "txc6b3dd9fdc61466ea7bd1-006a2d157e" "proxy-server 20" 0.0190 "-" 15 0
Jun 13 08:31:58 np0000072643 proxy-server[122491]: - - 13/Jun/2026/08/31/58 HEAD /v1/AUTH_88ae32f2c8204458beb5922823236026/gnocchi.b1e3aebb-54c2-4838-bf78-34a7e54b5195%3Fformat%3Djson%26states%3Dlisting HTTP/1.0 204 - Swift - - - - tx0ed8f14228324e6f95d5d-006a2d157e - 0.0080 RL - 1781339518.922593355 1781339518.930594921 0
Jun 13 08:31:58 np0000072643 container-server[120694]: 172.20.0.105 - - [13/Jun/2026:08:31:58 +0000] "GET /d1/724/AUTH_88ae32f2c8204458beb5922823236026/gnocchi.b1e3aebb-54c2-4838-bf78-34a7e54b5195" 200 2 "GET http://172.18.0.157:8080/v1/AUTH_88ae32f2c8204458beb5922823236026/gnocchi.b1e3aebb-54c2-4838-bf78-34a7e54b5195?format=json&states=listing" "tx0ed8f14228324e6f95d5d-006a2d157e" "proxy-server 20" 0.0026 "-" 15 0
Jun 13 08:31:58 np0000072643 proxy-server[122491]: 172.18.0.157 172.18.0.104 13/Jun/2026/08/31/58 GET /v1/AUTH_88ae32f2c8204458beb5922823236026/gnocchi.b1e3aebb-54c2-4838-bf78-34a7e54b5195%3Fformat%3Djson%26states%3Dlisting HTTP/1.0 200 - python-swiftclient-3.11.1 gAAAAABqLRV-REV4... - 2 - tx0ed8f14228324e6f95d5d-006a2d157e - 0.0247 - - 1781339518.918475866 1781339518.943209171 0
Jun 13 08:31:58 np0000072643 object-server[121075]: 172.20.0.103 - - [13/Jun/2026:08:31:58 +0000] "GET /d1/398/AUTH_88ae32f2c8204458beb5922823236026/gnocchi.b1e3aebb-54c2-4838-bf78-34a7e54b5195/1780920000.0_mean_300.0_v3" 404 70 "GET http://172.18.0.157:8080/v1/AUTH_88ae32f2c8204458beb5922823236026/gnocchi.b1e3aebb-54c2-4838-bf78-34a7e54b5195/1780920000.0_mean_300.0_v3" "tx1e577cf9bbe74fd9a7ab4-006a2d157e" "proxy-server 20" 0.0012 "-" 20 0
Jun 13 08:31:59 np0000072643 container-server[120695]: 172.20.0.105 - - [13/Jun/2026:08:31:59 +0000] "PUT /d1/724/AUTH_88ae32f2c8204458beb5922823236026/gnocchi.b1e3aebb-54c2-4838-bf78-34a7e54b5195/1780920000.0_mean_300.0_v3" 201 - "PUT http://172.18.0.157:8080/d1/398/AUTH_88ae32f2c8204458beb5922823236026/gnocchi.b1e3aebb-54c2-4838-bf78-34a7e54b5195/1780920000.0_mean_300.0_v3" "tx60e8367dfa5c494799af2-006a2d157e" "object-server 22" 0.0020 "-" 16 0
Jun 13 08:31:59 np0000072643 object-server[121082]: 172.20.0.104 - - [13/Jun/2026:08:31:59 +0000] "PUT /d1/398/AUTH_88ae32f2c8204458beb5922823236026/gnocchi.b1e3aebb-54c2-4838-bf78-34a7e54b5195/1780920000.0_mean_300.0_v3" 201 - "PUT http://172.18.0.157:8080/v1/AUTH_88ae32f2c8204458beb5922823236026/gnocchi.b1e3aebb-54c2-4838-bf78-34a7e54b5195/1780920000.0_mean_300.0_v3" "tx60e8367dfa5c494799af2-006a2d157e" "proxy-server 20" 0.0341 "-" 22 0
Jun 13 08:31:59 np0000072643 container-server[120694]: 172.20.0.104 - - [13/Jun/2026:08:31:59 +0000] "PUT /d1/724/AUTH_88ae32f2c8204458beb5922823236026/gnocchi.b1e3aebb-54c2-4838-bf78-34a7e54b5195/none_v3" 201 - "PUT http://172.18.0.157:8080/d1/843/AUTH_88ae32f2c8204458beb5922823236026/gnocchi.b1e3aebb-54c2-4838-bf78-34a7e54b5195/none_v3" "txd7236303c003452fb7f4d-006a2d157f" "object-server 22" 0.0006 "-" 15 0
Jun 13 08:31:59 np0000072643 object-server[121067]: 172.20.0.105 - - [13/Jun/2026:08:31:59 +0000] "PUT /d1/843/AUTH_88ae32f2c8204458beb5922823236026/gnocchi.b1e3aebb-54c2-4838-bf78-34a7e54b5195/none_v3" 201 - "PUT http://172.18.0.157:8080/v1/AUTH_88ae32f2c8204458beb5922823236026/gnocchi.b1e3aebb-54c2-4838-bf78-34a7e54b5195/none_v3" "txd7236303c003452fb7f4d-006a2d157f" "proxy-server 20" 0.0357 "-" 16 0
Jun 13 08:31:59 np0000072643 proxy-server[122491]: 172.18.0.157 172.18.0.104 13/Jun/2026/08/31/59 PUT /v1/AUTH_88ae32f2c8204458beb5922823236026/gnocchi.b1e3aebb-54c2-4838-bf78-34a7e54b5195/none_v3 HTTP/1.0 201 - python-swiftclient-3.11.1 gAAAAABqLRV-REV4... 22 - - txd7236303c003452fb7f4d-006a2d157f - 0.0517 - - 1781339519.020864725 1781339519.072551727 0
Jun 13 08:32:00 np0000072643 account-server[120026]: Beginning replication run
Jun 13 08:32:00 np0000072643 account-server[120026]: Replication run OVER
Jun 13 08:32:00 np0000072643 account-server[120026]: Attempted to replicate 1 dbs in 0.04263 seconds (23.45592/s)
Jun 13 08:32:00 np0000072643 account-server[120026]: Removed 0 dbs
Jun 13 08:32:00 np0000072643 account-server[120026]: 2 successes, 0 failures
Jun 13 08:32:00 np0000072643 account-server[120026]: diff:0 diff_capped:0 empty:0 hashmatch:0 no_change:2 remote_merge:0 rsync:0 ts_repl:0
Jun 13 08:32:15 np0000072643 object-server[120909]: Starting object replication pass.
Jun 13 08:32:16 np0000072643 object-server[120909]: 2/2 (100.00%) partitions replicated in 0.05s (40.73/sec, 0s remaining)
Jun 13 08:32:16 np0000072643 object-server[120909]: 4 successes, 0 failures
Jun 13 08:32:16 np0000072643 object-server[120909]: 2 suffixes checked - 0.00% hashed, 0.00% synced
Jun 13 08:32:16 np0000072643 object-server[120909]: Partition times: max 0.0339s, min 0.0101s, med 0.0339s
Jun 13 08:32:16 np0000072643 object-server[120909]: Object replication complete. (0.00 minutes)
Jun 13 08:32:17 np0000072643 object-server[209549]: Begin object audit "forever" mode (ZBF)
Jun 13 08:32:17 np0000072643 object-server[209549]: Object audit (ZBF). Since Sat Jun 13 08:32:17 2026: Locally: 1 passed, 0 quarantined, 0 errors, files/sec: 693.16, bytes/sec: 0.00, Total time: 0.00, Auditing time: 0.00, Rate: 0.00
Jun 13 08:32:17 np0000072643 object-server[209550]: Begin object audit "forever" mode (ALL)
Jun 13 08:32:17 np0000072643 object-server[209549]: Object audit (ZBF) "forever" mode completed: 0.00s. Total quarantined: 0, Total errors: 0, Total files/sec: 513.19, Total bytes/sec: 0.00, Auditing time: 0.00, Rate: 0.24
Jun 13 08:32:17 np0000072643 object-server[209550]: Object audit (ALL). Since Sat Jun 13 08:32:17 2026: Locally: 1 passed, 0 quarantined, 0 errors, files/sec: 105.10, bytes/sec: 1681.59, Total time: 0.01, Auditing time: 0.00, Rate: 0.00
Jun 13 08:32:17 np0000072643 object-server[209550]: Object audit (ALL) "forever" mode completed: 0.01s. Total quarantined: 0, Total errors: 0, Total files/sec: 151.11, Total bytes/sec: 2871.00, Auditing time: 0.01, Rate: 0.74
Jun 13 08:32:24 np0000072643 account-server[120261]: 172.20.0.103 - - [13/Jun/2026:08:32:24 +0000] "HEAD /d1/335/.expiring_objects" 404 - "HEAD http://localhost/v1/.expiring_objects?format=json" "txeedc3767f53c409db4062-006a2d1598" "proxy-server 2" 0.0012 "-" 21 -
Jun 13 08:32:27 np0000072643 container-server[120337]: Beginning replication run
Jun 13 08:32:27 np0000072643 container-server[120337]: Replication run OVER
Jun 13 08:32:27 np0000072643 container-server[120337]: Attempted to replicate 1 dbs in 0.03803 seconds (26.29156/s)
Jun 13 08:32:27 np0000072643 container-server[120337]: Removed 0 dbs
Jun 13 08:32:27 np0000072643 container-server[120337]: 2 successes, 0 failures
Jun 13 08:32:27 np0000072643 container-server[120337]: diff:0 diff_capped:0 empty:0 hashmatch:0 no_change:2 remote_merge:0 rsync:0 ts_repl:0
Jun 13 08:32:28 np0000072643 container-server[120689]: 172.20.0.105 - - [13/Jun/2026:08:32:28 +0000] "GET /d1/724/AUTH_88ae32f2c8204458beb5922823236026/gnocchi.b1e3aebb-54c2-4838-bf78-34a7e54b5195" 200 2 "GET http://172.18.0.157:8080/v1/AUTH_88ae32f2c8204458beb5922823236026/gnocchi.b1e3aebb-54c2-4838-bf78-34a7e54b5195?format=json&marker=none_v3&states=listing" "txcbac2ef77197465b98b96-006a2d159c" "proxy-server 20" 0.0040 "-" 14 0
Jun 13 08:32:28 np0000072643 proxy-server[122491]: 172.18.0.157 172.18.0.104 13/Jun/2026/08/32/28 GET /v1/AUTH_88ae32f2c8204458beb5922823236026/gnocchi.b1e3aebb-54c2-4838-bf78-34a7e54b5195%3Fformat%3Djson%26marker%3Dnone_v3%26states%3Dlisting HTTP/1.0 200 - python-swiftclient-3.11.1 gAAAAABqLRV-REV4... - 2 - txcbac2ef77197465b98b96-006a2d159c - 0.0129 - - 1781339548.069421291 1781339548.082288980 0
Jun 13 08:32:28 np0000072643 object-server[121067]: 172.20.0.104 - - [13/Jun/2026:08:32:28 +0000] "PUT /d1/398/AUTH_88ae32f2c8204458beb5922823236026/gnocchi.b1e3aebb-54c2-4838-bf78-34a7e54b5195/1780920000.0_mean_300.0_v3" 201 - "PUT http://172.18.0.157:8080/v1/AUTH_88ae32f2c8204458beb5922823236026/gnocchi.b1e3aebb-54c2-4838-bf78-34a7e54b5195/1780920000.0_mean_300.0_v3" "txbec43c44a71a4705b5e72-006a2d159c" "proxy-server 20" 0.0229 "-" 16 0
Jun 13 08:32:28 np0000072643 container-server[120695]: 172.20.0.103 - - [13/Jun/2026:08:32:28 +0000] "PUT /d1/724/AUTH_88ae32f2c8204458beb5922823236026/gnocchi.b1e3aebb-54c2-4838-bf78-34a7e54b5195/1780920000.0_mean_300.0_v3" 201 - "PUT http://172.18.0.157:8080/d1/398/AUTH_88ae32f2c8204458beb5922823236026/gnocchi.b1e3aebb-54c2-4838-bf78-34a7e54b5195/1780920000.0_mean_300.0_v3" "txbec43c44a71a4705b5e72-006a2d159c" "object-server 24" 0.0006 "-" 16 0
Jun 13 08:32:28 np0000072643 object-server[121067]: 172.20.0.105 - - [13/Jun/2026:08:32:28 +0000] "PUT /d1/843/AUTH_88ae32f2c8204458beb5922823236026/gnocchi.b1e3aebb-54c2-4838-bf78-34a7e54b5195/none_v3" 201 - "PUT http://172.18.0.157:8080/v1/AUTH_88ae32f2c8204458beb5922823236026/gnocchi.b1e3aebb-54c2-4838-bf78-34a7e54b5195/none_v3" "tx51dbc14af865451181a18-006a2d159c" "proxy-server 20" 0.0123 "-" 16 0
Jun 13 08:32:28 np0000072643 container-server[120706]: 172.20.0.103 - - [13/Jun/2026:08:32:28 +0000] "PUT /d1/724/AUTH_88ae32f2c8204458beb5922823236026/gnocchi.b1e3aebb-54c2-4838-bf78-34a7e54b5195/none_v3" 201 - "PUT http://172.18.0.157:8080/d1/843/AUTH_88ae32f2c8204458beb5922823236026/gnocchi.b1e3aebb-54c2-4838-bf78-34a7e54b5195/none_v3" "tx51dbc14af865451181a18-006a2d159c" "object-server 24" 0.0019 "-" 17 0
Jun 13 08:32:28 np0000072643 proxy-server[122491]: 172.18.0.157 172.18.0.104 13/Jun/2026/08/32/28 PUT /v1/AUTH_88ae32f2c8204458beb5922823236026/gnocchi.b1e3aebb-54c2-4838-bf78-34a7e54b5195/none_v3 HTTP/1.0 201 - python-swiftclient-3.11.1 gAAAAABqLRV-REV4... 32 - - tx51dbc14af865451181a18-006a2d159c - 0.0244 - - 1781339548.208138943 1781339548.232518911 0
Jun 13 08:32:30 np0000072643 account-server[120026]: Beginning replication run
Jun 13 08:32:30 np0000072643 account-server[120026]: Replication run OVER
Jun 13 08:32:30 np0000072643 account-server[120026]: Attempted to replicate 1 dbs in 0.01711 seconds (58.46175/s)
Jun 13 08:32:30 np0000072643 account-server[120026]: Removed 0 dbs
Jun 13 08:32:30 np0000072643 account-server[120026]: 2 successes, 0 failures
Jun 13 08:32:30 np0000072643 account-server[120026]: diff:0 diff_capped:0 empty:0 hashmatch:0 no_change:2 remote_merge:0 rsync:0 ts_repl:0
Jun 13 08:32:37 np0000072643 account-server[120257]: 172.20.0.103 - - [13/Jun/2026:08:32:37 +0000] "HEAD /d1/335/.expiring_objects" 404 - "HEAD http://localhost/v1/.expiring_objects?format=json" "txde102f8ba641431b864a5-006a2d15a5" "proxy-server 2" 0.0010 "-" 20 -
Jun 13 08:32:46 np0000072643 object-server[120909]: Starting object replication pass.
Jun 13 08:32:46 np0000072643 object-server[120909]: 2/2 (100.00%) partitions replicated in 0.02s (91.81/sec, 0s remaining)
Jun 13 08:32:46 np0000072643 object-server[120909]: 4 successes, 0 failures
Jun 13 08:32:46 np0000072643 object-server[120909]: 2 suffixes checked - 0.00% hashed, 0.00% synced
Jun 13 08:32:46 np0000072643 object-server[120909]: Partition times: max 0.0093s, min 0.0079s, med 0.0093s
Jun 13 08:32:46 np0000072643 object-server[120909]: Object replication complete. (0.00 minutes)
Jun 13 08:32:47 np0000072643 object-server[209554]: Begin object audit "forever" mode (ZBF)
Jun 13 08:32:47 np0000072643 object-server[209554]: Object audit (ZBF). Since Sat Jun 13 08:32:47 2026: Locally: 1 passed, 0 quarantined, 0 errors, files/sec: 426.94, bytes/sec: 0.00, Total time: 0.00, Auditing time: 0.00, Rate: 0.00
Jun 13 08:32:47 np0000072643 object-server[209554]: Object audit (ZBF) "forever" mode completed: 0.00s. Total quarantined: 0, Total errors: 0, Total files/sec: 421.50, Total bytes/sec: 0.00, Auditing time: 0.00, Rate: 0.32
Jun 13 08:32:57 np0000072643 container-server[120337]: Beginning replication run
Jun 13 08:32:57 np0000072643 container-server[120337]: Replication run OVER
Jun 13 08:32:57 np0000072643 container-server[120337]: Attempted to replicate 1 dbs in 0.03227 seconds (30.98711/s)
Jun 13 08:32:57 np0000072643 container-server[120337]: Removed 0 dbs
Jun 13 08:32:57 np0000072643 container-server[120337]: 2 successes, 0 failures
Jun 13 08:32:57 np0000072643 container-server[120337]: diff:0 diff_capped:0 empty:0 hashmatch:0 no_change:2 remote_merge:0 rsync:0 ts_repl:0
Jun 13 08:33:00 np0000072643 account-server[120026]: Beginning replication run
Jun 13 08:33:00 np0000072643 account-server[120026]: Replication run OVER
Jun 13 08:33:00 np0000072643 account-server[120026]: Attempted to replicate 1 dbs in 0.01466 seconds (68.19516/s)
Jun 13 08:33:00 np0000072643 account-server[120026]: Removed 0 dbs
Jun 13 08:33:00 np0000072643 account-server[120026]: 2 successes, 0 failures
Jun 13 08:33:00 np0000072643 account-server[120026]: diff:0 diff_capped:0 empty:0 hashmatch:0 no_change:2 remote_merge:0 rsync:0 ts_repl:0
Jun 13 08:33:00 np0000072643 container-server[120695]: 172.20.0.103 - - [13/Jun/2026:08:33:00 +0000] "HEAD /d1/722/AUTH_88ae32f2c8204458beb5922823236026/gnocchi.20021faf-dd1f-4087-afe3-d543f7a348d5" 404 - "HEAD http://172.18.0.157:8080/v1/AUTH_88ae32f2c8204458beb5922823236026/gnocchi.20021faf-dd1f-4087-afe3-d543f7a348d5?format=json&states=listing" "txe725ed2b88914258939d2-006a2d15bc" "proxy-server 20" 0.0016 "-" 16 0
Jun 13 08:33:00 np0000072643 object-server[121067]: 172.20.0.103 - - [13/Jun/2026:08:33:00 +0000] "GET /d1/235/AUTH_88ae32f2c8204458beb5922823236026/gnocchi.20021faf-dd1f-4087-afe3-d543f7a348d5/none_v3" 404 70 "GET http://172.18.0.157:8080/v1/AUTH_88ae32f2c8204458beb5922823236026/gnocchi.20021faf-dd1f-4087-afe3-d543f7a348d5/none_v3" "txe725ed2b88914258939d2-006a2d15bc" "proxy-server 20" 0.0007 "-" 16 0
Jun 13 08:33:00 np0000072643 account-server[120257]: 172.20.0.104 - - [13/Jun/2026:08:33:00 +0000] "PUT /d1/953/AUTH_88ae32f2c8204458beb5922823236026/gnocchi.20021faf-dd1f-4087-afe3-d543f7a348d5" 201 - "PUT http://172.20.0.104:6001/d1/722/AUTH_88ae32f2c8204458beb5922823236026/gnocchi.20021faf-dd1f-4087-afe3-d543f7a348d5" "tx32f326a194e44164bd84d-006a2d15bc" "container-server 18" 0.0023 "-" 20 0
Jun 13 08:33:00 np0000072643 container-server[120695]: 172.20.0.104 - - [13/Jun/2026:08:33:00 +0000] "PUT /d1/722/AUTH_88ae32f2c8204458beb5922823236026/gnocchi.20021faf-dd1f-4087-afe3-d543f7a348d5" 201 - "PUT http://172.18.0.157:8080/v1/AUTH_88ae32f2c8204458beb5922823236026/gnocchi.20021faf-dd1f-4087-afe3-d543f7a348d5" "tx32f326a194e44164bd84d-006a2d15bc" "proxy-server 20" 0.0158 "-" 16 0
Jun 13 08:33:00 np0000072643 proxy-server[122491]: - - 13/Jun/2026/08/33/00 HEAD /v1/AUTH_88ae32f2c8204458beb5922823236026/gnocchi.20021faf-dd1f-4087-afe3-d543f7a348d5%3Fformat%3Djson%26states%3Dlisting HTTP/1.0 204 - Swift - - - - txc56442d68fef4625b740b-006a2d15bc - 0.0096 RL - 1781339580.832412958 1781339580.841971159 0
Jun 13 08:33:00 np0000072643 proxy-server[122491]: 172.18.0.157 172.18.0.104 13/Jun/2026/08/33/00 GET /v1/AUTH_88ae32f2c8204458beb5922823236026/gnocchi.20021faf-dd1f-4087-afe3-d543f7a348d5%3Fformat%3Djson%26states%3Dlisting HTTP/1.0 200 - python-swiftclient-3.11.1 gAAAAABqLRV-REV4... - 2 - txc56442d68fef4625b740b-006a2d15bc - 0.0245 - - 1781339580.828989744 1781339580.853496552 0
Jun 13 08:33:00 np0000072643 object-server[121075]: 172.20.0.103 - - [13/Jun/2026:08:33:00 +0000] "GET /d1/684/AUTH_88ae32f2c8204458beb5922823236026/gnocchi.20021faf-dd1f-4087-afe3-d543f7a348d5/1780920000.0_mean_300.0_v3" 404 70 "GET http://172.18.0.157:8080/v1/AUTH_88ae32f2c8204458beb5922823236026/gnocchi.20021faf-dd1f-4087-afe3-d543f7a348d5/1780920000.0_mean_300.0_v3" "tx94063978b26744fba6bbf-006a2d15bc" "proxy-server 20" 0.0004 "-" 20 0
Jun 13 08:33:00 np0000072643 container-server[120706]: 172.20.0.105 - - [13/Jun/2026:08:33:00 +0000] "PUT /d1/722/AUTH_88ae32f2c8204458beb5922823236026/gnocchi.20021faf-dd1f-4087-afe3-d543f7a348d5/1780920000.0_mean_300.0_v3" 201 - "PUT http://172.18.0.157:8080/d1/684/AUTH_88ae32f2c8204458beb5922823236026/gnocchi.20021faf-dd1f-4087-afe3-d543f7a348d5/1780920000.0_mean_300.0_v3" "txaf817e6ec4de4bb1a7ad5-006a2d15bc" "object-server 16" 0.0008 "-" 17 0
Jun 13 08:33:00 np0000072643 object-server[121067]: 172.20.0.104 - - [13/Jun/2026:08:33:00 +0000] "PUT /d1/684/AUTH_88ae32f2c8204458beb5922823236026/gnocchi.20021faf-dd1f-4087-afe3-d543f7a348d5/1780920000.0_mean_300.0_v3" 201 - "PUT http://172.18.0.157:8080/v1/AUTH_88ae32f2c8204458beb5922823236026/gnocchi.20021faf-dd1f-4087-afe3-d543f7a348d5/1780920000.0_mean_300.0_v3" "txaf817e6ec4de4bb1a7ad5-006a2d15bc" "proxy-server 20" 0.0182 "-" 16 0
Jun 13 08:33:00 np0000072643 container-server[120689]: 172.20.0.104 - - [13/Jun/2026:08:33:00 +0000] "PUT /d1/722/AUTH_88ae32f2c8204458beb5922823236026/gnocchi.20021faf-dd1f-4087-afe3-d543f7a348d5/none_v3" 201 - "PUT http://172.18.0.157:8080/d1/235/AUTH_88ae32f2c8204458beb5922823236026/gnocchi.20021faf-dd1f-4087-afe3-d543f7a348d5/none_v3" "tx978cfb60f8d849c3a8a5d-006a2d15bc" "object-server 22" 0.0008 "-" 14 0
Jun 13 08:33:00 np0000072643 object-server[121082]: 172.20.0.105 - - [13/Jun/2026:08:33:00 +0000] "PUT /d1/235/AUTH_88ae32f2c8204458beb5922823236026/gnocchi.20021faf-dd1f-4087-afe3-d543f7a348d5/none_v3" 201 - "PUT http://172.18.0.157:8080/v1/AUTH_88ae32f2c8204458beb5922823236026/gnocchi.20021faf-dd1f-4087-afe3-d543f7a348d5/none_v3" "tx978cfb60f8d849c3a8a5d-006a2d15bc" "proxy-server 20" 0.0185 "-" 22 0
Jun 13 08:33:00 np0000072643 proxy-server[122491]: 172.18.0.157 172.18.0.104 13/Jun/2026/08/33/00 PUT /v1/AUTH_88ae32f2c8204458beb5922823236026/gnocchi.20021faf-dd1f-4087-afe3-d543f7a348d5/none_v3 HTTP/1.0 201 - python-swiftclient-3.11.1 gAAAAABqLRV-REV4... 22 - - tx978cfb60f8d849c3a8a5d-006a2d15bc - 0.0256 - - 1781339580.915534496 1781339580.941085577 0
Jun 13 08:33:01 np0000072643 container-server[120706]: 172.20.0.103 - - [13/Jun/2026:08:33:01 +0000] "HEAD /d1/933/AUTH_88ae32f2c8204458beb5922823236026/gnocchi.2adf911e-81c4-4a63-8433-7872c4562a3a" 404 - "HEAD http://172.18.0.157:8080/v1/AUTH_88ae32f2c8204458beb5922823236026/gnocchi.2adf911e-81c4-4a63-8433-7872c4562a3a?format=json&states=listing" "tx10bff4f27d3c4ae39f155-006a2d15bd" "proxy-server 20" 0.0012 "-" 17 0
Jun 13 08:33:01 np0000072643 object-server[121079]: 172.20.0.103 - - [13/Jun/2026:08:33:01 +0000] "GET /d1/146/AUTH_88ae32f2c8204458beb5922823236026/gnocchi.2adf911e-81c4-4a63-8433-7872c4562a3a/none_v3" 404 70 "GET http://172.18.0.157:8080/v1/AUTH_88ae32f2c8204458beb5922823236026/gnocchi.2adf911e-81c4-4a63-8433-7872c4562a3a/none_v3" "tx10bff4f27d3c4ae39f155-006a2d15bd" "proxy-server 20" 0.0015 "-" 21 0
Jun 13 08:33:01 np0000072643 account-server[120274]: 172.20.0.104 - - [13/Jun/2026:08:33:01 +0000] "PUT /d1/953/AUTH_88ae32f2c8204458beb5922823236026/gnocchi.2adf911e-81c4-4a63-8433-7872c4562a3a" 201 - "PUT http://172.20.0.104:6001/d1/933/AUTH_88ae32f2c8204458beb5922823236026/gnocchi.2adf911e-81c4-4a63-8433-7872c4562a3a" "tx24efaaa5db874a7881ec3-006a2d15bd" "container-server 17" 0.0064 "-" 22 0
Jun 13 08:33:01 np0000072643 container-server[120689]: 172.20.0.104 - - [13/Jun/2026:08:33:01 +0000] "PUT /d1/933/AUTH_88ae32f2c8204458beb5922823236026/gnocchi.2adf911e-81c4-4a63-8433-7872c4562a3a" 201 - "PUT http://172.18.0.157:8080/v1/AUTH_88ae32f2c8204458beb5922823236026/gnocchi.2adf911e-81c4-4a63-8433-7872c4562a3a" "tx24efaaa5db874a7881ec3-006a2d15bd" "proxy-server 20" 0.0259 "-" 14 0
Jun 13 08:33:01 np0000072643 container-server[120695]: 172.20.0.105 - - [13/Jun/2026:08:33:01 +0000] "HEAD /d1/933/AUTH_88ae32f2c8204458beb5922823236026/gnocchi.2adf911e-81c4-4a63-8433-7872c4562a3a" 204 - "HEAD http://172.18.0.157:8080/v1/AUTH_88ae32f2c8204458beb5922823236026/gnocchi.2adf911e-81c4-4a63-8433-7872c4562a3a?format=json&states=listing" "txb3c74b5f1f7c4abda270a-006a2d15bd" "proxy-server 20" 0.0024 "-" 16 0
Jun 13 08:33:01 np0000072643 proxy-server[122491]: - - 13/Jun/2026/08/33/01 HEAD /v1/AUTH_88ae32f2c8204458beb5922823236026/gnocchi.2adf911e-81c4-4a63-8433-7872c4562a3a%3Fformat%3Djson%26states%3Dlisting HTTP/1.0 204 - Swift - - - - txb3c74b5f1f7c4abda270a-006a2d15bd - 0.0073 RL - 1781339581.362521887 1781339581.369831324 0
Jun 13 08:33:01 np0000072643 proxy-server[122491]: 172.18.0.105 172.18.0.104 13/Jun/2026/08/33/01 GET /v1/AUTH_88ae32f2c8204458beb5922823236026/gnocchi.2adf911e-81c4-4a63-8433-7872c4562a3a%3Fformat%3Djson%26states%3Dlisting HTTP/1.0 200 - python-swiftclient-3.11.1 gAAAAABqLRW9KbrP... - 2 - txb3c74b5f1f7c4abda270a-006a2d15bd - 0.0215 - - 1781339581.360804558 1781339581.382297039 0
Jun 13 08:33:01 np0000072643 object-server[121079]: 172.20.0.103 - - [13/Jun/2026:08:33:01 +0000] "GET /d1/566/AUTH_88ae32f2c8204458beb5922823236026/gnocchi.2adf911e-81c4-4a63-8433-7872c4562a3a/1780920000.0_mean_300.0_v3" 404 70 "GET http://172.18.0.157:8080/v1/AUTH_88ae32f2c8204458beb5922823236026/gnocchi.2adf911e-81c4-4a63-8433-7872c4562a3a/1780920000.0_mean_300.0_v3" "tx6fae66f9f1c34f68bab83-006a2d15bd" "proxy-server 20" 0.0006 "-" 21 0
Jun 13 08:33:01 np0000072643 container-server[120694]: 172.20.0.104 - - [13/Jun/2026:08:33:01 +0000] "PUT /d1/933/AUTH_88ae32f2c8204458beb5922823236026/gnocchi.2adf911e-81c4-4a63-8433-7872c4562a3a/1780920000.0_mean_300.0_v3" 201 - "PUT http://172.18.0.157:8080/d1/566/AUTH_88ae32f2c8204458beb5922823236026/gnocchi.2adf911e-81c4-4a63-8433-7872c4562a3a/1780920000.0_mean_300.0_v3" "tx382d37b168b54a39b78ca-006a2d15bd" "object-server 22" 0.0010 "-" 15 0
Jun 13 08:33:01 np0000072643 object-server[121067]: 172.20.0.104 - - [13/Jun/2026:08:33:01 +0000] "PUT /d1/566/AUTH_88ae32f2c8204458beb5922823236026/gnocchi.2adf911e-81c4-4a63-8433-7872c4562a3a/1780920000.0_mean_300.0_v3" 201 - "PUT http://172.18.0.157:8080/v1/AUTH_88ae32f2c8204458beb5922823236026/gnocchi.2adf911e-81c4-4a63-8433-7872c4562a3a/1780920000.0_mean_300.0_v3" "tx382d37b168b54a39b78ca-006a2d15bd" "proxy-server 20" 0.0130 "-" 16 0
Jun 13 08:33:01 np0000072643 container-server[120695]: 172.20.0.105 - - [13/Jun/2026:08:33:01 +0000] "PUT /d1/933/AUTH_88ae32f2c8204458beb5922823236026/gnocchi.2adf911e-81c4-4a63-8433-7872c4562a3a/none_v3" 201 - "PUT http://172.18.0.157:8080/d1/146/AUTH_88ae32f2c8204458beb5922823236026/gnocchi.2adf911e-81c4-4a63-8433-7872c4562a3a/none_v3" "tx24a0015e42114e5787a0b-006a2d15bd" "object-server 20" 0.0010 "-" 16 0
Jun 13 08:33:01 np0000072643 object-server[121075]: 172.20.0.105 - - [13/Jun/2026:08:33:01 +0000] "PUT /d1/146/AUTH_88ae32f2c8204458beb5922823236026/gnocchi.2adf911e-81c4-4a63-8433-7872c4562a3a/none_v3" 201 - "PUT http://172.18.0.157:8080/v1/AUTH_88ae32f2c8204458beb5922823236026/gnocchi.2adf911e-81c4-4a63-8433-7872c4562a3a/none_v3" "tx24a0015e42114e5787a0b-006a2d15bd" "proxy-server 20" 0.0319 "-" 20 0
Jun 13 08:33:01 np0000072643 proxy-server[122491]: 172.18.0.105 172.18.0.104 13/Jun/2026/08/33/01 PUT /v1/AUTH_88ae32f2c8204458beb5922823236026/gnocchi.2adf911e-81c4-4a63-8433-7872c4562a3a/none_v3 HTTP/1.0 201 - python-swiftclient-3.11.1 gAAAAABqLRW9KbrP... 22 - - tx24a0015e42114e5787a0b-006a2d15bd - 0.0476 - - 1781339581.451894999 1781339581.499481678 0
Jun 13 08:33:09 np0000072643 container-server[120694]: 172.20.0.104 - - [13/Jun/2026:08:33:09 +0000] "HEAD /d1/546/AUTH_88ae32f2c8204458beb5922823236026/gnocchi.e1c795b2-0eb3-4c3f-90e0-885cd6449c6a" 404 - "HEAD http://172.18.0.157:8080/v1/AUTH_88ae32f2c8204458beb5922823236026/gnocchi.e1c795b2-0eb3-4c3f-90e0-885cd6449c6a?format=json&states=listing" "tx61ceef9bc3a54cbebcd04-006a2d15c5" "proxy-server 20" 0.0010 "-" 15 0
Jun 13 08:33:09 np0000072643 container-server[120695]: 172.20.0.103 - - [13/Jun/2026:08:33:09 +0000] "HEAD /d1/256/AUTH_88ae32f2c8204458beb5922823236026/gnocchi.fd52dd80-d730-48ec-bdb1-310c92916bce" 404 - "HEAD http://172.18.0.157:8080/v1/AUTH_88ae32f2c8204458beb5922823236026/gnocchi.fd52dd80-d730-48ec-bdb1-310c92916bce?format=json&states=listing" "txcf5e7fde09904408aead1-006a2d15c5" "proxy-server 20" 0.0003 "-" 16 0
Jun 13 08:33:09 np0000072643 object-server[121079]: 172.20.0.103 - - [13/Jun/2026:08:33:09 +0000] "GET /d1/284/AUTH_88ae32f2c8204458beb5922823236026/gnocchi.fd52dd80-d730-48ec-bdb1-310c92916bce/none_v3" 404 70 "GET http://172.18.0.157:8080/v1/AUTH_88ae32f2c8204458beb5922823236026/gnocchi.fd52dd80-d730-48ec-bdb1-310c92916bce/none_v3" "txcf5e7fde09904408aead1-006a2d15c5" "proxy-server 20" 0.0009 "-" 21 0
Jun 13 08:33:09 np0000072643 object-server[121082]: 172.20.0.104 - - [13/Jun/2026:08:33:09 +0000] "GET /d1/119/AUTH_88ae32f2c8204458beb5922823236026/gnocchi.e1c795b2-0eb3-4c3f-90e0-885cd6449c6a/none_v3" 404 70 "GET http://172.18.0.157:8080/v1/AUTH_88ae32f2c8204458beb5922823236026/gnocchi.e1c795b2-0eb3-4c3f-90e0-885cd6449c6a/none_v3" "tx61ceef9bc3a54cbebcd04-006a2d15c5" "proxy-server 20" 0.0005 "-" 22 0
Jun 13 08:33:09 np0000072643 container-server[120695]: 172.20.0.103 - - [13/Jun/2026:08:33:09 +0000] "PUT /d1/546/AUTH_88ae32f2c8204458beb5922823236026/gnocchi.e1c795b2-0eb3-4c3f-90e0-885cd6449c6a" 201 - "PUT http://172.18.0.157:8080/v1/AUTH_88ae32f2c8204458beb5922823236026/gnocchi.e1c795b2-0eb3-4c3f-90e0-885cd6449c6a" "txe4caa6026b9a44d08d127-006a2d15c5" "proxy-server 20" 0.0172 "-" 16 0
Jun 13 08:33:09 np0000072643 account-server[120277]: 172.20.0.105 - - [13/Jun/2026:08:33:09 +0000] "PUT /d1/953/AUTH_88ae32f2c8204458beb5922823236026/gnocchi.fd52dd80-d730-48ec-bdb1-310c92916bce" 201 - "PUT http://172.20.0.105:6001/d1/256/AUTH_88ae32f2c8204458beb5922823236026/gnocchi.fd52dd80-d730-48ec-bdb1-310c92916bce" "tx4e2466c14022458a833d7-006a2d15c5" "container-server 17" 0.0023 "-" 23 0
Jun 13 08:33:09 np0000072643 container-server[120706]: 172.20.0.105 - - [13/Jun/2026:08:33:09 +0000] "PUT /d1/256/AUTH_88ae32f2c8204458beb5922823236026/gnocchi.fd52dd80-d730-48ec-bdb1-310c92916bce" 201 - "PUT http://172.18.0.157:8080/v1/AUTH_88ae32f2c8204458beb5922823236026/gnocchi.fd52dd80-d730-48ec-bdb1-310c92916bce" "tx4e2466c14022458a833d7-006a2d15c5" "proxy-server 20" 0.0204 "-" 17 0
Jun 13 08:33:09 np0000072643 account-server[120257]: 172.20.0.103 - - [13/Jun/2026:08:33:09 +0000] "PUT /d1/953/AUTH_88ae32f2c8204458beb5922823236026/gnocchi.e1c795b2-0eb3-4c3f-90e0-885cd6449c6a" 201 - "PUT http://172.20.0.103:6001/d1/546/AUTH_88ae32f2c8204458beb5922823236026/gnocchi.e1c795b2-0eb3-4c3f-90e0-885cd6449c6a" "txe4caa6026b9a44d08d127-006a2d15c5" "container-server 22" 0.0056 "-" 20 0
Jun 13 08:33:09 np0000072643 proxy-server[122491]: 172.18.0.105 172.18.0.104 13/Jun/2026/08/33/09 PUT /v1/AUTH_88ae32f2c8204458beb5922823236026/gnocchi.fd52dd80-d730-48ec-bdb1-310c92916bce HTTP/1.0 201 - python-swiftclient-3.11.1 gAAAAABqLRW9KbrP... - - - tx4e2466c14022458a833d7-006a2d15c5 - 0.0381 - - 1781339589.672435045 1781339589.710538387 0
Jun 13 08:33:09 np0000072643 container-server[120694]: 172.20.0.103 - - [13/Jun/2026:08:33:09 +0000] "GET /d1/256/AUTH_88ae32f2c8204458beb5922823236026/gnocchi.fd52dd80-d730-48ec-bdb1-310c92916bce" 200 2 "GET http://172.18.0.157:8080/v1/AUTH_88ae32f2c8204458beb5922823236026/gnocchi.fd52dd80-d730-48ec-bdb1-310c92916bce?format=json&states=listing" "tx5ee1f4a2110b4862a65da-006a2d15c5" "proxy-server 20" 0.0019 "-" 15 0
Jun 13 08:33:09 np0000072643 object-server[121079]: 172.20.0.105 - - [13/Jun/2026:08:33:09 +0000] "GET /d1/376/AUTH_88ae32f2c8204458beb5922823236026/gnocchi.fd52dd80-d730-48ec-bdb1-310c92916bce/1780920000.0_mean_300.0_v3" 404 70 "GET http://172.18.0.157:8080/v1/AUTH_88ae32f2c8204458beb5922823236026/gnocchi.fd52dd80-d730-48ec-bdb1-310c92916bce/1780920000.0_mean_300.0_v3" "tx16b956766c30441683b5c-006a2d15c5" "proxy-server 20" 0.0006 "-" 21 0
Jun 13 08:33:09 np0000072643 proxy-server[122491]: 172.18.0.105 172.18.0.104 13/Jun/2026/08/33/09 GET /v1/AUTH_88ae32f2c8204458beb5922823236026/gnocchi.fd52dd80-d730-48ec-bdb1-310c92916bce/1780920000.0_mean_300.0_v3 HTTP/1.0 404 - python-swiftclient-3.11.1 gAAAAABqLRW9KbrP... - 70 - tx16b956766c30441683b5c-006a2d15c5 - 0.0169 - - 1781339589.734378576 1781339589.751262426 0
Jun 13 08:33:09 np0000072643 object-server[121079]: 172.20.0.103 - - [13/Jun/2026:08:33:09 +0000] "GET /d1/356/AUTH_88ae32f2c8204458beb5922823236026/gnocchi.e1c795b2-0eb3-4c3f-90e0-885cd6449c6a/1780920000.0_mean_300.0_v3" 404 70 "GET http://172.18.0.157:8080/v1/AUTH_88ae32f2c8204458beb5922823236026/gnocchi.e1c795b2-0eb3-4c3f-90e0-885cd6449c6a/1780920000.0_mean_300.0_v3" "tx1acb410e6f8b49498b158-006a2d15c5" "proxy-server 20" 0.0004 "-" 21 0
Jun 13 08:33:09 np0000072643 container-server[120689]: 172.20.0.105 - - [13/Jun/2026:08:33:09 +0000] "PUT /d1/546/AUTH_88ae32f2c8204458beb5922823236026/gnocchi.e1c795b2-0eb3-4c3f-90e0-885cd6449c6a/1780920000.0_mean_300.0_v3" 201 - "PUT http://172.18.0.157:8080/d1/356/AUTH_88ae32f2c8204458beb5922823236026/gnocchi.e1c795b2-0eb3-4c3f-90e0-885cd6449c6a/1780920000.0_mean_300.0_v3" "txea6b5b713fa34f3a87ed0-006a2d15c5" "object-server 20" 0.0007 "-" 14 0
Jun 13 08:33:09 np0000072643 object-server[121075]: 172.20.0.105 - - [13/Jun/2026:08:33:09 +0000] "PUT /d1/356/AUTH_88ae32f2c8204458beb5922823236026/gnocchi.e1c795b2-0eb3-4c3f-90e0-885cd6449c6a/1780920000.0_mean_300.0_v3" 201 - "PUT http://172.18.0.157:8080/v1/AUTH_88ae32f2c8204458beb5922823236026/gnocchi.e1c795b2-0eb3-4c3f-90e0-885cd6449c6a/1780920000.0_mean_300.0_v3" "txea6b5b713fa34f3a87ed0-006a2d15c5" "proxy-server 20" 0.0124 "-" 20 0
Jun 13 08:33:09 np0000072643 container-server[120706]: 172.20.0.104 - - [13/Jun/2026:08:33:09 +0000] "PUT /d1/256/AUTH_88ae32f2c8204458beb5922823236026/gnocchi.fd52dd80-d730-48ec-bdb1-310c92916bce/1780920000.0_mean_300.0_v3" 201 - "PUT http://172.18.0.157:8080/d1/376/AUTH_88ae32f2c8204458beb5922823236026/gnocchi.fd52dd80-d730-48ec-bdb1-310c92916bce/1780920000.0_mean_300.0_v3" "tx8e212e78610d48dc886c7-006a2d15c5" "object-server 22" 0.0008 "-" 17 0
Jun 13 08:33:09 np0000072643 object-server[121075]: 172.20.0.104 - - [13/Jun/2026:08:33:09 +0000] "PUT /d1/376/AUTH_88ae32f2c8204458beb5922823236026/gnocchi.fd52dd80-d730-48ec-bdb1-310c92916bce/1780920000.0_mean_300.0_v3" 201 - "PUT http://172.18.0.157:8080/v1/AUTH_88ae32f2c8204458beb5922823236026/gnocchi.fd52dd80-d730-48ec-bdb1-310c92916bce/1780920000.0_mean_300.0_v3" "tx8e212e78610d48dc886c7-006a2d15c5" "proxy-server 20" 0.0137 "-" 20 0
Jun 13 08:33:09 np0000072643 proxy-server[122491]: 172.18.0.157 172.18.0.104 13/Jun/2026/08/33/09 PUT /v1/AUTH_88ae32f2c8204458beb5922823236026/gnocchi.e1c795b2-0eb3-4c3f-90e0-885cd6449c6a/1780920000.0_mean_300.0_v3 HTTP/1.0 201 - python-swiftclient-3.11.1 gAAAAABqLRV-REV4... 16 - - txea6b5b713fa34f3a87ed0-006a2d15c5 - 0.0235 - - 1781339589.757277966 1781339589.780748844 0
Jun 13 08:33:09 np0000072643 container-server[120689]: 172.20.0.104 - - [13/Jun/2026:08:33:09 +0000] "PUT /d1/256/AUTH_88ae32f2c8204458beb5922823236026/gnocchi.fd52dd80-d730-48ec-bdb1-310c92916bce/none_v3" 201 - "PUT http://172.18.0.157:8080/d1/284/AUTH_88ae32f2c8204458beb5922823236026/gnocchi.fd52dd80-d730-48ec-bdb1-310c92916bce/none_v3" "tx6bb29224dd3447f2bca7e-006a2d15c5" "object-server 22" 0.0007 "-" 14 0
Jun 13 08:33:09 np0000072643 container-server[120689]: 172.20.0.103 - - [13/Jun/2026:08:33:09 +0000] "PUT /d1/546/AUTH_88ae32f2c8204458beb5922823236026/gnocchi.e1c795b2-0eb3-4c3f-90e0-885cd6449c6a/none_v3" 201 - "PUT http://172.18.0.157:8080/d1/119/AUTH_88ae32f2c8204458beb5922823236026/gnocchi.e1c795b2-0eb3-4c3f-90e0-885cd6449c6a/none_v3" "tx1d589cf7bb5c44adb8933-006a2d15c5" "object-server 22" 0.0004 "-" 14 0
Jun 13 08:33:09 np0000072643 object-server[121067]: 172.20.0.105 - - [13/Jun/2026:08:33:09 +0000] "PUT /d1/284/AUTH_88ae32f2c8204458beb5922823236026/gnocchi.fd52dd80-d730-48ec-bdb1-310c92916bce/none_v3" 201 - "PUT http://172.18.0.157:8080/v1/AUTH_88ae32f2c8204458beb5922823236026/gnocchi.fd52dd80-d730-48ec-bdb1-310c92916bce/none_v3" "tx6bb29224dd3447f2bca7e-006a2d15c5" "proxy-server 20" 0.0200 "-" 16 0
Jun 13 08:33:09 np0000072643 object-server[121079]: 172.20.0.103 - - [13/Jun/2026:08:33:09 +0000] "PUT /d1/119/AUTH_88ae32f2c8204458beb5922823236026/gnocchi.e1c795b2-0eb3-4c3f-90e0-885cd6449c6a/none_v3" 201 - "PUT http://172.18.0.157:8080/v1/AUTH_88ae32f2c8204458beb5922823236026/gnocchi.e1c795b2-0eb3-4c3f-90e0-885cd6449c6a/none_v3" "tx1d589cf7bb5c44adb8933-006a2d15c5" "proxy-server 20" 0.0371 "-" 21 0
Jun 13 08:33:09 np0000072643 proxy-server[122491]: 172.18.0.105 172.18.0.104 13/Jun/2026/08/33/09 PUT /v1/AUTH_88ae32f2c8204458beb5922823236026/gnocchi.fd52dd80-d730-48ec-bdb1-310c92916bce/none_v3 HTTP/1.0 201 - python-swiftclient-3.11.1 gAAAAABqLRW9KbrP... 22 - - tx6bb29224dd3447f2bca7e-006a2d15c5 - 0.0637 - - 1781339589.790946245 1781339589.854624510 0
Jun 13 08:33:09 np0000072643 container-server[120706]: 172.20.0.104 - - [13/Jun/2026:08:33:09 +0000] "HEAD /d1/1004/AUTH_88ae32f2c8204458beb5922823236026/gnocchi.48d182e6-1503-4f6b-9cb2-1cf84422a539" 404 - "HEAD http://172.18.0.157:8080/v1/AUTH_88ae32f2c8204458beb5922823236026/gnocchi.48d182e6-1503-4f6b-9cb2-1cf84422a539?format=json&states=listing" "txec5961c77d2d4d6d8d7f3-006a2d15c5" "proxy-server 20" 0.0006 "-" 17 0
Jun 13 08:33:09 np0000072643 object-server[121075]: 172.20.0.104 - - [13/Jun/2026:08:33:09 +0000] "GET /d1/907/AUTH_88ae32f2c8204458beb5922823236026/gnocchi.48d182e6-1503-4f6b-9cb2-1cf84422a539/none_v3" 404 70 "GET http://172.18.0.157:8080/v1/AUTH_88ae32f2c8204458beb5922823236026/gnocchi.48d182e6-1503-4f6b-9cb2-1cf84422a539/none_v3" "txec5961c77d2d4d6d8d7f3-006a2d15c5" "proxy-server 20" 0.0010 "-" 20 0
Jun 13 08:33:09 np0000072643 container-server[120706]: 172.20.0.103 - - [13/Jun/2026:08:33:09 +0000] "HEAD /d1/329/AUTH_88ae32f2c8204458beb5922823236026/gnocchi.46b3007c-d10a-4334-83ba-39bee951cd43" 404 - "HEAD http://172.18.0.157:8080/v1/AUTH_88ae32f2c8204458beb5922823236026/gnocchi.46b3007c-d10a-4334-83ba-39bee951cd43?format=json&states=listing" "tx3f0d44b0beed483ba3888-006a2d15c5" "proxy-server 20" 0.0006 "-" 17 0
Jun 13 08:33:09 np0000072643 object-server[121082]: 172.20.0.103 - - [13/Jun/2026:08:33:09 +0000] "GET /d1/693/AUTH_88ae32f2c8204458beb5922823236026/gnocchi.46b3007c-d10a-4334-83ba-39bee951cd43/none_v3" 404 70 "GET http://172.18.0.157:8080/v1/AUTH_88ae32f2c8204458beb5922823236026/gnocchi.46b3007c-d10a-4334-83ba-39bee951cd43/none_v3" "tx3f0d44b0beed483ba3888-006a2d15c5" "proxy-server 20" 0.0006 "-" 22 0
Jun 13 08:33:09 np0000072643 account-server[120274]: 172.20.0.105 - - [13/Jun/2026:08:33:09 +0000] "PUT /d1/953/AUTH_88ae32f2c8204458beb5922823236026/gnocchi.48d182e6-1503-4f6b-9cb2-1cf84422a539" 201 - "PUT http://172.20.0.105:6001/d1/1004/AUTH_88ae32f2c8204458beb5922823236026/gnocchi.48d182e6-1503-4f6b-9cb2-1cf84422a539" "tx29a588b1ba2741ce9a016-006a2d15c5" "container-server 15" 0.0057 "-" 22 0
Jun 13 08:33:09 np0000072643 container-server[120694]: 172.20.0.105 - - [13/Jun/2026:08:33:09 +0000] "PUT /d1/1004/AUTH_88ae32f2c8204458beb5922823236026/gnocchi.48d182e6-1503-4f6b-9cb2-1cf84422a539" 201 - "PUT http://172.18.0.157:8080/v1/AUTH_88ae32f2c8204458beb5922823236026/gnocchi.48d182e6-1503-4f6b-9cb2-1cf84422a539" "tx29a588b1ba2741ce9a016-006a2d15c5" "proxy-server 20" 0.0157 "-" 15 0
Jun 13 08:33:09 np0000072643 proxy-server[122491]: 172.18.0.157 172.18.0.104 13/Jun/2026/08/33/09 PUT /v1/AUTH_88ae32f2c8204458beb5922823236026/gnocchi.48d182e6-1503-4f6b-9cb2-1cf84422a539 HTTP/1.0 201 - python-swiftclient-3.11.1 gAAAAABqLRV-REV4... - - - tx29a588b1ba2741ce9a016-006a2d15c5 - 0.0313 - - 1781339589.883506060 1781339589.914802074 0
Jun 13 08:33:09 np0000072643 account-server[120261]: 172.20.0.105 - - [13/Jun/2026:08:33:09 +0000] "PUT /d1/953/AUTH_88ae32f2c8204458beb5922823236026/gnocchi.46b3007c-d10a-4334-83ba-39bee951cd43" 201 - "PUT http://172.20.0.105:6001/d1/329/AUTH_88ae32f2c8204458beb5922823236026/gnocchi.46b3007c-d10a-4334-83ba-39bee951cd43" "txb371d255e5454447b102f-006a2d15c5" "container-server 14" 0.0043 "-" 21 0
Jun 13 08:33:09 np0000072643 container-server[120689]: 172.20.0.104 - - [13/Jun/2026:08:33:09 +0000] "PUT /d1/329/AUTH_88ae32f2c8204458beb5922823236026/gnocchi.46b3007c-d10a-4334-83ba-39bee951cd43" 201 - "PUT http://172.18.0.157:8080/v1/AUTH_88ae32f2c8204458beb5922823236026/gnocchi.46b3007c-d10a-4334-83ba-39bee951cd43" "txb371d255e5454447b102f-006a2d15c5" "proxy-server 20" 0.0131 "-" 14 0
Jun 13 08:33:09 np0000072643 container-server[120689]: 172.20.0.105 - - [13/Jun/2026:08:33:09 +0000] "HEAD /d1/329/AUTH_88ae32f2c8204458beb5922823236026/gnocchi.46b3007c-d10a-4334-83ba-39bee951cd43" 204 - "HEAD http://172.18.0.157:8080/v1/AUTH_88ae32f2c8204458beb5922823236026/gnocchi.46b3007c-d10a-4334-83ba-39bee951cd43?format=json&states=listing" "txb37b98e903804734824b2-006a2d15c5" "proxy-server 20" 0.0014 "-" 14 0
Jun 13 08:33:09 np0000072643 proxy-server[122491]: - - 13/Jun/2026/08/33/09 HEAD /v1/AUTH_88ae32f2c8204458beb5922823236026/gnocchi.46b3007c-d10a-4334-83ba-39bee951cd43%3Fformat%3Djson%26states%3Dlisting HTTP/1.0 204 - Swift - - - - txb37b98e903804734824b2-006a2d15c5 - 0.0087 RL - 1781339589.939311266 1781339589.948029757 0
Jun 13 08:33:09 np0000072643 object-server[121075]: 172.20.0.104 - - [13/Jun/2026:08:33:09 +0000] "GET /d1/864/AUTH_88ae32f2c8204458beb5922823236026/gnocchi.48d182e6-1503-4f6b-9cb2-1cf84422a539/1780920000.0_mean_300.0_v3" 404 70 "GET http://172.18.0.157:8080/v1/AUTH_88ae32f2c8204458beb5922823236026/gnocchi.48d182e6-1503-4f6b-9cb2-1cf84422a539/1780920000.0_mean_300.0_v3" "tx362a92b343ff43f6b5cde-006a2d15c5" "proxy-server 20" 0.0005 "-" 20 0
Jun 13 08:33:09 np0000072643 proxy-server[122491]: 172.18.0.105 172.18.0.104 13/Jun/2026/08/33/09 GET /v1/AUTH_88ae32f2c8204458beb5922823236026/gnocchi.46b3007c-d10a-4334-83ba-39bee951cd43%3Fformat%3Djson%26states%3Dlisting HTTP/1.0 200 - python-swiftclient-3.11.1 gAAAAABqLRW9KbrP... - 2 - txb37b98e903804734824b2-006a2d15c5 - 0.0267 - - 1781339589.937421322 1781339589.964135170 0
Jun 13 08:33:09 np0000072643 object-server[121075]: 172.20.0.105 - - [13/Jun/2026:08:33:09 +0000] "GET /d1/638/AUTH_88ae32f2c8204458beb5922823236026/gnocchi.46b3007c-d10a-4334-83ba-39bee951cd43/1780920000.0_mean_300.0_v3" 404 70 "GET http://172.18.0.157:8080/v1/AUTH_88ae32f2c8204458beb5922823236026/gnocchi.46b3007c-d10a-4334-83ba-39bee951cd43/1780920000.0_mean_300.0_v3" "txc1ce4cfec9c94a9b84542-006a2d15c5" "proxy-server 20" 0.0011 "-" 20 0
Jun 13 08:33:09 np0000072643 container-server[120689]: 172.20.0.105 - - [13/Jun/2026:08:33:09 +0000] "PUT /d1/1004/AUTH_88ae32f2c8204458beb5922823236026/gnocchi.48d182e6-1503-4f6b-9cb2-1cf84422a539/1780920000.0_mean_300.0_v3" 201 - "PUT http://172.18.0.157:8080/d1/864/AUTH_88ae32f2c8204458beb5922823236026/gnocchi.48d182e6-1503-4f6b-9cb2-1cf84422a539/1780920000.0_mean_300.0_v3" "tx1fd9dd5403824d39a69f7-006a2d15c5" "object-server 22" 0.0005 "-" 14 0
