2026-06-13 07:53:49.088 18 DEBUG neutron.api.rpc.callbacks.version_manager [req-91bcfe6f-4797-4d35-95e5-cb5c92922f45 42553efb561b4c72b0a54371581534ec 23cc787e970b46aca4700b4de10d59e1 - - -] Version for resource type Port changed None to 1.7 on consumer Open vSwitch agent@undercloud.localdomain _set_version /usr/lib/python3.9/site-packages/neutron/api/rpc/callbacks/version_manager.py:113
2026-06-13 07:53:49.088 18 DEBUG neutron.api.rpc.callbacks.version_manager [req-91bcfe6f-4797-4d35-95e5-cb5c92922f45 42553efb561b4c72b0a54371581534ec 23cc787e970b46aca4700b4de10d59e1 - - -] Version for resource type PortForwarding changed None to 1.2 on consumer Open vSwitch agent@undercloud.localdomain _set_version /usr/lib/python3.9/site-packages/neutron/api/rpc/callbacks/version_manager.py:113
2026-06-13 07:53:49.088 18 DEBUG neutron.api.rpc.callbacks.version_manager [req-91bcfe6f-4797-4d35-95e5-cb5c92922f45 42553efb561b4c72b0a54371581534ec 23cc787e970b46aca4700b4de10d59e1 - - -] Version for resource type QosPolicy changed None to 1.8 on consumer Open vSwitch agent@undercloud.localdomain _set_version /usr/lib/python3.9/site-packages/neutron/api/rpc/callbacks/version_manager.py:113
2026-06-13 07:53:49.088 18 DEBUG neutron.api.rpc.callbacks.version_manager [req-91bcfe6f-4797-4d35-95e5-cb5c92922f45 42553efb561b4c72b0a54371581534ec 23cc787e970b46aca4700b4de10d59e1 - - -] Version for resource type SecurityGroup changed None to 1.5 on consumer Open vSwitch agent@undercloud.localdomain _set_version /usr/lib/python3.9/site-packages/neutron/api/rpc/callbacks/version_manager.py:113
2026-06-13 07:53:49.088 18 DEBUG neutron.api.rpc.callbacks.version_manager [req-91bcfe6f-4797-4d35-95e5-cb5c92922f45 42553efb561b4c72b0a54371581534ec 23cc787e970b46aca4700b4de10d59e1 - - -] Version for resource type SecurityGroupRule changed None to 1.2 on consumer Open vSwitch agent@undercloud.localdomain _set_version /usr/lib/python3.9/site-packages/neutron/api/rpc/callbacks/version_manager.py:113
2026-06-13 07:53:49.088 18 DEBUG neutron.api.rpc.callbacks.version_manager [req-91bcfe6f-4797-4d35-95e5-cb5c92922f45 42553efb561b4c72b0a54371581534ec 23cc787e970b46aca4700b4de10d59e1 - - -] Version for resource type SubPort changed None to 1.0 on consumer Open vSwitch agent@undercloud.localdomain _set_version /usr/lib/python3.9/site-packages/neutron/api/rpc/callbacks/version_manager.py:113
2026-06-13 07:53:49.088 18 DEBUG neutron.api.rpc.callbacks.version_manager [req-91bcfe6f-4797-4d35-95e5-cb5c92922f45 42553efb561b4c72b0a54371581534ec 23cc787e970b46aca4700b4de10d59e1 - - -] Version for resource type Subnet changed None to 1.1 on consumer Open vSwitch agent@undercloud.localdomain _set_version /usr/lib/python3.9/site-packages/neutron/api/rpc/callbacks/version_manager.py:113
2026-06-13 07:53:49.089 18 DEBUG neutron.api.rpc.callbacks.version_manager [req-91bcfe6f-4797-4d35-95e5-cb5c92922f45 42553efb561b4c72b0a54371581534ec 23cc787e970b46aca4700b4de10d59e1 - - -] Version for resource type Trunk changed None to 1.1 on consumer Open vSwitch agent@undercloud.localdomain _set_version /usr/lib/python3.9/site-packages/neutron/api/rpc/callbacks/version_manager.py:113
2026-06-13 07:53:49.094 18 INFO neutron.wsgi [req-91bcfe6f-4797-4d35-95e5-cb5c92922f45 42553efb561b4c72b0a54371581534ec 23cc787e970b46aca4700b4de10d59e1 - default default] 192.168.122.100 "POST /v2.0/ports HTTP/1.1" status: 201 len: 1040 time: 0.2792869
2026-06-13 07:53:49.101 18 DEBUG neutron.services.tag.tag_plugin [req-a982f83d-0023-4393-b22e-bfaeb3ebef8c 42553efb561b4c72b0a54371581534ec 23cc787e970b46aca4700b4de10d59e1 - default default] neutron.services.tag.tag_plugin.TagPlugin method update_tags called with arguments (, 'ports', '109fa212-1ef5-47c9-83d5-1a95ccbb17cd', {'tags': ['tripleo_stack_name=overcloud', 'tripleo_ovn_physnet=datacentre']}) {} wrapper /usr/lib/python3.9/site-packages/oslo_log/helpers.py:65
2026-06-13 07:53:49.112 16 DEBUG neutron.scheduler.dhcp_agent_scheduler [req-6149d139-ebff-48c3-8a39-012828e50dc5 42553efb561b4c72b0a54371581534ec 23cc787e970b46aca4700b4de10d59e1 - default default] Network 0f5597d1-07e8-42fa-b5d6-74571b6037b8 is already hosted by enough agents. _get_dhcp_agents_hosting_network /usr/lib/python3.9/site-packages/neutron/scheduler/dhcp_agent_scheduler.py:275
2026-06-13 07:53:49.113 16 DEBUG neutron.scheduler.base_scheduler [req-6149d139-ebff-48c3-8a39-012828e50dc5 42553efb561b4c72b0a54371581534ec 23cc787e970b46aca4700b4de10d59e1 - default default] Resources bound (agent type, host, resource id): schedule /usr/lib/python3.9/site-packages/neutron/scheduler/base_scheduler.py:57
2026-06-13 07:53:49.115 16 DEBUG neutron.pecan_wsgi.hooks.policy_enforcement [req-6149d139-ebff-48c3-8a39-012828e50dc5 42553efb561b4c72b0a54371581534ec 23cc787e970b46aca4700b4de10d59e1 - default default] Attributes excluded by policy engine: ['standard_attr_id', 'network'] _exclude_attributes_by_policy /usr/lib/python3.9/site-packages/neutron/pecan_wsgi/hooks/policy_enforcement.py:259
2026-06-13 07:53:49.116 16 DEBUG neutron_lib.callbacks.manager [req-6149d139-ebff-48c3-8a39-012828e50dc5 42553efb561b4c72b0a54371581534ec 23cc787e970b46aca4700b4de10d59e1 - default default] Notify callbacks ['neutron.notifiers.nova.Notifier._send_nova_notification-440596', 'neutron.api.rpc.agentnotifiers.dhcp_rpc_agent_api.DhcpAgentNotifyAPI._send_dhcp_notification-3508312'] for port, before_response _notify_loop /usr/lib/python3.9/site-packages/neutron_lib/callbacks/manager.py:200
2026-06-13 07:53:49.120 17 INFO neutron.wsgi [req-a81f2835-a9b2-41ac-84c4-1b98efa85f75 42553efb561b4c72b0a54371581534ec 23cc787e970b46aca4700b4de10d59e1 - default default] 192.168.122.100 "PUT /v2.0/ports/b8936558-a34a-4bed-8117-58ea774ee277/tags HTTP/1.1" status: 200 len: 274 time: 0.0400434
2026-06-13 07:53:49.129 16 INFO neutron.wsgi [req-6149d139-ebff-48c3-8a39-012828e50dc5 42553efb561b4c72b0a54371581534ec 23cc787e970b46aca4700b4de10d59e1 - default default] 192.168.122.100 "POST /v2.0/ports HTTP/1.1" status: 201 len: 1040 time: 0.2746642
2026-06-13 07:53:49.130 18 INFO neutron.wsgi [req-a982f83d-0023-4393-b22e-bfaeb3ebef8c 42553efb561b4c72b0a54371581534ec 23cc787e970b46aca4700b4de10d59e1 - default default] 192.168.122.100 "PUT /v2.0/ports/109fa212-1ef5-47c9-83d5-1a95ccbb17cd/tags HTTP/1.1" status: 200 len: 274 time: 0.0313263
2026-06-13 07:53:49.131 16 DEBUG neutron.api.rpc.handlers.resources_rpc [req-6149d139-ebff-48c3-8a39-012828e50dc5 42553efb561b4c72b0a54371581534ec 23cc787e970b46aca4700b4de10d59e1 - - -] Pushing event updated for resources: {'Port': ['ID=9e8fad46-6708-4c32-90e0-a2bb033c5f83,revision_number=1']} push /usr/lib/python3.9/site-packages/neutron/api/rpc/handlers/resources_rpc.py:237
2026-06-13 07:53:49.138 18 DEBUG neutron.services.tag.tag_plugin [req-eeb03cc8-a4f0-4747-848b-ee53749160de 42553efb561b4c72b0a54371581534ec 23cc787e970b46aca4700b4de10d59e1 - default default] neutron.services.tag.tag_plugin.TagPlugin method update_tags called with arguments (, 'ports', '9e8fad46-6708-4c32-90e0-a2bb033c5f83', {'tags': ['tripleo_stack_name=overcloud', 'tripleo_ovn_physnet=datacentre']}) {} wrapper /usr/lib/python3.9/site-packages/oslo_log/helpers.py:65
2026-06-13 07:53:49.169 18 INFO neutron.wsgi [req-eeb03cc8-a4f0-4747-848b-ee53749160de 42553efb561b4c72b0a54371581534ec 23cc787e970b46aca4700b4de10d59e1 - default default] 192.168.122.100 "PUT /v2.0/ports/9e8fad46-6708-4c32-90e0-a2bb033c5f83/tags HTTP/1.1" status: 200 len: 274 time: 0.0336688
2026-06-13 07:53:49.218 18 DEBUG neutron.pecan_wsgi.hooks.policy_enforcement [req-8f3429d7-c06e-47cb-a08f-dd9c9c52b3c5 42553efb561b4c72b0a54371581534ec 23cc787e970b46aca4700b4de10d59e1 - default default] Attributes excluded by policy engine: ['standard_attr_id'] _exclude_attributes_by_policy /usr/lib/python3.9/site-packages/neutron/pecan_wsgi/hooks/policy_enforcement.py:259
2026-06-13 07:53:49.218 18 DEBUG neutron.pecan_wsgi.hooks.policy_enforcement [req-8f3429d7-c06e-47cb-a08f-dd9c9c52b3c5 42553efb561b4c72b0a54371581534ec 23cc787e970b46aca4700b4de10d59e1 - default default] Attributes excluded by policy engine: ['standard_attr_id'] _exclude_attributes_by_policy /usr/lib/python3.9/site-packages/neutron/pecan_wsgi/hooks/policy_enforcement.py:259
2026-06-13 07:53:49.219 18 DEBUG neutron.pecan_wsgi.hooks.policy_enforcement [req-8f3429d7-c06e-47cb-a08f-dd9c9c52b3c5 42553efb561b4c72b0a54371581534ec 23cc787e970b46aca4700b4de10d59e1 - default default] Attributes excluded by policy engine: ['standard_attr_id'] _exclude_attributes_by_policy /usr/lib/python3.9/site-packages/neutron/pecan_wsgi/hooks/policy_enforcement.py:259
2026-06-13 07:53:49.219 18 DEBUG neutron.pecan_wsgi.hooks.policy_enforcement [req-8f3429d7-c06e-47cb-a08f-dd9c9c52b3c5 42553efb561b4c72b0a54371581534ec 23cc787e970b46aca4700b4de10d59e1 - default default] Attributes excluded by policy engine: ['standard_attr_id'] _exclude_attributes_by_policy /usr/lib/python3.9/site-packages/neutron/pecan_wsgi/hooks/policy_enforcement.py:259
2026-06-13 07:53:49.219 18 DEBUG neutron.pecan_wsgi.hooks.policy_enforcement [req-8f3429d7-c06e-47cb-a08f-dd9c9c52b3c5 42553efb561b4c72b0a54371581534ec 23cc787e970b46aca4700b4de10d59e1 - default default] Attributes excluded by policy engine: ['standard_attr_id'] _exclude_attributes_by_policy /usr/lib/python3.9/site-packages/neutron/pecan_wsgi/hooks/policy_enforcement.py:259
2026-06-13 07:53:49.219 18 DEBUG neutron.pecan_wsgi.hooks.policy_enforcement [req-8f3429d7-c06e-47cb-a08f-dd9c9c52b3c5 42553efb561b4c72b0a54371581534ec 23cc787e970b46aca4700b4de10d59e1 - default default] Attributes excluded by policy engine: ['standard_attr_id'] _exclude_attributes_by_policy /usr/lib/python3.9/site-packages/neutron/pecan_wsgi/hooks/policy_enforcement.py:259
2026-06-13 07:53:49.220 18 INFO neutron.wsgi [req-8f3429d7-c06e-47cb-a08f-dd9c9c52b3c5 42553efb561b4c72b0a54371581534ec 23cc787e970b46aca4700b4de10d59e1 - default default] 192.168.122.100 "GET /v2.0/ports?network_id=0f5597d1-07e8-42fa-b5d6-74571b6037b8&tags=tripleo_stack_name%3Dovercloud HTTP/1.1" status: 200 len: 5557 time: 0.0465109
2026-06-13 07:53:49.265 18 DEBUG neutron.plugins.ml2.plugin [req-7b7fa0ab-fa01-4895-ad9f-8bfc0b4d3b33 42553efb561b4c72b0a54371581534ec 23cc787e970b46aca4700b4de10d59e1 - default default] Deleting port 4f085392-006a-444f-8dc2-a43bb46f4429 _pre_delete_port /usr/lib/python3.9/site-packages/neutron/plugins/ml2/plugin.py:2025
2026-06-13 07:53:49.265 18 DEBUG neutron_lib.callbacks.manager [req-7b7fa0ab-fa01-4895-ad9f-8bfc0b4d3b33 42553efb561b4c72b0a54371581534ec 23cc787e970b46aca4700b4de10d59e1 - default default] Notify callbacks ['neutron.plugins.ml2.extensions.dns_integration._delete_port_in_external_dns_service-8786880592092', 'neutron.db.l3_db.L3_NAT_dbonly_mixin._prevent_l3_port_delete_callback-8786880656267'] for port, before_delete _notify_loop /usr/lib/python3.9/site-packages/neutron_lib/callbacks/manager.py:200
2026-06-13 07:53:49.385 18 DEBUG neutron_lib.callbacks.manager [req-7b7fa0ab-fa01-4895-ad9f-8bfc0b4d3b33 42553efb561b4c72b0a54371581534ec 23cc787e970b46aca4700b4de10d59e1 - default default] Notify callbacks ['neutron.services.l3_router.l3_router_plugin.L3_NAT_dbonly_mixin._precommit_delete_port_callback-3702500'] for port, precommit_delete _notify_loop /usr/lib/python3.9/site-packages/neutron_lib/callbacks/manager.py:200
2026-06-13 07:53:49.394 18 DEBUG neutron.plugins.ml2.plugin [req-7b7fa0ab-fa01-4895-ad9f-8bfc0b4d3b33 42553efb561b4c72b0a54371581534ec 23cc787e970b46aca4700b4de10d59e1 - default default] Calling delete_port for 4f085392-006a-444f-8dc2-a43bb46f4429 owned by delete_port /usr/lib/python3.9/site-packages/neutron/plugins/ml2/plugin.py:2097
2026-06-13 07:53:49.469 18 DEBUG neutron_lib.callbacks.manager [req-7b7fa0ab-fa01-4895-ad9f-8bfc0b4d3b33 42553efb561b4c72b0a54371581534ec 23cc787e970b46aca4700b4de10d59e1 - default default] Notify callbacks ['neutron.plugins.ml2.plugin.SecurityGroupServerNotifierRpcMixin.notify_sg_on_port_change-552002', 'neutron.plugins.ml2.ovo_rpc._ObjectChangeHandler.handle_event-349496', 'neutron.api.rpc.agentnotifiers.dhcp_rpc_agent_api.DhcpAgentNotifyAPI._native_event_send_dhcp_notification-3508330', 'neutron.db.l3_db.L3RpcNotifierMixin._notify_routers_callback-8786880629980', 'neutron.services.segments.plugin.NovaSegmentNotifier._notify_port_created_or_deleted-3868607'] for port, after_delete _notify_loop /usr/lib/python3.9/site-packages/neutron_lib/callbacks/manager.py:200
2026-06-13 07:53:49.515 18 DEBUG neutron.api.rpc.handlers.resources_rpc [req-7b7fa0ab-fa01-4895-ad9f-8bfc0b4d3b33 42553efb561b4c72b0a54371581534ec 23cc787e970b46aca4700b4de10d59e1 - - -] Pushing event deleted for resources: {'Port': ['ID=4f085392-006a-444f-8dc2-a43bb46f4429,revision_number=None']} push /usr/lib/python3.9/site-packages/neutron/api/rpc/handlers/resources_rpc.py:237
2026-06-13 07:53:49.531 18 DEBUG neutron_lib.callbacks.manager [req-7b7fa0ab-fa01-4895-ad9f-8bfc0b4d3b33 42553efb561b4c72b0a54371581534ec 23cc787e970b46aca4700b4de10d59e1 - default default] Notify callbacks ['neutron.notifiers.nova.Notifier._send_nova_notification-440596', 'neutron.api.rpc.agentnotifiers.dhcp_rpc_agent_api.DhcpAgentNotifyAPI._send_dhcp_notification-3508312'] for port, before_response _notify_loop /usr/lib/python3.9/site-packages/neutron_lib/callbacks/manager.py:200
2026-06-13 07:53:49.533 18 INFO neutron.wsgi [req-7b7fa0ab-fa01-4895-ad9f-8bfc0b4d3b33 42553efb561b4c72b0a54371581534ec 23cc787e970b46aca4700b4de10d59e1 - default default] 192.168.122.100 "DELETE /v2.0/ports/4f085392-006a-444f-8dc2-a43bb46f4429 HTTP/1.1" status: 204 len: 173 time: 0.3038194
2026-06-13 07:53:49.594 18 DEBUG neutron.plugins.ml2.plugin [req-4b3829c0-72bb-4afb-b0b2-8a28e5bbd02f 42553efb561b4c72b0a54371581534ec 23cc787e970b46aca4700b4de10d59e1 - default default] Deleting port 84fde2ca-a46d-4751-abd6-8a6659748a90 _pre_delete_port /usr/lib/python3.9/site-packages/neutron/plugins/ml2/plugin.py:2025
2026-06-13 07:53:49.594 18 DEBUG neutron_lib.callbacks.manager [req-4b3829c0-72bb-4afb-b0b2-8a28e5bbd02f 42553efb561b4c72b0a54371581534ec 23cc787e970b46aca4700b4de10d59e1 - default default] Notify callbacks ['neutron.plugins.ml2.extensions.dns_integration._delete_port_in_external_dns_service-8786880592092', 'neutron.db.l3_db.L3_NAT_dbonly_mixin._prevent_l3_port_delete_callback-8786880656267'] for port, before_delete _notify_loop /usr/lib/python3.9/site-packages/neutron_lib/callbacks/manager.py:200
2026-06-13 07:53:49.700 18 DEBUG neutron_lib.callbacks.manager [req-4b3829c0-72bb-4afb-b0b2-8a28e5bbd02f 42553efb561b4c72b0a54371581534ec 23cc787e970b46aca4700b4de10d59e1 - default default] Notify callbacks ['neutron.services.l3_router.l3_router_plugin.L3_NAT_dbonly_mixin._precommit_delete_port_callback-3702500'] for port, precommit_delete _notify_loop /usr/lib/python3.9/site-packages/neutron_lib/callbacks/manager.py:200
2026-06-13 07:53:49.708 18 DEBUG neutron.plugins.ml2.plugin [req-4b3829c0-72bb-4afb-b0b2-8a28e5bbd02f 42553efb561b4c72b0a54371581534ec 23cc787e970b46aca4700b4de10d59e1 - default default] Calling delete_port for 84fde2ca-a46d-4751-abd6-8a6659748a90 owned by delete_port /usr/lib/python3.9/site-packages/neutron/plugins/ml2/plugin.py:2097
2026-06-13 07:53:49.743 18 DEBUG neutron_lib.callbacks.manager [req-4b3829c0-72bb-4afb-b0b2-8a28e5bbd02f 42553efb561b4c72b0a54371581534ec 23cc787e970b46aca4700b4de10d59e1 - default default] Notify callbacks ['neutron.plugins.ml2.plugin.SecurityGroupServerNotifierRpcMixin.notify_sg_on_port_change-552002', 'neutron.plugins.ml2.ovo_rpc._ObjectChangeHandler.handle_event-349496', 'neutron.api.rpc.agentnotifiers.dhcp_rpc_agent_api.DhcpAgentNotifyAPI._native_event_send_dhcp_notification-3508330', 'neutron.db.l3_db.L3RpcNotifierMixin._notify_routers_callback-8786880629980', 'neutron.services.segments.plugin.NovaSegmentNotifier._notify_port_created_or_deleted-3868607'] for port, after_delete _notify_loop /usr/lib/python3.9/site-packages/neutron_lib/callbacks/manager.py:200
2026-06-13 07:53:49.764 18 DEBUG neutron.api.rpc.handlers.resources_rpc [req-4b3829c0-72bb-4afb-b0b2-8a28e5bbd02f 42553efb561b4c72b0a54371581534ec 23cc787e970b46aca4700b4de10d59e1 - - -] Pushing event deleted for resources: {'Port': ['ID=84fde2ca-a46d-4751-abd6-8a6659748a90,revision_number=None']} push /usr/lib/python3.9/site-packages/neutron/api/rpc/handlers/resources_rpc.py:237
2026-06-13 07:53:49.767 18 DEBUG neutron_lib.callbacks.manager [req-4b3829c0-72bb-4afb-b0b2-8a28e5bbd02f 42553efb561b4c72b0a54371581534ec 23cc787e970b46aca4700b4de10d59e1 - default default] Notify callbacks ['neutron.notifiers.nova.Notifier._send_nova_notification-440596', 'neutron.api.rpc.agentnotifiers.dhcp_rpc_agent_api.DhcpAgentNotifyAPI._send_dhcp_notification-3508312'] for port, before_response _notify_loop /usr/lib/python3.9/site-packages/neutron_lib/callbacks/manager.py:200
2026-06-13 07:53:49.768 18 INFO neutron.wsgi [req-4b3829c0-72bb-4afb-b0b2-8a28e5bbd02f 42553efb561b4c72b0a54371581534ec 23cc787e970b46aca4700b4de10d59e1 - default default] 192.168.122.100 "DELETE /v2.0/ports/84fde2ca-a46d-4751-abd6-8a6659748a90 HTTP/1.1" status: 204 len: 173 time: 0.2316246
2026-06-13 07:53:49.808 18 DEBUG neutron.plugins.ml2.plugin [req-2ff379ed-bb1a-436c-a8d0-7297a4c60ae4 42553efb561b4c72b0a54371581534ec 23cc787e970b46aca4700b4de10d59e1 - default default] Deleting port e36fc20a-f58b-45aa-982c-76f1b028f5bf _pre_delete_port /usr/lib/python3.9/site-packages/neutron/plugins/ml2/plugin.py:2025
2026-06-13 07:53:49.808 18 DEBUG neutron_lib.callbacks.manager [req-2ff379ed-bb1a-436c-a8d0-7297a4c60ae4 42553efb561b4c72b0a54371581534ec 23cc787e970b46aca4700b4de10d59e1 - default default] Notify callbacks ['neutron.plugins.ml2.extensions.dns_integration._delete_port_in_external_dns_service-8786880592092', 'neutron.db.l3_db.L3_NAT_dbonly_mixin._prevent_l3_port_delete_callback-8786880656267'] for port, before_delete _notify_loop /usr/lib/python3.9/site-packages/neutron_lib/callbacks/manager.py:200
2026-06-13 07:53:49.942 18 DEBUG neutron_lib.callbacks.manager [req-2ff379ed-bb1a-436c-a8d0-7297a4c60ae4 42553efb561b4c72b0a54371581534ec 23cc787e970b46aca4700b4de10d59e1 - default default] Notify callbacks ['neutron.services.l3_router.l3_router_plugin.L3_NAT_dbonly_mixin._precommit_delete_port_callback-3702500'] for port, precommit_delete _notify_loop /usr/lib/python3.9/site-packages/neutron_lib/callbacks/manager.py:200
2026-06-13 07:53:49.958 18 DEBUG neutron.plugins.ml2.plugin [req-2ff379ed-bb1a-436c-a8d0-7297a4c60ae4 42553efb561b4c72b0a54371581534ec 23cc787e970b46aca4700b4de10d59e1 - default default] Calling delete_port for e36fc20a-f58b-45aa-982c-76f1b028f5bf owned by delete_port /usr/lib/python3.9/site-packages/neutron/plugins/ml2/plugin.py:2097
2026-06-13 07:53:50.020 18 DEBUG neutron_lib.callbacks.manager [req-2ff379ed-bb1a-436c-a8d0-7297a4c60ae4 42553efb561b4c72b0a54371581534ec 23cc787e970b46aca4700b4de10d59e1 - default default] Notify callbacks ['neutron.plugins.ml2.plugin.SecurityGroupServerNotifierRpcMixin.notify_sg_on_port_change-552002', 'neutron.plugins.ml2.ovo_rpc._ObjectChangeHandler.handle_event-349496', 'neutron.api.rpc.agentnotifiers.dhcp_rpc_agent_api.DhcpAgentNotifyAPI._native_event_send_dhcp_notification-3508330', 'neutron.db.l3_db.L3RpcNotifierMixin._notify_routers_callback-8786880629980', 'neutron.services.segments.plugin.NovaSegmentNotifier._notify_port_created_or_deleted-3868607'] for port, after_delete _notify_loop /usr/lib/python3.9/site-packages/neutron_lib/callbacks/manager.py:200
2026-06-13 07:53:50.051 18 DEBUG neutron.api.rpc.handlers.resources_rpc [req-2ff379ed-bb1a-436c-a8d0-7297a4c60ae4 42553efb561b4c72b0a54371581534ec 23cc787e970b46aca4700b4de10d59e1 - - -] Pushing event deleted for resources: {'Port': ['ID=e36fc20a-f58b-45aa-982c-76f1b028f5bf,revision_number=None']} push /usr/lib/python3.9/site-packages/neutron/api/rpc/handlers/resources_rpc.py:237
2026-06-13 07:53:50.058 18 DEBUG neutron_lib.callbacks.manager [req-2ff379ed-bb1a-436c-a8d0-7297a4c60ae4 42553efb561b4c72b0a54371581534ec 23cc787e970b46aca4700b4de10d59e1 - default default] Notify callbacks ['neutron.notifiers.nova.Notifier._send_nova_notification-440596', 'neutron.api.rpc.agentnotifiers.dhcp_rpc_agent_api.DhcpAgentNotifyAPI._send_dhcp_notification-3508312'] for port, before_response _notify_loop /usr/lib/python3.9/site-packages/neutron_lib/callbacks/manager.py:200
2026-06-13 07:53:50.063 18 INFO neutron.wsgi [req-2ff379ed-bb1a-436c-a8d0-7297a4c60ae4 42553efb561b4c72b0a54371581534ec 23cc787e970b46aca4700b4de10d59e1 - default default] 192.168.122.100 "DELETE /v2.0/ports/e36fc20a-f58b-45aa-982c-76f1b028f5bf HTTP/1.1" status: 204 len: 173 time: 0.2845378
2026-06-13 07:53:50.138 18 DEBUG neutron.pecan_wsgi.hooks.policy_enforcement [req-14e8c9bd-a229-4ce6-8c96-6e317fbb68c9 42553efb561b4c72b0a54371581534ec 23cc787e970b46aca4700b4de10d59e1 - default default] Attributes excluded by policy engine: ['standard_attr_id'] _exclude_attributes_by_policy /usr/lib/python3.9/site-packages/neutron/pecan_wsgi/hooks/policy_enforcement.py:259
2026-06-13 07:53:50.139 18 DEBUG neutron.pecan_wsgi.hooks.policy_enforcement [req-14e8c9bd-a229-4ce6-8c96-6e317fbb68c9 42553efb561b4c72b0a54371581534ec 23cc787e970b46aca4700b4de10d59e1 - default default] Attributes excluded by policy engine: ['standard_attr_id'] _exclude_attributes_by_policy /usr/lib/python3.9/site-packages/neutron/pecan_wsgi/hooks/policy_enforcement.py:259
2026-06-13 07:53:50.139 18 DEBUG neutron.pecan_wsgi.hooks.policy_enforcement [req-14e8c9bd-a229-4ce6-8c96-6e317fbb68c9 42553efb561b4c72b0a54371581534ec 23cc787e970b46aca4700b4de10d59e1 - default default] Attributes excluded by policy engine: ['standard_attr_id'] _exclude_attributes_by_policy /usr/lib/python3.9/site-packages/neutron/pecan_wsgi/hooks/policy_enforcement.py:259
2026-06-13 07:53:50.141 18 INFO neutron.wsgi [req-14e8c9bd-a229-4ce6-8c96-6e317fbb68c9 42553efb561b4c72b0a54371581534ec 23cc787e970b46aca4700b4de10d59e1 - default default] 192.168.122.100 "GET /v2.0/ports?network_id=0f5597d1-07e8-42fa-b5d6-74571b6037b8&tags=tripleo_stack_name%3Dovercloud HTTP/1.1" status: 200 len: 2884 time: 0.0763650
2026-06-13 07:53:58.324 18 DEBUG neutron.wsgi [-] (18) accepted ('192.168.122.100', 48680) server /usr/lib/python3.9/site-packages/eventlet/wsgi.py:992
2026-06-13 07:53:58.327 18 INFO neutron.wsgi [-] 192.168.122.100 "GET / HTTP/1.1" status: 200 len: 233 time: 0.0015953
2026-06-13 07:54:29.700 18 DEBUG neutron.wsgi [-] (18) accepted ('192.168.122.100', 48596) server /usr/lib/python3.9/site-packages/eventlet/wsgi.py:992
2026-06-13 07:54:29.703 18 INFO neutron.wsgi [-] 192.168.122.100 "GET / HTTP/1.1" status: 200 len: 233 time: 0.0013387
2026-06-13 07:55:00.601 17 DEBUG neutron.wsgi [-] (17) accepted ('192.168.122.100', 48136) server /usr/lib/python3.9/site-packages/eventlet/wsgi.py:992
2026-06-13 07:55:00.604 17 INFO neutron.wsgi [-] 192.168.122.100 "GET / HTTP/1.1" status: 200 len: 233 time: 0.0016065
2026-06-13 07:55:31.243 17 DEBUG neutron.wsgi [-] (17) accepted ('192.168.122.100', 38442) server /usr/lib/python3.9/site-packages/eventlet/wsgi.py:992
2026-06-13 07:55:31.246 17 INFO neutron.wsgi [-] 192.168.122.100 "GET / HTTP/1.1" status: 200 len: 233 time: 0.0024958
2026-06-13 07:56:02.045 15 DEBUG neutron.wsgi [-] (15) accepted ('192.168.122.100', 42970) server /usr/lib/python3.9/site-packages/eventlet/wsgi.py:992
2026-06-13 07:56:02.048 15 INFO neutron.wsgi [-] 192.168.122.100 "GET / HTTP/1.1" status: 200 len: 233 time: 0.0017619
2026-06-13 07:56:32.614 16 DEBUG neutron.wsgi [-] (16) accepted ('192.168.122.100', 57190) server /usr/lib/python3.9/site-packages/eventlet/wsgi.py:992
2026-06-13 07:56:32.618 16 INFO neutron.wsgi [-] 192.168.122.100 "GET / HTTP/1.1" status: 200 len: 233 time: 0.0022304
2026-06-13 07:56:40.036 21 DEBUG neutron_lib.callbacks.manager [req-2d0bdbe1-1b92-45cb-abd4-87e3a6d8fb9f - - - - -] Notify callbacks ['neutron.services.segments.db._update_segment_host_mapping_for_agent-8786880707422', 'neutron.plugins.ml2.plugin.Ml2Plugin._retry_binding_revived_agents-659223'] for agent, after_update _notify_loop /usr/lib/python3.9/site-packages/neutron_lib/callbacks/manager.py:200
2026-06-13 07:56:40.470 19 DEBUG neutron_lib.callbacks.manager [req-244b994a-ced5-4d60-b26e-fbfcbb42189e - - - - -] Notify callbacks ['neutron.services.segments.db._update_segment_host_mapping_for_agent-8786880707422', 'neutron.plugins.ml2.plugin.Ml2Plugin._retry_binding_revived_agents-659223'] for agent, after_update _notify_loop /usr/lib/python3.9/site-packages/neutron_lib/callbacks/manager.py:200
2026-06-13 07:56:46.182 20 DEBUG neutron_lib.callbacks.manager [req-e52b42be-276e-4002-a3d3-7134baa54186 - - - - -] Notify callbacks ['neutron.services.segments.db._update_segment_host_mapping_for_agent-8786880707422', 'neutron.plugins.ml2.plugin.Ml2Plugin._retry_binding_revived_agents-659223'] for agent, after_update _notify_loop /usr/lib/python3.9/site-packages/neutron_lib/callbacks/manager.py:200
2026-06-13 07:57:03.369 17 DEBUG neutron.wsgi [-] (17) accepted ('192.168.122.100', 47174) server /usr/lib/python3.9/site-packages/eventlet/wsgi.py:992
2026-06-13 07:57:03.372 17 INFO neutron.wsgi [-] 192.168.122.100 "GET / HTTP/1.1" status: 200 len: 233 time: 0.0017459
2026-06-13 07:57:34.303 16 DEBUG neutron.wsgi [-] (16) accepted ('192.168.122.100', 58994) server /usr/lib/python3.9/site-packages/eventlet/wsgi.py:992
2026-06-13 07:57:34.306 16 INFO neutron.wsgi [-] 192.168.122.100 "GET / HTTP/1.1" status: 200 len: 233 time: 0.0017350
2026-06-13 07:58:05.310 15 DEBUG neutron.wsgi [-] (15) accepted ('192.168.122.100', 53036) server /usr/lib/python3.9/site-packages/eventlet/wsgi.py:992
2026-06-13 07:58:05.314 15 INFO neutron.wsgi [-] 192.168.122.100 "GET / HTTP/1.1" status: 200 len: 233 time: 0.0023017
2026-06-13 07:58:36.480 15 DEBUG neutron.wsgi [-] (15) accepted ('192.168.122.100', 41574) server /usr/lib/python3.9/site-packages/eventlet/wsgi.py:992
2026-06-13 07:58:36.483 15 INFO neutron.wsgi [-] 192.168.122.100 "GET / HTTP/1.1" status: 200 len: 233 time: 0.0017750
2026-06-13 07:58:36.722 24 DEBUG neutron.db.agents_db [req-8a712fa4-e704-4228-9e72-7c4a555751ed - - - - -] Agent healthcheck: found 3 active agents agent_health_check /usr/lib/python3.9/site-packages/neutron/db/agents_db.py:328
2026-06-13 07:59:07.214 18 DEBUG neutron.wsgi [-] (18) accepted ('192.168.122.100', 51480) server /usr/lib/python3.9/site-packages/eventlet/wsgi.py:992
2026-06-13 07:59:07.217 18 INFO neutron.wsgi [-] 192.168.122.100 "GET / HTTP/1.1" status: 200 len: 233 time: 0.0022960
2026-06-13 07:59:38.178 18 DEBUG neutron.wsgi [-] (18) accepted ('192.168.122.100', 57318) server /usr/lib/python3.9/site-packages/eventlet/wsgi.py:992
2026-06-13 07:59:38.180 18 INFO neutron.wsgi [-] 192.168.122.100 "GET / HTTP/1.1" status: 200 len: 233 time: 0.0017819
2026-06-13 08:00:09.370 15 DEBUG neutron.wsgi [-] (15) accepted ('192.168.122.100', 46402) server /usr/lib/python3.9/site-packages/eventlet/wsgi.py:992
2026-06-13 08:00:09.373 15 INFO neutron.wsgi [-] 192.168.122.100 "GET / HTTP/1.1" status: 200 len: 233 time: 0.0016370
2026-06-13 08:00:40.297 15 DEBUG neutron.wsgi [-] (15) accepted ('192.168.122.100', 49904) server /usr/lib/python3.9/site-packages/eventlet/wsgi.py:992
2026-06-13 08:00:40.300 15 INFO neutron.wsgi [-] 192.168.122.100 "GET / HTTP/1.1" status: 200 len: 233 time: 0.0021315
2026-06-13 08:01:11.206 17 DEBUG neutron.wsgi [-] (17) accepted ('192.168.122.100', 48352) server /usr/lib/python3.9/site-packages/eventlet/wsgi.py:992
2026-06-13 08:01:11.208 17 INFO neutron.wsgi [-] 192.168.122.100 "GET / HTTP/1.1" status: 200 len: 233 time: 0.0014803
2026-06-13 08:01:40.033 22 DEBUG neutron_lib.callbacks.manager [req-ed019509-00fe-4af2-a00b-7cefeb6026f2 - - - - -] Notify callbacks ['neutron.services.segments.db._update_segment_host_mapping_for_agent-8786880707422', 'neutron.plugins.ml2.plugin.Ml2Plugin._retry_binding_revived_agents-659223'] for agent, after_update _notify_loop /usr/lib/python3.9/site-packages/neutron_lib/callbacks/manager.py:200
2026-06-13 08:01:40.463 23 DEBUG neutron_lib.callbacks.manager [req-7169d198-a917-4ec7-a8a7-557e01df7848 - - - - -] Notify callbacks ['neutron.services.segments.db._update_segment_host_mapping_for_agent-8786880707422', 'neutron.plugins.ml2.plugin.Ml2Plugin._retry_binding_revived_agents-659223'] for agent, after_update _notify_loop /usr/lib/python3.9/site-packages/neutron_lib/callbacks/manager.py:200
2026-06-13 08:01:42.488 17 DEBUG neutron.wsgi [-] (17) accepted ('192.168.122.100', 35954) server /usr/lib/python3.9/site-packages/eventlet/wsgi.py:992
2026-06-13 08:01:42.490 17 INFO neutron.wsgi [-] 192.168.122.100 "GET / HTTP/1.1" status: 200 len: 233 time: 0.0016150
2026-06-13 08:01:46.183 21 DEBUG neutron_lib.callbacks.manager [req-e52b42be-276e-4002-a3d3-7134baa54186 - - - - -] Notify callbacks ['neutron.services.segments.db._update_segment_host_mapping_for_agent-8786880707422', 'neutron.plugins.ml2.plugin.Ml2Plugin._retry_binding_revived_agents-659223'] for agent, after_update _notify_loop /usr/lib/python3.9/site-packages/neutron_lib/callbacks/manager.py:200
2026-06-13 08:02:13.382 18 DEBUG neutron.wsgi [-] (18) accepted ('192.168.122.100', 48946) server /usr/lib/python3.9/site-packages/eventlet/wsgi.py:992
2026-06-13 08:02:13.384 18 INFO neutron.wsgi [-] 192.168.122.100 "GET / HTTP/1.1" status: 200 len: 233 time: 0.0012214
2026-06-13 08:02:44.262 15 DEBUG neutron.wsgi [-] (15) accepted ('192.168.122.100', 53092) server /usr/lib/python3.9/site-packages/eventlet/wsgi.py:992
2026-06-13 08:02:44.265 15 INFO neutron.wsgi [-] 192.168.122.100 "GET / HTTP/1.1" status: 200 len: 233 time: 0.0013387
2026-06-13 08:03:15.594 15 DEBUG neutron.wsgi [-] (15) accepted ('192.168.122.100', 43252) server /usr/lib/python3.9/site-packages/eventlet/wsgi.py:992
2026-06-13 08:03:15.598 15 INFO neutron.wsgi [-] 192.168.122.100 "GET / HTTP/1.1" status: 200 len: 233 time: 0.0030665
2026-06-13 08:03:36.737 24 DEBUG neutron.db.agents_db [req-8a712fa4-e704-4228-9e72-7c4a555751ed - - - - -] Agent healthcheck: found 3 active agents agent_health_check /usr/lib/python3.9/site-packages/neutron/db/agents_db.py:328
2026-06-13 08:03:46.444 18 DEBUG neutron.wsgi [-] (18) accepted ('192.168.122.100', 45174) server /usr/lib/python3.9/site-packages/eventlet/wsgi.py:992
2026-06-13 08:03:46.446 18 INFO neutron.wsgi [-] 192.168.122.100 "GET / HTTP/1.1" status: 200 len: 233 time: 0.0011227
2026-06-13 08:04:17.450 15 DEBUG neutron.wsgi [-] (15) accepted ('192.168.122.100', 44144) server /usr/lib/python3.9/site-packages/eventlet/wsgi.py:992
2026-06-13 08:04:17.452 15 INFO neutron.wsgi [-] 192.168.122.100 "GET / HTTP/1.1" status: 200 len: 233 time: 0.0012484
2026-06-13 08:04:48.569 17 DEBUG neutron.wsgi [-] (17) accepted ('192.168.122.100', 57454) server /usr/lib/python3.9/site-packages/eventlet/wsgi.py:992
2026-06-13 08:04:48.572 17 INFO neutron.wsgi [-] 192.168.122.100 "GET / HTTP/1.1" status: 200 len: 233 time: 0.0022733
2026-06-13 08:05:19.233 18 DEBUG neutron.wsgi [-] (18) accepted ('192.168.122.100', 46292) server /usr/lib/python3.9/site-packages/eventlet/wsgi.py:992
2026-06-13 08:05:19.236 18 INFO neutron.wsgi [-] 192.168.122.100 "GET / HTTP/1.1" status: 200 len: 233 time: 0.0014198
2026-06-13 08:05:50.317 18 DEBUG neutron.wsgi [-] (18) accepted ('192.168.122.100', 45884) server /usr/lib/python3.9/site-packages/eventlet/wsgi.py:992
2026-06-13 08:05:50.320 18 INFO neutron.wsgi [-] 192.168.122.100 "GET / HTTP/1.1" status: 200 len: 233 time: 0.0025344
2026-06-13 08:06:21.349 15 DEBUG neutron.wsgi [-] (15) accepted ('192.168.122.100', 44796) server /usr/lib/python3.9/site-packages/eventlet/wsgi.py:992
2026-06-13 08:06:21.354 15 INFO neutron.wsgi [-] 192.168.122.100 "GET / HTTP/1.1" status: 200 len: 233 time: 0.0029304
2026-06-13 08:06:40.022 19 DEBUG neutron_lib.callbacks.manager [req-3ee85aaf-46d5-4f67-9672-c94d9ba3671c - - - - -] Notify callbacks ['neutron.services.segments.db._update_segment_host_mapping_for_agent-8786880707422', 'neutron.plugins.ml2.plugin.Ml2Plugin._retry_binding_revived_agents-659223'] for agent, after_update _notify_loop /usr/lib/python3.9/site-packages/neutron_lib/callbacks/manager.py:200
2026-06-13 08:06:40.464 20 DEBUG neutron_lib.callbacks.manager [req-504612e6-c51d-457a-9910-ece04381e953 - - - - -] Notify callbacks ['neutron.services.segments.db._update_segment_host_mapping_for_agent-8786880707422', 'neutron.plugins.ml2.plugin.Ml2Plugin._retry_binding_revived_agents-659223'] for agent, after_update _notify_loop /usr/lib/python3.9/site-packages/neutron_lib/callbacks/manager.py:200
2026-06-13 08:06:46.185 22 DEBUG neutron_lib.callbacks.manager [req-e52b42be-276e-4002-a3d3-7134baa54186 - - - - -] Notify callbacks ['neutron.services.segments.db._update_segment_host_mapping_for_agent-8786880707422', 'neutron.plugins.ml2.plugin.Ml2Plugin._retry_binding_revived_agents-659223'] for agent, after_update _notify_loop /usr/lib/python3.9/site-packages/neutron_lib/callbacks/manager.py:200
2026-06-13 08:06:52.461 15 DEBUG neutron.wsgi [-] (15) accepted ('192.168.122.100', 51644) server /usr/lib/python3.9/site-packages/eventlet/wsgi.py:992
2026-06-13 08:06:52.463 15 INFO neutron.wsgi [-] 192.168.122.100 "GET / HTTP/1.1" status: 200 len: 233 time: 0.0011225
2026-06-13 08:07:22.959 15 DEBUG neutron.wsgi [-] (15) accepted ('192.168.122.100', 49260) server /usr/lib/python3.9/site-packages/eventlet/wsgi.py:992
2026-06-13 08:07:22.962 15 INFO neutron.wsgi [-] 192.168.122.100 "GET / HTTP/1.1" status: 200 len: 233 time: 0.0022938
2026-06-13 08:07:53.343 16 DEBUG neutron.wsgi [-] (16) accepted ('192.168.122.100', 43466) server /usr/lib/python3.9/site-packages/eventlet/wsgi.py:992
2026-06-13 08:07:53.345 16 INFO neutron.wsgi [-] 192.168.122.100 "GET / HTTP/1.1" status: 200 len: 233 time: 0.0011418
2026-06-13 08:08:24.321 18 DEBUG neutron.wsgi [-] (18) accepted ('192.168.122.100', 53972) server /usr/lib/python3.9/site-packages/eventlet/wsgi.py:992
2026-06-13 08:08:24.325 18 INFO neutron.wsgi [-] 192.168.122.100 "GET / HTTP/1.1" status: 200 len: 233 time: 0.0024471
2026-06-13 08:08:36.748 24 DEBUG neutron.db.agents_db [req-8a712fa4-e704-4228-9e72-7c4a555751ed - - - - -] Agent healthcheck: found 3 active agents agent_health_check /usr/lib/python3.9/site-packages/neutron/db/agents_db.py:328
2026-06-13 08:08:55.304 18 DEBUG neutron.wsgi [-] (18) accepted ('192.168.122.100', 37752) server /usr/lib/python3.9/site-packages/eventlet/wsgi.py:992
2026-06-13 08:08:55.313 18 INFO neutron.wsgi [-] 192.168.122.100 "GET / HTTP/1.1" status: 200 len: 233 time: 0.0018804
2026-06-13 08:09:26.313 15 DEBUG neutron.wsgi [-] (15) accepted ('192.168.122.100', 41338) server /usr/lib/python3.9/site-packages/eventlet/wsgi.py:992
2026-06-13 08:09:26.316 15 INFO neutron.wsgi [-] 192.168.122.100 "GET / HTTP/1.1" status: 200 len: 233 time: 0.0020447
2026-06-13 08:09:57.532 15 DEBUG neutron.wsgi [-] (15) accepted ('192.168.122.100', 40856) server /usr/lib/python3.9/site-packages/eventlet/wsgi.py:992
2026-06-13 08:09:57.535 15 INFO neutron.wsgi [-] 192.168.122.100 "GET / HTTP/1.1" status: 200 len: 233 time: 0.0022788
2026-06-13 08:10:28.342 15 DEBUG neutron.wsgi [-] (15) accepted ('192.168.122.100', 57252) server /usr/lib/python3.9/site-packages/eventlet/wsgi.py:992
2026-06-13 08:10:28.346 15 INFO neutron.wsgi [-] 192.168.122.100 "GET / HTTP/1.1" status: 200 len: 233 time: 0.0024014
2026-06-13 08:10:59.668 17 DEBUG neutron.wsgi [-] (17) accepted ('192.168.122.100', 49794) server /usr/lib/python3.9/site-packages/eventlet/wsgi.py:992
2026-06-13 08:10:59.672 17 INFO neutron.wsgi [-] 192.168.122.100 "GET / HTTP/1.1" status: 200 len: 233 time: 0.0022926
2026-06-13 08:11:30.186 17 DEBUG neutron.wsgi [-] (17) accepted ('192.168.122.100', 44520) server /usr/lib/python3.9/site-packages/eventlet/wsgi.py:992
2026-06-13 08:11:30.189 17 INFO neutron.wsgi [-] 192.168.122.100 "GET / HTTP/1.1" status: 200 len: 233 time: 0.0017416
2026-06-13 08:11:40.024 23 DEBUG neutron_lib.callbacks.manager [req-7233b177-abab-497e-8251-b4556b0dbc0d - - - - -] Notify callbacks ['neutron.services.segments.db._update_segment_host_mapping_for_agent-8786880707422', 'neutron.plugins.ml2.plugin.Ml2Plugin._retry_binding_revived_agents-659223'] for agent, after_update _notify_loop /usr/lib/python3.9/site-packages/neutron_lib/callbacks/manager.py:200
2026-06-13 08:11:40.466 21 DEBUG neutron_lib.callbacks.manager [req-81ead341-bac0-4cf5-952e-5d95ce3a5af4 - - - - -] Notify callbacks ['neutron.services.segments.db._update_segment_host_mapping_for_agent-8786880707422', 'neutron.plugins.ml2.plugin.Ml2Plugin._retry_binding_revived_agents-659223'] for agent, after_update _notify_loop /usr/lib/python3.9/site-packages/neutron_lib/callbacks/manager.py:200
2026-06-13 08:11:46.190 19 DEBUG neutron_lib.callbacks.manager [req-e52b42be-276e-4002-a3d3-7134baa54186 - - - - -] Notify callbacks ['neutron.services.segments.db._update_segment_host_mapping_for_agent-8786880707422', 'neutron.plugins.ml2.plugin.Ml2Plugin._retry_binding_revived_agents-659223'] for agent, after_update _notify_loop /usr/lib/python3.9/site-packages/neutron_lib/callbacks/manager.py:200
2026-06-13 08:12:01.606 16 DEBUG neutron.wsgi [-] (16) accepted ('192.168.122.100', 49048) server /usr/lib/python3.9/site-packages/eventlet/wsgi.py:992
2026-06-13 08:12:01.609 16 INFO neutron.wsgi [-] 192.168.122.100 "GET / HTTP/1.1" status: 200 len: 233 time: 0.0022790
2026-06-13 08:12:32.239 16 DEBUG neutron.wsgi [-] (16) accepted ('192.168.122.100', 53830) server /usr/lib/python3.9/site-packages/eventlet/wsgi.py:992
2026-06-13 08:12:32.242 16 INFO neutron.wsgi [-] 192.168.122.100 "GET / HTTP/1.1" status: 200 len: 233 time: 0.0020373
2026-06-13 08:13:02.983 15 DEBUG neutron.wsgi [-] (15) accepted ('192.168.122.100', 48282) server /usr/lib/python3.9/site-packages/eventlet/wsgi.py:992
2026-06-13 08:13:02.985 15 INFO neutron.wsgi [-] 192.168.122.100 "GET / HTTP/1.1" status: 200 len: 233 time: 0.0013072
2026-06-13 08:13:33.372 18 DEBUG neutron.wsgi [-] (18) accepted ('192.168.122.100', 55668) server /usr/lib/python3.9/site-packages/eventlet/wsgi.py:992
2026-06-13 08:13:33.374 18 INFO neutron.wsgi [-] 192.168.122.100 "GET / HTTP/1.1" status: 200 len: 233 time: 0.0016854
2026-06-13 08:13:36.760 24 DEBUG neutron.db.agents_db [req-8a712fa4-e704-4228-9e72-7c4a555751ed - - - - -] Agent healthcheck: found 3 active agents agent_health_check /usr/lib/python3.9/site-packages/neutron/db/agents_db.py:328
2026-06-13 08:14:04.219 15 DEBUG neutron.wsgi [-] (15) accepted ('192.168.122.100', 50786) server /usr/lib/python3.9/site-packages/eventlet/wsgi.py:992
2026-06-13 08:14:04.225 15 INFO neutron.wsgi [-] 192.168.122.100 "GET / HTTP/1.1" status: 200 len: 233 time: 0.0051577
2026-06-13 08:14:35.518 15 DEBUG neutron.wsgi [-] (15) accepted ('192.168.122.100', 42336) server /usr/lib/python3.9/site-packages/eventlet/wsgi.py:992
2026-06-13 08:14:35.520 15 INFO neutron.wsgi [-] 192.168.122.100 "GET / HTTP/1.1" status: 200 len: 233 time: 0.0014641
2026-06-13 08:15:06.448 15 DEBUG neutron.wsgi [-] (15) accepted ('192.168.122.100', 52758) server /usr/lib/python3.9/site-packages/eventlet/wsgi.py:992
2026-06-13 08:15:06.453 15 INFO neutron.wsgi [-] 192.168.122.100 "GET / HTTP/1.1" status: 200 len: 233 time: 0.0029941
2026-06-13 08:15:37.339 17 DEBUG neutron.wsgi [-] (17) accepted ('192.168.122.100', 53878) server /usr/lib/python3.9/site-packages/eventlet/wsgi.py:992
2026-06-13 08:15:37.342 17 INFO neutron.wsgi [-] 192.168.122.100 "GET / HTTP/1.1" status: 200 len: 233 time: 0.0013666
2026-06-13 08:16:07.872 17 DEBUG neutron.wsgi [-] (17) accepted ('192.168.122.100', 57856) server /usr/lib/python3.9/site-packages/eventlet/wsgi.py:992
2026-06-13 08:16:07.876 17 INFO neutron.wsgi [-] 192.168.122.100 "GET / HTTP/1.1" status: 200 len: 233 time: 0.0026188
2026-06-13 08:16:38.206 15 DEBUG neutron.wsgi [-] (15) accepted ('192.168.122.100', 59392) server /usr/lib/python3.9/site-packages/eventlet/wsgi.py:992
2026-06-13 08:16:38.210 15 INFO neutron.wsgi [-] 192.168.122.100 "GET / HTTP/1.1" status: 200 len: 233 time: 0.0022695
2026-06-13 08:16:40.020 20 DEBUG neutron_lib.callbacks.manager [req-a7d7171e-b777-4a99-abf8-27a4640549cf - - - - -] Notify callbacks ['neutron.services.segments.db._update_segment_host_mapping_for_agent-8786880707422', 'neutron.plugins.ml2.plugin.Ml2Plugin._retry_binding_revived_agents-659223'] for agent, after_update _notify_loop /usr/lib/python3.9/site-packages/neutron_lib/callbacks/manager.py:200
2026-06-13 08:16:40.466 22 DEBUG neutron_lib.callbacks.manager [req-1d2743f5-da70-42a5-bb52-69d61dccd4bc - - - - -] Notify callbacks ['neutron.services.segments.db._update_segment_host_mapping_for_agent-8786880707422', 'neutron.plugins.ml2.plugin.Ml2Plugin._retry_binding_revived_agents-659223'] for agent, after_update _notify_loop /usr/lib/python3.9/site-packages/neutron_lib/callbacks/manager.py:200
2026-06-13 08:16:46.196 23 DEBUG neutron_lib.callbacks.manager [req-e52b42be-276e-4002-a3d3-7134baa54186 - - - - -] Notify callbacks ['neutron.services.segments.db._update_segment_host_mapping_for_agent-8786880707422', 'neutron.plugins.ml2.plugin.Ml2Plugin._retry_binding_revived_agents-659223'] for agent, after_update _notify_loop /usr/lib/python3.9/site-packages/neutron_lib/callbacks/manager.py:200
2026-06-13 08:17:08.564 17 DEBUG neutron.wsgi [-] (17) accepted ('192.168.122.100', 38904) server /usr/lib/python3.9/site-packages/eventlet/wsgi.py:992
2026-06-13 08:17:08.566 17 INFO neutron.wsgi [-] 192.168.122.100 "GET / HTTP/1.1" status: 200 len: 233 time: 0.0011213
2026-06-13 08:17:39.009 15 DEBUG neutron.wsgi [-] (15) accepted ('192.168.122.100', 46506) server /usr/lib/python3.9/site-packages/eventlet/wsgi.py:992
2026-06-13 08:17:39.013 15 INFO neutron.wsgi [-] 192.168.122.100 "GET / HTTP/1.1" status: 200 len: 233 time: 0.0014522
2026-06-13 08:18:09.358 15 DEBUG neutron.wsgi [-] (15) accepted ('192.168.122.100', 33100) server /usr/lib/python3.9/site-packages/eventlet/wsgi.py:992
2026-06-13 08:18:09.362 15 INFO neutron.wsgi [-] 192.168.122.100 "GET / HTTP/1.1" status: 200 len: 233 time: 0.0022850
2026-06-13 08:18:36.770 24 DEBUG neutron.db.agents_db [req-8a712fa4-e704-4228-9e72-7c4a555751ed - - - - -] Agent healthcheck: found 3 active agents agent_health_check /usr/lib/python3.9/site-packages/neutron/db/agents_db.py:328
2026-06-13 08:18:40.251 18 DEBUG neutron.wsgi [-] (18) accepted ('192.168.122.100', 48734) server /usr/lib/python3.9/site-packages/eventlet/wsgi.py:992
2026-06-13 08:18:40.253 18 INFO neutron.wsgi [-] 192.168.122.100 "GET / HTTP/1.1" status: 200 len: 233 time: 0.0016854
2026-06-13 08:19:11.296 18 DEBUG neutron.wsgi [-] (18) accepted ('192.168.122.100', 60814) server /usr/lib/python3.9/site-packages/eventlet/wsgi.py:992
2026-06-13 08:19:11.299 18 INFO neutron.wsgi [-] 192.168.122.100 "GET / HTTP/1.1" status: 200 len: 233 time: 0.0012386
2026-06-13 08:19:42.347 16 DEBUG neutron.wsgi [-] (16) accepted ('192.168.122.100', 48364) server /usr/lib/python3.9/site-packages/eventlet/wsgi.py:992
2026-06-13 08:19:42.350 16 INFO neutron.wsgi [-] 192.168.122.100 "GET / HTTP/1.1" status: 200 len: 233 time: 0.0014699
2026-06-13 08:20:13.289 17 DEBUG neutron.wsgi [-] (17) accepted ('192.168.122.100', 38774) server /usr/lib/python3.9/site-packages/eventlet/wsgi.py:992
2026-06-13 08:20:13.293 17 INFO neutron.wsgi [-] 192.168.122.100 "GET / HTTP/1.1" status: 200 len: 233 time: 0.0022027
2026-06-13 08:20:44.246 16 DEBUG neutron.wsgi [-] (16) accepted ('192.168.122.100', 53614) server /usr/lib/python3.9/site-packages/eventlet/wsgi.py:992
2026-06-13 08:20:44.248 16 INFO neutron.wsgi [-] 192.168.122.100 "GET / HTTP/1.1" status: 200 len: 233 time: 0.0015256
2026-06-13 08:21:15.357 16 DEBUG neutron.wsgi [-] (16) accepted ('192.168.122.100', 35996) server /usr/lib/python3.9/site-packages/eventlet/wsgi.py:992
2026-06-13 08:21:15.359 16 INFO neutron.wsgi [-] 192.168.122.100 "GET / HTTP/1.1" status: 200 len: 233 time: 0.0015121
2026-06-13 08:21:40.031 21 DEBUG neutron_lib.callbacks.manager [req-f550eb5b-23ee-4ef4-be93-1e843590cfbf - - - - -] Notify callbacks ['neutron.services.segments.db._update_segment_host_mapping_for_agent-8786880707422', 'neutron.plugins.ml2.plugin.Ml2Plugin._retry_binding_revived_agents-659223'] for agent, after_update _notify_loop /usr/lib/python3.9/site-packages/neutron_lib/callbacks/manager.py:200
2026-06-13 08:21:40.504 19 DEBUG neutron_lib.callbacks.manager [req-6651d322-1512-49e2-ac27-dc6807e32912 - - - - -] Notify callbacks ['neutron.services.segments.db._update_segment_host_mapping_for_agent-8786880707422', 'neutron.plugins.ml2.plugin.Ml2Plugin._retry_binding_revived_agents-659223'] for agent, after_update _notify_loop /usr/lib/python3.9/site-packages/neutron_lib/callbacks/manager.py:200
2026-06-13 08:21:46.183 20 DEBUG neutron_lib.callbacks.manager [req-e52b42be-276e-4002-a3d3-7134baa54186 - - - - -] Notify callbacks ['neutron.services.segments.db._update_segment_host_mapping_for_agent-8786880707422', 'neutron.plugins.ml2.plugin.Ml2Plugin._retry_binding_revived_agents-659223'] for agent, after_update _notify_loop /usr/lib/python3.9/site-packages/neutron_lib/callbacks/manager.py:200
2026-06-13 08:21:46.302 18 DEBUG neutron.wsgi [-] (18) accepted ('192.168.122.100', 39806) server /usr/lib/python3.9/site-packages/eventlet/wsgi.py:992
2026-06-13 08:21:46.305 18 INFO neutron.wsgi [-] 192.168.122.100 "GET / HTTP/1.1" status: 200 len: 233 time: 0.0015743
2026-06-13 08:22:17.181 16 DEBUG neutron.wsgi [-] (16) accepted ('192.168.122.100', 46080) server /usr/lib/python3.9/site-packages/eventlet/wsgi.py:992
2026-06-13 08:22:17.184 16 INFO neutron.wsgi [-] 192.168.122.100 "GET / HTTP/1.1" status: 200 len: 233 time: 0.0022681
2026-06-13 08:22:47.469 17 DEBUG neutron.wsgi [-] (17) accepted ('192.168.122.100', 52440) server /usr/lib/python3.9/site-packages/eventlet/wsgi.py:992
2026-06-13 08:22:47.473 17 INFO neutron.wsgi [-] 192.168.122.100 "GET / HTTP/1.1" status: 200 len: 233 time: 0.0023203
2026-06-13 08:23:18.244 18 DEBUG neutron.wsgi [-] (18) accepted ('192.168.122.100', 48752) server /usr/lib/python3.9/site-packages/eventlet/wsgi.py:992
2026-06-13 08:23:18.246 18 INFO neutron.wsgi [-] 192.168.122.100 "GET / HTTP/1.1" status: 200 len: 233 time: 0.0011621
2026-06-13 08:23:36.773 24 DEBUG neutron.db.agents_db [req-8a712fa4-e704-4228-9e72-7c4a555751ed - - - - -] Agent healthcheck: found 3 active agents agent_health_check /usr/lib/python3.9/site-packages/neutron/db/agents_db.py:328
2026-06-13 08:23:48.902 18 DEBUG neutron.wsgi [-] (18) accepted ('192.168.122.100', 59666) server /usr/lib/python3.9/site-packages/eventlet/wsgi.py:992
2026-06-13 08:23:48.904 18 INFO neutron.wsgi [-] 192.168.122.100 "GET / HTTP/1.1" status: 200 len: 233 time: 0.0011418
2026-06-13 08:24:19.408 18 DEBUG neutron.wsgi [-] (18) accepted ('192.168.122.100', 55458) server /usr/lib/python3.9/site-packages/eventlet/wsgi.py:992
2026-06-13 08:24:19.410 18 INFO neutron.wsgi [-] 192.168.122.100 "GET / HTTP/1.1" status: 200 len: 233 time: 0.0015531
2026-06-13 08:24:50.298 17 DEBUG neutron.wsgi [-] (17) accepted ('192.168.122.100', 57332) server /usr/lib/python3.9/site-packages/eventlet/wsgi.py:992
2026-06-13 08:24:50.300 17 INFO neutron.wsgi [-] 192.168.122.100 "GET / HTTP/1.1" status: 200 len: 233 time: 0.0014992
2026-06-13 08:25:21.239 17 DEBUG neutron.wsgi [-] (17) accepted ('192.168.122.100', 54576) server /usr/lib/python3.9/site-packages/eventlet/wsgi.py:992
2026-06-13 08:25:21.242 17 INFO neutron.wsgi [-] 192.168.122.100 "GET / HTTP/1.1" status: 200 len: 233 time: 0.0018950
2026-06-13 08:25:52.339 18 DEBUG neutron.wsgi [-] (18) accepted ('192.168.122.100', 42072) server /usr/lib/python3.9/site-packages/eventlet/wsgi.py:992
2026-06-13 08:25:52.342 18 INFO neutron.wsgi [-] 192.168.122.100 "GET / HTTP/1.1" status: 200 len: 233 time: 0.0016556
2026-06-13 08:26:23.269 17 DEBUG neutron.wsgi [-] (17) accepted ('192.168.122.100', 53610) server /usr/lib/python3.9/site-packages/eventlet/wsgi.py:992
2026-06-13 08:26:23.271 17 INFO neutron.wsgi [-] 192.168.122.100 "GET / HTTP/1.1" status: 200 len: 233 time: 0.0011675
2026-06-13 08:26:40.035 22 DEBUG neutron_lib.callbacks.manager [req-d5d14aad-3a8a-43e7-8362-555d9db84342 - - - - -] Notify callbacks ['neutron.services.segments.db._update_segment_host_mapping_for_agent-8786880707422', 'neutron.plugins.ml2.plugin.Ml2Plugin._retry_binding_revived_agents-659223'] for agent, after_update _notify_loop /usr/lib/python3.9/site-packages/neutron_lib/callbacks/manager.py:200
2026-06-13 08:26:40.465 23 DEBUG neutron_lib.callbacks.manager [req-08743862-d5c4-4afa-a122-6f7b12c9d176 - - - - -] Notify callbacks ['neutron.services.segments.db._update_segment_host_mapping_for_agent-8786880707422', 'neutron.plugins.ml2.plugin.Ml2Plugin._retry_binding_revived_agents-659223'] for agent, after_update _notify_loop /usr/lib/python3.9/site-packages/neutron_lib/callbacks/manager.py:200
2026-06-13 08:26:46.186 21 DEBUG neutron_lib.callbacks.manager [req-e52b42be-276e-4002-a3d3-7134baa54186 - - - - -] Notify callbacks ['neutron.services.segments.db._update_segment_host_mapping_for_agent-8786880707422', 'neutron.plugins.ml2.plugin.Ml2Plugin._retry_binding_revived_agents-659223'] for agent, after_update _notify_loop /usr/lib/python3.9/site-packages/neutron_lib/callbacks/manager.py:200
2026-06-13 08:26:53.988 16 DEBUG neutron.wsgi [-] (16) accepted ('192.168.122.100', 41740) server /usr/lib/python3.9/site-packages/eventlet/wsgi.py:992
2026-06-13 08:26:53.990 16 INFO neutron.wsgi [-] 192.168.122.100 "GET / HTTP/1.1" status: 200 len: 233 time: 0.0015202
2026-06-13 08:27:24.446 16 DEBUG neutron.wsgi [-] (16) accepted ('192.168.122.100', 53170) server /usr/lib/python3.9/site-packages/eventlet/wsgi.py:992
2026-06-13 08:27:24.448 16 INFO neutron.wsgi [-] 192.168.122.100 "GET / HTTP/1.1" status: 200 len: 233 time: 0.0013480
2026-06-13 08:27:55.548 17 DEBUG neutron.wsgi [-] (17) accepted ('192.168.122.100', 58468) server /usr/lib/python3.9/site-packages/eventlet/wsgi.py:992
