Jun 12 08:11:30 standalone account-server[114659]: Starting 2
Jun 12 08:11:30 standalone account-server[114735]: Started child 20 from parent 2
Jun 12 08:11:30 standalone account-server[114735]: Started child 21 from parent 2
Jun 12 08:11:30 standalone account-server[114735]: Started child 22 from parent 2
Jun 12 08:11:30 standalone account-server[114735]: Started child 23 from parent 2
Jun 12 08:11:31 standalone container-server[114968]: Starting 2
Jun 12 08:11:31 standalone object-expirer[115034]: Starting 2
Jun 12 08:11:31 standalone object-expirer[115034]: Option auto_create_account_prefix is deprecated. Configure auto_create_account_prefix under the swift-constraints section of swift.conf. This option will be ignored in a future release.
Jun 12 08:11:31 standalone container-server[114902]: Option allow_versions is deprecated. Configure the versioned_writes middleware in the proxy-server instead. This option will be ignored in a future release.
Jun 12 08:11:31 standalone container-server[115152]: Option allow_versions is deprecated. Configure the versioned_writes middleware in the proxy-server instead. This option will be ignored in a future release.
Jun 12 08:11:31 standalone container-server[114902]: Started child 20 from parent 2
Jun 12 08:11:31 standalone container-server[115159]: Option allow_versions is deprecated. Configure the versioned_writes middleware in the proxy-server instead. This option will be ignored in a future release.
Jun 12 08:11:31 standalone container-server[114902]: Started child 21 from parent 2
Jun 12 08:11:31 standalone container-server[115162]: Option allow_versions is deprecated. Configure the versioned_writes middleware in the proxy-server instead. This option will be ignored in a future release.
Jun 12 08:11:31 standalone container-server[114902]: Started child 22 from parent 2
Jun 12 08:11:31 standalone container-server[115166]: Option allow_versions is deprecated. Configure the versioned_writes middleware in the proxy-server instead. This option will be ignored in a future release.
Jun 12 08:11:31 standalone container-server[114902]: Started child 23 from parent 2
Jun 12 08:11:31 standalone object-server[115096]: Started child 22 from parent 2
Jun 12 08:11:31 standalone object-server[115096]: Started child 23 from parent 2
Jun 12 08:11:31 standalone object-server[115096]: Started child 24 from parent 2
Jun 12 08:11:31 standalone object-server[115096]: Started child 25 from parent 2
Jun 12 08:11:32 standalone object-server[115191]: Starting 2
Jun 12 08:11:37 standalone proxy-server[116812]: Starting Keystone auth_token middleware
Jun 12 08:11:37 standalone proxy-server[116812]: AuthToken middleware is set with keystone_authtoken.service_token_roles_required set to False. This is backwards compatible but deprecated behaviour. Please set this to True.
Jun 12 08:11:37 standalone proxy-server[116895]: Starting Keystone auth_token middleware
Jun 12 08:11:37 standalone proxy-server[116895]: STDERR: The option "bind_port" is not known to keystonemiddleware
Jun 12 08:11:37 standalone proxy-server[116895]: STDERR: The option "workers" is not known to keystonemiddleware
Jun 12 08:11:37 standalone proxy-server[116895]: STDERR: The option "user" is not known to keystonemiddleware
Jun 12 08:11:37 standalone proxy-server[116895]: STDERR: The option "bind_ip" is not known to keystonemiddleware
Jun 12 08:11:37 standalone proxy-server[116895]: STDERR: The option "log_name" is not known to keystonemiddleware
Jun 12 08:11:37 standalone proxy-server[116895]: STDERR: The option "log_facility" is not known to keystonemiddleware
Jun 12 08:11:37 standalone proxy-server[116895]: STDERR: The option "log_level" is not known to keystonemiddleware
Jun 12 08:11:37 standalone proxy-server[116895]: STDERR: The option "log_headers" is not known to keystonemiddleware
Jun 12 08:11:37 standalone proxy-server[116895]: STDERR: The option "log_address" is not known to keystonemiddleware
Jun 12 08:11:37 standalone proxy-server[116895]: STDERR: The option "project_name" is not known to keystonemiddleware
Jun 12 08:11:37 standalone proxy-server[116895]: STDERR: The option "username" is not known to keystonemiddleware
Jun 12 08:11:37 standalone proxy-server[116895]: STDERR: The option "password" is not known to keystonemiddleware
Jun 12 08:11:37 standalone proxy-server[116895]: STDERR: The option "auth_url" is not known to keystonemiddleware
Jun 12 08:11:37 standalone proxy-server[116895]: STDERR: The option "signing_dir" is not known to keystonemiddleware
Jun 12 08:11:37 standalone proxy-server[116895]: STDERR: The option "project_domain_id" is not known to keystonemiddleware
Jun 12 08:11:37 standalone proxy-server[116895]: STDERR: The option "user_domain_id" is not known to keystonemiddleware
Jun 12 08:11:37 standalone proxy-server[116895]: STDERR: The option "__name__" is not known to keystonemiddleware
Jun 12 08:11:37 standalone proxy-server[116895]: AuthToken middleware is set with keystone_authtoken.service_token_roles_required set to False. This is backwards compatible but deprecated behaviour. Please set this to True.
Jun 12 08:11:37 standalone proxy-server[116812]: Started child 12 from parent 2
Jun 12 08:12:23 standalone account-server[114967]: 172.20.0.100 - - [12/Jun/2026:08:12:23 +0000] "HEAD /d1/784/.expiring_objects" 404 - "HEAD http://localhost/v1/.expiring_objects?format=json" "txbd87c29f02184557a8b9c-006a2bbf67" "proxy-server 2" 0.0018 "-" 20 -
Jun 12 08:12:23 standalone object-expirer[115034]: Pass completed in 0s; 0 objects expired (txn: txbd87c29f02184557a8b9c-006a2bbf67)
Jun 12 08:12:43 standalone container-server[114968]: Begin container update sweep
Jun 12 08:12:43 standalone container-server[114968]: Container update sweep completed: 0.00s
Jun 12 08:12:50 standalone object-server[115191]: Begin object update sweep
Jun 12 08:12:50 standalone object-server[124440]: Object update sweep starting on /srv/node/d1 (pid: 11)
Jun 12 08:12:50 standalone object-server[124440]: Object update sweep completed on /srv/node/d1 in 0.00s seconds:, 0 successes, 0 failures, 0 quarantines, 0 unlinks, 0 errors, 0 redirects (pid: 11)
Jun 12 08:12:50 standalone object-server[124440]: Object update sweep of d1 completed: 0.00s, 0 successes, 0 failures, 0 quarantines, 0 unlinks, 0 errors, 0 redirects
Jun 12 08:12:50 standalone object-server[115191]: Object update sweep completed: 0.08s
Jun 12 08:14:05 standalone account-server[114967]: 172.20.0.100 - - [12/Jun/2026:08:14:05 +0000] "HEAD /d1/784/.expiring_objects" 404 - "HEAD http://localhost/v1/.expiring_objects?format=json" "txeee658c9434149d1b7e6a-006a2bbfcd" "proxy-server 2" 0.0005 "-" 20 -
Jun 12 08:14:06 standalone object-expirer[115034]: Pass completed in 1s; 0 objects expired (txn: txeee658c9434149d1b7e6a-006a2bbfcd)
Jun 12 08:15:08 standalone account-server[114971]: 172.20.0.100 - - [12/Jun/2026:08:15:08 +0000] "HEAD /d1/784/.expiring_objects" 404 - "HEAD http://localhost/v1/.expiring_objects?format=json" "txddd380bad69941a18706d-006a2bc00c" "proxy-server 2" 0.0016 "-" 21 -
Jun 12 08:15:08 standalone object-expirer[115034]: Pass completed in 0s; 0 objects expired (txn: txddd380bad69941a18706d-006a2bc00c)
Jun 12 08:16:54 standalone account-server[114659]: Devices pass completed: 0.00s
Jun 12 08:17:43 standalone container-server[114968]: Begin container update sweep
Jun 12 08:17:43 standalone container-server[114968]: Container update sweep completed: 0.00s
Jun 12 08:17:50 standalone object-server[115191]: Begin object update sweep
Jun 12 08:17:50 standalone object-server[152089]: Object update sweep starting on /srv/node/d1 (pid: 13)
Jun 12 08:17:50 standalone object-server[152089]: Object update sweep completed on /srv/node/d1 in 0.00s seconds:, 0 successes, 0 failures, 0 quarantines, 0 unlinks, 0 errors, 0 redirects (pid: 13)
Jun 12 08:17:50 standalone object-server[152089]: Object update sweep of d1 completed: 0.00s, 0 successes, 0 failures, 0 quarantines, 0 unlinks, 0 errors, 0 redirects
Jun 12 08:17:50 standalone object-server[115191]: Object update sweep completed: 0.08s
Jun 12 08:18:19 standalone account-server[114978]: 172.20.0.100 - - [12/Jun/2026:08:18:19 +0000] "HEAD /d1/784/.expiring_objects" 404 - "HEAD http://localhost/v1/.expiring_objects?format=json" "tx6e0069f38f3f4522b5ba1-006a2bc0cb" "proxy-server 2" 0.0011 "-" 23 -
Jun 12 08:18:19 standalone object-expirer[115034]: Pass completed in 0s; 0 objects expired (txn: tx6e0069f38f3f4522b5ba1-006a2bc0cb)
Jun 12 08:18:31 standalone proxy-server[116895]: 172.21.0.2 ::1 12/Jun/2026/08/18/31 GET /info HTTP/1.0 200 - python-urllib3/1.26.5 gAAAAABqK8DUWHW7... - 1671 - tx731dea91e5814bf19b271-006a2bc0d6 - 0.4567 - - 1781252310.853887320 1781252311.310618877 -
Jun 12 08:18:36 standalone account-server[114977]: 172.20.0.100 - - [12/Jun/2026:08:18:36 +0000] "HEAD /d1/516/AUTH_d161f19672f44e4bb840583ccc566779" 404 - "HEAD http://localhost:8080/v1/AUTH_d161f19672f44e4bb840583ccc566779?format=json" "tx29b78445274341cebbe10-006a2bc0dc" "proxy-server 12" 0.0010 "-" 22 -
Jun 12 08:18:36 standalone proxy-server[116895]: - - 12/Jun/2026/08/18/36 HEAD /v1/AUTH_d161f19672f44e4bb840583ccc566779%3Fformat%3Djson HTTP/1.0 200 - Swift - - - - tx29b78445274341cebbe10-006a2bc0dc - 0.0057 RL - 1781252316.298440695 1781252316.304184675 -
Jun 12 08:18:36 standalone proxy-server[116895]: 172.18.0.2 ::1 12/Jun/2026/08/18/36 HEAD /v1/AUTH_d161f19672f44e4bb840583ccc566779/glance%3Fformat%3Djson HTTP/1.0 404 - python-swiftclient-3.11.1 gAAAAABqK8DcdeTm... - - - tx29b78445274341cebbe10-006a2bc0dc - 0.1054 - - 1781252316.297444820 1781252316.402874708 -
Jun 12 08:18:36 standalone account-server[114971]: 172.20.0.100 - - [12/Jun/2026:08:18:36 +0000] "PUT /d1/516/AUTH_d161f19672f44e4bb840583ccc566779" 201 - "-" "tx49392931c1554635a60de-006a2bc0dc" "-" 0.0153 "-" 21 -
Jun 12 08:18:36 standalone proxy-server[116895]: autocreate account '/AUTH_d161f19672f44e4bb840583ccc566779' (txn: tx49392931c1554635a60de-006a2bc0dc)
Jun 12 08:18:36 standalone account-server[114978]: 172.20.0.100 - - [12/Jun/2026:08:18:36 +0000] "HEAD /d1/516/AUTH_d161f19672f44e4bb840583ccc566779" 204 - "HEAD http://localhost:8080/v1/AUTH_d161f19672f44e4bb840583ccc566779?format=json" "tx49392931c1554635a60de-006a2bc0dc" "proxy-server 12" 0.0019 "-" 23 -
Jun 12 08:18:36 standalone account-server[114971]: 172.20.0.100 - - [12/Jun/2026:08:18:36 +0000] "PUT /d1/516/AUTH_d161f19672f44e4bb840583ccc566779/glance" 201 - "PUT http://172.20.0.100:6001/d1/960/AUTH_d161f19672f44e4bb840583ccc566779/glance" "tx49392931c1554635a60de-006a2bc0dc" "container-server 20" 0.0009 "-" 21 0
Jun 12 08:18:36 standalone container-server[115152]: 172.20.0.100 - - [12/Jun/2026:08:18:36 +0000] "PUT /d1/960/AUTH_d161f19672f44e4bb840583ccc566779/glance" 201 - "PUT http://localhost:8080/v1/AUTH_d161f19672f44e4bb840583ccc566779/glance" "tx49392931c1554635a60de-006a2bc0dc" "proxy-server 12" 0.0171 "-" 20 0
Jun 12 08:18:36 standalone proxy-server[116895]: 172.18.0.2 ::1 12/Jun/2026/08/18/36 PUT /v1/AUTH_d161f19672f44e4bb840583ccc566779/glance HTTP/1.0 201 - python-swiftclient-3.11.1 gAAAAABqK8DcdeTm... - - - tx49392931c1554635a60de-006a2bc0dc - 0.0513 - - 1781252316.406627417 1781252316.457890034 0
Jun 12 08:18:36 standalone container-server[115162]: 172.20.0.100 - - [12/Jun/2026:08:18:36 +0000] "HEAD /d1/960/AUTH_d161f19672f44e4bb840583ccc566779/glance" 204 - "HEAD http://localhost:8080/v1/AUTH_d161f19672f44e4bb840583ccc566779/glance?format=json&states=listing" "tx37141e1921384c1da9030-006a2bc0dc" "proxy-server 12" 0.0023 "-" 22 0
Jun 12 08:18:36 standalone proxy-server[116895]: - - 12/Jun/2026/08/18/36 HEAD /v1/AUTH_d161f19672f44e4bb840583ccc566779/glance%3Fformat%3Djson%26states%3Dlisting HTTP/1.0 204 - Swift - - - - tx37141e1921384c1da9030-006a2bc0dc - 0.0058 RL - 1781252316.464012623 1781252316.469782591 0
Jun 12 08:18:36 standalone container-server[115152]: 172.20.0.100 - - [12/Jun/2026:08:18:36 +0000] "PUT /d1/960/AUTH_d161f19672f44e4bb840583ccc566779/glance/97260523-6a76-4cef-87b5-c662ab97ec6c-00001" 201 - "PUT http://localhost:8080/d1/186/AUTH_d161f19672f44e4bb840583ccc566779/glance/97260523-6a76-4cef-87b5-c662ab97ec6c-00001" "tx37141e1921384c1da9030-006a2bc0dc" "object-server 24" 0.0008 "-" 20 0
Jun 12 08:18:36 standalone object-server[115247]: 172.20.0.100 - - [12/Jun/2026:08:18:36 +0000] "PUT /d1/186/AUTH_d161f19672f44e4bb840583ccc566779/glance/97260523-6a76-4cef-87b5-c662ab97ec6c-00001" 201 - "PUT http://localhost:8080/v1/AUTH_d161f19672f44e4bb840583ccc566779/glance/97260523-6a76-4cef-87b5-c662ab97ec6c-00001" "tx37141e1921384c1da9030-006a2bc0dc" "proxy-server 12" 0.2135 "-" 24 0
Jun 12 08:18:36 standalone proxy-server[116895]: 172.18.0.2 ::1 12/Jun/2026/08/18/36 PUT /v1/AUTH_d161f19672f44e4bb840583ccc566779/glance/97260523-6a76-4cef-87b5-c662ab97ec6c-00001 HTTP/1.0 201 - python-swiftclient-3.11.1 gAAAAABqK8DcdeTm... 16300544 - - tx37141e1921384c1da9030-006a2bc0dc - 0.2266 - - 1781252316.463057995 1781252316.689656258 0
Jun 12 08:18:36 standalone container-server[115152]: 172.20.0.100 - - [12/Jun/2026:08:18:36 +0000] "PUT /d1/960/AUTH_d161f19672f44e4bb840583ccc566779/glance/97260523-6a76-4cef-87b5-c662ab97ec6c" 201 - "PUT http://localhost:8080/d1/950/AUTH_d161f19672f44e4bb840583ccc566779/glance/97260523-6a76-4cef-87b5-c662ab97ec6c" "tx0d851fb6f93d432981dfb-006a2bc0dc" "object-server 25" 0.0005 "-" 20 0
Jun 12 08:18:36 standalone object-server[115250]: 172.20.0.100 - - [12/Jun/2026:08:18:36 +0000] "PUT /d1/950/AUTH_d161f19672f44e4bb840583ccc566779/glance/97260523-6a76-4cef-87b5-c662ab97ec6c" 201 - "PUT http://localhost:8080/v1/AUTH_d161f19672f44e4bb840583ccc566779/glance/97260523-6a76-4cef-87b5-c662ab97ec6c" "tx0d851fb6f93d432981dfb-006a2bc0dc" "proxy-server 12" 0.0198 "-" 25 0
Jun 12 08:18:36 standalone proxy-server[116895]: 172.18.0.2 ::1 12/Jun/2026/08/18/36 PUT /v1/AUTH_d161f19672f44e4bb840583ccc566779/glance/97260523-6a76-4cef-87b5-c662ab97ec6c HTTP/1.0 201 - python-swiftclient-3.11.1 gAAAAABqK8DcdeTm... - - - tx0d851fb6f93d432981dfb-006a2bc0dc - 0.0270 - - 1781252316.697721004 1781252316.724749565 0
Jun 12 08:18:37 standalone container-server[115152]: 172.20.0.100 - - [12/Jun/2026:08:18:37 +0000] "HEAD /d1/960/AUTH_d161f19672f44e4bb840583ccc566779/glance" 204 - "HEAD http://localhost:8080/v1/AUTH_d161f19672f44e4bb840583ccc566779/glance?format=json&states=listing" "tx38d46b3eb5d347729a84e-006a2bc0dd" "proxy-server 12" 0.0169 "-" 20 0
Jun 12 08:18:37 standalone proxy-server[116895]: 172.18.0.2 ::1 12/Jun/2026/08/18/37 HEAD /v1/AUTH_d161f19672f44e4bb840583ccc566779/glance%3Fformat%3Djson%26states%3Dlisting HTTP/1.0 204 - python-swiftclient-3.11.1 gAAAAABqK8DdhszE... - - - tx38d46b3eb5d347729a84e-006a2bc0dd - 0.0623 - - 1781252317.286278486 1781252317.348623991 0
Jun 12 08:18:37 standalone container-server[115152]: 172.20.0.100 - - [12/Jun/2026:08:18:37 +0000] "PUT /d1/960/AUTH_d161f19672f44e4bb840583ccc566779/glance/b796367f-2ee4-40ac-b15d-6d8d1a49ac81-00001" 201 - "PUT http://localhost:8080/d1/736/AUTH_d161f19672f44e4bb840583ccc566779/glance/b796367f-2ee4-40ac-b15d-6d8d1a49ac81-00001" "tx3506cebaa4814dddbae62-006a2bc0dd" "object-server 25" 0.0008 "-" 20 0
Jun 12 08:18:37 standalone object-server[115250]: 172.20.0.100 - - [12/Jun/2026:08:18:37 +0000] "PUT /d1/736/AUTH_d161f19672f44e4bb840583ccc566779/glance/b796367f-2ee4-40ac-b15d-6d8d1a49ac81-00001" 201 - "PUT http://localhost:8080/v1/AUTH_d161f19672f44e4bb840583ccc566779/glance/b796367f-2ee4-40ac-b15d-6d8d1a49ac81-00001" "tx3506cebaa4814dddbae62-006a2bc0dd" "proxy-server 12" 0.2067 "-" 25 0
Jun 12 08:18:37 standalone proxy-server[116895]: 172.18.0.2 ::1 12/Jun/2026/08/18/37 PUT /v1/AUTH_d161f19672f44e4bb840583ccc566779/glance/b796367f-2ee4-40ac-b15d-6d8d1a49ac81-00001 HTTP/1.0 201 - python-swiftclient-3.11.1 gAAAAABqK8DdhszE... 16300544 - - tx3506cebaa4814dddbae62-006a2bc0dd - 0.2120 - - 1781252317.353165388 1781252317.565133572 0
Jun 12 08:18:37 standalone container-server[115159]: 172.20.0.100 - - [12/Jun/2026:08:18:37 +0000] "PUT /d1/960/AUTH_d161f19672f44e4bb840583ccc566779/glance/b796367f-2ee4-40ac-b15d-6d8d1a49ac81" 201 - "PUT http://localhost:8080/d1/385/AUTH_d161f19672f44e4bb840583ccc566779/glance/b796367f-2ee4-40ac-b15d-6d8d1a49ac81" "tx190547f0361b466587508-006a2bc0dd" "object-server 24" 0.0011 "-" 21 0
Jun 12 08:18:37 standalone object-server[115247]: 172.20.0.100 - - [12/Jun/2026:08:18:37 +0000] "PUT /d1/385/AUTH_d161f19672f44e4bb840583ccc566779/glance/b796367f-2ee4-40ac-b15d-6d8d1a49ac81" 201 - "PUT http://localhost:8080/v1/AUTH_d161f19672f44e4bb840583ccc566779/glance/b796367f-2ee4-40ac-b15d-6d8d1a49ac81" "tx190547f0361b466587508-006a2bc0dd" "proxy-server 12" 0.0098 "-" 24 0
Jun 12 08:18:37 standalone proxy-server[116895]: 172.18.0.2 ::1 12/Jun/2026/08/18/37 PUT /v1/AUTH_d161f19672f44e4bb840583ccc566779/glance/b796367f-2ee4-40ac-b15d-6d8d1a49ac81 HTTP/1.0 201 - python-swiftclient-3.11.1 gAAAAABqK8DdhszE... - - - tx190547f0361b466587508-006a2bc0dd - 0.0158 - - 1781252317.571334362 1781252317.587089300 0
Jun 12 08:19:02 standalone account-server[114971]: 172.20.0.100 - - [12/Jun/2026:08:19:02 +0000] "HEAD /d1/784/.expiring_objects" 404 - "HEAD http://localhost/v1/.expiring_objects?format=json" "txca18a96072b048cd9b5ab-006a2bc0f6" "proxy-server 2" 0.0008 "-" 21 -
Jun 12 08:19:02 standalone object-expirer[115034]: Pass completed in 0s; 0 objects expired (txn: txca18a96072b048cd9b5ab-006a2bc0f6)
Jun 12 08:22:43 standalone container-server[114968]: Begin container update sweep
Jun 12 08:22:43 standalone account-server[114971]: 172.20.0.100 - - [12/Jun/2026:08:22:43 +0000] "PUT /d1/516/AUTH_d161f19672f44e4bb840583ccc566779/glance" 201 - "-" "-" "container-updater 2" 0.0012 "-" 21 0
Jun 12 08:22:43 standalone container-server[114968]: Container update sweep completed: 0.11s
Jun 12 08:22:50 standalone object-server[115191]: Begin object update sweep
Jun 12 08:22:50 standalone object-server[177145]: Object update sweep starting on /srv/node/d1 (pid: 14)
Jun 12 08:22:50 standalone object-server[177145]: Object update sweep completed on /srv/node/d1 in 0.00s seconds:, 0 successes, 0 failures, 0 quarantines, 0 unlinks, 0 errors, 0 redirects (pid: 14)
Jun 12 08:22:50 standalone object-server[177145]: Object update sweep of d1 completed: 0.00s, 0 successes, 0 failures, 0 quarantines, 0 unlinks, 0 errors, 0 redirects
Jun 12 08:22:50 standalone object-server[115191]: Object update sweep completed: 0.08s
Jun 12 08:23:22 standalone account-server[114967]: 172.20.0.100 - - [12/Jun/2026:08:23:22 +0000] "HEAD /d1/784/.expiring_objects" 404 - "HEAD http://localhost/v1/.expiring_objects?format=json" "tx906b9d932a894678a6d56-006a2bc1fa" "proxy-server 2" 0.0008 "-" 20 -
Jun 12 08:23:22 standalone object-expirer[115034]: Pass completed in 0s; 0 objects expired (txn: tx906b9d932a894678a6d56-006a2bc1fa)
Jun 12 08:23:35 standalone account-server[114978]: 172.20.0.100 - - [12/Jun/2026:08:23:35 +0000] "HEAD /d1/516/AUTH_d161f19672f44e4bb840583ccc566779" 204 - "HEAD http://localhost:8080/v1/AUTH_d161f19672f44e4bb840583ccc566779?format=json" "tx44e8a01bba6348f98adab-006a2bc207" "proxy-server 12" 0.0073 "-" 23 -
Jun 12 08:23:35 standalone proxy-server[116895]: - - 12/Jun/2026/08/23/35 HEAD /v1/AUTH_d161f19672f44e4bb840583ccc566779%3Fformat%3Djson HTTP/1.0 204 - Swift - - - - tx44e8a01bba6348f98adab-006a2bc207 - 0.0120 RL - 1781252615.323054075 1781252615.335027456 -
Jun 12 08:23:35 standalone container-server[115162]: 172.20.0.100 - - [12/Jun/2026:08:23:35 +0000] "HEAD /d1/960/AUTH_d161f19672f44e4bb840583ccc566779/glance" 204 - "HEAD http://localhost:8080/v1/AUTH_d161f19672f44e4bb840583ccc566779/glance?format=json&states=listing" "tx44e8a01bba6348f98adab-006a2bc207" "proxy-server 12" 0.0016 "-" 22 0
Jun 12 08:23:35 standalone proxy-server[116895]: 172.18.0.2 ::1 12/Jun/2026/08/23/35 HEAD /v1/AUTH_d161f19672f44e4bb840583ccc566779/glance%3Fformat%3Djson%26states%3Dlisting HTTP/1.0 204 - python-swiftclient-3.11.1 gAAAAABqK8IH7f_1... - - - tx44e8a01bba6348f98adab-006a2bc207 - 0.1636 - - 1781252615.320574522 1781252615.484215498 0
Jun 12 08:23:38 standalone container-server[115166]: 172.20.0.100 - - [12/Jun/2026:08:23:38 +0000] "PUT /d1/960/AUTH_d161f19672f44e4bb840583ccc566779/glance/b615ec0a-0d1a-40a5-9526-8f49f84a1805-00001" 201 - "PUT http://localhost:8080/d1/671/AUTH_d161f19672f44e4bb840583ccc566779/glance/b615ec0a-0d1a-40a5-9526-8f49f84a1805-00001" "txa37be3753af3477592f7f-006a2bc207" "object-server 24" 0.0009 "-" 23 0
Jun 12 08:23:38 standalone object-server[115247]: 172.20.0.100 - - [12/Jun/2026:08:23:38 +0000] "PUT /d1/671/AUTH_d161f19672f44e4bb840583ccc566779/glance/b615ec0a-0d1a-40a5-9526-8f49f84a1805-00001" 201 - "PUT http://localhost:8080/v1/AUTH_d161f19672f44e4bb840583ccc566779/glance/b615ec0a-0d1a-40a5-9526-8f49f84a1805-00001" "txa37be3753af3477592f7f-006a2bc207" "proxy-server 12" 2.7051 "-" 24 0
Jun 12 08:23:38 standalone proxy-server[116895]: 172.18.0.2 ::1 12/Jun/2026/08/23/38 PUT /v1/AUTH_d161f19672f44e4bb840583ccc566779/glance/b615ec0a-0d1a-40a5-9526-8f49f84a1805-00001 HTTP/1.0 201 - python-swiftclient-3.11.1 gAAAAABqK8IH7f_1... 21692416 - - txa37be3753af3477592f7f-006a2bc207 - 2.7122 - - 1781252615.500693560 1781252618.212898254 0
Jun 12 08:23:38 standalone container-server[115159]: 172.20.0.100 - - [12/Jun/2026:08:23:38 +0000] "PUT /d1/960/AUTH_d161f19672f44e4bb840583ccc566779/glance/b615ec0a-0d1a-40a5-9526-8f49f84a1805" 201 - "PUT http://localhost:8080/d1/1020/AUTH_d161f19672f44e4bb840583ccc566779/glance/b615ec0a-0d1a-40a5-9526-8f49f84a1805" "tx13f5168c8d2640d99754e-006a2bc20a" "object-server 24" 0.0008 "-" 21 0
Jun 12 08:23:38 standalone object-server[115247]: 172.20.0.100 - - [12/Jun/2026:08:23:38 +0000] "PUT /d1/1020/AUTH_d161f19672f44e4bb840583ccc566779/glance/b615ec0a-0d1a-40a5-9526-8f49f84a1805" 201 - "PUT http://localhost:8080/v1/AUTH_d161f19672f44e4bb840583ccc566779/glance/b615ec0a-0d1a-40a5-9526-8f49f84a1805" "tx13f5168c8d2640d99754e-006a2bc20a" "proxy-server 12" 0.0076 "-" 24 0
Jun 12 08:23:38 standalone proxy-server[116895]: 172.18.0.2 ::1 12/Jun/2026/08/23/38 PUT /v1/AUTH_d161f19672f44e4bb840583ccc566779/glance/b615ec0a-0d1a-40a5-9526-8f49f84a1805 HTTP/1.0 201 - python-swiftclient-3.11.1 gAAAAABqK8IH7f_1... - - - tx13f5168c8d2640d99754e-006a2bc20a - 0.0123 - - 1781252618.218825579 1781252618.231115580 0
Jun 12 08:24:42 standalone account-server[114977]: 172.20.0.100 - - [12/Jun/2026:08:24:42 +0000] "HEAD /d1/516/AUTH_d161f19672f44e4bb840583ccc566779" 204 - "HEAD http://localhost:8080/v1/AUTH_d161f19672f44e4bb840583ccc566779?format=json" "txec45a5587585456f8b4e0-006a2bc24a" "proxy-server 12" 0.0033 "-" 22 -
Jun 12 08:24:42 standalone proxy-server[116895]: - - 12/Jun/2026/08/24/42 HEAD /v1/AUTH_d161f19672f44e4bb840583ccc566779%3Fformat%3Djson HTTP/1.0 204 - Swift - - - - txec45a5587585456f8b4e0-006a2bc24a - 0.0094 RL - 1781252682.919295311 1781252682.928647518 -
Jun 12 08:24:43 standalone container-server[115162]: 172.20.0.100 - - [12/Jun/2026:08:24:43 +0000] "HEAD /d1/960/AUTH_d161f19672f44e4bb840583ccc566779/glance" 204 - "HEAD http://localhost:8080/v1/AUTH_d161f19672f44e4bb840583ccc566779/glance?format=json&states=listing" "txec45a5587585456f8b4e0-006a2bc24a" "proxy-server 12" 0.0247 "-" 22 0
Jun 12 08:24:43 standalone object-server[115246]: 172.20.0.100 - - [12/Jun/2026:08:24:43 +0000] "GET /d1/1020/AUTH_d161f19672f44e4bb840583ccc566779/glance/b615ec0a-0d1a-40a5-9526-8f49f84a1805" 200 - "GET http://localhost:8080/v1/AUTH_d161f19672f44e4bb840583ccc566779/glance/b615ec0a-0d1a-40a5-9526-8f49f84a1805" "txec45a5587585456f8b4e0-006a2bc24a" "proxy-server 12" 0.0029 "-" 23 0
Jun 12 08:24:43 standalone container-server[115152]: 172.20.0.100 - - [12/Jun/2026:08:24:43 +0000] "GET /d1/960/AUTH_d161f19672f44e4bb840583ccc566779/glance" 200 210 "GET http://localhost:8080/v1/AUTH_d161f19672f44e4bb840583ccc566779/glance?prefix=b615ec0a-0d1a-40a5-9526-8f49f84a1805-&format=json&states=listing" "txec45a5587585456f8b4e0-006a2bc24a" "proxy-server 12" 0.0021 "-" 20 0
Jun 12 08:24:43 standalone proxy-server[116895]: - - 12/Jun/2026/08/24/43 GET /v1/AUTH_d161f19672f44e4bb840583ccc566779/glance%3Fprefix%3Db615ec0a-0d1a-40a5-9526-8f49f84a1805-%26format%3Djson%26states%3Dlisting HTTP/1.0 200 - python-swiftclient-3.11.1%20DLO%20MultipartGET gAAAAABqK8JK3Gt_... - 210 - txec45a5587585456f8b4e0-006a2bc24a - 0.0105 DLO - 1781252683.069456339 1781252683.079977036 0
Jun 12 08:24:43 standalone object-server[115246]: 172.20.0.100 - - [12/Jun/2026:08:24:43 +0000] "GET /d1/671/AUTH_d161f19672f44e4bb840583ccc566779/glance/b615ec0a-0d1a-40a5-9526-8f49f84a1805-00001" 200 21692416 "GET http://localhost:8080/v1/AUTH_d161f19672f44e4bb840583ccc566779/glance/b615ec0a-0d1a-40a5-9526-8f49f84a1805-00001?multipart-manifest=get" "txec45a5587585456f8b4e0-006a2bc24a" "proxy-server 12" 0.0014 "-" 23 0
Jun 12 08:24:43 standalone proxy-server[116895]: - - 12/Jun/2026/08/24/43 GET /v1/AUTH_d161f19672f44e4bb840583ccc566779/glance/b615ec0a-0d1a-40a5-9526-8f49f84a1805-00001%3Fmultipart-manifest%3Dget HTTP/1.0 200 - python-swiftclient-3.11.1%20%20DLO%20MultipartGET gAAAAABqK8JK3Gt_... - 21692416 - txec45a5587585456f8b4e0-006a2bc24a - 0.1032 DLO - 1781252683.081125736 1781252683.184327602 0
Jun 12 08:24:43 standalone proxy-server[116895]: 172.18.0.2 ::1 12/Jun/2026/08/24/43 GET /v1/AUTH_d161f19672f44e4bb840583ccc566779/glance/b615ec0a-0d1a-40a5-9526-8f49f84a1805 HTTP/1.0 200 - python-swiftclient-3.11.1 gAAAAABqK8JK3Gt_... - 21692416 - txec45a5587585456f8b4e0-006a2bc24a - 0.2671 - - 1781252682.917910576 1781252683.184971571 0
Jun 12 08:25:41 standalone account-server[114971]: 172.20.0.100 - - [12/Jun/2026:08:25:41 +0000] "HEAD /d1/784/.expiring_objects" 404 - "HEAD http://localhost/v1/.expiring_objects?format=json" "tx0537ff7e76cc447d8e8c0-006a2bc285" "proxy-server 2" 0.0006 "-" 21 -
Jun 12 08:25:41 standalone object-expirer[115034]: Pass completed in 0s; 0 objects expired (txn: tx0537ff7e76cc447d8e8c0-006a2bc285)
Jun 12 08:26:24 standalone account-server[114978]: 172.20.0.100 - - [12/Jun/2026:08:26:24 +0000] "HEAD /d1/784/.expiring_objects" 404 - "HEAD http://localhost/v1/.expiring_objects?format=json" "tx48356f3700c5471f9a41a-006a2bc2b0" "proxy-server 2" 0.0010 "-" 23 -
Jun 12 08:26:24 standalone object-expirer[115034]: Pass completed in 0s; 0 objects expired (txn: tx48356f3700c5471f9a41a-006a2bc2b0)
Jun 12 08:27:31 standalone account-server[114971]: 172.20.0.100 - - [12/Jun/2026:08:27:31 +0000] "HEAD /d1/784/.expiring_objects" 404 - "HEAD http://localhost/v1/.expiring_objects?format=json" "tx3f7b930ee39a4b80bdae8-006a2bc2f3" "proxy-server 2" 0.0009 "-" 21 -
Jun 12 08:27:31 standalone object-expirer[115034]: Pass completed in 0s; 0 objects expired (txn: tx3f7b930ee39a4b80bdae8-006a2bc2f3)
Jun 12 08:27:43 standalone container-server[114968]: Begin container update sweep
Jun 12 08:27:43 standalone account-server[114967]: 172.20.0.100 - - [12/Jun/2026:08:27:43 +0000] "PUT /d1/516/AUTH_d161f19672f44e4bb840583ccc566779/glance" 201 - "-" "-" "container-updater 2" 0.0014 "-" 20 0
Jun 12 08:27:43 standalone container-server[114968]: Container update sweep completed: 0.11s
Jun 12 08:27:50 standalone object-server[115191]: Begin object update sweep
Jun 12 08:27:50 standalone object-server[203793]: Object update sweep starting on /srv/node/d1 (pid: 15)
Jun 12 08:27:50 standalone object-server[203793]: Object update sweep completed on /srv/node/d1 in 0.00s seconds:, 0 successes, 0 failures, 0 quarantines, 0 unlinks, 0 errors, 0 redirects (pid: 15)
Jun 12 08:27:50 standalone object-server[203793]: Object update sweep of d1 completed: 0.00s, 0 successes, 0 failures, 0 quarantines, 0 unlinks, 0 errors, 0 redirects
Jun 12 08:27:50 standalone object-server[115191]: Object update sweep completed: 0.08s
Jun 12 08:30:58 standalone account-server[114978]: 172.20.0.100 - - [12/Jun/2026:08:30:58 +0000] "HEAD /d1/784/.expiring_objects" 404 - "HEAD http://localhost/v1/.expiring_objects?format=json" "tx6686887f4fec4e2c831e1-006a2bc3c2" "proxy-server 2" 0.0007 "-" 23 -
Jun 12 08:30:58 standalone object-expirer[115034]: Pass completed in 0s; 0 objects expired (txn: tx6686887f4fec4e2c831e1-006a2bc3c2)
Jun 12 08:31:17 standalone account-server[114971]: 172.20.0.100 - - [12/Jun/2026:08:31:17 +0000] "HEAD /d1/784/.expiring_objects" 404 - "HEAD http://localhost/v1/.expiring_objects?format=json" "txbdff7f4a8edd4b9cbd15d-006a2bc3d5" "proxy-server 2" 0.0006 "-" 21 -
Jun 12 08:31:17 standalone object-expirer[115034]: Pass completed in 0s; 0 objects expired (txn: txbdff7f4a8edd4b9cbd15d-006a2bc3d5)
Jun 12 08:32:43 standalone container-server[114968]: Begin container update sweep
Jun 12 08:32:43 standalone container-server[114968]: Container update sweep completed: 0.08s
Jun 12 08:32:50 standalone object-server[115191]: Begin object update sweep
Jun 12 08:32:50 standalone object-server[228542]: Object update sweep starting on /srv/node/d1 (pid: 16)
Jun 12 08:32:50 standalone object-server[228542]: Object update sweep completed on /srv/node/d1 in 0.00s seconds:, 0 successes, 0 failures, 0 quarantines, 0 unlinks, 0 errors, 0 redirects (pid: 16)
Jun 12 08:32:50 standalone object-server[228542]: Object update sweep of d1 completed: 0.00s, 0 successes, 0 failures, 0 quarantines, 0 unlinks, 0 errors, 0 redirects
Jun 12 08:32:50 standalone object-server[115191]: Object update sweep completed: 0.08s
Jun 12 08:35:47 standalone account-server[114978]: 172.20.0.100 - - [12/Jun/2026:08:35:47 +0000] "HEAD /d1/784/.expiring_objects" 404 - "HEAD http://localhost/v1/.expiring_objects?format=json" "txd51cfe4d6cdf478798c12-006a2bc4e3" "proxy-server 2" 0.0008 "-" 23 -
Jun 12 08:35:47 standalone object-expirer[115034]: Pass completed in 0s; 0 objects expired (txn: txd51cfe4d6cdf478798c12-006a2bc4e3)
Jun 12 08:37:43 standalone container-server[114968]: Begin container update sweep
Jun 12 08:37:43 standalone container-server[114968]: Container update sweep completed: 0.08s
Jun 12 08:37:47 standalone account-server[114967]: 172.20.0.100 - - [12/Jun/2026:08:37:47 +0000] "HEAD /d1/784/.expiring_objects" 404 - "HEAD http://localhost/v1/.expiring_objects?format=json" "tx7175067ceb824e42b64f4-006a2bc55b" "proxy-server 2" 0.0010 "-" 20 -
Jun 12 08:37:47 standalone object-expirer[115034]: Pass completed in 0s; 0 objects expired (txn: tx7175067ceb824e42b64f4-006a2bc55b)
Jun 12 08:37:51 standalone object-server[115191]: Begin object update sweep
Jun 12 08:37:51 standalone object-server[248124]: Object update sweep starting on /srv/node/d1 (pid: 17)
Jun 12 08:37:51 standalone object-server[248124]: Object update sweep completed on /srv/node/d1 in 0.00s seconds:, 0 successes, 0 failures, 0 quarantines, 0 unlinks, 0 errors, 0 redirects (pid: 17)
Jun 12 08:37:51 standalone object-server[248124]: Object update sweep of d1 completed: 0.00s, 0 successes, 0 failures, 0 quarantines, 0 unlinks, 0 errors, 0 redirects
Jun 12 08:37:51 standalone object-server[115191]: Object update sweep completed: 0.08s
Jun 12 08:38:03 standalone account-server[114967]: 172.20.0.31 - - [12/Jun/2026:08:38:03 +0000] "HEAD /d1/1007/AUTH_5169014388094022bc392b1c36b2b40d" 404 - "HEAD http://swift-public-openstack.apps-crc.testing/v1/AUTH_5169014388094022bc392b1c36b2b40d?format=json" "tx74ca723bb9814a7bb3d49-006a2bc56b" "proxy-server 8" 0.0006 "-" 20 -
Jun 12 08:38:04 standalone account-server[114967]: 172.20.0.31 - - [12/Jun/2026:08:38:04 +0000] "GET /d1/1007/AUTH_5169014388094022bc392b1c36b2b40d" 404 - "GET http://swift-public-openstack.apps-crc.testing/v1/AUTH_5169014388094022bc392b1c36b2b40d?format=json" "tx74ca723bb9814a7bb3d49-006a2bc56b" "proxy-server 8" 0.0003 "-" 20 -
Jun 12 08:39:53 standalone account-server[114967]: 172.20.0.100 - - [12/Jun/2026:08:39:53 +0000] "HEAD /d1/784/.expiring_objects" 404 - "HEAD http://localhost/v1/.expiring_objects?format=json" "tx529c690bca1748e19af75-006a2bc5d9" "proxy-server 2" 0.0009 "-" 20 -
Jun 12 08:39:53 standalone object-expirer[115034]: Pass completed in 0s; 0 objects expired (txn: tx529c690bca1748e19af75-006a2bc5d9)
Jun 12 08:40:54 standalone account-server[114971]: 172.20.0.100 - - [12/Jun/2026:08:40:54 +0000] "HEAD /d1/784/.expiring_objects" 404 - "HEAD http://localhost/v1/.expiring_objects?format=json" "tx6bb1670f86d94e9d86f9b-006a2bc616" "proxy-server 2" 0.0008 "-" 21 -
Jun 12 08:40:54 standalone object-expirer[115034]: Pass completed in 0s; 0 objects expired (txn: tx6bb1670f86d94e9d86f9b-006a2bc616)
Jun 12 08:41:29 standalone account-server[114977]: 172.20.0.100 - - [12/Jun/2026:08:41:29 +0000] "HEAD /d1/784/.expiring_objects" 404 - "HEAD http://localhost/v1/.expiring_objects?format=json" "tx76c10ed236ae48a0a0f79-006a2bc639" "proxy-server 2" 0.0008 "-" 22 -
Jun 12 08:41:29 standalone object-expirer[115034]: Pass completed in 0s; 0 objects expired (txn: tx76c10ed236ae48a0a0f79-006a2bc639)
Jun 12 08:42:44 standalone container-server[114968]: Begin container update sweep
Jun 12 08:42:44 standalone container-server[114968]: Container update sweep completed: 0.08s
Jun 12 08:42:51 standalone object-server[115191]: Begin object update sweep
Jun 12 08:42:51 standalone object-server[267640]: Object update sweep starting on /srv/node/d1 (pid: 18)
Jun 12 08:42:51 standalone object-server[267640]: Object update sweep completed on /srv/node/d1 in 0.00s seconds:, 0 successes, 0 failures, 0 quarantines, 0 unlinks, 0 errors, 0 redirects (pid: 18)
Jun 12 08:42:51 standalone object-server[267640]: Object update sweep of d1 completed: 0.00s, 0 successes, 0 failures, 0 quarantines, 0 unlinks, 0 errors, 0 redirects
Jun 12 08:42:51 standalone object-server[115191]: Object update sweep completed: 0.09s
Jun 12 08:46:22 standalone account-server[114967]: 172.20.0.100 - - [12/Jun/2026:08:46:22 +0000] "HEAD /d1/784/.expiring_objects" 404 - "HEAD http://localhost/v1/.expiring_objects?format=json" "tx9cdbe1a9146f4f7fb2358-006a2bc75e" "proxy-server 2" 0.0007 "-" 20 -
Jun 12 08:46:22 standalone object-expirer[115034]: Pass completed in 0s; 0 objects expired (txn: tx9cdbe1a9146f4f7fb2358-006a2bc75e)
Jun 12 08:47:44 standalone container-server[114968]: Begin container update sweep
Jun 12 08:47:44 standalone container-server[114968]: Container update sweep completed: 0.08s
Jun 12 08:47:51 standalone object-server[115191]: Begin object update sweep
Jun 12 08:47:51 standalone object-server[286651]: Object update sweep starting on /srv/node/d1 (pid: 19)
Jun 12 08:47:51 standalone object-server[286651]: Object update sweep completed on /srv/node/d1 in 0.00s seconds:, 0 successes, 0 failures, 0 quarantines, 0 unlinks, 0 errors, 0 redirects (pid: 19)
Jun 12 08:47:51 standalone object-server[286651]: Object update sweep of d1 completed: 0.00s, 0 successes, 0 failures, 0 quarantines, 0 unlinks, 0 errors, 0 redirects
Jun 12 08:47:51 standalone object-server[115191]: Object update sweep completed: 0.09s
Jun 12 08:49:36 standalone account-server[114971]: 172.20.0.31 - - [12/Jun/2026:08:49:36 +0000] "HEAD /d1/472/AUTH_28465472ed404e3bbeab43a7bbccf053" 404 - "HEAD http://swift-internal.openstack.svc:8080/v1/AUTH_28465472ed404e3bbeab43a7bbccf053?format=json" "txe93178446baf47c8bb3e2-006a2bc820" "proxy-server 10" 0.0009 "-" 21 -
Jun 12 08:49:36 standalone account-server[114971]: 172.20.0.31 - - [12/Jun/2026:08:49:36 +0000] "GET /d1/472/AUTH_28465472ed404e3bbeab43a7bbccf053" 404 - "GET http://swift-internal.openstack.svc:8080/v1/AUTH_28465472ed404e3bbeab43a7bbccf053?format=json" "txe93178446baf47c8bb3e2-006a2bc820" "proxy-server 10" 0.0006 "-" 21 -
Jun 12 08:49:36 standalone account-server[114978]: 172.20.0.31 - - [12/Jun/2026:08:49:36 +0000] "HEAD /d1/1007/AUTH_5169014388094022bc392b1c36b2b40d" 404 - "HEAD http://swift-internal.openstack.svc:8080/v1/AUTH_5169014388094022bc392b1c36b2b40d?format=json" "txffe40a364eb247aa93240-006a2bc820" "proxy-server 5" 0.0005 "-" 23 -
Jun 12 08:49:37 standalone account-server[114967]: 172.20.0.31 - - [12/Jun/2026:08:49:37 +0000] "GET /d1/1007/AUTH_5169014388094022bc392b1c36b2b40d" 404 - "GET http://swift-internal.openstack.svc:8080/v1/AUTH_5169014388094022bc392b1c36b2b40d?format=json" "txffe40a364eb247aa93240-006a2bc820" "proxy-server 5" 0.0003 "-" 20 -
Jun 12 08:49:37 standalone account-server[114967]: 172.20.0.31 - - [12/Jun/2026:08:49:37 +0000] "HEAD /d1/611/AUTH_9f8e52f6c4fd4cfe944964062cd5eca5" 404 - "HEAD http://swift-internal.openstack.svc:8080/v1/AUTH_9f8e52f6c4fd4cfe944964062cd5eca5?format=json" "tx2eddd0088cba4760848c5-006a2bc821" "proxy-server 5" 0.0003 "-" 20 -
Jun 12 08:49:37 standalone account-server[114971]: 172.20.0.31 - - [12/Jun/2026:08:49:37 +0000] "GET /d1/611/AUTH_9f8e52f6c4fd4cfe944964062cd5eca5" 404 - "GET http://swift-internal.openstack.svc:8080/v1/AUTH_9f8e52f6c4fd4cfe944964062cd5eca5?format=json" "tx2eddd0088cba4760848c5-006a2bc821" "proxy-server 5" 0.0002 "-" 21 -
Jun 12 08:49:37 standalone account-server[114978]: 172.20.0.31 - - [12/Jun/2026:08:49:37 +0000] "HEAD /d1/516/AUTH_d161f19672f44e4bb840583ccc566779" 204 - "HEAD http://swift-internal.openstack.svc:8080/v1/AUTH_d161f19672f44e4bb840583ccc566779?format=json" "tx90b3c30cf90f44068b2b4-006a2bc821" "proxy-server 5" 0.0092 "-" 23 -
Jun 12 08:49:37 standalone account-server[114967]: 172.20.0.31 - - [12/Jun/2026:08:49:37 +0000] "GET /d1/516/AUTH_d161f19672f44e4bb840583ccc566779" 200 98 "GET http://swift-internal.openstack.svc:8080/v1/AUTH_d161f19672f44e4bb840583ccc566779?format=json" "tx90b3c30cf90f44068b2b4-006a2bc821" "proxy-server 5" 0.0019 "-" 20 -
Jun 12 08:49:39 standalone account-server[114971]: 172.20.0.31 - - [12/Jun/2026:08:49:39 +0000] "HEAD /d1/472/AUTH_28465472ed404e3bbeab43a7bbccf053" 404 - "HEAD http://swift-internal.openstack.svc:8080/v1/AUTH_28465472ed404e3bbeab43a7bbccf053?format=json" "tx5a22ac4e33a64d9191b51-006a2bc823" "proxy-server 5" 0.0005 "-" 21 -
Jun 12 08:49:39 standalone account-server[114977]: 172.20.0.31 - - [12/Jun/2026:08:49:39 +0000] "HEAD /d1/1007/AUTH_5169014388094022bc392b1c36b2b40d" 404 - "HEAD http://swift-internal.openstack.svc:8080/v1/AUTH_5169014388094022bc392b1c36b2b40d?format=json" "txa107e16cc30e454ca1e49-006a2bc823" "proxy-server 5" 0.0004 "-" 22 -
Jun 12 08:49:39 standalone account-server[114967]: 172.20.0.31 - - [12/Jun/2026:08:49:39 +0000] "HEAD /d1/611/AUTH_9f8e52f6c4fd4cfe944964062cd5eca5" 404 - "HEAD http://swift-internal.openstack.svc:8080/v1/AUTH_9f8e52f6c4fd4cfe944964062cd5eca5?format=json" "tx69f08e30ef6d45f7a8901-006a2bc823" "proxy-server 12" 0.0006 "-" 20 -
Jun 12 08:49:39 standalone account-server[114971]: 172.20.0.31 - - [12/Jun/2026:08:49:39 +0000] "HEAD /d1/516/AUTH_d161f19672f44e4bb840583ccc566779" 204 - "HEAD http://swift-internal.openstack.svc:8080/v1/AUTH_d161f19672f44e4bb840583ccc566779?format=json" "tx548bab67616340508dc64-006a2bc823" "proxy-server 5" 0.0017 "-" 21 -
Jun 12 08:49:51 standalone account-server[114977]: 172.20.0.100 - - [12/Jun/2026:08:49:51 +0000] "HEAD /d1/784/.expiring_objects" 404 - "HEAD http://localhost/v1/.expiring_objects?format=json" "tx61591abafe6e42109246d-006a2bc82f" "proxy-server 2" 0.0006 "-" 22 -
Jun 12 08:49:51 standalone object-expirer[115034]: Pass completed in 0s; 0 objects expired (txn: tx61591abafe6e42109246d-006a2bc82f)
Jun 12 08:50:10 standalone account-server[114977]: 172.20.0.31 - - [12/Jun/2026:08:50:10 +0000] "HEAD /d1/472/AUTH_28465472ed404e3bbeab43a7bbccf053" 404 - "HEAD http://swift-internal.openstack.svc:8080/v1/AUTH_28465472ed404e3bbeab43a7bbccf053?format=json" "tx29521d0a32e3472db5b23-006a2bc841" "proxy-server 13" 0.0009 "-" 22 -
Jun 12 08:50:10 standalone account-server[114977]: 172.20.0.31 - - [12/Jun/2026:08:50:10 +0000] "HEAD /d1/1007/AUTH_5169014388094022bc392b1c36b2b40d" 404 - "HEAD http://swift-internal.openstack.svc:8080/v1/AUTH_5169014388094022bc392b1c36b2b40d?format=json" "tx66bbc2eabd5c45f4a5821-006a2bc842" "proxy-server 6" 0.0003 "-" 22 -
Jun 12 08:50:10 standalone account-server[114971]: 172.20.0.31 - - [12/Jun/2026:08:50:10 +0000] "HEAD /d1/611/AUTH_9f8e52f6c4fd4cfe944964062cd5eca5" 404 - "HEAD http://swift-internal.openstack.svc:8080/v1/AUTH_9f8e52f6c4fd4cfe944964062cd5eca5?format=json" "tx5777b6adcc7b484388374-006a2bc842" "proxy-server 10" 0.0005 "-" 21 -
Jun 12 08:50:11 standalone account-server[114967]: 172.20.0.31 - - [12/Jun/2026:08:50:11 +0000] "HEAD /d1/516/AUTH_d161f19672f44e4bb840583ccc566779" 204 - "HEAD http://swift-internal.openstack.svc:8080/v1/AUTH_d161f19672f44e4bb840583ccc566779?format=json" "txfe0e7710f5af421bba0c3-006a2bc842" "proxy-server 14" 0.0023 "-" 20 -
Jun 12 08:50:11 standalone account-server[114977]: 172.20.0.31 - - [12/Jun/2026:08:50:11 +0000] "GET /d1/472/AUTH_28465472ed404e3bbeab43a7bbccf053" 404 - "GET http://swift-internal.openstack.svc:8080/v1/AUTH_28465472ed404e3bbeab43a7bbccf053?format=json" "txba375a920f79401dbe999-006a2bc843" "proxy-server 14" 0.0005 "-" 22 -
Jun 12 08:50:11 standalone account-server[114978]: 172.20.0.31 - - [12/Jun/2026:08:50:11 +0000] "GET /d1/1007/AUTH_5169014388094022bc392b1c36b2b40d" 404 - "GET http://swift-internal.openstack.svc:8080/v1/AUTH_5169014388094022bc392b1c36b2b40d?format=json" "txb7949cefbfc74f93858fe-006a2bc843" "proxy-server 10" 0.0003 "-" 23 -
Jun 12 08:50:11 standalone account-server[114971]: 172.20.0.31 - - [12/Jun/2026:08:50:11 +0000] "GET /d1/611/AUTH_9f8e52f6c4fd4cfe944964062cd5eca5" 404 - "GET http://swift-internal.openstack.svc:8080/v1/AUTH_9f8e52f6c4fd4cfe944964062cd5eca5?format=json" "txd1ac4eb604884c2397b87-006a2bc843" "proxy-server 6" 0.0005 "-" 21 -
Jun 12 08:50:11 standalone account-server[114967]: 172.20.0.31 - - [12/Jun/2026:08:50:11 +0000] "GET /d1/516/AUTH_d161f19672f44e4bb840583ccc566779" 200 98 "GET http://swift-internal.openstack.svc:8080/v1/AUTH_d161f19672f44e4bb840583ccc566779?format=json" "tx4b76c69a2b7b4648beedc-006a2bc843" "proxy-server 6" 0.0020 "-" 20 -
Jun 12 08:50:45 standalone account-server[114977]: 172.20.0.31 - - [12/Jun/2026:08:50:45 +0000] "HEAD /d1/472/AUTH_28465472ed404e3bbeab43a7bbccf053" 404 - "HEAD http://swift-internal.openstack.svc:8080/v1/AUTH_28465472ed404e3bbeab43a7bbccf053?format=json" "txd065735c70654af59642d-006a2bc865" "proxy-server 10" 0.0008 "-" 22 -
Jun 12 08:50:45 standalone account-server[114978]: 172.20.0.31 - - [12/Jun/2026:08:50:45 +0000] "HEAD /d1/1007/AUTH_5169014388094022bc392b1c36b2b40d" 404 - "HEAD http://swift-internal.openstack.svc:8080/v1/AUTH_5169014388094022bc392b1c36b2b40d?format=json" "txf2b553057b42441bb2a5e-006a2bc865" "proxy-server 10" 0.0006 "-" 23 -
Jun 12 08:50:45 standalone account-server[114978]: 172.20.0.31 - - [12/Jun/2026:08:50:45 +0000] "HEAD /d1/611/AUTH_9f8e52f6c4fd4cfe944964062cd5eca5" 404 - "HEAD http://swift-internal.openstack.svc:8080/v1/AUTH_9f8e52f6c4fd4cfe944964062cd5eca5?format=json" "txeca397fd923a44b09283e-006a2bc865" "proxy-server 10" 0.0003 "-" 23 -
Jun 12 08:50:45 standalone account-server[114971]: 172.20.0.31 - - [12/Jun/2026:08:50:45 +0000] "HEAD /d1/516/AUTH_d161f19672f44e4bb840583ccc566779" 204 - "HEAD http://swift-internal.openstack.svc:8080/v1/AUTH_d161f19672f44e4bb840583ccc566779?format=json" "tx475afa730aaa4dfba9905-006a2bc865" "proxy-server 14" 0.0026 "-" 21 -
Jun 12 08:50:46 standalone account-server[114977]: 172.20.0.31 - - [12/Jun/2026:08:50:46 +0000] "GET /d1/472/AUTH_28465472ed404e3bbeab43a7bbccf053" 404 - "GET http://swift-internal.openstack.svc:8080/v1/AUTH_28465472ed404e3bbeab43a7bbccf053?format=json" "tx0093dca1e31049c99773b-006a2bc866" "proxy-server 13" 0.0004 "-" 22 -
Jun 12 08:50:46 standalone account-server[114967]: 172.20.0.31 - - [12/Jun/2026:08:50:46 +0000] "GET /d1/1007/AUTH_5169014388094022bc392b1c36b2b40d" 404 - "GET http://swift-internal.openstack.svc:8080/v1/AUTH_5169014388094022bc392b1c36b2b40d?format=json" "txecbccd1b5cbe47578cc20-006a2bc866" "proxy-server 14" 0.0003 "-" 20 -
Jun 12 08:50:46 standalone account-server[114977]: 172.20.0.31 - - [12/Jun/2026:08:50:46 +0000] "GET /d1/611/AUTH_9f8e52f6c4fd4cfe944964062cd5eca5" 404 - "GET http://swift-internal.openstack.svc:8080/v1/AUTH_9f8e52f6c4fd4cfe944964062cd5eca5?format=json" "txcb5326b4117a4e8682d20-006a2bc866" "proxy-server 13" 0.0003 "-" 22 -
Jun 12 08:50:46 standalone account-server[114978]: 172.20.0.31 - - [12/Jun/2026:08:50:46 +0000] "GET /d1/516/AUTH_d161f19672f44e4bb840583ccc566779" 200 98 "GET http://swift-internal.openstack.svc:8080/v1/AUTH_d161f19672f44e4bb840583ccc566779?format=json" "tx980524ceccdd431fbd04c-006a2bc866" "proxy-server 14" 0.0019 "-" 23 -
Jun 12 08:51:23 standalone account-server[114967]: 172.20.0.31 - - [12/Jun/2026:08:51:23 +0000] "HEAD /d1/472/AUTH_28465472ed404e3bbeab43a7bbccf053" 404 - "HEAD http://swift-internal.openstack.svc:8080/v1/AUTH_28465472ed404e3bbeab43a7bbccf053?format=json" "tx1aecc4f2fa3c4bb4b6649-006a2bc88b" "proxy-server 13" 0.0008 "-" 20 -
Jun 12 08:51:23 standalone account-server[114967]: 172.20.0.31 - - [12/Jun/2026:08:51:23 +0000] "HEAD /d1/1007/AUTH_5169014388094022bc392b1c36b2b40d" 404 - "HEAD http://swift-internal.openstack.svc:8080/v1/AUTH_5169014388094022bc392b1c36b2b40d?format=json" "txdccf3ece1c994087afeeb-006a2bc88b" "proxy-server 13" 0.0004 "-" 20 -
Jun 12 08:51:23 standalone account-server[114971]: 172.20.0.31 - - [12/Jun/2026:08:51:23 +0000] "HEAD /d1/611/AUTH_9f8e52f6c4fd4cfe944964062cd5eca5" 404 - "HEAD http://swift-internal.openstack.svc:8080/v1/AUTH_9f8e52f6c4fd4cfe944964062cd5eca5?format=json" "tx55f9af7097ae4858bd3b0-006a2bc88b" "proxy-server 6" 0.0005 "-" 21 -
Jun 12 08:51:23 standalone account-server[114977]: 172.20.0.31 - - [12/Jun/2026:08:51:23 +0000] "HEAD /d1/516/AUTH_d161f19672f44e4bb840583ccc566779" 204 - "HEAD http://swift-internal.openstack.svc:8080/v1/AUTH_d161f19672f44e4bb840583ccc566779?format=json" "tx1a365082bfd14cf48b263-006a2bc88b" "proxy-server 6" 0.0026 "-" 22 -
Jun 12 08:51:24 standalone account-server[114978]: 172.20.0.31 - - [12/Jun/2026:08:51:24 +0000] "GET /d1/472/AUTH_28465472ed404e3bbeab43a7bbccf053" 404 - "GET http://swift-internal.openstack.svc:8080/v1/AUTH_28465472ed404e3bbeab43a7bbccf053?format=json" "tx9996f5769dac40d4accd5-006a2bc88c" "proxy-server 6" 0.0005 "-" 23 -
Jun 12 08:51:24 standalone account-server[114977]: 172.20.0.31 - - [12/Jun/2026:08:51:24 +0000] "GET /d1/1007/AUTH_5169014388094022bc392b1c36b2b40d" 404 - "GET http://swift-internal.openstack.svc:8080/v1/AUTH_5169014388094022bc392b1c36b2b40d?format=json" "txb22a45a865d84195b90f0-006a2bc88c" "proxy-server 13" 0.0006 "-" 22 -
Jun 12 08:51:24 standalone account-server[114978]: 172.20.0.31 - - [12/Jun/2026:08:51:24 +0000] "GET /d1/611/AUTH_9f8e52f6c4fd4cfe944964062cd5eca5" 404 - "GET http://swift-internal.openstack.svc:8080/v1/AUTH_9f8e52f6c4fd4cfe944964062cd5eca5?format=json" "tx733a7d81eac54f988c05b-006a2bc88c" "proxy-server 14" 0.0003 "-" 23 -
Jun 12 08:51:24 standalone account-server[114977]: 172.20.0.31 - - [12/Jun/2026:08:51:24 +0000] "GET /d1/516/AUTH_d161f19672f44e4bb840583ccc566779" 200 98 "GET http://swift-internal.openstack.svc:8080/v1/AUTH_d161f19672f44e4bb840583ccc566779?format=json" "tx562829439b1d4e53852a2-006a2bc88c" "proxy-server 10" 0.0029 "-" 22 -
Jun 12 08:52:44 standalone container-server[114968]: Begin container update sweep
Jun 12 08:52:44 standalone container-server[114968]: Container update sweep completed: 0.06s
Jun 12 08:52:51 standalone object-server[115191]: Begin object update sweep
Jun 12 08:52:51 standalone object-server[303052]: Object update sweep starting on /srv/node/d1 (pid: 20)
Jun 12 08:52:51 standalone object-server[303052]: Object update sweep completed on /srv/node/d1 in 0.00s seconds:, 0 successes, 0 failures, 0 quarantines, 0 unlinks, 0 errors, 0 redirects (pid: 20)
Jun 12 08:52:51 standalone object-server[303052]: Object update sweep of d1 completed: 0.00s, 0 successes, 0 failures, 0 quarantines, 0 unlinks, 0 errors, 0 redirects
Jun 12 08:52:51 standalone object-server[115191]: Object update sweep completed: 0.09s
Jun 12 08:53:00 standalone account-server[114971]: 172.20.0.100 - - [12/Jun/2026:08:53:00 +0000] "HEAD /d1/784/.expiring_objects" 404 - "HEAD http://localhost/v1/.expiring_objects?format=json" "tx2e0f475b7bed44ae8a992-006a2bc8ec" "proxy-server 2" 0.0006 "-" 21 -
Jun 12 08:53:00 standalone object-expirer[115034]: Pass completed in 0s; 0 objects expired (txn: tx2e0f475b7bed44ae8a992-006a2bc8ec)
Jun 12 08:56:24 standalone account-server[114977]: 172.20.0.31 - - [12/Jun/2026:08:56:24 +0000] "HEAD /d1/472/AUTH_28465472ed404e3bbeab43a7bbccf053" 404 - "HEAD http://swift-internal.openstack.svc:8080/v1/AUTH_28465472ed404e3bbeab43a7bbccf053?format=json" "txdcd83fb2872a48c4b6042-006a2bc9b7" "proxy-server 16" 0.0006 "-" 22 -
Jun 12 08:56:24 standalone account-server[114977]: 172.20.0.31 - - [12/Jun/2026:08:56:24 +0000] "HEAD /d1/1007/AUTH_5169014388094022bc392b1c36b2b40d" 404 - "HEAD http://swift-internal.openstack.svc:8080/v1/AUTH_5169014388094022bc392b1c36b2b40d?format=json" "tx6dafdea98a414984abd33-006a2bc9b8" "proxy-server 10" 0.0006 "-" 22 -
Jun 12 08:56:24 standalone account-server[114978]: 172.20.0.31 - - [12/Jun/2026:08:56:24 +0000] "HEAD /d1/1007/AUTH_5169014388094022bc392b1c36b2b40d" 404 - "HEAD http://swift-internal.openstack.svc:8080/v1/AUTH_5169014388094022bc392b1c36b2b40d?format=json" "tx6dafdea98a414984abd33-006a2bc9b8" "proxy-server 10" 0.0003 "-" 23 -
Jun 12 08:56:24 standalone account-server[114971]: 172.20.0.31 - - [12/Jun/2026:08:56:24 +0000] "HEAD /d1/611/AUTH_9f8e52f6c4fd4cfe944964062cd5eca5" 404 - "HEAD http://swift-internal.openstack.svc:8080/v1/AUTH_9f8e52f6c4fd4cfe944964062cd5eca5?format=json" "tx8885ced6f4e44b42835f3-006a2bc9b8" "proxy-server 16" 0.0003 "-" 21 -
Jun 12 08:56:24 standalone account-server[114967]: 172.20.0.31 - - [12/Jun/2026:08:56:24 +0000] "HEAD /d1/611/AUTH_9f8e52f6c4fd4cfe944964062cd5eca5" 404 - "HEAD http://swift-internal.openstack.svc:8080/v1/AUTH_9f8e52f6c4fd4cfe944964062cd5eca5?format=json" "tx8885ced6f4e44b42835f3-006a2bc9b8" "proxy-server 16" 0.0003 "-" 20 -
