Jun 17 10:09:58 standalone proxy-server[130424]: 172.18.0.2 172.18.0.100 17/Jun/2026/10/09/58 GET /v1/AUTH_93077b591a194213a7ddfd31d6f52cb9/gnocchi.8da17e9a-b3c3-487a-b3a7-a1280bf924d4%3Fformat%3Djson%26states%3Dlisting HTTP/1.0 200 - python-swiftclient-3.11.1 gAAAAABqMnHo7MEw... - 2 - tx8eb920e5aac04e8b9c4be-006a327276 - 0.0282 - - 1781690998.610780478 1781690998.639008760 0
Jun 17 10:09:58 standalone object-server[128623]: 172.20.0.100 - - [17/Jun/2026:10:09:58 +0000] "GET /d1/760/AUTH_93077b591a194213a7ddfd31d6f52cb9/gnocchi.8da17e9a-b3c3-487a-b3a7-a1280bf924d4/1780920000.0_mean_300.0_v3" 404 70 "GET http://172.18.0.2:8080/v1/AUTH_93077b591a194213a7ddfd31d6f52cb9/gnocchi.8da17e9a-b3c3-487a-b3a7-a1280bf924d4/1780920000.0_mean_300.0_v3" "tx652cab8b20104c258c033-006a327276" "proxy-server 12" 0.0007 "-" 22 0
Jun 17 10:09:58 standalone proxy-server[130424]: 172.18.0.2 172.18.0.100 17/Jun/2026/10/09/58 GET /v1/AUTH_93077b591a194213a7ddfd31d6f52cb9/gnocchi.8da17e9a-b3c3-487a-b3a7-a1280bf924d4/1780920000.0_mean_300.0_v3 HTTP/1.0 404 - python-swiftclient-3.11.1 gAAAAABqMnHo7MEw... - 70 - tx652cab8b20104c258c033-006a327276 - 0.0094 - - 1781690998.644272089 1781690998.653634548 0
Jun 17 10:09:58 standalone container-server[128261]: 172.20.0.100 - - [17/Jun/2026:10:09:58 +0000] "PUT /d1/236/AUTH_93077b591a194213a7ddfd31d6f52cb9/gnocchi.8da17e9a-b3c3-487a-b3a7-a1280bf924d4/1780920000.0_mean_300.0_v3" 201 - "PUT http://172.18.0.2:8080/d1/760/AUTH_93077b591a194213a7ddfd31d6f52cb9/gnocchi.8da17e9a-b3c3-487a-b3a7-a1280bf924d4/1780920000.0_mean_300.0_v3" "txaf95bbccbf7a423f975ed-006a327276" "object-server 23" 0.0015 "-" 21 0
Jun 17 10:09:58 standalone object-server[128624]: 172.20.0.100 - - [17/Jun/2026:10:09:58 +0000] "PUT /d1/760/AUTH_93077b591a194213a7ddfd31d6f52cb9/gnocchi.8da17e9a-b3c3-487a-b3a7-a1280bf924d4/1780920000.0_mean_300.0_v3" 201 - "PUT http://172.18.0.2:8080/v1/AUTH_93077b591a194213a7ddfd31d6f52cb9/gnocchi.8da17e9a-b3c3-487a-b3a7-a1280bf924d4/1780920000.0_mean_300.0_v3" "txaf95bbccbf7a423f975ed-006a327276" "proxy-server 12" 0.0111 "-" 23 0
Jun 17 10:09:58 standalone proxy-server[130424]: 172.18.0.2 172.18.0.100 17/Jun/2026/10/09/58 PUT /v1/AUTH_93077b591a194213a7ddfd31d6f52cb9/gnocchi.8da17e9a-b3c3-487a-b3a7-a1280bf924d4/1780920000.0_mean_300.0_v3 HTTP/1.0 201 - python-swiftclient-3.11.1 gAAAAABqMnHo7MEw... 16 - - txaf95bbccbf7a423f975ed-006a327276 - 0.0194 - - 1781690998.658590317 1781690998.677956104 0
Jun 17 10:09:58 standalone container-server[128269]: 172.20.0.100 - - [17/Jun/2026:10:09:58 +0000] "PUT /d1/236/AUTH_93077b591a194213a7ddfd31d6f52cb9/gnocchi.8da17e9a-b3c3-487a-b3a7-a1280bf924d4/none_v3" 201 - "PUT http://172.18.0.2:8080/d1/977/AUTH_93077b591a194213a7ddfd31d6f52cb9/gnocchi.8da17e9a-b3c3-487a-b3a7-a1280bf924d4/none_v3" "tx173ae2f7c43340c8bcc22-006a327276" "object-server 23" 0.0010 "-" 23 0
Jun 17 10:09:58 standalone object-server[128624]: 172.20.0.100 - - [17/Jun/2026:10:09:58 +0000] "PUT /d1/977/AUTH_93077b591a194213a7ddfd31d6f52cb9/gnocchi.8da17e9a-b3c3-487a-b3a7-a1280bf924d4/none_v3" 201 - "PUT http://172.18.0.2:8080/v1/AUTH_93077b591a194213a7ddfd31d6f52cb9/gnocchi.8da17e9a-b3c3-487a-b3a7-a1280bf924d4/none_v3" "tx173ae2f7c43340c8bcc22-006a327276" "proxy-server 12" 0.0123 "-" 23 0
Jun 17 10:09:58 standalone proxy-server[130424]: 172.18.0.2 172.18.0.100 17/Jun/2026/10/09/58 PUT /v1/AUTH_93077b591a194213a7ddfd31d6f52cb9/gnocchi.8da17e9a-b3c3-487a-b3a7-a1280bf924d4/none_v3 HTTP/1.0 201 - python-swiftclient-3.11.1 gAAAAABqMnHo7MEw... 22 - - tx173ae2f7c43340c8bcc22-006a327276 - 0.0279 - - 1781690998.682050705 1781690998.709975958 0
Jun 17 10:09:58 standalone container-server[128258]: 172.20.0.100 - - [17/Jun/2026:10:09:58 +0000] "HEAD /d1/749/AUTH_93077b591a194213a7ddfd31d6f52cb9/gnocchi.d52aaeb4-ba0d-43ae-9709-b5ca7734cd85" 404 - "HEAD http://172.18.0.2:8080/v1/AUTH_93077b591a194213a7ddfd31d6f52cb9/gnocchi.d52aaeb4-ba0d-43ae-9709-b5ca7734cd85?format=json&states=listing" "tx099b21cde6ab446999319-006a327276" "proxy-server 12" 0.0008 "-" 20 0
Jun 17 10:09:58 standalone object-server[128624]: 172.20.0.100 - - [17/Jun/2026:10:09:58 +0000] "GET /d1/648/AUTH_93077b591a194213a7ddfd31d6f52cb9/gnocchi.d52aaeb4-ba0d-43ae-9709-b5ca7734cd85/none_v3" 404 70 "GET http://172.18.0.2:8080/v1/AUTH_93077b591a194213a7ddfd31d6f52cb9/gnocchi.d52aaeb4-ba0d-43ae-9709-b5ca7734cd85/none_v3" "tx099b21cde6ab446999319-006a327276" "proxy-server 12" 0.0004 "-" 23 0
Jun 17 10:09:58 standalone proxy-server[130424]: 172.18.0.2 172.18.0.100 17/Jun/2026/10/09/58 GET /v1/AUTH_93077b591a194213a7ddfd31d6f52cb9/gnocchi.d52aaeb4-ba0d-43ae-9709-b5ca7734cd85/none_v3 HTTP/1.0 404 - python-swiftclient-3.11.1 gAAAAABqMnHo7MEw... - 70 - tx099b21cde6ab446999319-006a327276 - 0.0156 - - 1781690998.724728823 1781690998.740322351 0
Jun 17 10:09:58 standalone account-server[128306]: 172.20.0.100 - - [17/Jun/2026:10:09:58 +0000] "PUT /d1/62/AUTH_93077b591a194213a7ddfd31d6f52cb9/gnocchi.d52aaeb4-ba0d-43ae-9709-b5ca7734cd85" 201 - "PUT http://172.20.0.100:6001/d1/749/AUTH_93077b591a194213a7ddfd31d6f52cb9/gnocchi.d52aaeb4-ba0d-43ae-9709-b5ca7734cd85" "tx5678501a71524d138025d-006a327276" "container-server 21" 0.0059 "-" 16 0
Jun 17 10:09:58 standalone container-server[128261]: 172.20.0.100 - - [17/Jun/2026:10:09:58 +0000] "PUT /d1/749/AUTH_93077b591a194213a7ddfd31d6f52cb9/gnocchi.d52aaeb4-ba0d-43ae-9709-b5ca7734cd85" 201 - "PUT http://172.18.0.2:8080/v1/AUTH_93077b591a194213a7ddfd31d6f52cb9/gnocchi.d52aaeb4-ba0d-43ae-9709-b5ca7734cd85" "tx5678501a71524d138025d-006a327276" "proxy-server 12" 0.0277 "-" 21 0
Jun 17 10:09:58 standalone proxy-server[130424]: 172.18.0.2 172.18.0.100 17/Jun/2026/10/09/58 PUT /v1/AUTH_93077b591a194213a7ddfd31d6f52cb9/gnocchi.d52aaeb4-ba0d-43ae-9709-b5ca7734cd85 HTTP/1.0 201 - python-swiftclient-3.11.1 gAAAAABqMnHo7MEw... - - - tx5678501a71524d138025d-006a327276 - 0.0367 - - 1781690998.751658201 1781690998.788308382 0
Jun 17 10:09:58 standalone container-server[128258]: 172.20.0.100 - - [17/Jun/2026:10:09:58 +0000] "HEAD /d1/749/AUTH_93077b591a194213a7ddfd31d6f52cb9/gnocchi.d52aaeb4-ba0d-43ae-9709-b5ca7734cd85" 204 - "HEAD http://172.18.0.2:8080/v1/AUTH_93077b591a194213a7ddfd31d6f52cb9/gnocchi.d52aaeb4-ba0d-43ae-9709-b5ca7734cd85?format=json&states=listing" "tx526e30ea759843989cab4-006a327276" "proxy-server 12" 0.0027 "-" 20 0
Jun 17 10:09:58 standalone proxy-server[130424]: - - 17/Jun/2026/10/09/58 HEAD /v1/AUTH_93077b591a194213a7ddfd31d6f52cb9/gnocchi.d52aaeb4-ba0d-43ae-9709-b5ca7734cd85%3Fformat%3Djson%26states%3Dlisting HTTP/1.0 204 - Swift - - - - tx526e30ea759843989cab4-006a327276 - 0.0083 RL - 1781690998.793133497 1781690998.801409721 0
Jun 17 10:09:58 standalone container-server[128269]: 172.20.0.100 - - [17/Jun/2026:10:09:58 +0000] "GET /d1/749/AUTH_93077b591a194213a7ddfd31d6f52cb9/gnocchi.d52aaeb4-ba0d-43ae-9709-b5ca7734cd85" 200 2 "GET http://172.18.0.2:8080/v1/AUTH_93077b591a194213a7ddfd31d6f52cb9/gnocchi.d52aaeb4-ba0d-43ae-9709-b5ca7734cd85?format=json&states=listing" "tx526e30ea759843989cab4-006a327276" "proxy-server 12" 0.0041 "-" 23 0
Jun 17 10:09:58 standalone proxy-server[130424]: 172.18.0.2 172.18.0.100 17/Jun/2026/10/09/58 GET /v1/AUTH_93077b591a194213a7ddfd31d6f52cb9/gnocchi.d52aaeb4-ba0d-43ae-9709-b5ca7734cd85%3Fformat%3Djson%26states%3Dlisting HTTP/1.0 200 - python-swiftclient-3.11.1 gAAAAABqMnHo7MEw... - 2 - tx526e30ea759843989cab4-006a327276 - 0.0375 - - 1781690998.791357756 1781690998.828871727 0
Jun 17 10:09:58 standalone object-server[128624]: 172.20.0.100 - - [17/Jun/2026:10:09:58 +0000] "GET /d1/974/AUTH_93077b591a194213a7ddfd31d6f52cb9/gnocchi.d52aaeb4-ba0d-43ae-9709-b5ca7734cd85/1780920000.0_mean_300.0_v3" 404 70 "GET http://172.18.0.2:8080/v1/AUTH_93077b591a194213a7ddfd31d6f52cb9/gnocchi.d52aaeb4-ba0d-43ae-9709-b5ca7734cd85/1780920000.0_mean_300.0_v3" "tx87267b04c47d4ac3aeb00-006a327276" "proxy-server 12" 0.0003 "-" 23 0
Jun 17 10:09:58 standalone proxy-server[130424]: 172.18.0.2 172.18.0.100 17/Jun/2026/10/09/58 GET /v1/AUTH_93077b591a194213a7ddfd31d6f52cb9/gnocchi.d52aaeb4-ba0d-43ae-9709-b5ca7734cd85/1780920000.0_mean_300.0_v3 HTTP/1.0 404 - python-swiftclient-3.11.1 gAAAAABqMnHo7MEw... - 70 - tx87267b04c47d4ac3aeb00-006a327276 - 0.0051 - - 1781690998.856610060 1781690998.861668110 0
Jun 17 10:09:58 standalone container-server[128261]: 172.20.0.100 - - [17/Jun/2026:10:09:58 +0000] "PUT /d1/749/AUTH_93077b591a194213a7ddfd31d6f52cb9/gnocchi.d52aaeb4-ba0d-43ae-9709-b5ca7734cd85/1780920000.0_mean_300.0_v3" 201 - "PUT http://172.18.0.2:8080/d1/974/AUTH_93077b591a194213a7ddfd31d6f52cb9/gnocchi.d52aaeb4-ba0d-43ae-9709-b5ca7734cd85/1780920000.0_mean_300.0_v3" "tx32e1c34ad1ee44e08197d-006a327276" "object-server 25" 0.0012 "-" 21 0
Jun 17 10:09:58 standalone object-server[128626]: 172.20.0.100 - - [17/Jun/2026:10:09:58 +0000] "PUT /d1/974/AUTH_93077b591a194213a7ddfd31d6f52cb9/gnocchi.d52aaeb4-ba0d-43ae-9709-b5ca7734cd85/1780920000.0_mean_300.0_v3" 201 - "PUT http://172.18.0.2:8080/v1/AUTH_93077b591a194213a7ddfd31d6f52cb9/gnocchi.d52aaeb4-ba0d-43ae-9709-b5ca7734cd85/1780920000.0_mean_300.0_v3" "tx32e1c34ad1ee44e08197d-006a327276" "proxy-server 12" 0.0130 "-" 25 0
Jun 17 10:09:58 standalone proxy-server[130424]: 172.18.0.2 172.18.0.100 17/Jun/2026/10/09/58 PUT /v1/AUTH_93077b591a194213a7ddfd31d6f52cb9/gnocchi.d52aaeb4-ba0d-43ae-9709-b5ca7734cd85/1780920000.0_mean_300.0_v3 HTTP/1.0 201 - python-swiftclient-3.11.1 gAAAAABqMnHo7MEw... 16 - - tx32e1c34ad1ee44e08197d-006a327276 - 0.0190 - - 1781690998.863663673 1781690998.882666588 0
Jun 17 10:09:58 standalone container-server[128258]: 172.20.0.100 - - [17/Jun/2026:10:09:58 +0000] "PUT /d1/749/AUTH_93077b591a194213a7ddfd31d6f52cb9/gnocchi.d52aaeb4-ba0d-43ae-9709-b5ca7734cd85/none_v3" 201 - "PUT http://172.18.0.2:8080/d1/648/AUTH_93077b591a194213a7ddfd31d6f52cb9/gnocchi.d52aaeb4-ba0d-43ae-9709-b5ca7734cd85/none_v3" "txc15892d3adf148368d108-006a327276" "object-server 22" 0.0005 "-" 20 0
Jun 17 10:09:58 standalone object-server[128623]: 172.20.0.100 - - [17/Jun/2026:10:09:58 +0000] "PUT /d1/648/AUTH_93077b591a194213a7ddfd31d6f52cb9/gnocchi.d52aaeb4-ba0d-43ae-9709-b5ca7734cd85/none_v3" 201 - "PUT http://172.18.0.2:8080/v1/AUTH_93077b591a194213a7ddfd31d6f52cb9/gnocchi.d52aaeb4-ba0d-43ae-9709-b5ca7734cd85/none_v3" "txc15892d3adf148368d108-006a327276" "proxy-server 12" 0.0114 "-" 22 0
Jun 17 10:09:58 standalone proxy-server[130424]: 172.18.0.2 172.18.0.100 17/Jun/2026/10/09/58 PUT /v1/AUTH_93077b591a194213a7ddfd31d6f52cb9/gnocchi.d52aaeb4-ba0d-43ae-9709-b5ca7734cd85/none_v3 HTTP/1.0 201 - python-swiftclient-3.11.1 gAAAAABqMnHo7MEw... 22 - - txc15892d3adf148368d108-006a327276 - 0.0227 - - 1781690998.891268969 1781690998.913973808 0
Jun 17 10:09:58 standalone container-server[128269]: 172.20.0.100 - - [17/Jun/2026:10:09:58 +0000] "HEAD /d1/657/AUTH_93077b591a194213a7ddfd31d6f52cb9/gnocchi.776ea9be-4ab2-4a9a-880d-37f3dfc93c52" 404 - "HEAD http://172.18.0.2:8080/v1/AUTH_93077b591a194213a7ddfd31d6f52cb9/gnocchi.776ea9be-4ab2-4a9a-880d-37f3dfc93c52?format=json&states=listing" "tx279f9c6997d4497d852f5-006a327276" "proxy-server 12" 0.0008 "-" 23 0
Jun 17 10:09:58 standalone object-server[128623]: 172.20.0.100 - - [17/Jun/2026:10:09:58 +0000] "GET /d1/187/AUTH_93077b591a194213a7ddfd31d6f52cb9/gnocchi.776ea9be-4ab2-4a9a-880d-37f3dfc93c52/none_v3" 404 70 "GET http://172.18.0.2:8080/v1/AUTH_93077b591a194213a7ddfd31d6f52cb9/gnocchi.776ea9be-4ab2-4a9a-880d-37f3dfc93c52/none_v3" "tx279f9c6997d4497d852f5-006a327276" "proxy-server 12" 0.0004 "-" 22 0
Jun 17 10:09:58 standalone proxy-server[130424]: 172.18.0.2 172.18.0.100 17/Jun/2026/10/09/58 GET /v1/AUTH_93077b591a194213a7ddfd31d6f52cb9/gnocchi.776ea9be-4ab2-4a9a-880d-37f3dfc93c52/none_v3 HTTP/1.0 404 - python-swiftclient-3.11.1 gAAAAABqMnHo7MEw... - 70 - tx279f9c6997d4497d852f5-006a327276 - 0.0121 - - 1781690998.924281120 1781690998.936344147 0
Jun 17 10:09:58 standalone account-server[128295]: 172.20.0.100 - - [17/Jun/2026:10:09:58 +0000] "PUT /d1/62/AUTH_93077b591a194213a7ddfd31d6f52cb9/gnocchi.776ea9be-4ab2-4a9a-880d-37f3dfc93c52" 201 - "PUT http://172.20.0.100:6001/d1/657/AUTH_93077b591a194213a7ddfd31d6f52cb9/gnocchi.776ea9be-4ab2-4a9a-880d-37f3dfc93c52" "txe91d49aa133e492fa787f-006a327276" "container-server 22" 0.0038 "-" 15 0
Jun 17 10:09:58 standalone container-server[128262]: 172.20.0.100 - - [17/Jun/2026:10:09:58 +0000] "PUT /d1/657/AUTH_93077b591a194213a7ddfd31d6f52cb9/gnocchi.776ea9be-4ab2-4a9a-880d-37f3dfc93c52" 201 - "PUT http://172.18.0.2:8080/v1/AUTH_93077b591a194213a7ddfd31d6f52cb9/gnocchi.776ea9be-4ab2-4a9a-880d-37f3dfc93c52" "txe91d49aa133e492fa787f-006a327276" "proxy-server 12" 0.0158 "-" 22 0
Jun 17 10:09:58 standalone proxy-server[130424]: 172.18.0.2 172.18.0.100 17/Jun/2026/10/09/58 PUT /v1/AUTH_93077b591a194213a7ddfd31d6f52cb9/gnocchi.776ea9be-4ab2-4a9a-880d-37f3dfc93c52 HTTP/1.0 201 - python-swiftclient-3.11.1 gAAAAABqMnHo7MEw... - - - txe91d49aa133e492fa787f-006a327276 - 0.0249 - - 1781690998.938831568 1781690998.963762522 0
Jun 17 10:09:58 standalone container-server[128261]: 172.20.0.100 - - [17/Jun/2026:10:09:58 +0000] "HEAD /d1/657/AUTH_93077b591a194213a7ddfd31d6f52cb9/gnocchi.776ea9be-4ab2-4a9a-880d-37f3dfc93c52" 204 - "HEAD http://172.18.0.2:8080/v1/AUTH_93077b591a194213a7ddfd31d6f52cb9/gnocchi.776ea9be-4ab2-4a9a-880d-37f3dfc93c52?format=json&states=listing" "tx28ca6e7b529a4cd184a14-006a327276" "proxy-server 12" 0.0034 "-" 21 0
Jun 17 10:09:58 standalone proxy-server[130424]: - - 17/Jun/2026/10/09/58 HEAD /v1/AUTH_93077b591a194213a7ddfd31d6f52cb9/gnocchi.776ea9be-4ab2-4a9a-880d-37f3dfc93c52%3Fformat%3Djson%26states%3Dlisting HTTP/1.0 204 - Swift - - - - tx28ca6e7b529a4cd184a14-006a327276 - 0.0090 RL - 1781690998.968341351 1781690998.977327347 0
Jun 17 10:09:58 standalone container-server[128269]: 172.20.0.100 - - [17/Jun/2026:10:09:58 +0000] "GET /d1/657/AUTH_93077b591a194213a7ddfd31d6f52cb9/gnocchi.776ea9be-4ab2-4a9a-880d-37f3dfc93c52" 200 2 "GET http://172.18.0.2:8080/v1/AUTH_93077b591a194213a7ddfd31d6f52cb9/gnocchi.776ea9be-4ab2-4a9a-880d-37f3dfc93c52?format=json&states=listing" "tx28ca6e7b529a4cd184a14-006a327276" "proxy-server 12" 0.0050 "-" 23 0
Jun 17 10:09:58 standalone proxy-server[130424]: 172.18.0.2 172.18.0.100 17/Jun/2026/10/09/58 GET /v1/AUTH_93077b591a194213a7ddfd31d6f52cb9/gnocchi.776ea9be-4ab2-4a9a-880d-37f3dfc93c52%3Fformat%3Djson%26states%3Dlisting HTTP/1.0 200 - python-swiftclient-3.11.1 gAAAAABqMnHo7MEw... - 2 - tx28ca6e7b529a4cd184a14-006a327276 - 0.0233 - - 1781690998.967026234 1781690998.990317583 0
Jun 17 10:09:58 standalone object-server[128624]: 172.20.0.100 - - [17/Jun/2026:10:09:58 +0000] "GET /d1/39/AUTH_93077b591a194213a7ddfd31d6f52cb9/gnocchi.776ea9be-4ab2-4a9a-880d-37f3dfc93c52/1780920000.0_mean_300.0_v3" 404 70 "GET http://172.18.0.2:8080/v1/AUTH_93077b591a194213a7ddfd31d6f52cb9/gnocchi.776ea9be-4ab2-4a9a-880d-37f3dfc93c52/1780920000.0_mean_300.0_v3" "tx2296ecd4b94746f797fe4-006a327276" "proxy-server 12" 0.0003 "-" 23 0
Jun 17 10:09:58 standalone proxy-server[130424]: 172.18.0.2 172.18.0.100 17/Jun/2026/10/09/58 GET /v1/AUTH_93077b591a194213a7ddfd31d6f52cb9/gnocchi.776ea9be-4ab2-4a9a-880d-37f3dfc93c52/1780920000.0_mean_300.0_v3 HTTP/1.0 404 - python-swiftclient-3.11.1 gAAAAABqMnHo7MEw... - 70 - tx2296ecd4b94746f797fe4-006a327276 - 0.0063 - - 1781690998.992914438 1781690998.999233961 0
Jun 17 10:09:59 standalone container-server[128261]: 172.20.0.100 - - [17/Jun/2026:10:09:59 +0000] "PUT /d1/657/AUTH_93077b591a194213a7ddfd31d6f52cb9/gnocchi.776ea9be-4ab2-4a9a-880d-37f3dfc93c52/1780920000.0_mean_300.0_v3" 201 - "PUT http://172.18.0.2:8080/d1/39/AUTH_93077b591a194213a7ddfd31d6f52cb9/gnocchi.776ea9be-4ab2-4a9a-880d-37f3dfc93c52/1780920000.0_mean_300.0_v3" "tx2ad9cf746ecb49829eb0b-006a327277" "object-server 24" 0.0013 "-" 21 0
Jun 17 10:09:59 standalone object-server[128625]: 172.20.0.100 - - [17/Jun/2026:10:09:59 +0000] "PUT /d1/39/AUTH_93077b591a194213a7ddfd31d6f52cb9/gnocchi.776ea9be-4ab2-4a9a-880d-37f3dfc93c52/1780920000.0_mean_300.0_v3" 201 - "PUT http://172.18.0.2:8080/v1/AUTH_93077b591a194213a7ddfd31d6f52cb9/gnocchi.776ea9be-4ab2-4a9a-880d-37f3dfc93c52/1780920000.0_mean_300.0_v3" "tx2ad9cf746ecb49829eb0b-006a327277" "proxy-server 12" 0.0155 "-" 24 0
Jun 17 10:09:59 standalone proxy-server[130424]: 172.18.0.2 172.18.0.100 17/Jun/2026/10/09/59 PUT /v1/AUTH_93077b591a194213a7ddfd31d6f52cb9/gnocchi.776ea9be-4ab2-4a9a-880d-37f3dfc93c52/1780920000.0_mean_300.0_v3 HTTP/1.0 201 - python-swiftclient-3.11.1 gAAAAABqMnHo7MEw... 16 - - tx2ad9cf746ecb49829eb0b-006a327277 - 0.0250 - - 1781690999.002183676 1781690999.027184963 0
Jun 17 10:09:59 standalone container-server[128261]: 172.20.0.100 - - [17/Jun/2026:10:09:59 +0000] "PUT /d1/657/AUTH_93077b591a194213a7ddfd31d6f52cb9/gnocchi.776ea9be-4ab2-4a9a-880d-37f3dfc93c52/none_v3" 201 - "PUT http://172.18.0.2:8080/d1/187/AUTH_93077b591a194213a7ddfd31d6f52cb9/gnocchi.776ea9be-4ab2-4a9a-880d-37f3dfc93c52/none_v3" "tx0611df13dded4b3eb5d33-006a327277" "object-server 24" 0.0014 "-" 21 0
Jun 17 10:09:59 standalone object-server[128625]: 172.20.0.100 - - [17/Jun/2026:10:09:59 +0000] "PUT /d1/187/AUTH_93077b591a194213a7ddfd31d6f52cb9/gnocchi.776ea9be-4ab2-4a9a-880d-37f3dfc93c52/none_v3" 201 - "PUT http://172.18.0.2:8080/v1/AUTH_93077b591a194213a7ddfd31d6f52cb9/gnocchi.776ea9be-4ab2-4a9a-880d-37f3dfc93c52/none_v3" "tx0611df13dded4b3eb5d33-006a327277" "proxy-server 12" 0.0160 "-" 24 0
Jun 17 10:09:59 standalone proxy-server[130424]: 172.18.0.2 172.18.0.100 17/Jun/2026/10/09/59 PUT /v1/AUTH_93077b591a194213a7ddfd31d6f52cb9/gnocchi.776ea9be-4ab2-4a9a-880d-37f3dfc93c52/none_v3 HTTP/1.0 201 - python-swiftclient-3.11.1 gAAAAABqMnHo7MEw... 22 - - tx0611df13dded4b3eb5d33-006a327277 - 0.0265 - - 1781690999.030597448 1781690999.057069778 0
Jun 17 10:10:04 standalone container-server[128269]: 172.20.0.100 - - [17/Jun/2026:10:10:04 +0000] "HEAD /d1/507/AUTH_93077b591a194213a7ddfd31d6f52cb9/gnocchi.03e26577-102c-490b-a366-db292ff66795" 404 - "HEAD http://172.18.0.2:8080/v1/AUTH_93077b591a194213a7ddfd31d6f52cb9/gnocchi.03e26577-102c-490b-a366-db292ff66795?format=json&states=listing" "tx3b443b82ca0f43598ef20-006a32727c" "proxy-server 12" 0.0005 "-" 23 0
Jun 17 10:10:04 standalone object-server[128625]: 172.20.0.100 - - [17/Jun/2026:10:10:04 +0000] "GET /d1/8/AUTH_93077b591a194213a7ddfd31d6f52cb9/gnocchi.03e26577-102c-490b-a366-db292ff66795/none_v3" 404 70 "GET http://172.18.0.2:8080/v1/AUTH_93077b591a194213a7ddfd31d6f52cb9/gnocchi.03e26577-102c-490b-a366-db292ff66795/none_v3" "tx3b443b82ca0f43598ef20-006a32727c" "proxy-server 12" 0.0004 "-" 24 0
Jun 17 10:10:04 standalone proxy-server[130424]: 172.18.0.2 172.18.0.100 17/Jun/2026/10/10/04 GET /v1/AUTH_93077b591a194213a7ddfd31d6f52cb9/gnocchi.03e26577-102c-490b-a366-db292ff66795/none_v3 HTTP/1.0 404 - python-swiftclient-3.11.1 gAAAAABqMnHo7MEw... - 70 - tx3b443b82ca0f43598ef20-006a32727c - 0.0155 - - 1781691004.648867130 1781691004.664407253 0
Jun 17 10:10:04 standalone account-server[128306]: 172.20.0.100 - - [17/Jun/2026:10:10:04 +0000] "PUT /d1/62/AUTH_93077b591a194213a7ddfd31d6f52cb9/gnocchi.03e26577-102c-490b-a366-db292ff66795" 201 - "PUT http://172.20.0.100:6001/d1/507/AUTH_93077b591a194213a7ddfd31d6f52cb9/gnocchi.03e26577-102c-490b-a366-db292ff66795" "txf00df1f634754049a758e-006a32727c" "container-server 21" 0.0034 "-" 16 0
Jun 17 10:10:04 standalone container-server[128261]: 172.20.0.100 - - [17/Jun/2026:10:10:04 +0000] "PUT /d1/507/AUTH_93077b591a194213a7ddfd31d6f52cb9/gnocchi.03e26577-102c-490b-a366-db292ff66795" 201 - "PUT http://172.18.0.2:8080/v1/AUTH_93077b591a194213a7ddfd31d6f52cb9/gnocchi.03e26577-102c-490b-a366-db292ff66795" "txf00df1f634754049a758e-006a32727c" "proxy-server 12" 0.0175 "-" 21 0
Jun 17 10:10:04 standalone proxy-server[130424]: 172.18.0.2 172.18.0.100 17/Jun/2026/10/10/04 PUT /v1/AUTH_93077b591a194213a7ddfd31d6f52cb9/gnocchi.03e26577-102c-490b-a366-db292ff66795 HTTP/1.0 201 - python-swiftclient-3.11.1 gAAAAABqMnHo7MEw... - - - txf00df1f634754049a758e-006a32727c - 0.0215 - - 1781691004.666615963 1781691004.688088655 0
Jun 17 10:10:04 standalone container-server[128258]: 172.20.0.100 - - [17/Jun/2026:10:10:04 +0000] "HEAD /d1/507/AUTH_93077b591a194213a7ddfd31d6f52cb9/gnocchi.03e26577-102c-490b-a366-db292ff66795" 204 - "HEAD http://172.18.0.2:8080/v1/AUTH_93077b591a194213a7ddfd31d6f52cb9/gnocchi.03e26577-102c-490b-a366-db292ff66795?format=json&states=listing" "txeb54e52f2bb64a55be7cb-006a32727c" "proxy-server 12" 0.0011 "-" 20 0
Jun 17 10:10:04 standalone proxy-server[130424]: - - 17/Jun/2026/10/10/04 HEAD /v1/AUTH_93077b591a194213a7ddfd31d6f52cb9/gnocchi.03e26577-102c-490b-a366-db292ff66795%3Fformat%3Djson%26states%3Dlisting HTTP/1.0 204 - Swift - - - - txeb54e52f2bb64a55be7cb-006a32727c - 0.0035 RL - 1781691004.691095114 1781691004.694563866 0
Jun 17 10:10:04 standalone container-server[128261]: 172.20.0.100 - - [17/Jun/2026:10:10:04 +0000] "GET /d1/507/AUTH_93077b591a194213a7ddfd31d6f52cb9/gnocchi.03e26577-102c-490b-a366-db292ff66795" 200 2 "GET http://172.18.0.2:8080/v1/AUTH_93077b591a194213a7ddfd31d6f52cb9/gnocchi.03e26577-102c-490b-a366-db292ff66795?format=json&states=listing" "txeb54e52f2bb64a55be7cb-006a32727c" "proxy-server 12" 0.0014 "-" 21 0
Jun 17 10:10:04 standalone proxy-server[130424]: 172.18.0.2 172.18.0.100 17/Jun/2026/10/10/04 GET /v1/AUTH_93077b591a194213a7ddfd31d6f52cb9/gnocchi.03e26577-102c-490b-a366-db292ff66795%3Fformat%3Djson%26states%3Dlisting HTTP/1.0 200 - python-swiftclient-3.11.1 gAAAAABqMnHo7MEw... - 2 - txeb54e52f2bb64a55be7cb-006a32727c - 0.0094 - - 1781691004.690335751 1781691004.699733973 0
Jun 17 10:10:04 standalone object-server[128625]: 172.20.0.100 - - [17/Jun/2026:10:10:04 +0000] "GET /d1/872/AUTH_93077b591a194213a7ddfd31d6f52cb9/gnocchi.03e26577-102c-490b-a366-db292ff66795/1780920000.0_mean_300.0_v3" 404 70 "GET http://172.18.0.2:8080/v1/AUTH_93077b591a194213a7ddfd31d6f52cb9/gnocchi.03e26577-102c-490b-a366-db292ff66795/1780920000.0_mean_300.0_v3" "tx101b0e1ba6b84e028e1aa-006a32727c" "proxy-server 12" 0.0003 "-" 24 0
Jun 17 10:10:04 standalone proxy-server[130424]: 172.18.0.2 172.18.0.100 17/Jun/2026/10/10/04 GET /v1/AUTH_93077b591a194213a7ddfd31d6f52cb9/gnocchi.03e26577-102c-490b-a366-db292ff66795/1780920000.0_mean_300.0_v3 HTTP/1.0 404 - python-swiftclient-3.11.1 gAAAAABqMnHo7MEw... - 70 - tx101b0e1ba6b84e028e1aa-006a32727c - 0.0038 - - 1781691004.701951504 1781691004.705707312 0
Jun 17 10:10:04 standalone container-server[128261]: 172.20.0.100 - - [17/Jun/2026:10:10:04 +0000] "PUT /d1/507/AUTH_93077b591a194213a7ddfd31d6f52cb9/gnocchi.03e26577-102c-490b-a366-db292ff66795/1780920000.0_mean_300.0_v3" 201 - "PUT http://172.18.0.2:8080/d1/872/AUTH_93077b591a194213a7ddfd31d6f52cb9/gnocchi.03e26577-102c-490b-a366-db292ff66795/1780920000.0_mean_300.0_v3" "tx66aebab201334a1aa1a76-006a32727c" "object-server 22" 0.0006 "-" 21 0
Jun 17 10:10:04 standalone object-server[128623]: 172.20.0.100 - - [17/Jun/2026:10:10:04 +0000] "PUT /d1/872/AUTH_93077b591a194213a7ddfd31d6f52cb9/gnocchi.03e26577-102c-490b-a366-db292ff66795/1780920000.0_mean_300.0_v3" 201 - "PUT http://172.18.0.2:8080/v1/AUTH_93077b591a194213a7ddfd31d6f52cb9/gnocchi.03e26577-102c-490b-a366-db292ff66795/1780920000.0_mean_300.0_v3" "tx66aebab201334a1aa1a76-006a32727c" "proxy-server 12" 0.0094 "-" 22 0
Jun 17 10:10:04 standalone proxy-server[130424]: 172.18.0.2 172.18.0.100 17/Jun/2026/10/10/04 PUT /v1/AUTH_93077b591a194213a7ddfd31d6f52cb9/gnocchi.03e26577-102c-490b-a366-db292ff66795/1780920000.0_mean_300.0_v3 HTTP/1.0 201 - python-swiftclient-3.11.1 gAAAAABqMnHo7MEw... 16 - - tx66aebab201334a1aa1a76-006a32727c - 0.0138 - - 1781691004.707389355 1781691004.721183062 0
Jun 17 10:10:04 standalone container-server[128258]: 172.20.0.100 - - [17/Jun/2026:10:10:04 +0000] "PUT /d1/507/AUTH_93077b591a194213a7ddfd31d6f52cb9/gnocchi.03e26577-102c-490b-a366-db292ff66795/none_v3" 201 - "PUT http://172.18.0.2:8080/d1/8/AUTH_93077b591a194213a7ddfd31d6f52cb9/gnocchi.03e26577-102c-490b-a366-db292ff66795/none_v3" "txe9c2df8fc63d4b589eb44-006a32727c" "object-server 25" 0.0004 "-" 20 0
Jun 17 10:10:04 standalone object-server[128626]: 172.20.0.100 - - [17/Jun/2026:10:10:04 +0000] "PUT /d1/8/AUTH_93077b591a194213a7ddfd31d6f52cb9/gnocchi.03e26577-102c-490b-a366-db292ff66795/none_v3" 201 - "PUT http://172.18.0.2:8080/v1/AUTH_93077b591a194213a7ddfd31d6f52cb9/gnocchi.03e26577-102c-490b-a366-db292ff66795/none_v3" "txe9c2df8fc63d4b589eb44-006a32727c" "proxy-server 12" 0.0076 "-" 25 0
Jun 17 10:10:04 standalone proxy-server[130424]: 172.18.0.2 172.18.0.100 17/Jun/2026/10/10/04 PUT /v1/AUTH_93077b591a194213a7ddfd31d6f52cb9/gnocchi.03e26577-102c-490b-a366-db292ff66795/none_v3 HTTP/1.0 201 - python-swiftclient-3.11.1 gAAAAABqMnHo7MEw... 22 - - txe9c2df8fc63d4b589eb44-006a32727c - 0.0120 - - 1781691004.730293036 1781691004.742337465 0
Jun 17 10:10:10 standalone object-server[128626]: 172.20.0.100 - - [17/Jun/2026:10:10:10 +0000] "GET /d1/8/AUTH_93077b591a194213a7ddfd31d6f52cb9/gnocchi.03e26577-102c-490b-a366-db292ff66795/none_v3" 200 22 "GET http://172.18.0.2:8080/v1/AUTH_93077b591a194213a7ddfd31d6f52cb9/gnocchi.03e26577-102c-490b-a366-db292ff66795/none_v3" "tx98c8929563d4401cb39b8-006a327282" "proxy-server 12" 0.0015 "-" 25 0
Jun 17 10:10:10 standalone proxy-server[130424]: 172.18.0.2 172.18.0.100 17/Jun/2026/10/10/10 GET /v1/AUTH_93077b591a194213a7ddfd31d6f52cb9/gnocchi.03e26577-102c-490b-a366-db292ff66795/none_v3 HTTP/1.0 200 - python-swiftclient-3.11.1 gAAAAABqMnHo7MEw... - 22 - tx98c8929563d4401cb39b8-006a327282 - 0.0098 - - 1781691010.417979240 1781691010.427801371 0
Jun 17 10:10:10 standalone container-server[128258]: 172.20.0.100 - - [17/Jun/2026:10:10:10 +0000] "GET /d1/507/AUTH_93077b591a194213a7ddfd31d6f52cb9/gnocchi.03e26577-102c-490b-a366-db292ff66795" 200 357 "GET http://172.18.0.2:8080/v1/AUTH_93077b591a194213a7ddfd31d6f52cb9/gnocchi.03e26577-102c-490b-a366-db292ff66795?format=json&states=listing" "txdb2be428a58e4932b8eba-006a327282" "proxy-server 12" 0.0099 "-" 20 0
Jun 17 10:10:10 standalone proxy-server[130424]: 172.18.0.2 172.18.0.100 17/Jun/2026/10/10/10 GET /v1/AUTH_93077b591a194213a7ddfd31d6f52cb9/gnocchi.03e26577-102c-490b-a366-db292ff66795%3Fformat%3Djson%26states%3Dlisting HTTP/1.0 200 - python-swiftclient-3.11.1 gAAAAABqMnHo7MEw... - 357 - txdb2be428a58e4932b8eba-006a327282 - 0.0176 - - 1781691010.433435440 1781691010.451041460 0
Jun 17 10:10:10 standalone container-server[128261]: 172.20.0.100 - - [17/Jun/2026:10:10:10 +0000] "GET /d1/507/AUTH_93077b591a194213a7ddfd31d6f52cb9/gnocchi.03e26577-102c-490b-a366-db292ff66795" 200 2 "GET http://172.18.0.2:8080/v1/AUTH_93077b591a194213a7ddfd31d6f52cb9/gnocchi.03e26577-102c-490b-a366-db292ff66795?format=json&marker=none_v3&states=listing" "txd6fdffde39a8435a8f6a9-006a327282" "proxy-server 12" 0.0027 "-" 21 0
Jun 17 10:10:10 standalone proxy-server[130424]: 172.18.0.2 172.18.0.100 17/Jun/2026/10/10/10 GET /v1/AUTH_93077b591a194213a7ddfd31d6f52cb9/gnocchi.03e26577-102c-490b-a366-db292ff66795%3Fformat%3Djson%26marker%3Dnone_v3%26states%3Dlisting HTTP/1.0 200 - python-swiftclient-3.11.1 gAAAAABqMnHo7MEw... - 2 - txd6fdffde39a8435a8f6a9-006a327282 - 0.0105 - - 1781691010.454910517 1781691010.465430498 0
Jun 17 10:10:10 standalone object-server[128623]: 172.20.0.100 - - [17/Jun/2026:10:10:10 +0000] "GET /d1/872/AUTH_93077b591a194213a7ddfd31d6f52cb9/gnocchi.03e26577-102c-490b-a366-db292ff66795/1780920000.0_mean_300.0_v3" 200 16 "GET http://172.18.0.2:8080/v1/AUTH_93077b591a194213a7ddfd31d6f52cb9/gnocchi.03e26577-102c-490b-a366-db292ff66795/1780920000.0_mean_300.0_v3" "tx08b347d836e04149a088b-006a327282" "proxy-server 12" 0.0014 "-" 22 0
Jun 17 10:10:10 standalone proxy-server[130424]: 172.18.0.2 172.18.0.100 17/Jun/2026/10/10/10 GET /v1/AUTH_93077b591a194213a7ddfd31d6f52cb9/gnocchi.03e26577-102c-490b-a366-db292ff66795/1780920000.0_mean_300.0_v3 HTTP/1.0 200 - python-swiftclient-3.11.1 gAAAAABqMnHo7MEw... - 16 - tx08b347d836e04149a088b-006a327282 - 0.0116 - - 1781691010.471016884 1781691010.482657433 0
Jun 17 10:10:10 standalone container-server[128269]: 172.20.0.100 - - [17/Jun/2026:10:10:10 +0000] "PUT /d1/507/AUTH_93077b591a194213a7ddfd31d6f52cb9/gnocchi.03e26577-102c-490b-a366-db292ff66795/1780920000.0_mean_300.0_v3" 201 - "PUT http://172.18.0.2:8080/d1/872/AUTH_93077b591a194213a7ddfd31d6f52cb9/gnocchi.03e26577-102c-490b-a366-db292ff66795/1780920000.0_mean_300.0_v3" "tx20e473fbcc4145c6a1654-006a327282" "object-server 22" 0.0012 "-" 23 0
Jun 17 10:10:10 standalone object-server[128623]: 172.20.0.100 - - [17/Jun/2026:10:10:10 +0000] "PUT /d1/872/AUTH_93077b591a194213a7ddfd31d6f52cb9/gnocchi.03e26577-102c-490b-a366-db292ff66795/1780920000.0_mean_300.0_v3" 201 - "PUT http://172.18.0.2:8080/v1/AUTH_93077b591a194213a7ddfd31d6f52cb9/gnocchi.03e26577-102c-490b-a366-db292ff66795/1780920000.0_mean_300.0_v3" "tx20e473fbcc4145c6a1654-006a327282" "proxy-server 12" 0.0129 "-" 22 0
Jun 17 10:10:10 standalone proxy-server[130424]: 172.18.0.2 172.18.0.100 17/Jun/2026/10/10/10 PUT /v1/AUTH_93077b591a194213a7ddfd31d6f52cb9/gnocchi.03e26577-102c-490b-a366-db292ff66795/1780920000.0_mean_300.0_v3 HTTP/1.0 201 - python-swiftclient-3.11.1 gAAAAABqMnHo7MEw... 16 - - tx20e473fbcc4145c6a1654-006a327282 - 0.0215 - - 1781691010.487483740 1781691010.508978605 0
Jun 17 10:10:10 standalone container-server[128269]: 172.20.0.100 - - [17/Jun/2026:10:10:10 +0000] "PUT /d1/507/AUTH_93077b591a194213a7ddfd31d6f52cb9/gnocchi.03e26577-102c-490b-a366-db292ff66795/none_v3" 201 - "PUT http://172.18.0.2:8080/d1/8/AUTH_93077b591a194213a7ddfd31d6f52cb9/gnocchi.03e26577-102c-490b-a366-db292ff66795/none_v3" "txf3dc7a60d641405b9d569-006a327282" "object-server 23" 0.0050 "-" 23 0
Jun 17 10:10:10 standalone object-server[128624]: 172.20.0.100 - - [17/Jun/2026:10:10:10 +0000] "PUT /d1/8/AUTH_93077b591a194213a7ddfd31d6f52cb9/gnocchi.03e26577-102c-490b-a366-db292ff66795/none_v3" 201 - "PUT http://172.18.0.2:8080/v1/AUTH_93077b591a194213a7ddfd31d6f52cb9/gnocchi.03e26577-102c-490b-a366-db292ff66795/none_v3" "txf3dc7a60d641405b9d569-006a327282" "proxy-server 12" 0.0203 "-" 23 0
Jun 17 10:10:10 standalone proxy-server[130424]: 172.18.0.2 172.18.0.100 17/Jun/2026/10/10/10 PUT /v1/AUTH_93077b591a194213a7ddfd31d6f52cb9/gnocchi.03e26577-102c-490b-a366-db292ff66795/none_v3 HTTP/1.0 201 - python-swiftclient-3.11.1 gAAAAABqMnHo7MEw... 32 - - txf3dc7a60d641405b9d569-006a327282 - 0.0315 - - 1781691010.512871265 1781691010.544325352 0
Jun 17 10:11:13 standalone object-server[128387]: Begin object update sweep
Jun 17 10:11:13 standalone object-server[240354]: Object update sweep starting on /srv/node/d1 (pid: 14)
Jun 17 10:11:13 standalone object-server[240354]: Object update sweep completed on /srv/node/d1 in 0.00s seconds:, 0 successes, 0 failures, 0 quarantines, 0 unlinks, 0 errors, 0 redirects (pid: 14)
Jun 17 10:11:13 standalone object-server[240354]: Object update sweep of d1 completed: 0.00s, 0 successes, 0 failures, 0 quarantines, 0 unlinks, 0 errors, 0 redirects
Jun 17 10:11:13 standalone object-server[128387]: Object update sweep completed: 0.08s
Jun 17 10:11:24 standalone account-server[128291]: 172.20.0.100 - - [17/Jun/2026:10:11:24 +0000] "HEAD /d1/62/AUTH_93077b591a194213a7ddfd31d6f52cb9" 204 - "HEAD http://172.18.0.2:8080/v1/AUTH_93077b591a194213a7ddfd31d6f52cb9?format=json" "tx43ad64c111db47f198441-006a3272cc" "proxy-server 12" 0.0066 "-" 14 -
Jun 17 10:11:24 standalone proxy-server[130424]: - - 17/Jun/2026/10/11/24 HEAD /v1/AUTH_93077b591a194213a7ddfd31d6f52cb9%3Fformat%3Djson HTTP/1.0 204 - Swift - - - - tx43ad64c111db47f198441-006a3272cc - 0.0135 RL - 1781691084.092114687 1781691084.105663538 -
Jun 17 10:11:24 standalone container-server[128261]: 172.20.0.100 - - [17/Jun/2026:10:11:24 +0000] "HEAD /d1/658/AUTH_93077b591a194213a7ddfd31d6f52cb9/gnocchi.ecd36c21-dd19-409a-9d1f-1aca95abdd62" 404 - "HEAD http://172.18.0.2:8080/v1/AUTH_93077b591a194213a7ddfd31d6f52cb9/gnocchi.ecd36c21-dd19-409a-9d1f-1aca95abdd62?format=json&states=listing" "tx43ad64c111db47f198441-006a3272cc" "proxy-server 12" 0.0009 "-" 21 0
Jun 17 10:11:24 standalone object-server[128625]: 172.20.0.100 - - [17/Jun/2026:10:11:24 +0000] "GET /d1/910/AUTH_93077b591a194213a7ddfd31d6f52cb9/gnocchi.ecd36c21-dd19-409a-9d1f-1aca95abdd62/none_v3" 404 70 "GET http://172.18.0.2:8080/v1/AUTH_93077b591a194213a7ddfd31d6f52cb9/gnocchi.ecd36c21-dd19-409a-9d1f-1aca95abdd62/none_v3" "tx43ad64c111db47f198441-006a3272cc" "proxy-server 12" 0.0008 "-" 24 0
Jun 17 10:11:24 standalone proxy-server[130424]: 172.18.0.2 172.18.0.100 17/Jun/2026/10/11/24 GET /v1/AUTH_93077b591a194213a7ddfd31d6f52cb9/gnocchi.ecd36c21-dd19-409a-9d1f-1aca95abdd62/none_v3 HTTP/1.0 404 - python-swiftclient-3.11.1 gAAAAABqMnHo7MEw... - 70 - tx43ad64c111db47f198441-006a3272cc - 0.0383 - - 1781691084.090718985 1781691084.128969193 0
Jun 17 10:11:24 standalone account-server[128291]: 172.20.0.100 - - [17/Jun/2026:10:11:24 +0000] "PUT /d1/62/AUTH_93077b591a194213a7ddfd31d6f52cb9/gnocchi.ecd36c21-dd19-409a-9d1f-1aca95abdd62" 201 - "PUT http://172.20.0.100:6001/d1/658/AUTH_93077b591a194213a7ddfd31d6f52cb9/gnocchi.ecd36c21-dd19-409a-9d1f-1aca95abdd62" "txd5d438f2610148dbaa980-006a3272cc" "container-server 22" 0.0008 "-" 14 0
Jun 17 10:11:24 standalone container-server[128262]: 172.20.0.100 - - [17/Jun/2026:10:11:24 +0000] "PUT /d1/658/AUTH_93077b591a194213a7ddfd31d6f52cb9/gnocchi.ecd36c21-dd19-409a-9d1f-1aca95abdd62" 201 - "PUT http://172.18.0.2:8080/v1/AUTH_93077b591a194213a7ddfd31d6f52cb9/gnocchi.ecd36c21-dd19-409a-9d1f-1aca95abdd62" "txd5d438f2610148dbaa980-006a3272cc" "proxy-server 12" 0.0101 "-" 22 0
Jun 17 10:11:24 standalone proxy-server[130424]: 172.18.0.2 172.18.0.100 17/Jun/2026/10/11/24 PUT /v1/AUTH_93077b591a194213a7ddfd31d6f52cb9/gnocchi.ecd36c21-dd19-409a-9d1f-1aca95abdd62 HTTP/1.0 201 - python-swiftclient-3.11.1 gAAAAABqMnHo7MEw... - - - txd5d438f2610148dbaa980-006a3272cc - 0.0147 - - 1781691084.131535292 1781691084.146192789 0
Jun 17 10:11:24 standalone container-server[128269]: 172.20.0.100 - - [17/Jun/2026:10:11:24 +0000] "HEAD /d1/658/AUTH_93077b591a194213a7ddfd31d6f52cb9/gnocchi.ecd36c21-dd19-409a-9d1f-1aca95abdd62" 204 - "HEAD http://172.18.0.2:8080/v1/AUTH_93077b591a194213a7ddfd31d6f52cb9/gnocchi.ecd36c21-dd19-409a-9d1f-1aca95abdd62?format=json&states=listing" "tx5374b98b08fe4117ac5e4-006a3272cc" "proxy-server 12" 0.0031 "-" 23 0
Jun 17 10:11:24 standalone proxy-server[130424]: - - 17/Jun/2026/10/11/24 HEAD /v1/AUTH_93077b591a194213a7ddfd31d6f52cb9/gnocchi.ecd36c21-dd19-409a-9d1f-1aca95abdd62%3Fformat%3Djson%26states%3Dlisting HTTP/1.0 204 - Swift - - - - tx5374b98b08fe4117ac5e4-006a3272cc - 0.0072 RL - 1781691084.150619984 1781691084.157845497 0
Jun 17 10:11:24 standalone container-server[128269]: 172.20.0.100 - - [17/Jun/2026:10:11:24 +0000] "GET /d1/658/AUTH_93077b591a194213a7ddfd31d6f52cb9/gnocchi.ecd36c21-dd19-409a-9d1f-1aca95abdd62" 200 2 "GET http://172.18.0.2:8080/v1/AUTH_93077b591a194213a7ddfd31d6f52cb9/gnocchi.ecd36c21-dd19-409a-9d1f-1aca95abdd62?format=json&states=listing" "tx5374b98b08fe4117ac5e4-006a3272cc" "proxy-server 12" 0.0036 "-" 23 0
Jun 17 10:11:24 standalone proxy-server[130424]: 172.18.0.2 172.18.0.100 17/Jun/2026/10/11/24 GET /v1/AUTH_93077b591a194213a7ddfd31d6f52cb9/gnocchi.ecd36c21-dd19-409a-9d1f-1aca95abdd62%3Fformat%3Djson%26states%3Dlisting HTTP/1.0 200 - python-swiftclient-3.11.1 gAAAAABqMnHo7MEw... - 2 - tx5374b98b08fe4117ac5e4-006a3272cc - 0.0186 - - 1781691084.149608850 1781691084.168249369 0
Jun 17 10:11:24 standalone object-server[128623]: 172.20.0.100 - - [17/Jun/2026:10:11:24 +0000] "GET /d1/355/AUTH_93077b591a194213a7ddfd31d6f52cb9/gnocchi.ecd36c21-dd19-409a-9d1f-1aca95abdd62/1780920000.0_mean_300.0_v3" 404 70 "GET http://172.18.0.2:8080/v1/AUTH_93077b591a194213a7ddfd31d6f52cb9/gnocchi.ecd36c21-dd19-409a-9d1f-1aca95abdd62/1780920000.0_mean_300.0_v3" "tx9d9a6e69de904a44bc604-006a3272cc" "proxy-server 12" 0.0004 "-" 22 0
Jun 17 10:11:24 standalone proxy-server[130424]: 172.18.0.2 172.18.0.100 17/Jun/2026/10/11/24 GET /v1/AUTH_93077b591a194213a7ddfd31d6f52cb9/gnocchi.ecd36c21-dd19-409a-9d1f-1aca95abdd62/1780920000.0_mean_300.0_v3 HTTP/1.0 404 - python-swiftclient-3.11.1 gAAAAABqMnHo7MEw... - 70 - tx9d9a6e69de904a44bc604-006a3272cc - 0.0055 - - 1781691084.172648430 1781691084.178134680 0
Jun 17 10:11:24 standalone container-server[128261]: 172.20.0.100 - - [17/Jun/2026:10:11:24 +0000] "PUT /d1/658/AUTH_93077b591a194213a7ddfd31d6f52cb9/gnocchi.ecd36c21-dd19-409a-9d1f-1aca95abdd62/1780920000.0_mean_300.0_v3" 201 - "PUT http://172.18.0.2:8080/d1/355/AUTH_93077b591a194213a7ddfd31d6f52cb9/gnocchi.ecd36c21-dd19-409a-9d1f-1aca95abdd62/1780920000.0_mean_300.0_v3" "txeaf4f004944742f69e9b0-006a3272cc" "object-server 25" 0.0008 "-" 21 0
Jun 17 10:11:24 standalone object-server[128626]: 172.20.0.100 - - [17/Jun/2026:10:11:24 +0000] "PUT /d1/355/AUTH_93077b591a194213a7ddfd31d6f52cb9/gnocchi.ecd36c21-dd19-409a-9d1f-1aca95abdd62/1780920000.0_mean_300.0_v3" 201 - "PUT http://172.18.0.2:8080/v1/AUTH_93077b591a194213a7ddfd31d6f52cb9/gnocchi.ecd36c21-dd19-409a-9d1f-1aca95abdd62/1780920000.0_mean_300.0_v3" "txeaf4f004944742f69e9b0-006a3272cc" "proxy-server 12" 0.0098 "-" 25 0
Jun 17 10:11:24 standalone proxy-server[130424]: 172.18.0.2 172.18.0.100 17/Jun/2026/10/11/24 PUT /v1/AUTH_93077b591a194213a7ddfd31d6f52cb9/gnocchi.ecd36c21-dd19-409a-9d1f-1aca95abdd62/1780920000.0_mean_300.0_v3 HTTP/1.0 201 - python-swiftclient-3.11.1 gAAAAABqMnHo7MEw... 16 - - txeaf4f004944742f69e9b0-006a3272cc - 0.0161 - - 1781691084.181319475 1781691084.197391272 0
Jun 17 10:11:24 standalone container-server[128269]: 172.20.0.100 - - [17/Jun/2026:10:11:24 +0000] "PUT /d1/658/AUTH_93077b591a194213a7ddfd31d6f52cb9/gnocchi.ecd36c21-dd19-409a-9d1f-1aca95abdd62/none_v3" 201 - "PUT http://172.18.0.2:8080/d1/910/AUTH_93077b591a194213a7ddfd31d6f52cb9/gnocchi.ecd36c21-dd19-409a-9d1f-1aca95abdd62/none_v3" "tx07c42c8fcd65450189224-006a3272cc" "object-server 23" 0.0007 "-" 23 0
Jun 17 10:11:24 standalone object-server[128624]: 172.20.0.100 - - [17/Jun/2026:10:11:24 +0000] "PUT /d1/910/AUTH_93077b591a194213a7ddfd31d6f52cb9/gnocchi.ecd36c21-dd19-409a-9d1f-1aca95abdd62/none_v3" 201 - "PUT http://172.18.0.2:8080/v1/AUTH_93077b591a194213a7ddfd31d6f52cb9/gnocchi.ecd36c21-dd19-409a-9d1f-1aca95abdd62/none_v3" "tx07c42c8fcd65450189224-006a3272cc" "proxy-server 12" 0.0096 "-" 23 0
Jun 17 10:11:24 standalone proxy-server[130424]: 172.18.0.2 172.18.0.100 17/Jun/2026/10/11/24 PUT /v1/AUTH_93077b591a194213a7ddfd31d6f52cb9/gnocchi.ecd36c21-dd19-409a-9d1f-1aca95abdd62/none_v3 HTTP/1.0 201 - python-swiftclient-3.11.1 gAAAAABqMnHo7MEw... 22 - - tx07c42c8fcd65450189224-006a3272cc - 0.0163 - - 1781691084.202003002 1781691084.218308210 0
Jun 17 10:11:24 standalone container-server[128269]: 172.20.0.100 - - [17/Jun/2026:10:11:24 +0000] "HEAD /d1/612/AUTH_93077b591a194213a7ddfd31d6f52cb9/gnocchi.292931cf-b428-49de-a152-48af03aa6c7a" 404 - "HEAD http://172.18.0.2:8080/v1/AUTH_93077b591a194213a7ddfd31d6f52cb9/gnocchi.292931cf-b428-49de-a152-48af03aa6c7a?format=json&states=listing" "tx9c588218b39941f29cbac-006a3272cc" "proxy-server 12" 0.0005 "-" 23 0
Jun 17 10:11:24 standalone object-server[128624]: 172.20.0.100 - - [17/Jun/2026:10:11:24 +0000] "GET /d1/247/AUTH_93077b591a194213a7ddfd31d6f52cb9/gnocchi.292931cf-b428-49de-a152-48af03aa6c7a/none_v3" 404 70 "GET http://172.18.0.2:8080/v1/AUTH_93077b591a194213a7ddfd31d6f52cb9/gnocchi.292931cf-b428-49de-a152-48af03aa6c7a/none_v3" "tx9c588218b39941f29cbac-006a3272cc" "proxy-server 12" 0.0003 "-" 23 0
Jun 17 10:11:24 standalone proxy-server[130424]: 172.18.0.2 172.18.0.100 17/Jun/2026/10/11/24 GET /v1/AUTH_93077b591a194213a7ddfd31d6f52cb9/gnocchi.292931cf-b428-49de-a152-48af03aa6c7a/none_v3 HTTP/1.0 404 - python-swiftclient-3.11.1 gAAAAABqMnHo7MEw... - 70 - tx9c588218b39941f29cbac-006a3272cc - 0.0116 - - 1781691084.229698658 1781691084.241259813 0
Jun 17 10:11:24 standalone account-server[128291]: 172.20.0.100 - - [17/Jun/2026:10:11:24 +0000] "PUT /d1/62/AUTH_93077b591a194213a7ddfd31d6f52cb9/gnocchi.292931cf-b428-49de-a152-48af03aa6c7a" 201 - "PUT http://172.20.0.100:6001/d1/612/AUTH_93077b591a194213a7ddfd31d6f52cb9/gnocchi.292931cf-b428-49de-a152-48af03aa6c7a" "txf8a71f70802f49debd1c6-006a3272cc" "container-server 23" 0.0041 "-" 14 0
Jun 17 10:11:24 standalone container-server[128269]: 172.20.0.100 - - [17/Jun/2026:10:11:24 +0000] "PUT /d1/612/AUTH_93077b591a194213a7ddfd31d6f52cb9/gnocchi.292931cf-b428-49de-a152-48af03aa6c7a" 201 - "PUT http://172.18.0.2:8080/v1/AUTH_93077b591a194213a7ddfd31d6f52cb9/gnocchi.292931cf-b428-49de-a152-48af03aa6c7a" "txf8a71f70802f49debd1c6-006a3272cc" "proxy-server 12" 0.0152 "-" 23 0
Jun 17 10:11:24 standalone proxy-server[130424]: 172.18.0.2 172.18.0.100 17/Jun/2026/10/11/24 PUT /v1/AUTH_93077b591a194213a7ddfd31d6f52cb9/gnocchi.292931cf-b428-49de-a152-48af03aa6c7a HTTP/1.0 201 - python-swiftclient-3.11.1 gAAAAABqMnHo7MEw... - - - txf8a71f70802f49debd1c6-006a3272cc - 0.0207 - - 1781691084.243651628 1781691084.264349699 0
Jun 17 10:11:24 standalone container-server[128269]: 172.20.0.100 - - [17/Jun/2026:10:11:24 +0000] "HEAD /d1/612/AUTH_93077b591a194213a7ddfd31d6f52cb9/gnocchi.292931cf-b428-49de-a152-48af03aa6c7a" 204 - "HEAD http://172.18.0.2:8080/v1/AUTH_93077b591a194213a7ddfd31d6f52cb9/gnocchi.292931cf-b428-49de-a152-48af03aa6c7a?format=json&states=listing" "txafe64b21278f429fa0ccc-006a3272cc" "proxy-server 12" 0.0011 "-" 23 0
Jun 17 10:11:24 standalone proxy-server[130424]: - - 17/Jun/2026/10/11/24 HEAD /v1/AUTH_93077b591a194213a7ddfd31d6f52cb9/gnocchi.292931cf-b428-49de-a152-48af03aa6c7a%3Fformat%3Djson%26states%3Dlisting HTTP/1.0 204 - Swift - - - - txafe64b21278f429fa0ccc-006a3272cc - 0.0048 RL - 1781691084.268221855 1781691084.273039579 0
Jun 17 10:11:24 standalone container-server[128258]: 172.20.0.100 - - [17/Jun/2026:10:11:24 +0000] "GET /d1/612/AUTH_93077b591a194213a7ddfd31d6f52cb9/gnocchi.292931cf-b428-49de-a152-48af03aa6c7a" 200 2 "GET http://172.18.0.2:8080/v1/AUTH_93077b591a194213a7ddfd31d6f52cb9/gnocchi.292931cf-b428-49de-a152-48af03aa6c7a?format=json&states=listing" "txafe64b21278f429fa0ccc-006a3272cc" "proxy-server 12" 0.0024 "-" 20 0
Jun 17 10:11:24 standalone proxy-server[130424]: 172.18.0.2 172.18.0.100 17/Jun/2026/10/11/24 GET /v1/AUTH_93077b591a194213a7ddfd31d6f52cb9/gnocchi.292931cf-b428-49de-a152-48af03aa6c7a%3Fformat%3Djson%26states%3Dlisting HTTP/1.0 200 - python-swiftclient-3.11.1 gAAAAABqMnHo7MEw... - 2 - txafe64b21278f429fa0ccc-006a3272cc - 0.0155 - - 1781691084.267174959 1781691084.282646894 0
Jun 17 10:11:24 standalone object-server[128625]: 172.20.0.100 - - [17/Jun/2026:10:11:24 +0000] "GET /d1/468/AUTH_93077b591a194213a7ddfd31d6f52cb9/gnocchi.292931cf-b428-49de-a152-48af03aa6c7a/1780920000.0_mean_300.0_v3" 404 70 "GET http://172.18.0.2:8080/v1/AUTH_93077b591a194213a7ddfd31d6f52cb9/gnocchi.292931cf-b428-49de-a152-48af03aa6c7a/1780920000.0_mean_300.0_v3" "txe2310a666b6044fea86ea-006a3272cc" "proxy-server 12" 0.0003 "-" 24 0
Jun 17 10:11:24 standalone proxy-server[130424]: 172.18.0.2 172.18.0.100 17/Jun/2026/10/11/24 GET /v1/AUTH_93077b591a194213a7ddfd31d6f52cb9/gnocchi.292931cf-b428-49de-a152-48af03aa6c7a/1780920000.0_mean_300.0_v3 HTTP/1.0 404 - python-swiftclient-3.11.1 gAAAAABqMnHo7MEw... - 70 - txe2310a666b6044fea86ea-006a3272cc - 0.0047 - - 1781691084.286101580 1781691084.290827513 0
Jun 17 10:11:24 standalone container-server[128261]: 172.20.0.100 - - [17/Jun/2026:10:11:24 +0000] "PUT /d1/612/AUTH_93077b591a194213a7ddfd31d6f52cb9/gnocchi.292931cf-b428-49de-a152-48af03aa6c7a/1780920000.0_mean_300.0_v3" 201 - "PUT http://172.18.0.2:8080/d1/468/AUTH_93077b591a194213a7ddfd31d6f52cb9/gnocchi.292931cf-b428-49de-a152-48af03aa6c7a/1780920000.0_mean_300.0_v3" "tx150b636f513b4321b4e58-006a3272cc" "object-server 22" 0.0007 "-" 21 0
Jun 17 10:11:24 standalone object-server[128623]: 172.20.0.100 - - [17/Jun/2026:10:11:24 +0000] "PUT /d1/468/AUTH_93077b591a194213a7ddfd31d6f52cb9/gnocchi.292931cf-b428-49de-a152-48af03aa6c7a/1780920000.0_mean_300.0_v3" 201 - "PUT http://172.18.0.2:8080/v1/AUTH_93077b591a194213a7ddfd31d6f52cb9/gnocchi.292931cf-b428-49de-a152-48af03aa6c7a/1780920000.0_mean_300.0_v3" "tx150b636f513b4321b4e58-006a3272cc" "proxy-server 12" 0.0083 "-" 22 0
Jun 17 10:11:24 standalone proxy-server[130424]: 172.18.0.2 172.18.0.100 17/Jun/2026/10/11/24 PUT /v1/AUTH_93077b591a194213a7ddfd31d6f52cb9/gnocchi.292931cf-b428-49de-a152-48af03aa6c7a/1780920000.0_mean_300.0_v3 HTTP/1.0 201 - python-swiftclient-3.11.1 gAAAAABqMnHo7MEw... 16 - - tx150b636f513b4321b4e58-006a3272cc - 0.0124 - - 1781691084.292972565 1781691084.305341959 0
Jun 17 10:11:24 standalone container-server[128258]: 172.20.0.100 - - [17/Jun/2026:10:11:24 +0000] "PUT /d1/612/AUTH_93077b591a194213a7ddfd31d6f52cb9/gnocchi.292931cf-b428-49de-a152-48af03aa6c7a/none_v3" 201 - "PUT http://172.18.0.2:8080/d1/247/AUTH_93077b591a194213a7ddfd31d6f52cb9/gnocchi.292931cf-b428-49de-a152-48af03aa6c7a/none_v3" "txab876c913da246a891c27-006a3272cc" "object-server 22" 0.0005 "-" 20 0
Jun 17 10:11:24 standalone object-server[128623]: 172.20.0.100 - - [17/Jun/2026:10:11:24 +0000] "PUT /d1/247/AUTH_93077b591a194213a7ddfd31d6f52cb9/gnocchi.292931cf-b428-49de-a152-48af03aa6c7a/none_v3" 201 - "PUT http://172.18.0.2:8080/v1/AUTH_93077b591a194213a7ddfd31d6f52cb9/gnocchi.292931cf-b428-49de-a152-48af03aa6c7a/none_v3" "txab876c913da246a891c27-006a3272cc" "proxy-server 12" 0.0476 "-" 22 0
Jun 17 10:11:24 standalone proxy-server[130424]: 172.18.0.2 172.18.0.100 17/Jun/2026/10/11/24 PUT /v1/AUTH_93077b591a194213a7ddfd31d6f52cb9/gnocchi.292931cf-b428-49de-a152-48af03aa6c7a/none_v3 HTTP/1.0 201 - python-swiftclient-3.11.1 gAAAAABqMnHo7MEw... 22 - - txab876c913da246a891c27-006a3272cc - 0.0519 - - 1781691084.307332277 1781691084.359252214 0
Jun 17 10:11:24 standalone container-server[128262]: 172.20.0.100 - - [17/Jun/2026:10:11:24 +0000] "HEAD /d1/435/AUTH_93077b591a194213a7ddfd31d6f52cb9/gnocchi.1c8ff346-027e-4e99-8b5e-75d0a07d4db0" 404 - "HEAD http://172.18.0.2:8080/v1/AUTH_93077b591a194213a7ddfd31d6f52cb9/gnocchi.1c8ff346-027e-4e99-8b5e-75d0a07d4db0?format=json&states=listing" "txba8e0d04035d4f9fa571d-006a3272cc" "proxy-server 12" 0.0005 "-" 22 0
Jun 17 10:11:24 standalone object-server[128624]: 172.20.0.100 - - [17/Jun/2026:10:11:24 +0000] "GET /d1/477/AUTH_93077b591a194213a7ddfd31d6f52cb9/gnocchi.1c8ff346-027e-4e99-8b5e-75d0a07d4db0/none_v3" 404 70 "GET http://172.18.0.2:8080/v1/AUTH_93077b591a194213a7ddfd31d6f52cb9/gnocchi.1c8ff346-027e-4e99-8b5e-75d0a07d4db0/none_v3" "txba8e0d04035d4f9fa571d-006a3272cc" "proxy-server 12" 0.0003 "-" 23 0
Jun 17 10:11:24 standalone proxy-server[130424]: 172.18.0.2 172.18.0.100 17/Jun/2026/10/11/24 GET /v1/AUTH_93077b591a194213a7ddfd31d6f52cb9/gnocchi.1c8ff346-027e-4e99-8b5e-75d0a07d4db0/none_v3 HTTP/1.0 404 - python-swiftclient-3.11.1 gAAAAABqMnHo7MEw... - 70 - txba8e0d04035d4f9fa571d-006a3272cc - 0.0085 - - 1781691084.373382092 1781691084.381922960 0
Jun 17 10:11:24 standalone account-server[128295]: 172.20.0.100 - - [17/Jun/2026:10:11:24 +0000] "PUT /d1/62/AUTH_93077b591a194213a7ddfd31d6f52cb9/gnocchi.1c8ff346-027e-4e99-8b5e-75d0a07d4db0" 201 - "PUT http://172.20.0.100:6001/d1/435/AUTH_93077b591a194213a7ddfd31d6f52cb9/gnocchi.1c8ff346-027e-4e99-8b5e-75d0a07d4db0" "txca1968eba554464b86292-006a3272cc" "container-server 22" 0.0045 "-" 15 0
Jun 17 10:11:24 standalone container-server[128262]: 172.20.0.100 - - [17/Jun/2026:10:11:24 +0000] "PUT /d1/435/AUTH_93077b591a194213a7ddfd31d6f52cb9/gnocchi.1c8ff346-027e-4e99-8b5e-75d0a07d4db0" 201 - "PUT http://172.18.0.2:8080/v1/AUTH_93077b591a194213a7ddfd31d6f52cb9/gnocchi.1c8ff346-027e-4e99-8b5e-75d0a07d4db0" "txca1968eba554464b86292-006a3272cc" "proxy-server 12" 0.0188 "-" 22 0
Jun 17 10:11:24 standalone proxy-server[130424]: 172.18.0.2 172.18.0.100 17/Jun/2026/10/11/24 PUT /v1/AUTH_93077b591a194213a7ddfd31d6f52cb9/gnocchi.1c8ff346-027e-4e99-8b5e-75d0a07d4db0 HTTP/1.0 201 - python-swiftclient-3.11.1 gAAAAABqMnHo7MEw... - - - txca1968eba554464b86292-006a3272cc - 0.0226 - - 1781691084.384799957 1781691084.407402992 0
Jun 17 10:11:24 standalone container-server[128261]: 172.20.0.100 - - [17/Jun/2026:10:11:24 +0000] "HEAD /d1/435/AUTH_93077b591a194213a7ddfd31d6f52cb9/gnocchi.1c8ff346-027e-4e99-8b5e-75d0a07d4db0" 204 - "HEAD http://172.18.0.2:8080/v1/AUTH_93077b591a194213a7ddfd31d6f52cb9/gnocchi.1c8ff346-027e-4e99-8b5e-75d0a07d4db0?format=json&states=listing" "tx717cd93531c84fc9b836e-006a3272cc" "proxy-server 12" 0.0016 "-" 21 0
Jun 17 10:11:24 standalone proxy-server[130424]: - - 17/Jun/2026/10/11/24 HEAD /v1/AUTH_93077b591a194213a7ddfd31d6f52cb9/gnocchi.1c8ff346-027e-4e99-8b5e-75d0a07d4db0%3Fformat%3Djson%26states%3Dlisting HTTP/1.0 204 - Swift - - - - tx717cd93531c84fc9b836e-006a3272cc - 0.0050 RL - 1781691084.413112879 1781691084.418090343 0
Jun 17 10:11:24 standalone container-server[128261]: 172.20.0.100 - - [17/Jun/2026:10:11:24 +0000] "GET /d1/435/AUTH_93077b591a194213a7ddfd31d6f52cb9/gnocchi.1c8ff346-027e-4e99-8b5e-75d0a07d4db0" 200 2 "GET http://172.18.0.2:8080/v1/AUTH_93077b591a194213a7ddfd31d6f52cb9/gnocchi.1c8ff346-027e-4e99-8b5e-75d0a07d4db0?format=json&states=listing" "tx717cd93531c84fc9b836e-006a3272cc" "proxy-server 12" 0.0021 "-" 21 0
Jun 17 10:11:24 standalone proxy-server[130424]: 172.18.0.2 172.18.0.100 17/Jun/2026/10/11/24 GET /v1/AUTH_93077b591a194213a7ddfd31d6f52cb9/gnocchi.1c8ff346-027e-4e99-8b5e-75d0a07d4db0%3Fformat%3Djson%26states%3Dlisting HTTP/1.0 200 - python-swiftclient-3.11.1 gAAAAABqMnHo7MEw... - 2 - tx717cd93531c84fc9b836e-006a3272cc - 0.0126 - - 1781691084.412297964 1781691084.424864531 0
