Jun 17 10:09:44 standalone container-server[128262]: 172.20.0.100 - - [17/Jun/2026:10:09:44 +0000] "GET /d1/985/AUTH_93077b591a194213a7ddfd31d6f52cb9/gnocchi.33b3e3fa-deaf-4e0d-ab22-c3331dc1c465" 200 2 "GET http://172.18.0.2:8080/v1/AUTH_93077b591a194213a7ddfd31d6f52cb9/gnocchi.33b3e3fa-deaf-4e0d-ab22-c3331dc1c465?format=json&states=listing" "txd0047d7f628d4af5a6979-006a327268" "proxy-server 12" 0.0015 "-" 22 0
Jun 17 10:09:44 standalone proxy-server[130424]: 172.18.0.2 172.18.0.100 17/Jun/2026/10/09/44 GET /v1/AUTH_93077b591a194213a7ddfd31d6f52cb9/gnocchi.33b3e3fa-deaf-4e0d-ab22-c3331dc1c465%3Fformat%3Djson%26states%3Dlisting HTTP/1.0 200 - python-swiftclient-3.11.1 gAAAAABqMnHo7MEw... - 2 - txd0047d7f628d4af5a6979-006a327268 - 0.0103 - - 1781690984.894397020 1781690984.904744148 0
Jun 17 10:09:44 standalone object-server[128623]: 172.20.0.100 - - [17/Jun/2026:10:09:44 +0000] "GET /d1/479/AUTH_93077b591a194213a7ddfd31d6f52cb9/gnocchi.33b3e3fa-deaf-4e0d-ab22-c3331dc1c465/1780920000.0_mean_300.0_v3" 404 70 "GET http://172.18.0.2:8080/v1/AUTH_93077b591a194213a7ddfd31d6f52cb9/gnocchi.33b3e3fa-deaf-4e0d-ab22-c3331dc1c465/1780920000.0_mean_300.0_v3" "tx3dcbe146201342f389f9b-006a327268" "proxy-server 12" 0.0005 "-" 22 0
Jun 17 10:09:44 standalone proxy-server[130424]: 172.18.0.2 172.18.0.100 17/Jun/2026/10/09/44 GET /v1/AUTH_93077b591a194213a7ddfd31d6f52cb9/gnocchi.33b3e3fa-deaf-4e0d-ab22-c3331dc1c465/1780920000.0_mean_300.0_v3 HTTP/1.0 404 - python-swiftclient-3.11.1 gAAAAABqMnHo7MEw... - 70 - tx3dcbe146201342f389f9b-006a327268 - 0.0052 - - 1781690984.907483816 1781690984.912656546 0
Jun 17 10:09:44 standalone container-server[128269]: 172.20.0.100 - - [17/Jun/2026:10:09:44 +0000] "PUT /d1/985/AUTH_93077b591a194213a7ddfd31d6f52cb9/gnocchi.33b3e3fa-deaf-4e0d-ab22-c3331dc1c465/1780920000.0_mean_300.0_v3" 201 - "PUT http://172.18.0.2:8080/d1/479/AUTH_93077b591a194213a7ddfd31d6f52cb9/gnocchi.33b3e3fa-deaf-4e0d-ab22-c3331dc1c465/1780920000.0_mean_300.0_v3" "tx674d3077409f43308231b-006a327268" "object-server 24" 0.0005 "-" 23 0
Jun 17 10:09:44 standalone object-server[128625]: 172.20.0.100 - - [17/Jun/2026:10:09:44 +0000] "PUT /d1/479/AUTH_93077b591a194213a7ddfd31d6f52cb9/gnocchi.33b3e3fa-deaf-4e0d-ab22-c3331dc1c465/1780920000.0_mean_300.0_v3" 201 - "PUT http://172.18.0.2:8080/v1/AUTH_93077b591a194213a7ddfd31d6f52cb9/gnocchi.33b3e3fa-deaf-4e0d-ab22-c3331dc1c465/1780920000.0_mean_300.0_v3" "tx674d3077409f43308231b-006a327268" "proxy-server 12" 0.0076 "-" 24 0
Jun 17 10:09:44 standalone proxy-server[130424]: 172.18.0.2 172.18.0.100 17/Jun/2026/10/09/44 PUT /v1/AUTH_93077b591a194213a7ddfd31d6f52cb9/gnocchi.33b3e3fa-deaf-4e0d-ab22-c3331dc1c465/1780920000.0_mean_300.0_v3 HTTP/1.0 201 - python-swiftclient-3.11.1 gAAAAABqMnHo7MEw... 16 - - tx674d3077409f43308231b-006a327268 - 0.0119 - - 1781690984.915195227 1781690984.927077532 0
Jun 17 10:09:44 standalone container-server[128258]: 172.20.0.100 - - [17/Jun/2026:10:09:44 +0000] "PUT /d1/985/AUTH_93077b591a194213a7ddfd31d6f52cb9/gnocchi.33b3e3fa-deaf-4e0d-ab22-c3331dc1c465/none_v3" 201 - "PUT http://172.18.0.2:8080/d1/250/AUTH_93077b591a194213a7ddfd31d6f52cb9/gnocchi.33b3e3fa-deaf-4e0d-ab22-c3331dc1c465/none_v3" "tx6b922268691b40ce9456d-006a327268" "object-server 25" 0.0004 "-" 20 0
Jun 17 10:09:44 standalone object-server[128626]: 172.20.0.100 - - [17/Jun/2026:10:09:44 +0000] "PUT /d1/250/AUTH_93077b591a194213a7ddfd31d6f52cb9/gnocchi.33b3e3fa-deaf-4e0d-ab22-c3331dc1c465/none_v3" 201 - "PUT http://172.18.0.2:8080/v1/AUTH_93077b591a194213a7ddfd31d6f52cb9/gnocchi.33b3e3fa-deaf-4e0d-ab22-c3331dc1c465/none_v3" "tx6b922268691b40ce9456d-006a327268" "proxy-server 12" 0.0079 "-" 25 0
Jun 17 10:09:44 standalone proxy-server[130424]: 172.18.0.2 172.18.0.100 17/Jun/2026/10/09/44 PUT /v1/AUTH_93077b591a194213a7ddfd31d6f52cb9/gnocchi.33b3e3fa-deaf-4e0d-ab22-c3331dc1c465/none_v3 HTTP/1.0 201 - python-swiftclient-3.11.1 gAAAAABqMnHo7MEw... 22 - - tx6b922268691b40ce9456d-006a327268 - 0.0130 - - 1781690984.932326078 1781690984.945296526 0
Jun 17 10:09:45 standalone object-server[128623]: 172.20.0.100 - - [17/Jun/2026:10:09:45 +0000] "GET /d1/481/AUTH_93077b591a194213a7ddfd31d6f52cb9/gnocchi.7c67c8c7-8202-42c2-ac6c-4b7998d5dbcb/none_v3" 200 33 "GET http://172.18.0.2:8080/v1/AUTH_93077b591a194213a7ddfd31d6f52cb9/gnocchi.7c67c8c7-8202-42c2-ac6c-4b7998d5dbcb/none_v3" "tx98d4c029b8e0481fa901e-006a327269" "proxy-server 12" 0.0012 "-" 22 0
Jun 17 10:09:45 standalone proxy-server[130424]: 172.18.0.2 172.18.0.100 17/Jun/2026/10/09/45 GET /v1/AUTH_93077b591a194213a7ddfd31d6f52cb9/gnocchi.7c67c8c7-8202-42c2-ac6c-4b7998d5dbcb/none_v3 HTTP/1.0 200 - python-swiftclient-3.11.1 gAAAAABqMnHo7MEw... - 33 - tx98d4c029b8e0481fa901e-006a327269 - 0.0105 - - 1781690985.063525677 1781690985.074055433 0
Jun 17 10:09:45 standalone container-server[128262]: 172.20.0.100 - - [17/Jun/2026:10:09:45 +0000] "GET /d1/332/AUTH_93077b591a194213a7ddfd31d6f52cb9/gnocchi.7c67c8c7-8202-42c2-ac6c-4b7998d5dbcb" 200 357 "GET http://172.18.0.2:8080/v1/AUTH_93077b591a194213a7ddfd31d6f52cb9/gnocchi.7c67c8c7-8202-42c2-ac6c-4b7998d5dbcb?format=json&states=listing" "txc7807190e4a745d18107b-006a327269" "proxy-server 12" 0.0037 "-" 22 0
Jun 17 10:09:45 standalone proxy-server[130424]: 172.18.0.2 172.18.0.100 17/Jun/2026/10/09/45 GET /v1/AUTH_93077b591a194213a7ddfd31d6f52cb9/gnocchi.7c67c8c7-8202-42c2-ac6c-4b7998d5dbcb%3Fformat%3Djson%26states%3Dlisting HTTP/1.0 200 - python-swiftclient-3.11.1 gAAAAABqMnHo7MEw... - 357 - txc7807190e4a745d18107b-006a327269 - 0.0091 - - 1781690985.078934193 1781690985.088022232 0
Jun 17 10:09:45 standalone container-server[128262]: 172.20.0.100 - - [17/Jun/2026:10:09:45 +0000] "GET /d1/332/AUTH_93077b591a194213a7ddfd31d6f52cb9/gnocchi.7c67c8c7-8202-42c2-ac6c-4b7998d5dbcb" 200 2 "GET http://172.18.0.2:8080/v1/AUTH_93077b591a194213a7ddfd31d6f52cb9/gnocchi.7c67c8c7-8202-42c2-ac6c-4b7998d5dbcb?format=json&marker=none_v3&states=listing" "tx770be5aa16d245bdaa09a-006a327269" "proxy-server 12" 0.0033 "-" 22 0
Jun 17 10:09:45 standalone proxy-server[130424]: 172.18.0.2 172.18.0.100 17/Jun/2026/10/09/45 GET /v1/AUTH_93077b591a194213a7ddfd31d6f52cb9/gnocchi.7c67c8c7-8202-42c2-ac6c-4b7998d5dbcb%3Fformat%3Djson%26marker%3Dnone_v3%26states%3Dlisting HTTP/1.0 200 - python-swiftclient-3.11.1 gAAAAABqMnHo7MEw... - 2 - tx770be5aa16d245bdaa09a-006a327269 - 0.0083 - - 1781690985.092210293 1781690985.100532055 0
Jun 17 10:09:45 standalone object-server[128625]: 172.20.0.100 - - [17/Jun/2026:10:09:45 +0000] "GET /d1/362/AUTH_93077b591a194213a7ddfd31d6f52cb9/gnocchi.7c67c8c7-8202-42c2-ac6c-4b7998d5dbcb/1780920000.0_mean_300.0_v3" 200 16 "GET http://172.18.0.2:8080/v1/AUTH_93077b591a194213a7ddfd31d6f52cb9/gnocchi.7c67c8c7-8202-42c2-ac6c-4b7998d5dbcb/1780920000.0_mean_300.0_v3" "txe75ff6b927764dda8b15e-006a327269" "proxy-server 12" 0.0010 "-" 24 0
Jun 17 10:09:45 standalone proxy-server[130424]: 172.18.0.2 172.18.0.100 17/Jun/2026/10/09/45 GET /v1/AUTH_93077b591a194213a7ddfd31d6f52cb9/gnocchi.7c67c8c7-8202-42c2-ac6c-4b7998d5dbcb/1780920000.0_mean_300.0_v3 HTTP/1.0 200 - python-swiftclient-3.11.1 gAAAAABqMnHo7MEw... - 16 - txe75ff6b927764dda8b15e-006a327269 - 0.0062 - - 1781690985.105254650 1781690985.111418486 0
Jun 17 10:09:45 standalone container-server[128258]: 172.20.0.100 - - [17/Jun/2026:10:09:45 +0000] "PUT /d1/332/AUTH_93077b591a194213a7ddfd31d6f52cb9/gnocchi.7c67c8c7-8202-42c2-ac6c-4b7998d5dbcb/1780920000.0_mean_300.0_v3" 201 - "PUT http://172.18.0.2:8080/d1/362/AUTH_93077b591a194213a7ddfd31d6f52cb9/gnocchi.7c67c8c7-8202-42c2-ac6c-4b7998d5dbcb/1780920000.0_mean_300.0_v3" "txa022b46b90524d96bf2e9-006a327269" "object-server 22" 0.0006 "-" 20 0
Jun 17 10:09:45 standalone object-server[128623]: 172.20.0.100 - - [17/Jun/2026:10:09:45 +0000] "PUT /d1/362/AUTH_93077b591a194213a7ddfd31d6f52cb9/gnocchi.7c67c8c7-8202-42c2-ac6c-4b7998d5dbcb/1780920000.0_mean_300.0_v3" 201 - "PUT http://172.18.0.2:8080/v1/AUTH_93077b591a194213a7ddfd31d6f52cb9/gnocchi.7c67c8c7-8202-42c2-ac6c-4b7998d5dbcb/1780920000.0_mean_300.0_v3" "txa022b46b90524d96bf2e9-006a327269" "proxy-server 12" 0.0122 "-" 22 0
Jun 17 10:09:45 standalone proxy-server[130424]: 172.18.0.2 172.18.0.100 17/Jun/2026/10/09/45 PUT /v1/AUTH_93077b591a194213a7ddfd31d6f52cb9/gnocchi.7c67c8c7-8202-42c2-ac6c-4b7998d5dbcb/1780920000.0_mean_300.0_v3 HTTP/1.0 201 - python-swiftclient-3.11.1 gAAAAABqMnHo7MEw... 16 - - txa022b46b90524d96bf2e9-006a327269 - 0.0180 - - 1781690985.116211653 1781690985.134180069 0
Jun 17 10:09:45 standalone container-server[128261]: 172.20.0.100 - - [17/Jun/2026:10:09:45 +0000] "PUT /d1/332/AUTH_93077b591a194213a7ddfd31d6f52cb9/gnocchi.7c67c8c7-8202-42c2-ac6c-4b7998d5dbcb/none_v3" 201 - "PUT http://172.18.0.2:8080/d1/481/AUTH_93077b591a194213a7ddfd31d6f52cb9/gnocchi.7c67c8c7-8202-42c2-ac6c-4b7998d5dbcb/none_v3" "tx04ce8ac1ca7c405184f04-006a327269" "object-server 23" 0.0005 "-" 21 0
Jun 17 10:09:45 standalone object-server[128624]: 172.20.0.100 - - [17/Jun/2026:10:09:45 +0000] "PUT /d1/481/AUTH_93077b591a194213a7ddfd31d6f52cb9/gnocchi.7c67c8c7-8202-42c2-ac6c-4b7998d5dbcb/none_v3" 201 - "PUT http://172.18.0.2:8080/v1/AUTH_93077b591a194213a7ddfd31d6f52cb9/gnocchi.7c67c8c7-8202-42c2-ac6c-4b7998d5dbcb/none_v3" "tx04ce8ac1ca7c405184f04-006a327269" "proxy-server 12" 0.0114 "-" 23 0
Jun 17 10:09:45 standalone proxy-server[130424]: 172.18.0.2 172.18.0.100 17/Jun/2026/10/09/45 PUT /v1/AUTH_93077b591a194213a7ddfd31d6f52cb9/gnocchi.7c67c8c7-8202-42c2-ac6c-4b7998d5dbcb/none_v3 HTTP/1.0 201 - python-swiftclient-3.11.1 gAAAAABqMnHo7MEw... 48 - - tx04ce8ac1ca7c405184f04-006a327269 - 0.0190 - - 1781690985.137737036 1781690985.156737566 0
Jun 17 10:09:45 standalone object-server[128623]: 172.20.0.100 - - [17/Jun/2026:10:09:45 +0000] "GET /d1/899/AUTH_93077b591a194213a7ddfd31d6f52cb9/gnocchi.a756c9fd-1e5a-4ef5-ab00-cc1dad4c4b43/none_v3" 200 33 "GET http://172.18.0.2:8080/v1/AUTH_93077b591a194213a7ddfd31d6f52cb9/gnocchi.a756c9fd-1e5a-4ef5-ab00-cc1dad4c4b43/none_v3" "txbeae86c24fb94c2286ad2-006a327269" "proxy-server 12" 0.0015 "-" 22 0
Jun 17 10:09:45 standalone proxy-server[130424]: 172.18.0.2 172.18.0.100 17/Jun/2026/10/09/45 GET /v1/AUTH_93077b591a194213a7ddfd31d6f52cb9/gnocchi.a756c9fd-1e5a-4ef5-ab00-cc1dad4c4b43/none_v3 HTTP/1.0 200 - python-swiftclient-3.11.1 gAAAAABqMnHo7MEw... - 33 - txbeae86c24fb94c2286ad2-006a327269 - 0.0076 - - 1781690985.169317484 1781690985.176966429 0
Jun 17 10:09:45 standalone container-server[128262]: 172.20.0.100 - - [17/Jun/2026:10:09:45 +0000] "GET /d1/167/AUTH_93077b591a194213a7ddfd31d6f52cb9/gnocchi.a756c9fd-1e5a-4ef5-ab00-cc1dad4c4b43" 200 357 "GET http://172.18.0.2:8080/v1/AUTH_93077b591a194213a7ddfd31d6f52cb9/gnocchi.a756c9fd-1e5a-4ef5-ab00-cc1dad4c4b43?format=json&states=listing" "txff23d5f1a7044e8c9f1d8-006a327269" "proxy-server 12" 0.0034 "-" 22 0
Jun 17 10:09:45 standalone proxy-server[130424]: 172.18.0.2 172.18.0.100 17/Jun/2026/10/09/45 GET /v1/AUTH_93077b591a194213a7ddfd31d6f52cb9/gnocchi.a756c9fd-1e5a-4ef5-ab00-cc1dad4c4b43%3Fformat%3Djson%26states%3Dlisting HTTP/1.0 200 - python-swiftclient-3.11.1 gAAAAABqMnHo7MEw... - 357 - txff23d5f1a7044e8c9f1d8-006a327269 - 0.0082 - - 1781690985.180686951 1781690985.188893795 0
Jun 17 10:09:45 standalone container-server[128258]: 172.20.0.100 - - [17/Jun/2026:10:09:45 +0000] "GET /d1/167/AUTH_93077b591a194213a7ddfd31d6f52cb9/gnocchi.a756c9fd-1e5a-4ef5-ab00-cc1dad4c4b43" 200 2 "GET http://172.18.0.2:8080/v1/AUTH_93077b591a194213a7ddfd31d6f52cb9/gnocchi.a756c9fd-1e5a-4ef5-ab00-cc1dad4c4b43?format=json&marker=none_v3&states=listing" "txb50af2d9375c44c39d5be-006a327269" "proxy-server 12" 0.0024 "-" 20 0
Jun 17 10:09:45 standalone proxy-server[130424]: 172.18.0.2 172.18.0.100 17/Jun/2026/10/09/45 GET /v1/AUTH_93077b591a194213a7ddfd31d6f52cb9/gnocchi.a756c9fd-1e5a-4ef5-ab00-cc1dad4c4b43%3Fformat%3Djson%26marker%3Dnone_v3%26states%3Dlisting HTTP/1.0 200 - python-swiftclient-3.11.1 gAAAAABqMnHo7MEw... - 2 - txb50af2d9375c44c39d5be-006a327269 - 0.0067 - - 1781690985.191853046 1781690985.198552370 0
Jun 17 10:09:45 standalone object-server[128625]: 172.20.0.100 - - [17/Jun/2026:10:09:45 +0000] "GET /d1/625/AUTH_93077b591a194213a7ddfd31d6f52cb9/gnocchi.a756c9fd-1e5a-4ef5-ab00-cc1dad4c4b43/1780920000.0_mean_300.0_v3" 200 16 "GET http://172.18.0.2:8080/v1/AUTH_93077b591a194213a7ddfd31d6f52cb9/gnocchi.a756c9fd-1e5a-4ef5-ab00-cc1dad4c4b43/1780920000.0_mean_300.0_v3" "tx0538857b3d3e432db6f6a-006a327269" "proxy-server 12" 0.0011 "-" 24 0
Jun 17 10:09:45 standalone proxy-server[130424]: 172.18.0.2 172.18.0.100 17/Jun/2026/10/09/45 GET /v1/AUTH_93077b591a194213a7ddfd31d6f52cb9/gnocchi.a756c9fd-1e5a-4ef5-ab00-cc1dad4c4b43/1780920000.0_mean_300.0_v3 HTTP/1.0 200 - python-swiftclient-3.11.1 gAAAAABqMnHo7MEw... - 16 - tx0538857b3d3e432db6f6a-006a327269 - 0.0061 - - 1781690985.202445984 1781690985.208546162 0
Jun 17 10:09:45 standalone container-server[128258]: 172.20.0.100 - - [17/Jun/2026:10:09:45 +0000] "PUT /d1/167/AUTH_93077b591a194213a7ddfd31d6f52cb9/gnocchi.a756c9fd-1e5a-4ef5-ab00-cc1dad4c4b43/1780920000.0_mean_300.0_v3" 201 - "PUT http://172.18.0.2:8080/d1/625/AUTH_93077b591a194213a7ddfd31d6f52cb9/gnocchi.a756c9fd-1e5a-4ef5-ab00-cc1dad4c4b43/1780920000.0_mean_300.0_v3" "tx3241e81a666644359b3f1-006a327269" "object-server 22" 0.0010 "-" 20 0
Jun 17 10:09:45 standalone object-server[128623]: 172.20.0.100 - - [17/Jun/2026:10:09:45 +0000] "PUT /d1/625/AUTH_93077b591a194213a7ddfd31d6f52cb9/gnocchi.a756c9fd-1e5a-4ef5-ab00-cc1dad4c4b43/1780920000.0_mean_300.0_v3" 201 - "PUT http://172.18.0.2:8080/v1/AUTH_93077b591a194213a7ddfd31d6f52cb9/gnocchi.a756c9fd-1e5a-4ef5-ab00-cc1dad4c4b43/1780920000.0_mean_300.0_v3" "tx3241e81a666644359b3f1-006a327269" "proxy-server 12" 0.0131 "-" 22 0
Jun 17 10:09:45 standalone proxy-server[130424]: 172.18.0.2 172.18.0.100 17/Jun/2026/10/09/45 PUT /v1/AUTH_93077b591a194213a7ddfd31d6f52cb9/gnocchi.a756c9fd-1e5a-4ef5-ab00-cc1dad4c4b43/1780920000.0_mean_300.0_v3 HTTP/1.0 201 - python-swiftclient-3.11.1 gAAAAABqMnHo7MEw... 16 - - tx3241e81a666644359b3f1-006a327269 - 0.0182 - - 1781690985.211746216 1781690985.229969740 0
Jun 17 10:09:45 standalone container-server[128258]: 172.20.0.100 - - [17/Jun/2026:10:09:45 +0000] "PUT /d1/167/AUTH_93077b591a194213a7ddfd31d6f52cb9/gnocchi.a756c9fd-1e5a-4ef5-ab00-cc1dad4c4b43/none_v3" 201 - "PUT http://172.18.0.2:8080/d1/899/AUTH_93077b591a194213a7ddfd31d6f52cb9/gnocchi.a756c9fd-1e5a-4ef5-ab00-cc1dad4c4b43/none_v3" "tx397e5f93cbfe4ef98e23c-006a327269" "object-server 24" 0.0009 "-" 20 0
Jun 17 10:09:45 standalone object-server[128625]: 172.20.0.100 - - [17/Jun/2026:10:09:45 +0000] "PUT /d1/899/AUTH_93077b591a194213a7ddfd31d6f52cb9/gnocchi.a756c9fd-1e5a-4ef5-ab00-cc1dad4c4b43/none_v3" 201 - "PUT http://172.18.0.2:8080/v1/AUTH_93077b591a194213a7ddfd31d6f52cb9/gnocchi.a756c9fd-1e5a-4ef5-ab00-cc1dad4c4b43/none_v3" "tx397e5f93cbfe4ef98e23c-006a327269" "proxy-server 12" 0.0110 "-" 24 0
Jun 17 10:09:45 standalone proxy-server[130424]: 172.18.0.2 172.18.0.100 17/Jun/2026/10/09/45 PUT /v1/AUTH_93077b591a194213a7ddfd31d6f52cb9/gnocchi.a756c9fd-1e5a-4ef5-ab00-cc1dad4c4b43/none_v3 HTTP/1.0 201 - python-swiftclient-3.11.1 gAAAAABqMnHo7MEw... 48 - - tx397e5f93cbfe4ef98e23c-006a327269 - 0.0158 - - 1781690985.232759237 1781690985.248527050 0
Jun 17 10:09:46 standalone object-server[128625]: 172.20.0.100 - - [17/Jun/2026:10:09:46 +0000] "GET /d1/250/AUTH_93077b591a194213a7ddfd31d6f52cb9/gnocchi.33b3e3fa-deaf-4e0d-ab22-c3331dc1c465/none_v3" 200 22 "GET http://172.18.0.2:8080/v1/AUTH_93077b591a194213a7ddfd31d6f52cb9/gnocchi.33b3e3fa-deaf-4e0d-ab22-c3331dc1c465/none_v3" "txd3b06436c3044d0083e9b-006a32726a" "proxy-server 12" 0.0011 "-" 24 0
Jun 17 10:09:46 standalone proxy-server[130424]: 172.18.0.2 172.18.0.100 17/Jun/2026/10/09/46 GET /v1/AUTH_93077b591a194213a7ddfd31d6f52cb9/gnocchi.33b3e3fa-deaf-4e0d-ab22-c3331dc1c465/none_v3 HTTP/1.0 200 - python-swiftclient-3.11.1 gAAAAABqMnHo7MEw... - 22 - txd3b06436c3044d0083e9b-006a32726a - 0.0082 - - 1781690986.538733244 1781690986.546895504 0
Jun 17 10:09:46 standalone container-server[128261]: 172.20.0.100 - - [17/Jun/2026:10:09:46 +0000] "GET /d1/985/AUTH_93077b591a194213a7ddfd31d6f52cb9/gnocchi.33b3e3fa-deaf-4e0d-ab22-c3331dc1c465" 200 357 "GET http://172.18.0.2:8080/v1/AUTH_93077b591a194213a7ddfd31d6f52cb9/gnocchi.33b3e3fa-deaf-4e0d-ab22-c3331dc1c465?format=json&states=listing" "txb64b164cf56b404f8e43c-006a32726a" "proxy-server 12" 0.0094 "-" 21 0
Jun 17 10:09:46 standalone proxy-server[130424]: 172.18.0.2 172.18.0.100 17/Jun/2026/10/09/46 GET /v1/AUTH_93077b591a194213a7ddfd31d6f52cb9/gnocchi.33b3e3fa-deaf-4e0d-ab22-c3331dc1c465%3Fformat%3Djson%26states%3Dlisting HTTP/1.0 200 - python-swiftclient-3.11.1 gAAAAABqMnHo7MEw... - 357 - txb64b164cf56b404f8e43c-006a32726a - 0.0179 - - 1781690986.552646160 1781690986.570503950 0
Jun 17 10:09:46 standalone container-server[128269]: 172.20.0.100 - - [17/Jun/2026:10:09:46 +0000] "GET /d1/985/AUTH_93077b591a194213a7ddfd31d6f52cb9/gnocchi.33b3e3fa-deaf-4e0d-ab22-c3331dc1c465" 200 2 "GET http://172.18.0.2:8080/v1/AUTH_93077b591a194213a7ddfd31d6f52cb9/gnocchi.33b3e3fa-deaf-4e0d-ab22-c3331dc1c465?format=json&marker=none_v3&states=listing" "tx5557f20969a244ec868c1-006a32726a" "proxy-server 12" 0.0026 "-" 23 0
Jun 17 10:09:46 standalone proxy-server[130424]: 172.18.0.2 172.18.0.100 17/Jun/2026/10/09/46 GET /v1/AUTH_93077b591a194213a7ddfd31d6f52cb9/gnocchi.33b3e3fa-deaf-4e0d-ab22-c3331dc1c465%3Fformat%3Djson%26marker%3Dnone_v3%26states%3Dlisting HTTP/1.0 200 - python-swiftclient-3.11.1 gAAAAABqMnHo7MEw... - 2 - tx5557f20969a244ec868c1-006a32726a - 0.0140 - - 1781690986.576354980 1781690986.590382338 0
Jun 17 10:09:46 standalone object-server[128625]: 172.20.0.100 - - [17/Jun/2026:10:09:46 +0000] "GET /d1/479/AUTH_93077b591a194213a7ddfd31d6f52cb9/gnocchi.33b3e3fa-deaf-4e0d-ab22-c3331dc1c465/1780920000.0_mean_300.0_v3" 200 16 "GET http://172.18.0.2:8080/v1/AUTH_93077b591a194213a7ddfd31d6f52cb9/gnocchi.33b3e3fa-deaf-4e0d-ab22-c3331dc1c465/1780920000.0_mean_300.0_v3" "txa12279dc72724359a339e-006a32726a" "proxy-server 12" 0.0009 "-" 24 0
Jun 17 10:09:46 standalone proxy-server[130424]: 172.18.0.2 172.18.0.100 17/Jun/2026/10/09/46 GET /v1/AUTH_93077b591a194213a7ddfd31d6f52cb9/gnocchi.33b3e3fa-deaf-4e0d-ab22-c3331dc1c465/1780920000.0_mean_300.0_v3 HTTP/1.0 200 - python-swiftclient-3.11.1 gAAAAABqMnHo7MEw... - 16 - txa12279dc72724359a339e-006a32726a - 0.0113 - - 1781690986.597882271 1781690986.609157562 0
Jun 17 10:09:46 standalone container-server[128258]: 172.20.0.100 - - [17/Jun/2026:10:09:46 +0000] "PUT /d1/985/AUTH_93077b591a194213a7ddfd31d6f52cb9/gnocchi.33b3e3fa-deaf-4e0d-ab22-c3331dc1c465/1780920000.0_mean_300.0_v3" 201 - "PUT http://172.18.0.2:8080/d1/479/AUTH_93077b591a194213a7ddfd31d6f52cb9/gnocchi.33b3e3fa-deaf-4e0d-ab22-c3331dc1c465/1780920000.0_mean_300.0_v3" "txc52030aacef24e88acf8e-006a32726a" "object-server 23" 0.0006 "-" 20 0
Jun 17 10:09:46 standalone object-server[128624]: 172.20.0.100 - - [17/Jun/2026:10:09:46 +0000] "PUT /d1/479/AUTH_93077b591a194213a7ddfd31d6f52cb9/gnocchi.33b3e3fa-deaf-4e0d-ab22-c3331dc1c465/1780920000.0_mean_300.0_v3" 201 - "PUT http://172.18.0.2:8080/v1/AUTH_93077b591a194213a7ddfd31d6f52cb9/gnocchi.33b3e3fa-deaf-4e0d-ab22-c3331dc1c465/1780920000.0_mean_300.0_v3" "txc52030aacef24e88acf8e-006a32726a" "proxy-server 12" 0.0095 "-" 23 0
Jun 17 10:09:46 standalone proxy-server[130424]: 172.18.0.2 172.18.0.100 17/Jun/2026/10/09/46 PUT /v1/AUTH_93077b591a194213a7ddfd31d6f52cb9/gnocchi.33b3e3fa-deaf-4e0d-ab22-c3331dc1c465/1780920000.0_mean_300.0_v3 HTTP/1.0 201 - python-swiftclient-3.11.1 gAAAAABqMnHo7MEw... 16 - - txc52030aacef24e88acf8e-006a32726a - 0.0173 - - 1781690986.616060019 1781690986.633332014 0
Jun 17 10:09:46 standalone container-server[128258]: 172.20.0.100 - - [17/Jun/2026:10:09:46 +0000] "PUT /d1/985/AUTH_93077b591a194213a7ddfd31d6f52cb9/gnocchi.33b3e3fa-deaf-4e0d-ab22-c3331dc1c465/none_v3" 201 - "PUT http://172.18.0.2:8080/d1/250/AUTH_93077b591a194213a7ddfd31d6f52cb9/gnocchi.33b3e3fa-deaf-4e0d-ab22-c3331dc1c465/none_v3" "tx5f9aada072ac4768821bb-006a32726a" "object-server 22" 0.0007 "-" 20 0
Jun 17 10:09:46 standalone object-server[128623]: 172.20.0.100 - - [17/Jun/2026:10:09:46 +0000] "PUT /d1/250/AUTH_93077b591a194213a7ddfd31d6f52cb9/gnocchi.33b3e3fa-deaf-4e0d-ab22-c3331dc1c465/none_v3" 201 - "PUT http://172.18.0.2:8080/v1/AUTH_93077b591a194213a7ddfd31d6f52cb9/gnocchi.33b3e3fa-deaf-4e0d-ab22-c3331dc1c465/none_v3" "tx5f9aada072ac4768821bb-006a32726a" "proxy-server 12" 0.0106 "-" 22 0
Jun 17 10:09:46 standalone proxy-server[130424]: 172.18.0.2 172.18.0.100 17/Jun/2026/10/09/46 PUT /v1/AUTH_93077b591a194213a7ddfd31d6f52cb9/gnocchi.33b3e3fa-deaf-4e0d-ab22-c3331dc1c465/none_v3 HTTP/1.0 201 - python-swiftclient-3.11.1 gAAAAABqMnHo7MEw... 31 - - tx5f9aada072ac4768821bb-006a32726a - 0.0198 - - 1781690986.637857676 1781690986.657679558 0
Jun 17 10:09:54 standalone object-server[128623]: 172.20.0.100 - - [17/Jun/2026:10:09:54 +0000] "GET /d1/250/AUTH_93077b591a194213a7ddfd31d6f52cb9/gnocchi.33b3e3fa-deaf-4e0d-ab22-c3331dc1c465/none_v3" 200 31 "GET http://172.18.0.2:8080/v1/AUTH_93077b591a194213a7ddfd31d6f52cb9/gnocchi.33b3e3fa-deaf-4e0d-ab22-c3331dc1c465/none_v3" "tx025a1ff02b704a61b731c-006a327272" "proxy-server 12" 0.0014 "-" 22 0
Jun 17 10:09:54 standalone proxy-server[130424]: 172.18.0.2 172.18.0.100 17/Jun/2026/10/09/54 GET /v1/AUTH_93077b591a194213a7ddfd31d6f52cb9/gnocchi.33b3e3fa-deaf-4e0d-ab22-c3331dc1c465/none_v3 HTTP/1.0 200 - python-swiftclient-3.11.1 gAAAAABqMnHo7MEw... - 31 - tx025a1ff02b704a61b731c-006a327272 - 0.0110 - - 1781690994.589406967 1781690994.600373030 0
Jun 17 10:09:54 standalone container-server[128262]: 172.20.0.100 - - [17/Jun/2026:10:09:54 +0000] "GET /d1/985/AUTH_93077b591a194213a7ddfd31d6f52cb9/gnocchi.33b3e3fa-deaf-4e0d-ab22-c3331dc1c465" 200 357 "GET http://172.18.0.2:8080/v1/AUTH_93077b591a194213a7ddfd31d6f52cb9/gnocchi.33b3e3fa-deaf-4e0d-ab22-c3331dc1c465?format=json&states=listing" "tx59da76351940401bb59a0-006a327272" "proxy-server 12" 0.0085 "-" 22 0
Jun 17 10:09:54 standalone proxy-server[130424]: 172.18.0.2 172.18.0.100 17/Jun/2026/10/09/54 GET /v1/AUTH_93077b591a194213a7ddfd31d6f52cb9/gnocchi.33b3e3fa-deaf-4e0d-ab22-c3331dc1c465%3Fformat%3Djson%26states%3Dlisting HTTP/1.0 200 - python-swiftclient-3.11.1 gAAAAABqMnHo7MEw... - 357 - tx59da76351940401bb59a0-006a327272 - 0.0177 - - 1781690994.605435371 1781690994.623114586 0
Jun 17 10:09:54 standalone container-server[128269]: 172.20.0.100 - - [17/Jun/2026:10:09:54 +0000] "GET /d1/985/AUTH_93077b591a194213a7ddfd31d6f52cb9/gnocchi.33b3e3fa-deaf-4e0d-ab22-c3331dc1c465" 200 2 "GET http://172.18.0.2:8080/v1/AUTH_93077b591a194213a7ddfd31d6f52cb9/gnocchi.33b3e3fa-deaf-4e0d-ab22-c3331dc1c465?format=json&marker=none_v3&states=listing" "tx19a1614cfb4b43c5ac10d-006a327272" "proxy-server 12" 0.0023 "-" 23 0
Jun 17 10:09:54 standalone proxy-server[130424]: 172.18.0.2 172.18.0.100 17/Jun/2026/10/09/54 GET /v1/AUTH_93077b591a194213a7ddfd31d6f52cb9/gnocchi.33b3e3fa-deaf-4e0d-ab22-c3331dc1c465%3Fformat%3Djson%26marker%3Dnone_v3%26states%3Dlisting HTTP/1.0 200 - python-swiftclient-3.11.1 gAAAAABqMnHo7MEw... - 2 - tx19a1614cfb4b43c5ac10d-006a327272 - 0.0088 - - 1781690994.626400471 1781690994.635241747 0
Jun 17 10:09:54 standalone object-server[128623]: 172.20.0.100 - - [17/Jun/2026:10:09:54 +0000] "GET /d1/479/AUTH_93077b591a194213a7ddfd31d6f52cb9/gnocchi.33b3e3fa-deaf-4e0d-ab22-c3331dc1c465/1780920000.0_mean_300.0_v3" 200 16 "GET http://172.18.0.2:8080/v1/AUTH_93077b591a194213a7ddfd31d6f52cb9/gnocchi.33b3e3fa-deaf-4e0d-ab22-c3331dc1c465/1780920000.0_mean_300.0_v3" "tx82b83cfba14f41858c998-006a327272" "proxy-server 12" 0.0007 "-" 22 0
Jun 17 10:09:54 standalone proxy-server[130424]: 172.18.0.2 172.18.0.100 17/Jun/2026/10/09/54 GET /v1/AUTH_93077b591a194213a7ddfd31d6f52cb9/gnocchi.33b3e3fa-deaf-4e0d-ab22-c3331dc1c465/1780920000.0_mean_300.0_v3 HTTP/1.0 200 - python-swiftclient-3.11.1 gAAAAABqMnHo7MEw... - 16 - tx82b83cfba14f41858c998-006a327272 - 0.0068 - - 1781690994.639786482 1781690994.646631956 0
Jun 17 10:09:54 standalone container-server[128261]: 172.20.0.100 - - [17/Jun/2026:10:09:54 +0000] "PUT /d1/985/AUTH_93077b591a194213a7ddfd31d6f52cb9/gnocchi.33b3e3fa-deaf-4e0d-ab22-c3331dc1c465/1780920000.0_mean_300.0_v3" 201 - "PUT http://172.18.0.2:8080/d1/479/AUTH_93077b591a194213a7ddfd31d6f52cb9/gnocchi.33b3e3fa-deaf-4e0d-ab22-c3331dc1c465/1780920000.0_mean_300.0_v3" "txcb779d3ef4314ce9b87e7-006a327272" "object-server 25" 0.0005 "-" 21 0
Jun 17 10:09:54 standalone object-server[128626]: 172.20.0.100 - - [17/Jun/2026:10:09:54 +0000] "PUT /d1/479/AUTH_93077b591a194213a7ddfd31d6f52cb9/gnocchi.33b3e3fa-deaf-4e0d-ab22-c3331dc1c465/1780920000.0_mean_300.0_v3" 201 - "PUT http://172.18.0.2:8080/v1/AUTH_93077b591a194213a7ddfd31d6f52cb9/gnocchi.33b3e3fa-deaf-4e0d-ab22-c3331dc1c465/1780920000.0_mean_300.0_v3" "txcb779d3ef4314ce9b87e7-006a327272" "proxy-server 12" 0.0123 "-" 25 0
Jun 17 10:09:54 standalone proxy-server[130424]: 172.18.0.2 172.18.0.100 17/Jun/2026/10/09/54 PUT /v1/AUTH_93077b591a194213a7ddfd31d6f52cb9/gnocchi.33b3e3fa-deaf-4e0d-ab22-c3331dc1c465/1780920000.0_mean_300.0_v3 HTTP/1.0 201 - python-swiftclient-3.11.1 gAAAAABqMnHo7MEw... 16 - - txcb779d3ef4314ce9b87e7-006a327272 - 0.0187 - - 1781690994.650149822 1781690994.668853521 0
Jun 17 10:09:54 standalone container-server[128262]: 172.20.0.100 - - [17/Jun/2026:10:09:54 +0000] "PUT /d1/985/AUTH_93077b591a194213a7ddfd31d6f52cb9/gnocchi.33b3e3fa-deaf-4e0d-ab22-c3331dc1c465/none_v3" 201 - "PUT http://172.18.0.2:8080/d1/250/AUTH_93077b591a194213a7ddfd31d6f52cb9/gnocchi.33b3e3fa-deaf-4e0d-ab22-c3331dc1c465/none_v3" "txd758ed0c6fa148cdbe65d-006a327272" "object-server 24" 0.0007 "-" 22 0
Jun 17 10:09:54 standalone object-server[128625]: 172.20.0.100 - - [17/Jun/2026:10:09:54 +0000] "PUT /d1/250/AUTH_93077b591a194213a7ddfd31d6f52cb9/gnocchi.33b3e3fa-deaf-4e0d-ab22-c3331dc1c465/none_v3" 201 - "PUT http://172.18.0.2:8080/v1/AUTH_93077b591a194213a7ddfd31d6f52cb9/gnocchi.33b3e3fa-deaf-4e0d-ab22-c3331dc1c465/none_v3" "txd758ed0c6fa148cdbe65d-006a327272" "proxy-server 12" 0.0083 "-" 24 0
Jun 17 10:09:54 standalone proxy-server[130424]: 172.18.0.2 172.18.0.100 17/Jun/2026/10/09/54 PUT /v1/AUTH_93077b591a194213a7ddfd31d6f52cb9/gnocchi.33b3e3fa-deaf-4e0d-ab22-c3331dc1c465/none_v3 HTTP/1.0 201 - python-swiftclient-3.11.1 gAAAAABqMnHo7MEw... 46 - - txd758ed0c6fa148cdbe65d-006a327272 - 0.0145 - - 1781690994.672106743 1781690994.686598539 0
Jun 17 10:09:55 standalone object-server[128626]: 172.20.0.100 - - [17/Jun/2026:10:09:55 +0000] "GET /d1/250/AUTH_93077b591a194213a7ddfd31d6f52cb9/gnocchi.33b3e3fa-deaf-4e0d-ab22-c3331dc1c465/none_v3" 200 46 "GET http://172.18.0.2:8080/v1/AUTH_93077b591a194213a7ddfd31d6f52cb9/gnocchi.33b3e3fa-deaf-4e0d-ab22-c3331dc1c465/none_v3" "tx67240b7e4086486984b57-006a327273" "proxy-server 12" 0.0009 "-" 25 0
Jun 17 10:09:55 standalone proxy-server[130424]: 172.18.0.2 172.18.0.100 17/Jun/2026/10/09/55 GET /v1/AUTH_93077b591a194213a7ddfd31d6f52cb9/gnocchi.33b3e3fa-deaf-4e0d-ab22-c3331dc1c465/none_v3 HTTP/1.0 200 - python-swiftclient-3.11.1 gAAAAABqMnHo7MEw... - 46 - tx67240b7e4086486984b57-006a327273 - 0.0117 - - 1781690995.377990961 1781690995.389662743 0
Jun 17 10:09:55 standalone container-server[128262]: 172.20.0.100 - - [17/Jun/2026:10:09:55 +0000] "GET /d1/985/AUTH_93077b591a194213a7ddfd31d6f52cb9/gnocchi.33b3e3fa-deaf-4e0d-ab22-c3331dc1c465" 200 357 "GET http://172.18.0.2:8080/v1/AUTH_93077b591a194213a7ddfd31d6f52cb9/gnocchi.33b3e3fa-deaf-4e0d-ab22-c3331dc1c465?format=json&states=listing" "tx52165dff96384bfda256d-006a327273" "proxy-server 12" 0.0101 "-" 22 0
Jun 17 10:09:55 standalone proxy-server[130424]: 172.18.0.2 172.18.0.100 17/Jun/2026/10/09/55 GET /v1/AUTH_93077b591a194213a7ddfd31d6f52cb9/gnocchi.33b3e3fa-deaf-4e0d-ab22-c3331dc1c465%3Fformat%3Djson%26states%3Dlisting HTTP/1.0 200 - python-swiftclient-3.11.1 gAAAAABqMnHo7MEw... - 357 - tx52165dff96384bfda256d-006a327273 - 0.0161 - - 1781690995.394467354 1781690995.410520315 0
Jun 17 10:09:55 standalone container-server[128258]: 172.20.0.100 - - [17/Jun/2026:10:09:55 +0000] "GET /d1/985/AUTH_93077b591a194213a7ddfd31d6f52cb9/gnocchi.33b3e3fa-deaf-4e0d-ab22-c3331dc1c465" 200 2 "GET http://172.18.0.2:8080/v1/AUTH_93077b591a194213a7ddfd31d6f52cb9/gnocchi.33b3e3fa-deaf-4e0d-ab22-c3331dc1c465?format=json&marker=none_v3&states=listing" "tx146bd0ce05284a16bb9a8-006a327273" "proxy-server 12" 0.0018 "-" 20 0
Jun 17 10:09:55 standalone proxy-server[130424]: 172.18.0.2 172.18.0.100 17/Jun/2026/10/09/55 GET /v1/AUTH_93077b591a194213a7ddfd31d6f52cb9/gnocchi.33b3e3fa-deaf-4e0d-ab22-c3331dc1c465%3Fformat%3Djson%26marker%3Dnone_v3%26states%3Dlisting HTTP/1.0 200 - python-swiftclient-3.11.1 gAAAAABqMnHo7MEw... - 2 - tx146bd0ce05284a16bb9a8-006a327273 - 0.0086 - - 1781690995.416081190 1781690995.424652100 0
Jun 17 10:09:55 standalone object-server[128624]: 172.20.0.100 - - [17/Jun/2026:10:09:55 +0000] "GET /d1/479/AUTH_93077b591a194213a7ddfd31d6f52cb9/gnocchi.33b3e3fa-deaf-4e0d-ab22-c3331dc1c465/1780920000.0_mean_300.0_v3" 200 16 "GET http://172.18.0.2:8080/v1/AUTH_93077b591a194213a7ddfd31d6f52cb9/gnocchi.33b3e3fa-deaf-4e0d-ab22-c3331dc1c465/1780920000.0_mean_300.0_v3" "txb7be2799b16242e69ba5e-006a327273" "proxy-server 12" 0.0006 "-" 23 0
Jun 17 10:09:55 standalone proxy-server[130424]: 172.18.0.2 172.18.0.100 17/Jun/2026/10/09/55 GET /v1/AUTH_93077b591a194213a7ddfd31d6f52cb9/gnocchi.33b3e3fa-deaf-4e0d-ab22-c3331dc1c465/1780920000.0_mean_300.0_v3 HTTP/1.0 200 - python-swiftclient-3.11.1 gAAAAABqMnHo7MEw... - 16 - txb7be2799b16242e69ba5e-006a327273 - 0.0059 - - 1781690995.428963184 1781690995.434844494 0
Jun 17 10:09:55 standalone container-server[128261]: 172.20.0.100 - - [17/Jun/2026:10:09:55 +0000] "PUT /d1/985/AUTH_93077b591a194213a7ddfd31d6f52cb9/gnocchi.33b3e3fa-deaf-4e0d-ab22-c3331dc1c465/1780920000.0_mean_300.0_v3" 201 - "PUT http://172.18.0.2:8080/d1/479/AUTH_93077b591a194213a7ddfd31d6f52cb9/gnocchi.33b3e3fa-deaf-4e0d-ab22-c3331dc1c465/1780920000.0_mean_300.0_v3" "tx2b2e2dd7be0d481199043-006a327273" "object-server 22" 0.0005 "-" 21 0
Jun 17 10:09:55 standalone object-server[128623]: 172.20.0.100 - - [17/Jun/2026:10:09:55 +0000] "PUT /d1/479/AUTH_93077b591a194213a7ddfd31d6f52cb9/gnocchi.33b3e3fa-deaf-4e0d-ab22-c3331dc1c465/1780920000.0_mean_300.0_v3" 201 - "PUT http://172.18.0.2:8080/v1/AUTH_93077b591a194213a7ddfd31d6f52cb9/gnocchi.33b3e3fa-deaf-4e0d-ab22-c3331dc1c465/1780920000.0_mean_300.0_v3" "tx2b2e2dd7be0d481199043-006a327273" "proxy-server 12" 0.0077 "-" 22 0
Jun 17 10:09:55 standalone proxy-server[130424]: 172.18.0.2 172.18.0.100 17/Jun/2026/10/09/55 PUT /v1/AUTH_93077b591a194213a7ddfd31d6f52cb9/gnocchi.33b3e3fa-deaf-4e0d-ab22-c3331dc1c465/1780920000.0_mean_300.0_v3 HTTP/1.0 201 - python-swiftclient-3.11.1 gAAAAABqMnHo7MEw... 16 - - tx2b2e2dd7be0d481199043-006a327273 - 0.0121 - - 1781690995.440767288 1781690995.452884436 0
Jun 17 10:09:55 standalone container-server[128258]: 172.20.0.100 - - [17/Jun/2026:10:09:55 +0000] "PUT /d1/985/AUTH_93077b591a194213a7ddfd31d6f52cb9/gnocchi.33b3e3fa-deaf-4e0d-ab22-c3331dc1c465/none_v3" 201 - "PUT http://172.18.0.2:8080/d1/250/AUTH_93077b591a194213a7ddfd31d6f52cb9/gnocchi.33b3e3fa-deaf-4e0d-ab22-c3331dc1c465/none_v3" "tx607e368c201845fc86993-006a327273" "object-server 23" 0.0005 "-" 20 0
Jun 17 10:09:55 standalone object-server[128624]: 172.20.0.100 - - [17/Jun/2026:10:09:55 +0000] "PUT /d1/250/AUTH_93077b591a194213a7ddfd31d6f52cb9/gnocchi.33b3e3fa-deaf-4e0d-ab22-c3331dc1c465/none_v3" 201 - "PUT http://172.18.0.2:8080/v1/AUTH_93077b591a194213a7ddfd31d6f52cb9/gnocchi.33b3e3fa-deaf-4e0d-ab22-c3331dc1c465/none_v3" "tx607e368c201845fc86993-006a327273" "proxy-server 12" 0.0078 "-" 23 0
Jun 17 10:09:55 standalone proxy-server[130424]: 172.18.0.2 172.18.0.100 17/Jun/2026/10/09/55 PUT /v1/AUTH_93077b591a194213a7ddfd31d6f52cb9/gnocchi.33b3e3fa-deaf-4e0d-ab22-c3331dc1c465/none_v3 HTTP/1.0 201 - python-swiftclient-3.11.1 gAAAAABqMnHo7MEw... 51 - - tx607e368c201845fc86993-006a327273 - 0.0132 - - 1781690995.463132620 1781690995.476286173 0
Jun 17 10:09:58 standalone container-server[128258]: 172.20.0.100 - - [17/Jun/2026:10:09:58 +0000] "HEAD /d1/258/AUTH_93077b591a194213a7ddfd31d6f52cb9/gnocchi.08d15a05-63f1-4e81-8c91-f7c0d9af6a79" 404 - "HEAD http://172.18.0.2:8080/v1/AUTH_93077b591a194213a7ddfd31d6f52cb9/gnocchi.08d15a05-63f1-4e81-8c91-f7c0d9af6a79?format=json&states=listing" "txb64a071fec824fb3b86a9-006a327276" "proxy-server 12" 0.0007 "-" 20 0
Jun 17 10:09:58 standalone object-server[128624]: 172.20.0.100 - - [17/Jun/2026:10:09:58 +0000] "GET /d1/917/AUTH_93077b591a194213a7ddfd31d6f52cb9/gnocchi.08d15a05-63f1-4e81-8c91-f7c0d9af6a79/none_v3" 404 70 "GET http://172.18.0.2:8080/v1/AUTH_93077b591a194213a7ddfd31d6f52cb9/gnocchi.08d15a05-63f1-4e81-8c91-f7c0d9af6a79/none_v3" "txb64a071fec824fb3b86a9-006a327276" "proxy-server 12" 0.0008 "-" 23 0
Jun 17 10:09:58 standalone proxy-server[130424]: 172.18.0.2 172.18.0.100 17/Jun/2026/10/09/58 GET /v1/AUTH_93077b591a194213a7ddfd31d6f52cb9/gnocchi.08d15a05-63f1-4e81-8c91-f7c0d9af6a79/none_v3 HTTP/1.0 404 - python-swiftclient-3.11.1 gAAAAABqMnHo7MEw... - 70 - txb64a071fec824fb3b86a9-006a327276 - 0.0178 - - 1781690998.220469952 1781690998.238245726 0
Jun 17 10:09:58 standalone account-server[128316]: 172.20.0.100 - - [17/Jun/2026:10:09:58 +0000] "PUT /d1/62/AUTH_93077b591a194213a7ddfd31d6f52cb9/gnocchi.08d15a05-63f1-4e81-8c91-f7c0d9af6a79" 201 - "PUT http://172.20.0.100:6001/d1/258/AUTH_93077b591a194213a7ddfd31d6f52cb9/gnocchi.08d15a05-63f1-4e81-8c91-f7c0d9af6a79" "txb7d61c0488534819bbb72-006a327276" "container-server 22" 0.0055 "-" 17 0
Jun 17 10:09:58 standalone container-server[128262]: 172.20.0.100 - - [17/Jun/2026:10:09:58 +0000] "PUT /d1/258/AUTH_93077b591a194213a7ddfd31d6f52cb9/gnocchi.08d15a05-63f1-4e81-8c91-f7c0d9af6a79" 201 - "PUT http://172.18.0.2:8080/v1/AUTH_93077b591a194213a7ddfd31d6f52cb9/gnocchi.08d15a05-63f1-4e81-8c91-f7c0d9af6a79" "txb7d61c0488534819bbb72-006a327276" "proxy-server 12" 0.0156 "-" 22 0
Jun 17 10:09:58 standalone proxy-server[130424]: 172.18.0.2 172.18.0.100 17/Jun/2026/10/09/58 PUT /v1/AUTH_93077b591a194213a7ddfd31d6f52cb9/gnocchi.08d15a05-63f1-4e81-8c91-f7c0d9af6a79 HTTP/1.0 201 - python-swiftclient-3.11.1 gAAAAABqMnHo7MEw... - - - txb7d61c0488534819bbb72-006a327276 - 0.0215 - - 1781690998.242139816 1781690998.263617039 0
Jun 17 10:09:58 standalone container-server[128262]: 172.20.0.100 - - [17/Jun/2026:10:09:58 +0000] "HEAD /d1/258/AUTH_93077b591a194213a7ddfd31d6f52cb9/gnocchi.08d15a05-63f1-4e81-8c91-f7c0d9af6a79" 204 - "HEAD http://172.18.0.2:8080/v1/AUTH_93077b591a194213a7ddfd31d6f52cb9/gnocchi.08d15a05-63f1-4e81-8c91-f7c0d9af6a79?format=json&states=listing" "tx4b242e51d2b34ba9b2b02-006a327276" "proxy-server 12" 0.0013 "-" 22 0
Jun 17 10:09:58 standalone proxy-server[130424]: - - 17/Jun/2026/10/09/58 HEAD /v1/AUTH_93077b591a194213a7ddfd31d6f52cb9/gnocchi.08d15a05-63f1-4e81-8c91-f7c0d9af6a79%3Fformat%3Djson%26states%3Dlisting HTTP/1.0 204 - Swift - - - - tx4b242e51d2b34ba9b2b02-006a327276 - 0.0055 RL - 1781690998.269737959 1781690998.275238514 0
Jun 17 10:09:58 standalone container-server[128262]: 172.20.0.100 - - [17/Jun/2026:10:09:58 +0000] "GET /d1/258/AUTH_93077b591a194213a7ddfd31d6f52cb9/gnocchi.08d15a05-63f1-4e81-8c91-f7c0d9af6a79" 200 2 "GET http://172.18.0.2:8080/v1/AUTH_93077b591a194213a7ddfd31d6f52cb9/gnocchi.08d15a05-63f1-4e81-8c91-f7c0d9af6a79?format=json&states=listing" "tx4b242e51d2b34ba9b2b02-006a327276" "proxy-server 12" 0.0019 "-" 22 0
Jun 17 10:09:58 standalone proxy-server[130424]: 172.18.0.2 172.18.0.100 17/Jun/2026/10/09/58 GET /v1/AUTH_93077b591a194213a7ddfd31d6f52cb9/gnocchi.08d15a05-63f1-4e81-8c91-f7c0d9af6a79%3Fformat%3Djson%26states%3Dlisting HTTP/1.0 200 - python-swiftclient-3.11.1 gAAAAABqMnHo7MEw... - 2 - tx4b242e51d2b34ba9b2b02-006a327276 - 0.0167 - - 1781690998.268179417 1781690998.284888029 0
Jun 17 10:09:58 standalone object-server[128625]: 172.20.0.100 - - [17/Jun/2026:10:09:58 +0000] "GET /d1/217/AUTH_93077b591a194213a7ddfd31d6f52cb9/gnocchi.08d15a05-63f1-4e81-8c91-f7c0d9af6a79/1780920000.0_mean_300.0_v3" 404 70 "GET http://172.18.0.2:8080/v1/AUTH_93077b591a194213a7ddfd31d6f52cb9/gnocchi.08d15a05-63f1-4e81-8c91-f7c0d9af6a79/1780920000.0_mean_300.0_v3" "tx1b8ecec77d0d4f69ac41f-006a327276" "proxy-server 12" 0.0005 "-" 24 0
Jun 17 10:09:58 standalone proxy-server[130424]: 172.18.0.2 172.18.0.100 17/Jun/2026/10/09/58 GET /v1/AUTH_93077b591a194213a7ddfd31d6f52cb9/gnocchi.08d15a05-63f1-4e81-8c91-f7c0d9af6a79/1780920000.0_mean_300.0_v3 HTTP/1.0 404 - python-swiftclient-3.11.1 gAAAAABqMnHo7MEw... - 70 - tx1b8ecec77d0d4f69ac41f-006a327276 - 0.0087 - - 1781690998.289289713 1781690998.298007250 0
Jun 17 10:09:58 standalone container-server[128258]: 172.20.0.100 - - [17/Jun/2026:10:09:58 +0000] "PUT /d1/258/AUTH_93077b591a194213a7ddfd31d6f52cb9/gnocchi.08d15a05-63f1-4e81-8c91-f7c0d9af6a79/1780920000.0_mean_300.0_v3" 201 - "PUT http://172.18.0.2:8080/d1/217/AUTH_93077b591a194213a7ddfd31d6f52cb9/gnocchi.08d15a05-63f1-4e81-8c91-f7c0d9af6a79/1780920000.0_mean_300.0_v3" "txb5ed790763594dbb8d731-006a327276" "object-server 24" 0.0012 "-" 20 0
Jun 17 10:09:58 standalone object-server[128625]: 172.20.0.100 - - [17/Jun/2026:10:09:58 +0000] "PUT /d1/217/AUTH_93077b591a194213a7ddfd31d6f52cb9/gnocchi.08d15a05-63f1-4e81-8c91-f7c0d9af6a79/1780920000.0_mean_300.0_v3" 201 - "PUT http://172.18.0.2:8080/v1/AUTH_93077b591a194213a7ddfd31d6f52cb9/gnocchi.08d15a05-63f1-4e81-8c91-f7c0d9af6a79/1780920000.0_mean_300.0_v3" "txb5ed790763594dbb8d731-006a327276" "proxy-server 12" 0.0156 "-" 24 0
Jun 17 10:09:58 standalone proxy-server[130424]: 172.18.0.2 172.18.0.100 17/Jun/2026/10/09/58 PUT /v1/AUTH_93077b591a194213a7ddfd31d6f52cb9/gnocchi.08d15a05-63f1-4e81-8c91-f7c0d9af6a79/1780920000.0_mean_300.0_v3 HTTP/1.0 201 - python-swiftclient-3.11.1 gAAAAABqMnHo7MEw... 16 - - txb5ed790763594dbb8d731-006a327276 - 0.0233 - - 1781690998.304877996 1781690998.328218460 0
Jun 17 10:09:58 standalone container-server[128261]: 172.20.0.100 - - [17/Jun/2026:10:09:58 +0000] "PUT /d1/258/AUTH_93077b591a194213a7ddfd31d6f52cb9/gnocchi.08d15a05-63f1-4e81-8c91-f7c0d9af6a79/none_v3" 201 - "PUT http://172.18.0.2:8080/d1/917/AUTH_93077b591a194213a7ddfd31d6f52cb9/gnocchi.08d15a05-63f1-4e81-8c91-f7c0d9af6a79/none_v3" "txf95037eb4fd84421a0823-006a327276" "object-server 25" 0.0007 "-" 21 0
Jun 17 10:09:58 standalone object-server[128626]: 172.20.0.100 - - [17/Jun/2026:10:09:58 +0000] "PUT /d1/917/AUTH_93077b591a194213a7ddfd31d6f52cb9/gnocchi.08d15a05-63f1-4e81-8c91-f7c0d9af6a79/none_v3" 201 - "PUT http://172.18.0.2:8080/v1/AUTH_93077b591a194213a7ddfd31d6f52cb9/gnocchi.08d15a05-63f1-4e81-8c91-f7c0d9af6a79/none_v3" "txf95037eb4fd84421a0823-006a327276" "proxy-server 12" 0.0139 "-" 25 0
Jun 17 10:09:58 standalone proxy-server[130424]: 172.18.0.2 172.18.0.100 17/Jun/2026/10/09/58 PUT /v1/AUTH_93077b591a194213a7ddfd31d6f52cb9/gnocchi.08d15a05-63f1-4e81-8c91-f7c0d9af6a79/none_v3 HTTP/1.0 201 - python-swiftclient-3.11.1 gAAAAABqMnHo7MEw... 22 - - txf95037eb4fd84421a0823-006a327276 - 0.0219 - - 1781690998.341029406 1781690998.362962008 0
Jun 17 10:09:58 standalone container-server[128269]: 172.20.0.100 - - [17/Jun/2026:10:09:58 +0000] "HEAD /d1/785/AUTH_93077b591a194213a7ddfd31d6f52cb9/gnocchi.9959935f-3154-4d3c-8d0b-febb4508bf3f" 404 - "HEAD http://172.18.0.2:8080/v1/AUTH_93077b591a194213a7ddfd31d6f52cb9/gnocchi.9959935f-3154-4d3c-8d0b-febb4508bf3f?format=json&states=listing" "tx9dc0b367af894c36b40ec-006a327276" "proxy-server 12" 0.0005 "-" 23 0
Jun 17 10:09:58 standalone object-server[128626]: 172.20.0.100 - - [17/Jun/2026:10:09:58 +0000] "GET /d1/1010/AUTH_93077b591a194213a7ddfd31d6f52cb9/gnocchi.9959935f-3154-4d3c-8d0b-febb4508bf3f/none_v3" 404 70 "GET http://172.18.0.2:8080/v1/AUTH_93077b591a194213a7ddfd31d6f52cb9/gnocchi.9959935f-3154-4d3c-8d0b-febb4508bf3f/none_v3" "tx9dc0b367af894c36b40ec-006a327276" "proxy-server 12" 0.0003 "-" 25 0
Jun 17 10:09:58 standalone proxy-server[130424]: 172.18.0.2 172.18.0.100 17/Jun/2026/10/09/58 GET /v1/AUTH_93077b591a194213a7ddfd31d6f52cb9/gnocchi.9959935f-3154-4d3c-8d0b-febb4508bf3f/none_v3 HTTP/1.0 404 - python-swiftclient-3.11.1 gAAAAABqMnHo7MEw... - 70 - tx9dc0b367af894c36b40ec-006a327276 - 0.0167 - - 1781690998.397861958 1781690998.414593935 0
Jun 17 10:09:58 standalone account-server[128306]: 172.20.0.100 - - [17/Jun/2026:10:09:58 +0000] "PUT /d1/62/AUTH_93077b591a194213a7ddfd31d6f52cb9/gnocchi.9959935f-3154-4d3c-8d0b-febb4508bf3f" 201 - "PUT http://172.20.0.100:6001/d1/785/AUTH_93077b591a194213a7ddfd31d6f52cb9/gnocchi.9959935f-3154-4d3c-8d0b-febb4508bf3f" "tx5ddc1bfe4cbd402c92f3e-006a327276" "container-server 20" 0.0053 "-" 16 0
Jun 17 10:09:58 standalone container-server[128258]: 172.20.0.100 - - [17/Jun/2026:10:09:58 +0000] "PUT /d1/785/AUTH_93077b591a194213a7ddfd31d6f52cb9/gnocchi.9959935f-3154-4d3c-8d0b-febb4508bf3f" 201 - "PUT http://172.18.0.2:8080/v1/AUTH_93077b591a194213a7ddfd31d6f52cb9/gnocchi.9959935f-3154-4d3c-8d0b-febb4508bf3f" "tx5ddc1bfe4cbd402c92f3e-006a327276" "proxy-server 12" 0.0172 "-" 20 0
Jun 17 10:09:58 standalone proxy-server[130424]: 172.18.0.2 172.18.0.100 17/Jun/2026/10/09/58 PUT /v1/AUTH_93077b591a194213a7ddfd31d6f52cb9/gnocchi.9959935f-3154-4d3c-8d0b-febb4508bf3f HTTP/1.0 201 - python-swiftclient-3.11.1 gAAAAABqMnHo7MEw... - - - tx5ddc1bfe4cbd402c92f3e-006a327276 - 0.0251 - - 1781690998.420530796 1781690998.445600748 0
Jun 17 10:09:58 standalone container-server[128269]: 172.20.0.100 - - [17/Jun/2026:10:09:58 +0000] "HEAD /d1/785/AUTH_93077b591a194213a7ddfd31d6f52cb9/gnocchi.9959935f-3154-4d3c-8d0b-febb4508bf3f" 204 - "HEAD http://172.18.0.2:8080/v1/AUTH_93077b591a194213a7ddfd31d6f52cb9/gnocchi.9959935f-3154-4d3c-8d0b-febb4508bf3f?format=json&states=listing" "txfa38532477cd4f2eac135-006a327276" "proxy-server 12" 0.0017 "-" 23 0
Jun 17 10:09:58 standalone proxy-server[130424]: - - 17/Jun/2026/10/09/58 HEAD /v1/AUTH_93077b591a194213a7ddfd31d6f52cb9/gnocchi.9959935f-3154-4d3c-8d0b-febb4508bf3f%3Fformat%3Djson%26states%3Dlisting HTTP/1.0 204 - Swift - - - - txfa38532477cd4f2eac135-006a327276 - 0.0068 RL - 1781690998.456009388 1781690998.462783575 0
Jun 17 10:09:58 standalone container-server[128261]: 172.20.0.100 - - [17/Jun/2026:10:09:58 +0000] "GET /d1/785/AUTH_93077b591a194213a7ddfd31d6f52cb9/gnocchi.9959935f-3154-4d3c-8d0b-febb4508bf3f" 200 2 "GET http://172.18.0.2:8080/v1/AUTH_93077b591a194213a7ddfd31d6f52cb9/gnocchi.9959935f-3154-4d3c-8d0b-febb4508bf3f?format=json&states=listing" "txfa38532477cd4f2eac135-006a327276" "proxy-server 12" 0.0040 "-" 21 0
Jun 17 10:09:58 standalone proxy-server[130424]: 172.18.0.2 172.18.0.100 17/Jun/2026/10/09/58 GET /v1/AUTH_93077b591a194213a7ddfd31d6f52cb9/gnocchi.9959935f-3154-4d3c-8d0b-febb4508bf3f%3Fformat%3Djson%26states%3Dlisting HTTP/1.0 200 - python-swiftclient-3.11.1 gAAAAABqMnHo7MEw... - 2 - txfa38532477cd4f2eac135-006a327276 - 0.0220 - - 1781690998.454258442 1781690998.476298094 0
Jun 17 10:09:58 standalone object-server[128624]: 172.20.0.100 - - [17/Jun/2026:10:09:58 +0000] "GET /d1/723/AUTH_93077b591a194213a7ddfd31d6f52cb9/gnocchi.9959935f-3154-4d3c-8d0b-febb4508bf3f/1780920000.0_mean_300.0_v3" 404 70 "GET http://172.18.0.2:8080/v1/AUTH_93077b591a194213a7ddfd31d6f52cb9/gnocchi.9959935f-3154-4d3c-8d0b-febb4508bf3f/1780920000.0_mean_300.0_v3" "tx42abf4961a394b1da2e09-006a327276" "proxy-server 12" 0.0004 "-" 23 0
Jun 17 10:09:58 standalone proxy-server[130424]: 172.18.0.2 172.18.0.100 17/Jun/2026/10/09/58 GET /v1/AUTH_93077b591a194213a7ddfd31d6f52cb9/gnocchi.9959935f-3154-4d3c-8d0b-febb4508bf3f/1780920000.0_mean_300.0_v3 HTTP/1.0 404 - python-swiftclient-3.11.1 gAAAAABqMnHo7MEw... - 70 - tx42abf4961a394b1da2e09-006a327276 - 0.0070 - - 1781690998.485872746 1781690998.492877007 0
Jun 17 10:09:58 standalone container-server[128262]: 172.20.0.100 - - [17/Jun/2026:10:09:58 +0000] "PUT /d1/785/AUTH_93077b591a194213a7ddfd31d6f52cb9/gnocchi.9959935f-3154-4d3c-8d0b-febb4508bf3f/1780920000.0_mean_300.0_v3" 201 - "PUT http://172.18.0.2:8080/d1/723/AUTH_93077b591a194213a7ddfd31d6f52cb9/gnocchi.9959935f-3154-4d3c-8d0b-febb4508bf3f/1780920000.0_mean_300.0_v3" "tx1ac32b331b0d4b23b090d-006a327276" "object-server 22" 0.0009 "-" 22 0
Jun 17 10:09:58 standalone object-server[128623]: 172.20.0.100 - - [17/Jun/2026:10:09:58 +0000] "PUT /d1/723/AUTH_93077b591a194213a7ddfd31d6f52cb9/gnocchi.9959935f-3154-4d3c-8d0b-febb4508bf3f/1780920000.0_mean_300.0_v3" 201 - "PUT http://172.18.0.2:8080/v1/AUTH_93077b591a194213a7ddfd31d6f52cb9/gnocchi.9959935f-3154-4d3c-8d0b-febb4508bf3f/1780920000.0_mean_300.0_v3" "tx1ac32b331b0d4b23b090d-006a327276" "proxy-server 12" 0.0102 "-" 22 0
Jun 17 10:09:58 standalone proxy-server[130424]: 172.18.0.2 172.18.0.100 17/Jun/2026/10/09/58 PUT /v1/AUTH_93077b591a194213a7ddfd31d6f52cb9/gnocchi.9959935f-3154-4d3c-8d0b-febb4508bf3f/1780920000.0_mean_300.0_v3 HTTP/1.0 201 - python-swiftclient-3.11.1 gAAAAABqMnHo7MEw... 16 - - tx1ac32b331b0d4b23b090d-006a327276 - 0.0169 - - 1781690998.496160984 1781690998.513106585 0
Jun 17 10:09:58 standalone container-server[128258]: 172.20.0.100 - - [17/Jun/2026:10:09:58 +0000] "PUT /d1/785/AUTH_93077b591a194213a7ddfd31d6f52cb9/gnocchi.9959935f-3154-4d3c-8d0b-febb4508bf3f/none_v3" 201 - "PUT http://172.18.0.2:8080/d1/1010/AUTH_93077b591a194213a7ddfd31d6f52cb9/gnocchi.9959935f-3154-4d3c-8d0b-febb4508bf3f/none_v3" "tx7de4daf74ce048d18fe0c-006a327276" "object-server 22" 0.0010 "-" 20 0
Jun 17 10:09:58 standalone object-server[128623]: 172.20.0.100 - - [17/Jun/2026:10:09:58 +0000] "PUT /d1/1010/AUTH_93077b591a194213a7ddfd31d6f52cb9/gnocchi.9959935f-3154-4d3c-8d0b-febb4508bf3f/none_v3" 201 - "PUT http://172.18.0.2:8080/v1/AUTH_93077b591a194213a7ddfd31d6f52cb9/gnocchi.9959935f-3154-4d3c-8d0b-febb4508bf3f/none_v3" "tx7de4daf74ce048d18fe0c-006a327276" "proxy-server 12" 0.0110 "-" 22 0
Jun 17 10:09:58 standalone proxy-server[130424]: 172.18.0.2 172.18.0.100 17/Jun/2026/10/09/58 PUT /v1/AUTH_93077b591a194213a7ddfd31d6f52cb9/gnocchi.9959935f-3154-4d3c-8d0b-febb4508bf3f/none_v3 HTTP/1.0 201 - python-swiftclient-3.11.1 gAAAAABqMnHo7MEw... 22 - - tx7de4daf74ce048d18fe0c-006a327276 - 0.0183 - - 1781690998.516808033 1781690998.535153627 0
Jun 17 10:09:58 standalone container-server[128262]: 172.20.0.100 - - [17/Jun/2026:10:09:58 +0000] "HEAD /d1/236/AUTH_93077b591a194213a7ddfd31d6f52cb9/gnocchi.8da17e9a-b3c3-487a-b3a7-a1280bf924d4" 404 - "HEAD http://172.18.0.2:8080/v1/AUTH_93077b591a194213a7ddfd31d6f52cb9/gnocchi.8da17e9a-b3c3-487a-b3a7-a1280bf924d4?format=json&states=listing" "tx23de11440a8e4154b1bb8-006a327276" "proxy-server 12" 0.0006 "-" 22 0
Jun 17 10:09:58 standalone object-server[128625]: 172.20.0.100 - - [17/Jun/2026:10:09:58 +0000] "GET /d1/977/AUTH_93077b591a194213a7ddfd31d6f52cb9/gnocchi.8da17e9a-b3c3-487a-b3a7-a1280bf924d4/none_v3" 404 70 "GET http://172.18.0.2:8080/v1/AUTH_93077b591a194213a7ddfd31d6f52cb9/gnocchi.8da17e9a-b3c3-487a-b3a7-a1280bf924d4/none_v3" "tx23de11440a8e4154b1bb8-006a327276" "proxy-server 12" 0.0005 "-" 24 0
Jun 17 10:09:58 standalone proxy-server[130424]: 172.18.0.2 172.18.0.100 17/Jun/2026/10/09/58 GET /v1/AUTH_93077b591a194213a7ddfd31d6f52cb9/gnocchi.8da17e9a-b3c3-487a-b3a7-a1280bf924d4/none_v3 HTTP/1.0 404 - python-swiftclient-3.11.1 gAAAAABqMnHo7MEw... - 70 - tx23de11440a8e4154b1bb8-006a327276 - 0.0149 - - 1781690998.550955057 1781690998.565897703 0
Jun 17 10:09:58 standalone account-server[128306]: 172.20.0.100 - - [17/Jun/2026:10:09:58 +0000] "PUT /d1/62/AUTH_93077b591a194213a7ddfd31d6f52cb9/gnocchi.8da17e9a-b3c3-487a-b3a7-a1280bf924d4" 201 - "PUT http://172.20.0.100:6001/d1/236/AUTH_93077b591a194213a7ddfd31d6f52cb9/gnocchi.8da17e9a-b3c3-487a-b3a7-a1280bf924d4" "tx7c13da8a2dbe420c92332-006a327276" "container-server 21" 0.0061 "-" 16 0
Jun 17 10:09:58 standalone container-server[128261]: 172.20.0.100 - - [17/Jun/2026:10:09:58 +0000] "PUT /d1/236/AUTH_93077b591a194213a7ddfd31d6f52cb9/gnocchi.8da17e9a-b3c3-487a-b3a7-a1280bf924d4" 201 - "PUT http://172.18.0.2:8080/v1/AUTH_93077b591a194213a7ddfd31d6f52cb9/gnocchi.8da17e9a-b3c3-487a-b3a7-a1280bf924d4" "tx7c13da8a2dbe420c92332-006a327276" "proxy-server 12" 0.0237 "-" 21 0
Jun 17 10:09:58 standalone proxy-server[130424]: 172.18.0.2 172.18.0.100 17/Jun/2026/10/09/58 PUT /v1/AUTH_93077b591a194213a7ddfd31d6f52cb9/gnocchi.8da17e9a-b3c3-487a-b3a7-a1280bf924d4 HTTP/1.0 201 - python-swiftclient-3.11.1 gAAAAABqMnHo7MEw... - - - tx7c13da8a2dbe420c92332-006a327276 - 0.0360 - - 1781690998.569925547 1781690998.605894566 0
Jun 17 10:09:58 standalone container-server[128261]: 172.20.0.100 - - [17/Jun/2026:10:09:58 +0000] "HEAD /d1/236/AUTH_93077b591a194213a7ddfd31d6f52cb9/gnocchi.8da17e9a-b3c3-487a-b3a7-a1280bf924d4" 204 - "HEAD http://172.18.0.2:8080/v1/AUTH_93077b591a194213a7ddfd31d6f52cb9/gnocchi.8da17e9a-b3c3-487a-b3a7-a1280bf924d4?format=json&states=listing" "tx8eb920e5aac04e8b9c4be-006a327276" "proxy-server 12" 0.0030 "-" 21 0
Jun 17 10:09:58 standalone proxy-server[130424]: - - 17/Jun/2026/10/09/58 HEAD /v1/AUTH_93077b591a194213a7ddfd31d6f52cb9/gnocchi.8da17e9a-b3c3-487a-b3a7-a1280bf924d4%3Fformat%3Djson%26states%3Dlisting HTTP/1.0 204 - Swift - - - - tx8eb920e5aac04e8b9c4be-006a327276 - 0.0092 RL - 1781690998.613059044 1781690998.622215986 0
Jun 17 10:09:58 standalone container-server[128258]: 172.20.0.100 - - [17/Jun/2026:10:09:58 +0000] "GET /d1/236/AUTH_93077b591a194213a7ddfd31d6f52cb9/gnocchi.8da17e9a-b3c3-487a-b3a7-a1280bf924d4" 200 2 "GET http://172.18.0.2:8080/v1/AUTH_93077b591a194213a7ddfd31d6f52cb9/gnocchi.8da17e9a-b3c3-487a-b3a7-a1280bf924d4?format=json&states=listing" "tx8eb920e5aac04e8b9c4be-006a327276" "proxy-server 12" 0.0036 "-" 20 0
