Jun 17 10:09:26 standalone proxy-server[130424]: - - 17/Jun/2026/10/09/26 HEAD /v1/AUTH_93077b591a194213a7ddfd31d6f52cb9/gnocchi.e16da781-667f-4e36-82fb-88e56b1c1397%3Fformat%3Djson%26states%3Dlisting HTTP/1.0 204 - Swift - - - - tx002e3cad3dbf4076a3d18-006a327256 - 0.0063 RL - 1781690966.027379274 1781690966.033639669 0
Jun 17 10:09:26 standalone container-server[128262]: 172.20.0.100 - - [17/Jun/2026:10:09:26 +0000] "GET /d1/884/AUTH_93077b591a194213a7ddfd31d6f52cb9/gnocchi.e16da781-667f-4e36-82fb-88e56b1c1397" 200 2 "GET http://172.18.0.2:8080/v1/AUTH_93077b591a194213a7ddfd31d6f52cb9/gnocchi.e16da781-667f-4e36-82fb-88e56b1c1397?format=json&states=listing" "tx002e3cad3dbf4076a3d18-006a327256" "proxy-server 12" 0.0030 "-" 22 0
Jun 17 10:09:26 standalone proxy-server[130424]: 172.18.0.2 172.18.0.100 17/Jun/2026/10/09/26 GET /v1/AUTH_93077b591a194213a7ddfd31d6f52cb9/gnocchi.e16da781-667f-4e36-82fb-88e56b1c1397%3Fformat%3Djson%26states%3Dlisting HTTP/1.0 200 - python-swiftclient-3.11.1 gAAAAABqMnHo7MEw... - 2 - tx002e3cad3dbf4076a3d18-006a327256 - 0.0179 - - 1781690966.026080370 1781690966.043948174 0
Jun 17 10:09:26 standalone object-server[128626]: 172.20.0.100 - - [17/Jun/2026:10:09:26 +0000] "GET /d1/975/AUTH_93077b591a194213a7ddfd31d6f52cb9/gnocchi.e16da781-667f-4e36-82fb-88e56b1c1397/1780920000.0_mean_300.0_v3" 404 70 "GET http://172.18.0.2:8080/v1/AUTH_93077b591a194213a7ddfd31d6f52cb9/gnocchi.e16da781-667f-4e36-82fb-88e56b1c1397/1780920000.0_mean_300.0_v3" "tx98f3698cf45d4fcbb4330-006a327256" "proxy-server 12" 0.0007 "-" 25 0
Jun 17 10:09:26 standalone proxy-server[130424]: 172.18.0.2 172.18.0.100 17/Jun/2026/10/09/26 GET /v1/AUTH_93077b591a194213a7ddfd31d6f52cb9/gnocchi.e16da781-667f-4e36-82fb-88e56b1c1397/1780920000.0_mean_300.0_v3 HTTP/1.0 404 - python-swiftclient-3.11.1 gAAAAABqMnHo7MEw... - 70 - tx98f3698cf45d4fcbb4330-006a327256 - 0.0097 - - 1781690966.054499149 1781690966.064214945 0
Jun 17 10:09:26 standalone container-server[128269]: 172.20.0.100 - - [17/Jun/2026:10:09:26 +0000] "PUT /d1/884/AUTH_93077b591a194213a7ddfd31d6f52cb9/gnocchi.e16da781-667f-4e36-82fb-88e56b1c1397/1780920000.0_mean_300.0_v3" 201 - "PUT http://172.18.0.2:8080/d1/975/AUTH_93077b591a194213a7ddfd31d6f52cb9/gnocchi.e16da781-667f-4e36-82fb-88e56b1c1397/1780920000.0_mean_300.0_v3" "tx2d83d505f83b4a3eb51e8-006a327256" "object-server 23" 0.0010 "-" 23 0
Jun 17 10:09:26 standalone object-server[128624]: 172.20.0.100 - - [17/Jun/2026:10:09:26 +0000] "PUT /d1/975/AUTH_93077b591a194213a7ddfd31d6f52cb9/gnocchi.e16da781-667f-4e36-82fb-88e56b1c1397/1780920000.0_mean_300.0_v3" 201 - "PUT http://172.18.0.2:8080/v1/AUTH_93077b591a194213a7ddfd31d6f52cb9/gnocchi.e16da781-667f-4e36-82fb-88e56b1c1397/1780920000.0_mean_300.0_v3" "tx2d83d505f83b4a3eb51e8-006a327256" "proxy-server 12" 0.0096 "-" 23 0
Jun 17 10:09:26 standalone proxy-server[130424]: 172.18.0.2 172.18.0.100 17/Jun/2026/10/09/26 PUT /v1/AUTH_93077b591a194213a7ddfd31d6f52cb9/gnocchi.e16da781-667f-4e36-82fb-88e56b1c1397/1780920000.0_mean_300.0_v3 HTTP/1.0 201 - python-swiftclient-3.11.1 gAAAAABqMnHo7MEw... 16 - - tx2d83d505f83b4a3eb51e8-006a327256 - 0.0152 - - 1781690966.068876266 1781690966.084110260 0
Jun 17 10:09:26 standalone container-server[128269]: 172.20.0.100 - - [17/Jun/2026:10:09:26 +0000] "PUT /d1/884/AUTH_93077b591a194213a7ddfd31d6f52cb9/gnocchi.e16da781-667f-4e36-82fb-88e56b1c1397/none_v3" 201 - "PUT http://172.18.0.2:8080/d1/942/AUTH_93077b591a194213a7ddfd31d6f52cb9/gnocchi.e16da781-667f-4e36-82fb-88e56b1c1397/none_v3" "tx2fd8755a15824b45a0b2a-006a327256" "object-server 22" 0.0006 "-" 23 0
Jun 17 10:09:26 standalone object-server[128623]: 172.20.0.100 - - [17/Jun/2026:10:09:26 +0000] "PUT /d1/942/AUTH_93077b591a194213a7ddfd31d6f52cb9/gnocchi.e16da781-667f-4e36-82fb-88e56b1c1397/none_v3" 201 - "PUT http://172.18.0.2:8080/v1/AUTH_93077b591a194213a7ddfd31d6f52cb9/gnocchi.e16da781-667f-4e36-82fb-88e56b1c1397/none_v3" "tx2fd8755a15824b45a0b2a-006a327256" "proxy-server 12" 0.0077 "-" 22 0
Jun 17 10:09:26 standalone proxy-server[130424]: 172.18.0.2 172.18.0.100 17/Jun/2026/10/09/26 PUT /v1/AUTH_93077b591a194213a7ddfd31d6f52cb9/gnocchi.e16da781-667f-4e36-82fb-88e56b1c1397/none_v3 HTTP/1.0 201 - python-swiftclient-3.11.1 gAAAAABqMnHo7MEw... 22 - - tx2fd8755a15824b45a0b2a-006a327256 - 0.0120 - - 1781690966.087177277 1781690966.099137545 0
Jun 17 10:09:27 standalone object-server[128625]: 172.20.0.100 - - [17/Jun/2026:10:09:27 +0000] "GET /d1/942/AUTH_93077b591a194213a7ddfd31d6f52cb9/gnocchi.e16da781-667f-4e36-82fb-88e56b1c1397/none_v3" 200 22 "GET http://172.18.0.2:8080/v1/AUTH_93077b591a194213a7ddfd31d6f52cb9/gnocchi.e16da781-667f-4e36-82fb-88e56b1c1397/none_v3" "tx9c90a2a70f37444bb03ac-006a327257" "proxy-server 12" 0.0007 "-" 24 0
Jun 17 10:09:27 standalone proxy-server[130424]: 172.18.0.2 172.18.0.100 17/Jun/2026/10/09/27 GET /v1/AUTH_93077b591a194213a7ddfd31d6f52cb9/gnocchi.e16da781-667f-4e36-82fb-88e56b1c1397/none_v3 HTTP/1.0 200 - python-swiftclient-3.11.1 gAAAAABqMnHo7MEw... - 22 - tx9c90a2a70f37444bb03ac-006a327257 - 0.0066 - - 1781690967.012929440 1781690967.019512892 0
Jun 17 10:09:27 standalone container-server[128261]: 172.20.0.100 - - [17/Jun/2026:10:09:27 +0000] "GET /d1/884/AUTH_93077b591a194213a7ddfd31d6f52cb9/gnocchi.e16da781-667f-4e36-82fb-88e56b1c1397" 200 357 "GET http://172.18.0.2:8080/v1/AUTH_93077b591a194213a7ddfd31d6f52cb9/gnocchi.e16da781-667f-4e36-82fb-88e56b1c1397?format=json&states=listing" "tx003b757020a94afab75b1-006a327257" "proxy-server 12" 0.0103 "-" 21 0
Jun 17 10:09:27 standalone proxy-server[130424]: 172.18.0.2 172.18.0.100 17/Jun/2026/10/09/27 GET /v1/AUTH_93077b591a194213a7ddfd31d6f52cb9/gnocchi.e16da781-667f-4e36-82fb-88e56b1c1397%3Fformat%3Djson%26states%3Dlisting HTTP/1.0 200 - python-swiftclient-3.11.1 gAAAAABqMnHo7MEw... - 357 - tx003b757020a94afab75b1-006a327257 - 0.0204 - - 1781690967.023923159 1781690967.044363976 0
Jun 17 10:09:27 standalone container-server[128262]: 172.20.0.100 - - [17/Jun/2026:10:09:27 +0000] "GET /d1/884/AUTH_93077b591a194213a7ddfd31d6f52cb9/gnocchi.e16da781-667f-4e36-82fb-88e56b1c1397" 200 2 "GET http://172.18.0.2:8080/v1/AUTH_93077b591a194213a7ddfd31d6f52cb9/gnocchi.e16da781-667f-4e36-82fb-88e56b1c1397?format=json&marker=none_v3&states=listing" "tx0a23be28125b4db48e20c-006a327257" "proxy-server 12" 0.0019 "-" 22 0
Jun 17 10:09:27 standalone proxy-server[130424]: 172.18.0.2 172.18.0.100 17/Jun/2026/10/09/27 GET /v1/AUTH_93077b591a194213a7ddfd31d6f52cb9/gnocchi.e16da781-667f-4e36-82fb-88e56b1c1397%3Fformat%3Djson%26marker%3Dnone_v3%26states%3Dlisting HTTP/1.0 200 - python-swiftclient-3.11.1 gAAAAABqMnHo7MEw... - 2 - tx0a23be28125b4db48e20c-006a327257 - 0.0083 - - 1781690967.052082777 1781690967.060353041 0
Jun 17 10:09:27 standalone object-server[128626]: 172.20.0.100 - - [17/Jun/2026:10:09:27 +0000] "GET /d1/975/AUTH_93077b591a194213a7ddfd31d6f52cb9/gnocchi.e16da781-667f-4e36-82fb-88e56b1c1397/1780920000.0_mean_300.0_v3" 200 16 "GET http://172.18.0.2:8080/v1/AUTH_93077b591a194213a7ddfd31d6f52cb9/gnocchi.e16da781-667f-4e36-82fb-88e56b1c1397/1780920000.0_mean_300.0_v3" "txd95fede0888e49ec8880e-006a327257" "proxy-server 12" 0.0024 "-" 25 0
Jun 17 10:09:27 standalone proxy-server[130424]: 172.18.0.2 172.18.0.100 17/Jun/2026/10/09/27 GET /v1/AUTH_93077b591a194213a7ddfd31d6f52cb9/gnocchi.e16da781-667f-4e36-82fb-88e56b1c1397/1780920000.0_mean_300.0_v3 HTTP/1.0 200 - python-swiftclient-3.11.1 gAAAAABqMnHo7MEw... - 16 - txd95fede0888e49ec8880e-006a327257 - 0.0093 - - 1781690967.065871954 1781690967.075135231 0
Jun 17 10:09:27 standalone container-server[128262]: 172.20.0.100 - - [17/Jun/2026:10:09:27 +0000] "PUT /d1/884/AUTH_93077b591a194213a7ddfd31d6f52cb9/gnocchi.e16da781-667f-4e36-82fb-88e56b1c1397/1780920000.0_mean_300.0_v3" 201 - "PUT http://172.18.0.2:8080/d1/975/AUTH_93077b591a194213a7ddfd31d6f52cb9/gnocchi.e16da781-667f-4e36-82fb-88e56b1c1397/1780920000.0_mean_300.0_v3" "txdca39736e37d4555b0794-006a327257" "object-server 23" 0.0009 "-" 22 0
Jun 17 10:09:27 standalone object-server[128624]: 172.20.0.100 - - [17/Jun/2026:10:09:27 +0000] "PUT /d1/975/AUTH_93077b591a194213a7ddfd31d6f52cb9/gnocchi.e16da781-667f-4e36-82fb-88e56b1c1397/1780920000.0_mean_300.0_v3" 201 - "PUT http://172.18.0.2:8080/v1/AUTH_93077b591a194213a7ddfd31d6f52cb9/gnocchi.e16da781-667f-4e36-82fb-88e56b1c1397/1780920000.0_mean_300.0_v3" "txdca39736e37d4555b0794-006a327257" "proxy-server 12" 0.0101 "-" 23 0
Jun 17 10:09:27 standalone proxy-server[130424]: 172.18.0.2 172.18.0.100 17/Jun/2026/10/09/27 PUT /v1/AUTH_93077b591a194213a7ddfd31d6f52cb9/gnocchi.e16da781-667f-4e36-82fb-88e56b1c1397/1780920000.0_mean_300.0_v3 HTTP/1.0 201 - python-swiftclient-3.11.1 gAAAAABqMnHo7MEw... 16 - - txdca39736e37d4555b0794-006a327257 - 0.0146 - - 1781690967.078518867 1781690967.093141556 0
Jun 17 10:09:27 standalone container-server[128262]: 172.20.0.100 - - [17/Jun/2026:10:09:27 +0000] "PUT /d1/884/AUTH_93077b591a194213a7ddfd31d6f52cb9/gnocchi.e16da781-667f-4e36-82fb-88e56b1c1397/none_v3" 201 - "PUT http://172.18.0.2:8080/d1/942/AUTH_93077b591a194213a7ddfd31d6f52cb9/gnocchi.e16da781-667f-4e36-82fb-88e56b1c1397/none_v3" "tx9b5e9826b42947528b809-006a327257" "object-server 22" 0.0004 "-" 22 0
Jun 17 10:09:27 standalone object-server[128623]: 172.20.0.100 - - [17/Jun/2026:10:09:27 +0000] "PUT /d1/942/AUTH_93077b591a194213a7ddfd31d6f52cb9/gnocchi.e16da781-667f-4e36-82fb-88e56b1c1397/none_v3" 201 - "PUT http://172.18.0.2:8080/v1/AUTH_93077b591a194213a7ddfd31d6f52cb9/gnocchi.e16da781-667f-4e36-82fb-88e56b1c1397/none_v3" "tx9b5e9826b42947528b809-006a327257" "proxy-server 12" 0.0079 "-" 22 0
Jun 17 10:09:27 standalone proxy-server[130424]: 172.18.0.2 172.18.0.100 17/Jun/2026/10/09/27 PUT /v1/AUTH_93077b591a194213a7ddfd31d6f52cb9/gnocchi.e16da781-667f-4e36-82fb-88e56b1c1397/none_v3 HTTP/1.0 201 - python-swiftclient-3.11.1 gAAAAABqMnHo7MEw... 31 - - tx9b5e9826b42947528b809-006a327257 - 0.0124 - - 1781690967.096489668 1781690967.108849525 0
Jun 17 10:09:33 standalone container-server[127959]: Begin container update sweep
Jun 17 10:09:33 standalone account-server[128306]: 172.20.0.100 - - [17/Jun/2026:10:09:33 +0000] "PUT /d1/62/AUTH_93077b591a194213a7ddfd31d6f52cb9/gnocchi.268a19ff-5c9e-4a1d-8e56-e925ff525a60" 201 - "-" "-" "container-updater 2" 0.0008 "-" 16 0
Jun 17 10:09:34 standalone account-server[128291]: 172.20.0.100 - - [17/Jun/2026:10:09:34 +0000] "PUT /d1/62/AUTH_93077b591a194213a7ddfd31d6f52cb9/gnocchi.749e2439-fe63-4c01-802e-0f3ccaaf9361" 201 - "-" "-" "container-updater 2" 0.0006 "-" 14 0
Jun 17 10:09:34 standalone account-server[128316]: 172.20.0.100 - - [17/Jun/2026:10:09:34 +0000] "PUT /d1/62/AUTH_93077b591a194213a7ddfd31d6f52cb9/gnocchi.03200f7d-1bcf-49bb-8474-8c5864ba3386" 201 - "-" "-" "container-updater 2" 0.0004 "-" 17 0
Jun 17 10:09:34 standalone account-server[128295]: 172.20.0.100 - - [17/Jun/2026:10:09:34 +0000] "PUT /d1/62/AUTH_93077b591a194213a7ddfd31d6f52cb9/gnocchi.0ed4afd1-8afc-4dd8-b635-b8bf3dacf15f" 201 - "-" "-" "container-updater 2" 0.0006 "-" 15 0
Jun 17 10:09:34 standalone account-server[128316]: 172.20.0.100 - - [17/Jun/2026:10:09:34 +0000] "PUT /d1/62/AUTH_93077b591a194213a7ddfd31d6f52cb9/gnocchi.a756c9fd-1e5a-4ef5-ab00-cc1dad4c4b43" 201 - "-" "-" "container-updater 2" 0.0009 "-" 17 0
Jun 17 10:09:34 standalone account-server[128306]: 172.20.0.100 - - [17/Jun/2026:10:09:34 +0000] "PUT /d1/62/AUTH_93077b591a194213a7ddfd31d6f52cb9/gnocchi.7c67c8c7-8202-42c2-ac6c-4b7998d5dbcb" 201 - "-" "-" "container-updater 2" 0.0008 "-" 16 0
Jun 17 10:09:34 standalone account-server[128306]: 172.20.0.100 - - [17/Jun/2026:10:09:34 +0000] "PUT /d1/62/AUTH_93077b591a194213a7ddfd31d6f52cb9/gnocchi.28a0c66f-07ec-4086-82da-acccd160cc24" 201 - "-" "-" "container-updater 2" 0.0008 "-" 16 0
Jun 17 10:09:34 standalone account-server[128295]: 172.20.0.100 - - [17/Jun/2026:10:09:34 +0000] "PUT /d1/62/AUTH_93077b591a194213a7ddfd31d6f52cb9/gnocchi.e16da781-667f-4e36-82fb-88e56b1c1397" 201 - "-" "-" "container-updater 2" 0.0006 "-" 15 0
Jun 17 10:09:34 standalone account-server[128291]: 172.20.0.100 - - [17/Jun/2026:10:09:34 +0000] "PUT /d1/62/AUTH_93077b591a194213a7ddfd31d6f52cb9/gnocchi.7fca6568-d11a-48aa-b2a0-4b055736112d" 201 - "-" "-" "container-updater 2" 0.0006 "-" 14 0
Jun 17 10:09:34 standalone account-server[128316]: 172.20.0.100 - - [17/Jun/2026:10:09:34 +0000] "PUT /d1/62/AUTH_93077b591a194213a7ddfd31d6f52cb9/gnocchi.de68d93f-b311-4afe-8b64-e4981fccedc7" 201 - "-" "-" "container-updater 2" 0.0004 "-" 17 0
Jun 17 10:09:34 standalone container-server[127959]: Container update sweep completed: 1.17s
Jun 17 10:09:40 standalone account-server[128295]: 172.20.0.100 - - [17/Jun/2026:10:09:40 +0000] "HEAD /d1/62/AUTH_93077b591a194213a7ddfd31d6f52cb9" 204 - "HEAD http://172.18.0.2:8080/v1/AUTH_93077b591a194213a7ddfd31d6f52cb9?format=json" "tx0ae2396ee581405891d05-006a327264" "proxy-server 12" 0.0054 "-" 15 -
Jun 17 10:09:40 standalone proxy-server[130424]: - - 17/Jun/2026/10/09/40 HEAD /v1/AUTH_93077b591a194213a7ddfd31d6f52cb9%3Fformat%3Djson HTTP/1.0 204 - Swift - - - - tx0ae2396ee581405891d05-006a327264 - 0.0097 RL - 1781690980.473942041 1781690980.483596087 -
Jun 17 10:09:40 standalone object-server[128626]: 172.20.0.100 - - [17/Jun/2026:10:09:40 +0000] "GET /d1/702/AUTH_93077b591a194213a7ddfd31d6f52cb9/gnocchi.0ed4afd1-8afc-4dd8-b635-b8bf3dacf15f/none_v3" 200 32 "GET http://172.18.0.2:8080/v1/AUTH_93077b591a194213a7ddfd31d6f52cb9/gnocchi.0ed4afd1-8afc-4dd8-b635-b8bf3dacf15f/none_v3" "tx0ae2396ee581405891d05-006a327264" "proxy-server 12" 0.0013 "-" 25 0
Jun 17 10:09:40 standalone proxy-server[130424]: 172.18.0.2 172.18.0.100 17/Jun/2026/10/09/40 GET /v1/AUTH_93077b591a194213a7ddfd31d6f52cb9/gnocchi.0ed4afd1-8afc-4dd8-b635-b8bf3dacf15f/none_v3 HTTP/1.0 200 - python-swiftclient-3.11.1 gAAAAABqMnHo7MEw... - 32 - tx0ae2396ee581405891d05-006a327264 - 0.0206 - - 1781690980.472679853 1781690980.493315697 0
Jun 17 10:09:40 standalone container-server[128269]: 172.20.0.100 - - [17/Jun/2026:10:09:40 +0000] "GET /d1/484/AUTH_93077b591a194213a7ddfd31d6f52cb9/gnocchi.0ed4afd1-8afc-4dd8-b635-b8bf3dacf15f" 200 357 "GET http://172.18.0.2:8080/v1/AUTH_93077b591a194213a7ddfd31d6f52cb9/gnocchi.0ed4afd1-8afc-4dd8-b635-b8bf3dacf15f?format=json&states=listing" "tx3a9f1baf38ae4d5caeb7c-006a327264" "proxy-server 12" 0.0027 "-" 23 0
Jun 17 10:09:40 standalone proxy-server[130424]: 172.18.0.2 172.18.0.100 17/Jun/2026/10/09/40 GET /v1/AUTH_93077b591a194213a7ddfd31d6f52cb9/gnocchi.0ed4afd1-8afc-4dd8-b635-b8bf3dacf15f%3Fformat%3Djson%26states%3Dlisting HTTP/1.0 200 - python-swiftclient-3.11.1 gAAAAABqMnHo7MEw... - 357 - tx3a9f1baf38ae4d5caeb7c-006a327264 - 0.0104 - - 1781690980.496751547 1781690980.507193327 0
Jun 17 10:09:40 standalone container-server[128269]: 172.20.0.100 - - [17/Jun/2026:10:09:40 +0000] "GET /d1/484/AUTH_93077b591a194213a7ddfd31d6f52cb9/gnocchi.0ed4afd1-8afc-4dd8-b635-b8bf3dacf15f" 200 2 "GET http://172.18.0.2:8080/v1/AUTH_93077b591a194213a7ddfd31d6f52cb9/gnocchi.0ed4afd1-8afc-4dd8-b635-b8bf3dacf15f?format=json&marker=none_v3&states=listing" "tx4629d80649904521b6648-006a327264" "proxy-server 12" 0.0021 "-" 23 0
Jun 17 10:09:40 standalone proxy-server[130424]: 172.18.0.2 172.18.0.100 17/Jun/2026/10/09/40 GET /v1/AUTH_93077b591a194213a7ddfd31d6f52cb9/gnocchi.0ed4afd1-8afc-4dd8-b635-b8bf3dacf15f%3Fformat%3Djson%26marker%3Dnone_v3%26states%3Dlisting HTTP/1.0 200 - python-swiftclient-3.11.1 gAAAAABqMnHo7MEw... - 2 - tx4629d80649904521b6648-006a327264 - 0.0099 - - 1781690980.509701490 1781690980.519614697 0
Jun 17 10:09:40 standalone object-server[128623]: 172.20.0.100 - - [17/Jun/2026:10:09:40 +0000] "GET /d1/647/AUTH_93077b591a194213a7ddfd31d6f52cb9/gnocchi.0ed4afd1-8afc-4dd8-b635-b8bf3dacf15f/1780920000.0_mean_300.0_v3" 200 16 "GET http://172.18.0.2:8080/v1/AUTH_93077b591a194213a7ddfd31d6f52cb9/gnocchi.0ed4afd1-8afc-4dd8-b635-b8bf3dacf15f/1780920000.0_mean_300.0_v3" "txf8e485f4eed34ce080ff2-006a327264" "proxy-server 12" 0.0012 "-" 22 0
Jun 17 10:09:40 standalone proxy-server[130424]: 172.18.0.2 172.18.0.100 17/Jun/2026/10/09/40 GET /v1/AUTH_93077b591a194213a7ddfd31d6f52cb9/gnocchi.0ed4afd1-8afc-4dd8-b635-b8bf3dacf15f/1780920000.0_mean_300.0_v3 HTTP/1.0 200 - python-swiftclient-3.11.1 gAAAAABqMnHo7MEw... - 16 - txf8e485f4eed34ce080ff2-006a327264 - 0.0095 - - 1781690980.522619724 1781690980.532137156 0
Jun 17 10:09:40 standalone container-server[128269]: 172.20.0.100 - - [17/Jun/2026:10:09:40 +0000] "PUT /d1/484/AUTH_93077b591a194213a7ddfd31d6f52cb9/gnocchi.0ed4afd1-8afc-4dd8-b635-b8bf3dacf15f/1780920000.0_mean_300.0_v3" 201 - "PUT http://172.18.0.2:8080/d1/647/AUTH_93077b591a194213a7ddfd31d6f52cb9/gnocchi.0ed4afd1-8afc-4dd8-b635-b8bf3dacf15f/1780920000.0_mean_300.0_v3" "txd6e76f38fbb54817aa3e8-006a327264" "object-server 23" 0.0005 "-" 23 0
Jun 17 10:09:40 standalone object-server[128624]: 172.20.0.100 - - [17/Jun/2026:10:09:40 +0000] "PUT /d1/647/AUTH_93077b591a194213a7ddfd31d6f52cb9/gnocchi.0ed4afd1-8afc-4dd8-b635-b8bf3dacf15f/1780920000.0_mean_300.0_v3" 201 - "PUT http://172.18.0.2:8080/v1/AUTH_93077b591a194213a7ddfd31d6f52cb9/gnocchi.0ed4afd1-8afc-4dd8-b635-b8bf3dacf15f/1780920000.0_mean_300.0_v3" "txd6e76f38fbb54817aa3e8-006a327264" "proxy-server 12" 0.0098 "-" 23 0
Jun 17 10:09:40 standalone proxy-server[130424]: 172.18.0.2 172.18.0.100 17/Jun/2026/10/09/40 PUT /v1/AUTH_93077b591a194213a7ddfd31d6f52cb9/gnocchi.0ed4afd1-8afc-4dd8-b635-b8bf3dacf15f/1780920000.0_mean_300.0_v3 HTTP/1.0 201 - python-swiftclient-3.11.1 gAAAAABqMnHo7MEw... 16 - - txd6e76f38fbb54817aa3e8-006a327264 - 0.0176 - - 1781690980.534984112 1781690980.552634001 0
Jun 17 10:09:40 standalone container-server[128269]: 172.20.0.100 - - [17/Jun/2026:10:09:40 +0000] "PUT /d1/484/AUTH_93077b591a194213a7ddfd31d6f52cb9/gnocchi.0ed4afd1-8afc-4dd8-b635-b8bf3dacf15f/none_v3" 201 - "PUT http://172.18.0.2:8080/d1/702/AUTH_93077b591a194213a7ddfd31d6f52cb9/gnocchi.0ed4afd1-8afc-4dd8-b635-b8bf3dacf15f/none_v3" "tx90e74a825e59423cb036f-006a327264" "object-server 23" 0.0006 "-" 23 0
Jun 17 10:09:40 standalone object-server[128624]: 172.20.0.100 - - [17/Jun/2026:10:09:40 +0000] "PUT /d1/702/AUTH_93077b591a194213a7ddfd31d6f52cb9/gnocchi.0ed4afd1-8afc-4dd8-b635-b8bf3dacf15f/none_v3" 201 - "PUT http://172.18.0.2:8080/v1/AUTH_93077b591a194213a7ddfd31d6f52cb9/gnocchi.0ed4afd1-8afc-4dd8-b635-b8bf3dacf15f/none_v3" "tx90e74a825e59423cb036f-006a327264" "proxy-server 12" 0.0087 "-" 23 0
Jun 17 10:09:40 standalone proxy-server[130424]: 172.18.0.2 172.18.0.100 17/Jun/2026/10/09/40 PUT /v1/AUTH_93077b591a194213a7ddfd31d6f52cb9/gnocchi.0ed4afd1-8afc-4dd8-b635-b8bf3dacf15f/none_v3 HTTP/1.0 201 - python-swiftclient-3.11.1 gAAAAABqMnHo7MEw... 46 - - tx90e74a825e59423cb036f-006a327264 - 0.0157 - - 1781690980.555199146 1781690980.570923567 0
Jun 17 10:09:41 standalone object-server[128623]: 172.20.0.100 - - [17/Jun/2026:10:09:41 +0000] "GET /d1/432/AUTH_93077b591a194213a7ddfd31d6f52cb9/gnocchi.28a0c66f-07ec-4086-82da-acccd160cc24/none_v3" 200 22 "GET http://172.18.0.2:8080/v1/AUTH_93077b591a194213a7ddfd31d6f52cb9/gnocchi.28a0c66f-07ec-4086-82da-acccd160cc24/none_v3" "tx3b51c815f4c44d628daf8-006a327265" "proxy-server 12" 0.0012 "-" 22 0
Jun 17 10:09:41 standalone proxy-server[130424]: 172.18.0.2 172.18.0.100 17/Jun/2026/10/09/41 GET /v1/AUTH_93077b591a194213a7ddfd31d6f52cb9/gnocchi.28a0c66f-07ec-4086-82da-acccd160cc24/none_v3 HTTP/1.0 200 - python-swiftclient-3.11.1 gAAAAABqMnHo7MEw... - 22 - tx3b51c815f4c44d628daf8-006a327265 - 0.0123 - - 1781690981.548331738 1781690981.560604095 0
Jun 17 10:09:41 standalone container-server[128269]: 172.20.0.100 - - [17/Jun/2026:10:09:41 +0000] "GET /d1/744/AUTH_93077b591a194213a7ddfd31d6f52cb9/gnocchi.28a0c66f-07ec-4086-82da-acccd160cc24" 200 357 "GET http://172.18.0.2:8080/v1/AUTH_93077b591a194213a7ddfd31d6f52cb9/gnocchi.28a0c66f-07ec-4086-82da-acccd160cc24?format=json&states=listing" "txd2005f6367504c2496335-006a327265" "proxy-server 12" 0.0020 "-" 23 0
Jun 17 10:09:41 standalone proxy-server[130424]: 172.18.0.2 172.18.0.100 17/Jun/2026/10/09/41 GET /v1/AUTH_93077b591a194213a7ddfd31d6f52cb9/gnocchi.28a0c66f-07ec-4086-82da-acccd160cc24%3Fformat%3Djson%26states%3Dlisting HTTP/1.0 200 - python-swiftclient-3.11.1 gAAAAABqMnHo7MEw... - 357 - txd2005f6367504c2496335-006a327265 - 0.0115 - - 1781690981.564700127 1781690981.576216936 0
Jun 17 10:09:41 standalone container-server[128262]: 172.20.0.100 - - [17/Jun/2026:10:09:41 +0000] "GET /d1/744/AUTH_93077b591a194213a7ddfd31d6f52cb9/gnocchi.28a0c66f-07ec-4086-82da-acccd160cc24" 200 2 "GET http://172.18.0.2:8080/v1/AUTH_93077b591a194213a7ddfd31d6f52cb9/gnocchi.28a0c66f-07ec-4086-82da-acccd160cc24?format=json&marker=none_v3&states=listing" "txdcdb63cc7517424e9e33f-006a327265" "proxy-server 12" 0.0018 "-" 22 0
Jun 17 10:09:41 standalone proxy-server[130424]: 172.18.0.2 172.18.0.100 17/Jun/2026/10/09/41 GET /v1/AUTH_93077b591a194213a7ddfd31d6f52cb9/gnocchi.28a0c66f-07ec-4086-82da-acccd160cc24%3Fformat%3Djson%26marker%3Dnone_v3%26states%3Dlisting HTTP/1.0 200 - python-swiftclient-3.11.1 gAAAAABqMnHo7MEw... - 2 - txdcdb63cc7517424e9e33f-006a327265 - 0.0093 - - 1781690981.580511332 1781690981.589844227 0
Jun 17 10:09:41 standalone object-server[128623]: 172.20.0.100 - - [17/Jun/2026:10:09:41 +0000] "GET /d1/800/AUTH_93077b591a194213a7ddfd31d6f52cb9/gnocchi.28a0c66f-07ec-4086-82da-acccd160cc24/1780920000.0_mean_300.0_v3" 200 16 "GET http://172.18.0.2:8080/v1/AUTH_93077b591a194213a7ddfd31d6f52cb9/gnocchi.28a0c66f-07ec-4086-82da-acccd160cc24/1780920000.0_mean_300.0_v3" "tx0f4ddc40f0b24c1a9d043-006a327265" "proxy-server 12" 0.0010 "-" 22 0
Jun 17 10:09:41 standalone proxy-server[130424]: 172.18.0.2 172.18.0.100 17/Jun/2026/10/09/41 GET /v1/AUTH_93077b591a194213a7ddfd31d6f52cb9/gnocchi.28a0c66f-07ec-4086-82da-acccd160cc24/1780920000.0_mean_300.0_v3 HTTP/1.0 200 - python-swiftclient-3.11.1 gAAAAABqMnHo7MEw... - 16 - tx0f4ddc40f0b24c1a9d043-006a327265 - 0.0098 - - 1781690981.595149517 1781690981.604995728 0
Jun 17 10:09:41 standalone container-server[128262]: 172.20.0.100 - - [17/Jun/2026:10:09:41 +0000] "PUT /d1/744/AUTH_93077b591a194213a7ddfd31d6f52cb9/gnocchi.28a0c66f-07ec-4086-82da-acccd160cc24/1780920000.0_mean_300.0_v3" 201 - "PUT http://172.18.0.2:8080/d1/800/AUTH_93077b591a194213a7ddfd31d6f52cb9/gnocchi.28a0c66f-07ec-4086-82da-acccd160cc24/1780920000.0_mean_300.0_v3" "tx1334704f2e0043d995c3c-006a327265" "object-server 22" 0.0006 "-" 22 0
Jun 17 10:09:41 standalone object-server[128623]: 172.20.0.100 - - [17/Jun/2026:10:09:41 +0000] "PUT /d1/800/AUTH_93077b591a194213a7ddfd31d6f52cb9/gnocchi.28a0c66f-07ec-4086-82da-acccd160cc24/1780920000.0_mean_300.0_v3" 201 - "PUT http://172.18.0.2:8080/v1/AUTH_93077b591a194213a7ddfd31d6f52cb9/gnocchi.28a0c66f-07ec-4086-82da-acccd160cc24/1780920000.0_mean_300.0_v3" "tx1334704f2e0043d995c3c-006a327265" "proxy-server 12" 0.0116 "-" 22 0
Jun 17 10:09:41 standalone proxy-server[130424]: 172.18.0.2 172.18.0.100 17/Jun/2026/10/09/41 PUT /v1/AUTH_93077b591a194213a7ddfd31d6f52cb9/gnocchi.28a0c66f-07ec-4086-82da-acccd160cc24/1780920000.0_mean_300.0_v3 HTTP/1.0 201 - python-swiftclient-3.11.1 gAAAAABqMnHo7MEw... 16 - - tx1334704f2e0043d995c3c-006a327265 - 0.0198 - - 1781690981.609150887 1781690981.628948927 0
Jun 17 10:09:41 standalone container-server[128258]: 172.20.0.100 - - [17/Jun/2026:10:09:41 +0000] "PUT /d1/744/AUTH_93077b591a194213a7ddfd31d6f52cb9/gnocchi.28a0c66f-07ec-4086-82da-acccd160cc24/none_v3" 201 - "PUT http://172.18.0.2:8080/d1/432/AUTH_93077b591a194213a7ddfd31d6f52cb9/gnocchi.28a0c66f-07ec-4086-82da-acccd160cc24/none_v3" "tx7c1851f3431944b984629-006a327265" "object-server 22" 0.0011 "-" 20 0
Jun 17 10:09:41 standalone object-server[128623]: 172.20.0.100 - - [17/Jun/2026:10:09:41 +0000] "PUT /d1/432/AUTH_93077b591a194213a7ddfd31d6f52cb9/gnocchi.28a0c66f-07ec-4086-82da-acccd160cc24/none_v3" 201 - "PUT http://172.18.0.2:8080/v1/AUTH_93077b591a194213a7ddfd31d6f52cb9/gnocchi.28a0c66f-07ec-4086-82da-acccd160cc24/none_v3" "tx7c1851f3431944b984629-006a327265" "proxy-server 12" 0.0131 "-" 22 0
Jun 17 10:09:41 standalone proxy-server[130424]: 172.18.0.2 172.18.0.100 17/Jun/2026/10/09/41 PUT /v1/AUTH_93077b591a194213a7ddfd31d6f52cb9/gnocchi.28a0c66f-07ec-4086-82da-acccd160cc24/none_v3 HTTP/1.0 201 - python-swiftclient-3.11.1 gAAAAABqMnHo7MEw... 32 - - tx7c1851f3431944b984629-006a327265 - 0.0216 - - 1781690981.633508444 1781690981.655103922 0
Jun 17 10:09:41 standalone object-server[128626]: 172.20.0.100 - - [17/Jun/2026:10:09:41 +0000] "GET /d1/929/AUTH_93077b591a194213a7ddfd31d6f52cb9/gnocchi.7fca6568-d11a-48aa-b2a0-4b055736112d/none_v3" 200 22 "GET http://172.18.0.2:8080/v1/AUTH_93077b591a194213a7ddfd31d6f52cb9/gnocchi.7fca6568-d11a-48aa-b2a0-4b055736112d/none_v3" "tx34843f2718534062b45a1-006a327265" "proxy-server 12" 0.0007 "-" 25 0
Jun 17 10:09:41 standalone proxy-server[130424]: 172.18.0.2 172.18.0.100 17/Jun/2026/10/09/41 GET /v1/AUTH_93077b591a194213a7ddfd31d6f52cb9/gnocchi.7fca6568-d11a-48aa-b2a0-4b055736112d/none_v3 HTTP/1.0 200 - python-swiftclient-3.11.1 gAAAAABqMnHo7MEw... - 22 - tx34843f2718534062b45a1-006a327265 - 0.0082 - - 1781690981.672062159 1781690981.680267096 0
Jun 17 10:09:41 standalone container-server[128269]: 172.20.0.100 - - [17/Jun/2026:10:09:41 +0000] "GET /d1/149/AUTH_93077b591a194213a7ddfd31d6f52cb9/gnocchi.7fca6568-d11a-48aa-b2a0-4b055736112d" 200 357 "GET http://172.18.0.2:8080/v1/AUTH_93077b591a194213a7ddfd31d6f52cb9/gnocchi.7fca6568-d11a-48aa-b2a0-4b055736112d?format=json&states=listing" "tx653684d4d7774342a2d2c-006a327265" "proxy-server 12" 0.0021 "-" 23 0
Jun 17 10:09:41 standalone proxy-server[130424]: 172.18.0.2 172.18.0.100 17/Jun/2026/10/09/41 GET /v1/AUTH_93077b591a194213a7ddfd31d6f52cb9/gnocchi.7fca6568-d11a-48aa-b2a0-4b055736112d%3Fformat%3Djson%26states%3Dlisting HTTP/1.0 200 - python-swiftclient-3.11.1 gAAAAABqMnHo7MEw... - 357 - tx653684d4d7774342a2d2c-006a327265 - 0.0101 - - 1781690981.683284760 1781690981.693400145 0
Jun 17 10:09:41 standalone container-server[128262]: 172.20.0.100 - - [17/Jun/2026:10:09:41 +0000] "GET /d1/149/AUTH_93077b591a194213a7ddfd31d6f52cb9/gnocchi.7fca6568-d11a-48aa-b2a0-4b055736112d" 200 2 "GET http://172.18.0.2:8080/v1/AUTH_93077b591a194213a7ddfd31d6f52cb9/gnocchi.7fca6568-d11a-48aa-b2a0-4b055736112d?format=json&marker=none_v3&states=listing" "tx28c3852cb83947af9df3e-006a327265" "proxy-server 12" 0.0018 "-" 22 0
Jun 17 10:09:41 standalone proxy-server[130424]: 172.18.0.2 172.18.0.100 17/Jun/2026/10/09/41 GET /v1/AUTH_93077b591a194213a7ddfd31d6f52cb9/gnocchi.7fca6568-d11a-48aa-b2a0-4b055736112d%3Fformat%3Djson%26marker%3Dnone_v3%26states%3Dlisting HTTP/1.0 200 - python-swiftclient-3.11.1 gAAAAABqMnHo7MEw... - 2 - tx28c3852cb83947af9df3e-006a327265 - 0.0110 - - 1781690981.696456194 1781690981.707489967 0
Jun 17 10:09:41 standalone object-server[128626]: 172.20.0.100 - - [17/Jun/2026:10:09:41 +0000] "GET /d1/788/AUTH_93077b591a194213a7ddfd31d6f52cb9/gnocchi.7fca6568-d11a-48aa-b2a0-4b055736112d/1780920000.0_mean_300.0_v3" 200 16 "GET http://172.18.0.2:8080/v1/AUTH_93077b591a194213a7ddfd31d6f52cb9/gnocchi.7fca6568-d11a-48aa-b2a0-4b055736112d/1780920000.0_mean_300.0_v3" "txfa9f9ddcebd947f4be110-006a327265" "proxy-server 12" 0.0012 "-" 25 0
Jun 17 10:09:41 standalone proxy-server[130424]: 172.18.0.2 172.18.0.100 17/Jun/2026/10/09/41 GET /v1/AUTH_93077b591a194213a7ddfd31d6f52cb9/gnocchi.7fca6568-d11a-48aa-b2a0-4b055736112d/1780920000.0_mean_300.0_v3 HTTP/1.0 200 - python-swiftclient-3.11.1 gAAAAABqMnHo7MEw... - 16 - txfa9f9ddcebd947f4be110-006a327265 - 0.0106 - - 1781690981.712605715 1781690981.723181725 0
Jun 17 10:09:41 standalone container-server[128258]: 172.20.0.100 - - [17/Jun/2026:10:09:41 +0000] "PUT /d1/149/AUTH_93077b591a194213a7ddfd31d6f52cb9/gnocchi.7fca6568-d11a-48aa-b2a0-4b055736112d/1780920000.0_mean_300.0_v3" 201 - "PUT http://172.18.0.2:8080/d1/788/AUTH_93077b591a194213a7ddfd31d6f52cb9/gnocchi.7fca6568-d11a-48aa-b2a0-4b055736112d/1780920000.0_mean_300.0_v3" "tx57715909862941d4a0fd7-006a327265" "object-server 22" 0.0012 "-" 20 0
Jun 17 10:09:41 standalone object-server[128623]: 172.20.0.100 - - [17/Jun/2026:10:09:41 +0000] "PUT /d1/788/AUTH_93077b591a194213a7ddfd31d6f52cb9/gnocchi.7fca6568-d11a-48aa-b2a0-4b055736112d/1780920000.0_mean_300.0_v3" 201 - "PUT http://172.18.0.2:8080/v1/AUTH_93077b591a194213a7ddfd31d6f52cb9/gnocchi.7fca6568-d11a-48aa-b2a0-4b055736112d/1780920000.0_mean_300.0_v3" "tx57715909862941d4a0fd7-006a327265" "proxy-server 12" 0.0131 "-" 22 0
Jun 17 10:09:41 standalone proxy-server[130424]: 172.18.0.2 172.18.0.100 17/Jun/2026/10/09/41 PUT /v1/AUTH_93077b591a194213a7ddfd31d6f52cb9/gnocchi.7fca6568-d11a-48aa-b2a0-4b055736112d/1780920000.0_mean_300.0_v3 HTTP/1.0 201 - python-swiftclient-3.11.1 gAAAAABqMnHo7MEw... 16 - - tx57715909862941d4a0fd7-006a327265 - 0.0214 - - 1781690981.727720022 1781690981.749102116 0
Jun 17 10:09:41 standalone container-server[128269]: 172.20.0.100 - - [17/Jun/2026:10:09:41 +0000] "PUT /d1/149/AUTH_93077b591a194213a7ddfd31d6f52cb9/gnocchi.7fca6568-d11a-48aa-b2a0-4b055736112d/none_v3" 201 - "PUT http://172.18.0.2:8080/d1/929/AUTH_93077b591a194213a7ddfd31d6f52cb9/gnocchi.7fca6568-d11a-48aa-b2a0-4b055736112d/none_v3" "txe0fa350c3ba446b388cc8-006a327265" "object-server 22" 0.0008 "-" 23 0
Jun 17 10:09:41 standalone object-server[128623]: 172.20.0.100 - - [17/Jun/2026:10:09:41 +0000] "PUT /d1/929/AUTH_93077b591a194213a7ddfd31d6f52cb9/gnocchi.7fca6568-d11a-48aa-b2a0-4b055736112d/none_v3" 201 - "PUT http://172.18.0.2:8080/v1/AUTH_93077b591a194213a7ddfd31d6f52cb9/gnocchi.7fca6568-d11a-48aa-b2a0-4b055736112d/none_v3" "txe0fa350c3ba446b388cc8-006a327265" "proxy-server 12" 0.0116 "-" 22 0
Jun 17 10:09:41 standalone proxy-server[130424]: 172.18.0.2 172.18.0.100 17/Jun/2026/10/09/41 PUT /v1/AUTH_93077b591a194213a7ddfd31d6f52cb9/gnocchi.7fca6568-d11a-48aa-b2a0-4b055736112d/none_v3 HTTP/1.0 201 - python-swiftclient-3.11.1 gAAAAABqMnHo7MEw... 32 - - txe0fa350c3ba446b388cc8-006a327265 - 0.0215 - - 1781690981.752765179 1781690981.774247408 0
Jun 17 10:09:41 standalone object-server[128623]: 172.20.0.100 - - [17/Jun/2026:10:09:41 +0000] "GET /d1/418/AUTH_93077b591a194213a7ddfd31d6f52cb9/gnocchi.de68d93f-b311-4afe-8b64-e4981fccedc7/none_v3" 200 22 "GET http://172.18.0.2:8080/v1/AUTH_93077b591a194213a7ddfd31d6f52cb9/gnocchi.de68d93f-b311-4afe-8b64-e4981fccedc7/none_v3" "txcec9c748be9545388a8ea-006a327265" "proxy-server 12" 0.0009 "-" 22 0
Jun 17 10:09:41 standalone proxy-server[130424]: 172.18.0.2 172.18.0.100 17/Jun/2026/10/09/41 GET /v1/AUTH_93077b591a194213a7ddfd31d6f52cb9/gnocchi.de68d93f-b311-4afe-8b64-e4981fccedc7/none_v3 HTTP/1.0 200 - python-swiftclient-3.11.1 gAAAAABqMnHo7MEw... - 22 - txcec9c748be9545388a8ea-006a327265 - 0.0092 - - 1781690981.819619656 1781690981.828823566 0
Jun 17 10:09:41 standalone container-server[128262]: 172.20.0.100 - - [17/Jun/2026:10:09:41 +0000] "GET /d1/1008/AUTH_93077b591a194213a7ddfd31d6f52cb9/gnocchi.de68d93f-b311-4afe-8b64-e4981fccedc7" 200 357 "GET http://172.18.0.2:8080/v1/AUTH_93077b591a194213a7ddfd31d6f52cb9/gnocchi.de68d93f-b311-4afe-8b64-e4981fccedc7?format=json&states=listing" "tx9144fd1fa83c4b2b8002f-006a327265" "proxy-server 12" 0.0027 "-" 22 0
Jun 17 10:09:41 standalone proxy-server[130424]: 172.18.0.2 172.18.0.100 17/Jun/2026/10/09/41 GET /v1/AUTH_93077b591a194213a7ddfd31d6f52cb9/gnocchi.de68d93f-b311-4afe-8b64-e4981fccedc7%3Fformat%3Djson%26states%3Dlisting HTTP/1.0 200 - python-swiftclient-3.11.1 gAAAAABqMnHo7MEw... - 357 - tx9144fd1fa83c4b2b8002f-006a327265 - 0.0111 - - 1781690981.833222628 1781690981.844320536 0
Jun 17 10:09:41 standalone container-server[128261]: 172.20.0.100 - - [17/Jun/2026:10:09:41 +0000] "GET /d1/1008/AUTH_93077b591a194213a7ddfd31d6f52cb9/gnocchi.de68d93f-b311-4afe-8b64-e4981fccedc7" 200 2 "GET http://172.18.0.2:8080/v1/AUTH_93077b591a194213a7ddfd31d6f52cb9/gnocchi.de68d93f-b311-4afe-8b64-e4981fccedc7?format=json&marker=none_v3&states=listing" "tx2bdf8dead3f74d3197578-006a327265" "proxy-server 12" 0.0036 "-" 21 0
Jun 17 10:09:41 standalone proxy-server[130424]: 172.18.0.2 172.18.0.100 17/Jun/2026/10/09/41 GET /v1/AUTH_93077b591a194213a7ddfd31d6f52cb9/gnocchi.de68d93f-b311-4afe-8b64-e4981fccedc7%3Fformat%3Djson%26marker%3Dnone_v3%26states%3Dlisting HTTP/1.0 200 - python-swiftclient-3.11.1 gAAAAABqMnHo7MEw... - 2 - tx2bdf8dead3f74d3197578-006a327265 - 0.0128 - - 1781690981.847734928 1781690981.860523224 0
Jun 17 10:09:41 standalone object-server[128625]: 172.20.0.100 - - [17/Jun/2026:10:09:41 +0000] "GET /d1/573/AUTH_93077b591a194213a7ddfd31d6f52cb9/gnocchi.de68d93f-b311-4afe-8b64-e4981fccedc7/1780920000.0_mean_300.0_v3" 200 16 "GET http://172.18.0.2:8080/v1/AUTH_93077b591a194213a7ddfd31d6f52cb9/gnocchi.de68d93f-b311-4afe-8b64-e4981fccedc7/1780920000.0_mean_300.0_v3" "tx88a52b7cf12742f3bda70-006a327265" "proxy-server 12" 0.0011 "-" 24 0
Jun 17 10:09:41 standalone proxy-server[130424]: 172.18.0.2 172.18.0.100 17/Jun/2026/10/09/41 GET /v1/AUTH_93077b591a194213a7ddfd31d6f52cb9/gnocchi.de68d93f-b311-4afe-8b64-e4981fccedc7/1780920000.0_mean_300.0_v3 HTTP/1.0 200 - python-swiftclient-3.11.1 gAAAAABqMnHo7MEw... - 16 - tx88a52b7cf12742f3bda70-006a327265 - 0.0088 - - 1781690981.864867687 1781690981.873707771 0
Jun 17 10:09:41 standalone container-server[128261]: 172.20.0.100 - - [17/Jun/2026:10:09:41 +0000] "PUT /d1/1008/AUTH_93077b591a194213a7ddfd31d6f52cb9/gnocchi.de68d93f-b311-4afe-8b64-e4981fccedc7/1780920000.0_mean_300.0_v3" 201 - "PUT http://172.18.0.2:8080/d1/573/AUTH_93077b591a194213a7ddfd31d6f52cb9/gnocchi.de68d93f-b311-4afe-8b64-e4981fccedc7/1780920000.0_mean_300.0_v3" "txf3c5ed5d190640cd85eaa-006a327265" "object-server 23" 0.0009 "-" 21 0
Jun 17 10:09:41 standalone object-server[128624]: 172.20.0.100 - - [17/Jun/2026:10:09:41 +0000] "PUT /d1/573/AUTH_93077b591a194213a7ddfd31d6f52cb9/gnocchi.de68d93f-b311-4afe-8b64-e4981fccedc7/1780920000.0_mean_300.0_v3" 201 - "PUT http://172.18.0.2:8080/v1/AUTH_93077b591a194213a7ddfd31d6f52cb9/gnocchi.de68d93f-b311-4afe-8b64-e4981fccedc7/1780920000.0_mean_300.0_v3" "txf3c5ed5d190640cd85eaa-006a327265" "proxy-server 12" 0.0120 "-" 23 0
Jun 17 10:09:41 standalone proxy-server[130424]: 172.18.0.2 172.18.0.100 17/Jun/2026/10/09/41 PUT /v1/AUTH_93077b591a194213a7ddfd31d6f52cb9/gnocchi.de68d93f-b311-4afe-8b64-e4981fccedc7/1780920000.0_mean_300.0_v3 HTTP/1.0 201 - python-swiftclient-3.11.1 gAAAAABqMnHo7MEw... 16 - - txf3c5ed5d190640cd85eaa-006a327265 - 0.0199 - - 1781690981.877414942 1781690981.897361994 0
Jun 17 10:09:41 standalone container-server[128269]: 172.20.0.100 - - [17/Jun/2026:10:09:41 +0000] "PUT /d1/1008/AUTH_93077b591a194213a7ddfd31d6f52cb9/gnocchi.de68d93f-b311-4afe-8b64-e4981fccedc7/none_v3" 201 - "PUT http://172.18.0.2:8080/d1/418/AUTH_93077b591a194213a7ddfd31d6f52cb9/gnocchi.de68d93f-b311-4afe-8b64-e4981fccedc7/none_v3" "tx30196098d9b441e8be9a5-006a327265" "object-server 25" 0.0008 "-" 23 0
Jun 17 10:09:41 standalone object-server[128626]: 172.20.0.100 - - [17/Jun/2026:10:09:41 +0000] "PUT /d1/418/AUTH_93077b591a194213a7ddfd31d6f52cb9/gnocchi.de68d93f-b311-4afe-8b64-e4981fccedc7/none_v3" 201 - "PUT http://172.18.0.2:8080/v1/AUTH_93077b591a194213a7ddfd31d6f52cb9/gnocchi.de68d93f-b311-4afe-8b64-e4981fccedc7/none_v3" "tx30196098d9b441e8be9a5-006a327265" "proxy-server 12" 0.0122 "-" 25 0
Jun 17 10:09:41 standalone proxy-server[130424]: 172.18.0.2 172.18.0.100 17/Jun/2026/10/09/41 PUT /v1/AUTH_93077b591a194213a7ddfd31d6f52cb9/gnocchi.de68d93f-b311-4afe-8b64-e4981fccedc7/none_v3 HTTP/1.0 201 - python-swiftclient-3.11.1 gAAAAABqMnHo7MEw... 32 - - tx30196098d9b441e8be9a5-006a327265 - 0.0204 - - 1781690981.900929213 1781690981.921289206 0
Jun 17 10:09:41 standalone object-server[128625]: 172.20.0.100 - - [17/Jun/2026:10:09:41 +0000] "GET /d1/702/AUTH_93077b591a194213a7ddfd31d6f52cb9/gnocchi.0ed4afd1-8afc-4dd8-b635-b8bf3dacf15f/none_v3" 200 46 "GET http://172.18.0.2:8080/v1/AUTH_93077b591a194213a7ddfd31d6f52cb9/gnocchi.0ed4afd1-8afc-4dd8-b635-b8bf3dacf15f/none_v3" "tx0e3391b777a843c9af702-006a327265" "proxy-server 12" 0.0015 "-" 24 0
Jun 17 10:09:41 standalone proxy-server[130424]: 172.18.0.2 172.18.0.100 17/Jun/2026/10/09/41 GET /v1/AUTH_93077b591a194213a7ddfd31d6f52cb9/gnocchi.0ed4afd1-8afc-4dd8-b635-b8bf3dacf15f/none_v3 HTTP/1.0 200 - python-swiftclient-3.11.1 gAAAAABqMnHo7MEw... - 46 - tx0e3391b777a843c9af702-006a327265 - 0.0123 - - 1781690981.968900442 1781690981.981201172 0
Jun 17 10:09:42 standalone container-server[128261]: 172.20.0.100 - - [17/Jun/2026:10:09:42 +0000] "GET /d1/484/AUTH_93077b591a194213a7ddfd31d6f52cb9/gnocchi.0ed4afd1-8afc-4dd8-b635-b8bf3dacf15f" 200 357 "GET http://172.18.0.2:8080/v1/AUTH_93077b591a194213a7ddfd31d6f52cb9/gnocchi.0ed4afd1-8afc-4dd8-b635-b8bf3dacf15f?format=json&states=listing" "tx81ea3d4331b74bb0b00c9-006a327265" "proxy-server 12" 0.0107 "-" 21 0
Jun 17 10:09:42 standalone proxy-server[130424]: 172.18.0.2 172.18.0.100 17/Jun/2026/10/09/42 GET /v1/AUTH_93077b591a194213a7ddfd31d6f52cb9/gnocchi.0ed4afd1-8afc-4dd8-b635-b8bf3dacf15f%3Fformat%3Djson%26states%3Dlisting HTTP/1.0 200 - python-swiftclient-3.11.1 gAAAAABqMnHo7MEw... - 357 - tx81ea3d4331b74bb0b00c9-006a327265 - 0.0205 - - 1781690981.987997770 1781690982.008457184 0
Jun 17 10:09:42 standalone container-server[128258]: 172.20.0.100 - - [17/Jun/2026:10:09:42 +0000] "GET /d1/484/AUTH_93077b591a194213a7ddfd31d6f52cb9/gnocchi.0ed4afd1-8afc-4dd8-b635-b8bf3dacf15f" 200 2 "GET http://172.18.0.2:8080/v1/AUTH_93077b591a194213a7ddfd31d6f52cb9/gnocchi.0ed4afd1-8afc-4dd8-b635-b8bf3dacf15f?format=json&marker=none_v3&states=listing" "txc4244c2067c4405995ae8-006a327266" "proxy-server 12" 0.0050 "-" 20 0
Jun 17 10:09:42 standalone proxy-server[130424]: 172.18.0.2 172.18.0.100 17/Jun/2026/10/09/42 GET /v1/AUTH_93077b591a194213a7ddfd31d6f52cb9/gnocchi.0ed4afd1-8afc-4dd8-b635-b8bf3dacf15f%3Fformat%3Djson%26marker%3Dnone_v3%26states%3Dlisting HTTP/1.0 200 - python-swiftclient-3.11.1 gAAAAABqMnHo7MEw... - 2 - txc4244c2067c4405995ae8-006a327266 - 0.0141 - - 1781690982.012765884 1781690982.026895761 0
Jun 17 10:09:42 standalone object-server[128626]: 172.20.0.100 - - [17/Jun/2026:10:09:42 +0000] "GET /d1/647/AUTH_93077b591a194213a7ddfd31d6f52cb9/gnocchi.0ed4afd1-8afc-4dd8-b635-b8bf3dacf15f/1780920000.0_mean_300.0_v3" 200 16 "GET http://172.18.0.2:8080/v1/AUTH_93077b591a194213a7ddfd31d6f52cb9/gnocchi.0ed4afd1-8afc-4dd8-b635-b8bf3dacf15f/1780920000.0_mean_300.0_v3" "txa29c668ce52c462882ae7-006a327266" "proxy-server 12" 0.0012 "-" 25 0
Jun 17 10:09:42 standalone proxy-server[130424]: 172.18.0.2 172.18.0.100 17/Jun/2026/10/09/42 GET /v1/AUTH_93077b591a194213a7ddfd31d6f52cb9/gnocchi.0ed4afd1-8afc-4dd8-b635-b8bf3dacf15f/1780920000.0_mean_300.0_v3 HTTP/1.0 200 - python-swiftclient-3.11.1 gAAAAABqMnHo7MEw... - 16 - txa29c668ce52c462882ae7-006a327266 - 0.0100 - - 1781690982.032377481 1781690982.042346716 0
Jun 17 10:09:42 standalone container-server[128258]: 172.20.0.100 - - [17/Jun/2026:10:09:42 +0000] "PUT /d1/484/AUTH_93077b591a194213a7ddfd31d6f52cb9/gnocchi.0ed4afd1-8afc-4dd8-b635-b8bf3dacf15f/1780920000.0_mean_300.0_v3" 201 - "PUT http://172.18.0.2:8080/d1/647/AUTH_93077b591a194213a7ddfd31d6f52cb9/gnocchi.0ed4afd1-8afc-4dd8-b635-b8bf3dacf15f/1780920000.0_mean_300.0_v3" "tx78a03a50aaa548b5b7ea6-006a327266" "object-server 22" 0.0011 "-" 20 0
Jun 17 10:09:42 standalone object-server[128623]: 172.20.0.100 - - [17/Jun/2026:10:09:42 +0000] "PUT /d1/647/AUTH_93077b591a194213a7ddfd31d6f52cb9/gnocchi.0ed4afd1-8afc-4dd8-b635-b8bf3dacf15f/1780920000.0_mean_300.0_v3" 201 - "PUT http://172.18.0.2:8080/v1/AUTH_93077b591a194213a7ddfd31d6f52cb9/gnocchi.0ed4afd1-8afc-4dd8-b635-b8bf3dacf15f/1780920000.0_mean_300.0_v3" "tx78a03a50aaa548b5b7ea6-006a327266" "proxy-server 12" 0.0119 "-" 22 0
Jun 17 10:09:42 standalone proxy-server[130424]: 172.18.0.2 172.18.0.100 17/Jun/2026/10/09/42 PUT /v1/AUTH_93077b591a194213a7ddfd31d6f52cb9/gnocchi.0ed4afd1-8afc-4dd8-b635-b8bf3dacf15f/1780920000.0_mean_300.0_v3 HTTP/1.0 201 - python-swiftclient-3.11.1 gAAAAABqMnHo7MEw... 16 - - tx78a03a50aaa548b5b7ea6-006a327266 - 0.0213 - - 1781690982.046296835 1781690982.067615032 0
Jun 17 10:09:42 standalone container-server[128262]: 172.20.0.100 - - [17/Jun/2026:10:09:42 +0000] "PUT /d1/484/AUTH_93077b591a194213a7ddfd31d6f52cb9/gnocchi.0ed4afd1-8afc-4dd8-b635-b8bf3dacf15f/none_v3" 201 - "PUT http://172.18.0.2:8080/d1/702/AUTH_93077b591a194213a7ddfd31d6f52cb9/gnocchi.0ed4afd1-8afc-4dd8-b635-b8bf3dacf15f/none_v3" "tx792f71a662e940d1b270f-006a327266" "object-server 24" 0.0011 "-" 22 0
Jun 17 10:09:42 standalone object-server[128625]: 172.20.0.100 - - [17/Jun/2026:10:09:42 +0000] "PUT /d1/702/AUTH_93077b591a194213a7ddfd31d6f52cb9/gnocchi.0ed4afd1-8afc-4dd8-b635-b8bf3dacf15f/none_v3" 201 - "PUT http://172.18.0.2:8080/v1/AUTH_93077b591a194213a7ddfd31d6f52cb9/gnocchi.0ed4afd1-8afc-4dd8-b635-b8bf3dacf15f/none_v3" "tx792f71a662e940d1b270f-006a327266" "proxy-server 12" 0.0141 "-" 24 0
Jun 17 10:09:42 standalone proxy-server[130424]: 172.18.0.2 172.18.0.100 17/Jun/2026/10/09/42 PUT /v1/AUTH_93077b591a194213a7ddfd31d6f52cb9/gnocchi.0ed4afd1-8afc-4dd8-b635-b8bf3dacf15f/none_v3 HTTP/1.0 201 - python-swiftclient-3.11.1 gAAAAABqMnHo7MEw... 51 - - tx792f71a662e940d1b270f-006a327266 - 0.0228 - - 1781690982.072794676 1781690982.095580816 0
Jun 17 10:09:42 standalone object-server[128625]: 172.20.0.100 - - [17/Jun/2026:10:09:42 +0000] "GET /d1/811/AUTH_93077b591a194213a7ddfd31d6f52cb9/gnocchi.749e2439-fe63-4c01-802e-0f3ccaaf9361/none_v3" 200 22 "GET http://172.18.0.2:8080/v1/AUTH_93077b591a194213a7ddfd31d6f52cb9/gnocchi.749e2439-fe63-4c01-802e-0f3ccaaf9361/none_v3" "txaf8e4237bd5a4607b9162-006a327266" "proxy-server 12" 0.0013 "-" 24 0
Jun 17 10:09:42 standalone proxy-server[130424]: 172.18.0.2 172.18.0.100 17/Jun/2026/10/09/42 GET /v1/AUTH_93077b591a194213a7ddfd31d6f52cb9/gnocchi.749e2439-fe63-4c01-802e-0f3ccaaf9361/none_v3 HTTP/1.0 200 - python-swiftclient-3.11.1 gAAAAABqMnHo7MEw... - 22 - txaf8e4237bd5a4607b9162-006a327266 - 0.0100 - - 1781690982.116650343 1781690982.126672268 0
Jun 17 10:09:42 standalone container-server[128261]: 172.20.0.100 - - [17/Jun/2026:10:09:42 +0000] "GET /d1/379/AUTH_93077b591a194213a7ddfd31d6f52cb9/gnocchi.749e2439-fe63-4c01-802e-0f3ccaaf9361" 200 357 "GET http://172.18.0.2:8080/v1/AUTH_93077b591a194213a7ddfd31d6f52cb9/gnocchi.749e2439-fe63-4c01-802e-0f3ccaaf9361?format=json&states=listing" "tx16e4d026ee6a42ab92ee5-006a327266" "proxy-server 12" 0.0042 "-" 21 0
Jun 17 10:09:42 standalone proxy-server[130424]: 172.18.0.2 172.18.0.100 17/Jun/2026/10/09/42 GET /v1/AUTH_93077b591a194213a7ddfd31d6f52cb9/gnocchi.749e2439-fe63-4c01-802e-0f3ccaaf9361%3Fformat%3Djson%26states%3Dlisting HTTP/1.0 200 - python-swiftclient-3.11.1 gAAAAABqMnHo7MEw... - 357 - tx16e4d026ee6a42ab92ee5-006a327266 - 0.0146 - - 1781690982.131682634 1781690982.146289587 0
Jun 17 10:09:42 standalone container-server[128262]: 172.20.0.100 - - [17/Jun/2026:10:09:42 +0000] "GET /d1/379/AUTH_93077b591a194213a7ddfd31d6f52cb9/gnocchi.749e2439-fe63-4c01-802e-0f3ccaaf9361" 200 2 "GET http://172.18.0.2:8080/v1/AUTH_93077b591a194213a7ddfd31d6f52cb9/gnocchi.749e2439-fe63-4c01-802e-0f3ccaaf9361?format=json&marker=none_v3&states=listing" "tx215f71fb5d994afc996e9-006a327266" "proxy-server 12" 0.0036 "-" 22 0
Jun 17 10:09:42 standalone proxy-server[130424]: 172.18.0.2 172.18.0.100 17/Jun/2026/10/09/42 GET /v1/AUTH_93077b591a194213a7ddfd31d6f52cb9/gnocchi.749e2439-fe63-4c01-802e-0f3ccaaf9361%3Fformat%3Djson%26marker%3Dnone_v3%26states%3Dlisting HTTP/1.0 200 - python-swiftclient-3.11.1 gAAAAABqMnHo7MEw... - 2 - tx215f71fb5d994afc996e9-006a327266 - 0.0132 - - 1781690982.150099993 1781690982.163252831 0
Jun 17 10:09:42 standalone object-server[128624]: 172.20.0.100 - - [17/Jun/2026:10:09:42 +0000] "GET /d1/299/AUTH_93077b591a194213a7ddfd31d6f52cb9/gnocchi.749e2439-fe63-4c01-802e-0f3ccaaf9361/1780920000.0_mean_300.0_v3" 200 16 "GET http://172.18.0.2:8080/v1/AUTH_93077b591a194213a7ddfd31d6f52cb9/gnocchi.749e2439-fe63-4c01-802e-0f3ccaaf9361/1780920000.0_mean_300.0_v3" "tx1c53ed438d9645cc87372-006a327266" "proxy-server 12" 0.0011 "-" 23 0
Jun 17 10:09:42 standalone proxy-server[130424]: 172.18.0.2 172.18.0.100 17/Jun/2026/10/09/42 GET /v1/AUTH_93077b591a194213a7ddfd31d6f52cb9/gnocchi.749e2439-fe63-4c01-802e-0f3ccaaf9361/1780920000.0_mean_300.0_v3 HTTP/1.0 200 - python-swiftclient-3.11.1 gAAAAABqMnHo7MEw... - 16 - tx1c53ed438d9645cc87372-006a327266 - 0.0106 - - 1781690982.169099092 1781690982.179678679 0
Jun 17 10:09:42 standalone container-server[128258]: 172.20.0.100 - - [17/Jun/2026:10:09:42 +0000] "PUT /d1/379/AUTH_93077b591a194213a7ddfd31d6f52cb9/gnocchi.749e2439-fe63-4c01-802e-0f3ccaaf9361/1780920000.0_mean_300.0_v3" 201 - "PUT http://172.18.0.2:8080/d1/299/AUTH_93077b591a194213a7ddfd31d6f52cb9/gnocchi.749e2439-fe63-4c01-802e-0f3ccaaf9361/1780920000.0_mean_300.0_v3" "txd07fc3ccb8404b8da4487-006a327266" "object-server 22" 0.0011 "-" 20 0
Jun 17 10:09:42 standalone object-server[128623]: 172.20.0.100 - - [17/Jun/2026:10:09:42 +0000] "PUT /d1/299/AUTH_93077b591a194213a7ddfd31d6f52cb9/gnocchi.749e2439-fe63-4c01-802e-0f3ccaaf9361/1780920000.0_mean_300.0_v3" 201 - "PUT http://172.18.0.2:8080/v1/AUTH_93077b591a194213a7ddfd31d6f52cb9/gnocchi.749e2439-fe63-4c01-802e-0f3ccaaf9361/1780920000.0_mean_300.0_v3" "txd07fc3ccb8404b8da4487-006a327266" "proxy-server 12" 0.0145 "-" 22 0
Jun 17 10:09:42 standalone proxy-server[130424]: 172.18.0.2 172.18.0.100 17/Jun/2026/10/09/42 PUT /v1/AUTH_93077b591a194213a7ddfd31d6f52cb9/gnocchi.749e2439-fe63-4c01-802e-0f3ccaaf9361/1780920000.0_mean_300.0_v3 HTTP/1.0 201 - python-swiftclient-3.11.1 gAAAAABqMnHo7MEw... 16 - - txd07fc3ccb8404b8da4487-006a327266 - 0.0268 - - 1781690982.184614182 1781690982.211373091 0
Jun 17 10:09:42 standalone container-server[128262]: 172.20.0.100 - - [17/Jun/2026:10:09:42 +0000] "PUT /d1/379/AUTH_93077b591a194213a7ddfd31d6f52cb9/gnocchi.749e2439-fe63-4c01-802e-0f3ccaaf9361/none_v3" 201 - "PUT http://172.18.0.2:8080/d1/811/AUTH_93077b591a194213a7ddfd31d6f52cb9/gnocchi.749e2439-fe63-4c01-802e-0f3ccaaf9361/none_v3" "tx16ae926c8a634f298da17-006a327266" "object-server 24" 0.0008 "-" 22 0
Jun 17 10:09:42 standalone object-server[128625]: 172.20.0.100 - - [17/Jun/2026:10:09:42 +0000] "PUT /d1/811/AUTH_93077b591a194213a7ddfd31d6f52cb9/gnocchi.749e2439-fe63-4c01-802e-0f3ccaaf9361/none_v3" 201 - "PUT http://172.18.0.2:8080/v1/AUTH_93077b591a194213a7ddfd31d6f52cb9/gnocchi.749e2439-fe63-4c01-802e-0f3ccaaf9361/none_v3" "tx16ae926c8a634f298da17-006a327266" "proxy-server 12" 0.0143 "-" 24 0
Jun 17 10:09:42 standalone proxy-server[130424]: 172.18.0.2 172.18.0.100 17/Jun/2026/10/09/42 PUT /v1/AUTH_93077b591a194213a7ddfd31d6f52cb9/gnocchi.749e2439-fe63-4c01-802e-0f3ccaaf9361/none_v3 HTTP/1.0 201 - python-swiftclient-3.11.1 gAAAAABqMnHo7MEw... 32 - - tx16ae926c8a634f298da17-006a327266 - 0.0239 - - 1781690982.216886044 1781690982.240831852 0
Jun 17 10:09:44 standalone container-server[128261]: 172.20.0.100 - - [17/Jun/2026:10:09:44 +0000] "HEAD /d1/985/AUTH_93077b591a194213a7ddfd31d6f52cb9/gnocchi.33b3e3fa-deaf-4e0d-ab22-c3331dc1c465" 404 - "HEAD http://172.18.0.2:8080/v1/AUTH_93077b591a194213a7ddfd31d6f52cb9/gnocchi.33b3e3fa-deaf-4e0d-ab22-c3331dc1c465?format=json&states=listing" "tx833cbda7ccd24e089d9a4-006a327268" "proxy-server 12" 0.0006 "-" 21 0
Jun 17 10:09:44 standalone object-server[128626]: 172.20.0.100 - - [17/Jun/2026:10:09:44 +0000] "GET /d1/250/AUTH_93077b591a194213a7ddfd31d6f52cb9/gnocchi.33b3e3fa-deaf-4e0d-ab22-c3331dc1c465/none_v3" 404 70 "GET http://172.18.0.2:8080/v1/AUTH_93077b591a194213a7ddfd31d6f52cb9/gnocchi.33b3e3fa-deaf-4e0d-ab22-c3331dc1c465/none_v3" "tx833cbda7ccd24e089d9a4-006a327268" "proxy-server 12" 0.0005 "-" 25 0
Jun 17 10:09:44 standalone proxy-server[130424]: 172.18.0.2 172.18.0.100 17/Jun/2026/10/09/44 GET /v1/AUTH_93077b591a194213a7ddfd31d6f52cb9/gnocchi.33b3e3fa-deaf-4e0d-ab22-c3331dc1c465/none_v3 HTTP/1.0 404 - python-swiftclient-3.11.1 gAAAAABqMnHo7MEw... - 70 - tx833cbda7ccd24e089d9a4-006a327268 - 0.0088 - - 1781690984.865026236 1781690984.873866796 0
Jun 17 10:09:44 standalone account-server[128306]: 172.20.0.100 - - [17/Jun/2026:10:09:44 +0000] "PUT /d1/62/AUTH_93077b591a194213a7ddfd31d6f52cb9/gnocchi.33b3e3fa-deaf-4e0d-ab22-c3331dc1c465" 201 - "PUT http://172.20.0.100:6001/d1/985/AUTH_93077b591a194213a7ddfd31d6f52cb9/gnocchi.33b3e3fa-deaf-4e0d-ab22-c3331dc1c465" "txeabeb04859734ebb911c3-006a327268" "container-server 20" 0.0017 "-" 16 0
Jun 17 10:09:44 standalone container-server[128258]: 172.20.0.100 - - [17/Jun/2026:10:09:44 +0000] "PUT /d1/985/AUTH_93077b591a194213a7ddfd31d6f52cb9/gnocchi.33b3e3fa-deaf-4e0d-ab22-c3331dc1c465" 201 - "PUT http://172.18.0.2:8080/v1/AUTH_93077b591a194213a7ddfd31d6f52cb9/gnocchi.33b3e3fa-deaf-4e0d-ab22-c3331dc1c465" "txeabeb04859734ebb911c3-006a327268" "proxy-server 12" 0.0120 "-" 20 0
Jun 17 10:09:44 standalone proxy-server[130424]: 172.18.0.2 172.18.0.100 17/Jun/2026/10/09/44 PUT /v1/AUTH_93077b591a194213a7ddfd31d6f52cb9/gnocchi.33b3e3fa-deaf-4e0d-ab22-c3331dc1c465 HTTP/1.0 201 - python-swiftclient-3.11.1 gAAAAABqMnHo7MEw... - - - txeabeb04859734ebb911c3-006a327268 - 0.0156 - - 1781690984.876008034 1781690984.891620159 0
Jun 17 10:09:44 standalone container-server[128262]: 172.20.0.100 - - [17/Jun/2026:10:09:44 +0000] "HEAD /d1/985/AUTH_93077b591a194213a7ddfd31d6f52cb9/gnocchi.33b3e3fa-deaf-4e0d-ab22-c3331dc1c465" 204 - "HEAD http://172.18.0.2:8080/v1/AUTH_93077b591a194213a7ddfd31d6f52cb9/gnocchi.33b3e3fa-deaf-4e0d-ab22-c3331dc1c465?format=json&states=listing" "txd0047d7f628d4af5a6979-006a327268" "proxy-server 12" 0.0012 "-" 22 0
Jun 17 10:09:44 standalone proxy-server[130424]: - - 17/Jun/2026/10/09/44 HEAD /v1/AUTH_93077b591a194213a7ddfd31d6f52cb9/gnocchi.33b3e3fa-deaf-4e0d-ab22-c3331dc1c465%3Fformat%3Djson%26states%3Dlisting HTTP/1.0 204 - Swift - - - - txd0047d7f628d4af5a6979-006a327268 - 0.0039 RL - 1781690984.895164490 1781690984.899053574 0
