Jun 17 10:11:25 standalone proxy-server[130424]: 172.18.0.2 172.18.0.100 17/Jun/2026/10/11/25 GET /v1/AUTH_93077b591a194213a7ddfd31d6f52cb9/gnocchi.0f5b5ad4-9122-4d05-a55e-b20c45598bf8/1780920000.0_mean_300.0_v3 HTTP/1.0 404 - python-swiftclient-3.11.1 gAAAAABqMnHo7MEw... - 70 - tx0f5abcbb443e46da80dc0-006a3272cd - 0.0057 - - 1781691085.233713627 1781691085.239397526 0
Jun 17 10:11:25 standalone container-server[128262]: 172.20.0.100 - - [17/Jun/2026:10:11:25 +0000] "PUT /d1/160/AUTH_93077b591a194213a7ddfd31d6f52cb9/gnocchi.0f5b5ad4-9122-4d05-a55e-b20c45598bf8/1780920000.0_mean_300.0_v3" 201 - "PUT http://172.18.0.2:8080/d1/540/AUTH_93077b591a194213a7ddfd31d6f52cb9/gnocchi.0f5b5ad4-9122-4d05-a55e-b20c45598bf8/1780920000.0_mean_300.0_v3" "tx4e606524a9f8482c88ac1-006a3272cd" "object-server 25" 0.0005 "-" 22 0
Jun 17 10:11:25 standalone object-server[128626]: 172.20.0.100 - - [17/Jun/2026:10:11:25 +0000] "PUT /d1/540/AUTH_93077b591a194213a7ddfd31d6f52cb9/gnocchi.0f5b5ad4-9122-4d05-a55e-b20c45598bf8/1780920000.0_mean_300.0_v3" 201 - "PUT http://172.18.0.2:8080/v1/AUTH_93077b591a194213a7ddfd31d6f52cb9/gnocchi.0f5b5ad4-9122-4d05-a55e-b20c45598bf8/1780920000.0_mean_300.0_v3" "tx4e606524a9f8482c88ac1-006a3272cd" "proxy-server 12" 0.0164 "-" 25 0
Jun 17 10:11:25 standalone proxy-server[130424]: 172.18.0.2 172.18.0.100 17/Jun/2026/10/11/25 PUT /v1/AUTH_93077b591a194213a7ddfd31d6f52cb9/gnocchi.0f5b5ad4-9122-4d05-a55e-b20c45598bf8/1780920000.0_mean_300.0_v3 HTTP/1.0 201 - python-swiftclient-3.11.1 gAAAAABqMnHo7MEw... 16 - - tx4e606524a9f8482c88ac1-006a3272cd - 0.0214 - - 1781691085.241790533 1781691085.263161421 0
Jun 17 10:11:25 standalone container-server[128258]: 172.20.0.100 - - [17/Jun/2026:10:11:25 +0000] "PUT /d1/160/AUTH_93077b591a194213a7ddfd31d6f52cb9/gnocchi.0f5b5ad4-9122-4d05-a55e-b20c45598bf8/none_v3" 201 - "PUT http://172.18.0.2:8080/d1/654/AUTH_93077b591a194213a7ddfd31d6f52cb9/gnocchi.0f5b5ad4-9122-4d05-a55e-b20c45598bf8/none_v3" "txea85796fafd1452e91f59-006a3272cd" "object-server 23" 0.0006 "-" 20 0
Jun 17 10:11:25 standalone object-server[128624]: 172.20.0.100 - - [17/Jun/2026:10:11:25 +0000] "PUT /d1/654/AUTH_93077b591a194213a7ddfd31d6f52cb9/gnocchi.0f5b5ad4-9122-4d05-a55e-b20c45598bf8/none_v3" 201 - "PUT http://172.18.0.2:8080/v1/AUTH_93077b591a194213a7ddfd31d6f52cb9/gnocchi.0f5b5ad4-9122-4d05-a55e-b20c45598bf8/none_v3" "txea85796fafd1452e91f59-006a3272cd" "proxy-server 12" 0.0086 "-" 23 0
Jun 17 10:11:25 standalone proxy-server[130424]: 172.18.0.2 172.18.0.100 17/Jun/2026/10/11/25 PUT /v1/AUTH_93077b591a194213a7ddfd31d6f52cb9/gnocchi.0f5b5ad4-9122-4d05-a55e-b20c45598bf8/none_v3 HTTP/1.0 201 - python-swiftclient-3.11.1 gAAAAABqMnHo7MEw... 22 - - txea85796fafd1452e91f59-006a3272cd - 0.0158 - - 1781691085.265729189 1781691085.281481743 0
Jun 17 10:11:25 standalone container-server[128262]: 172.20.0.100 - - [17/Jun/2026:10:11:25 +0000] "HEAD /d1/515/AUTH_93077b591a194213a7ddfd31d6f52cb9/gnocchi.83e34a80-8fb9-4826-afbe-1053df701a73" 404 - "HEAD http://172.18.0.2:8080/v1/AUTH_93077b591a194213a7ddfd31d6f52cb9/gnocchi.83e34a80-8fb9-4826-afbe-1053df701a73?format=json&states=listing" "tx2f214607466d4e2f92c46-006a3272cd" "proxy-server 12" 0.0003 "-" 22 0
Jun 17 10:11:25 standalone object-server[128626]: 172.20.0.100 - - [17/Jun/2026:10:11:25 +0000] "GET /d1/168/AUTH_93077b591a194213a7ddfd31d6f52cb9/gnocchi.83e34a80-8fb9-4826-afbe-1053df701a73/none_v3" 404 70 "GET http://172.18.0.2:8080/v1/AUTH_93077b591a194213a7ddfd31d6f52cb9/gnocchi.83e34a80-8fb9-4826-afbe-1053df701a73/none_v3" "tx2f214607466d4e2f92c46-006a3272cd" "proxy-server 12" 0.0003 "-" 25 0
Jun 17 10:11:25 standalone proxy-server[130424]: 172.18.0.2 172.18.0.100 17/Jun/2026/10/11/25 GET /v1/AUTH_93077b591a194213a7ddfd31d6f52cb9/gnocchi.83e34a80-8fb9-4826-afbe-1053df701a73/none_v3 HTTP/1.0 404 - python-swiftclient-3.11.1 gAAAAABqMnHo7MEw... - 70 - tx2f214607466d4e2f92c46-006a3272cd - 0.0104 - - 1781691085.297991753 1781691085.308406353 0
Jun 17 10:11:25 standalone account-server[128291]: 172.20.0.100 - - [17/Jun/2026:10:11:25 +0000] "PUT /d1/62/AUTH_93077b591a194213a7ddfd31d6f52cb9/gnocchi.83e34a80-8fb9-4826-afbe-1053df701a73" 201 - "PUT http://172.20.0.100:6001/d1/515/AUTH_93077b591a194213a7ddfd31d6f52cb9/gnocchi.83e34a80-8fb9-4826-afbe-1053df701a73" "txd2bdf90d4dca4eb98ece4-006a3272cd" "container-server 23" 0.0042 "-" 14 0
Jun 17 10:11:25 standalone container-server[128269]: 172.20.0.100 - - [17/Jun/2026:10:11:25 +0000] "PUT /d1/515/AUTH_93077b591a194213a7ddfd31d6f52cb9/gnocchi.83e34a80-8fb9-4826-afbe-1053df701a73" 201 - "PUT http://172.18.0.2:8080/v1/AUTH_93077b591a194213a7ddfd31d6f52cb9/gnocchi.83e34a80-8fb9-4826-afbe-1053df701a73" "txd2bdf90d4dca4eb98ece4-006a3272cd" "proxy-server 12" 0.0145 "-" 23 0
Jun 17 10:11:25 standalone proxy-server[130424]: 172.18.0.2 172.18.0.100 17/Jun/2026/10/11/25 PUT /v1/AUTH_93077b591a194213a7ddfd31d6f52cb9/gnocchi.83e34a80-8fb9-4826-afbe-1053df701a73 HTTP/1.0 201 - python-swiftclient-3.11.1 gAAAAABqMnHo7MEw... - - - txd2bdf90d4dca4eb98ece4-006a3272cd - 0.0229 - - 1781691085.311729670 1781691085.334633589 0
Jun 17 10:11:25 standalone container-server[128269]: 172.20.0.100 - - [17/Jun/2026:10:11:25 +0000] "HEAD /d1/515/AUTH_93077b591a194213a7ddfd31d6f52cb9/gnocchi.83e34a80-8fb9-4826-afbe-1053df701a73" 204 - "HEAD http://172.18.0.2:8080/v1/AUTH_93077b591a194213a7ddfd31d6f52cb9/gnocchi.83e34a80-8fb9-4826-afbe-1053df701a73?format=json&states=listing" "txc65e1bad4cd94d439c724-006a3272cd" "proxy-server 12" 0.0012 "-" 23 0
Jun 17 10:11:25 standalone proxy-server[130424]: - - 17/Jun/2026/10/11/25 HEAD /v1/AUTH_93077b591a194213a7ddfd31d6f52cb9/gnocchi.83e34a80-8fb9-4826-afbe-1053df701a73%3Fformat%3Djson%26states%3Dlisting HTTP/1.0 204 - Swift - - - - txc65e1bad4cd94d439c724-006a3272cd - 0.0037 RL - 1781691085.338772297 1781691085.342476606 0
Jun 17 10:11:25 standalone container-server[128269]: 172.20.0.100 - - [17/Jun/2026:10:11:25 +0000] "GET /d1/515/AUTH_93077b591a194213a7ddfd31d6f52cb9/gnocchi.83e34a80-8fb9-4826-afbe-1053df701a73" 200 2 "GET http://172.18.0.2:8080/v1/AUTH_93077b591a194213a7ddfd31d6f52cb9/gnocchi.83e34a80-8fb9-4826-afbe-1053df701a73?format=json&states=listing" "txc65e1bad4cd94d439c724-006a3272cd" "proxy-server 12" 0.0019 "-" 23 0
Jun 17 10:11:25 standalone proxy-server[130424]: 172.18.0.2 172.18.0.100 17/Jun/2026/10/11/25 GET /v1/AUTH_93077b591a194213a7ddfd31d6f52cb9/gnocchi.83e34a80-8fb9-4826-afbe-1053df701a73%3Fformat%3Djson%26states%3Dlisting HTTP/1.0 200 - python-swiftclient-3.11.1 gAAAAABqMnHo7MEw... - 2 - txc65e1bad4cd94d439c724-006a3272cd - 0.0128 - - 1781691085.337863445 1781691085.350695133 0
Jun 17 10:11:25 standalone object-server[128623]: 172.20.0.100 - - [17/Jun/2026:10:11:25 +0000] "GET /d1/878/AUTH_93077b591a194213a7ddfd31d6f52cb9/gnocchi.83e34a80-8fb9-4826-afbe-1053df701a73/1780920000.0_mean_300.0_v3" 404 70 "GET http://172.18.0.2:8080/v1/AUTH_93077b591a194213a7ddfd31d6f52cb9/gnocchi.83e34a80-8fb9-4826-afbe-1053df701a73/1780920000.0_mean_300.0_v3" "txfe1fea4c5ffa400880629-006a3272cd" "proxy-server 12" 0.0004 "-" 22 0
Jun 17 10:11:25 standalone proxy-server[130424]: 172.18.0.2 172.18.0.100 17/Jun/2026/10/11/25 GET /v1/AUTH_93077b591a194213a7ddfd31d6f52cb9/gnocchi.83e34a80-8fb9-4826-afbe-1053df701a73/1780920000.0_mean_300.0_v3 HTTP/1.0 404 - python-swiftclient-3.11.1 gAAAAABqMnHo7MEw... - 70 - txfe1fea4c5ffa400880629-006a3272cd - 0.0092 - - 1781691085.354442596 1781691085.363642454 0
Jun 17 10:11:25 standalone container-server[128269]: 172.20.0.100 - - [17/Jun/2026:10:11:25 +0000] "PUT /d1/515/AUTH_93077b591a194213a7ddfd31d6f52cb9/gnocchi.83e34a80-8fb9-4826-afbe-1053df701a73/1780920000.0_mean_300.0_v3" 201 - "PUT http://172.18.0.2:8080/d1/878/AUTH_93077b591a194213a7ddfd31d6f52cb9/gnocchi.83e34a80-8fb9-4826-afbe-1053df701a73/1780920000.0_mean_300.0_v3" "tx736347054f1c4bcc9ac04-006a3272cd" "object-server 22" 0.0006 "-" 23 0
Jun 17 10:11:25 standalone object-server[128623]: 172.20.0.100 - - [17/Jun/2026:10:11:25 +0000] "PUT /d1/878/AUTH_93077b591a194213a7ddfd31d6f52cb9/gnocchi.83e34a80-8fb9-4826-afbe-1053df701a73/1780920000.0_mean_300.0_v3" 201 - "PUT http://172.18.0.2:8080/v1/AUTH_93077b591a194213a7ddfd31d6f52cb9/gnocchi.83e34a80-8fb9-4826-afbe-1053df701a73/1780920000.0_mean_300.0_v3" "tx736347054f1c4bcc9ac04-006a3272cd" "proxy-server 12" 0.0084 "-" 22 0
Jun 17 10:11:25 standalone proxy-server[130424]: 172.18.0.2 172.18.0.100 17/Jun/2026/10/11/25 PUT /v1/AUTH_93077b591a194213a7ddfd31d6f52cb9/gnocchi.83e34a80-8fb9-4826-afbe-1053df701a73/1780920000.0_mean_300.0_v3 HTTP/1.0 201 - python-swiftclient-3.11.1 gAAAAABqMnHo7MEw... 16 - - tx736347054f1c4bcc9ac04-006a3272cd - 0.0127 - - 1781691085.366062641 1781691085.378773689 0
Jun 17 10:11:25 standalone container-server[128258]: 172.20.0.100 - - [17/Jun/2026:10:11:25 +0000] "PUT /d1/515/AUTH_93077b591a194213a7ddfd31d6f52cb9/gnocchi.83e34a80-8fb9-4826-afbe-1053df701a73/none_v3" 201 - "PUT http://172.18.0.2:8080/d1/168/AUTH_93077b591a194213a7ddfd31d6f52cb9/gnocchi.83e34a80-8fb9-4826-afbe-1053df701a73/none_v3" "tx19daf3f2da6545dd8b454-006a3272cd" "object-server 22" 0.0005 "-" 20 0
Jun 17 10:11:25 standalone object-server[128623]: 172.20.0.100 - - [17/Jun/2026:10:11:25 +0000] "PUT /d1/168/AUTH_93077b591a194213a7ddfd31d6f52cb9/gnocchi.83e34a80-8fb9-4826-afbe-1053df701a73/none_v3" 201 - "PUT http://172.18.0.2:8080/v1/AUTH_93077b591a194213a7ddfd31d6f52cb9/gnocchi.83e34a80-8fb9-4826-afbe-1053df701a73/none_v3" "tx19daf3f2da6545dd8b454-006a3272cd" "proxy-server 12" 0.0075 "-" 22 0
Jun 17 10:11:25 standalone proxy-server[130424]: 172.18.0.2 172.18.0.100 17/Jun/2026/10/11/25 PUT /v1/AUTH_93077b591a194213a7ddfd31d6f52cb9/gnocchi.83e34a80-8fb9-4826-afbe-1053df701a73/none_v3 HTTP/1.0 201 - python-swiftclient-3.11.1 gAAAAABqMnHo7MEw... 22 - - tx19daf3f2da6545dd8b454-006a3272cd - 0.0120 - - 1781691085.382987022 1781691085.394988060 0
Jun 17 10:11:25 standalone container-server[128258]: 172.20.0.100 - - [17/Jun/2026:10:11:25 +0000] "HEAD /d1/477/AUTH_93077b591a194213a7ddfd31d6f52cb9/gnocchi.25d80e9f-a17d-416a-bf5e-16a3ad470b5b" 404 - "HEAD http://172.18.0.2:8080/v1/AUTH_93077b591a194213a7ddfd31d6f52cb9/gnocchi.25d80e9f-a17d-416a-bf5e-16a3ad470b5b?format=json&states=listing" "txa85f64cdde964ebdab6c5-006a3272cd" "proxy-server 12" 0.0004 "-" 20 0
Jun 17 10:11:25 standalone object-server[128625]: 172.20.0.100 - - [17/Jun/2026:10:11:25 +0000] "GET /d1/369/AUTH_93077b591a194213a7ddfd31d6f52cb9/gnocchi.25d80e9f-a17d-416a-bf5e-16a3ad470b5b/none_v3" 404 70 "GET http://172.18.0.2:8080/v1/AUTH_93077b591a194213a7ddfd31d6f52cb9/gnocchi.25d80e9f-a17d-416a-bf5e-16a3ad470b5b/none_v3" "txa85f64cdde964ebdab6c5-006a3272cd" "proxy-server 12" 0.0003 "-" 24 0
Jun 17 10:11:25 standalone proxy-server[130424]: 172.18.0.2 172.18.0.100 17/Jun/2026/10/11/25 GET /v1/AUTH_93077b591a194213a7ddfd31d6f52cb9/gnocchi.25d80e9f-a17d-416a-bf5e-16a3ad470b5b/none_v3 HTTP/1.0 404 - python-swiftclient-3.11.1 gAAAAABqMnHo7MEw... - 70 - txa85f64cdde964ebdab6c5-006a3272cd - 0.0069 - - 1781691085.403178692 1781691085.410078764 0
Jun 17 10:11:25 standalone account-server[128306]: 172.20.0.100 - - [17/Jun/2026:10:11:25 +0000] "PUT /d1/62/AUTH_93077b591a194213a7ddfd31d6f52cb9/gnocchi.25d80e9f-a17d-416a-bf5e-16a3ad470b5b" 201 - "PUT http://172.20.0.100:6001/d1/477/AUTH_93077b591a194213a7ddfd31d6f52cb9/gnocchi.25d80e9f-a17d-416a-bf5e-16a3ad470b5b" "txf075b7fd9f2f4bac9db44-006a3272cd" "container-server 23" 0.0053 "-" 16 0
Jun 17 10:11:25 standalone container-server[128269]: 172.20.0.100 - - [17/Jun/2026:10:11:25 +0000] "PUT /d1/477/AUTH_93077b591a194213a7ddfd31d6f52cb9/gnocchi.25d80e9f-a17d-416a-bf5e-16a3ad470b5b" 201 - "PUT http://172.18.0.2:8080/v1/AUTH_93077b591a194213a7ddfd31d6f52cb9/gnocchi.25d80e9f-a17d-416a-bf5e-16a3ad470b5b" "txf075b7fd9f2f4bac9db44-006a3272cd" "proxy-server 12" 0.0154 "-" 23 0
Jun 17 10:11:25 standalone proxy-server[130424]: 172.18.0.2 172.18.0.100 17/Jun/2026/10/11/25 PUT /v1/AUTH_93077b591a194213a7ddfd31d6f52cb9/gnocchi.25d80e9f-a17d-416a-bf5e-16a3ad470b5b HTTP/1.0 201 - python-swiftclient-3.11.1 gAAAAABqMnHo7MEw... - - - txf075b7fd9f2f4bac9db44-006a3272cd - 0.0192 - - 1781691085.413501978 1781691085.432669878 0
Jun 17 10:11:25 standalone container-server[128258]: 172.20.0.100 - - [17/Jun/2026:10:11:25 +0000] "HEAD /d1/477/AUTH_93077b591a194213a7ddfd31d6f52cb9/gnocchi.25d80e9f-a17d-416a-bf5e-16a3ad470b5b" 204 - "HEAD http://172.18.0.2:8080/v1/AUTH_93077b591a194213a7ddfd31d6f52cb9/gnocchi.25d80e9f-a17d-416a-bf5e-16a3ad470b5b?format=json&states=listing" "txf486205577e04573b1344-006a3272cd" "proxy-server 12" 0.0017 "-" 20 0
Jun 17 10:11:25 standalone proxy-server[130424]: - - 17/Jun/2026/10/11/25 HEAD /v1/AUTH_93077b591a194213a7ddfd31d6f52cb9/gnocchi.25d80e9f-a17d-416a-bf5e-16a3ad470b5b%3Fformat%3Djson%26states%3Dlisting HTTP/1.0 204 - Swift - - - - txf486205577e04573b1344-006a3272cd - 0.0043 RL - 1781691085.442699671 1781691085.447023869 0
Jun 17 10:11:25 standalone container-server[128258]: 172.20.0.100 - - [17/Jun/2026:10:11:25 +0000] "GET /d1/477/AUTH_93077b591a194213a7ddfd31d6f52cb9/gnocchi.25d80e9f-a17d-416a-bf5e-16a3ad470b5b" 200 2 "GET http://172.18.0.2:8080/v1/AUTH_93077b591a194213a7ddfd31d6f52cb9/gnocchi.25d80e9f-a17d-416a-bf5e-16a3ad470b5b?format=json&states=listing" "txf486205577e04573b1344-006a3272cd" "proxy-server 12" 0.0025 "-" 20 0
Jun 17 10:11:25 standalone proxy-server[130424]: 172.18.0.2 172.18.0.100 17/Jun/2026/10/11/25 GET /v1/AUTH_93077b591a194213a7ddfd31d6f52cb9/gnocchi.25d80e9f-a17d-416a-bf5e-16a3ad470b5b%3Fformat%3Djson%26states%3Dlisting HTTP/1.0 200 - python-swiftclient-3.11.1 gAAAAABqMnHo7MEw... - 2 - txf486205577e04573b1344-006a3272cd - 0.0116 - - 1781691085.441880465 1781691085.453528166 0
Jun 17 10:11:25 standalone object-server[128623]: 172.20.0.100 - - [17/Jun/2026:10:11:25 +0000] "GET /d1/530/AUTH_93077b591a194213a7ddfd31d6f52cb9/gnocchi.25d80e9f-a17d-416a-bf5e-16a3ad470b5b/1780920000.0_mean_300.0_v3" 404 70 "GET http://172.18.0.2:8080/v1/AUTH_93077b591a194213a7ddfd31d6f52cb9/gnocchi.25d80e9f-a17d-416a-bf5e-16a3ad470b5b/1780920000.0_mean_300.0_v3" "tx6cc1cdfca7e94776bcc82-006a3272cd" "proxy-server 12" 0.0004 "-" 22 0
Jun 17 10:11:25 standalone proxy-server[130424]: 172.18.0.2 172.18.0.100 17/Jun/2026/10/11/25 GET /v1/AUTH_93077b591a194213a7ddfd31d6f52cb9/gnocchi.25d80e9f-a17d-416a-bf5e-16a3ad470b5b/1780920000.0_mean_300.0_v3 HTTP/1.0 404 - python-swiftclient-3.11.1 gAAAAABqMnHo7MEw... - 70 - tx6cc1cdfca7e94776bcc82-006a3272cd - 0.0052 - - 1781691085.457883835 1781691085.463041544 0
Jun 17 10:11:25 standalone container-server[128258]: 172.20.0.100 - - [17/Jun/2026:10:11:25 +0000] "PUT /d1/477/AUTH_93077b591a194213a7ddfd31d6f52cb9/gnocchi.25d80e9f-a17d-416a-bf5e-16a3ad470b5b/1780920000.0_mean_300.0_v3" 201 - "PUT http://172.18.0.2:8080/d1/530/AUTH_93077b591a194213a7ddfd31d6f52cb9/gnocchi.25d80e9f-a17d-416a-bf5e-16a3ad470b5b/1780920000.0_mean_300.0_v3" "txd88fc4b93fd8428c9456d-006a3272cd" "object-server 25" 0.0006 "-" 20 0
Jun 17 10:11:25 standalone object-server[128626]: 172.20.0.100 - - [17/Jun/2026:10:11:25 +0000] "PUT /d1/530/AUTH_93077b591a194213a7ddfd31d6f52cb9/gnocchi.25d80e9f-a17d-416a-bf5e-16a3ad470b5b/1780920000.0_mean_300.0_v3" 201 - "PUT http://172.18.0.2:8080/v1/AUTH_93077b591a194213a7ddfd31d6f52cb9/gnocchi.25d80e9f-a17d-416a-bf5e-16a3ad470b5b/1780920000.0_mean_300.0_v3" "txd88fc4b93fd8428c9456d-006a3272cd" "proxy-server 12" 0.0088 "-" 25 0
Jun 17 10:11:25 standalone proxy-server[130424]: 172.18.0.2 172.18.0.100 17/Jun/2026/10/11/25 PUT /v1/AUTH_93077b591a194213a7ddfd31d6f52cb9/gnocchi.25d80e9f-a17d-416a-bf5e-16a3ad470b5b/1780920000.0_mean_300.0_v3 HTTP/1.0 201 - python-swiftclient-3.11.1 gAAAAABqMnHo7MEw... 16 - - txd88fc4b93fd8428c9456d-006a3272cd - 0.0139 - - 1781691085.466783285 1781691085.480713844 0
Jun 17 10:11:25 standalone container-server[128269]: 172.20.0.100 - - [17/Jun/2026:10:11:25 +0000] "PUT /d1/477/AUTH_93077b591a194213a7ddfd31d6f52cb9/gnocchi.25d80e9f-a17d-416a-bf5e-16a3ad470b5b/none_v3" 201 - "PUT http://172.18.0.2:8080/d1/369/AUTH_93077b591a194213a7ddfd31d6f52cb9/gnocchi.25d80e9f-a17d-416a-bf5e-16a3ad470b5b/none_v3" "tx7c391c24dfc14fb0aa083-006a3272cd" "object-server 24" 0.0006 "-" 23 0
Jun 17 10:11:25 standalone object-server[128625]: 172.20.0.100 - - [17/Jun/2026:10:11:25 +0000] "PUT /d1/369/AUTH_93077b591a194213a7ddfd31d6f52cb9/gnocchi.25d80e9f-a17d-416a-bf5e-16a3ad470b5b/none_v3" 201 - "PUT http://172.18.0.2:8080/v1/AUTH_93077b591a194213a7ddfd31d6f52cb9/gnocchi.25d80e9f-a17d-416a-bf5e-16a3ad470b5b/none_v3" "tx7c391c24dfc14fb0aa083-006a3272cd" "proxy-server 12" 0.0085 "-" 24 0
Jun 17 10:11:25 standalone proxy-server[130424]: 172.18.0.2 172.18.0.100 17/Jun/2026/10/11/25 PUT /v1/AUTH_93077b591a194213a7ddfd31d6f52cb9/gnocchi.25d80e9f-a17d-416a-bf5e-16a3ad470b5b/none_v3 HTTP/1.0 201 - python-swiftclient-3.11.1 gAAAAABqMnHo7MEw... 22 - - tx7c391c24dfc14fb0aa083-006a3272cd - 0.0126 - - 1781691085.483820438 1781691085.496445894 0
Jun 17 10:11:25 standalone container-server[128269]: 172.20.0.100 - - [17/Jun/2026:10:11:25 +0000] "HEAD /d1/642/AUTH_93077b591a194213a7ddfd31d6f52cb9/gnocchi.c808746e-9596-4ec1-8bfd-94800d162fcc" 404 - "HEAD http://172.18.0.2:8080/v1/AUTH_93077b591a194213a7ddfd31d6f52cb9/gnocchi.c808746e-9596-4ec1-8bfd-94800d162fcc?format=json&states=listing" "txdcc517b88d154fb2917e1-006a3272cd" "proxy-server 12" 0.0003 "-" 23 0
Jun 17 10:11:25 standalone object-server[128626]: 172.20.0.100 - - [17/Jun/2026:10:11:25 +0000] "GET /d1/975/AUTH_93077b591a194213a7ddfd31d6f52cb9/gnocchi.c808746e-9596-4ec1-8bfd-94800d162fcc/none_v3" 404 70 "GET http://172.18.0.2:8080/v1/AUTH_93077b591a194213a7ddfd31d6f52cb9/gnocchi.c808746e-9596-4ec1-8bfd-94800d162fcc/none_v3" "txdcc517b88d154fb2917e1-006a3272cd" "proxy-server 12" 0.0004 "-" 25 0
Jun 17 10:11:25 standalone proxy-server[130424]: 172.18.0.2 172.18.0.100 17/Jun/2026/10/11/25 GET /v1/AUTH_93077b591a194213a7ddfd31d6f52cb9/gnocchi.c808746e-9596-4ec1-8bfd-94800d162fcc/none_v3 HTTP/1.0 404 - python-swiftclient-3.11.1 gAAAAABqMnHo7MEw... - 70 - txdcc517b88d154fb2917e1-006a3272cd - 0.0076 - - 1781691085.507293701 1781691085.514876127 0
Jun 17 10:11:25 standalone account-server[128295]: 172.20.0.100 - - [17/Jun/2026:10:11:25 +0000] "PUT /d1/62/AUTH_93077b591a194213a7ddfd31d6f52cb9/gnocchi.c808746e-9596-4ec1-8bfd-94800d162fcc" 201 - "PUT http://172.20.0.100:6001/d1/642/AUTH_93077b591a194213a7ddfd31d6f52cb9/gnocchi.c808746e-9596-4ec1-8bfd-94800d162fcc" "tx41dac1e5e2b44d56bb633-006a3272cd" "container-server 21" 0.0041 "-" 15 0
Jun 17 10:11:25 standalone container-server[128261]: 172.20.0.100 - - [17/Jun/2026:10:11:25 +0000] "PUT /d1/642/AUTH_93077b591a194213a7ddfd31d6f52cb9/gnocchi.c808746e-9596-4ec1-8bfd-94800d162fcc" 201 - "PUT http://172.18.0.2:8080/v1/AUTH_93077b591a194213a7ddfd31d6f52cb9/gnocchi.c808746e-9596-4ec1-8bfd-94800d162fcc" "tx41dac1e5e2b44d56bb633-006a3272cd" "proxy-server 12" 0.0152 "-" 21 0
Jun 17 10:11:25 standalone proxy-server[130424]: 172.18.0.2 172.18.0.100 17/Jun/2026/10/11/25 PUT /v1/AUTH_93077b591a194213a7ddfd31d6f52cb9/gnocchi.c808746e-9596-4ec1-8bfd-94800d162fcc HTTP/1.0 201 - python-swiftclient-3.11.1 gAAAAABqMnHo7MEw... - - - tx41dac1e5e2b44d56bb633-006a3272cd - 0.0186 - - 1781691085.517777920 1781691085.536346912 0
Jun 17 10:11:25 standalone container-server[128269]: 172.20.0.100 - - [17/Jun/2026:10:11:25 +0000] "HEAD /d1/642/AUTH_93077b591a194213a7ddfd31d6f52cb9/gnocchi.c808746e-9596-4ec1-8bfd-94800d162fcc" 204 - "HEAD http://172.18.0.2:8080/v1/AUTH_93077b591a194213a7ddfd31d6f52cb9/gnocchi.c808746e-9596-4ec1-8bfd-94800d162fcc?format=json&states=listing" "txe4b596f71f6541b2afcc6-006a3272cd" "proxy-server 12" 0.0014 "-" 23 0
Jun 17 10:11:25 standalone proxy-server[130424]: - - 17/Jun/2026/10/11/25 HEAD /v1/AUTH_93077b591a194213a7ddfd31d6f52cb9/gnocchi.c808746e-9596-4ec1-8bfd-94800d162fcc%3Fformat%3Djson%26states%3Dlisting HTTP/1.0 204 - Swift - - - - txe4b596f71f6541b2afcc6-006a3272cd - 0.0037 RL - 1781691085.541080713 1781691085.544821501 0
Jun 17 10:11:25 standalone container-server[128269]: 172.20.0.100 - - [17/Jun/2026:10:11:25 +0000] "GET /d1/642/AUTH_93077b591a194213a7ddfd31d6f52cb9/gnocchi.c808746e-9596-4ec1-8bfd-94800d162fcc" 200 2 "GET http://172.18.0.2:8080/v1/AUTH_93077b591a194213a7ddfd31d6f52cb9/gnocchi.c808746e-9596-4ec1-8bfd-94800d162fcc?format=json&states=listing" "txe4b596f71f6541b2afcc6-006a3272cd" "proxy-server 12" 0.0018 "-" 23 0
Jun 17 10:11:25 standalone proxy-server[130424]: 172.18.0.2 172.18.0.100 17/Jun/2026/10/11/25 GET /v1/AUTH_93077b591a194213a7ddfd31d6f52cb9/gnocchi.c808746e-9596-4ec1-8bfd-94800d162fcc%3Fformat%3Djson%26states%3Dlisting HTTP/1.0 200 - python-swiftclient-3.11.1 gAAAAABqMnHo7MEw... - 2 - txe4b596f71f6541b2afcc6-006a3272cd - 0.0102 - - 1781691085.540263653 1781691085.550420284 0
Jun 17 10:11:25 standalone object-server[128624]: 172.20.0.100 - - [17/Jun/2026:10:11:25 +0000] "GET /d1/603/AUTH_93077b591a194213a7ddfd31d6f52cb9/gnocchi.c808746e-9596-4ec1-8bfd-94800d162fcc/1780920000.0_mean_300.0_v3" 404 70 "GET http://172.18.0.2:8080/v1/AUTH_93077b591a194213a7ddfd31d6f52cb9/gnocchi.c808746e-9596-4ec1-8bfd-94800d162fcc/1780920000.0_mean_300.0_v3" "txcf277d2d01ba41febd414-006a3272cd" "proxy-server 12" 0.0004 "-" 23 0
Jun 17 10:11:25 standalone proxy-server[130424]: 172.18.0.2 172.18.0.100 17/Jun/2026/10/11/25 GET /v1/AUTH_93077b591a194213a7ddfd31d6f52cb9/gnocchi.c808746e-9596-4ec1-8bfd-94800d162fcc/1780920000.0_mean_300.0_v3 HTTP/1.0 404 - python-swiftclient-3.11.1 gAAAAABqMnHo7MEw... - 70 - txcf277d2d01ba41febd414-006a3272cd - 0.0044 - - 1781691085.554380894 1781691085.558778048 0
Jun 17 10:11:25 standalone container-server[128261]: 172.20.0.100 - - [17/Jun/2026:10:11:25 +0000] "PUT /d1/642/AUTH_93077b591a194213a7ddfd31d6f52cb9/gnocchi.c808746e-9596-4ec1-8bfd-94800d162fcc/1780920000.0_mean_300.0_v3" 201 - "PUT http://172.18.0.2:8080/d1/603/AUTH_93077b591a194213a7ddfd31d6f52cb9/gnocchi.c808746e-9596-4ec1-8bfd-94800d162fcc/1780920000.0_mean_300.0_v3" "txb7ca58988abb43ba99ef8-006a3272cd" "object-server 24" 0.0005 "-" 21 0
Jun 17 10:11:25 standalone object-server[128625]: 172.20.0.100 - - [17/Jun/2026:10:11:25 +0000] "PUT /d1/603/AUTH_93077b591a194213a7ddfd31d6f52cb9/gnocchi.c808746e-9596-4ec1-8bfd-94800d162fcc/1780920000.0_mean_300.0_v3" 201 - "PUT http://172.18.0.2:8080/v1/AUTH_93077b591a194213a7ddfd31d6f52cb9/gnocchi.c808746e-9596-4ec1-8bfd-94800d162fcc/1780920000.0_mean_300.0_v3" "txb7ca58988abb43ba99ef8-006a3272cd" "proxy-server 12" 0.0075 "-" 24 0
Jun 17 10:11:25 standalone proxy-server[130424]: 172.18.0.2 172.18.0.100 17/Jun/2026/10/11/25 PUT /v1/AUTH_93077b591a194213a7ddfd31d6f52cb9/gnocchi.c808746e-9596-4ec1-8bfd-94800d162fcc/1780920000.0_mean_300.0_v3 HTTP/1.0 201 - python-swiftclient-3.11.1 gAAAAABqMnHo7MEw... 16 - - txb7ca58988abb43ba99ef8-006a3272cd - 0.0113 - - 1781691085.561822653 1781691085.573124647 0
Jun 17 10:11:25 standalone container-server[128269]: 172.20.0.100 - - [17/Jun/2026:10:11:25 +0000] "PUT /d1/642/AUTH_93077b591a194213a7ddfd31d6f52cb9/gnocchi.c808746e-9596-4ec1-8bfd-94800d162fcc/none_v3" 201 - "PUT http://172.18.0.2:8080/d1/975/AUTH_93077b591a194213a7ddfd31d6f52cb9/gnocchi.c808746e-9596-4ec1-8bfd-94800d162fcc/none_v3" "tx3be3f873d6f34e099a730-006a3272cd" "object-server 25" 0.0007 "-" 23 0
Jun 17 10:11:25 standalone object-server[128626]: 172.20.0.100 - - [17/Jun/2026:10:11:25 +0000] "PUT /d1/975/AUTH_93077b591a194213a7ddfd31d6f52cb9/gnocchi.c808746e-9596-4ec1-8bfd-94800d162fcc/none_v3" 201 - "PUT http://172.18.0.2:8080/v1/AUTH_93077b591a194213a7ddfd31d6f52cb9/gnocchi.c808746e-9596-4ec1-8bfd-94800d162fcc/none_v3" "tx3be3f873d6f34e099a730-006a3272cd" "proxy-server 12" 0.0100 "-" 25 0
Jun 17 10:11:25 standalone proxy-server[130424]: 172.18.0.2 172.18.0.100 17/Jun/2026/10/11/25 PUT /v1/AUTH_93077b591a194213a7ddfd31d6f52cb9/gnocchi.c808746e-9596-4ec1-8bfd-94800d162fcc/none_v3 HTTP/1.0 201 - python-swiftclient-3.11.1 gAAAAABqMnHo7MEw... 22 - - tx3be3f873d6f34e099a730-006a3272cd - 0.0144 - - 1781691085.575849056 1781691085.590208054 0
Jun 17 10:11:25 standalone container-server[128262]: 172.20.0.100 - - [17/Jun/2026:10:11:25 +0000] "HEAD /d1/107/AUTH_93077b591a194213a7ddfd31d6f52cb9/gnocchi.60843007-59d5-4a9e-a81f-c70ad996da98" 404 - "HEAD http://172.18.0.2:8080/v1/AUTH_93077b591a194213a7ddfd31d6f52cb9/gnocchi.60843007-59d5-4a9e-a81f-c70ad996da98?format=json&states=listing" "tx6b7b3a5208b142e5afa57-006a3272cd" "proxy-server 12" 0.0003 "-" 22 0
Jun 17 10:11:25 standalone object-server[128624]: 172.20.0.100 - - [17/Jun/2026:10:11:25 +0000] "GET /d1/353/AUTH_93077b591a194213a7ddfd31d6f52cb9/gnocchi.60843007-59d5-4a9e-a81f-c70ad996da98/none_v3" 404 70 "GET http://172.18.0.2:8080/v1/AUTH_93077b591a194213a7ddfd31d6f52cb9/gnocchi.60843007-59d5-4a9e-a81f-c70ad996da98/none_v3" "tx6b7b3a5208b142e5afa57-006a3272cd" "proxy-server 12" 0.0004 "-" 23 0
Jun 17 10:11:25 standalone proxy-server[130424]: 172.18.0.2 172.18.0.100 17/Jun/2026/10/11/25 GET /v1/AUTH_93077b591a194213a7ddfd31d6f52cb9/gnocchi.60843007-59d5-4a9e-a81f-c70ad996da98/none_v3 HTTP/1.0 404 - python-swiftclient-3.11.1 gAAAAABqMnHo7MEw... - 70 - tx6b7b3a5208b142e5afa57-006a3272cd - 0.0076 - - 1781691085.601267815 1781691085.608821154 0
Jun 17 10:11:25 standalone account-server[128306]: 172.20.0.100 - - [17/Jun/2026:10:11:25 +0000] "PUT /d1/62/AUTH_93077b591a194213a7ddfd31d6f52cb9/gnocchi.60843007-59d5-4a9e-a81f-c70ad996da98" 201 - "PUT http://172.20.0.100:6001/d1/107/AUTH_93077b591a194213a7ddfd31d6f52cb9/gnocchi.60843007-59d5-4a9e-a81f-c70ad996da98" "txaa848e4e18344f5692b68-006a3272cd" "container-server 22" 0.0056 "-" 16 0
Jun 17 10:11:25 standalone container-server[128262]: 172.20.0.100 - - [17/Jun/2026:10:11:25 +0000] "PUT /d1/107/AUTH_93077b591a194213a7ddfd31d6f52cb9/gnocchi.60843007-59d5-4a9e-a81f-c70ad996da98" 201 - "PUT http://172.18.0.2:8080/v1/AUTH_93077b591a194213a7ddfd31d6f52cb9/gnocchi.60843007-59d5-4a9e-a81f-c70ad996da98" "txaa848e4e18344f5692b68-006a3272cd" "proxy-server 12" 0.0144 "-" 22 0
Jun 17 10:11:25 standalone proxy-server[130424]: 172.18.0.2 172.18.0.100 17/Jun/2026/10/11/25 PUT /v1/AUTH_93077b591a194213a7ddfd31d6f52cb9/gnocchi.60843007-59d5-4a9e-a81f-c70ad996da98 HTTP/1.0 201 - python-swiftclient-3.11.1 gAAAAABqMnHo7MEw... - - - txaa848e4e18344f5692b68-006a3272cd - 0.0205 - - 1781691085.612100124 1781691085.632626534 0
Jun 17 10:11:25 standalone container-server[128262]: 172.20.0.100 - - [17/Jun/2026:10:11:25 +0000] "HEAD /d1/107/AUTH_93077b591a194213a7ddfd31d6f52cb9/gnocchi.60843007-59d5-4a9e-a81f-c70ad996da98" 204 - "HEAD http://172.18.0.2:8080/v1/AUTH_93077b591a194213a7ddfd31d6f52cb9/gnocchi.60843007-59d5-4a9e-a81f-c70ad996da98?format=json&states=listing" "txa52fb24369c9432395a62-006a3272cd" "proxy-server 12" 0.0016 "-" 22 0
Jun 17 10:11:25 standalone proxy-server[130424]: - - 17/Jun/2026/10/11/25 HEAD /v1/AUTH_93077b591a194213a7ddfd31d6f52cb9/gnocchi.60843007-59d5-4a9e-a81f-c70ad996da98%3Fformat%3Djson%26states%3Dlisting HTTP/1.0 204 - Swift - - - - txa52fb24369c9432395a62-006a3272cd - 0.0075 RL - 1781691085.638727188 1781691085.646266460 0
Jun 17 10:11:25 standalone container-server[128258]: 172.20.0.100 - - [17/Jun/2026:10:11:25 +0000] "GET /d1/107/AUTH_93077b591a194213a7ddfd31d6f52cb9/gnocchi.60843007-59d5-4a9e-a81f-c70ad996da98" 200 2 "GET http://172.18.0.2:8080/v1/AUTH_93077b591a194213a7ddfd31d6f52cb9/gnocchi.60843007-59d5-4a9e-a81f-c70ad996da98?format=json&states=listing" "txa52fb24369c9432395a62-006a3272cd" "proxy-server 12" 0.0034 "-" 20 0
Jun 17 10:11:25 standalone proxy-server[130424]: 172.18.0.2 172.18.0.100 17/Jun/2026/10/11/25 GET /v1/AUTH_93077b591a194213a7ddfd31d6f52cb9/gnocchi.60843007-59d5-4a9e-a81f-c70ad996da98%3Fformat%3Djson%26states%3Dlisting HTTP/1.0 200 - python-swiftclient-3.11.1 gAAAAABqMnHo7MEw... - 2 - txa52fb24369c9432395a62-006a3272cd - 0.0205 - - 1781691085.637224913 1781691085.657737255 0
Jun 17 10:11:25 standalone object-server[128625]: 172.20.0.100 - - [17/Jun/2026:10:11:25 +0000] "GET /d1/747/AUTH_93077b591a194213a7ddfd31d6f52cb9/gnocchi.60843007-59d5-4a9e-a81f-c70ad996da98/1780920000.0_mean_300.0_v3" 404 70 "GET http://172.18.0.2:8080/v1/AUTH_93077b591a194213a7ddfd31d6f52cb9/gnocchi.60843007-59d5-4a9e-a81f-c70ad996da98/1780920000.0_mean_300.0_v3" "txa2d0c7d7dfb747da95278-006a3272cd" "proxy-server 12" 0.0003 "-" 24 0
Jun 17 10:11:25 standalone proxy-server[130424]: 172.18.0.2 172.18.0.100 17/Jun/2026/10/11/25 GET /v1/AUTH_93077b591a194213a7ddfd31d6f52cb9/gnocchi.60843007-59d5-4a9e-a81f-c70ad996da98/1780920000.0_mean_300.0_v3 HTTP/1.0 404 - python-swiftclient-3.11.1 gAAAAABqMnHo7MEw... - 70 - txa2d0c7d7dfb747da95278-006a3272cd - 0.0064 - - 1781691085.662601233 1781691085.668966293 0
Jun 17 10:11:25 standalone container-server[128261]: 172.20.0.100 - - [17/Jun/2026:10:11:25 +0000] "PUT /d1/107/AUTH_93077b591a194213a7ddfd31d6f52cb9/gnocchi.60843007-59d5-4a9e-a81f-c70ad996da98/1780920000.0_mean_300.0_v3" 201 - "PUT http://172.18.0.2:8080/d1/747/AUTH_93077b591a194213a7ddfd31d6f52cb9/gnocchi.60843007-59d5-4a9e-a81f-c70ad996da98/1780920000.0_mean_300.0_v3" "tx48bf6fb4e0e64b3aacc0f-006a3272cd" "object-server 22" 0.0005 "-" 21 0
Jun 17 10:11:25 standalone object-server[128623]: 172.20.0.100 - - [17/Jun/2026:10:11:25 +0000] "PUT /d1/747/AUTH_93077b591a194213a7ddfd31d6f52cb9/gnocchi.60843007-59d5-4a9e-a81f-c70ad996da98/1780920000.0_mean_300.0_v3" 201 - "PUT http://172.18.0.2:8080/v1/AUTH_93077b591a194213a7ddfd31d6f52cb9/gnocchi.60843007-59d5-4a9e-a81f-c70ad996da98/1780920000.0_mean_300.0_v3" "tx48bf6fb4e0e64b3aacc0f-006a3272cd" "proxy-server 12" 0.0099 "-" 22 0
Jun 17 10:11:25 standalone proxy-server[130424]: 172.18.0.2 172.18.0.100 17/Jun/2026/10/11/25 PUT /v1/AUTH_93077b591a194213a7ddfd31d6f52cb9/gnocchi.60843007-59d5-4a9e-a81f-c70ad996da98/1780920000.0_mean_300.0_v3 HTTP/1.0 201 - python-swiftclient-3.11.1 gAAAAABqMnHo7MEw... 16 - - tx48bf6fb4e0e64b3aacc0f-006a3272cd - 0.0167 - - 1781691085.672808886 1781691085.689482927 0
Jun 17 10:11:25 standalone container-server[128269]: 172.20.0.100 - - [17/Jun/2026:10:11:25 +0000] "PUT /d1/107/AUTH_93077b591a194213a7ddfd31d6f52cb9/gnocchi.60843007-59d5-4a9e-a81f-c70ad996da98/none_v3" 201 - "PUT http://172.18.0.2:8080/d1/353/AUTH_93077b591a194213a7ddfd31d6f52cb9/gnocchi.60843007-59d5-4a9e-a81f-c70ad996da98/none_v3" "tx64a5bb8b3eb544418f1d2-006a3272cd" "object-server 24" 0.0009 "-" 23 0
Jun 17 10:11:25 standalone object-server[128625]: 172.20.0.100 - - [17/Jun/2026:10:11:25 +0000] "PUT /d1/353/AUTH_93077b591a194213a7ddfd31d6f52cb9/gnocchi.60843007-59d5-4a9e-a81f-c70ad996da98/none_v3" 201 - "PUT http://172.18.0.2:8080/v1/AUTH_93077b591a194213a7ddfd31d6f52cb9/gnocchi.60843007-59d5-4a9e-a81f-c70ad996da98/none_v3" "tx64a5bb8b3eb544418f1d2-006a3272cd" "proxy-server 12" 0.0113 "-" 24 0
Jun 17 10:11:25 standalone proxy-server[130424]: 172.18.0.2 172.18.0.100 17/Jun/2026/10/11/25 PUT /v1/AUTH_93077b591a194213a7ddfd31d6f52cb9/gnocchi.60843007-59d5-4a9e-a81f-c70ad996da98/none_v3 HTTP/1.0 201 - python-swiftclient-3.11.1 gAAAAABqMnHo7MEw... 22 - - tx64a5bb8b3eb544418f1d2-006a3272cd - 0.0180 - - 1781691085.693286419 1781691085.711252689 0
Jun 17 10:11:25 standalone container-server[128262]: 172.20.0.100 - - [17/Jun/2026:10:11:25 +0000] "HEAD /d1/646/AUTH_93077b591a194213a7ddfd31d6f52cb9/gnocchi.2b0fe103-5f28-4fe1-b040-6eb5e6156c3f" 404 - "HEAD http://172.18.0.2:8080/v1/AUTH_93077b591a194213a7ddfd31d6f52cb9/gnocchi.2b0fe103-5f28-4fe1-b040-6eb5e6156c3f?format=json&states=listing" "tx81b777f79a4c4cb284615-006a3272cd" "proxy-server 12" 0.0003 "-" 22 0
Jun 17 10:11:25 standalone object-server[128626]: 172.20.0.100 - - [17/Jun/2026:10:11:25 +0000] "GET /d1/648/AUTH_93077b591a194213a7ddfd31d6f52cb9/gnocchi.2b0fe103-5f28-4fe1-b040-6eb5e6156c3f/none_v3" 404 70 "GET http://172.18.0.2:8080/v1/AUTH_93077b591a194213a7ddfd31d6f52cb9/gnocchi.2b0fe103-5f28-4fe1-b040-6eb5e6156c3f/none_v3" "tx81b777f79a4c4cb284615-006a3272cd" "proxy-server 12" 0.0005 "-" 25 0
Jun 17 10:11:25 standalone proxy-server[130424]: 172.18.0.2 172.18.0.100 17/Jun/2026/10/11/25 GET /v1/AUTH_93077b591a194213a7ddfd31d6f52cb9/gnocchi.2b0fe103-5f28-4fe1-b040-6eb5e6156c3f/none_v3 HTTP/1.0 404 - python-swiftclient-3.11.1 gAAAAABqMnHo7MEw... - 70 - tx81b777f79a4c4cb284615-006a3272cd - 0.0122 - - 1781691085.722951412 1781691085.735121250 0
Jun 17 10:11:25 standalone account-server[128291]: 172.20.0.100 - - [17/Jun/2026:10:11:25 +0000] "PUT /d1/62/AUTH_93077b591a194213a7ddfd31d6f52cb9/gnocchi.2b0fe103-5f28-4fe1-b040-6eb5e6156c3f" 201 - "PUT http://172.20.0.100:6001/d1/646/AUTH_93077b591a194213a7ddfd31d6f52cb9/gnocchi.2b0fe103-5f28-4fe1-b040-6eb5e6156c3f" "tx1e3850243bbb439aae3ae-006a3272cd" "container-server 22" 0.0040 "-" 14 0
Jun 17 10:11:25 standalone container-server[128262]: 172.20.0.100 - - [17/Jun/2026:10:11:25 +0000] "PUT /d1/646/AUTH_93077b591a194213a7ddfd31d6f52cb9/gnocchi.2b0fe103-5f28-4fe1-b040-6eb5e6156c3f" 201 - "PUT http://172.18.0.2:8080/v1/AUTH_93077b591a194213a7ddfd31d6f52cb9/gnocchi.2b0fe103-5f28-4fe1-b040-6eb5e6156c3f" "tx1e3850243bbb439aae3ae-006a3272cd" "proxy-server 12" 0.0134 "-" 22 0
Jun 17 10:11:25 standalone proxy-server[130424]: 172.18.0.2 172.18.0.100 17/Jun/2026/10/11/25 PUT /v1/AUTH_93077b591a194213a7ddfd31d6f52cb9/gnocchi.2b0fe103-5f28-4fe1-b040-6eb5e6156c3f HTTP/1.0 201 - python-swiftclient-3.11.1 gAAAAABqMnHo7MEw... - - - tx1e3850243bbb439aae3ae-006a3272cd - 0.0203 - - 1781691085.738652229 1781691085.758987188 0
Jun 17 10:11:25 standalone container-server[128262]: 172.20.0.100 - - [17/Jun/2026:10:11:25 +0000] "HEAD /d1/646/AUTH_93077b591a194213a7ddfd31d6f52cb9/gnocchi.2b0fe103-5f28-4fe1-b040-6eb5e6156c3f" 204 - "HEAD http://172.18.0.2:8080/v1/AUTH_93077b591a194213a7ddfd31d6f52cb9/gnocchi.2b0fe103-5f28-4fe1-b040-6eb5e6156c3f?format=json&states=listing" "txc400093f048c4d9c89704-006a3272cd" "proxy-server 12" 0.0010 "-" 22 0
Jun 17 10:11:25 standalone proxy-server[130424]: - - 17/Jun/2026/10/11/25 HEAD /v1/AUTH_93077b591a194213a7ddfd31d6f52cb9/gnocchi.2b0fe103-5f28-4fe1-b040-6eb5e6156c3f%3Fformat%3Djson%26states%3Dlisting HTTP/1.0 204 - Swift - - - - txc400093f048c4d9c89704-006a3272cd - 0.0049 RL - 1781691085.765074253 1781691085.769960880 0
Jun 17 10:11:25 standalone container-server[128258]: 172.20.0.100 - - [17/Jun/2026:10:11:25 +0000] "GET /d1/646/AUTH_93077b591a194213a7ddfd31d6f52cb9/gnocchi.2b0fe103-5f28-4fe1-b040-6eb5e6156c3f" 200 2 "GET http://172.18.0.2:8080/v1/AUTH_93077b591a194213a7ddfd31d6f52cb9/gnocchi.2b0fe103-5f28-4fe1-b040-6eb5e6156c3f?format=json&states=listing" "txc400093f048c4d9c89704-006a3272cd" "proxy-server 12" 0.0046 "-" 20 0
Jun 17 10:11:25 standalone proxy-server[130424]: 172.18.0.2 172.18.0.100 17/Jun/2026/10/11/25 GET /v1/AUTH_93077b591a194213a7ddfd31d6f52cb9/gnocchi.2b0fe103-5f28-4fe1-b040-6eb5e6156c3f%3Fformat%3Djson%26states%3Dlisting HTTP/1.0 200 - python-swiftclient-3.11.1 gAAAAABqMnHo7MEw... - 2 - txc400093f048c4d9c89704-006a3272cd - 0.0205 - - 1781691085.763336182 1781691085.783880472 0
Jun 17 10:11:25 standalone object-server[128623]: 172.20.0.100 - - [17/Jun/2026:10:11:25 +0000] "GET /d1/632/AUTH_93077b591a194213a7ddfd31d6f52cb9/gnocchi.2b0fe103-5f28-4fe1-b040-6eb5e6156c3f/1780920000.0_mean_300.0_v3" 404 70 "GET http://172.18.0.2:8080/v1/AUTH_93077b591a194213a7ddfd31d6f52cb9/gnocchi.2b0fe103-5f28-4fe1-b040-6eb5e6156c3f/1780920000.0_mean_300.0_v3" "txa5e9b35328f144ecba7dd-006a3272cd" "proxy-server 12" 0.0005 "-" 22 0
Jun 17 10:11:25 standalone proxy-server[130424]: 172.18.0.2 172.18.0.100 17/Jun/2026/10/11/25 GET /v1/AUTH_93077b591a194213a7ddfd31d6f52cb9/gnocchi.2b0fe103-5f28-4fe1-b040-6eb5e6156c3f/1780920000.0_mean_300.0_v3 HTTP/1.0 404 - python-swiftclient-3.11.1 gAAAAABqMnHo7MEw... - 70 - txa5e9b35328f144ecba7dd-006a3272cd - 0.0090 - - 1781691085.789402485 1781691085.798450947 0
Jun 17 10:11:25 standalone container-server[128258]: 172.20.0.100 - - [17/Jun/2026:10:11:25 +0000] "PUT /d1/646/AUTH_93077b591a194213a7ddfd31d6f52cb9/gnocchi.2b0fe103-5f28-4fe1-b040-6eb5e6156c3f/1780920000.0_mean_300.0_v3" 201 - "PUT http://172.18.0.2:8080/d1/632/AUTH_93077b591a194213a7ddfd31d6f52cb9/gnocchi.2b0fe103-5f28-4fe1-b040-6eb5e6156c3f/1780920000.0_mean_300.0_v3" "txbc38bf0984ba47af900b1-006a3272cd" "object-server 23" 0.0008 "-" 20 0
Jun 17 10:11:25 standalone object-server[128624]: 172.20.0.100 - - [17/Jun/2026:10:11:25 +0000] "PUT /d1/632/AUTH_93077b591a194213a7ddfd31d6f52cb9/gnocchi.2b0fe103-5f28-4fe1-b040-6eb5e6156c3f/1780920000.0_mean_300.0_v3" 201 - "PUT http://172.18.0.2:8080/v1/AUTH_93077b591a194213a7ddfd31d6f52cb9/gnocchi.2b0fe103-5f28-4fe1-b040-6eb5e6156c3f/1780920000.0_mean_300.0_v3" "txbc38bf0984ba47af900b1-006a3272cd" "proxy-server 12" 0.0120 "-" 23 0
Jun 17 10:11:25 standalone proxy-server[130424]: 172.18.0.2 172.18.0.100 17/Jun/2026/10/11/25 PUT /v1/AUTH_93077b591a194213a7ddfd31d6f52cb9/gnocchi.2b0fe103-5f28-4fe1-b040-6eb5e6156c3f/1780920000.0_mean_300.0_v3 HTTP/1.0 201 - python-swiftclient-3.11.1 gAAAAABqMnHo7MEw... 16 - - txbc38bf0984ba47af900b1-006a3272cd - 0.0208 - - 1781691085.802326441 1781691085.823141336 0
Jun 17 10:11:25 standalone container-server[128261]: 172.20.0.100 - - [17/Jun/2026:10:11:25 +0000] "PUT /d1/646/AUTH_93077b591a194213a7ddfd31d6f52cb9/gnocchi.2b0fe103-5f28-4fe1-b040-6eb5e6156c3f/none_v3" 201 - "PUT http://172.18.0.2:8080/d1/648/AUTH_93077b591a194213a7ddfd31d6f52cb9/gnocchi.2b0fe103-5f28-4fe1-b040-6eb5e6156c3f/none_v3" "tx0bb8dd6cb36f447eacf06-006a3272cd" "object-server 25" 0.0004 "-" 21 0
Jun 17 10:11:25 standalone object-server[128626]: 172.20.0.100 - - [17/Jun/2026:10:11:25 +0000] "PUT /d1/648/AUTH_93077b591a194213a7ddfd31d6f52cb9/gnocchi.2b0fe103-5f28-4fe1-b040-6eb5e6156c3f/none_v3" 201 - "PUT http://172.18.0.2:8080/v1/AUTH_93077b591a194213a7ddfd31d6f52cb9/gnocchi.2b0fe103-5f28-4fe1-b040-6eb5e6156c3f/none_v3" "tx0bb8dd6cb36f447eacf06-006a3272cd" "proxy-server 12" 0.0110 "-" 25 0
Jun 17 10:11:25 standalone proxy-server[130424]: 172.18.0.2 172.18.0.100 17/Jun/2026/10/11/25 PUT /v1/AUTH_93077b591a194213a7ddfd31d6f52cb9/gnocchi.2b0fe103-5f28-4fe1-b040-6eb5e6156c3f/none_v3 HTTP/1.0 201 - python-swiftclient-3.11.1 gAAAAABqMnHo7MEw... 22 - - tx0bb8dd6cb36f447eacf06-006a3272cd - 0.0193 - - 1781691085.826831818 1781691085.846164465 0
Jun 17 10:11:25 standalone container-server[128262]: 172.20.0.100 - - [17/Jun/2026:10:11:25 +0000] "HEAD /d1/543/AUTH_93077b591a194213a7ddfd31d6f52cb9/gnocchi.60b033c5-2ec1-49c4-b2bb-027862f7100f" 404 - "HEAD http://172.18.0.2:8080/v1/AUTH_93077b591a194213a7ddfd31d6f52cb9/gnocchi.60b033c5-2ec1-49c4-b2bb-027862f7100f?format=json&states=listing" "txeba8fd2979ec430bb70ee-006a3272cd" "proxy-server 12" 0.0004 "-" 22 0
Jun 17 10:11:25 standalone object-server[128625]: 172.20.0.100 - - [17/Jun/2026:10:11:25 +0000] "GET /d1/806/AUTH_93077b591a194213a7ddfd31d6f52cb9/gnocchi.60b033c5-2ec1-49c4-b2bb-027862f7100f/none_v3" 404 70 "GET http://172.18.0.2:8080/v1/AUTH_93077b591a194213a7ddfd31d6f52cb9/gnocchi.60b033c5-2ec1-49c4-b2bb-027862f7100f/none_v3" "txeba8fd2979ec430bb70ee-006a3272cd" "proxy-server 12" 0.0003 "-" 24 0
Jun 17 10:11:25 standalone proxy-server[130424]: 172.18.0.2 172.18.0.100 17/Jun/2026/10/11/25 GET /v1/AUTH_93077b591a194213a7ddfd31d6f52cb9/gnocchi.60b033c5-2ec1-49c4-b2bb-027862f7100f/none_v3 HTTP/1.0 404 - python-swiftclient-3.11.1 gAAAAABqMnHo7MEw... - 70 - txeba8fd2979ec430bb70ee-006a3272cd - 0.0128 - - 1781691085.859803438 1781691085.872641802 0
Jun 17 10:11:25 standalone account-server[128295]: 172.20.0.100 - - [17/Jun/2026:10:11:25 +0000] "PUT /d1/62/AUTH_93077b591a194213a7ddfd31d6f52cb9/gnocchi.60b033c5-2ec1-49c4-b2bb-027862f7100f" 201 - "PUT http://172.20.0.100:6001/d1/543/AUTH_93077b591a194213a7ddfd31d6f52cb9/gnocchi.60b033c5-2ec1-49c4-b2bb-027862f7100f" "tx5a305a96e8a247e1885b2-006a3272cd" "container-server 21" 0.0179 "-" 15 0
Jun 17 10:11:25 standalone container-server[128261]: 172.20.0.100 - - [17/Jun/2026:10:11:25 +0000] "PUT /d1/543/AUTH_93077b591a194213a7ddfd31d6f52cb9/gnocchi.60b033c5-2ec1-49c4-b2bb-027862f7100f" 201 - "PUT http://172.18.0.2:8080/v1/AUTH_93077b591a194213a7ddfd31d6f52cb9/gnocchi.60b033c5-2ec1-49c4-b2bb-027862f7100f" "tx5a305a96e8a247e1885b2-006a3272cd" "proxy-server 12" 0.0392 "-" 21 0
Jun 17 10:11:25 standalone proxy-server[130424]: 172.18.0.2 172.18.0.100 17/Jun/2026/10/11/25 PUT /v1/AUTH_93077b591a194213a7ddfd31d6f52cb9/gnocchi.60b033c5-2ec1-49c4-b2bb-027862f7100f HTTP/1.0 201 - python-swiftclient-3.11.1 gAAAAABqMnHo7MEw... - - - tx5a305a96e8a247e1885b2-006a3272cd - 0.0459 - - 1781691085.876261473 1781691085.922161102 0
Jun 17 10:11:25 standalone container-server[128269]: 172.20.0.100 - - [17/Jun/2026:10:11:25 +0000] "HEAD /d1/543/AUTH_93077b591a194213a7ddfd31d6f52cb9/gnocchi.60b033c5-2ec1-49c4-b2bb-027862f7100f" 204 - "HEAD http://172.18.0.2:8080/v1/AUTH_93077b591a194213a7ddfd31d6f52cb9/gnocchi.60b033c5-2ec1-49c4-b2bb-027862f7100f?format=json&states=listing" "tx780ab57d73674dfcafb6c-006a3272cd" "proxy-server 12" 0.0024 "-" 23 0
Jun 17 10:11:25 standalone proxy-server[130424]: - - 17/Jun/2026/10/11/25 HEAD /v1/AUTH_93077b591a194213a7ddfd31d6f52cb9/gnocchi.60b033c5-2ec1-49c4-b2bb-027862f7100f%3Fformat%3Djson%26states%3Dlisting HTTP/1.0 204 - Swift - - - - tx780ab57d73674dfcafb6c-006a3272cd - 0.0063 RL - 1781691085.928182364 1781691085.934466124 0
Jun 17 10:11:25 standalone container-server[128269]: 172.20.0.100 - - [17/Jun/2026:10:11:25 +0000] "GET /d1/543/AUTH_93077b591a194213a7ddfd31d6f52cb9/gnocchi.60b033c5-2ec1-49c4-b2bb-027862f7100f" 200 2 "GET http://172.18.0.2:8080/v1/AUTH_93077b591a194213a7ddfd31d6f52cb9/gnocchi.60b033c5-2ec1-49c4-b2bb-027862f7100f?format=json&states=listing" "tx780ab57d73674dfcafb6c-006a3272cd" "proxy-server 12" 0.0033 "-" 23 0
Jun 17 10:11:25 standalone proxy-server[130424]: 172.18.0.2 172.18.0.100 17/Jun/2026/10/11/25 GET /v1/AUTH_93077b591a194213a7ddfd31d6f52cb9/gnocchi.60b033c5-2ec1-49c4-b2bb-027862f7100f%3Fformat%3Djson%26states%3Dlisting HTTP/1.0 200 - python-swiftclient-3.11.1 gAAAAABqMnHo7MEw... - 2 - tx780ab57d73674dfcafb6c-006a3272cd - 0.0170 - - 1781691085.927102566 1781691085.944141388 0
Jun 17 10:11:25 standalone object-server[128626]: 172.20.0.100 - - [17/Jun/2026:10:11:25 +0000] "GET /d1/474/AUTH_93077b591a194213a7ddfd31d6f52cb9/gnocchi.60b033c5-2ec1-49c4-b2bb-027862f7100f/1780920000.0_mean_300.0_v3" 404 70 "GET http://172.18.0.2:8080/v1/AUTH_93077b591a194213a7ddfd31d6f52cb9/gnocchi.60b033c5-2ec1-49c4-b2bb-027862f7100f/1780920000.0_mean_300.0_v3" "txf2ad33712d9547eeb2786-006a3272cd" "proxy-server 12" 0.0005 "-" 25 0
Jun 17 10:11:25 standalone proxy-server[130424]: 172.18.0.2 172.18.0.100 17/Jun/2026/10/11/25 GET /v1/AUTH_93077b591a194213a7ddfd31d6f52cb9/gnocchi.60b033c5-2ec1-49c4-b2bb-027862f7100f/1780920000.0_mean_300.0_v3 HTTP/1.0 404 - python-swiftclient-3.11.1 gAAAAABqMnHo7MEw... - 70 - txf2ad33712d9547eeb2786-006a3272cd - 0.0064 - - 1781691085.948363781 1781691085.954779387 0
Jun 17 10:11:25 standalone container-server[128269]: 172.20.0.100 - - [17/Jun/2026:10:11:25 +0000] "PUT /d1/543/AUTH_93077b591a194213a7ddfd31d6f52cb9/gnocchi.60b033c5-2ec1-49c4-b2bb-027862f7100f/1780920000.0_mean_300.0_v3" 201 - "PUT http://172.18.0.2:8080/d1/474/AUTH_93077b591a194213a7ddfd31d6f52cb9/gnocchi.60b033c5-2ec1-49c4-b2bb-027862f7100f/1780920000.0_mean_300.0_v3" "tx337aa066d1084484b5b6b-006a3272cd" "object-server 23" 0.0007 "-" 23 0
Jun 17 10:11:25 standalone object-server[128624]: 172.20.0.100 - - [17/Jun/2026:10:11:25 +0000] "PUT /d1/474/AUTH_93077b591a194213a7ddfd31d6f52cb9/gnocchi.60b033c5-2ec1-49c4-b2bb-027862f7100f/1780920000.0_mean_300.0_v3" 201 - "PUT http://172.18.0.2:8080/v1/AUTH_93077b591a194213a7ddfd31d6f52cb9/gnocchi.60b033c5-2ec1-49c4-b2bb-027862f7100f/1780920000.0_mean_300.0_v3" "tx337aa066d1084484b5b6b-006a3272cd" "proxy-server 12" 0.0112 "-" 23 0
Jun 17 10:11:25 standalone proxy-server[130424]: 172.18.0.2 172.18.0.100 17/Jun/2026/10/11/25 PUT /v1/AUTH_93077b591a194213a7ddfd31d6f52cb9/gnocchi.60b033c5-2ec1-49c4-b2bb-027862f7100f/1780920000.0_mean_300.0_v3 HTTP/1.0 201 - python-swiftclient-3.11.1 gAAAAABqMnHo7MEw... 16 - - tx337aa066d1084484b5b6b-006a3272cd - 0.0170 - - 1781691085.958410025 1781691085.975436211 0
Jun 17 10:11:25 standalone container-server[128261]: 172.20.0.100 - - [17/Jun/2026:10:11:25 +0000] "PUT /d1/543/AUTH_93077b591a194213a7ddfd31d6f52cb9/gnocchi.60b033c5-2ec1-49c4-b2bb-027862f7100f/none_v3" 201 - "PUT http://172.18.0.2:8080/d1/806/AUTH_93077b591a194213a7ddfd31d6f52cb9/gnocchi.60b033c5-2ec1-49c4-b2bb-027862f7100f/none_v3" "txa1fc62ccebee4a539740b-006a3272cd" "object-server 25" 0.0006 "-" 21 0
Jun 17 10:11:25 standalone object-server[128626]: 172.20.0.100 - - [17/Jun/2026:10:11:25 +0000] "PUT /d1/806/AUTH_93077b591a194213a7ddfd31d6f52cb9/gnocchi.60b033c5-2ec1-49c4-b2bb-027862f7100f/none_v3" 201 - "PUT http://172.18.0.2:8080/v1/AUTH_93077b591a194213a7ddfd31d6f52cb9/gnocchi.60b033c5-2ec1-49c4-b2bb-027862f7100f/none_v3" "txa1fc62ccebee4a539740b-006a3272cd" "proxy-server 12" 0.0094 "-" 25 0
Jun 17 10:11:25 standalone proxy-server[130424]: 172.18.0.2 172.18.0.100 17/Jun/2026/10/11/25 PUT /v1/AUTH_93077b591a194213a7ddfd31d6f52cb9/gnocchi.60b033c5-2ec1-49c4-b2bb-027862f7100f/none_v3 HTTP/1.0 201 - python-swiftclient-3.11.1 gAAAAABqMnHo7MEw... 22 - - txa1fc62ccebee4a539740b-006a3272cd - 0.0150 - - 1781691085.978829861 1781691085.993796587 0
Jun 17 10:11:26 standalone container-server[128269]: 172.20.0.100 - - [17/Jun/2026:10:11:26 +0000] "HEAD /d1/1000/AUTH_93077b591a194213a7ddfd31d6f52cb9/gnocchi.2025eca8-83ba-432e-8453-0d4e13f9b8ea" 404 - "HEAD http://172.18.0.2:8080/v1/AUTH_93077b591a194213a7ddfd31d6f52cb9/gnocchi.2025eca8-83ba-432e-8453-0d4e13f9b8ea?format=json&states=listing" "txd96ab4f685564e47be562-006a3272ce" "proxy-server 12" 0.0007 "-" 23 0
Jun 17 10:11:26 standalone object-server[128623]: 172.20.0.100 - - [17/Jun/2026:10:11:26 +0000] "GET /d1/408/AUTH_93077b591a194213a7ddfd31d6f52cb9/gnocchi.2025eca8-83ba-432e-8453-0d4e13f9b8ea/none_v3" 404 70 "GET http://172.18.0.2:8080/v1/AUTH_93077b591a194213a7ddfd31d6f52cb9/gnocchi.2025eca8-83ba-432e-8453-0d4e13f9b8ea/none_v3" "txd96ab4f685564e47be562-006a3272ce" "proxy-server 12" 0.0003 "-" 22 0
Jun 17 10:11:26 standalone proxy-server[130424]: 172.18.0.2 172.18.0.100 17/Jun/2026/10/11/26 GET /v1/AUTH_93077b591a194213a7ddfd31d6f52cb9/gnocchi.2025eca8-83ba-432e-8453-0d4e13f9b8ea/none_v3 HTTP/1.0 404 - python-swiftclient-3.11.1 gAAAAABqMnHo7MEw... - 70 - txd96ab4f685564e47be562-006a3272ce - 0.0095 - - 1781691086.006238937 1781691086.015717030 0
Jun 17 10:11:26 standalone account-server[128316]: 172.20.0.100 - - [17/Jun/2026:10:11:26 +0000] "PUT /d1/62/AUTH_93077b591a194213a7ddfd31d6f52cb9/gnocchi.2025eca8-83ba-432e-8453-0d4e13f9b8ea" 201 - "PUT http://172.20.0.100:6001/d1/1000/AUTH_93077b591a194213a7ddfd31d6f52cb9/gnocchi.2025eca8-83ba-432e-8453-0d4e13f9b8ea" "tx030d85cb1f4340039dbd2-006a3272ce" "container-server 22" 0.0043 "-" 17 0
Jun 17 10:11:26 standalone container-server[128262]: 172.20.0.100 - - [17/Jun/2026:10:11:26 +0000] "PUT /d1/1000/AUTH_93077b591a194213a7ddfd31d6f52cb9/gnocchi.2025eca8-83ba-432e-8453-0d4e13f9b8ea" 201 - "PUT http://172.18.0.2:8080/v1/AUTH_93077b591a194213a7ddfd31d6f52cb9/gnocchi.2025eca8-83ba-432e-8453-0d4e13f9b8ea" "tx030d85cb1f4340039dbd2-006a3272ce" "proxy-server 12" 0.0117 "-" 22 0
Jun 17 10:11:26 standalone proxy-server[130424]: 172.18.0.2 172.18.0.100 17/Jun/2026/10/11/26 PUT /v1/AUTH_93077b591a194213a7ddfd31d6f52cb9/gnocchi.2025eca8-83ba-432e-8453-0d4e13f9b8ea HTTP/1.0 201 - python-swiftclient-3.11.1 gAAAAABqMnHo7MEw... - - - tx030d85cb1f4340039dbd2-006a3272ce - 0.0157 - - 1781691086.018864393 1781691086.034559488 0
Jun 17 10:11:26 standalone container-server[128269]: 172.20.0.100 - - [17/Jun/2026:10:11:26 +0000] "HEAD /d1/1000/AUTH_93077b591a194213a7ddfd31d6f52cb9/gnocchi.2025eca8-83ba-432e-8453-0d4e13f9b8ea" 204 - "HEAD http://172.18.0.2:8080/v1/AUTH_93077b591a194213a7ddfd31d6f52cb9/gnocchi.2025eca8-83ba-432e-8453-0d4e13f9b8ea?format=json&states=listing" "tx27b1f502ede04f818f683-006a3272ce" "proxy-server 12" 0.0020 "-" 23 0
Jun 17 10:11:26 standalone proxy-server[130424]: - - 17/Jun/2026/10/11/26 HEAD /v1/AUTH_93077b591a194213a7ddfd31d6f52cb9/gnocchi.2025eca8-83ba-432e-8453-0d4e13f9b8ea%3Fformat%3Djson%26states%3Dlisting HTTP/1.0 204 - Swift - - - - tx27b1f502ede04f818f683-006a3272ce - 0.0053 RL - 1781691086.041819572 1781691086.047141314 0
Jun 17 10:11:26 standalone container-server[128258]: 172.20.0.100 - - [17/Jun/2026:10:11:26 +0000] "GET /d1/1000/AUTH_93077b591a194213a7ddfd31d6f52cb9/gnocchi.2025eca8-83ba-432e-8453-0d4e13f9b8ea" 200 2 "GET http://172.18.0.2:8080/v1/AUTH_93077b591a194213a7ddfd31d6f52cb9/gnocchi.2025eca8-83ba-432e-8453-0d4e13f9b8ea?format=json&states=listing" "tx27b1f502ede04f818f683-006a3272ce" "proxy-server 12" 0.0032 "-" 20 0
Jun 17 10:11:26 standalone proxy-server[130424]: 172.18.0.2 172.18.0.100 17/Jun/2026/10/11/26 GET /v1/AUTH_93077b591a194213a7ddfd31d6f52cb9/gnocchi.2025eca8-83ba-432e-8453-0d4e13f9b8ea%3Fformat%3Djson%26states%3Dlisting HTTP/1.0 200 - python-swiftclient-3.11.1 gAAAAABqMnHo7MEw... - 2 - tx27b1f502ede04f818f683-006a3272ce - 0.0172 - - 1781691086.039115667 1781691086.056330919 0
Jun 17 10:11:26 standalone object-server[128624]: 172.20.0.100 - - [17/Jun/2026:10:11:26 +0000] "GET /d1/731/AUTH_93077b591a194213a7ddfd31d6f52cb9/gnocchi.2025eca8-83ba-432e-8453-0d4e13f9b8ea/1780920000.0_mean_300.0_v3" 404 70 "GET http://172.18.0.2:8080/v1/AUTH_93077b591a194213a7ddfd31d6f52cb9/gnocchi.2025eca8-83ba-432e-8453-0d4e13f9b8ea/1780920000.0_mean_300.0_v3" "txf261e1ddaa1e42f3b588e-006a3272ce" "proxy-server 12" 0.0005 "-" 23 0
Jun 17 10:11:26 standalone proxy-server[130424]: 172.18.0.2 172.18.0.100 17/Jun/2026/10/11/26 GET /v1/AUTH_93077b591a194213a7ddfd31d6f52cb9/gnocchi.2025eca8-83ba-432e-8453-0d4e13f9b8ea/1780920000.0_mean_300.0_v3 HTTP/1.0 404 - python-swiftclient-3.11.1 gAAAAABqMnHo7MEw... - 70 - txf261e1ddaa1e42f3b588e-006a3272ce - 0.0065 - - 1781691086.060394526 1781691086.066934586 0
