Jun 17 09:56:26 standalone account-server[127868]: Starting 2
Jun 17 09:56:27 standalone container-server[127993]: Option allow_versions is deprecated. Configure the versioned_writes middleware in the proxy-server instead. This option will be ignored in a future release.
Jun 17 09:56:27 standalone container-server[128258]: Option allow_versions is deprecated. Configure the versioned_writes middleware in the proxy-server instead. This option will be ignored in a future release.
Jun 17 09:56:27 standalone container-server[127993]: Started child 20 from parent 2
Jun 17 09:56:27 standalone container-server[128261]: Option allow_versions is deprecated. Configure the versioned_writes middleware in the proxy-server instead. This option will be ignored in a future release.
Jun 17 09:56:27 standalone container-server[127993]: Started child 21 from parent 2
Jun 17 09:56:27 standalone container-server[128262]: Option allow_versions is deprecated. Configure the versioned_writes middleware in the proxy-server instead. This option will be ignored in a future release.
Jun 17 09:56:27 standalone container-server[127993]: Started child 22 from parent 2
Jun 17 09:56:27 standalone container-server[128269]: Option allow_versions is deprecated. Configure the versioned_writes middleware in the proxy-server instead. This option will be ignored in a future release.
Jun 17 09:56:27 standalone container-server[127993]: Started child 23 from parent 2
Jun 17 09:56:27 standalone account-server[127961]: Started child 14 from parent 2
Jun 17 09:56:27 standalone account-server[127961]: Started child 15 from parent 2
Jun 17 09:56:27 standalone container-server[127959]: Starting 2
Jun 17 09:56:27 standalone account-server[127961]: Started child 16 from parent 2
Jun 17 09:56:27 standalone account-server[127961]: Started child 17 from parent 2
Jun 17 09:56:27 standalone object-expirer[128304]: Starting 2
Jun 17 09:56:27 standalone object-expirer[128304]: Option auto_create_account_prefix is deprecated. Configure auto_create_account_prefix under the swift-constraints section of swift.conf. This option will be ignored in a future release.
Jun 17 09:56:28 standalone object-server[128387]: Starting 2
Jun 17 09:56:28 standalone object-server[128419]: Started child 22 from parent 2
Jun 17 09:56:28 standalone object-server[128419]: Started child 23 from parent 2
Jun 17 09:56:28 standalone object-server[128419]: Started child 24 from parent 2
Jun 17 09:56:28 standalone object-server[128419]: Started child 25 from parent 2
Jun 17 09:56:33 standalone proxy-server[130141]: Starting Keystone auth_token middleware
Jun 17 09:56:33 standalone proxy-server[130141]: AuthToken middleware is set with keystone_authtoken.service_token_roles_required set to False. This is backwards compatible but deprecated behaviour. Please set this to True.
Jun 17 09:56:33 standalone proxy-server[130424]: Starting Keystone auth_token middleware
Jun 17 09:56:33 standalone proxy-server[130424]: STDERR: The option "bind_port" is not known to keystonemiddleware
Jun 17 09:56:33 standalone proxy-server[130424]: STDERR: The option "workers" is not known to keystonemiddleware
Jun 17 09:56:33 standalone proxy-server[130424]: STDERR: The option "user" is not known to keystonemiddleware
Jun 17 09:56:33 standalone proxy-server[130424]: STDERR: The option "bind_ip" is not known to keystonemiddleware
Jun 17 09:56:33 standalone proxy-server[130424]: STDERR: The option "log_name" is not known to keystonemiddleware
Jun 17 09:56:33 standalone proxy-server[130424]: STDERR: The option "log_facility" is not known to keystonemiddleware
Jun 17 09:56:33 standalone proxy-server[130424]: STDERR: The option "log_level" is not known to keystonemiddleware
Jun 17 09:56:33 standalone proxy-server[130424]: STDERR: The option "log_headers" is not known to keystonemiddleware
Jun 17 09:56:33 standalone proxy-server[130424]: STDERR: The option "log_address" is not known to keystonemiddleware
Jun 17 09:56:33 standalone proxy-server[130424]: STDERR: The option "project_name" is not known to keystonemiddleware
Jun 17 09:56:33 standalone proxy-server[130424]: STDERR: The option "username" is not known to keystonemiddleware
Jun 17 09:56:33 standalone proxy-server[130424]: STDERR: The option "password" is not known to keystonemiddleware
Jun 17 09:56:33 standalone proxy-server[130424]: STDERR: The option "auth_url" is not known to keystonemiddleware
Jun 17 09:56:33 standalone proxy-server[130424]: STDERR: The option "signing_dir" is not known to keystonemiddleware
Jun 17 09:56:33 standalone proxy-server[130424]: STDERR: The option "project_domain_id" is not known to keystonemiddleware
Jun 17 09:56:33 standalone proxy-server[130424]: STDERR: The option "user_domain_id" is not known to keystonemiddleware
Jun 17 09:56:33 standalone proxy-server[130424]: STDERR: The option "__name__" is not known to keystonemiddleware
Jun 17 09:56:33 standalone proxy-server[130424]: AuthToken middleware is set with keystone_authtoken.service_token_roles_required set to False. This is backwards compatible but deprecated behaviour. Please set this to True.
Jun 17 09:56:33 standalone proxy-server[130141]: Started child 12 from parent 2
Jun 17 09:57:26 standalone account-server[128295]: 172.20.0.100 - - [17/Jun/2026:09:57:26 +0000] "HEAD /d1/96/.expiring_objects" 404 - "HEAD http://localhost/v1/.expiring_objects?format=json" "txc1d435e9e10c46509b2ce-006a326f86" "proxy-server 2" 0.0017 "-" 15 -
Jun 17 09:57:26 standalone object-expirer[128304]: Pass completed in 0s; 0 objects expired (txn: txc1d435e9e10c46509b2ce-006a326f86)
Jun 17 09:58:14 standalone account-server[128295]: 172.20.0.100 - - [17/Jun/2026:09:58:14 +0000] "HEAD /d1/96/.expiring_objects" 404 - "HEAD http://localhost/v1/.expiring_objects?format=json" "txd89dd22a8e2642b5bb0bf-006a326fb6" "proxy-server 2" 0.0007 "-" 15 -
Jun 17 09:58:14 standalone object-expirer[128304]: Pass completed in 0s; 0 objects expired (txn: txd89dd22a8e2642b5bb0bf-006a326fb6)
Jun 17 09:59:33 standalone container-server[127959]: Begin container update sweep
Jun 17 09:59:33 standalone container-server[127959]: Container update sweep completed: 0.00s
Jun 17 10:01:13 standalone object-server[128387]: Begin object update sweep
Jun 17 10:01:13 standalone object-server[163559]: Object update sweep starting on /srv/node/d1 (pid: 12)
Jun 17 10:01:13 standalone object-server[163559]: Object update sweep completed on /srv/node/d1 in 0.00s seconds:, 0 successes, 0 failures, 0 quarantines, 0 unlinks, 0 errors, 0 redirects (pid: 12)
Jun 17 10:01:13 standalone object-server[163559]: Object update sweep of d1 completed: 0.00s, 0 successes, 0 failures, 0 quarantines, 0 unlinks, 0 errors, 0 redirects
Jun 17 10:01:13 standalone object-server[128387]: Object update sweep completed: 0.08s
Jun 17 10:02:29 standalone account-server[127868]: Devices pass completed: 0.00s
Jun 17 10:02:39 standalone account-server[128295]: 172.20.0.100 - - [17/Jun/2026:10:02:39 +0000] "HEAD /d1/96/.expiring_objects" 404 - "HEAD http://localhost/v1/.expiring_objects?format=json" "txefa881d2013240afa1db3-006a3270bf" "proxy-server 2" 0.0005 "-" 15 -
Jun 17 10:02:39 standalone object-expirer[128304]: Pass completed in 0s; 0 objects expired (txn: txefa881d2013240afa1db3-006a3270bf)
Jun 17 10:04:33 standalone container-server[127959]: Begin container update sweep
Jun 17 10:04:33 standalone container-server[127959]: Container update sweep completed: 0.00s
Jun 17 10:06:13 standalone object-server[128387]: Begin object update sweep
Jun 17 10:06:13 standalone object-server[206681]: Object update sweep starting on /srv/node/d1 (pid: 13)
Jun 17 10:06:13 standalone object-server[206681]: Object update sweep completed on /srv/node/d1 in 0.00s seconds:, 0 successes, 0 failures, 0 quarantines, 0 unlinks, 0 errors, 0 redirects (pid: 13)
Jun 17 10:06:13 standalone object-server[206681]: Object update sweep of d1 completed: 0.00s, 0 successes, 0 failures, 0 quarantines, 0 unlinks, 0 errors, 0 redirects
Jun 17 10:06:13 standalone object-server[128387]: Object update sweep completed: 0.08s
Jun 17 10:07:21 standalone account-server[128295]: 172.20.0.100 - - [17/Jun/2026:10:07:21 +0000] "HEAD /d1/96/.expiring_objects" 404 - "HEAD http://localhost/v1/.expiring_objects?format=json" "txc575c6358a884442acf78-006a3271d9" "proxy-server 2" 0.0005 "-" 15 -
Jun 17 10:07:21 standalone object-expirer[128304]: Pass completed in 0s; 0 objects expired (txn: txc575c6358a884442acf78-006a3271d9)
Jun 17 10:07:36 standalone account-server[128316]: 172.20.0.100 - - [17/Jun/2026:10:07:36 +0000] "HEAD /d1/62/AUTH_93077b591a194213a7ddfd31d6f52cb9" 404 - "HEAD http://172.18.0.2:8080/v1/AUTH_93077b591a194213a7ddfd31d6f52cb9?format=json" "tx9df2b9802ec64eb7814fb-006a3271e8" "proxy-server 12" 0.0009 "-" 17 -
Jun 17 10:07:36 standalone proxy-server[130424]: - - 17/Jun/2026/10/07/36 HEAD /v1/AUTH_93077b591a194213a7ddfd31d6f52cb9%3Fformat%3Djson HTTP/1.0 200 - Swift - - - - tx9df2b9802ec64eb7814fb-006a3271e8 - 0.0051 RL - 1781690856.993284464 1781690856.998350859 -
Jun 17 10:07:37 standalone object-server[128623]: 172.20.0.100 - - [17/Jun/2026:10:07:37 +0000] "GET /d1/165/AUTH_93077b591a194213a7ddfd31d6f52cb9/gnocchi.268a19ff-5c9e-4a1d-8e56-e925ff525a60/none_v3" 404 70 "GET http://172.18.0.2:8080/v1/AUTH_93077b591a194213a7ddfd31d6f52cb9/gnocchi.268a19ff-5c9e-4a1d-8e56-e925ff525a60/none_v3" "tx9df2b9802ec64eb7814fb-006a3271e8" "proxy-server 12" 0.0008 "-" 22 0
Jun 17 10:07:37 standalone proxy-server[130424]: 172.18.0.2 172.18.0.100 17/Jun/2026/10/07/37 GET /v1/AUTH_93077b591a194213a7ddfd31d6f52cb9/gnocchi.268a19ff-5c9e-4a1d-8e56-e925ff525a60/none_v3 HTTP/1.0 404 - python-swiftclient-3.11.1 gAAAAABqMnHo7MEw... - 70 - tx9df2b9802ec64eb7814fb-006a3271e8 - 0.4272 - - 1781690856.990851879 1781690857.418056250 0
Jun 17 10:07:37 standalone account-server[128291]: 172.20.0.100 - - [17/Jun/2026:10:07:37 +0000] "PUT /d1/62/AUTH_93077b591a194213a7ddfd31d6f52cb9" 201 - "-" "tx502b637abe364de6a8c27-006a3271e9" "-" 0.0152 "-" 14 -
Jun 17 10:07:37 standalone proxy-server[130424]: autocreate account '/AUTH_93077b591a194213a7ddfd31d6f52cb9' (txn: tx502b637abe364de6a8c27-006a3271e9)
Jun 17 10:07:37 standalone account-server[128316]: 172.20.0.100 - - [17/Jun/2026:10:07:37 +0000] "HEAD /d1/62/AUTH_93077b591a194213a7ddfd31d6f52cb9" 204 - "HEAD http://172.18.0.2:8080/v1/AUTH_93077b591a194213a7ddfd31d6f52cb9?format=json" "tx502b637abe364de6a8c27-006a3271e9" "proxy-server 12" 0.0020 "-" 17 -
Jun 17 10:07:37 standalone account-server[128306]: 172.20.0.100 - - [17/Jun/2026:10:07:37 +0000] "PUT /d1/62/AUTH_93077b591a194213a7ddfd31d6f52cb9/gnocchi.268a19ff-5c9e-4a1d-8e56-e925ff525a60" 201 - "PUT http://172.20.0.100:6001/d1/1000/AUTH_93077b591a194213a7ddfd31d6f52cb9/gnocchi.268a19ff-5c9e-4a1d-8e56-e925ff525a60" "tx502b637abe364de6a8c27-006a3271e9" "container-server 21" 0.0034 "-" 16 0
Jun 17 10:07:37 standalone container-server[128261]: 172.20.0.100 - - [17/Jun/2026:10:07:37 +0000] "PUT /d1/1000/AUTH_93077b591a194213a7ddfd31d6f52cb9/gnocchi.268a19ff-5c9e-4a1d-8e56-e925ff525a60" 201 - "PUT http://172.18.0.2:8080/v1/AUTH_93077b591a194213a7ddfd31d6f52cb9/gnocchi.268a19ff-5c9e-4a1d-8e56-e925ff525a60" "tx502b637abe364de6a8c27-006a3271e9" "proxy-server 12" 0.0178 "-" 21 0
Jun 17 10:07:37 standalone proxy-server[130424]: 172.18.0.2 172.18.0.100 17/Jun/2026/10/07/37 PUT /v1/AUTH_93077b591a194213a7ddfd31d6f52cb9/gnocchi.268a19ff-5c9e-4a1d-8e56-e925ff525a60 HTTP/1.0 201 - python-swiftclient-3.11.1 gAAAAABqMnHo7MEw... - - - tx502b637abe364de6a8c27-006a3271e9 - 0.0505 - - 1781690857.422399759 1781690857.472925425 0
Jun 17 10:07:37 standalone container-server[128258]: 172.20.0.100 - - [17/Jun/2026:10:07:37 +0000] "HEAD /d1/1000/AUTH_93077b591a194213a7ddfd31d6f52cb9/gnocchi.268a19ff-5c9e-4a1d-8e56-e925ff525a60" 204 - "HEAD http://172.18.0.2:8080/v1/AUTH_93077b591a194213a7ddfd31d6f52cb9/gnocchi.268a19ff-5c9e-4a1d-8e56-e925ff525a60?format=json&states=listing" "txd46e7326e5bd4e379f1c7-006a3271e9" "proxy-server 12" 0.0024 "-" 20 0
Jun 17 10:07:37 standalone proxy-server[130424]: - - 17/Jun/2026/10/07/37 HEAD /v1/AUTH_93077b591a194213a7ddfd31d6f52cb9/gnocchi.268a19ff-5c9e-4a1d-8e56-e925ff525a60%3Fformat%3Djson%26states%3Dlisting HTTP/1.0 204 - Swift - - - - txd46e7326e5bd4e379f1c7-006a3271e9 - 0.0064 RL - 1781690857.480250597 1781690857.486653090 0
Jun 17 10:07:37 standalone container-server[128261]: 172.20.0.100 - - [17/Jun/2026:10:07:37 +0000] "GET /d1/1000/AUTH_93077b591a194213a7ddfd31d6f52cb9/gnocchi.268a19ff-5c9e-4a1d-8e56-e925ff525a60" 200 2 "GET http://172.18.0.2:8080/v1/AUTH_93077b591a194213a7ddfd31d6f52cb9/gnocchi.268a19ff-5c9e-4a1d-8e56-e925ff525a60?format=json&states=listing" "txd46e7326e5bd4e379f1c7-006a3271e9" "proxy-server 12" 0.0039 "-" 21 0
Jun 17 10:07:37 standalone proxy-server[130424]: 172.18.0.2 172.18.0.100 17/Jun/2026/10/07/37 GET /v1/AUTH_93077b591a194213a7ddfd31d6f52cb9/gnocchi.268a19ff-5c9e-4a1d-8e56-e925ff525a60%3Fformat%3Djson%26states%3Dlisting HTTP/1.0 200 - python-swiftclient-3.11.1 gAAAAABqMnHo7MEw... - 2 - txd46e7326e5bd4e379f1c7-006a3271e9 - 0.0208 - - 1781690857.478454113 1781690857.499294996 0
Jun 17 10:07:37 standalone object-server[128624]: 172.20.0.100 - - [17/Jun/2026:10:07:37 +0000] "GET /d1/314/AUTH_93077b591a194213a7ddfd31d6f52cb9/gnocchi.268a19ff-5c9e-4a1d-8e56-e925ff525a60/1780920000.0_mean_300.0_v3" 404 70 "GET http://172.18.0.2:8080/v1/AUTH_93077b591a194213a7ddfd31d6f52cb9/gnocchi.268a19ff-5c9e-4a1d-8e56-e925ff525a60/1780920000.0_mean_300.0_v3" "txdc59e7d4c7264c888818c-006a3271e9" "proxy-server 12" 0.0011 "-" 23 0
Jun 17 10:07:37 standalone proxy-server[130424]: 172.18.0.2 172.18.0.100 17/Jun/2026/10/07/37 GET /v1/AUTH_93077b591a194213a7ddfd31d6f52cb9/gnocchi.268a19ff-5c9e-4a1d-8e56-e925ff525a60/1780920000.0_mean_300.0_v3 HTTP/1.0 404 - python-swiftclient-3.11.1 gAAAAABqMnHo7MEw... - 70 - txdc59e7d4c7264c888818c-006a3271e9 - 0.0098 - - 1781690857.505389929 1781690857.515201092 0
Jun 17 10:07:37 standalone container-server[128269]: 172.20.0.100 - - [17/Jun/2026:10:07:37 +0000] "PUT /d1/1000/AUTH_93077b591a194213a7ddfd31d6f52cb9/gnocchi.268a19ff-5c9e-4a1d-8e56-e925ff525a60/1780920000.0_mean_300.0_v3" 201 - "PUT http://172.18.0.2:8080/d1/314/AUTH_93077b591a194213a7ddfd31d6f52cb9/gnocchi.268a19ff-5c9e-4a1d-8e56-e925ff525a60/1780920000.0_mean_300.0_v3" "tx9881868703554c408796d-006a3271e9" "object-server 25" 0.0017 "-" 23 0
Jun 17 10:07:37 standalone object-server[128626]: 172.20.0.100 - - [17/Jun/2026:10:07:37 +0000] "PUT /d1/314/AUTH_93077b591a194213a7ddfd31d6f52cb9/gnocchi.268a19ff-5c9e-4a1d-8e56-e925ff525a60/1780920000.0_mean_300.0_v3" 201 - "PUT http://172.18.0.2:8080/v1/AUTH_93077b591a194213a7ddfd31d6f52cb9/gnocchi.268a19ff-5c9e-4a1d-8e56-e925ff525a60/1780920000.0_mean_300.0_v3" "tx9881868703554c408796d-006a3271e9" "proxy-server 12" 0.0371 "-" 25 0
Jun 17 10:07:37 standalone proxy-server[130424]: 172.18.0.2 172.18.0.100 17/Jun/2026/10/07/37 PUT /v1/AUTH_93077b591a194213a7ddfd31d6f52cb9/gnocchi.268a19ff-5c9e-4a1d-8e56-e925ff525a60/1780920000.0_mean_300.0_v3 HTTP/1.0 201 - python-swiftclient-3.11.1 gAAAAABqMnHo7MEw... 16 - - tx9881868703554c408796d-006a3271e9 - 0.0462 - - 1781690857.519695044 1781690857.565921307 0
Jun 17 10:07:37 standalone container-server[128261]: 172.20.0.100 - - [17/Jun/2026:10:07:37 +0000] "PUT /d1/1000/AUTH_93077b591a194213a7ddfd31d6f52cb9/gnocchi.268a19ff-5c9e-4a1d-8e56-e925ff525a60/none_v3" 201 - "PUT http://172.18.0.2:8080/d1/165/AUTH_93077b591a194213a7ddfd31d6f52cb9/gnocchi.268a19ff-5c9e-4a1d-8e56-e925ff525a60/none_v3" "tx4839412826bc4bc2beeac-006a3271e9" "object-server 23" 0.0009 "-" 21 0
Jun 17 10:07:37 standalone object-server[128624]: 172.20.0.100 - - [17/Jun/2026:10:07:37 +0000] "PUT /d1/165/AUTH_93077b591a194213a7ddfd31d6f52cb9/gnocchi.268a19ff-5c9e-4a1d-8e56-e925ff525a60/none_v3" 201 - "PUT http://172.18.0.2:8080/v1/AUTH_93077b591a194213a7ddfd31d6f52cb9/gnocchi.268a19ff-5c9e-4a1d-8e56-e925ff525a60/none_v3" "tx4839412826bc4bc2beeac-006a3271e9" "proxy-server 12" 0.0346 "-" 23 0
Jun 17 10:07:37 standalone proxy-server[130424]: 172.18.0.2 172.18.0.100 17/Jun/2026/10/07/37 PUT /v1/AUTH_93077b591a194213a7ddfd31d6f52cb9/gnocchi.268a19ff-5c9e-4a1d-8e56-e925ff525a60/none_v3 HTTP/1.0 201 - python-swiftclient-3.11.1 gAAAAABqMnHo7MEw... 22 - - tx4839412826bc4bc2beeac-006a3271e9 - 0.0496 - - 1781690857.571613789 1781690857.621235609 0
Jun 17 10:08:06 standalone object-server[128624]: 172.20.0.100 - - [17/Jun/2026:10:08:06 +0000] "GET /d1/165/AUTH_93077b591a194213a7ddfd31d6f52cb9/gnocchi.268a19ff-5c9e-4a1d-8e56-e925ff525a60/none_v3" 200 22 "GET http://172.18.0.2:8080/v1/AUTH_93077b591a194213a7ddfd31d6f52cb9/gnocchi.268a19ff-5c9e-4a1d-8e56-e925ff525a60/none_v3" "tx3784f927a7044f19844c0-006a327206" "proxy-server 12" 0.0010 "-" 23 0
Jun 17 10:08:06 standalone proxy-server[130424]: 172.18.0.2 172.18.0.100 17/Jun/2026/10/08/06 GET /v1/AUTH_93077b591a194213a7ddfd31d6f52cb9/gnocchi.268a19ff-5c9e-4a1d-8e56-e925ff525a60/none_v3 HTTP/1.0 200 - python-swiftclient-3.11.1 gAAAAABqMnHo7MEw... - 22 - tx3784f927a7044f19844c0-006a327206 - 0.0105 - - 1781690886.754611015 1781690886.765148401 0
Jun 17 10:08:06 standalone container-server[128262]: 172.20.0.100 - - [17/Jun/2026:10:08:06 +0000] "GET /d1/1000/AUTH_93077b591a194213a7ddfd31d6f52cb9/gnocchi.268a19ff-5c9e-4a1d-8e56-e925ff525a60" 200 357 "GET http://172.18.0.2:8080/v1/AUTH_93077b591a194213a7ddfd31d6f52cb9/gnocchi.268a19ff-5c9e-4a1d-8e56-e925ff525a60?format=json&states=listing" "tx851cf24149134f1fa8b28-006a327206" "proxy-server 12" 0.0183 "-" 22 0
Jun 17 10:08:06 standalone proxy-server[130424]: 172.18.0.2 172.18.0.100 17/Jun/2026/10/08/06 GET /v1/AUTH_93077b591a194213a7ddfd31d6f52cb9/gnocchi.268a19ff-5c9e-4a1d-8e56-e925ff525a60%3Fformat%3Djson%26states%3Dlisting HTTP/1.0 200 - python-swiftclient-3.11.1 gAAAAABqMnHo7MEw... - 357 - tx851cf24149134f1fa8b28-006a327206 - 0.0274 - - 1781690886.769093513 1781690886.796480179 0
Jun 17 10:08:06 standalone container-server[128258]: 172.20.0.100 - - [17/Jun/2026:10:08:06 +0000] "GET /d1/1000/AUTH_93077b591a194213a7ddfd31d6f52cb9/gnocchi.268a19ff-5c9e-4a1d-8e56-e925ff525a60" 200 2 "GET http://172.18.0.2:8080/v1/AUTH_93077b591a194213a7ddfd31d6f52cb9/gnocchi.268a19ff-5c9e-4a1d-8e56-e925ff525a60?format=json&marker=none_v3&states=listing" "tx95586b6fff7f4030940bc-006a327206" "proxy-server 12" 0.0027 "-" 20 0
Jun 17 10:08:06 standalone proxy-server[130424]: 172.18.0.2 172.18.0.100 17/Jun/2026/10/08/06 GET /v1/AUTH_93077b591a194213a7ddfd31d6f52cb9/gnocchi.268a19ff-5c9e-4a1d-8e56-e925ff525a60%3Fformat%3Djson%26marker%3Dnone_v3%26states%3Dlisting HTTP/1.0 200 - python-swiftclient-3.11.1 gAAAAABqMnHo7MEw... - 2 - tx95586b6fff7f4030940bc-006a327206 - 0.0107 - - 1781690886.799232244 1781690886.809978962 0
Jun 17 10:08:06 standalone object-server[128626]: 172.20.0.100 - - [17/Jun/2026:10:08:06 +0000] "GET /d1/314/AUTH_93077b591a194213a7ddfd31d6f52cb9/gnocchi.268a19ff-5c9e-4a1d-8e56-e925ff525a60/1780920000.0_mean_300.0_v3" 200 16 "GET http://172.18.0.2:8080/v1/AUTH_93077b591a194213a7ddfd31d6f52cb9/gnocchi.268a19ff-5c9e-4a1d-8e56-e925ff525a60/1780920000.0_mean_300.0_v3" "tx9f075d5ac7544eb88530b-006a327206" "proxy-server 12" 0.0007 "-" 25 0
Jun 17 10:08:06 standalone proxy-server[130424]: 172.18.0.2 172.18.0.100 17/Jun/2026/10/08/06 GET /v1/AUTH_93077b591a194213a7ddfd31d6f52cb9/gnocchi.268a19ff-5c9e-4a1d-8e56-e925ff525a60/1780920000.0_mean_300.0_v3 HTTP/1.0 200 - python-swiftclient-3.11.1 gAAAAABqMnHo7MEw... - 16 - tx9f075d5ac7544eb88530b-006a327206 - 0.0083 - - 1781690886.813353300 1781690886.821648121 0
Jun 17 10:08:06 standalone container-server[128261]: 172.20.0.100 - - [17/Jun/2026:10:08:06 +0000] "PUT /d1/1000/AUTH_93077b591a194213a7ddfd31d6f52cb9/gnocchi.268a19ff-5c9e-4a1d-8e56-e925ff525a60/1780920000.0_mean_300.0_v3" 201 - "PUT http://172.18.0.2:8080/d1/314/AUTH_93077b591a194213a7ddfd31d6f52cb9/gnocchi.268a19ff-5c9e-4a1d-8e56-e925ff525a60/1780920000.0_mean_300.0_v3" "tx8d2ca95c46f74684b8cfe-006a327206" "object-server 24" 0.0009 "-" 21 0
Jun 17 10:08:06 standalone object-server[128625]: 172.20.0.100 - - [17/Jun/2026:10:08:06 +0000] "PUT /d1/314/AUTH_93077b591a194213a7ddfd31d6f52cb9/gnocchi.268a19ff-5c9e-4a1d-8e56-e925ff525a60/1780920000.0_mean_300.0_v3" 201 - "PUT http://172.18.0.2:8080/v1/AUTH_93077b591a194213a7ddfd31d6f52cb9/gnocchi.268a19ff-5c9e-4a1d-8e56-e925ff525a60/1780920000.0_mean_300.0_v3" "tx8d2ca95c46f74684b8cfe-006a327206" "proxy-server 12" 0.0332 "-" 24 0
Jun 17 10:08:06 standalone proxy-server[130424]: 172.18.0.2 172.18.0.100 17/Jun/2026/10/08/06 PUT /v1/AUTH_93077b591a194213a7ddfd31d6f52cb9/gnocchi.268a19ff-5c9e-4a1d-8e56-e925ff525a60/1780920000.0_mean_300.0_v3 HTTP/1.0 201 - python-swiftclient-3.11.1 gAAAAABqMnHo7MEw... 16 - - tx8d2ca95c46f74684b8cfe-006a327206 - 0.0434 - - 1781690886.825042963 1781690886.868437052 0
Jun 17 10:08:06 standalone container-server[128262]: 172.20.0.100 - - [17/Jun/2026:10:08:06 +0000] "PUT /d1/1000/AUTH_93077b591a194213a7ddfd31d6f52cb9/gnocchi.268a19ff-5c9e-4a1d-8e56-e925ff525a60/none_v3" 201 - "PUT http://172.18.0.2:8080/d1/165/AUTH_93077b591a194213a7ddfd31d6f52cb9/gnocchi.268a19ff-5c9e-4a1d-8e56-e925ff525a60/none_v3" "tx53b26e436ff843c28bd81-006a327206" "object-server 23" 0.0009 "-" 22 0
Jun 17 10:08:06 standalone object-server[128624]: 172.20.0.100 - - [17/Jun/2026:10:08:06 +0000] "PUT /d1/165/AUTH_93077b591a194213a7ddfd31d6f52cb9/gnocchi.268a19ff-5c9e-4a1d-8e56-e925ff525a60/none_v3" 201 - "PUT http://172.18.0.2:8080/v1/AUTH_93077b591a194213a7ddfd31d6f52cb9/gnocchi.268a19ff-5c9e-4a1d-8e56-e925ff525a60/none_v3" "tx53b26e436ff843c28bd81-006a327206" "proxy-server 12" 0.0125 "-" 23 0
Jun 17 10:08:06 standalone proxy-server[130424]: 172.18.0.2 172.18.0.100 17/Jun/2026/10/08/06 PUT /v1/AUTH_93077b591a194213a7ddfd31d6f52cb9/gnocchi.268a19ff-5c9e-4a1d-8e56-e925ff525a60/none_v3 HTTP/1.0 201 - python-swiftclient-3.11.1 gAAAAABqMnHo7MEw... 32 - - tx53b26e436ff843c28bd81-006a327206 - 0.0211 - - 1781690886.871477604 1781690886.892605543 0
Jun 17 10:08:21 standalone account-server[128291]: 172.20.0.100 - - [17/Jun/2026:10:08:21 +0000] "HEAD /d1/96/.expiring_objects" 404 - "HEAD http://localhost/v1/.expiring_objects?format=json" "txb68d7d01b1d84969a6208-006a327215" "proxy-server 2" 0.0010 "-" 14 -
Jun 17 10:08:21 standalone object-expirer[128304]: Pass completed in 0s; 0 objects expired (txn: txb68d7d01b1d84969a6208-006a327215)
Jun 17 10:08:37 standalone account-server[128291]: 172.20.0.100 - - [17/Jun/2026:10:08:37 +0000] "HEAD /d1/62/AUTH_93077b591a194213a7ddfd31d6f52cb9" 204 - "HEAD http://172.18.0.2:8080/v1/AUTH_93077b591a194213a7ddfd31d6f52cb9?format=json" "tx06980b449ce74451a6f61-006a327225" "proxy-server 12" 0.0069 "-" 14 -
Jun 17 10:08:37 standalone proxy-server[130424]: - - 17/Jun/2026/10/08/37 HEAD /v1/AUTH_93077b591a194213a7ddfd31d6f52cb9%3Fformat%3Djson HTTP/1.0 204 - Swift - - - - tx06980b449ce74451a6f61-006a327225 - 0.0118 RL - 1781690917.421279907 1781690917.433051586 -
Jun 17 10:08:37 standalone container-server[128262]: 172.20.0.100 - - [17/Jun/2026:10:08:37 +0000] "HEAD /d1/332/AUTH_93077b591a194213a7ddfd31d6f52cb9/gnocchi.7c67c8c7-8202-42c2-ac6c-4b7998d5dbcb" 404 - "HEAD http://172.18.0.2:8080/v1/AUTH_93077b591a194213a7ddfd31d6f52cb9/gnocchi.7c67c8c7-8202-42c2-ac6c-4b7998d5dbcb?format=json&states=listing" "tx06980b449ce74451a6f61-006a327225" "proxy-server 12" 0.0007 "-" 22 0
Jun 17 10:08:37 standalone object-server[128625]: 172.20.0.100 - - [17/Jun/2026:10:08:37 +0000] "GET /d1/481/AUTH_93077b591a194213a7ddfd31d6f52cb9/gnocchi.7c67c8c7-8202-42c2-ac6c-4b7998d5dbcb/none_v3" 404 70 "GET http://172.18.0.2:8080/v1/AUTH_93077b591a194213a7ddfd31d6f52cb9/gnocchi.7c67c8c7-8202-42c2-ac6c-4b7998d5dbcb/none_v3" "tx06980b449ce74451a6f61-006a327225" "proxy-server 12" 0.0007 "-" 24 0
Jun 17 10:08:37 standalone proxy-server[130424]: 172.18.0.2 172.18.0.100 17/Jun/2026/10/08/37 GET /v1/AUTH_93077b591a194213a7ddfd31d6f52cb9/gnocchi.7c67c8c7-8202-42c2-ac6c-4b7998d5dbcb/none_v3 HTTP/1.0 404 - python-swiftclient-3.11.1 gAAAAABqMnHo7MEw... - 70 - tx06980b449ce74451a6f61-006a327225 - 0.0244 - - 1781690917.420305729 1781690917.444673061 0
Jun 17 10:08:37 standalone account-server[128316]: 172.20.0.100 - - [17/Jun/2026:10:08:37 +0000] "PUT /d1/62/AUTH_93077b591a194213a7ddfd31d6f52cb9/gnocchi.7c67c8c7-8202-42c2-ac6c-4b7998d5dbcb" 201 - "PUT http://172.20.0.100:6001/d1/332/AUTH_93077b591a194213a7ddfd31d6f52cb9/gnocchi.7c67c8c7-8202-42c2-ac6c-4b7998d5dbcb" "tx5216dc950a8f410ba57f6-006a327225" "container-server 23" 0.0022 "-" 17 0
Jun 17 10:08:37 standalone container-server[128269]: 172.20.0.100 - - [17/Jun/2026:10:08:37 +0000] "PUT /d1/332/AUTH_93077b591a194213a7ddfd31d6f52cb9/gnocchi.7c67c8c7-8202-42c2-ac6c-4b7998d5dbcb" 201 - "PUT http://172.18.0.2:8080/v1/AUTH_93077b591a194213a7ddfd31d6f52cb9/gnocchi.7c67c8c7-8202-42c2-ac6c-4b7998d5dbcb" "tx5216dc950a8f410ba57f6-006a327225" "proxy-server 12" 0.0192 "-" 23 0
Jun 17 10:08:37 standalone proxy-server[130424]: 172.18.0.2 172.18.0.100 17/Jun/2026/10/08/37 PUT /v1/AUTH_93077b591a194213a7ddfd31d6f52cb9/gnocchi.7c67c8c7-8202-42c2-ac6c-4b7998d5dbcb HTTP/1.0 201 - python-swiftclient-3.11.1 gAAAAABqMnHo7MEw... - - - tx5216dc950a8f410ba57f6-006a327225 - 0.0243 - - 1781690917.447924376 1781690917.472268820 0
Jun 17 10:08:37 standalone container-server[128261]: 172.20.0.100 - - [17/Jun/2026:10:08:37 +0000] "HEAD /d1/332/AUTH_93077b591a194213a7ddfd31d6f52cb9/gnocchi.7c67c8c7-8202-42c2-ac6c-4b7998d5dbcb" 204 - "HEAD http://172.18.0.2:8080/v1/AUTH_93077b591a194213a7ddfd31d6f52cb9/gnocchi.7c67c8c7-8202-42c2-ac6c-4b7998d5dbcb?format=json&states=listing" "tx2eb6e1eae5be4592a9dd8-006a327225" "proxy-server 12" 0.0016 "-" 21 0
Jun 17 10:08:37 standalone proxy-server[130424]: - - 17/Jun/2026/10/08/37 HEAD /v1/AUTH_93077b591a194213a7ddfd31d6f52cb9/gnocchi.7c67c8c7-8202-42c2-ac6c-4b7998d5dbcb%3Fformat%3Djson%26states%3Dlisting HTTP/1.0 204 - Swift - - - - tx2eb6e1eae5be4592a9dd8-006a327225 - 0.0050 RL - 1781690917.479428291 1781690917.484450340 0
Jun 17 10:08:37 standalone container-server[128262]: 172.20.0.100 - - [17/Jun/2026:10:08:37 +0000] "GET /d1/332/AUTH_93077b591a194213a7ddfd31d6f52cb9/gnocchi.7c67c8c7-8202-42c2-ac6c-4b7998d5dbcb" 200 2 "GET http://172.18.0.2:8080/v1/AUTH_93077b591a194213a7ddfd31d6f52cb9/gnocchi.7c67c8c7-8202-42c2-ac6c-4b7998d5dbcb?format=json&states=listing" "tx2eb6e1eae5be4592a9dd8-006a327225" "proxy-server 12" 0.0040 "-" 22 0
Jun 17 10:08:37 standalone proxy-server[130424]: 172.18.0.2 172.18.0.100 17/Jun/2026/10/08/37 GET /v1/AUTH_93077b591a194213a7ddfd31d6f52cb9/gnocchi.7c67c8c7-8202-42c2-ac6c-4b7998d5dbcb%3Fformat%3Djson%26states%3Dlisting HTTP/1.0 200 - python-swiftclient-3.11.1 gAAAAABqMnHo7MEw... - 2 - tx2eb6e1eae5be4592a9dd8-006a327225 - 0.0168 - - 1781690917.478278399 1781690917.495031834 0
Jun 17 10:08:37 standalone object-server[128625]: 172.20.0.100 - - [17/Jun/2026:10:08:37 +0000] "GET /d1/362/AUTH_93077b591a194213a7ddfd31d6f52cb9/gnocchi.7c67c8c7-8202-42c2-ac6c-4b7998d5dbcb/1780920000.0_mean_300.0_v3" 404 70 "GET http://172.18.0.2:8080/v1/AUTH_93077b591a194213a7ddfd31d6f52cb9/gnocchi.7c67c8c7-8202-42c2-ac6c-4b7998d5dbcb/1780920000.0_mean_300.0_v3" "tx9227c9eead5e4a999b16e-006a327225" "proxy-server 12" 0.0006 "-" 24 0
Jun 17 10:08:37 standalone proxy-server[130424]: 172.18.0.2 172.18.0.100 17/Jun/2026/10/08/37 GET /v1/AUTH_93077b591a194213a7ddfd31d6f52cb9/gnocchi.7c67c8c7-8202-42c2-ac6c-4b7998d5dbcb/1780920000.0_mean_300.0_v3 HTTP/1.0 404 - python-swiftclient-3.11.1 gAAAAABqMnHo7MEw... - 70 - tx9227c9eead5e4a999b16e-006a327225 - 0.0080 - - 1781690917.499857426 1781690917.507820606 0
Jun 17 10:08:37 standalone container-server[128261]: 172.20.0.100 - - [17/Jun/2026:10:08:37 +0000] "PUT /d1/332/AUTH_93077b591a194213a7ddfd31d6f52cb9/gnocchi.7c67c8c7-8202-42c2-ac6c-4b7998d5dbcb/1780920000.0_mean_300.0_v3" 201 - "PUT http://172.18.0.2:8080/d1/362/AUTH_93077b591a194213a7ddfd31d6f52cb9/gnocchi.7c67c8c7-8202-42c2-ac6c-4b7998d5dbcb/1780920000.0_mean_300.0_v3" "tx3898fc1e96b14590945f4-006a327225" "object-server 22" 0.0007 "-" 21 0
Jun 17 10:08:37 standalone object-server[128623]: 172.20.0.100 - - [17/Jun/2026:10:08:37 +0000] "PUT /d1/362/AUTH_93077b591a194213a7ddfd31d6f52cb9/gnocchi.7c67c8c7-8202-42c2-ac6c-4b7998d5dbcb/1780920000.0_mean_300.0_v3" 201 - "PUT http://172.18.0.2:8080/v1/AUTH_93077b591a194213a7ddfd31d6f52cb9/gnocchi.7c67c8c7-8202-42c2-ac6c-4b7998d5dbcb/1780920000.0_mean_300.0_v3" "tx3898fc1e96b14590945f4-006a327225" "proxy-server 12" 0.0354 "-" 22 0
Jun 17 10:08:37 standalone proxy-server[130424]: 172.18.0.2 172.18.0.100 17/Jun/2026/10/08/37 PUT /v1/AUTH_93077b591a194213a7ddfd31d6f52cb9/gnocchi.7c67c8c7-8202-42c2-ac6c-4b7998d5dbcb/1780920000.0_mean_300.0_v3 HTTP/1.0 201 - python-swiftclient-3.11.1 gAAAAABqMnHo7MEw... 16 - - tx3898fc1e96b14590945f4-006a327225 - 0.0418 - - 1781690917.513201714 1781690917.554970026 0
Jun 17 10:08:37 standalone container-server[128269]: 172.20.0.100 - - [17/Jun/2026:10:08:37 +0000] "PUT /d1/332/AUTH_93077b591a194213a7ddfd31d6f52cb9/gnocchi.7c67c8c7-8202-42c2-ac6c-4b7998d5dbcb/none_v3" 201 - "PUT http://172.18.0.2:8080/d1/481/AUTH_93077b591a194213a7ddfd31d6f52cb9/gnocchi.7c67c8c7-8202-42c2-ac6c-4b7998d5dbcb/none_v3" "txbd91e4d3d0ff45278fc73-006a327225" "object-server 22" 0.0005 "-" 23 0
Jun 17 10:08:37 standalone object-server[128623]: 172.20.0.100 - - [17/Jun/2026:10:08:37 +0000] "PUT /d1/481/AUTH_93077b591a194213a7ddfd31d6f52cb9/gnocchi.7c67c8c7-8202-42c2-ac6c-4b7998d5dbcb/none_v3" 201 - "PUT http://172.18.0.2:8080/v1/AUTH_93077b591a194213a7ddfd31d6f52cb9/gnocchi.7c67c8c7-8202-42c2-ac6c-4b7998d5dbcb/none_v3" "txbd91e4d3d0ff45278fc73-006a327225" "proxy-server 12" 0.0110 "-" 22 0
Jun 17 10:08:37 standalone proxy-server[130424]: 172.18.0.2 172.18.0.100 17/Jun/2026/10/08/37 PUT /v1/AUTH_93077b591a194213a7ddfd31d6f52cb9/gnocchi.7c67c8c7-8202-42c2-ac6c-4b7998d5dbcb/none_v3 HTTP/1.0 201 - python-swiftclient-3.11.1 gAAAAABqMnHo7MEw... 22 - - txbd91e4d3d0ff45278fc73-006a327225 - 0.0177 - - 1781690917.558760166 1781690917.576411247 0
Jun 17 10:08:37 standalone container-server[128258]: 172.20.0.100 - - [17/Jun/2026:10:08:37 +0000] "HEAD /d1/167/AUTH_93077b591a194213a7ddfd31d6f52cb9/gnocchi.a756c9fd-1e5a-4ef5-ab00-cc1dad4c4b43" 404 - "HEAD http://172.18.0.2:8080/v1/AUTH_93077b591a194213a7ddfd31d6f52cb9/gnocchi.a756c9fd-1e5a-4ef5-ab00-cc1dad4c4b43?format=json&states=listing" "tx096fb7b08bc943f1abcf4-006a327225" "proxy-server 12" 0.0006 "-" 20 0
Jun 17 10:08:37 standalone object-server[128623]: 172.20.0.100 - - [17/Jun/2026:10:08:37 +0000] "GET /d1/899/AUTH_93077b591a194213a7ddfd31d6f52cb9/gnocchi.a756c9fd-1e5a-4ef5-ab00-cc1dad4c4b43/none_v3" 404 70 "GET http://172.18.0.2:8080/v1/AUTH_93077b591a194213a7ddfd31d6f52cb9/gnocchi.a756c9fd-1e5a-4ef5-ab00-cc1dad4c4b43/none_v3" "tx096fb7b08bc943f1abcf4-006a327225" "proxy-server 12" 0.0004 "-" 22 0
Jun 17 10:08:37 standalone proxy-server[130424]: 172.18.0.2 172.18.0.100 17/Jun/2026/10/08/37 GET /v1/AUTH_93077b591a194213a7ddfd31d6f52cb9/gnocchi.a756c9fd-1e5a-4ef5-ab00-cc1dad4c4b43/none_v3 HTTP/1.0 404 - python-swiftclient-3.11.1 gAAAAABqMnHo7MEw... - 70 - tx096fb7b08bc943f1abcf4-006a327225 - 0.0123 - - 1781690917.589572430 1781690917.601873875 0
Jun 17 10:08:37 standalone account-server[128316]: 172.20.0.100 - - [17/Jun/2026:10:08:37 +0000] "PUT /d1/62/AUTH_93077b591a194213a7ddfd31d6f52cb9/gnocchi.a756c9fd-1e5a-4ef5-ab00-cc1dad4c4b43" 201 - "PUT http://172.20.0.100:6001/d1/167/AUTH_93077b591a194213a7ddfd31d6f52cb9/gnocchi.a756c9fd-1e5a-4ef5-ab00-cc1dad4c4b43" "tx7b02e37c9b1f4289a0948-006a327225" "container-server 23" 0.0172 "-" 17 0
Jun 17 10:08:37 standalone container-server[128269]: 172.20.0.100 - - [17/Jun/2026:10:08:37 +0000] "PUT /d1/167/AUTH_93077b591a194213a7ddfd31d6f52cb9/gnocchi.a756c9fd-1e5a-4ef5-ab00-cc1dad4c4b43" 201 - "PUT http://172.18.0.2:8080/v1/AUTH_93077b591a194213a7ddfd31d6f52cb9/gnocchi.a756c9fd-1e5a-4ef5-ab00-cc1dad4c4b43" "tx7b02e37c9b1f4289a0948-006a327225" "proxy-server 12" 0.0399 "-" 23 0
Jun 17 10:08:37 standalone proxy-server[130424]: 172.18.0.2 172.18.0.100 17/Jun/2026/10/08/37 PUT /v1/AUTH_93077b591a194213a7ddfd31d6f52cb9/gnocchi.a756c9fd-1e5a-4ef5-ab00-cc1dad4c4b43 HTTP/1.0 201 - python-swiftclient-3.11.1 gAAAAABqMnHo7MEw... - - - tx7b02e37c9b1f4289a0948-006a327225 - 0.0461 - - 1781690917.605469704 1781690917.651573420 0
Jun 17 10:08:37 standalone container-server[128261]: 172.20.0.100 - - [17/Jun/2026:10:08:37 +0000] "HEAD /d1/167/AUTH_93077b591a194213a7ddfd31d6f52cb9/gnocchi.a756c9fd-1e5a-4ef5-ab00-cc1dad4c4b43" 204 - "HEAD http://172.18.0.2:8080/v1/AUTH_93077b591a194213a7ddfd31d6f52cb9/gnocchi.a756c9fd-1e5a-4ef5-ab00-cc1dad4c4b43?format=json&states=listing" "tx51f679759a8b4470bdad1-006a327225" "proxy-server 12" 0.0022 "-" 21 0
Jun 17 10:08:37 standalone proxy-server[130424]: - - 17/Jun/2026/10/08/37 HEAD /v1/AUTH_93077b591a194213a7ddfd31d6f52cb9/gnocchi.a756c9fd-1e5a-4ef5-ab00-cc1dad4c4b43%3Fformat%3Djson%26states%3Dlisting HTTP/1.0 204 - Swift - - - - tx51f679759a8b4470bdad1-006a327225 - 0.0070 RL - 1781690917.657464743 1781690917.664490461 0
Jun 17 10:08:37 standalone container-server[128261]: 172.20.0.100 - - [17/Jun/2026:10:08:37 +0000] "GET /d1/167/AUTH_93077b591a194213a7ddfd31d6f52cb9/gnocchi.a756c9fd-1e5a-4ef5-ab00-cc1dad4c4b43" 200 2 "GET http://172.18.0.2:8080/v1/AUTH_93077b591a194213a7ddfd31d6f52cb9/gnocchi.a756c9fd-1e5a-4ef5-ab00-cc1dad4c4b43?format=json&states=listing" "tx51f679759a8b4470bdad1-006a327225" "proxy-server 12" 0.0035 "-" 21 0
Jun 17 10:08:37 standalone proxy-server[130424]: 172.18.0.2 172.18.0.100 17/Jun/2026/10/08/37 GET /v1/AUTH_93077b591a194213a7ddfd31d6f52cb9/gnocchi.a756c9fd-1e5a-4ef5-ab00-cc1dad4c4b43%3Fformat%3Djson%26states%3Dlisting HTTP/1.0 200 - python-swiftclient-3.11.1 gAAAAABqMnHo7MEw... - 2 - tx51f679759a8b4470bdad1-006a327225 - 0.0207 - - 1781690917.656121969 1781690917.676852465 0
Jun 17 10:08:37 standalone object-server[128623]: 172.20.0.100 - - [17/Jun/2026:10:08:37 +0000] "GET /d1/625/AUTH_93077b591a194213a7ddfd31d6f52cb9/gnocchi.a756c9fd-1e5a-4ef5-ab00-cc1dad4c4b43/1780920000.0_mean_300.0_v3" 404 70 "GET http://172.18.0.2:8080/v1/AUTH_93077b591a194213a7ddfd31d6f52cb9/gnocchi.a756c9fd-1e5a-4ef5-ab00-cc1dad4c4b43/1780920000.0_mean_300.0_v3" "tx2a45ed228c4b40f2b95cc-006a327225" "proxy-server 12" 0.0004 "-" 22 0
Jun 17 10:08:37 standalone proxy-server[130424]: 172.18.0.2 172.18.0.100 17/Jun/2026/10/08/37 GET /v1/AUTH_93077b591a194213a7ddfd31d6f52cb9/gnocchi.a756c9fd-1e5a-4ef5-ab00-cc1dad4c4b43/1780920000.0_mean_300.0_v3 HTTP/1.0 404 - python-swiftclient-3.11.1 gAAAAABqMnHo7MEw... - 70 - tx2a45ed228c4b40f2b95cc-006a327225 - 0.0074 - - 1781690917.681647301 1781690917.689057589 0
Jun 17 10:08:37 standalone container-server[128258]: 172.20.0.100 - - [17/Jun/2026:10:08:37 +0000] "PUT /d1/167/AUTH_93077b591a194213a7ddfd31d6f52cb9/gnocchi.a756c9fd-1e5a-4ef5-ab00-cc1dad4c4b43/1780920000.0_mean_300.0_v3" 201 - "PUT http://172.18.0.2:8080/d1/625/AUTH_93077b591a194213a7ddfd31d6f52cb9/gnocchi.a756c9fd-1e5a-4ef5-ab00-cc1dad4c4b43/1780920000.0_mean_300.0_v3" "txb25ea86556544214bd913-006a327225" "object-server 25" 0.0009 "-" 20 0
Jun 17 10:08:37 standalone object-server[128626]: 172.20.0.100 - - [17/Jun/2026:10:08:37 +0000] "PUT /d1/625/AUTH_93077b591a194213a7ddfd31d6f52cb9/gnocchi.a756c9fd-1e5a-4ef5-ab00-cc1dad4c4b43/1780920000.0_mean_300.0_v3" 201 - "PUT http://172.18.0.2:8080/v1/AUTH_93077b591a194213a7ddfd31d6f52cb9/gnocchi.a756c9fd-1e5a-4ef5-ab00-cc1dad4c4b43/1780920000.0_mean_300.0_v3" "txb25ea86556544214bd913-006a327225" "proxy-server 12" 0.0185 "-" 25 0
Jun 17 10:08:37 standalone proxy-server[130424]: 172.18.0.2 172.18.0.100 17/Jun/2026/10/08/37 PUT /v1/AUTH_93077b591a194213a7ddfd31d6f52cb9/gnocchi.a756c9fd-1e5a-4ef5-ab00-cc1dad4c4b43/1780920000.0_mean_300.0_v3 HTTP/1.0 201 - python-swiftclient-3.11.1 gAAAAABqMnHo7MEw... 16 - - txb25ea86556544214bd913-006a327225 - 0.0251 - - 1781690917.693221569 1781690917.718314409 0
Jun 17 10:08:37 standalone container-server[128258]: 172.20.0.100 - - [17/Jun/2026:10:08:37 +0000] "PUT /d1/167/AUTH_93077b591a194213a7ddfd31d6f52cb9/gnocchi.a756c9fd-1e5a-4ef5-ab00-cc1dad4c4b43/none_v3" 201 - "PUT http://172.18.0.2:8080/d1/899/AUTH_93077b591a194213a7ddfd31d6f52cb9/gnocchi.a756c9fd-1e5a-4ef5-ab00-cc1dad4c4b43/none_v3" "tx76a243a0f961435dab903-006a327225" "object-server 23" 0.0009 "-" 20 0
Jun 17 10:08:37 standalone object-server[128624]: 172.20.0.100 - - [17/Jun/2026:10:08:37 +0000] "PUT /d1/899/AUTH_93077b591a194213a7ddfd31d6f52cb9/gnocchi.a756c9fd-1e5a-4ef5-ab00-cc1dad4c4b43/none_v3" 201 - "PUT http://172.18.0.2:8080/v1/AUTH_93077b591a194213a7ddfd31d6f52cb9/gnocchi.a756c9fd-1e5a-4ef5-ab00-cc1dad4c4b43/none_v3" "tx76a243a0f961435dab903-006a327225" "proxy-server 12" 0.0188 "-" 23 0
Jun 17 10:08:37 standalone proxy-server[130424]: 172.18.0.2 172.18.0.100 17/Jun/2026/10/08/37 PUT /v1/AUTH_93077b591a194213a7ddfd31d6f52cb9/gnocchi.a756c9fd-1e5a-4ef5-ab00-cc1dad4c4b43/none_v3 HTTP/1.0 201 - python-swiftclient-3.11.1 gAAAAABqMnHo7MEw... 22 - - tx76a243a0f961435dab903-006a327225 - 0.0277 - - 1781690917.724335670 1781690917.752022505 0
Jun 17 10:08:39 standalone account-server[128306]: 172.20.0.100 - - [17/Jun/2026:10:08:39 +0000] "HEAD /d1/96/.expiring_objects" 404 - "HEAD http://localhost/v1/.expiring_objects?format=json" "txb740e02d0fa143a3bb980-006a327227" "proxy-server 2" 0.0008 "-" 16 -
Jun 17 10:08:39 standalone object-expirer[128304]: Pass completed in 0s; 0 objects expired (txn: txb740e02d0fa143a3bb980-006a327227)
Jun 17 10:08:45 standalone container-server[128258]: 172.20.0.100 - - [17/Jun/2026:10:08:45 +0000] "HEAD /d1/744/AUTH_93077b591a194213a7ddfd31d6f52cb9/gnocchi.28a0c66f-07ec-4086-82da-acccd160cc24" 404 - "HEAD http://172.18.0.2:8080/v1/AUTH_93077b591a194213a7ddfd31d6f52cb9/gnocchi.28a0c66f-07ec-4086-82da-acccd160cc24?format=json&states=listing" "txbe2d5a95e7a24d5faf078-006a32722d" "proxy-server 12" 0.0006 "-" 20 0
Jun 17 10:08:45 standalone object-server[128625]: 172.20.0.100 - - [17/Jun/2026:10:08:45 +0000] "GET /d1/432/AUTH_93077b591a194213a7ddfd31d6f52cb9/gnocchi.28a0c66f-07ec-4086-82da-acccd160cc24/none_v3" 404 70 "GET http://172.18.0.2:8080/v1/AUTH_93077b591a194213a7ddfd31d6f52cb9/gnocchi.28a0c66f-07ec-4086-82da-acccd160cc24/none_v3" "txbe2d5a95e7a24d5faf078-006a32722d" "proxy-server 12" 0.0036 "-" 24 0
Jun 17 10:08:45 standalone proxy-server[130424]: 172.18.0.2 172.18.0.100 17/Jun/2026/10/08/45 GET /v1/AUTH_93077b591a194213a7ddfd31d6f52cb9/gnocchi.28a0c66f-07ec-4086-82da-acccd160cc24/none_v3 HTTP/1.0 404 - python-swiftclient-3.11.1 gAAAAABqMnHo7MEw... - 70 - txbe2d5a95e7a24d5faf078-006a32722d - 0.0166 - - 1781690925.789880991 1781690925.806466341 0
Jun 17 10:08:45 standalone account-server[128306]: 172.20.0.100 - - [17/Jun/2026:10:08:45 +0000] "PUT /d1/62/AUTH_93077b591a194213a7ddfd31d6f52cb9/gnocchi.28a0c66f-07ec-4086-82da-acccd160cc24" 201 - "PUT http://172.20.0.100:6001/d1/744/AUTH_93077b591a194213a7ddfd31d6f52cb9/gnocchi.28a0c66f-07ec-4086-82da-acccd160cc24" "tx87c5596edec54eb5af6ba-006a32722d" "container-server 22" 0.0069 "-" 16 0
Jun 17 10:08:45 standalone container-server[128262]: 172.20.0.100 - - [17/Jun/2026:10:08:45 +0000] "PUT /d1/744/AUTH_93077b591a194213a7ddfd31d6f52cb9/gnocchi.28a0c66f-07ec-4086-82da-acccd160cc24" 201 - "PUT http://172.18.0.2:8080/v1/AUTH_93077b591a194213a7ddfd31d6f52cb9/gnocchi.28a0c66f-07ec-4086-82da-acccd160cc24" "tx87c5596edec54eb5af6ba-006a32722d" "proxy-server 12" 0.0262 "-" 22 0
Jun 17 10:08:45 standalone proxy-server[130424]: 172.18.0.2 172.18.0.100 17/Jun/2026/10/08/45 PUT /v1/AUTH_93077b591a194213a7ddfd31d6f52cb9/gnocchi.28a0c66f-07ec-4086-82da-acccd160cc24 HTTP/1.0 201 - python-swiftclient-3.11.1 gAAAAABqMnHo7MEw... - - - tx87c5596edec54eb5af6ba-006a32722d - 0.0331 - - 1781690925.811925411 1781690925.845043421 0
Jun 17 10:08:45 standalone container-server[128262]: 172.20.0.100 - - [17/Jun/2026:10:08:45 +0000] "HEAD /d1/744/AUTH_93077b591a194213a7ddfd31d6f52cb9/gnocchi.28a0c66f-07ec-4086-82da-acccd160cc24" 204 - "HEAD http://172.18.0.2:8080/v1/AUTH_93077b591a194213a7ddfd31d6f52cb9/gnocchi.28a0c66f-07ec-4086-82da-acccd160cc24?format=json&states=listing" "txe91f958a39cb49a3a02b5-006a32722d" "proxy-server 12" 0.0031 "-" 22 0
Jun 17 10:08:45 standalone proxy-server[130424]: - - 17/Jun/2026/10/08/45 HEAD /v1/AUTH_93077b591a194213a7ddfd31d6f52cb9/gnocchi.28a0c66f-07ec-4086-82da-acccd160cc24%3Fformat%3Djson%26states%3Dlisting HTTP/1.0 204 - Swift - - - - txe91f958a39cb49a3a02b5-006a32722d - 0.0071 RL - 1781690925.851642132 1781690925.858698845 0
Jun 17 10:08:45 standalone container-server[128261]: 172.20.0.100 - - [17/Jun/2026:10:08:45 +0000] "GET /d1/744/AUTH_93077b591a194213a7ddfd31d6f52cb9/gnocchi.28a0c66f-07ec-4086-82da-acccd160cc24" 200 2 "GET http://172.18.0.2:8080/v1/AUTH_93077b591a194213a7ddfd31d6f52cb9/gnocchi.28a0c66f-07ec-4086-82da-acccd160cc24?format=json&states=listing" "txe91f958a39cb49a3a02b5-006a32722d" "proxy-server 12" 0.0023 "-" 21 0
Jun 17 10:08:45 standalone proxy-server[130424]: 172.18.0.2 172.18.0.100 17/Jun/2026/10/08/45 GET /v1/AUTH_93077b591a194213a7ddfd31d6f52cb9/gnocchi.28a0c66f-07ec-4086-82da-acccd160cc24%3Fformat%3Djson%26states%3Dlisting HTTP/1.0 200 - python-swiftclient-3.11.1 gAAAAABqMnHo7MEw... - 2 - txe91f958a39cb49a3a02b5-006a32722d - 0.0174 - - 1781690925.850326777 1781690925.867763042 0
Jun 17 10:08:45 standalone object-server[128623]: 172.20.0.100 - - [17/Jun/2026:10:08:45 +0000] "GET /d1/800/AUTH_93077b591a194213a7ddfd31d6f52cb9/gnocchi.28a0c66f-07ec-4086-82da-acccd160cc24/1780920000.0_mean_300.0_v3" 404 70 "GET http://172.18.0.2:8080/v1/AUTH_93077b591a194213a7ddfd31d6f52cb9/gnocchi.28a0c66f-07ec-4086-82da-acccd160cc24/1780920000.0_mean_300.0_v3" "txcb6c914214bb4cf0beb04-006a32722d" "proxy-server 12" 0.0007 "-" 22 0
Jun 17 10:08:45 standalone proxy-server[130424]: 172.18.0.2 172.18.0.100 17/Jun/2026/10/08/45 GET /v1/AUTH_93077b591a194213a7ddfd31d6f52cb9/gnocchi.28a0c66f-07ec-4086-82da-acccd160cc24/1780920000.0_mean_300.0_v3 HTTP/1.0 404 - python-swiftclient-3.11.1 gAAAAABqMnHo7MEw... - 70 - txcb6c914214bb4cf0beb04-006a32722d - 0.0088 - - 1781690925.873727083 1781690925.882524014 0
Jun 17 10:08:45 standalone container-server[128258]: 172.20.0.100 - - [17/Jun/2026:10:08:45 +0000] "PUT /d1/744/AUTH_93077b591a194213a7ddfd31d6f52cb9/gnocchi.28a0c66f-07ec-4086-82da-acccd160cc24/1780920000.0_mean_300.0_v3" 201 - "PUT http://172.18.0.2:8080/d1/800/AUTH_93077b591a194213a7ddfd31d6f52cb9/gnocchi.28a0c66f-07ec-4086-82da-acccd160cc24/1780920000.0_mean_300.0_v3" "tx9bc83991d3dd4e099da33-006a32722d" "object-server 23" 0.0006 "-" 20 0
Jun 17 10:08:45 standalone object-server[128624]: 172.20.0.100 - - [17/Jun/2026:10:08:45 +0000] "PUT /d1/800/AUTH_93077b591a194213a7ddfd31d6f52cb9/gnocchi.28a0c66f-07ec-4086-82da-acccd160cc24/1780920000.0_mean_300.0_v3" 201 - "PUT http://172.18.0.2:8080/v1/AUTH_93077b591a194213a7ddfd31d6f52cb9/gnocchi.28a0c66f-07ec-4086-82da-acccd160cc24/1780920000.0_mean_300.0_v3" "tx9bc83991d3dd4e099da33-006a32722d" "proxy-server 12" 0.0164 "-" 23 0
Jun 17 10:08:45 standalone proxy-server[130424]: 172.18.0.2 172.18.0.100 17/Jun/2026/10/08/45 PUT /v1/AUTH_93077b591a194213a7ddfd31d6f52cb9/gnocchi.28a0c66f-07ec-4086-82da-acccd160cc24/1780920000.0_mean_300.0_v3 HTTP/1.0 201 - python-swiftclient-3.11.1 gAAAAABqMnHo7MEw... 16 - - tx9bc83991d3dd4e099da33-006a32722d - 0.0239 - - 1781690925.887132645 1781690925.911003351 0
Jun 17 10:08:45 standalone container-server[128261]: 172.20.0.100 - - [17/Jun/2026:10:08:45 +0000] "PUT /d1/744/AUTH_93077b591a194213a7ddfd31d6f52cb9/gnocchi.28a0c66f-07ec-4086-82da-acccd160cc24/none_v3" 201 - "PUT http://172.18.0.2:8080/d1/432/AUTH_93077b591a194213a7ddfd31d6f52cb9/gnocchi.28a0c66f-07ec-4086-82da-acccd160cc24/none_v3" "tx2f954d1ae6d841d9b94b6-006a32722d" "object-server 23" 0.0007 "-" 21 0
Jun 17 10:08:45 standalone object-server[128624]: 172.20.0.100 - - [17/Jun/2026:10:08:45 +0000] "PUT /d1/432/AUTH_93077b591a194213a7ddfd31d6f52cb9/gnocchi.28a0c66f-07ec-4086-82da-acccd160cc24/none_v3" 201 - "PUT http://172.18.0.2:8080/v1/AUTH_93077b591a194213a7ddfd31d6f52cb9/gnocchi.28a0c66f-07ec-4086-82da-acccd160cc24/none_v3" "tx2f954d1ae6d841d9b94b6-006a32722d" "proxy-server 12" 0.0127 "-" 23 0
Jun 17 10:08:45 standalone proxy-server[130424]: 172.18.0.2 172.18.0.100 17/Jun/2026/10/08/45 PUT /v1/AUTH_93077b591a194213a7ddfd31d6f52cb9/gnocchi.28a0c66f-07ec-4086-82da-acccd160cc24/none_v3 HTTP/1.0 201 - python-swiftclient-3.11.1 gAAAAABqMnHo7MEw... 22 - - tx2f954d1ae6d841d9b94b6-006a32722d - 0.0192 - - 1781690925.917665243 1781690925.936908722 0
Jun 17 10:08:45 standalone container-server[128269]: 172.20.0.100 - - [17/Jun/2026:10:08:45 +0000] "HEAD /d1/149/AUTH_93077b591a194213a7ddfd31d6f52cb9/gnocchi.7fca6568-d11a-48aa-b2a0-4b055736112d" 404 - "HEAD http://172.18.0.2:8080/v1/AUTH_93077b591a194213a7ddfd31d6f52cb9/gnocchi.7fca6568-d11a-48aa-b2a0-4b055736112d?format=json&states=listing" "tx658cfbc26cf1443b90f88-006a32722d" "proxy-server 12" 0.0011 "-" 23 0
Jun 17 10:08:45 standalone object-server[128626]: 172.20.0.100 - - [17/Jun/2026:10:08:45 +0000] "GET /d1/929/AUTH_93077b591a194213a7ddfd31d6f52cb9/gnocchi.7fca6568-d11a-48aa-b2a0-4b055736112d/none_v3" 404 70 "GET http://172.18.0.2:8080/v1/AUTH_93077b591a194213a7ddfd31d6f52cb9/gnocchi.7fca6568-d11a-48aa-b2a0-4b055736112d/none_v3" "tx658cfbc26cf1443b90f88-006a32722d" "proxy-server 12" 0.0003 "-" 25 0
Jun 17 10:08:45 standalone proxy-server[130424]: 172.18.0.2 172.18.0.100 17/Jun/2026/10/08/45 GET /v1/AUTH_93077b591a194213a7ddfd31d6f52cb9/gnocchi.7fca6568-d11a-48aa-b2a0-4b055736112d/none_v3 HTTP/1.0 404 - python-swiftclient-3.11.1 gAAAAABqMnHo7MEw... - 70 - tx658cfbc26cf1443b90f88-006a32722d - 0.0104 - - 1781690925.956314802 1781690925.966724634 0
Jun 17 10:08:45 standalone account-server[128316]: 172.20.0.100 - - [17/Jun/2026:10:08:45 +0000] "PUT /d1/62/AUTH_93077b591a194213a7ddfd31d6f52cb9/gnocchi.7fca6568-d11a-48aa-b2a0-4b055736112d" 201 - "PUT http://172.20.0.100:6001/d1/149/AUTH_93077b591a194213a7ddfd31d6f52cb9/gnocchi.7fca6568-d11a-48aa-b2a0-4b055736112d" "txdc8ce9c9094b4734ad115-006a32722d" "container-server 21" 0.0088 "-" 17 0
Jun 17 10:08:46 standalone container-server[128261]: 172.20.0.100 - - [17/Jun/2026:10:08:46 +0000] "PUT /d1/149/AUTH_93077b591a194213a7ddfd31d6f52cb9/gnocchi.7fca6568-d11a-48aa-b2a0-4b055736112d" 201 - "PUT http://172.18.0.2:8080/v1/AUTH_93077b591a194213a7ddfd31d6f52cb9/gnocchi.7fca6568-d11a-48aa-b2a0-4b055736112d" "txdc8ce9c9094b4734ad115-006a32722d" "proxy-server 12" 0.0224 "-" 21 0
Jun 17 10:08:46 standalone proxy-server[130424]: 172.18.0.2 172.18.0.100 17/Jun/2026/10/08/46 PUT /v1/AUTH_93077b591a194213a7ddfd31d6f52cb9/gnocchi.7fca6568-d11a-48aa-b2a0-4b055736112d HTTP/1.0 201 - python-swiftclient-3.11.1 gAAAAABqMnHo7MEw... - - - txdc8ce9c9094b4734ad115-006a32722d - 0.0305 - - 1781690925.972492218 1781690926.002985001 0
Jun 17 10:08:46 standalone container-server[128269]: 172.20.0.100 - - [17/Jun/2026:10:08:46 +0000] "HEAD /d1/149/AUTH_93077b591a194213a7ddfd31d6f52cb9/gnocchi.7fca6568-d11a-48aa-b2a0-4b055736112d" 204 - "HEAD http://172.18.0.2:8080/v1/AUTH_93077b591a194213a7ddfd31d6f52cb9/gnocchi.7fca6568-d11a-48aa-b2a0-4b055736112d?format=json&states=listing" "txf21e0782face46349c714-006a32722e" "proxy-server 12" 0.0070 "-" 23 0
Jun 17 10:08:46 standalone proxy-server[130424]: - - 17/Jun/2026/10/08/46 HEAD /v1/AUTH_93077b591a194213a7ddfd31d6f52cb9/gnocchi.7fca6568-d11a-48aa-b2a0-4b055736112d%3Fformat%3Djson%26states%3Dlisting HTTP/1.0 204 - Swift - - - - txf21e0782face46349c714-006a32722e - 0.0149 RL - 1781690926.009701490 1781690926.024616241 0
Jun 17 10:08:46 standalone container-server[128262]: 172.20.0.100 - - [17/Jun/2026:10:08:46 +0000] "GET /d1/149/AUTH_93077b591a194213a7ddfd31d6f52cb9/gnocchi.7fca6568-d11a-48aa-b2a0-4b055736112d" 200 2 "GET http://172.18.0.2:8080/v1/AUTH_93077b591a194213a7ddfd31d6f52cb9/gnocchi.7fca6568-d11a-48aa-b2a0-4b055736112d?format=json&states=listing" "txf21e0782face46349c714-006a32722e" "proxy-server 12" 0.0023 "-" 22 0
Jun 17 10:08:46 standalone proxy-server[130424]: 172.18.0.2 172.18.0.100 17/Jun/2026/10/08/46 GET /v1/AUTH_93077b591a194213a7ddfd31d6f52cb9/gnocchi.7fca6568-d11a-48aa-b2a0-4b055736112d%3Fformat%3Djson%26states%3Dlisting HTTP/1.0 200 - python-swiftclient-3.11.1 gAAAAABqMnHo7MEw... - 2 - txf21e0782face46349c714-006a32722e - 0.0595 - - 1781690926.008258581 1781690926.067736387 0
Jun 17 10:08:46 standalone object-server[128626]: 172.20.0.100 - - [17/Jun/2026:10:08:46 +0000] "GET /d1/788/AUTH_93077b591a194213a7ddfd31d6f52cb9/gnocchi.7fca6568-d11a-48aa-b2a0-4b055736112d/1780920000.0_mean_300.0_v3" 404 70 "GET http://172.18.0.2:8080/v1/AUTH_93077b591a194213a7ddfd31d6f52cb9/gnocchi.7fca6568-d11a-48aa-b2a0-4b055736112d/1780920000.0_mean_300.0_v3" "tx9b2980882fa74b4fb2cf6-006a32722e" "proxy-server 12" 0.0004 "-" 25 0
Jun 17 10:08:46 standalone proxy-server[130424]: 172.18.0.2 172.18.0.100 17/Jun/2026/10/08/46 GET /v1/AUTH_93077b591a194213a7ddfd31d6f52cb9/gnocchi.7fca6568-d11a-48aa-b2a0-4b055736112d/1780920000.0_mean_300.0_v3 HTTP/1.0 404 - python-swiftclient-3.11.1 gAAAAABqMnHo7MEw... - 70 - tx9b2980882fa74b4fb2cf6-006a32722e - 0.0414 - - 1781690926.071059704 1781690926.112485647 0
Jun 17 10:08:46 standalone container-server[128261]: 172.20.0.100 - - [17/Jun/2026:10:08:46 +0000] "PUT /d1/149/AUTH_93077b591a194213a7ddfd31d6f52cb9/gnocchi.7fca6568-d11a-48aa-b2a0-4b055736112d/1780920000.0_mean_300.0_v3" 201 - "PUT http://172.18.0.2:8080/d1/788/AUTH_93077b591a194213a7ddfd31d6f52cb9/gnocchi.7fca6568-d11a-48aa-b2a0-4b055736112d/1780920000.0_mean_300.0_v3" "tx3f5e27de388d4e8d9faa4-006a32722e" "object-server 25" 0.0006 "-" 21 0
