Jun 12 17:35:25 standalone proxy-server[129143]: 172.18.0.2 172.18.0.100 12/Jun/2026/17/35/25 GET /v1/AUTH_6a45dcf95d9e4644ae6b5e86a583fa28/gnocchi.1e63edde-9c2f-4649-810d-4e78144519d8/none_v3 HTTP/1.0 200 - python-swiftclient-3.11.1 gAAAAABqLELiYpo3... - 33 - tx1f6d3fa41bfb46368ef82-006a2c435d - 0.0102 - - 1781285725.815990686 1781285725.826166630 0
Jun 12 17:35:25 standalone container-server[126919]: 172.20.0.100 - - [12/Jun/2026:17:35:25 +0000] "GET /d1/767/AUTH_6a45dcf95d9e4644ae6b5e86a583fa28/gnocchi.1e63edde-9c2f-4649-810d-4e78144519d8" 200 357 "GET http://172.18.0.2:8080/v1/AUTH_6a45dcf95d9e4644ae6b5e86a583fa28/gnocchi.1e63edde-9c2f-4649-810d-4e78144519d8?format=json&states=listing" "tx2b179072cb2e46818778d-006a2c435d" "proxy-server 12" 0.0083 "-" 16 0
Jun 12 17:35:25 standalone proxy-server[129143]: 172.18.0.2 172.18.0.100 12/Jun/2026/17/35/25 GET /v1/AUTH_6a45dcf95d9e4644ae6b5e86a583fa28/gnocchi.1e63edde-9c2f-4649-810d-4e78144519d8%3Fformat%3Djson%26states%3Dlisting HTTP/1.0 200 - python-swiftclient-3.11.1 gAAAAABqLELiYpo3... - 357 - tx2b179072cb2e46818778d-006a2c435d - 0.0164 - - 1781285725.831208467 1781285725.847644329 0
Jun 12 17:35:25 standalone container-server[126919]: 172.20.0.100 - - [12/Jun/2026:17:35:25 +0000] "GET /d1/767/AUTH_6a45dcf95d9e4644ae6b5e86a583fa28/gnocchi.1e63edde-9c2f-4649-810d-4e78144519d8" 200 2 "GET http://172.18.0.2:8080/v1/AUTH_6a45dcf95d9e4644ae6b5e86a583fa28/gnocchi.1e63edde-9c2f-4649-810d-4e78144519d8?format=json&marker=none_v3&states=listing" "tx591931061ec94ddbbe571-006a2c435d" "proxy-server 12" 0.0017 "-" 16 0
Jun 12 17:35:25 standalone proxy-server[129143]: 172.18.0.2 172.18.0.100 12/Jun/2026/17/35/25 GET /v1/AUTH_6a45dcf95d9e4644ae6b5e86a583fa28/gnocchi.1e63edde-9c2f-4649-810d-4e78144519d8%3Fformat%3Djson%26marker%3Dnone_v3%26states%3Dlisting HTTP/1.0 200 - python-swiftclient-3.11.1 gAAAAABqLELiYpo3... - 2 - tx591931061ec94ddbbe571-006a2c435d - 0.0095 - - 1781285725.851583481 1781285725.861079693 0
Jun 12 17:35:25 standalone object-server[127000]: 172.20.0.100 - - [12/Jun/2026:17:35:25 +0000] "GET /d1/648/AUTH_6a45dcf95d9e4644ae6b5e86a583fa28/gnocchi.1e63edde-9c2f-4649-810d-4e78144519d8/1780920000.0_mean_300.0_v3" 200 16 "GET http://172.18.0.2:8080/v1/AUTH_6a45dcf95d9e4644ae6b5e86a583fa28/gnocchi.1e63edde-9c2f-4649-810d-4e78144519d8/1780920000.0_mean_300.0_v3" "txeb65ebf362e049b5a78a8-006a2c435d" "proxy-server 12" 0.0006 "-" 25 0
Jun 12 17:35:25 standalone proxy-server[129143]: 172.18.0.2 172.18.0.100 12/Jun/2026/17/35/25 GET /v1/AUTH_6a45dcf95d9e4644ae6b5e86a583fa28/gnocchi.1e63edde-9c2f-4649-810d-4e78144519d8/1780920000.0_mean_300.0_v3 HTTP/1.0 200 - python-swiftclient-3.11.1 gAAAAABqLELiYpo3... - 16 - txeb65ebf362e049b5a78a8-006a2c435d - 0.0083 - - 1781285725.866169930 1781285725.874478817 0
Jun 12 17:35:25 standalone container-server[126913]: 172.20.0.100 - - [12/Jun/2026:17:35:25 +0000] "PUT /d1/767/AUTH_6a45dcf95d9e4644ae6b5e86a583fa28/gnocchi.1e63edde-9c2f-4649-810d-4e78144519d8/1780920000.0_mean_300.0_v3" 201 - "PUT http://172.18.0.2:8080/d1/648/AUTH_6a45dcf95d9e4644ae6b5e86a583fa28/gnocchi.1e63edde-9c2f-4649-810d-4e78144519d8/1780920000.0_mean_300.0_v3" "tx18b8206ccd6640a9af026-006a2c435d" "object-server 22" 0.0005 "-" 14 0
Jun 12 17:35:25 standalone object-server[126960]: 172.20.0.100 - - [12/Jun/2026:17:35:25 +0000] "PUT /d1/648/AUTH_6a45dcf95d9e4644ae6b5e86a583fa28/gnocchi.1e63edde-9c2f-4649-810d-4e78144519d8/1780920000.0_mean_300.0_v3" 201 - "PUT http://172.18.0.2:8080/v1/AUTH_6a45dcf95d9e4644ae6b5e86a583fa28/gnocchi.1e63edde-9c2f-4649-810d-4e78144519d8/1780920000.0_mean_300.0_v3" "tx18b8206ccd6640a9af026-006a2c435d" "proxy-server 12" 0.0070 "-" 22 0
Jun 12 17:35:25 standalone proxy-server[129143]: 172.18.0.2 172.18.0.100 12/Jun/2026/17/35/25 PUT /v1/AUTH_6a45dcf95d9e4644ae6b5e86a583fa28/gnocchi.1e63edde-9c2f-4649-810d-4e78144519d8/1780920000.0_mean_300.0_v3 HTTP/1.0 201 - python-swiftclient-3.11.1 gAAAAABqLELiYpo3... 24 - - tx18b8206ccd6640a9af026-006a2c435d - 0.0135 - - 1781285725.878360748 1781285725.891855478 0
Jun 12 17:35:25 standalone container-server[126919]: 172.20.0.100 - - [12/Jun/2026:17:35:25 +0000] "PUT /d1/767/AUTH_6a45dcf95d9e4644ae6b5e86a583fa28/gnocchi.1e63edde-9c2f-4649-810d-4e78144519d8/none_v3" 201 - "PUT http://172.18.0.2:8080/d1/66/AUTH_6a45dcf95d9e4644ae6b5e86a583fa28/gnocchi.1e63edde-9c2f-4649-810d-4e78144519d8/none_v3" "tx497d994b91de4595ae20b-006a2c435d" "object-server 24" 0.0005 "-" 16 0
Jun 12 17:35:25 standalone object-server[126987]: 172.20.0.100 - - [12/Jun/2026:17:35:25 +0000] "PUT /d1/66/AUTH_6a45dcf95d9e4644ae6b5e86a583fa28/gnocchi.1e63edde-9c2f-4649-810d-4e78144519d8/none_v3" 201 - "PUT http://172.18.0.2:8080/v1/AUTH_6a45dcf95d9e4644ae6b5e86a583fa28/gnocchi.1e63edde-9c2f-4649-810d-4e78144519d8/none_v3" "tx497d994b91de4595ae20b-006a2c435d" "proxy-server 12" 0.0101 "-" 24 0
Jun 12 17:35:25 standalone proxy-server[129143]: 172.18.0.2 172.18.0.100 12/Jun/2026/17/35/25 PUT /v1/AUTH_6a45dcf95d9e4644ae6b5e86a583fa28/gnocchi.1e63edde-9c2f-4649-810d-4e78144519d8/none_v3 HTTP/1.0 201 - python-swiftclient-3.11.1 gAAAAABqLELiYpo3... 22 - - tx497d994b91de4595ae20b-006a2c435d - 0.0177 - - 1781285725.895704031 1781285725.913403988 0
Jun 12 17:35:25 standalone object-server[127000]: 172.20.0.100 - - [12/Jun/2026:17:35:25 +0000] "GET /d1/670/AUTH_6a45dcf95d9e4644ae6b5e86a583fa28/gnocchi.e839ad8d-fb61-4802-bab6-f8bddaf2c905/none_v3" 200 33 "GET http://172.18.0.2:8080/v1/AUTH_6a45dcf95d9e4644ae6b5e86a583fa28/gnocchi.e839ad8d-fb61-4802-bab6-f8bddaf2c905/none_v3" "tx43b48333c5714f41b4b49-006a2c435d" "proxy-server 12" 0.0007 "-" 25 0
Jun 12 17:35:25 standalone proxy-server[129143]: 172.18.0.2 172.18.0.100 12/Jun/2026/17/35/25 GET /v1/AUTH_6a45dcf95d9e4644ae6b5e86a583fa28/gnocchi.e839ad8d-fb61-4802-bab6-f8bddaf2c905/none_v3 HTTP/1.0 200 - python-swiftclient-3.11.1 gAAAAABqLELiYpo3... - 33 - tx43b48333c5714f41b4b49-006a2c435d - 0.0080 - - 1781285725.925729990 1781285725.933733463 0
Jun 12 17:35:25 standalone container-server[126914]: 172.20.0.100 - - [12/Jun/2026:17:35:25 +0000] "GET /d1/375/AUTH_6a45dcf95d9e4644ae6b5e86a583fa28/gnocchi.e839ad8d-fb61-4802-bab6-f8bddaf2c905" 200 357 "GET http://172.18.0.2:8080/v1/AUTH_6a45dcf95d9e4644ae6b5e86a583fa28/gnocchi.e839ad8d-fb61-4802-bab6-f8bddaf2c905?format=json&states=listing" "tx855e5b03261c44e0a923e-006a2c435d" "proxy-server 12" 0.0087 "-" 15 0
Jun 12 17:35:25 standalone proxy-server[129143]: 172.18.0.2 172.18.0.100 12/Jun/2026/17/35/25 GET /v1/AUTH_6a45dcf95d9e4644ae6b5e86a583fa28/gnocchi.e839ad8d-fb61-4802-bab6-f8bddaf2c905%3Fformat%3Djson%26states%3Dlisting HTTP/1.0 200 - python-swiftclient-3.11.1 gAAAAABqLELiYpo3... - 357 - tx855e5b03261c44e0a923e-006a2c435d - 0.0168 - - 1781285725.938194752 1781285725.954973698 0
Jun 12 17:35:25 standalone container-server[126923]: 172.20.0.100 - - [12/Jun/2026:17:35:25 +0000] "GET /d1/375/AUTH_6a45dcf95d9e4644ae6b5e86a583fa28/gnocchi.e839ad8d-fb61-4802-bab6-f8bddaf2c905" 200 2 "GET http://172.18.0.2:8080/v1/AUTH_6a45dcf95d9e4644ae6b5e86a583fa28/gnocchi.e839ad8d-fb61-4802-bab6-f8bddaf2c905?format=json&marker=none_v3&states=listing" "txdfa94867f1b0480687a70-006a2c435d" "proxy-server 12" 0.0017 "-" 17 0
Jun 12 17:35:25 standalone proxy-server[129143]: 172.18.0.2 172.18.0.100 12/Jun/2026/17/35/25 GET /v1/AUTH_6a45dcf95d9e4644ae6b5e86a583fa28/gnocchi.e839ad8d-fb61-4802-bab6-f8bddaf2c905%3Fformat%3Djson%26marker%3Dnone_v3%26states%3Dlisting HTTP/1.0 200 - python-swiftclient-3.11.1 gAAAAABqLELiYpo3... - 2 - txdfa94867f1b0480687a70-006a2c435d - 0.0090 - - 1781285725.958734274 1781285725.967778921 0
Jun 12 17:35:25 standalone object-server[126960]: 172.20.0.100 - - [12/Jun/2026:17:35:25 +0000] "GET /d1/903/AUTH_6a45dcf95d9e4644ae6b5e86a583fa28/gnocchi.e839ad8d-fb61-4802-bab6-f8bddaf2c905/1780920000.0_mean_300.0_v3" 200 16 "GET http://172.18.0.2:8080/v1/AUTH_6a45dcf95d9e4644ae6b5e86a583fa28/gnocchi.e839ad8d-fb61-4802-bab6-f8bddaf2c905/1780920000.0_mean_300.0_v3" "tx09c86e8a8201440887aae-006a2c435d" "proxy-server 12" 0.0007 "-" 22 0
Jun 12 17:35:25 standalone proxy-server[129143]: 172.18.0.2 172.18.0.100 12/Jun/2026/17/35/25 GET /v1/AUTH_6a45dcf95d9e4644ae6b5e86a583fa28/gnocchi.e839ad8d-fb61-4802-bab6-f8bddaf2c905/1780920000.0_mean_300.0_v3 HTTP/1.0 200 - python-swiftclient-3.11.1 gAAAAABqLELiYpo3... - 16 - tx09c86e8a8201440887aae-006a2c435d - 0.0076 - - 1781285725.972317696 1781285725.979962826 0
Jun 12 17:35:26 standalone container-server[126919]: 172.20.0.100 - - [12/Jun/2026:17:35:25 +0000] "PUT /d1/375/AUTH_6a45dcf95d9e4644ae6b5e86a583fa28/gnocchi.e839ad8d-fb61-4802-bab6-f8bddaf2c905/1780920000.0_mean_300.0_v3" 201 - "PUT http://172.18.0.2:8080/d1/903/AUTH_6a45dcf95d9e4644ae6b5e86a583fa28/gnocchi.e839ad8d-fb61-4802-bab6-f8bddaf2c905/1780920000.0_mean_300.0_v3" "txeaa92ee9c6374b11b40ca-006a2c435d" "object-server 24" 0.0004 "-" 16 0
Jun 12 17:35:26 standalone object-server[126987]: 172.20.0.100 - - [12/Jun/2026:17:35:26 +0000] "PUT /d1/903/AUTH_6a45dcf95d9e4644ae6b5e86a583fa28/gnocchi.e839ad8d-fb61-4802-bab6-f8bddaf2c905/1780920000.0_mean_300.0_v3" 201 - "PUT http://172.18.0.2:8080/v1/AUTH_6a45dcf95d9e4644ae6b5e86a583fa28/gnocchi.e839ad8d-fb61-4802-bab6-f8bddaf2c905/1780920000.0_mean_300.0_v3" "txeaa92ee9c6374b11b40ca-006a2c435d" "proxy-server 12" 0.0111 "-" 24 0
Jun 12 17:35:26 standalone proxy-server[129143]: 172.18.0.2 172.18.0.100 12/Jun/2026/17/35/26 PUT /v1/AUTH_6a45dcf95d9e4644ae6b5e86a583fa28/gnocchi.e839ad8d-fb61-4802-bab6-f8bddaf2c905/1780920000.0_mean_300.0_v3 HTTP/1.0 201 - python-swiftclient-3.11.1 gAAAAABqLELiYpo3... 24 - - txeaa92ee9c6374b11b40ca-006a2c435d - 0.0188 - - 1781285725.983830690 1781285726.002670050 0
Jun 12 17:35:26 standalone container-server[126914]: 172.20.0.100 - - [12/Jun/2026:17:35:26 +0000] "PUT /d1/375/AUTH_6a45dcf95d9e4644ae6b5e86a583fa28/gnocchi.e839ad8d-fb61-4802-bab6-f8bddaf2c905/none_v3" 201 - "PUT http://172.18.0.2:8080/d1/670/AUTH_6a45dcf95d9e4644ae6b5e86a583fa28/gnocchi.e839ad8d-fb61-4802-bab6-f8bddaf2c905/none_v3" "txf2659cfb58e444c48b8c9-006a2c435e" "object-server 25" 0.0006 "-" 15 0
Jun 12 17:35:26 standalone object-server[127000]: 172.20.0.100 - - [12/Jun/2026:17:35:26 +0000] "PUT /d1/670/AUTH_6a45dcf95d9e4644ae6b5e86a583fa28/gnocchi.e839ad8d-fb61-4802-bab6-f8bddaf2c905/none_v3" 201 - "PUT http://172.18.0.2:8080/v1/AUTH_6a45dcf95d9e4644ae6b5e86a583fa28/gnocchi.e839ad8d-fb61-4802-bab6-f8bddaf2c905/none_v3" "txf2659cfb58e444c48b8c9-006a2c435e" "proxy-server 12" 0.0089 "-" 25 0
Jun 12 17:35:26 standalone proxy-server[129143]: 172.18.0.2 172.18.0.100 12/Jun/2026/17/35/26 PUT /v1/AUTH_6a45dcf95d9e4644ae6b5e86a583fa28/gnocchi.e839ad8d-fb61-4802-bab6-f8bddaf2c905/none_v3 HTTP/1.0 201 - python-swiftclient-3.11.1 gAAAAABqLELiYpo3... 22 - - txf2659cfb58e444c48b8c9-006a2c435e - 0.0154 - - 1781285726.006754398 1781285726.022140980 0
Jun 12 17:35:27 standalone object-server[126987]: 172.20.0.100 - - [12/Jun/2026:17:35:27 +0000] "GET /d1/481/AUTH_6a45dcf95d9e4644ae6b5e86a583fa28/gnocchi.41b08f45-8b91-42b5-83b4-311748e7a969/none_v3" 200 22 "GET http://172.18.0.2:8080/v1/AUTH_6a45dcf95d9e4644ae6b5e86a583fa28/gnocchi.41b08f45-8b91-42b5-83b4-311748e7a969/none_v3" "tx79019592c33f4e28939e2-006a2c435f" "proxy-server 12" 0.0008 "-" 24 0
Jun 12 17:35:27 standalone proxy-server[129143]: 172.18.0.2 172.18.0.100 12/Jun/2026/17/35/27 GET /v1/AUTH_6a45dcf95d9e4644ae6b5e86a583fa28/gnocchi.41b08f45-8b91-42b5-83b4-311748e7a969/none_v3 HTTP/1.0 200 - python-swiftclient-3.11.1 gAAAAABqLELiYpo3... - 22 - tx79019592c33f4e28939e2-006a2c435f - 0.0105 - - 1781285727.409677505 1781285727.420160055 0
Jun 12 17:35:27 standalone container-server[126914]: 172.20.0.100 - - [12/Jun/2026:17:35:27 +0000] "GET /d1/305/AUTH_6a45dcf95d9e4644ae6b5e86a583fa28/gnocchi.41b08f45-8b91-42b5-83b4-311748e7a969" 200 357 "GET http://172.18.0.2:8080/v1/AUTH_6a45dcf95d9e4644ae6b5e86a583fa28/gnocchi.41b08f45-8b91-42b5-83b4-311748e7a969?format=json&states=listing" "tx6641e22437954da6b06e3-006a2c435f" "proxy-server 12" 0.0071 "-" 15 0
Jun 12 17:35:27 standalone proxy-server[129143]: 172.18.0.2 172.18.0.100 12/Jun/2026/17/35/27 GET /v1/AUTH_6a45dcf95d9e4644ae6b5e86a583fa28/gnocchi.41b08f45-8b91-42b5-83b4-311748e7a969%3Fformat%3Djson%26states%3Dlisting HTTP/1.0 200 - python-swiftclient-3.11.1 gAAAAABqLELiYpo3... - 357 - tx6641e22437954da6b06e3-006a2c435f - 0.0184 - - 1781285727.426524162 1781285727.444973707 0
Jun 12 17:35:27 standalone container-server[126919]: 172.20.0.100 - - [12/Jun/2026:17:35:27 +0000] "GET /d1/305/AUTH_6a45dcf95d9e4644ae6b5e86a583fa28/gnocchi.41b08f45-8b91-42b5-83b4-311748e7a969" 200 2 "GET http://172.18.0.2:8080/v1/AUTH_6a45dcf95d9e4644ae6b5e86a583fa28/gnocchi.41b08f45-8b91-42b5-83b4-311748e7a969?format=json&marker=none_v3&states=listing" "txfd395a787baa4e30bd490-006a2c435f" "proxy-server 12" 0.0024 "-" 16 0
Jun 12 17:35:27 standalone proxy-server[129143]: 172.18.0.2 172.18.0.100 12/Jun/2026/17/35/27 GET /v1/AUTH_6a45dcf95d9e4644ae6b5e86a583fa28/gnocchi.41b08f45-8b91-42b5-83b4-311748e7a969%3Fformat%3Djson%26marker%3Dnone_v3%26states%3Dlisting HTTP/1.0 200 - python-swiftclient-3.11.1 gAAAAABqLELiYpo3... - 2 - txfd395a787baa4e30bd490-006a2c435f - 0.0088 - - 1781285727.450450182 1781285727.459253311 0
Jun 12 17:35:27 standalone object-server[127000]: 172.20.0.100 - - [12/Jun/2026:17:35:27 +0000] "GET /d1/868/AUTH_6a45dcf95d9e4644ae6b5e86a583fa28/gnocchi.41b08f45-8b91-42b5-83b4-311748e7a969/1780920000.0_mean_300.0_v3" 200 16 "GET http://172.18.0.2:8080/v1/AUTH_6a45dcf95d9e4644ae6b5e86a583fa28/gnocchi.41b08f45-8b91-42b5-83b4-311748e7a969/1780920000.0_mean_300.0_v3" "tx5a6fea0d88f744709b091-006a2c435f" "proxy-server 12" 0.0007 "-" 25 0
Jun 12 17:35:27 standalone proxy-server[129143]: 172.18.0.2 172.18.0.100 12/Jun/2026/17/35/27 GET /v1/AUTH_6a45dcf95d9e4644ae6b5e86a583fa28/gnocchi.41b08f45-8b91-42b5-83b4-311748e7a969/1780920000.0_mean_300.0_v3 HTTP/1.0 200 - python-swiftclient-3.11.1 gAAAAABqLELiYpo3... - 16 - tx5a6fea0d88f744709b091-006a2c435f - 0.0064 - - 1781285727.465397835 1781285727.471776009 0
Jun 12 17:35:27 standalone container-server[126923]: 172.20.0.100 - - [12/Jun/2026:17:35:27 +0000] "PUT /d1/305/AUTH_6a45dcf95d9e4644ae6b5e86a583fa28/gnocchi.41b08f45-8b91-42b5-83b4-311748e7a969/1780920000.0_mean_300.0_v3" 201 - "PUT http://172.18.0.2:8080/d1/868/AUTH_6a45dcf95d9e4644ae6b5e86a583fa28/gnocchi.41b08f45-8b91-42b5-83b4-311748e7a969/1780920000.0_mean_300.0_v3" "txa3acb57740ef4df4b9a91-006a2c435f" "object-server 23" 0.0009 "-" 17 0
Jun 12 17:35:27 standalone object-server[126972]: 172.20.0.100 - - [12/Jun/2026:17:35:27 +0000] "PUT /d1/868/AUTH_6a45dcf95d9e4644ae6b5e86a583fa28/gnocchi.41b08f45-8b91-42b5-83b4-311748e7a969/1780920000.0_mean_300.0_v3" 201 - "PUT http://172.18.0.2:8080/v1/AUTH_6a45dcf95d9e4644ae6b5e86a583fa28/gnocchi.41b08f45-8b91-42b5-83b4-311748e7a969/1780920000.0_mean_300.0_v3" "txa3acb57740ef4df4b9a91-006a2c435f" "proxy-server 12" 0.0145 "-" 23 0
Jun 12 17:35:27 standalone proxy-server[129143]: 172.18.0.2 172.18.0.100 12/Jun/2026/17/35/27 PUT /v1/AUTH_6a45dcf95d9e4644ae6b5e86a583fa28/gnocchi.41b08f45-8b91-42b5-83b4-311748e7a969/1780920000.0_mean_300.0_v3 HTTP/1.0 201 - python-swiftclient-3.11.1 gAAAAABqLELiYpo3... 16 - - txa3acb57740ef4df4b9a91-006a2c435f - 0.0199 - - 1781285727.475167751 1781285727.495043278 0
Jun 12 17:35:27 standalone container-server[126919]: 172.20.0.100 - - [12/Jun/2026:17:35:27 +0000] "PUT /d1/305/AUTH_6a45dcf95d9e4644ae6b5e86a583fa28/gnocchi.41b08f45-8b91-42b5-83b4-311748e7a969/none_v3" 201 - "PUT http://172.18.0.2:8080/d1/481/AUTH_6a45dcf95d9e4644ae6b5e86a583fa28/gnocchi.41b08f45-8b91-42b5-83b4-311748e7a969/none_v3" "tx6a51df3e6c9240c2be84e-006a2c435f" "object-server 24" 0.0010 "-" 16 0
Jun 12 17:35:27 standalone object-server[126987]: 172.20.0.100 - - [12/Jun/2026:17:35:27 +0000] "PUT /d1/481/AUTH_6a45dcf95d9e4644ae6b5e86a583fa28/gnocchi.41b08f45-8b91-42b5-83b4-311748e7a969/none_v3" 201 - "PUT http://172.18.0.2:8080/v1/AUTH_6a45dcf95d9e4644ae6b5e86a583fa28/gnocchi.41b08f45-8b91-42b5-83b4-311748e7a969/none_v3" "tx6a51df3e6c9240c2be84e-006a2c435f" "proxy-server 12" 0.0085 "-" 24 0
Jun 12 17:35:27 standalone proxy-server[129143]: 172.18.0.2 172.18.0.100 12/Jun/2026/17/35/27 PUT /v1/AUTH_6a45dcf95d9e4644ae6b5e86a583fa28/gnocchi.41b08f45-8b91-42b5-83b4-311748e7a969/none_v3 HTTP/1.0 201 - python-swiftclient-3.11.1 gAAAAABqLELiYpo3... 31 - - tx6a51df3e6c9240c2be84e-006a2c435f - 0.0134 - - 1781285727.498675108 1781285727.512041569 0
Jun 12 17:35:35 standalone account-server[126513]: 172.20.0.100 - - [12/Jun/2026:17:35:35 +0000] "HEAD /d1/225/AUTH_6a45dcf95d9e4644ae6b5e86a583fa28" 204 - "HEAD http://172.18.0.2:8080/v1/AUTH_6a45dcf95d9e4644ae6b5e86a583fa28?format=json" "tx66b830fdc46b4f558c357-006a2c4367" "proxy-server 12" 0.0051 "-" 14 -
Jun 12 17:35:35 standalone proxy-server[129143]: - - 12/Jun/2026/17/35/35 HEAD /v1/AUTH_6a45dcf95d9e4644ae6b5e86a583fa28%3Fformat%3Djson HTTP/1.0 204 - Swift - - - - tx66b830fdc46b4f558c357-006a2c4367 - 0.0110 RL - 1781285735.516180277 1781285735.527163506 -
Jun 12 17:35:35 standalone object-server[127000]: 172.20.0.100 - - [12/Jun/2026:17:35:35 +0000] "GET /d1/481/AUTH_6a45dcf95d9e4644ae6b5e86a583fa28/gnocchi.41b08f45-8b91-42b5-83b4-311748e7a969/none_v3" 200 31 "GET http://172.18.0.2:8080/v1/AUTH_6a45dcf95d9e4644ae6b5e86a583fa28/gnocchi.41b08f45-8b91-42b5-83b4-311748e7a969/none_v3" "tx66b830fdc46b4f558c357-006a2c4367" "proxy-server 12" 0.0018 "-" 25 0
Jun 12 17:35:35 standalone proxy-server[129143]: 172.18.0.2 172.18.0.100 12/Jun/2026/17/35/35 GET /v1/AUTH_6a45dcf95d9e4644ae6b5e86a583fa28/gnocchi.41b08f45-8b91-42b5-83b4-311748e7a969/none_v3 HTTP/1.0 200 - python-swiftclient-3.11.1 gAAAAABqLELiYpo3... - 31 - tx66b830fdc46b4f558c357-006a2c4367 - 0.0245 - - 1781285735.515178919 1781285735.539704800 0
Jun 12 17:35:35 standalone container-server[126914]: 172.20.0.100 - - [12/Jun/2026:17:35:35 +0000] "GET /d1/305/AUTH_6a45dcf95d9e4644ae6b5e86a583fa28/gnocchi.41b08f45-8b91-42b5-83b4-311748e7a969" 200 357 "GET http://172.18.0.2:8080/v1/AUTH_6a45dcf95d9e4644ae6b5e86a583fa28/gnocchi.41b08f45-8b91-42b5-83b4-311748e7a969?format=json&states=listing" "tx430fda3029564a3baf7ba-006a2c4367" "proxy-server 12" 0.0110 "-" 15 0
Jun 12 17:35:35 standalone proxy-server[129143]: 172.18.0.2 172.18.0.100 12/Jun/2026/17/35/35 GET /v1/AUTH_6a45dcf95d9e4644ae6b5e86a583fa28/gnocchi.41b08f45-8b91-42b5-83b4-311748e7a969%3Fformat%3Djson%26states%3Dlisting HTTP/1.0 200 - python-swiftclient-3.11.1 gAAAAABqLELiYpo3... - 357 - tx430fda3029564a3baf7ba-006a2c4367 - 0.0234 - - 1781285735.544735909 1781285735.568093777 0
Jun 12 17:35:35 standalone container-server[126914]: 172.20.0.100 - - [12/Jun/2026:17:35:35 +0000] "GET /d1/305/AUTH_6a45dcf95d9e4644ae6b5e86a583fa28/gnocchi.41b08f45-8b91-42b5-83b4-311748e7a969" 200 2 "GET http://172.18.0.2:8080/v1/AUTH_6a45dcf95d9e4644ae6b5e86a583fa28/gnocchi.41b08f45-8b91-42b5-83b4-311748e7a969?format=json&marker=none_v3&states=listing" "txa23b02ca49e946cfbb0e7-006a2c4367" "proxy-server 12" 0.0021 "-" 15 0
Jun 12 17:35:35 standalone proxy-server[129143]: 172.18.0.2 172.18.0.100 12/Jun/2026/17/35/35 GET /v1/AUTH_6a45dcf95d9e4644ae6b5e86a583fa28/gnocchi.41b08f45-8b91-42b5-83b4-311748e7a969%3Fformat%3Djson%26marker%3Dnone_v3%26states%3Dlisting HTTP/1.0 200 - python-swiftclient-3.11.1 gAAAAABqLELiYpo3... - 2 - txa23b02ca49e946cfbb0e7-006a2c4367 - 0.0178 - - 1781285735.571859598 1781285735.589653254 0
Jun 12 17:35:35 standalone object-server[127000]: 172.20.0.100 - - [12/Jun/2026:17:35:35 +0000] "GET /d1/868/AUTH_6a45dcf95d9e4644ae6b5e86a583fa28/gnocchi.41b08f45-8b91-42b5-83b4-311748e7a969/1780920000.0_mean_300.0_v3" 200 16 "GET http://172.18.0.2:8080/v1/AUTH_6a45dcf95d9e4644ae6b5e86a583fa28/gnocchi.41b08f45-8b91-42b5-83b4-311748e7a969/1780920000.0_mean_300.0_v3" "tx2d487484359e4eb7b8616-006a2c4367" "proxy-server 12" 0.0014 "-" 25 0
Jun 12 17:35:35 standalone proxy-server[129143]: 172.18.0.2 172.18.0.100 12/Jun/2026/17/35/35 GET /v1/AUTH_6a45dcf95d9e4644ae6b5e86a583fa28/gnocchi.41b08f45-8b91-42b5-83b4-311748e7a969/1780920000.0_mean_300.0_v3 HTTP/1.0 200 - python-swiftclient-3.11.1 gAAAAABqLELiYpo3... - 16 - tx2d487484359e4eb7b8616-006a2c4367 - 0.0106 - - 1781285735.598487139 1781285735.609130383 0
Jun 12 17:35:35 standalone container-server[126913]: 172.20.0.100 - - [12/Jun/2026:17:35:35 +0000] "PUT /d1/305/AUTH_6a45dcf95d9e4644ae6b5e86a583fa28/gnocchi.41b08f45-8b91-42b5-83b4-311748e7a969/1780920000.0_mean_300.0_v3" 201 - "PUT http://172.18.0.2:8080/d1/868/AUTH_6a45dcf95d9e4644ae6b5e86a583fa28/gnocchi.41b08f45-8b91-42b5-83b4-311748e7a969/1780920000.0_mean_300.0_v3" "txb21b8be14e65453696033-006a2c4367" "object-server 23" 0.0008 "-" 14 0
Jun 12 17:35:35 standalone object-server[126972]: 172.20.0.100 - - [12/Jun/2026:17:35:35 +0000] "PUT /d1/868/AUTH_6a45dcf95d9e4644ae6b5e86a583fa28/gnocchi.41b08f45-8b91-42b5-83b4-311748e7a969/1780920000.0_mean_300.0_v3" 201 - "PUT http://172.18.0.2:8080/v1/AUTH_6a45dcf95d9e4644ae6b5e86a583fa28/gnocchi.41b08f45-8b91-42b5-83b4-311748e7a969/1780920000.0_mean_300.0_v3" "txb21b8be14e65453696033-006a2c4367" "proxy-server 12" 0.0113 "-" 23 0
Jun 12 17:35:35 standalone proxy-server[129143]: 172.18.0.2 172.18.0.100 12/Jun/2026/17/35/35 PUT /v1/AUTH_6a45dcf95d9e4644ae6b5e86a583fa28/gnocchi.41b08f45-8b91-42b5-83b4-311748e7a969/1780920000.0_mean_300.0_v3 HTTP/1.0 201 - python-swiftclient-3.11.1 gAAAAABqLELiYpo3... 16 - - txb21b8be14e65453696033-006a2c4367 - 0.0186 - - 1781285735.612212420 1781285735.630792141 0
Jun 12 17:35:35 standalone container-server[126923]: 172.20.0.100 - - [12/Jun/2026:17:35:35 +0000] "PUT /d1/305/AUTH_6a45dcf95d9e4644ae6b5e86a583fa28/gnocchi.41b08f45-8b91-42b5-83b4-311748e7a969/none_v3" 201 - "PUT http://172.18.0.2:8080/d1/481/AUTH_6a45dcf95d9e4644ae6b5e86a583fa28/gnocchi.41b08f45-8b91-42b5-83b4-311748e7a969/none_v3" "tx37766cb372ff4779aae1d-006a2c4367" "object-server 22" 0.0009 "-" 17 0
Jun 12 17:35:35 standalone object-server[126960]: 172.20.0.100 - - [12/Jun/2026:17:35:35 +0000] "PUT /d1/481/AUTH_6a45dcf95d9e4644ae6b5e86a583fa28/gnocchi.41b08f45-8b91-42b5-83b4-311748e7a969/none_v3" 201 - "PUT http://172.18.0.2:8080/v1/AUTH_6a45dcf95d9e4644ae6b5e86a583fa28/gnocchi.41b08f45-8b91-42b5-83b4-311748e7a969/none_v3" "tx37766cb372ff4779aae1d-006a2c4367" "proxy-server 12" 0.0150 "-" 22 0
Jun 12 17:35:35 standalone proxy-server[129143]: 172.18.0.2 172.18.0.100 12/Jun/2026/17/35/35 PUT /v1/AUTH_6a45dcf95d9e4644ae6b5e86a583fa28/gnocchi.41b08f45-8b91-42b5-83b4-311748e7a969/none_v3 HTTP/1.0 201 - python-swiftclient-3.11.1 gAAAAABqLELiYpo3... 46 - - tx37766cb372ff4779aae1d-006a2c4367 - 0.0232 - - 1781285735.633867025 1781285735.657085896 0
Jun 12 17:35:36 standalone object-server[126972]: 172.20.0.100 - - [12/Jun/2026:17:35:36 +0000] "GET /d1/481/AUTH_6a45dcf95d9e4644ae6b5e86a583fa28/gnocchi.41b08f45-8b91-42b5-83b4-311748e7a969/none_v3" 200 46 "GET http://172.18.0.2:8080/v1/AUTH_6a45dcf95d9e4644ae6b5e86a583fa28/gnocchi.41b08f45-8b91-42b5-83b4-311748e7a969/none_v3" "tx308415ec1d424680a1573-006a2c4368" "proxy-server 12" 0.0011 "-" 23 0
Jun 12 17:35:36 standalone proxy-server[129143]: 172.18.0.2 172.18.0.100 12/Jun/2026/17/35/36 GET /v1/AUTH_6a45dcf95d9e4644ae6b5e86a583fa28/gnocchi.41b08f45-8b91-42b5-83b4-311748e7a969/none_v3 HTTP/1.0 200 - python-swiftclient-3.11.1 gAAAAABqLELiYpo3... - 46 - tx308415ec1d424680a1573-006a2c4368 - 0.0076 - - 1781285736.152848959 1781285736.160483360 0
Jun 12 17:35:36 standalone container-server[126919]: 172.20.0.100 - - [12/Jun/2026:17:35:36 +0000] "GET /d1/305/AUTH_6a45dcf95d9e4644ae6b5e86a583fa28/gnocchi.41b08f45-8b91-42b5-83b4-311748e7a969" 200 357 "GET http://172.18.0.2:8080/v1/AUTH_6a45dcf95d9e4644ae6b5e86a583fa28/gnocchi.41b08f45-8b91-42b5-83b4-311748e7a969?format=json&states=listing" "tx14e61c184cfc4704a244b-006a2c4368" "proxy-server 12" 0.0067 "-" 16 0
Jun 12 17:35:36 standalone proxy-server[129143]: 172.18.0.2 172.18.0.100 12/Jun/2026/17/35/36 GET /v1/AUTH_6a45dcf95d9e4644ae6b5e86a583fa28/gnocchi.41b08f45-8b91-42b5-83b4-311748e7a969%3Fformat%3Djson%26states%3Dlisting HTTP/1.0 200 - python-swiftclient-3.11.1 gAAAAABqLELiYpo3... - 357 - tx14e61c184cfc4704a244b-006a2c4368 - 0.0137 - - 1781285736.166523933 1781285736.180218697 0
Jun 12 17:35:36 standalone container-server[126913]: 172.20.0.100 - - [12/Jun/2026:17:35:36 +0000] "GET /d1/305/AUTH_6a45dcf95d9e4644ae6b5e86a583fa28/gnocchi.41b08f45-8b91-42b5-83b4-311748e7a969" 200 2 "GET http://172.18.0.2:8080/v1/AUTH_6a45dcf95d9e4644ae6b5e86a583fa28/gnocchi.41b08f45-8b91-42b5-83b4-311748e7a969?format=json&marker=none_v3&states=listing" "tx09aea4bcd43b4bcfaa2c4-006a2c4368" "proxy-server 12" 0.0018 "-" 14 0
Jun 12 17:35:36 standalone proxy-server[129143]: 172.18.0.2 172.18.0.100 12/Jun/2026/17/35/36 GET /v1/AUTH_6a45dcf95d9e4644ae6b5e86a583fa28/gnocchi.41b08f45-8b91-42b5-83b4-311748e7a969%3Fformat%3Djson%26marker%3Dnone_v3%26states%3Dlisting HTTP/1.0 200 - python-swiftclient-3.11.1 gAAAAABqLELiYpo3... - 2 - tx09aea4bcd43b4bcfaa2c4-006a2c4368 - 0.0067 - - 1781285736.186151505 1781285736.192811489 0
Jun 12 17:35:36 standalone object-server[126960]: 172.20.0.100 - - [12/Jun/2026:17:35:36 +0000] "GET /d1/868/AUTH_6a45dcf95d9e4644ae6b5e86a583fa28/gnocchi.41b08f45-8b91-42b5-83b4-311748e7a969/1780920000.0_mean_300.0_v3" 200 16 "GET http://172.18.0.2:8080/v1/AUTH_6a45dcf95d9e4644ae6b5e86a583fa28/gnocchi.41b08f45-8b91-42b5-83b4-311748e7a969/1780920000.0_mean_300.0_v3" "tx06a1295122704e69a3204-006a2c4368" "proxy-server 12" 0.0008 "-" 22 0
Jun 12 17:35:36 standalone proxy-server[129143]: 172.18.0.2 172.18.0.100 12/Jun/2026/17/35/36 GET /v1/AUTH_6a45dcf95d9e4644ae6b5e86a583fa28/gnocchi.41b08f45-8b91-42b5-83b4-311748e7a969/1780920000.0_mean_300.0_v3 HTTP/1.0 200 - python-swiftclient-3.11.1 gAAAAABqLELiYpo3... - 16 - tx06a1295122704e69a3204-006a2c4368 - 0.0056 - - 1781285736.197038412 1781285736.202630997 0
Jun 12 17:35:36 standalone container-server[126923]: 172.20.0.100 - - [12/Jun/2026:17:35:36 +0000] "PUT /d1/305/AUTH_6a45dcf95d9e4644ae6b5e86a583fa28/gnocchi.41b08f45-8b91-42b5-83b4-311748e7a969/1780920000.0_mean_300.0_v3" 201 - "PUT http://172.18.0.2:8080/d1/868/AUTH_6a45dcf95d9e4644ae6b5e86a583fa28/gnocchi.41b08f45-8b91-42b5-83b4-311748e7a969/1780920000.0_mean_300.0_v3" "txdb3a417735b14e00a5d2b-006a2c4368" "object-server 22" 0.0006 "-" 17 0
Jun 12 17:35:36 standalone object-server[126960]: 172.20.0.100 - - [12/Jun/2026:17:35:36 +0000] "PUT /d1/868/AUTH_6a45dcf95d9e4644ae6b5e86a583fa28/gnocchi.41b08f45-8b91-42b5-83b4-311748e7a969/1780920000.0_mean_300.0_v3" 201 - "PUT http://172.18.0.2:8080/v1/AUTH_6a45dcf95d9e4644ae6b5e86a583fa28/gnocchi.41b08f45-8b91-42b5-83b4-311748e7a969/1780920000.0_mean_300.0_v3" "txdb3a417735b14e00a5d2b-006a2c4368" "proxy-server 12" 0.0107 "-" 22 0
Jun 12 17:35:36 standalone proxy-server[129143]: 172.18.0.2 172.18.0.100 12/Jun/2026/17/35/36 PUT /v1/AUTH_6a45dcf95d9e4644ae6b5e86a583fa28/gnocchi.41b08f45-8b91-42b5-83b4-311748e7a969/1780920000.0_mean_300.0_v3 HTTP/1.0 201 - python-swiftclient-3.11.1 gAAAAABqLELiYpo3... 16 - - txdb3a417735b14e00a5d2b-006a2c4368 - 0.0152 - - 1781285736.205954552 1781285736.221192598 0
Jun 12 17:35:36 standalone container-server[126923]: 172.20.0.100 - - [12/Jun/2026:17:35:36 +0000] "PUT /d1/305/AUTH_6a45dcf95d9e4644ae6b5e86a583fa28/gnocchi.41b08f45-8b91-42b5-83b4-311748e7a969/none_v3" 201 - "PUT http://172.18.0.2:8080/d1/481/AUTH_6a45dcf95d9e4644ae6b5e86a583fa28/gnocchi.41b08f45-8b91-42b5-83b4-311748e7a969/none_v3" "txdfc2d7b8ba3e4dfc8ae8a-006a2c4368" "object-server 25" 0.0006 "-" 17 0
Jun 12 17:35:36 standalone object-server[127000]: 172.20.0.100 - - [12/Jun/2026:17:35:36 +0000] "PUT /d1/481/AUTH_6a45dcf95d9e4644ae6b5e86a583fa28/gnocchi.41b08f45-8b91-42b5-83b4-311748e7a969/none_v3" 201 - "PUT http://172.18.0.2:8080/v1/AUTH_6a45dcf95d9e4644ae6b5e86a583fa28/gnocchi.41b08f45-8b91-42b5-83b4-311748e7a969/none_v3" "txdfc2d7b8ba3e4dfc8ae8a-006a2c4368" "proxy-server 12" 0.0100 "-" 25 0
Jun 12 17:35:36 standalone proxy-server[129143]: 172.18.0.2 172.18.0.100 12/Jun/2026/17/35/36 PUT /v1/AUTH_6a45dcf95d9e4644ae6b5e86a583fa28/gnocchi.41b08f45-8b91-42b5-83b4-311748e7a969/none_v3 HTTP/1.0 201 - python-swiftclient-3.11.1 gAAAAABqLELiYpo3... 51 - - txdfc2d7b8ba3e4dfc8ae8a-006a2c4368 - 0.0144 - - 1781285736.224322319 1781285736.238706112 0
Jun 12 17:35:38 standalone container-server[126914]: 172.20.0.100 - - [12/Jun/2026:17:35:38 +0000] "HEAD /d1/977/AUTH_6a45dcf95d9e4644ae6b5e86a583fa28/gnocchi.b88f97f1-09d2-4ecf-88cf-e3e7e92fab38" 404 - "HEAD http://172.18.0.2:8080/v1/AUTH_6a45dcf95d9e4644ae6b5e86a583fa28/gnocchi.b88f97f1-09d2-4ecf-88cf-e3e7e92fab38?format=json&states=listing" "txabe0bc63ce7f42298c6a3-006a2c436a" "proxy-server 12" 0.0006 "-" 15 0
Jun 12 17:35:38 standalone object-server[126972]: 172.20.0.100 - - [12/Jun/2026:17:35:38 +0000] "GET /d1/508/AUTH_6a45dcf95d9e4644ae6b5e86a583fa28/gnocchi.b88f97f1-09d2-4ecf-88cf-e3e7e92fab38/none_v3" 404 70 "GET http://172.18.0.2:8080/v1/AUTH_6a45dcf95d9e4644ae6b5e86a583fa28/gnocchi.b88f97f1-09d2-4ecf-88cf-e3e7e92fab38/none_v3" "txabe0bc63ce7f42298c6a3-006a2c436a" "proxy-server 12" 0.0003 "-" 23 0
Jun 12 17:35:38 standalone proxy-server[129143]: 172.18.0.2 172.18.0.100 12/Jun/2026/17/35/38 GET /v1/AUTH_6a45dcf95d9e4644ae6b5e86a583fa28/gnocchi.b88f97f1-09d2-4ecf-88cf-e3e7e92fab38/none_v3 HTTP/1.0 404 - python-swiftclient-3.11.1 gAAAAABqLELiYpo3... - 70 - txabe0bc63ce7f42298c6a3-006a2c436a - 0.0109 - - 1781285738.955070496 1781285738.965985537 0
Jun 12 17:35:38 standalone account-server[126543]: 172.20.0.100 - - [12/Jun/2026:17:35:38 +0000] "PUT /d1/225/AUTH_6a45dcf95d9e4644ae6b5e86a583fa28/gnocchi.b88f97f1-09d2-4ecf-88cf-e3e7e92fab38" 201 - "PUT http://172.20.0.100:6001/d1/977/AUTH_6a45dcf95d9e4644ae6b5e86a583fa28/gnocchi.b88f97f1-09d2-4ecf-88cf-e3e7e92fab38" "tx608c9ac17015444cb130c-006a2c436a" "container-server 16" 0.0022 "-" 16 0
Jun 12 17:35:38 standalone container-server[126919]: 172.20.0.100 - - [12/Jun/2026:17:35:38 +0000] "PUT /d1/977/AUTH_6a45dcf95d9e4644ae6b5e86a583fa28/gnocchi.b88f97f1-09d2-4ecf-88cf-e3e7e92fab38" 201 - "PUT http://172.18.0.2:8080/v1/AUTH_6a45dcf95d9e4644ae6b5e86a583fa28/gnocchi.b88f97f1-09d2-4ecf-88cf-e3e7e92fab38" "tx608c9ac17015444cb130c-006a2c436a" "proxy-server 12" 0.0202 "-" 16 0
Jun 12 17:35:38 standalone proxy-server[129143]: 172.18.0.2 172.18.0.100 12/Jun/2026/17/35/38 PUT /v1/AUTH_6a45dcf95d9e4644ae6b5e86a583fa28/gnocchi.b88f97f1-09d2-4ecf-88cf-e3e7e92fab38 HTTP/1.0 201 - python-swiftclient-3.11.1 gAAAAABqLELiYpo3... - - - tx608c9ac17015444cb130c-006a2c436a - 0.0251 - - 1781285738.968669176 1781285738.993776321 0
Jun 12 17:35:39 standalone container-server[126919]: 172.20.0.100 - - [12/Jun/2026:17:35:39 +0000] "HEAD /d1/977/AUTH_6a45dcf95d9e4644ae6b5e86a583fa28/gnocchi.b88f97f1-09d2-4ecf-88cf-e3e7e92fab38" 204 - "HEAD http://172.18.0.2:8080/v1/AUTH_6a45dcf95d9e4644ae6b5e86a583fa28/gnocchi.b88f97f1-09d2-4ecf-88cf-e3e7e92fab38?format=json&states=listing" "tx795fd9c70c8e4a1f8b303-006a2c436a" "proxy-server 12" 0.0012 "-" 16 0
Jun 12 17:35:39 standalone proxy-server[129143]: - - 12/Jun/2026/17/35/39 HEAD /v1/AUTH_6a45dcf95d9e4644ae6b5e86a583fa28/gnocchi.b88f97f1-09d2-4ecf-88cf-e3e7e92fab38%3Fformat%3Djson%26states%3Dlisting HTTP/1.0 204 - Swift - - - - tx795fd9c70c8e4a1f8b303-006a2c436a - 0.0043 RL - 1781285738.997756720 1781285739.002076387 0
Jun 12 17:35:39 standalone container-server[126923]: 172.20.0.100 - - [12/Jun/2026:17:35:39 +0000] "GET /d1/977/AUTH_6a45dcf95d9e4644ae6b5e86a583fa28/gnocchi.b88f97f1-09d2-4ecf-88cf-e3e7e92fab38" 200 2 "GET http://172.18.0.2:8080/v1/AUTH_6a45dcf95d9e4644ae6b5e86a583fa28/gnocchi.b88f97f1-09d2-4ecf-88cf-e3e7e92fab38?format=json&states=listing" "tx795fd9c70c8e4a1f8b303-006a2c436a" "proxy-server 12" 0.0025 "-" 17 0
Jun 12 17:35:39 standalone proxy-server[129143]: 172.18.0.2 172.18.0.100 12/Jun/2026/17/35/39 GET /v1/AUTH_6a45dcf95d9e4644ae6b5e86a583fa28/gnocchi.b88f97f1-09d2-4ecf-88cf-e3e7e92fab38%3Fformat%3Djson%26states%3Dlisting HTTP/1.0 200 - python-swiftclient-3.11.1 gAAAAABqLELiYpo3... - 2 - tx795fd9c70c8e4a1f8b303-006a2c436a - 0.0164 - - 1781285738.996753693 1781285739.013125181 0
Jun 12 17:35:39 standalone object-server[126987]: 172.20.0.100 - - [12/Jun/2026:17:35:39 +0000] "GET /d1/94/AUTH_6a45dcf95d9e4644ae6b5e86a583fa28/gnocchi.b88f97f1-09d2-4ecf-88cf-e3e7e92fab38/1780920000.0_mean_300.0_v3" 404 70 "GET http://172.18.0.2:8080/v1/AUTH_6a45dcf95d9e4644ae6b5e86a583fa28/gnocchi.b88f97f1-09d2-4ecf-88cf-e3e7e92fab38/1780920000.0_mean_300.0_v3" "tx1650aa1684594c07a58fa-006a2c436b" "proxy-server 12" 0.0003 "-" 24 0
Jun 12 17:35:39 standalone proxy-server[129143]: 172.18.0.2 172.18.0.100 12/Jun/2026/17/35/39 GET /v1/AUTH_6a45dcf95d9e4644ae6b5e86a583fa28/gnocchi.b88f97f1-09d2-4ecf-88cf-e3e7e92fab38/1780920000.0_mean_300.0_v3 HTTP/1.0 404 - python-swiftclient-3.11.1 gAAAAABqLELiYpo3... - 70 - tx1650aa1684594c07a58fa-006a2c436b - 0.0059 - - 1781285739.019163609 1781285739.025091171 0
Jun 12 17:35:39 standalone container-server[126919]: 172.20.0.100 - - [12/Jun/2026:17:35:39 +0000] "PUT /d1/977/AUTH_6a45dcf95d9e4644ae6b5e86a583fa28/gnocchi.b88f97f1-09d2-4ecf-88cf-e3e7e92fab38/1780920000.0_mean_300.0_v3" 201 - "PUT http://172.18.0.2:8080/d1/94/AUTH_6a45dcf95d9e4644ae6b5e86a583fa28/gnocchi.b88f97f1-09d2-4ecf-88cf-e3e7e92fab38/1780920000.0_mean_300.0_v3" "txb405726494804faba0437-006a2c436b" "object-server 22" 0.0005 "-" 16 0
Jun 12 17:35:39 standalone object-server[126960]: 172.20.0.100 - - [12/Jun/2026:17:35:39 +0000] "PUT /d1/94/AUTH_6a45dcf95d9e4644ae6b5e86a583fa28/gnocchi.b88f97f1-09d2-4ecf-88cf-e3e7e92fab38/1780920000.0_mean_300.0_v3" 201 - "PUT http://172.18.0.2:8080/v1/AUTH_6a45dcf95d9e4644ae6b5e86a583fa28/gnocchi.b88f97f1-09d2-4ecf-88cf-e3e7e92fab38/1780920000.0_mean_300.0_v3" "txb405726494804faba0437-006a2c436b" "proxy-server 12" 0.0089 "-" 22 0
Jun 12 17:35:39 standalone proxy-server[129143]: 172.18.0.2 172.18.0.100 12/Jun/2026/17/35/39 PUT /v1/AUTH_6a45dcf95d9e4644ae6b5e86a583fa28/gnocchi.b88f97f1-09d2-4ecf-88cf-e3e7e92fab38/1780920000.0_mean_300.0_v3 HTTP/1.0 201 - python-swiftclient-3.11.1 gAAAAABqLELiYpo3... 16 - - txb405726494804faba0437-006a2c436b - 0.0143 - - 1781285739.027557611 1781285739.041825056 0
Jun 12 17:35:39 standalone container-server[126919]: 172.20.0.100 - - [12/Jun/2026:17:35:39 +0000] "PUT /d1/977/AUTH_6a45dcf95d9e4644ae6b5e86a583fa28/gnocchi.b88f97f1-09d2-4ecf-88cf-e3e7e92fab38/none_v3" 201 - "PUT http://172.18.0.2:8080/d1/508/AUTH_6a45dcf95d9e4644ae6b5e86a583fa28/gnocchi.b88f97f1-09d2-4ecf-88cf-e3e7e92fab38/none_v3" "tx4fd5629bd2ba4d08bbc4a-006a2c436b" "object-server 25" 0.0004 "-" 16 0
Jun 12 17:35:39 standalone object-server[127000]: 172.20.0.100 - - [12/Jun/2026:17:35:39 +0000] "PUT /d1/508/AUTH_6a45dcf95d9e4644ae6b5e86a583fa28/gnocchi.b88f97f1-09d2-4ecf-88cf-e3e7e92fab38/none_v3" 201 - "PUT http://172.18.0.2:8080/v1/AUTH_6a45dcf95d9e4644ae6b5e86a583fa28/gnocchi.b88f97f1-09d2-4ecf-88cf-e3e7e92fab38/none_v3" "tx4fd5629bd2ba4d08bbc4a-006a2c436b" "proxy-server 12" 0.0092 "-" 25 0
Jun 12 17:35:39 standalone proxy-server[129143]: 172.18.0.2 172.18.0.100 12/Jun/2026/17/35/39 PUT /v1/AUTH_6a45dcf95d9e4644ae6b5e86a583fa28/gnocchi.b88f97f1-09d2-4ecf-88cf-e3e7e92fab38/none_v3 HTTP/1.0 201 - python-swiftclient-3.11.1 gAAAAABqLELiYpo3... 22 - - tx4fd5629bd2ba4d08bbc4a-006a2c436b - 0.0146 - - 1781285739.044918537 1781285739.059550047 0
Jun 12 17:35:39 standalone container-server[126923]: 172.20.0.100 - - [12/Jun/2026:17:35:39 +0000] "HEAD /d1/848/AUTH_6a45dcf95d9e4644ae6b5e86a583fa28/gnocchi.a8910fa2-9fda-4c76-a451-f5a676e9a03f" 404 - "HEAD http://172.18.0.2:8080/v1/AUTH_6a45dcf95d9e4644ae6b5e86a583fa28/gnocchi.a8910fa2-9fda-4c76-a451-f5a676e9a03f?format=json&states=listing" "tx1383c5591fd542eda4df2-006a2c436b" "proxy-server 12" 0.0004 "-" 17 0
Jun 12 17:35:39 standalone object-server[126972]: 172.20.0.100 - - [12/Jun/2026:17:35:39 +0000] "GET /d1/341/AUTH_6a45dcf95d9e4644ae6b5e86a583fa28/gnocchi.a8910fa2-9fda-4c76-a451-f5a676e9a03f/none_v3" 404 70 "GET http://172.18.0.2:8080/v1/AUTH_6a45dcf95d9e4644ae6b5e86a583fa28/gnocchi.a8910fa2-9fda-4c76-a451-f5a676e9a03f/none_v3" "tx1383c5591fd542eda4df2-006a2c436b" "proxy-server 12" 0.0004 "-" 23 0
Jun 12 17:35:39 standalone proxy-server[129143]: 172.18.0.2 172.18.0.100 12/Jun/2026/17/35/39 GET /v1/AUTH_6a45dcf95d9e4644ae6b5e86a583fa28/gnocchi.a8910fa2-9fda-4c76-a451-f5a676e9a03f/none_v3 HTTP/1.0 404 - python-swiftclient-3.11.1 gAAAAABqLELiYpo3... - 70 - tx1383c5591fd542eda4df2-006a2c436b - 0.0091 - - 1781285739.071223259 1781285739.080344439 0
Jun 12 17:35:39 standalone account-server[126543]: 172.20.0.100 - - [12/Jun/2026:17:35:39 +0000] "PUT /d1/225/AUTH_6a45dcf95d9e4644ae6b5e86a583fa28/gnocchi.a8910fa2-9fda-4c76-a451-f5a676e9a03f" 201 - "PUT http://172.20.0.100:6001/d1/848/AUTH_6a45dcf95d9e4644ae6b5e86a583fa28/gnocchi.a8910fa2-9fda-4c76-a451-f5a676e9a03f" "tx9a3488f5545644b492c4a-006a2c436b" "container-server 14" 0.0044 "-" 16 0
Jun 12 17:35:39 standalone container-server[126913]: 172.20.0.100 - - [12/Jun/2026:17:35:39 +0000] "PUT /d1/848/AUTH_6a45dcf95d9e4644ae6b5e86a583fa28/gnocchi.a8910fa2-9fda-4c76-a451-f5a676e9a03f" 201 - "PUT http://172.18.0.2:8080/v1/AUTH_6a45dcf95d9e4644ae6b5e86a583fa28/gnocchi.a8910fa2-9fda-4c76-a451-f5a676e9a03f" "tx9a3488f5545644b492c4a-006a2c436b" "proxy-server 12" 0.0206 "-" 14 0
Jun 12 17:35:39 standalone proxy-server[129143]: 172.18.0.2 172.18.0.100 12/Jun/2026/17/35/39 PUT /v1/AUTH_6a45dcf95d9e4644ae6b5e86a583fa28/gnocchi.a8910fa2-9fda-4c76-a451-f5a676e9a03f HTTP/1.0 201 - python-swiftclient-3.11.1 gAAAAABqLELiYpo3... - - - tx9a3488f5545644b492c4a-006a2c436b - 0.0269 - - 1781285739.083296537 1781285739.110179186 0
Jun 12 17:35:39 standalone container-server[126923]: 172.20.0.100 - - [12/Jun/2026:17:35:39 +0000] "HEAD /d1/848/AUTH_6a45dcf95d9e4644ae6b5e86a583fa28/gnocchi.a8910fa2-9fda-4c76-a451-f5a676e9a03f" 204 - "HEAD http://172.18.0.2:8080/v1/AUTH_6a45dcf95d9e4644ae6b5e86a583fa28/gnocchi.a8910fa2-9fda-4c76-a451-f5a676e9a03f?format=json&states=listing" "tx0bae883d4ca9435e85cb6-006a2c436b" "proxy-server 12" 0.0011 "-" 17 0
Jun 12 17:35:39 standalone proxy-server[129143]: - - 12/Jun/2026/17/35/39 HEAD /v1/AUTH_6a45dcf95d9e4644ae6b5e86a583fa28/gnocchi.a8910fa2-9fda-4c76-a451-f5a676e9a03f%3Fformat%3Djson%26states%3Dlisting HTTP/1.0 204 - Swift - - - - tx0bae883d4ca9435e85cb6-006a2c436b - 0.0057 RL - 1781285739.113932371 1781285739.119611740 0
Jun 12 17:35:39 standalone container-server[126914]: 172.20.0.100 - - [12/Jun/2026:17:35:39 +0000] "GET /d1/848/AUTH_6a45dcf95d9e4644ae6b5e86a583fa28/gnocchi.a8910fa2-9fda-4c76-a451-f5a676e9a03f" 200 2 "GET http://172.18.0.2:8080/v1/AUTH_6a45dcf95d9e4644ae6b5e86a583fa28/gnocchi.a8910fa2-9fda-4c76-a451-f5a676e9a03f?format=json&states=listing" "tx0bae883d4ca9435e85cb6-006a2c436b" "proxy-server 12" 0.0029 "-" 15 0
Jun 12 17:35:39 standalone proxy-server[129143]: 172.18.0.2 172.18.0.100 12/Jun/2026/17/35/39 GET /v1/AUTH_6a45dcf95d9e4644ae6b5e86a583fa28/gnocchi.a8910fa2-9fda-4c76-a451-f5a676e9a03f%3Fformat%3Djson%26states%3Dlisting HTTP/1.0 200 - python-swiftclient-3.11.1 gAAAAABqLELiYpo3... - 2 - tx0bae883d4ca9435e85cb6-006a2c436b - 0.0176 - - 1781285739.112854958 1781285739.130429029 0
Jun 12 17:35:39 standalone object-server[127000]: 172.20.0.100 - - [12/Jun/2026:17:35:39 +0000] "GET /d1/674/AUTH_6a45dcf95d9e4644ae6b5e86a583fa28/gnocchi.a8910fa2-9fda-4c76-a451-f5a676e9a03f/1780920000.0_mean_300.0_v3" 404 70 "GET http://172.18.0.2:8080/v1/AUTH_6a45dcf95d9e4644ae6b5e86a583fa28/gnocchi.a8910fa2-9fda-4c76-a451-f5a676e9a03f/1780920000.0_mean_300.0_v3" "txbdad99038f9242d7b0536-006a2c436b" "proxy-server 12" 0.0005 "-" 25 0
Jun 12 17:35:39 standalone proxy-server[129143]: 172.18.0.2 172.18.0.100 12/Jun/2026/17/35/39 GET /v1/AUTH_6a45dcf95d9e4644ae6b5e86a583fa28/gnocchi.a8910fa2-9fda-4c76-a451-f5a676e9a03f/1780920000.0_mean_300.0_v3 HTTP/1.0 404 - python-swiftclient-3.11.1 gAAAAABqLELiYpo3... - 70 - txbdad99038f9242d7b0536-006a2c436b - 0.0073 - - 1781285739.137024403 1781285739.144284725 0
Jun 12 17:35:39 standalone container-server[126923]: 172.20.0.100 - - [12/Jun/2026:17:35:39 +0000] "PUT /d1/848/AUTH_6a45dcf95d9e4644ae6b5e86a583fa28/gnocchi.a8910fa2-9fda-4c76-a451-f5a676e9a03f/1780920000.0_mean_300.0_v3" 201 - "PUT http://172.18.0.2:8080/d1/674/AUTH_6a45dcf95d9e4644ae6b5e86a583fa28/gnocchi.a8910fa2-9fda-4c76-a451-f5a676e9a03f/1780920000.0_mean_300.0_v3" "txf9211bc2e1c549618b388-006a2c436b" "object-server 24" 0.0011 "-" 17 0
Jun 12 17:35:39 standalone object-server[126987]: 172.20.0.100 - - [12/Jun/2026:17:35:39 +0000] "PUT /d1/674/AUTH_6a45dcf95d9e4644ae6b5e86a583fa28/gnocchi.a8910fa2-9fda-4c76-a451-f5a676e9a03f/1780920000.0_mean_300.0_v3" 201 - "PUT http://172.18.0.2:8080/v1/AUTH_6a45dcf95d9e4644ae6b5e86a583fa28/gnocchi.a8910fa2-9fda-4c76-a451-f5a676e9a03f/1780920000.0_mean_300.0_v3" "txf9211bc2e1c549618b388-006a2c436b" "proxy-server 12" 0.0148 "-" 24 0
Jun 12 17:35:39 standalone proxy-server[129143]: 172.18.0.2 172.18.0.100 12/Jun/2026/17/35/39 PUT /v1/AUTH_6a45dcf95d9e4644ae6b5e86a583fa28/gnocchi.a8910fa2-9fda-4c76-a451-f5a676e9a03f/1780920000.0_mean_300.0_v3 HTTP/1.0 201 - python-swiftclient-3.11.1 gAAAAABqLELiYpo3... 16 - - txf9211bc2e1c549618b388-006a2c436b - 0.0226 - - 1781285739.147722721 1781285739.170353413 0
Jun 12 17:35:39 standalone container-server[126919]: 172.20.0.100 - - [12/Jun/2026:17:35:39 +0000] "PUT /d1/848/AUTH_6a45dcf95d9e4644ae6b5e86a583fa28/gnocchi.a8910fa2-9fda-4c76-a451-f5a676e9a03f/none_v3" 201 - "PUT http://172.18.0.2:8080/d1/341/AUTH_6a45dcf95d9e4644ae6b5e86a583fa28/gnocchi.a8910fa2-9fda-4c76-a451-f5a676e9a03f/none_v3" "tx0f27b3503c3d4b8b98344-006a2c436b" "object-server 24" 0.0004 "-" 16 0
Jun 12 17:35:39 standalone object-server[126987]: 172.20.0.100 - - [12/Jun/2026:17:35:39 +0000] "PUT /d1/341/AUTH_6a45dcf95d9e4644ae6b5e86a583fa28/gnocchi.a8910fa2-9fda-4c76-a451-f5a676e9a03f/none_v3" 201 - "PUT http://172.18.0.2:8080/v1/AUTH_6a45dcf95d9e4644ae6b5e86a583fa28/gnocchi.a8910fa2-9fda-4c76-a451-f5a676e9a03f/none_v3" "tx0f27b3503c3d4b8b98344-006a2c436b" "proxy-server 12" 0.0081 "-" 24 0
Jun 12 17:35:39 standalone proxy-server[129143]: 172.18.0.2 172.18.0.100 12/Jun/2026/17/35/39 PUT /v1/AUTH_6a45dcf95d9e4644ae6b5e86a583fa28/gnocchi.a8910fa2-9fda-4c76-a451-f5a676e9a03f/none_v3 HTTP/1.0 201 - python-swiftclient-3.11.1 gAAAAABqLELiYpo3... 22 - - tx0f27b3503c3d4b8b98344-006a2c436b - 0.0142 - - 1781285739.173544168 1781285739.187762737 0
Jun 12 17:35:39 standalone container-server[126923]: 172.20.0.100 - - [12/Jun/2026:17:35:39 +0000] "HEAD /d1/805/AUTH_6a45dcf95d9e4644ae6b5e86a583fa28/gnocchi.6d9538b0-225d-4758-93b6-6a81566dbeed" 404 - "HEAD http://172.18.0.2:8080/v1/AUTH_6a45dcf95d9e4644ae6b5e86a583fa28/gnocchi.6d9538b0-225d-4758-93b6-6a81566dbeed?format=json&states=listing" "tx8762426a655c45bd8212a-006a2c436b" "proxy-server 12" 0.0004 "-" 17 0
Jun 12 17:35:39 standalone object-server[126960]: 172.20.0.100 - - [12/Jun/2026:17:35:39 +0000] "GET /d1/821/AUTH_6a45dcf95d9e4644ae6b5e86a583fa28/gnocchi.6d9538b0-225d-4758-93b6-6a81566dbeed/none_v3" 404 70 "GET http://172.18.0.2:8080/v1/AUTH_6a45dcf95d9e4644ae6b5e86a583fa28/gnocchi.6d9538b0-225d-4758-93b6-6a81566dbeed/none_v3" "tx8762426a655c45bd8212a-006a2c436b" "proxy-server 12" 0.0005 "-" 22 0
Jun 12 17:35:39 standalone proxy-server[129143]: 172.18.0.2 172.18.0.100 12/Jun/2026/17/35/39 GET /v1/AUTH_6a45dcf95d9e4644ae6b5e86a583fa28/gnocchi.6d9538b0-225d-4758-93b6-6a81566dbeed/none_v3 HTTP/1.0 404 - python-swiftclient-3.11.1 gAAAAABqLELiYpo3... - 70 - tx8762426a655c45bd8212a-006a2c436b - 0.0113 - - 1781285739.209530592 1781285739.220792294 0
Jun 12 17:35:39 standalone account-server[126561]: 172.20.0.100 - - [12/Jun/2026:17:35:39 +0000] "PUT /d1/225/AUTH_6a45dcf95d9e4644ae6b5e86a583fa28/gnocchi.6d9538b0-225d-4758-93b6-6a81566dbeed" 201 - "PUT http://172.20.0.100:6001/d1/805/AUTH_6a45dcf95d9e4644ae6b5e86a583fa28/gnocchi.6d9538b0-225d-4758-93b6-6a81566dbeed" "tx839c4396223a4045b9f2b-006a2c436b" "container-server 14" 0.0038 "-" 17 0
Jun 12 17:35:39 standalone container-server[126913]: 172.20.0.100 - - [12/Jun/2026:17:35:39 +0000] "PUT /d1/805/AUTH_6a45dcf95d9e4644ae6b5e86a583fa28/gnocchi.6d9538b0-225d-4758-93b6-6a81566dbeed" 201 - "PUT http://172.18.0.2:8080/v1/AUTH_6a45dcf95d9e4644ae6b5e86a583fa28/gnocchi.6d9538b0-225d-4758-93b6-6a81566dbeed" "tx839c4396223a4045b9f2b-006a2c436b" "proxy-server 12" 0.0311 "-" 14 0
Jun 12 17:35:39 standalone proxy-server[129143]: 172.18.0.2 172.18.0.100 12/Jun/2026/17/35/39 PUT /v1/AUTH_6a45dcf95d9e4644ae6b5e86a583fa28/gnocchi.6d9538b0-225d-4758-93b6-6a81566dbeed HTTP/1.0 201 - python-swiftclient-3.11.1 gAAAAABqLELiYpo3... - - - tx839c4396223a4045b9f2b-006a2c436b - 0.0411 - - 1781285739.224123716 1781285739.265234232 0
Jun 12 17:35:39 standalone container-server[126913]: 172.20.0.100 - - [12/Jun/2026:17:35:39 +0000] "HEAD /d1/805/AUTH_6a45dcf95d9e4644ae6b5e86a583fa28/gnocchi.6d9538b0-225d-4758-93b6-6a81566dbeed" 204 - "HEAD http://172.18.0.2:8080/v1/AUTH_6a45dcf95d9e4644ae6b5e86a583fa28/gnocchi.6d9538b0-225d-4758-93b6-6a81566dbeed?format=json&states=listing" "tx67e54c32ba834544938bd-006a2c436b" "proxy-server 12" 0.0020 "-" 14 0
Jun 12 17:35:39 standalone proxy-server[129143]: - - 12/Jun/2026/17/35/39 HEAD /v1/AUTH_6a45dcf95d9e4644ae6b5e86a583fa28/gnocchi.6d9538b0-225d-4758-93b6-6a81566dbeed%3Fformat%3Djson%26states%3Dlisting HTTP/1.0 204 - Swift - - - - tx67e54c32ba834544938bd-006a2c436b - 0.0111 RL - 1781285739.271043539 1781285739.282187223 0
Jun 12 17:35:39 standalone container-server[126923]: 172.20.0.100 - - [12/Jun/2026:17:35:39 +0000] "GET /d1/805/AUTH_6a45dcf95d9e4644ae6b5e86a583fa28/gnocchi.6d9538b0-225d-4758-93b6-6a81566dbeed" 200 2 "GET http://172.18.0.2:8080/v1/AUTH_6a45dcf95d9e4644ae6b5e86a583fa28/gnocchi.6d9538b0-225d-4758-93b6-6a81566dbeed?format=json&states=listing" "tx67e54c32ba834544938bd-006a2c436b" "proxy-server 12" 0.0025 "-" 17 0
Jun 12 17:35:39 standalone proxy-server[129143]: 172.18.0.2 172.18.0.100 12/Jun/2026/17/35/39 GET /v1/AUTH_6a45dcf95d9e4644ae6b5e86a583fa28/gnocchi.6d9538b0-225d-4758-93b6-6a81566dbeed%3Fformat%3Djson%26states%3Dlisting HTTP/1.0 200 - python-swiftclient-3.11.1 gAAAAABqLELiYpo3... - 2 - tx67e54c32ba834544938bd-006a2c436b - 0.0281 - - 1781285739.269418716 1781285739.297524691 0
Jun 12 17:35:39 standalone object-server[127000]: 172.20.0.100 - - [12/Jun/2026:17:35:39 +0000] "GET /d1/77/AUTH_6a45dcf95d9e4644ae6b5e86a583fa28/gnocchi.6d9538b0-225d-4758-93b6-6a81566dbeed/1780920000.0_mean_300.0_v3" 404 70 "GET http://172.18.0.2:8080/v1/AUTH_6a45dcf95d9e4644ae6b5e86a583fa28/gnocchi.6d9538b0-225d-4758-93b6-6a81566dbeed/1780920000.0_mean_300.0_v3" "tx70019a2c56f24c8c9cb6e-006a2c436b" "proxy-server 12" 0.0011 "-" 25 0
Jun 12 17:35:39 standalone proxy-server[129143]: 172.18.0.2 172.18.0.100 12/Jun/2026/17/35/39 GET /v1/AUTH_6a45dcf95d9e4644ae6b5e86a583fa28/gnocchi.6d9538b0-225d-4758-93b6-6a81566dbeed/1780920000.0_mean_300.0_v3 HTTP/1.0 404 - python-swiftclient-3.11.1 gAAAAABqLELiYpo3... - 70 - tx70019a2c56f24c8c9cb6e-006a2c436b - 0.0132 - - 1781285739.302613497 1781285739.315858126 0
Jun 12 17:35:39 standalone container-server[126919]: 172.20.0.100 - - [12/Jun/2026:17:35:39 +0000] "PUT /d1/805/AUTH_6a45dcf95d9e4644ae6b5e86a583fa28/gnocchi.6d9538b0-225d-4758-93b6-6a81566dbeed/1780920000.0_mean_300.0_v3" 201 - "PUT http://172.18.0.2:8080/d1/77/AUTH_6a45dcf95d9e4644ae6b5e86a583fa28/gnocchi.6d9538b0-225d-4758-93b6-6a81566dbeed/1780920000.0_mean_300.0_v3" "txfdb445198ffd4d06aa5bf-006a2c436b" "object-server 25" 0.0014 "-" 16 0
Jun 12 17:35:39 standalone object-server[127000]: 172.20.0.100 - - [12/Jun/2026:17:35:39 +0000] "PUT /d1/77/AUTH_6a45dcf95d9e4644ae6b5e86a583fa28/gnocchi.6d9538b0-225d-4758-93b6-6a81566dbeed/1780920000.0_mean_300.0_v3" 201 - "PUT http://172.18.0.2:8080/v1/AUTH_6a45dcf95d9e4644ae6b5e86a583fa28/gnocchi.6d9538b0-225d-4758-93b6-6a81566dbeed/1780920000.0_mean_300.0_v3" "txfdb445198ffd4d06aa5bf-006a2c436b" "proxy-server 12" 0.0122 "-" 25 0
Jun 12 17:35:39 standalone proxy-server[129143]: 172.18.0.2 172.18.0.100 12/Jun/2026/17/35/39 PUT /v1/AUTH_6a45dcf95d9e4644ae6b5e86a583fa28/gnocchi.6d9538b0-225d-4758-93b6-6a81566dbeed/1780920000.0_mean_300.0_v3 HTTP/1.0 201 - python-swiftclient-3.11.1 gAAAAABqLELiYpo3... 16 - - txfdb445198ffd4d06aa5bf-006a2c436b - 0.0236 - - 1781285739.320192575 1781285739.343820810 0
Jun 12 17:35:39 standalone container-server[126919]: 172.20.0.100 - - [12/Jun/2026:17:35:39 +0000] "PUT /d1/805/AUTH_6a45dcf95d9e4644ae6b5e86a583fa28/gnocchi.6d9538b0-225d-4758-93b6-6a81566dbeed/none_v3" 201 - "PUT http://172.18.0.2:8080/d1/821/AUTH_6a45dcf95d9e4644ae6b5e86a583fa28/gnocchi.6d9538b0-225d-4758-93b6-6a81566dbeed/none_v3" "tx5016fd42494a48639e7b9-006a2c436b" "object-server 23" 0.0006 "-" 16 0
Jun 12 17:35:39 standalone object-server[126972]: 172.20.0.100 - - [12/Jun/2026:17:35:39 +0000] "PUT /d1/821/AUTH_6a45dcf95d9e4644ae6b5e86a583fa28/gnocchi.6d9538b0-225d-4758-93b6-6a81566dbeed/none_v3" 201 - "PUT http://172.18.0.2:8080/v1/AUTH_6a45dcf95d9e4644ae6b5e86a583fa28/gnocchi.6d9538b0-225d-4758-93b6-6a81566dbeed/none_v3" "tx5016fd42494a48639e7b9-006a2c436b" "proxy-server 12" 0.0143 "-" 23 0
Jun 12 17:35:39 standalone proxy-server[129143]: 172.18.0.2 172.18.0.100 12/Jun/2026/17/35/39 PUT /v1/AUTH_6a45dcf95d9e4644ae6b5e86a583fa28/gnocchi.6d9538b0-225d-4758-93b6-6a81566dbeed/none_v3 HTTP/1.0 201 - python-swiftclient-3.11.1 gAAAAABqLELiYpo3... 22 - - tx5016fd42494a48639e7b9-006a2c436b - 0.0231 - - 1781285739.348504543 1781285739.371593237 0
Jun 12 17:35:39 standalone container-server[126913]: 172.20.0.100 - - [12/Jun/2026:17:35:39 +0000] "HEAD /d1/81/AUTH_6a45dcf95d9e4644ae6b5e86a583fa28/gnocchi.d5d0e4cf-6a17-41dc-b7e4-f9f8307366f5" 404 - "HEAD http://172.18.0.2:8080/v1/AUTH_6a45dcf95d9e4644ae6b5e86a583fa28/gnocchi.d5d0e4cf-6a17-41dc-b7e4-f9f8307366f5?format=json&states=listing" "tx97cc2ce8ad9d432688288-006a2c436b" "proxy-server 12" 0.0006 "-" 14 0
