Jun 12 17:22:25 standalone account-server[126323]: Started child 14 from parent 2
Jun 12 17:22:25 standalone account-server[126323]: Started child 15 from parent 2
Jun 12 17:22:25 standalone account-server[126323]: Started child 16 from parent 2
Jun 12 17:22:25 standalone account-server[126323]: Started child 17 from parent 2
Jun 12 17:22:25 standalone account-server[126372]: Starting 2
Jun 12 17:22:26 standalone container-server[126702]: Starting 2
Jun 12 17:22:26 standalone container-server[126746]: Option allow_versions is deprecated. Configure the versioned_writes middleware in the proxy-server instead. This option will be ignored in a future release.
Jun 12 17:22:26 standalone container-server[126913]: Option allow_versions is deprecated. Configure the versioned_writes middleware in the proxy-server instead. This option will be ignored in a future release.
Jun 12 17:22:26 standalone container-server[126746]: Started child 14 from parent 2
Jun 12 17:22:26 standalone container-server[126914]: Option allow_versions is deprecated. Configure the versioned_writes middleware in the proxy-server instead. This option will be ignored in a future release.
Jun 12 17:22:26 standalone container-server[126746]: Started child 15 from parent 2
Jun 12 17:22:26 standalone container-server[126919]: Option allow_versions is deprecated. Configure the versioned_writes middleware in the proxy-server instead. This option will be ignored in a future release.
Jun 12 17:22:26 standalone container-server[126746]: Started child 16 from parent 2
Jun 12 17:22:26 standalone container-server[126923]: Option allow_versions is deprecated. Configure the versioned_writes middleware in the proxy-server instead. This option will be ignored in a future release.
Jun 12 17:22:26 standalone container-server[126746]: Started child 17 from parent 2
Jun 12 17:22:26 standalone object-expirer[126741]: Starting 2
Jun 12 17:22:26 standalone object-expirer[126741]: Option auto_create_account_prefix is deprecated. Configure auto_create_account_prefix under the swift-constraints section of swift.conf. This option will be ignored in a future release.
Jun 12 17:22:26 standalone object-server[126820]: Started child 22 from parent 2
Jun 12 17:22:26 standalone object-server[126820]: Started child 23 from parent 2
Jun 12 17:22:26 standalone object-server[126820]: Started child 24 from parent 2
Jun 12 17:22:26 standalone object-server[126820]: Started child 25 from parent 2
Jun 12 17:22:27 standalone object-server[126988]: Starting 2
Jun 12 17:22:33 standalone proxy-server[128977]: Starting Keystone auth_token middleware
Jun 12 17:22:33 standalone proxy-server[128977]: AuthToken middleware is set with keystone_authtoken.service_token_roles_required set to False. This is backwards compatible but deprecated behaviour. Please set this to True.
Jun 12 17:22:33 standalone proxy-server[129143]: Starting Keystone auth_token middleware
Jun 12 17:22:33 standalone proxy-server[129143]: STDERR: The option "bind_port" is not known to keystonemiddleware
Jun 12 17:22:33 standalone proxy-server[129143]: STDERR: The option "workers" is not known to keystonemiddleware
Jun 12 17:22:33 standalone proxy-server[129143]: STDERR: The option "user" is not known to keystonemiddleware
Jun 12 17:22:33 standalone proxy-server[129143]: STDERR: The option "bind_ip" is not known to keystonemiddleware
Jun 12 17:22:33 standalone proxy-server[129143]: STDERR: The option "log_name" is not known to keystonemiddleware
Jun 12 17:22:33 standalone proxy-server[129143]: STDERR: The option "log_facility" is not known to keystonemiddleware
Jun 12 17:22:33 standalone proxy-server[129143]: STDERR: The option "log_level" is not known to keystonemiddleware
Jun 12 17:22:33 standalone proxy-server[129143]: STDERR: The option "log_headers" is not known to keystonemiddleware
Jun 12 17:22:33 standalone proxy-server[129143]: STDERR: The option "log_address" is not known to keystonemiddleware
Jun 12 17:22:33 standalone proxy-server[129143]: STDERR: The option "project_name" is not known to keystonemiddleware
Jun 12 17:22:33 standalone proxy-server[129143]: STDERR: The option "username" is not known to keystonemiddleware
Jun 12 17:22:33 standalone proxy-server[129143]: STDERR: The option "password" is not known to keystonemiddleware
Jun 12 17:22:33 standalone proxy-server[129143]: STDERR: The option "auth_url" is not known to keystonemiddleware
Jun 12 17:22:33 standalone proxy-server[129143]: STDERR: The option "signing_dir" is not known to keystonemiddleware
Jun 12 17:22:33 standalone proxy-server[129143]: STDERR: The option "project_domain_id" is not known to keystonemiddleware
Jun 12 17:22:33 standalone proxy-server[129143]: STDERR: The option "user_domain_id" is not known to keystonemiddleware
Jun 12 17:22:33 standalone proxy-server[129143]: STDERR: The option "__name__" is not known to keystonemiddleware
Jun 12 17:22:33 standalone proxy-server[129143]: AuthToken middleware is set with keystone_authtoken.service_token_roles_required set to False. This is backwards compatible but deprecated behaviour. Please set this to True.
Jun 12 17:22:33 standalone proxy-server[128977]: Started child 12 from parent 2
Jun 12 17:25:43 standalone object-server[126988]: Begin object update sweep
Jun 12 17:25:43 standalone object-server[151054]: Object update sweep starting on /srv/node/d1 (pid: 11)
Jun 12 17:25:43 standalone object-server[151054]: Object update sweep completed on /srv/node/d1 in 0.00s seconds:, 0 successes, 0 failures, 0 quarantines, 0 unlinks, 0 errors, 0 redirects (pid: 11)
Jun 12 17:25:43 standalone object-server[151054]: Object update sweep of d1 completed: 0.00s, 0 successes, 0 failures, 0 quarantines, 0 unlinks, 0 errors, 0 redirects
Jun 12 17:25:43 standalone object-server[126988]: Object update sweep completed: 0.06s
Jun 12 17:26:03 standalone account-server[126561]: 172.20.0.100 - - [12/Jun/2026:17:26:03 +0000] "HEAD /d1/986/.expiring_objects" 404 - "HEAD http://localhost/v1/.expiring_objects?format=json" "txd4c6136594874bb581e64-006a2c412b" "proxy-server 2" 0.0015 "-" 17 -
Jun 12 17:26:03 standalone object-expirer[126741]: Pass completed in 0s; 0 objects expired (txn: txd4c6136594874bb581e64-006a2c412b)
Jun 12 17:27:15 standalone container-server[126702]: Begin container update sweep
Jun 12 17:27:15 standalone container-server[126702]: Container update sweep completed: 0.00s
Jun 12 17:30:21 standalone account-server[126530]: 172.20.0.100 - - [12/Jun/2026:17:30:21 +0000] "HEAD /d1/986/.expiring_objects" 404 - "HEAD http://localhost/v1/.expiring_objects?format=json" "tx907d0e0f88984af4bdd9f-006a2c422d" "proxy-server 2" 0.0017 "-" 15 -
Jun 12 17:30:21 standalone object-expirer[126741]: Pass completed in 0s; 0 objects expired (txn: tx907d0e0f88984af4bdd9f-006a2c422d)
Jun 12 17:30:43 standalone object-server[126988]: Begin object update sweep
Jun 12 17:30:43 standalone object-server[192802]: Object update sweep starting on /srv/node/d1 (pid: 13)
Jun 12 17:30:43 standalone object-server[192802]: Object update sweep completed on /srv/node/d1 in 0.00s seconds:, 0 successes, 0 failures, 0 quarantines, 0 unlinks, 0 errors, 0 redirects (pid: 13)
Jun 12 17:30:43 standalone object-server[192802]: Object update sweep of d1 completed: 0.00s, 0 successes, 0 failures, 0 quarantines, 0 unlinks, 0 errors, 0 redirects
Jun 12 17:30:43 standalone object-server[126988]: Object update sweep completed: 0.06s
Jun 12 17:31:41 standalone account-server[126513]: 172.20.0.100 - - [12/Jun/2026:17:31:41 +0000] "HEAD /d1/986/.expiring_objects" 404 - "HEAD http://localhost/v1/.expiring_objects?format=json" "tx9187507ba83c406b94df7-006a2c427d" "proxy-server 2" 0.0017 "-" 14 -
Jun 12 17:31:41 standalone object-expirer[126741]: Pass completed in 0s; 0 objects expired (txn: tx9187507ba83c406b94df7-006a2c427d)
Jun 12 17:32:15 standalone container-server[126702]: Begin container update sweep
Jun 12 17:32:15 standalone container-server[126702]: Container update sweep completed: 0.00s
Jun 12 17:33:22 standalone account-server[126513]: 172.20.0.100 - - [12/Jun/2026:17:33:22 +0000] "HEAD /d1/225/AUTH_6a45dcf95d9e4644ae6b5e86a583fa28" 404 - "HEAD http://172.18.0.2:8080/v1/AUTH_6a45dcf95d9e4644ae6b5e86a583fa28?format=json" "tx3514537bc0d44e0cbb7d3-006a2c42e2" "proxy-server 12" 0.0005 "-" 14 -
Jun 12 17:33:22 standalone proxy-server[129143]: - - 12/Jun/2026/17/33/22 HEAD /v1/AUTH_6a45dcf95d9e4644ae6b5e86a583fa28%3Fformat%3Djson HTTP/1.0 200 - Swift - - - - tx3514537bc0d44e0cbb7d3-006a2c42e2 - 0.0051 RL - 1781285602.878527403 1781285602.883600712 -
Jun 12 17:33:23 standalone object-server[126987]: 172.20.0.100 - - [12/Jun/2026:17:33:23 +0000] "GET /d1/249/AUTH_6a45dcf95d9e4644ae6b5e86a583fa28/gnocchi.0d4bb79e-3503-49d5-98ad-6ec2738a7d8a/none_v3" 404 70 "GET http://172.18.0.2:8080/v1/AUTH_6a45dcf95d9e4644ae6b5e86a583fa28/gnocchi.0d4bb79e-3503-49d5-98ad-6ec2738a7d8a/none_v3" "tx3514537bc0d44e0cbb7d3-006a2c42e2" "proxy-server 12" 0.0014 "-" 24 0
Jun 12 17:33:23 standalone proxy-server[129143]: 172.18.0.2 172.18.0.100 12/Jun/2026/17/33/23 GET /v1/AUTH_6a45dcf95d9e4644ae6b5e86a583fa28/gnocchi.0d4bb79e-3503-49d5-98ad-6ec2738a7d8a/none_v3 HTTP/1.0 404 - python-swiftclient-3.11.1 gAAAAABqLELiYpo3... - 70 - tx3514537bc0d44e0cbb7d3-006a2c42e2 - 0.3862 - - 1781285602.873661518 1781285603.259890318 0
Jun 12 17:33:23 standalone account-server[126530]: 172.20.0.100 - - [12/Jun/2026:17:33:23 +0000] "PUT /d1/225/AUTH_6a45dcf95d9e4644ae6b5e86a583fa28" 201 - "-" "tx094955d7278b47e980d2c-006a2c42e3" "-" 0.0151 "-" 15 -
Jun 12 17:33:23 standalone proxy-server[129143]: autocreate account '/AUTH_6a45dcf95d9e4644ae6b5e86a583fa28' (txn: tx094955d7278b47e980d2c-006a2c42e3)
Jun 12 17:33:23 standalone account-server[126530]: 172.20.0.100 - - [12/Jun/2026:17:33:23 +0000] "HEAD /d1/225/AUTH_6a45dcf95d9e4644ae6b5e86a583fa28" 204 - "HEAD http://172.18.0.2:8080/v1/AUTH_6a45dcf95d9e4644ae6b5e86a583fa28?format=json" "tx094955d7278b47e980d2c-006a2c42e3" "proxy-server 12" 0.0011 "-" 15 -
Jun 12 17:33:23 standalone account-server[126513]: 172.20.0.100 - - [12/Jun/2026:17:33:23 +0000] "PUT /d1/225/AUTH_6a45dcf95d9e4644ae6b5e86a583fa28/gnocchi.0d4bb79e-3503-49d5-98ad-6ec2738a7d8a" 201 - "PUT http://172.20.0.100:6001/d1/287/AUTH_6a45dcf95d9e4644ae6b5e86a583fa28/gnocchi.0d4bb79e-3503-49d5-98ad-6ec2738a7d8a" "tx094955d7278b47e980d2c-006a2c42e3" "container-server 17" 0.0027 "-" 14 0
Jun 12 17:33:23 standalone container-server[126923]: 172.20.0.100 - - [12/Jun/2026:17:33:23 +0000] "PUT /d1/287/AUTH_6a45dcf95d9e4644ae6b5e86a583fa28/gnocchi.0d4bb79e-3503-49d5-98ad-6ec2738a7d8a" 201 - "PUT http://172.18.0.2:8080/v1/AUTH_6a45dcf95d9e4644ae6b5e86a583fa28/gnocchi.0d4bb79e-3503-49d5-98ad-6ec2738a7d8a" "tx094955d7278b47e980d2c-006a2c42e3" "proxy-server 12" 0.0176 "-" 17 0
Jun 12 17:33:23 standalone proxy-server[129143]: 172.18.0.2 172.18.0.100 12/Jun/2026/17/33/23 PUT /v1/AUTH_6a45dcf95d9e4644ae6b5e86a583fa28/gnocchi.0d4bb79e-3503-49d5-98ad-6ec2738a7d8a HTTP/1.0 201 - python-swiftclient-3.11.1 gAAAAABqLELiYpo3... - - - tx094955d7278b47e980d2c-006a2c42e3 - 0.0518 - - 1781285603.297125340 1781285603.348952532 0
Jun 12 17:33:23 standalone container-server[126919]: 172.20.0.100 - - [12/Jun/2026:17:33:23 +0000] "HEAD /d1/287/AUTH_6a45dcf95d9e4644ae6b5e86a583fa28/gnocchi.0d4bb79e-3503-49d5-98ad-6ec2738a7d8a" 204 - "HEAD http://172.18.0.2:8080/v1/AUTH_6a45dcf95d9e4644ae6b5e86a583fa28/gnocchi.0d4bb79e-3503-49d5-98ad-6ec2738a7d8a?format=json&states=listing" "tx147af75ab64b47a9bee66-006a2c42e3" "proxy-server 12" 0.0042 "-" 16 0
Jun 12 17:33:23 standalone proxy-server[129143]: - - 12/Jun/2026/17/33/23 HEAD /v1/AUTH_6a45dcf95d9e4644ae6b5e86a583fa28/gnocchi.0d4bb79e-3503-49d5-98ad-6ec2738a7d8a%3Fformat%3Djson%26states%3Dlisting HTTP/1.0 204 - Swift - - - - tx147af75ab64b47a9bee66-006a2c42e3 - 0.0089 RL - 1781285603.356338501 1781285603.365195513 0
Jun 12 17:33:23 standalone container-server[126919]: 172.20.0.100 - - [12/Jun/2026:17:33:23 +0000] "GET /d1/287/AUTH_6a45dcf95d9e4644ae6b5e86a583fa28/gnocchi.0d4bb79e-3503-49d5-98ad-6ec2738a7d8a" 200 2 "GET http://172.18.0.2:8080/v1/AUTH_6a45dcf95d9e4644ae6b5e86a583fa28/gnocchi.0d4bb79e-3503-49d5-98ad-6ec2738a7d8a?format=json&states=listing" "tx147af75ab64b47a9bee66-006a2c42e3" "proxy-server 12" 0.0037 "-" 16 0
Jun 12 17:33:23 standalone proxy-server[129143]: 172.18.0.2 172.18.0.100 12/Jun/2026/17/33/23 GET /v1/AUTH_6a45dcf95d9e4644ae6b5e86a583fa28/gnocchi.0d4bb79e-3503-49d5-98ad-6ec2738a7d8a%3Fformat%3Djson%26states%3Dlisting HTTP/1.0 200 - python-swiftclient-3.11.1 gAAAAABqLELiYpo3... - 2 - tx147af75ab64b47a9bee66-006a2c42e3 - 0.0245 - - 1781285603.354290962 1781285603.378746271 0
Jun 12 17:33:23 standalone object-server[126972]: 172.20.0.100 - - [12/Jun/2026:17:33:23 +0000] "GET /d1/769/AUTH_6a45dcf95d9e4644ae6b5e86a583fa28/gnocchi.0d4bb79e-3503-49d5-98ad-6ec2738a7d8a/1780920000.0_mean_300.0_v3" 404 70 "GET http://172.18.0.2:8080/v1/AUTH_6a45dcf95d9e4644ae6b5e86a583fa28/gnocchi.0d4bb79e-3503-49d5-98ad-6ec2738a7d8a/1780920000.0_mean_300.0_v3" "tx27f47883f8a94040ae88b-006a2c42e3" "proxy-server 12" 0.0013 "-" 23 0
Jun 12 17:33:23 standalone proxy-server[129143]: 172.18.0.2 172.18.0.100 12/Jun/2026/17/33/23 GET /v1/AUTH_6a45dcf95d9e4644ae6b5e86a583fa28/gnocchi.0d4bb79e-3503-49d5-98ad-6ec2738a7d8a/1780920000.0_mean_300.0_v3 HTTP/1.0 404 - python-swiftclient-3.11.1 gAAAAABqLELiYpo3... - 70 - tx27f47883f8a94040ae88b-006a2c42e3 - 0.0091 - - 1781285603.383606434 1781285603.392699242 0
Jun 12 17:33:23 standalone container-server[126913]: 172.20.0.100 - - [12/Jun/2026:17:33:23 +0000] "PUT /d1/287/AUTH_6a45dcf95d9e4644ae6b5e86a583fa28/gnocchi.0d4bb79e-3503-49d5-98ad-6ec2738a7d8a/1780920000.0_mean_300.0_v3" 201 - "PUT http://172.18.0.2:8080/d1/769/AUTH_6a45dcf95d9e4644ae6b5e86a583fa28/gnocchi.0d4bb79e-3503-49d5-98ad-6ec2738a7d8a/1780920000.0_mean_300.0_v3" "txb8359144337e4c9e8d100-006a2c42e3" "object-server 24" 0.0016 "-" 14 0
Jun 12 17:33:23 standalone object-server[126987]: 172.20.0.100 - - [12/Jun/2026:17:33:23 +0000] "PUT /d1/769/AUTH_6a45dcf95d9e4644ae6b5e86a583fa28/gnocchi.0d4bb79e-3503-49d5-98ad-6ec2738a7d8a/1780920000.0_mean_300.0_v3" 201 - "PUT http://172.18.0.2:8080/v1/AUTH_6a45dcf95d9e4644ae6b5e86a583fa28/gnocchi.0d4bb79e-3503-49d5-98ad-6ec2738a7d8a/1780920000.0_mean_300.0_v3" "txb8359144337e4c9e8d100-006a2c42e3" "proxy-server 12" 0.0358 "-" 24 0
Jun 12 17:33:23 standalone proxy-server[129143]: 172.18.0.2 172.18.0.100 12/Jun/2026/17/33/23 PUT /v1/AUTH_6a45dcf95d9e4644ae6b5e86a583fa28/gnocchi.0d4bb79e-3503-49d5-98ad-6ec2738a7d8a/1780920000.0_mean_300.0_v3 HTTP/1.0 201 - python-swiftclient-3.11.1 gAAAAABqLELiYpo3... 16 - - txb8359144337e4c9e8d100-006a2c42e3 - 0.0442 - - 1781285603.395711660 1781285603.439948797 0
Jun 12 17:33:23 standalone container-server[126919]: 172.20.0.100 - - [12/Jun/2026:17:33:23 +0000] "PUT /d1/287/AUTH_6a45dcf95d9e4644ae6b5e86a583fa28/gnocchi.0d4bb79e-3503-49d5-98ad-6ec2738a7d8a/none_v3" 201 - "PUT http://172.18.0.2:8080/d1/249/AUTH_6a45dcf95d9e4644ae6b5e86a583fa28/gnocchi.0d4bb79e-3503-49d5-98ad-6ec2738a7d8a/none_v3" "txd9507891d23441baa8ffa-006a2c42e3" "object-server 23" 0.0009 "-" 16 0
Jun 12 17:33:23 standalone object-server[126972]: 172.20.0.100 - - [12/Jun/2026:17:33:23 +0000] "PUT /d1/249/AUTH_6a45dcf95d9e4644ae6b5e86a583fa28/gnocchi.0d4bb79e-3503-49d5-98ad-6ec2738a7d8a/none_v3" 201 - "PUT http://172.18.0.2:8080/v1/AUTH_6a45dcf95d9e4644ae6b5e86a583fa28/gnocchi.0d4bb79e-3503-49d5-98ad-6ec2738a7d8a/none_v3" "txd9507891d23441baa8ffa-006a2c42e3" "proxy-server 12" 0.0330 "-" 23 0
Jun 12 17:33:23 standalone proxy-server[129143]: 172.18.0.2 172.18.0.100 12/Jun/2026/17/33/23 PUT /v1/AUTH_6a45dcf95d9e4644ae6b5e86a583fa28/gnocchi.0d4bb79e-3503-49d5-98ad-6ec2738a7d8a/none_v3 HTTP/1.0 201 - python-swiftclient-3.11.1 gAAAAABqLELiYpo3... 22 - - txd9507891d23441baa8ffa-006a2c42e3 - 0.0409 - - 1781285603.443425179 1781285603.484366179 0
Jun 12 17:33:26 standalone account-server[126561]: 172.20.0.100 - - [12/Jun/2026:17:33:26 +0000] "HEAD /d1/986/.expiring_objects" 404 - "HEAD http://localhost/v1/.expiring_objects?format=json" "txe1c7ce2f698f4f7eb6ba3-006a2c42e6" "proxy-server 2" 0.0007 "-" 17 -
Jun 12 17:33:26 standalone object-expirer[126741]: Pass completed in 0s; 0 objects expired (txn: txe1c7ce2f698f4f7eb6ba3-006a2c42e6)
Jun 12 17:33:52 standalone object-server[126960]: 172.20.0.100 - - [12/Jun/2026:17:33:52 +0000] "GET /d1/249/AUTH_6a45dcf95d9e4644ae6b5e86a583fa28/gnocchi.0d4bb79e-3503-49d5-98ad-6ec2738a7d8a/none_v3" 200 22 "GET http://172.18.0.2:8080/v1/AUTH_6a45dcf95d9e4644ae6b5e86a583fa28/gnocchi.0d4bb79e-3503-49d5-98ad-6ec2738a7d8a/none_v3" "tx8d128efd69f44c67ab8cc-006a2c4300" "proxy-server 12" 0.0020 "-" 22 0
Jun 12 17:33:52 standalone proxy-server[129143]: 172.18.0.2 172.18.0.100 12/Jun/2026/17/33/52 GET /v1/AUTH_6a45dcf95d9e4644ae6b5e86a583fa28/gnocchi.0d4bb79e-3503-49d5-98ad-6ec2738a7d8a/none_v3 HTTP/1.0 200 - python-swiftclient-3.11.1 gAAAAABqLELiYpo3... - 22 - tx8d128efd69f44c67ab8cc-006a2c4300 - 0.0200 - - 1781285632.518319130 1781285632.538278580 0
Jun 12 17:33:52 standalone container-server[126914]: 172.20.0.100 - - [12/Jun/2026:17:33:52 +0000] "GET /d1/287/AUTH_6a45dcf95d9e4644ae6b5e86a583fa28/gnocchi.0d4bb79e-3503-49d5-98ad-6ec2738a7d8a" 200 357 "GET http://172.18.0.2:8080/v1/AUTH_6a45dcf95d9e4644ae6b5e86a583fa28/gnocchi.0d4bb79e-3503-49d5-98ad-6ec2738a7d8a?format=json&states=listing" "txf9780e4478544e17a6eb7-006a2c4300" "proxy-server 12" 0.0197 "-" 15 0
Jun 12 17:33:52 standalone proxy-server[129143]: 172.18.0.2 172.18.0.100 12/Jun/2026/17/33/52 GET /v1/AUTH_6a45dcf95d9e4644ae6b5e86a583fa28/gnocchi.0d4bb79e-3503-49d5-98ad-6ec2738a7d8a%3Fformat%3Djson%26states%3Dlisting HTTP/1.0 200 - python-swiftclient-3.11.1 gAAAAABqLELiYpo3... - 357 - txf9780e4478544e17a6eb7-006a2c4300 - 0.0291 - - 1781285632.543680191 1781285632.572817802 0
Jun 12 17:33:52 standalone container-server[126913]: 172.20.0.100 - - [12/Jun/2026:17:33:52 +0000] "GET /d1/287/AUTH_6a45dcf95d9e4644ae6b5e86a583fa28/gnocchi.0d4bb79e-3503-49d5-98ad-6ec2738a7d8a" 200 2 "GET http://172.18.0.2:8080/v1/AUTH_6a45dcf95d9e4644ae6b5e86a583fa28/gnocchi.0d4bb79e-3503-49d5-98ad-6ec2738a7d8a?format=json&marker=none_v3&states=listing" "tx166a1b08654c41839bad9-006a2c4300" "proxy-server 12" 0.0052 "-" 14 0
Jun 12 17:33:52 standalone proxy-server[129143]: 172.18.0.2 172.18.0.100 12/Jun/2026/17/33/52 GET /v1/AUTH_6a45dcf95d9e4644ae6b5e86a583fa28/gnocchi.0d4bb79e-3503-49d5-98ad-6ec2738a7d8a%3Fformat%3Djson%26marker%3Dnone_v3%26states%3Dlisting HTTP/1.0 200 - python-swiftclient-3.11.1 gAAAAABqLELiYpo3... - 2 - tx166a1b08654c41839bad9-006a2c4300 - 0.0135 - - 1781285632.576427698 1781285632.589956760 0
Jun 12 17:33:52 standalone object-server[126960]: 172.20.0.100 - - [12/Jun/2026:17:33:52 +0000] "GET /d1/769/AUTH_6a45dcf95d9e4644ae6b5e86a583fa28/gnocchi.0d4bb79e-3503-49d5-98ad-6ec2738a7d8a/1780920000.0_mean_300.0_v3" 200 16 "GET http://172.18.0.2:8080/v1/AUTH_6a45dcf95d9e4644ae6b5e86a583fa28/gnocchi.0d4bb79e-3503-49d5-98ad-6ec2738a7d8a/1780920000.0_mean_300.0_v3" "txe7481660cf744238aa034-006a2c4300" "proxy-server 12" 0.0014 "-" 22 0
Jun 12 17:33:52 standalone proxy-server[129143]: 172.18.0.2 172.18.0.100 12/Jun/2026/17/33/52 GET /v1/AUTH_6a45dcf95d9e4644ae6b5e86a583fa28/gnocchi.0d4bb79e-3503-49d5-98ad-6ec2738a7d8a/1780920000.0_mean_300.0_v3 HTTP/1.0 200 - python-swiftclient-3.11.1 gAAAAABqLELiYpo3... - 16 - txe7481660cf744238aa034-006a2c4300 - 0.0109 - - 1781285632.594616413 1781285632.605505228 0
Jun 12 17:33:52 standalone container-server[126923]: 172.20.0.100 - - [12/Jun/2026:17:33:52 +0000] "PUT /d1/287/AUTH_6a45dcf95d9e4644ae6b5e86a583fa28/gnocchi.0d4bb79e-3503-49d5-98ad-6ec2738a7d8a/1780920000.0_mean_300.0_v3" 201 - "PUT http://172.18.0.2:8080/d1/769/AUTH_6a45dcf95d9e4644ae6b5e86a583fa28/gnocchi.0d4bb79e-3503-49d5-98ad-6ec2738a7d8a/1780920000.0_mean_300.0_v3" "txcd292da293f147bd97ed9-006a2c4300" "object-server 23" 0.0009 "-" 17 0
Jun 12 17:33:52 standalone object-server[126972]: 172.20.0.100 - - [12/Jun/2026:17:33:52 +0000] "PUT /d1/769/AUTH_6a45dcf95d9e4644ae6b5e86a583fa28/gnocchi.0d4bb79e-3503-49d5-98ad-6ec2738a7d8a/1780920000.0_mean_300.0_v3" 201 - "PUT http://172.18.0.2:8080/v1/AUTH_6a45dcf95d9e4644ae6b5e86a583fa28/gnocchi.0d4bb79e-3503-49d5-98ad-6ec2738a7d8a/1780920000.0_mean_300.0_v3" "txcd292da293f147bd97ed9-006a2c4300" "proxy-server 12" 0.0153 "-" 23 0
Jun 12 17:33:52 standalone proxy-server[129143]: 172.18.0.2 172.18.0.100 12/Jun/2026/17/33/52 PUT /v1/AUTH_6a45dcf95d9e4644ae6b5e86a583fa28/gnocchi.0d4bb79e-3503-49d5-98ad-6ec2738a7d8a/1780920000.0_mean_300.0_v3 HTTP/1.0 201 - python-swiftclient-3.11.1 gAAAAABqLELiYpo3... 16 - - txcd292da293f147bd97ed9-006a2c4300 - 0.0232 - - 1781285632.609740257 1781285632.632932186 0
Jun 12 17:33:52 standalone container-server[126919]: 172.20.0.100 - - [12/Jun/2026:17:33:52 +0000] "PUT /d1/287/AUTH_6a45dcf95d9e4644ae6b5e86a583fa28/gnocchi.0d4bb79e-3503-49d5-98ad-6ec2738a7d8a/none_v3" 201 - "PUT http://172.18.0.2:8080/d1/249/AUTH_6a45dcf95d9e4644ae6b5e86a583fa28/gnocchi.0d4bb79e-3503-49d5-98ad-6ec2738a7d8a/none_v3" "txcd77d8f717684e67a8d7d-006a2c4300" "object-server 22" 0.0005 "-" 16 0
Jun 12 17:33:52 standalone object-server[126960]: 172.20.0.100 - - [12/Jun/2026:17:33:52 +0000] "PUT /d1/249/AUTH_6a45dcf95d9e4644ae6b5e86a583fa28/gnocchi.0d4bb79e-3503-49d5-98ad-6ec2738a7d8a/none_v3" 201 - "PUT http://172.18.0.2:8080/v1/AUTH_6a45dcf95d9e4644ae6b5e86a583fa28/gnocchi.0d4bb79e-3503-49d5-98ad-6ec2738a7d8a/none_v3" "txcd77d8f717684e67a8d7d-006a2c4300" "proxy-server 12" 0.0220 "-" 22 0
Jun 12 17:33:52 standalone proxy-server[129143]: 172.18.0.2 172.18.0.100 12/Jun/2026/17/33/52 PUT /v1/AUTH_6a45dcf95d9e4644ae6b5e86a583fa28/gnocchi.0d4bb79e-3503-49d5-98ad-6ec2738a7d8a/none_v3 HTTP/1.0 201 - python-swiftclient-3.11.1 gAAAAABqLELiYpo3... 32 - - txcd77d8f717684e67a8d7d-006a2c4300 - 0.0306 - - 1781285632.636590958 1781285632.667217731 0
Jun 12 17:34:20 standalone container-server[126914]: 172.20.0.100 - - [12/Jun/2026:17:34:20 +0000] "HEAD /d1/767/AUTH_6a45dcf95d9e4644ae6b5e86a583fa28/gnocchi.1e63edde-9c2f-4649-810d-4e78144519d8" 404 - "HEAD http://172.18.0.2:8080/v1/AUTH_6a45dcf95d9e4644ae6b5e86a583fa28/gnocchi.1e63edde-9c2f-4649-810d-4e78144519d8?format=json&states=listing" "txe3540a8c9a0e49f29c382-006a2c431c" "proxy-server 12" 0.0007 "-" 15 0
Jun 12 17:34:20 standalone object-server[126972]: 172.20.0.100 - - [12/Jun/2026:17:34:20 +0000] "GET /d1/66/AUTH_6a45dcf95d9e4644ae6b5e86a583fa28/gnocchi.1e63edde-9c2f-4649-810d-4e78144519d8/none_v3" 404 70 "GET http://172.18.0.2:8080/v1/AUTH_6a45dcf95d9e4644ae6b5e86a583fa28/gnocchi.1e63edde-9c2f-4649-810d-4e78144519d8/none_v3" "txe3540a8c9a0e49f29c382-006a2c431c" "proxy-server 12" 0.0007 "-" 23 0
Jun 12 17:34:20 standalone proxy-server[129143]: 172.18.0.2 172.18.0.100 12/Jun/2026/17/34/20 GET /v1/AUTH_6a45dcf95d9e4644ae6b5e86a583fa28/gnocchi.1e63edde-9c2f-4649-810d-4e78144519d8/none_v3 HTTP/1.0 404 - python-swiftclient-3.11.1 gAAAAABqLELiYpo3... - 70 - txe3540a8c9a0e49f29c382-006a2c431c - 0.0161 - - 1781285660.664277315 1781285660.680370331 0
Jun 12 17:34:20 standalone account-server[126513]: 172.20.0.100 - - [12/Jun/2026:17:34:20 +0000] "PUT /d1/225/AUTH_6a45dcf95d9e4644ae6b5e86a583fa28/gnocchi.1e63edde-9c2f-4649-810d-4e78144519d8" 201 - "PUT http://172.20.0.100:6001/d1/767/AUTH_6a45dcf95d9e4644ae6b5e86a583fa28/gnocchi.1e63edde-9c2f-4649-810d-4e78144519d8" "tx0ceca12959154dacaa6d8-006a2c431c" "container-server 17" 0.0065 "-" 14 0
Jun 12 17:34:20 standalone container-server[126923]: 172.20.0.100 - - [12/Jun/2026:17:34:20 +0000] "PUT /d1/767/AUTH_6a45dcf95d9e4644ae6b5e86a583fa28/gnocchi.1e63edde-9c2f-4649-810d-4e78144519d8" 201 - "PUT http://172.18.0.2:8080/v1/AUTH_6a45dcf95d9e4644ae6b5e86a583fa28/gnocchi.1e63edde-9c2f-4649-810d-4e78144519d8" "tx0ceca12959154dacaa6d8-006a2c431c" "proxy-server 12" 0.0163 "-" 17 0
Jun 12 17:34:20 standalone proxy-server[129143]: 172.18.0.2 172.18.0.100 12/Jun/2026/17/34/20 PUT /v1/AUTH_6a45dcf95d9e4644ae6b5e86a583fa28/gnocchi.1e63edde-9c2f-4649-810d-4e78144519d8 HTTP/1.0 201 - python-swiftclient-3.11.1 gAAAAABqLELiYpo3... - - - tx0ceca12959154dacaa6d8-006a2c431c - 0.0208 - - 1781285660.684607029 1781285660.705375671 0
Jun 12 17:34:20 standalone container-server[126914]: 172.20.0.100 - - [12/Jun/2026:17:34:20 +0000] "HEAD /d1/767/AUTH_6a45dcf95d9e4644ae6b5e86a583fa28/gnocchi.1e63edde-9c2f-4649-810d-4e78144519d8" 204 - "HEAD http://172.18.0.2:8080/v1/AUTH_6a45dcf95d9e4644ae6b5e86a583fa28/gnocchi.1e63edde-9c2f-4649-810d-4e78144519d8?format=json&states=listing" "tx8b7977caa73f4d569fd8f-006a2c431c" "proxy-server 12" 0.0021 "-" 15 0
Jun 12 17:34:20 standalone proxy-server[129143]: - - 12/Jun/2026/17/34/20 HEAD /v1/AUTH_6a45dcf95d9e4644ae6b5e86a583fa28/gnocchi.1e63edde-9c2f-4649-810d-4e78144519d8%3Fformat%3Djson%26states%3Dlisting HTTP/1.0 204 - Swift - - - - tx8b7977caa73f4d569fd8f-006a2c431c - 0.0051 RL - 1781285660.708667040 1781285660.713803291 0
Jun 12 17:34:20 standalone container-server[126923]: 172.20.0.100 - - [12/Jun/2026:17:34:20 +0000] "GET /d1/767/AUTH_6a45dcf95d9e4644ae6b5e86a583fa28/gnocchi.1e63edde-9c2f-4649-810d-4e78144519d8" 200 2 "GET http://172.18.0.2:8080/v1/AUTH_6a45dcf95d9e4644ae6b5e86a583fa28/gnocchi.1e63edde-9c2f-4649-810d-4e78144519d8?format=json&states=listing" "tx8b7977caa73f4d569fd8f-006a2c431c" "proxy-server 12" 0.0025 "-" 17 0
Jun 12 17:34:20 standalone proxy-server[129143]: 172.18.0.2 172.18.0.100 12/Jun/2026/17/34/20 GET /v1/AUTH_6a45dcf95d9e4644ae6b5e86a583fa28/gnocchi.1e63edde-9c2f-4649-810d-4e78144519d8%3Fformat%3Djson%26states%3Dlisting HTTP/1.0 200 - python-swiftclient-3.11.1 gAAAAABqLELiYpo3... - 2 - tx8b7977caa73f4d569fd8f-006a2c431c - 0.0127 - - 1781285660.707795143 1781285660.720510483 0
Jun 12 17:34:20 standalone object-server[126987]: 172.20.0.100 - - [12/Jun/2026:17:34:20 +0000] "GET /d1/648/AUTH_6a45dcf95d9e4644ae6b5e86a583fa28/gnocchi.1e63edde-9c2f-4649-810d-4e78144519d8/1780920000.0_mean_300.0_v3" 404 70 "GET http://172.18.0.2:8080/v1/AUTH_6a45dcf95d9e4644ae6b5e86a583fa28/gnocchi.1e63edde-9c2f-4649-810d-4e78144519d8/1780920000.0_mean_300.0_v3" "tx482adb529c904bd8a3ad9-006a2c431c" "proxy-server 12" 0.0007 "-" 24 0
Jun 12 17:34:20 standalone proxy-server[129143]: 172.18.0.2 172.18.0.100 12/Jun/2026/17/34/20 GET /v1/AUTH_6a45dcf95d9e4644ae6b5e86a583fa28/gnocchi.1e63edde-9c2f-4649-810d-4e78144519d8/1780920000.0_mean_300.0_v3 HTTP/1.0 404 - python-swiftclient-3.11.1 gAAAAABqLELiYpo3... - 70 - tx482adb529c904bd8a3ad9-006a2c431c - 0.0059 - - 1781285660.722740650 1781285660.728608370 0
Jun 12 17:34:20 standalone container-server[126914]: 172.20.0.100 - - [12/Jun/2026:17:34:20 +0000] "PUT /d1/767/AUTH_6a45dcf95d9e4644ae6b5e86a583fa28/gnocchi.1e63edde-9c2f-4649-810d-4e78144519d8/1780920000.0_mean_300.0_v3" 201 - "PUT http://172.18.0.2:8080/d1/648/AUTH_6a45dcf95d9e4644ae6b5e86a583fa28/gnocchi.1e63edde-9c2f-4649-810d-4e78144519d8/1780920000.0_mean_300.0_v3" "txe2b8e35f925a41a0b584c-006a2c431c" "object-server 22" 0.0012 "-" 15 0
Jun 12 17:34:20 standalone object-server[126960]: 172.20.0.100 - - [12/Jun/2026:17:34:20 +0000] "PUT /d1/648/AUTH_6a45dcf95d9e4644ae6b5e86a583fa28/gnocchi.1e63edde-9c2f-4649-810d-4e78144519d8/1780920000.0_mean_300.0_v3" 201 - "PUT http://172.18.0.2:8080/v1/AUTH_6a45dcf95d9e4644ae6b5e86a583fa28/gnocchi.1e63edde-9c2f-4649-810d-4e78144519d8/1780920000.0_mean_300.0_v3" "txe2b8e35f925a41a0b584c-006a2c431c" "proxy-server 12" 0.0096 "-" 22 0
Jun 12 17:34:20 standalone proxy-server[129143]: 172.18.0.2 172.18.0.100 12/Jun/2026/17/34/20 PUT /v1/AUTH_6a45dcf95d9e4644ae6b5e86a583fa28/gnocchi.1e63edde-9c2f-4649-810d-4e78144519d8/1780920000.0_mean_300.0_v3 HTTP/1.0 201 - python-swiftclient-3.11.1 gAAAAABqLELiYpo3... 16 - - txe2b8e35f925a41a0b584c-006a2c431c - 0.0169 - - 1781285660.731256247 1781285660.748154402 0
Jun 12 17:34:20 standalone container-server[126913]: 172.20.0.100 - - [12/Jun/2026:17:34:20 +0000] "PUT /d1/767/AUTH_6a45dcf95d9e4644ae6b5e86a583fa28/gnocchi.1e63edde-9c2f-4649-810d-4e78144519d8/none_v3" 201 - "PUT http://172.18.0.2:8080/d1/66/AUTH_6a45dcf95d9e4644ae6b5e86a583fa28/gnocchi.1e63edde-9c2f-4649-810d-4e78144519d8/none_v3" "txc1af0ccc6003487884883-006a2c431c" "object-server 22" 0.0007 "-" 14 0
Jun 12 17:34:20 standalone object-server[126960]: 172.20.0.100 - - [12/Jun/2026:17:34:20 +0000] "PUT /d1/66/AUTH_6a45dcf95d9e4644ae6b5e86a583fa28/gnocchi.1e63edde-9c2f-4649-810d-4e78144519d8/none_v3" 201 - "PUT http://172.18.0.2:8080/v1/AUTH_6a45dcf95d9e4644ae6b5e86a583fa28/gnocchi.1e63edde-9c2f-4649-810d-4e78144519d8/none_v3" "txc1af0ccc6003487884883-006a2c431c" "proxy-server 12" 0.0084 "-" 22 0
Jun 12 17:34:20 standalone proxy-server[129143]: 172.18.0.2 172.18.0.100 12/Jun/2026/17/34/20 PUT /v1/AUTH_6a45dcf95d9e4644ae6b5e86a583fa28/gnocchi.1e63edde-9c2f-4649-810d-4e78144519d8/none_v3 HTTP/1.0 201 - python-swiftclient-3.11.1 gAAAAABqLELiYpo3... 22 - - txc1af0ccc6003487884883-006a2c431c - 0.0148 - - 1781285660.750690460 1781285660.765441418 0
Jun 12 17:34:20 standalone container-server[126919]: 172.20.0.100 - - [12/Jun/2026:17:34:20 +0000] "HEAD /d1/375/AUTH_6a45dcf95d9e4644ae6b5e86a583fa28/gnocchi.e839ad8d-fb61-4802-bab6-f8bddaf2c905" 404 - "HEAD http://172.18.0.2:8080/v1/AUTH_6a45dcf95d9e4644ae6b5e86a583fa28/gnocchi.e839ad8d-fb61-4802-bab6-f8bddaf2c905?format=json&states=listing" "txa087b208b96e4549bb057-006a2c431c" "proxy-server 12" 0.0004 "-" 16 0
Jun 12 17:34:20 standalone object-server[126960]: 172.20.0.100 - - [12/Jun/2026:17:34:20 +0000] "GET /d1/670/AUTH_6a45dcf95d9e4644ae6b5e86a583fa28/gnocchi.e839ad8d-fb61-4802-bab6-f8bddaf2c905/none_v3" 404 70 "GET http://172.18.0.2:8080/v1/AUTH_6a45dcf95d9e4644ae6b5e86a583fa28/gnocchi.e839ad8d-fb61-4802-bab6-f8bddaf2c905/none_v3" "txa087b208b96e4549bb057-006a2c431c" "proxy-server 12" 0.0004 "-" 22 0
Jun 12 17:34:20 standalone proxy-server[129143]: 172.18.0.2 172.18.0.100 12/Jun/2026/17/34/20 GET /v1/AUTH_6a45dcf95d9e4644ae6b5e86a583fa28/gnocchi.e839ad8d-fb61-4802-bab6-f8bddaf2c905/none_v3 HTTP/1.0 404 - python-swiftclient-3.11.1 gAAAAABqLELiYpo3... - 70 - txa087b208b96e4549bb057-006a2c431c - 0.0106 - - 1781285660.774437428 1781285660.785081863 0
Jun 12 17:34:20 standalone account-server[126561]: 172.20.0.100 - - [12/Jun/2026:17:34:20 +0000] "PUT /d1/225/AUTH_6a45dcf95d9e4644ae6b5e86a583fa28/gnocchi.e839ad8d-fb61-4802-bab6-f8bddaf2c905" 201 - "PUT http://172.20.0.100:6001/d1/375/AUTH_6a45dcf95d9e4644ae6b5e86a583fa28/gnocchi.e839ad8d-fb61-4802-bab6-f8bddaf2c905" "tx64ace895a9cb43998004d-006a2c431c" "container-server 15" 0.0137 "-" 17 0
Jun 12 17:34:20 standalone container-server[126914]: 172.20.0.100 - - [12/Jun/2026:17:34:20 +0000] "PUT /d1/375/AUTH_6a45dcf95d9e4644ae6b5e86a583fa28/gnocchi.e839ad8d-fb61-4802-bab6-f8bddaf2c905" 201 - "PUT http://172.18.0.2:8080/v1/AUTH_6a45dcf95d9e4644ae6b5e86a583fa28/gnocchi.e839ad8d-fb61-4802-bab6-f8bddaf2c905" "tx64ace895a9cb43998004d-006a2c431c" "proxy-server 12" 0.0293 "-" 15 0
Jun 12 17:34:20 standalone proxy-server[129143]: 172.18.0.2 172.18.0.100 12/Jun/2026/17/34/20 PUT /v1/AUTH_6a45dcf95d9e4644ae6b5e86a583fa28/gnocchi.e839ad8d-fb61-4802-bab6-f8bddaf2c905 HTTP/1.0 201 - python-swiftclient-3.11.1 gAAAAABqLELiYpo3... - - - tx64ace895a9cb43998004d-006a2c431c - 0.0361 - - 1781285660.787528992 1781285660.823624372 0
Jun 12 17:34:20 standalone container-server[126919]: 172.20.0.100 - - [12/Jun/2026:17:34:20 +0000] "HEAD /d1/375/AUTH_6a45dcf95d9e4644ae6b5e86a583fa28/gnocchi.e839ad8d-fb61-4802-bab6-f8bddaf2c905" 204 - "HEAD http://172.18.0.2:8080/v1/AUTH_6a45dcf95d9e4644ae6b5e86a583fa28/gnocchi.e839ad8d-fb61-4802-bab6-f8bddaf2c905?format=json&states=listing" "txdbb42b506f0446c9ab47c-006a2c431c" "proxy-server 12" 0.0015 "-" 16 0
Jun 12 17:34:20 standalone proxy-server[129143]: - - 12/Jun/2026/17/34/20 HEAD /v1/AUTH_6a45dcf95d9e4644ae6b5e86a583fa28/gnocchi.e839ad8d-fb61-4802-bab6-f8bddaf2c905%3Fformat%3Djson%26states%3Dlisting HTTP/1.0 204 - Swift - - - - txdbb42b506f0446c9ab47c-006a2c431c - 0.0126 RL - 1781285660.837433338 1781285660.850005865 0
Jun 12 17:34:20 standalone container-server[126919]: 172.20.0.100 - - [12/Jun/2026:17:34:20 +0000] "GET /d1/375/AUTH_6a45dcf95d9e4644ae6b5e86a583fa28/gnocchi.e839ad8d-fb61-4802-bab6-f8bddaf2c905" 200 2 "GET http://172.18.0.2:8080/v1/AUTH_6a45dcf95d9e4644ae6b5e86a583fa28/gnocchi.e839ad8d-fb61-4802-bab6-f8bddaf2c905?format=json&states=listing" "txdbb42b506f0446c9ab47c-006a2c431c" "proxy-server 12" 0.0022 "-" 16 0
Jun 12 17:34:20 standalone proxy-server[129143]: 172.18.0.2 172.18.0.100 12/Jun/2026/17/34/20 GET /v1/AUTH_6a45dcf95d9e4644ae6b5e86a583fa28/gnocchi.e839ad8d-fb61-4802-bab6-f8bddaf2c905%3Fformat%3Djson%26states%3Dlisting HTTP/1.0 200 - python-swiftclient-3.11.1 gAAAAABqLELiYpo3... - 2 - txdbb42b506f0446c9ab47c-006a2c431c - 0.0277 - - 1781285660.835770369 1781285660.863429546 0
Jun 12 17:34:20 standalone object-server[127000]: 172.20.0.100 - - [12/Jun/2026:17:34:20 +0000] "GET /d1/903/AUTH_6a45dcf95d9e4644ae6b5e86a583fa28/gnocchi.e839ad8d-fb61-4802-bab6-f8bddaf2c905/1780920000.0_mean_300.0_v3" 404 70 "GET http://172.18.0.2:8080/v1/AUTH_6a45dcf95d9e4644ae6b5e86a583fa28/gnocchi.e839ad8d-fb61-4802-bab6-f8bddaf2c905/1780920000.0_mean_300.0_v3" "tx8357fbe46af748a3a3f8a-006a2c431c" "proxy-server 12" 0.0006 "-" 25 0
Jun 12 17:34:20 standalone proxy-server[129143]: 172.18.0.2 172.18.0.100 12/Jun/2026/17/34/20 GET /v1/AUTH_6a45dcf95d9e4644ae6b5e86a583fa28/gnocchi.e839ad8d-fb61-4802-bab6-f8bddaf2c905/1780920000.0_mean_300.0_v3 HTTP/1.0 404 - python-swiftclient-3.11.1 gAAAAABqLELiYpo3... - 70 - tx8357fbe46af748a3a3f8a-006a2c431c - 0.0055 - - 1781285660.868253708 1781285660.873703957 0
Jun 12 17:34:20 standalone container-server[126913]: 172.20.0.100 - - [12/Jun/2026:17:34:20 +0000] "PUT /d1/375/AUTH_6a45dcf95d9e4644ae6b5e86a583fa28/gnocchi.e839ad8d-fb61-4802-bab6-f8bddaf2c905/1780920000.0_mean_300.0_v3" 201 - "PUT http://172.18.0.2:8080/d1/903/AUTH_6a45dcf95d9e4644ae6b5e86a583fa28/gnocchi.e839ad8d-fb61-4802-bab6-f8bddaf2c905/1780920000.0_mean_300.0_v3" "tx6f3286c41f1841a69126b-006a2c431c" "object-server 23" 0.0008 "-" 14 0
Jun 12 17:34:20 standalone object-server[126972]: 172.20.0.100 - - [12/Jun/2026:17:34:20 +0000] "PUT /d1/903/AUTH_6a45dcf95d9e4644ae6b5e86a583fa28/gnocchi.e839ad8d-fb61-4802-bab6-f8bddaf2c905/1780920000.0_mean_300.0_v3" 201 - "PUT http://172.18.0.2:8080/v1/AUTH_6a45dcf95d9e4644ae6b5e86a583fa28/gnocchi.e839ad8d-fb61-4802-bab6-f8bddaf2c905/1780920000.0_mean_300.0_v3" "tx6f3286c41f1841a69126b-006a2c431c" "proxy-server 12" 0.0195 "-" 23 0
Jun 12 17:34:20 standalone proxy-server[129143]: 172.18.0.2 172.18.0.100 12/Jun/2026/17/34/20 PUT /v1/AUTH_6a45dcf95d9e4644ae6b5e86a583fa28/gnocchi.e839ad8d-fb61-4802-bab6-f8bddaf2c905/1780920000.0_mean_300.0_v3 HTTP/1.0 201 - python-swiftclient-3.11.1 gAAAAABqLELiYpo3... 16 - - tx6f3286c41f1841a69126b-006a2c431c - 0.0251 - - 1781285660.881596088 1781285660.906672239 0
Jun 12 17:34:20 standalone container-server[126913]: 172.20.0.100 - - [12/Jun/2026:17:34:20 +0000] "PUT /d1/375/AUTH_6a45dcf95d9e4644ae6b5e86a583fa28/gnocchi.e839ad8d-fb61-4802-bab6-f8bddaf2c905/none_v3" 201 - "PUT http://172.18.0.2:8080/d1/670/AUTH_6a45dcf95d9e4644ae6b5e86a583fa28/gnocchi.e839ad8d-fb61-4802-bab6-f8bddaf2c905/none_v3" "txae2734b51c2848f2b1679-006a2c431c" "object-server 24" 0.0008 "-" 14 0
Jun 12 17:34:20 standalone object-server[126987]: 172.20.0.100 - - [12/Jun/2026:17:34:20 +0000] "PUT /d1/670/AUTH_6a45dcf95d9e4644ae6b5e86a583fa28/gnocchi.e839ad8d-fb61-4802-bab6-f8bddaf2c905/none_v3" 201 - "PUT http://172.18.0.2:8080/v1/AUTH_6a45dcf95d9e4644ae6b5e86a583fa28/gnocchi.e839ad8d-fb61-4802-bab6-f8bddaf2c905/none_v3" "txae2734b51c2848f2b1679-006a2c431c" "proxy-server 12" 0.0182 "-" 24 0
Jun 12 17:34:20 standalone proxy-server[129143]: 172.18.0.2 172.18.0.100 12/Jun/2026/17/34/20 PUT /v1/AUTH_6a45dcf95d9e4644ae6b5e86a583fa28/gnocchi.e839ad8d-fb61-4802-bab6-f8bddaf2c905/none_v3 HTTP/1.0 201 - python-swiftclient-3.11.1 gAAAAABqLELiYpo3... 22 - - txae2734b51c2848f2b1679-006a2c431c - 0.0244 - - 1781285660.910213232 1781285660.934563875 0
Jun 12 17:34:29 standalone account-server[126530]: 172.20.0.100 - - [12/Jun/2026:17:34:29 +0000] "HEAD /d1/225/AUTH_6a45dcf95d9e4644ae6b5e86a583fa28" 204 - "HEAD http://172.18.0.2:8080/v1/AUTH_6a45dcf95d9e4644ae6b5e86a583fa28?format=json" "tx6ef301aad06749b0acac1-006a2c4325" "proxy-server 12" 0.0054 "-" 15 -
Jun 12 17:34:29 standalone proxy-server[129143]: - - 12/Jun/2026/17/34/29 HEAD /v1/AUTH_6a45dcf95d9e4644ae6b5e86a583fa28%3Fformat%3Djson HTTP/1.0 204 - Swift - - - - tx6ef301aad06749b0acac1-006a2c4325 - 0.0102 RL - 1781285669.156156778 1781285669.166347980 -
Jun 12 17:34:29 standalone container-server[126913]: 172.20.0.100 - - [12/Jun/2026:17:34:29 +0000] "HEAD /d1/195/AUTH_6a45dcf95d9e4644ae6b5e86a583fa28/gnocchi.c690e28d-652a-4662-be9a-0fbd8db7bf23" 404 - "HEAD http://172.18.0.2:8080/v1/AUTH_6a45dcf95d9e4644ae6b5e86a583fa28/gnocchi.c690e28d-652a-4662-be9a-0fbd8db7bf23?format=json&states=listing" "tx6ef301aad06749b0acac1-006a2c4325" "proxy-server 12" 0.0007 "-" 14 0
Jun 12 17:34:29 standalone object-server[126972]: 172.20.0.100 - - [12/Jun/2026:17:34:29 +0000] "GET /d1/415/AUTH_6a45dcf95d9e4644ae6b5e86a583fa28/gnocchi.c690e28d-652a-4662-be9a-0fbd8db7bf23/none_v3" 404 70 "GET http://172.18.0.2:8080/v1/AUTH_6a45dcf95d9e4644ae6b5e86a583fa28/gnocchi.c690e28d-652a-4662-be9a-0fbd8db7bf23/none_v3" "tx6ef301aad06749b0acac1-006a2c4325" "proxy-server 12" 0.0005 "-" 23 0
Jun 12 17:34:29 standalone proxy-server[129143]: 172.18.0.2 172.18.0.100 12/Jun/2026/17/34/29 GET /v1/AUTH_6a45dcf95d9e4644ae6b5e86a583fa28/gnocchi.c690e28d-652a-4662-be9a-0fbd8db7bf23/none_v3 HTTP/1.0 404 - python-swiftclient-3.11.1 gAAAAABqLELiYpo3... - 70 - tx6ef301aad06749b0acac1-006a2c4325 - 0.0246 - - 1781285669.154843330 1781285669.179476738 0
Jun 12 17:34:29 standalone account-server[126530]: 172.20.0.100 - - [12/Jun/2026:17:34:29 +0000] "PUT /d1/225/AUTH_6a45dcf95d9e4644ae6b5e86a583fa28/gnocchi.c690e28d-652a-4662-be9a-0fbd8db7bf23" 201 - "PUT http://172.20.0.100:6001/d1/195/AUTH_6a45dcf95d9e4644ae6b5e86a583fa28/gnocchi.c690e28d-652a-4662-be9a-0fbd8db7bf23" "tx39aa2ad1065146b580ea7-006a2c4325" "container-server 17" 0.0013 "-" 15 0
Jun 12 17:34:29 standalone container-server[126923]: 172.20.0.100 - - [12/Jun/2026:17:34:29 +0000] "PUT /d1/195/AUTH_6a45dcf95d9e4644ae6b5e86a583fa28/gnocchi.c690e28d-652a-4662-be9a-0fbd8db7bf23" 201 - "PUT http://172.18.0.2:8080/v1/AUTH_6a45dcf95d9e4644ae6b5e86a583fa28/gnocchi.c690e28d-652a-4662-be9a-0fbd8db7bf23" "tx39aa2ad1065146b580ea7-006a2c4325" "proxy-server 12" 0.0118 "-" 17 0
Jun 12 17:34:29 standalone proxy-server[129143]: 172.18.0.2 172.18.0.100 12/Jun/2026/17/34/29 PUT /v1/AUTH_6a45dcf95d9e4644ae6b5e86a583fa28/gnocchi.c690e28d-652a-4662-be9a-0fbd8db7bf23 HTTP/1.0 201 - python-swiftclient-3.11.1 gAAAAABqLELiYpo3... - - - tx39aa2ad1065146b580ea7-006a2c4325 - 0.0187 - - 1781285669.183425188 1781285669.202163696 0
Jun 12 17:34:29 standalone container-server[126913]: 172.20.0.100 - - [12/Jun/2026:17:34:29 +0000] "HEAD /d1/195/AUTH_6a45dcf95d9e4644ae6b5e86a583fa28/gnocchi.c690e28d-652a-4662-be9a-0fbd8db7bf23" 204 - "HEAD http://172.18.0.2:8080/v1/AUTH_6a45dcf95d9e4644ae6b5e86a583fa28/gnocchi.c690e28d-652a-4662-be9a-0fbd8db7bf23?format=json&states=listing" "txceefc3da8cbf420a98a05-006a2c4325" "proxy-server 12" 0.0017 "-" 14 0
Jun 12 17:34:29 standalone proxy-server[129143]: - - 12/Jun/2026/17/34/29 HEAD /v1/AUTH_6a45dcf95d9e4644ae6b5e86a583fa28/gnocchi.c690e28d-652a-4662-be9a-0fbd8db7bf23%3Fformat%3Djson%26states%3Dlisting HTTP/1.0 204 - Swift - - - - txceefc3da8cbf420a98a05-006a2c4325 - 0.0074 RL - 1781285669.210029364 1781285669.217402220 0
Jun 12 17:34:29 standalone container-server[126914]: 172.20.0.100 - - [12/Jun/2026:17:34:29 +0000] "GET /d1/195/AUTH_6a45dcf95d9e4644ae6b5e86a583fa28/gnocchi.c690e28d-652a-4662-be9a-0fbd8db7bf23" 200 2 "GET http://172.18.0.2:8080/v1/AUTH_6a45dcf95d9e4644ae6b5e86a583fa28/gnocchi.c690e28d-652a-4662-be9a-0fbd8db7bf23?format=json&states=listing" "txceefc3da8cbf420a98a05-006a2c4325" "proxy-server 12" 0.0026 "-" 15 0
Jun 12 17:34:29 standalone proxy-server[129143]: 172.18.0.2 172.18.0.100 12/Jun/2026/17/34/29 GET /v1/AUTH_6a45dcf95d9e4644ae6b5e86a583fa28/gnocchi.c690e28d-652a-4662-be9a-0fbd8db7bf23%3Fformat%3Djson%26states%3Dlisting HTTP/1.0 200 - python-swiftclient-3.11.1 gAAAAABqLELiYpo3... - 2 - txceefc3da8cbf420a98a05-006a2c4325 - 0.0222 - - 1781285669.207351923 1781285669.229571819 0
Jun 12 17:34:29 standalone object-server[126960]: 172.20.0.100 - - [12/Jun/2026:17:34:29 +0000] "GET /d1/534/AUTH_6a45dcf95d9e4644ae6b5e86a583fa28/gnocchi.c690e28d-652a-4662-be9a-0fbd8db7bf23/1780920000.0_mean_300.0_v3" 404 70 "GET http://172.18.0.2:8080/v1/AUTH_6a45dcf95d9e4644ae6b5e86a583fa28/gnocchi.c690e28d-652a-4662-be9a-0fbd8db7bf23/1780920000.0_mean_300.0_v3" "txd2eb6efb2ec34f2bb7f13-006a2c4325" "proxy-server 12" 0.0006 "-" 22 0
Jun 12 17:34:29 standalone proxy-server[129143]: 172.18.0.2 172.18.0.100 12/Jun/2026/17/34/29 GET /v1/AUTH_6a45dcf95d9e4644ae6b5e86a583fa28/gnocchi.c690e28d-652a-4662-be9a-0fbd8db7bf23/1780920000.0_mean_300.0_v3 HTTP/1.0 404 - python-swiftclient-3.11.1 gAAAAABqLELiYpo3... - 70 - txd2eb6efb2ec34f2bb7f13-006a2c4325 - 0.0095 - - 1781285669.235960484 1781285669.245496273 0
Jun 12 17:34:29 standalone container-server[126923]: 172.20.0.100 - - [12/Jun/2026:17:34:29 +0000] "PUT /d1/195/AUTH_6a45dcf95d9e4644ae6b5e86a583fa28/gnocchi.c690e28d-652a-4662-be9a-0fbd8db7bf23/1780920000.0_mean_300.0_v3" 201 - "PUT http://172.18.0.2:8080/d1/534/AUTH_6a45dcf95d9e4644ae6b5e86a583fa28/gnocchi.c690e28d-652a-4662-be9a-0fbd8db7bf23/1780920000.0_mean_300.0_v3" "txd5caf0b87fbf4c0e9defe-006a2c4325" "object-server 24" 0.0014 "-" 17 0
Jun 12 17:34:29 standalone object-server[126987]: 172.20.0.100 - - [12/Jun/2026:17:34:29 +0000] "PUT /d1/534/AUTH_6a45dcf95d9e4644ae6b5e86a583fa28/gnocchi.c690e28d-652a-4662-be9a-0fbd8db7bf23/1780920000.0_mean_300.0_v3" 201 - "PUT http://172.18.0.2:8080/v1/AUTH_6a45dcf95d9e4644ae6b5e86a583fa28/gnocchi.c690e28d-652a-4662-be9a-0fbd8db7bf23/1780920000.0_mean_300.0_v3" "txd5caf0b87fbf4c0e9defe-006a2c4325" "proxy-server 12" 0.0207 "-" 24 0
Jun 12 17:34:29 standalone proxy-server[129143]: 172.18.0.2 172.18.0.100 12/Jun/2026/17/34/29 PUT /v1/AUTH_6a45dcf95d9e4644ae6b5e86a583fa28/gnocchi.c690e28d-652a-4662-be9a-0fbd8db7bf23/1780920000.0_mean_300.0_v3 HTTP/1.0 201 - python-swiftclient-3.11.1 gAAAAABqLELiYpo3... 16 - - txd5caf0b87fbf4c0e9defe-006a2c4325 - 0.0342 - - 1781285669.250644684 1781285669.284856081 0
Jun 12 17:34:29 standalone container-server[126913]: 172.20.0.100 - - [12/Jun/2026:17:34:29 +0000] "PUT /d1/195/AUTH_6a45dcf95d9e4644ae6b5e86a583fa28/gnocchi.c690e28d-652a-4662-be9a-0fbd8db7bf23/none_v3" 201 - "PUT http://172.18.0.2:8080/d1/415/AUTH_6a45dcf95d9e4644ae6b5e86a583fa28/gnocchi.c690e28d-652a-4662-be9a-0fbd8db7bf23/none_v3" "tx7991523c297b413b90b02-006a2c4325" "object-server 25" 0.0008 "-" 14 0
Jun 12 17:34:29 standalone object-server[127000]: 172.20.0.100 - - [12/Jun/2026:17:34:29 +0000] "PUT /d1/415/AUTH_6a45dcf95d9e4644ae6b5e86a583fa28/gnocchi.c690e28d-652a-4662-be9a-0fbd8db7bf23/none_v3" 201 - "PUT http://172.18.0.2:8080/v1/AUTH_6a45dcf95d9e4644ae6b5e86a583fa28/gnocchi.c690e28d-652a-4662-be9a-0fbd8db7bf23/none_v3" "tx7991523c297b413b90b02-006a2c4325" "proxy-server 12" 0.0742 "-" 25 0
Jun 12 17:34:29 standalone proxy-server[129143]: 172.18.0.2 172.18.0.100 12/Jun/2026/17/34/29 PUT /v1/AUTH_6a45dcf95d9e4644ae6b5e86a583fa28/gnocchi.c690e28d-652a-4662-be9a-0fbd8db7bf23/none_v3 HTTP/1.0 201 - python-swiftclient-3.11.1 gAAAAABqLELiYpo3... 22 - - tx7991523c297b413b90b02-006a2c4325 - 0.0823 - - 1781285669.289138079 1781285669.371483326 0
Jun 12 17:34:29 standalone container-server[126913]: 172.20.0.100 - - [12/Jun/2026:17:34:29 +0000] "HEAD /d1/870/AUTH_6a45dcf95d9e4644ae6b5e86a583fa28/gnocchi.c2abb3e9-23dd-4a5b-b98b-49c5ab40c139" 404 - "HEAD http://172.18.0.2:8080/v1/AUTH_6a45dcf95d9e4644ae6b5e86a583fa28/gnocchi.c2abb3e9-23dd-4a5b-b98b-49c5ab40c139?format=json&states=listing" "tx2229e36b603c4249a3c8f-006a2c4325" "proxy-server 12" 0.0006 "-" 14 0
Jun 12 17:34:29 standalone object-server[126972]: 172.20.0.100 - - [12/Jun/2026:17:34:29 +0000] "GET /d1/39/AUTH_6a45dcf95d9e4644ae6b5e86a583fa28/gnocchi.c2abb3e9-23dd-4a5b-b98b-49c5ab40c139/none_v3" 404 70 "GET http://172.18.0.2:8080/v1/AUTH_6a45dcf95d9e4644ae6b5e86a583fa28/gnocchi.c2abb3e9-23dd-4a5b-b98b-49c5ab40c139/none_v3" "tx2229e36b603c4249a3c8f-006a2c4325" "proxy-server 12" 0.0007 "-" 23 0
Jun 12 17:34:29 standalone proxy-server[129143]: 172.18.0.2 172.18.0.100 12/Jun/2026/17/34/29 GET /v1/AUTH_6a45dcf95d9e4644ae6b5e86a583fa28/gnocchi.c2abb3e9-23dd-4a5b-b98b-49c5ab40c139/none_v3 HTTP/1.0 404 - python-swiftclient-3.11.1 gAAAAABqLELiYpo3... - 70 - tx2229e36b603c4249a3c8f-006a2c4325 - 0.0112 - - 1781285669.407181978 1781285669.418335915 0
Jun 12 17:34:29 standalone account-server[126513]: 172.20.0.100 - - [12/Jun/2026:17:34:29 +0000] "PUT /d1/225/AUTH_6a45dcf95d9e4644ae6b5e86a583fa28/gnocchi.c2abb3e9-23dd-4a5b-b98b-49c5ab40c139" 201 - "PUT http://172.20.0.100:6001/d1/870/AUTH_6a45dcf95d9e4644ae6b5e86a583fa28/gnocchi.c2abb3e9-23dd-4a5b-b98b-49c5ab40c139" "tx3754db19f8314a7cbf215-006a2c4325" "container-server 14" 0.0058 "-" 14 0
Jun 12 17:34:29 standalone container-server[126913]: 172.20.0.100 - - [12/Jun/2026:17:34:29 +0000] "PUT /d1/870/AUTH_6a45dcf95d9e4644ae6b5e86a583fa28/gnocchi.c2abb3e9-23dd-4a5b-b98b-49c5ab40c139" 201 - "PUT http://172.18.0.2:8080/v1/AUTH_6a45dcf95d9e4644ae6b5e86a583fa28/gnocchi.c2abb3e9-23dd-4a5b-b98b-49c5ab40c139" "tx3754db19f8314a7cbf215-006a2c4325" "proxy-server 12" 0.0210 "-" 14 0
Jun 12 17:34:29 standalone proxy-server[129143]: 172.18.0.2 172.18.0.100 12/Jun/2026/17/34/29 PUT /v1/AUTH_6a45dcf95d9e4644ae6b5e86a583fa28/gnocchi.c2abb3e9-23dd-4a5b-b98b-49c5ab40c139 HTTP/1.0 201 - python-swiftclient-3.11.1 gAAAAABqLELiYpo3... - - - tx3754db19f8314a7cbf215-006a2c4325 - 0.0280 - - 1781285669.422193766 1781285669.450198412 0
Jun 12 17:34:29 standalone container-server[126913]: 172.20.0.100 - - [12/Jun/2026:17:34:29 +0000] "HEAD /d1/870/AUTH_6a45dcf95d9e4644ae6b5e86a583fa28/gnocchi.c2abb3e9-23dd-4a5b-b98b-49c5ab40c139" 204 - "HEAD http://172.18.0.2:8080/v1/AUTH_6a45dcf95d9e4644ae6b5e86a583fa28/gnocchi.c2abb3e9-23dd-4a5b-b98b-49c5ab40c139?format=json&states=listing" "txdfdbe1b9a5a14144816b8-006a2c4325" "proxy-server 12" 0.0034 "-" 14 0
Jun 12 17:34:29 standalone proxy-server[129143]: - - 12/Jun/2026/17/34/29 HEAD /v1/AUTH_6a45dcf95d9e4644ae6b5e86a583fa28/gnocchi.c2abb3e9-23dd-4a5b-b98b-49c5ab40c139%3Fformat%3Djson%26states%3Dlisting HTTP/1.0 204 - Swift - - - - txdfdbe1b9a5a14144816b8-006a2c4325 - 0.0092 RL - 1781285669.458971739 1781285669.468159199 0
Jun 12 17:34:29 standalone container-server[126914]: 172.20.0.100 - - [12/Jun/2026:17:34:29 +0000] "GET /d1/870/AUTH_6a45dcf95d9e4644ae6b5e86a583fa28/gnocchi.c2abb3e9-23dd-4a5b-b98b-49c5ab40c139" 200 2 "GET http://172.18.0.2:8080/v1/AUTH_6a45dcf95d9e4644ae6b5e86a583fa28/gnocchi.c2abb3e9-23dd-4a5b-b98b-49c5ab40c139?format=json&states=listing" "txdfdbe1b9a5a14144816b8-006a2c4325" "proxy-server 12" 0.0052 "-" 15 0
Jun 12 17:34:29 standalone proxy-server[129143]: 172.18.0.2 172.18.0.100 12/Jun/2026/17/34/29 GET /v1/AUTH_6a45dcf95d9e4644ae6b5e86a583fa28/gnocchi.c2abb3e9-23dd-4a5b-b98b-49c5ab40c139%3Fformat%3Djson%26states%3Dlisting HTTP/1.0 200 - python-swiftclient-3.11.1 gAAAAABqLELiYpo3... - 2 - txdfdbe1b9a5a14144816b8-006a2c4325 - 0.0313 - - 1781285669.454499722 1781285669.485809803 0
Jun 12 17:34:29 standalone object-server[127000]: 172.20.0.100 - - [12/Jun/2026:17:34:29 +0000] "GET /d1/334/AUTH_6a45dcf95d9e4644ae6b5e86a583fa28/gnocchi.c2abb3e9-23dd-4a5b-b98b-49c5ab40c139/1780920000.0_mean_300.0_v3" 404 70 "GET http://172.18.0.2:8080/v1/AUTH_6a45dcf95d9e4644ae6b5e86a583fa28/gnocchi.c2abb3e9-23dd-4a5b-b98b-49c5ab40c139/1780920000.0_mean_300.0_v3" "txd39d33a959864c2796977-006a2c4325" "proxy-server 12" 0.0007 "-" 25 0
Jun 12 17:34:29 standalone proxy-server[129143]: 172.18.0.2 172.18.0.100 12/Jun/2026/17/34/29 GET /v1/AUTH_6a45dcf95d9e4644ae6b5e86a583fa28/gnocchi.c2abb3e9-23dd-4a5b-b98b-49c5ab40c139/1780920000.0_mean_300.0_v3 HTTP/1.0 404 - python-swiftclient-3.11.1 gAAAAABqLELiYpo3... - 70 - txd39d33a959864c2796977-006a2c4325 - 0.0089 - - 1781285669.491235495 1781285669.500145912 0
Jun 12 17:34:29 standalone container-server[126923]: 172.20.0.100 - - [12/Jun/2026:17:34:29 +0000] "PUT /d1/870/AUTH_6a45dcf95d9e4644ae6b5e86a583fa28/gnocchi.c2abb3e9-23dd-4a5b-b98b-49c5ab40c139/1780920000.0_mean_300.0_v3" 201 - "PUT http://172.18.0.2:8080/d1/334/AUTH_6a45dcf95d9e4644ae6b5e86a583fa28/gnocchi.c2abb3e9-23dd-4a5b-b98b-49c5ab40c139/1780920000.0_mean_300.0_v3" "tx0e64fed714fc4c5394181-006a2c4325" "object-server 22" 0.0006 "-" 17 0
Jun 12 17:34:29 standalone object-server[126960]: 172.20.0.100 - - [12/Jun/2026:17:34:29 +0000] "PUT /d1/334/AUTH_6a45dcf95d9e4644ae6b5e86a583fa28/gnocchi.c2abb3e9-23dd-4a5b-b98b-49c5ab40c139/1780920000.0_mean_300.0_v3" 201 - "PUT http://172.18.0.2:8080/v1/AUTH_6a45dcf95d9e4644ae6b5e86a583fa28/gnocchi.c2abb3e9-23dd-4a5b-b98b-49c5ab40c139/1780920000.0_mean_300.0_v3" "tx0e64fed714fc4c5394181-006a2c4325" "proxy-server 12" 0.0157 "-" 22 0
Jun 12 17:34:29 standalone proxy-server[129143]: 172.18.0.2 172.18.0.100 12/Jun/2026/17/34/29 PUT /v1/AUTH_6a45dcf95d9e4644ae6b5e86a583fa28/gnocchi.c2abb3e9-23dd-4a5b-b98b-49c5ab40c139/1780920000.0_mean_300.0_v3 HTTP/1.0 201 - python-swiftclient-3.11.1 gAAAAABqLELiYpo3... 16 - - tx0e64fed714fc4c5394181-006a2c4325 - 0.0748 - - 1781285669.505751610 1781285669.580570936 0
Jun 12 17:34:29 standalone container-server[126919]: 172.20.0.100 - - [12/Jun/2026:17:34:29 +0000] "PUT /d1/870/AUTH_6a45dcf95d9e4644ae6b5e86a583fa28/gnocchi.c2abb3e9-23dd-4a5b-b98b-49c5ab40c139/none_v3" 201 - "PUT http://172.18.0.2:8080/d1/39/AUTH_6a45dcf95d9e4644ae6b5e86a583fa28/gnocchi.c2abb3e9-23dd-4a5b-b98b-49c5ab40c139/none_v3" "tx7e0cdc03dfba4ae5a853f-006a2c4325" "object-server 25" 0.0005 "-" 16 0
