Jun 12 17:35:39 standalone object-server[126987]: 172.20.0.100 - - [12/Jun/2026:17:35:39 +0000] "GET /d1/816/AUTH_6a45dcf95d9e4644ae6b5e86a583fa28/gnocchi.d5d0e4cf-6a17-41dc-b7e4-f9f8307366f5/none_v3" 404 70 "GET http://172.18.0.2:8080/v1/AUTH_6a45dcf95d9e4644ae6b5e86a583fa28/gnocchi.d5d0e4cf-6a17-41dc-b7e4-f9f8307366f5/none_v3" "tx97cc2ce8ad9d432688288-006a2c436b" "proxy-server 12" 0.0003 "-" 24 0
Jun 12 17:35:39 standalone proxy-server[129143]: 172.18.0.2 172.18.0.100 12/Jun/2026/17/35/39 GET /v1/AUTH_6a45dcf95d9e4644ae6b5e86a583fa28/gnocchi.d5d0e4cf-6a17-41dc-b7e4-f9f8307366f5/none_v3 HTTP/1.0 404 - python-swiftclient-3.11.1 gAAAAABqLELiYpo3... - 70 - tx97cc2ce8ad9d432688288-006a2c436b - 0.0125 - - 1781285739.398787737 1781285739.411331654 0
Jun 12 17:35:39 standalone account-server[126530]: 172.20.0.100 - - [12/Jun/2026:17:35:39 +0000] "PUT /d1/225/AUTH_6a45dcf95d9e4644ae6b5e86a583fa28/gnocchi.d5d0e4cf-6a17-41dc-b7e4-f9f8307366f5" 201 - "PUT http://172.20.0.100:6001/d1/81/AUTH_6a45dcf95d9e4644ae6b5e86a583fa28/gnocchi.d5d0e4cf-6a17-41dc-b7e4-f9f8307366f5" "tx9d61689cf90a4fc89f5d2-006a2c436b" "container-server 16" 0.0072 "-" 15 0
Jun 12 17:35:39 standalone container-server[126919]: 172.20.0.100 - - [12/Jun/2026:17:35:39 +0000] "PUT /d1/81/AUTH_6a45dcf95d9e4644ae6b5e86a583fa28/gnocchi.d5d0e4cf-6a17-41dc-b7e4-f9f8307366f5" 201 - "PUT http://172.18.0.2:8080/v1/AUTH_6a45dcf95d9e4644ae6b5e86a583fa28/gnocchi.d5d0e4cf-6a17-41dc-b7e4-f9f8307366f5" "tx9d61689cf90a4fc89f5d2-006a2c436b" "proxy-server 12" 0.0246 "-" 16 0
Jun 12 17:35:39 standalone proxy-server[129143]: 172.18.0.2 172.18.0.100 12/Jun/2026/17/35/39 PUT /v1/AUTH_6a45dcf95d9e4644ae6b5e86a583fa28/gnocchi.d5d0e4cf-6a17-41dc-b7e4-f9f8307366f5 HTTP/1.0 201 - python-swiftclient-3.11.1 gAAAAABqLELiYpo3... - - - tx9d61689cf90a4fc89f5d2-006a2c436b - 0.0323 - - 1781285739.416863918 1781285739.449183941 0
Jun 12 17:35:39 standalone container-server[126919]: 172.20.0.100 - - [12/Jun/2026:17:35:39 +0000] "HEAD /d1/81/AUTH_6a45dcf95d9e4644ae6b5e86a583fa28/gnocchi.d5d0e4cf-6a17-41dc-b7e4-f9f8307366f5" 204 - "HEAD http://172.18.0.2:8080/v1/AUTH_6a45dcf95d9e4644ae6b5e86a583fa28/gnocchi.d5d0e4cf-6a17-41dc-b7e4-f9f8307366f5?format=json&states=listing" "tx83c229f0190b43188f6ea-006a2c436b" "proxy-server 12" 0.0026 "-" 16 0
Jun 12 17:35:39 standalone proxy-server[129143]: - - 12/Jun/2026/17/35/39 HEAD /v1/AUTH_6a45dcf95d9e4644ae6b5e86a583fa28/gnocchi.d5d0e4cf-6a17-41dc-b7e4-f9f8307366f5%3Fformat%3Djson%26states%3Dlisting HTTP/1.0 204 - Swift - - - - tx83c229f0190b43188f6ea-006a2c436b - 0.0134 RL - 1781285739.458935976 1781285739.472306728 0
Jun 12 17:35:39 standalone container-server[126914]: 172.20.0.100 - - [12/Jun/2026:17:35:39 +0000] "GET /d1/81/AUTH_6a45dcf95d9e4644ae6b5e86a583fa28/gnocchi.d5d0e4cf-6a17-41dc-b7e4-f9f8307366f5" 200 2 "GET http://172.18.0.2:8080/v1/AUTH_6a45dcf95d9e4644ae6b5e86a583fa28/gnocchi.d5d0e4cf-6a17-41dc-b7e4-f9f8307366f5?format=json&states=listing" "tx83c229f0190b43188f6ea-006a2c436b" "proxy-server 12" 0.0052 "-" 15 0
Jun 12 17:35:39 standalone proxy-server[129143]: 172.18.0.2 172.18.0.100 12/Jun/2026/17/35/39 GET /v1/AUTH_6a45dcf95d9e4644ae6b5e86a583fa28/gnocchi.d5d0e4cf-6a17-41dc-b7e4-f9f8307366f5%3Fformat%3Djson%26states%3Dlisting HTTP/1.0 200 - python-swiftclient-3.11.1 gAAAAABqLELiYpo3... - 2 - tx83c229f0190b43188f6ea-006a2c436b - 0.0289 - - 1781285739.457128286 1781285739.485992908 0
Jun 12 17:35:39 standalone object-server[126987]: 172.20.0.100 - - [12/Jun/2026:17:35:39 +0000] "GET /d1/797/AUTH_6a45dcf95d9e4644ae6b5e86a583fa28/gnocchi.d5d0e4cf-6a17-41dc-b7e4-f9f8307366f5/1780920000.0_mean_300.0_v3" 404 70 "GET http://172.18.0.2:8080/v1/AUTH_6a45dcf95d9e4644ae6b5e86a583fa28/gnocchi.d5d0e4cf-6a17-41dc-b7e4-f9f8307366f5/1780920000.0_mean_300.0_v3" "txd1556e9caa3e4541813e7-006a2c436b" "proxy-server 12" 0.0003 "-" 24 0
Jun 12 17:35:39 standalone proxy-server[129143]: 172.18.0.2 172.18.0.100 12/Jun/2026/17/35/39 GET /v1/AUTH_6a45dcf95d9e4644ae6b5e86a583fa28/gnocchi.d5d0e4cf-6a17-41dc-b7e4-f9f8307366f5/1780920000.0_mean_300.0_v3 HTTP/1.0 404 - python-swiftclient-3.11.1 gAAAAABqLELiYpo3... - 70 - txd1556e9caa3e4541813e7-006a2c436b - 0.0068 - - 1781285739.500185966 1781285739.507014036 0
Jun 12 17:35:39 standalone container-server[126913]: 172.20.0.100 - - [12/Jun/2026:17:35:39 +0000] "PUT /d1/81/AUTH_6a45dcf95d9e4644ae6b5e86a583fa28/gnocchi.d5d0e4cf-6a17-41dc-b7e4-f9f8307366f5/1780920000.0_mean_300.0_v3" 201 - "PUT http://172.18.0.2:8080/d1/797/AUTH_6a45dcf95d9e4644ae6b5e86a583fa28/gnocchi.d5d0e4cf-6a17-41dc-b7e4-f9f8307366f5/1780920000.0_mean_300.0_v3" "tx5a54cb7347bc488db9d0b-006a2c436b" "object-server 24" 0.0015 "-" 14 0
Jun 12 17:35:39 standalone object-server[126987]: 172.20.0.100 - - [12/Jun/2026:17:35:39 +0000] "PUT /d1/797/AUTH_6a45dcf95d9e4644ae6b5e86a583fa28/gnocchi.d5d0e4cf-6a17-41dc-b7e4-f9f8307366f5/1780920000.0_mean_300.0_v3" 201 - "PUT http://172.18.0.2:8080/v1/AUTH_6a45dcf95d9e4644ae6b5e86a583fa28/gnocchi.d5d0e4cf-6a17-41dc-b7e4-f9f8307366f5/1780920000.0_mean_300.0_v3" "tx5a54cb7347bc488db9d0b-006a2c436b" "proxy-server 12" 0.0122 "-" 24 0
Jun 12 17:35:39 standalone proxy-server[129143]: 172.18.0.2 172.18.0.100 12/Jun/2026/17/35/39 PUT /v1/AUTH_6a45dcf95d9e4644ae6b5e86a583fa28/gnocchi.d5d0e4cf-6a17-41dc-b7e4-f9f8307366f5/1780920000.0_mean_300.0_v3 HTTP/1.0 201 - python-swiftclient-3.11.1 gAAAAABqLELiYpo3... 16 - - tx5a54cb7347bc488db9d0b-006a2c436b - 0.0219 - - 1781285739.511625528 1781285739.533520460 0
Jun 12 17:35:39 standalone container-server[126913]: 172.20.0.100 - - [12/Jun/2026:17:35:39 +0000] "PUT /d1/81/AUTH_6a45dcf95d9e4644ae6b5e86a583fa28/gnocchi.d5d0e4cf-6a17-41dc-b7e4-f9f8307366f5/none_v3" 201 - "PUT http://172.18.0.2:8080/d1/816/AUTH_6a45dcf95d9e4644ae6b5e86a583fa28/gnocchi.d5d0e4cf-6a17-41dc-b7e4-f9f8307366f5/none_v3" "txb5f634b4e15d4013bf06b-006a2c436b" "object-server 23" 0.0013 "-" 14 0
Jun 12 17:35:39 standalone object-server[126972]: 172.20.0.100 - - [12/Jun/2026:17:35:39 +0000] "PUT /d1/816/AUTH_6a45dcf95d9e4644ae6b5e86a583fa28/gnocchi.d5d0e4cf-6a17-41dc-b7e4-f9f8307366f5/none_v3" 201 - "PUT http://172.18.0.2:8080/v1/AUTH_6a45dcf95d9e4644ae6b5e86a583fa28/gnocchi.d5d0e4cf-6a17-41dc-b7e4-f9f8307366f5/none_v3" "txb5f634b4e15d4013bf06b-006a2c436b" "proxy-server 12" 0.0209 "-" 23 0
Jun 12 17:35:39 standalone proxy-server[129143]: 172.18.0.2 172.18.0.100 12/Jun/2026/17/35/39 PUT /v1/AUTH_6a45dcf95d9e4644ae6b5e86a583fa28/gnocchi.d5d0e4cf-6a17-41dc-b7e4-f9f8307366f5/none_v3 HTTP/1.0 201 - python-swiftclient-3.11.1 gAAAAABqLELiYpo3... 22 - - txb5f634b4e15d4013bf06b-006a2c436b - 0.0298 - - 1781285739.542686939 1781285739.572510958 0
Jun 12 17:35:39 standalone container-server[126919]: 172.20.0.100 - - [12/Jun/2026:17:35:39 +0000] "HEAD /d1/735/AUTH_6a45dcf95d9e4644ae6b5e86a583fa28/gnocchi.35e4fcbf-e9f5-4fe2-9d76-04132eee5ae2" 404 - "HEAD http://172.18.0.2:8080/v1/AUTH_6a45dcf95d9e4644ae6b5e86a583fa28/gnocchi.35e4fcbf-e9f5-4fe2-9d76-04132eee5ae2?format=json&states=listing" "txa624464fb07c4285ab4ac-006a2c436b" "proxy-server 12" 0.0005 "-" 16 0
Jun 12 17:35:39 standalone object-server[126972]: 172.20.0.100 - - [12/Jun/2026:17:35:39 +0000] "GET /d1/27/AUTH_6a45dcf95d9e4644ae6b5e86a583fa28/gnocchi.35e4fcbf-e9f5-4fe2-9d76-04132eee5ae2/none_v3" 404 70 "GET http://172.18.0.2:8080/v1/AUTH_6a45dcf95d9e4644ae6b5e86a583fa28/gnocchi.35e4fcbf-e9f5-4fe2-9d76-04132eee5ae2/none_v3" "txa624464fb07c4285ab4ac-006a2c436b" "proxy-server 12" 0.0004 "-" 23 0
Jun 12 17:35:39 standalone proxy-server[129143]: 172.18.0.2 172.18.0.100 12/Jun/2026/17/35/39 GET /v1/AUTH_6a45dcf95d9e4644ae6b5e86a583fa28/gnocchi.35e4fcbf-e9f5-4fe2-9d76-04132eee5ae2/none_v3 HTTP/1.0 404 - python-swiftclient-3.11.1 gAAAAABqLELiYpo3... - 70 - txa624464fb07c4285ab4ac-006a2c436b - 0.0120 - - 1781285739.589594603 1781285739.601599216 0
Jun 12 17:35:39 standalone account-server[126543]: 172.20.0.100 - - [12/Jun/2026:17:35:39 +0000] "PUT /d1/225/AUTH_6a45dcf95d9e4644ae6b5e86a583fa28/gnocchi.35e4fcbf-e9f5-4fe2-9d76-04132eee5ae2" 201 - "PUT http://172.20.0.100:6001/d1/735/AUTH_6a45dcf95d9e4644ae6b5e86a583fa28/gnocchi.35e4fcbf-e9f5-4fe2-9d76-04132eee5ae2" "txf8c9177d3d494465a43bf-006a2c436b" "container-server 17" 0.0131 "-" 16 0
Jun 12 17:35:39 standalone container-server[126923]: 172.20.0.100 - - [12/Jun/2026:17:35:39 +0000] "PUT /d1/735/AUTH_6a45dcf95d9e4644ae6b5e86a583fa28/gnocchi.35e4fcbf-e9f5-4fe2-9d76-04132eee5ae2" 201 - "PUT http://172.18.0.2:8080/v1/AUTH_6a45dcf95d9e4644ae6b5e86a583fa28/gnocchi.35e4fcbf-e9f5-4fe2-9d76-04132eee5ae2" "txf8c9177d3d494465a43bf-006a2c436b" "proxy-server 12" 0.0292 "-" 17 0
Jun 12 17:35:39 standalone proxy-server[129143]: 172.18.0.2 172.18.0.100 12/Jun/2026/17/35/39 PUT /v1/AUTH_6a45dcf95d9e4644ae6b5e86a583fa28/gnocchi.35e4fcbf-e9f5-4fe2-9d76-04132eee5ae2 HTTP/1.0 201 - python-swiftclient-3.11.1 gAAAAABqLELiYpo3... - - - txf8c9177d3d494465a43bf-006a2c436b - 0.0381 - - 1781285739.605961323 1781285739.644062281 0
Jun 12 17:35:39 standalone container-server[126914]: 172.20.0.100 - - [12/Jun/2026:17:35:39 +0000] "HEAD /d1/735/AUTH_6a45dcf95d9e4644ae6b5e86a583fa28/gnocchi.35e4fcbf-e9f5-4fe2-9d76-04132eee5ae2" 204 - "HEAD http://172.18.0.2:8080/v1/AUTH_6a45dcf95d9e4644ae6b5e86a583fa28/gnocchi.35e4fcbf-e9f5-4fe2-9d76-04132eee5ae2?format=json&states=listing" "tx364f36f9aebd4019ac098-006a2c436b" "proxy-server 12" 0.0032 "-" 15 0
Jun 12 17:35:39 standalone proxy-server[129143]: - - 12/Jun/2026/17/35/39 HEAD /v1/AUTH_6a45dcf95d9e4644ae6b5e86a583fa28/gnocchi.35e4fcbf-e9f5-4fe2-9d76-04132eee5ae2%3Fformat%3Djson%26states%3Dlisting HTTP/1.0 204 - Swift - - - - tx364f36f9aebd4019ac098-006a2c436b - 0.0075 RL - 1781285739.653287172 1781285739.660771608 0
Jun 12 17:35:39 standalone container-server[126913]: 172.20.0.100 - - [12/Jun/2026:17:35:39 +0000] "GET /d1/735/AUTH_6a45dcf95d9e4644ae6b5e86a583fa28/gnocchi.35e4fcbf-e9f5-4fe2-9d76-04132eee5ae2" 200 2 "GET http://172.18.0.2:8080/v1/AUTH_6a45dcf95d9e4644ae6b5e86a583fa28/gnocchi.35e4fcbf-e9f5-4fe2-9d76-04132eee5ae2?format=json&states=listing" "tx364f36f9aebd4019ac098-006a2c436b" "proxy-server 12" 0.0034 "-" 14 0
Jun 12 17:35:39 standalone proxy-server[129143]: 172.18.0.2 172.18.0.100 12/Jun/2026/17/35/39 GET /v1/AUTH_6a45dcf95d9e4644ae6b5e86a583fa28/gnocchi.35e4fcbf-e9f5-4fe2-9d76-04132eee5ae2%3Fformat%3Djson%26states%3Dlisting HTTP/1.0 200 - python-swiftclient-3.11.1 gAAAAABqLELiYpo3... - 2 - tx364f36f9aebd4019ac098-006a2c436b - 0.0198 - - 1781285739.650870323 1781285739.670652390 0
Jun 12 17:35:39 standalone object-server[127000]: 172.20.0.100 - - [12/Jun/2026:17:35:39 +0000] "GET /d1/248/AUTH_6a45dcf95d9e4644ae6b5e86a583fa28/gnocchi.35e4fcbf-e9f5-4fe2-9d76-04132eee5ae2/1780920000.0_mean_300.0_v3" 404 70 "GET http://172.18.0.2:8080/v1/AUTH_6a45dcf95d9e4644ae6b5e86a583fa28/gnocchi.35e4fcbf-e9f5-4fe2-9d76-04132eee5ae2/1780920000.0_mean_300.0_v3" "tx4a270f492e7c4fafac323-006a2c436b" "proxy-server 12" 0.0005 "-" 25 0
Jun 12 17:35:39 standalone proxy-server[129143]: 172.18.0.2 172.18.0.100 12/Jun/2026/17/35/39 GET /v1/AUTH_6a45dcf95d9e4644ae6b5e86a583fa28/gnocchi.35e4fcbf-e9f5-4fe2-9d76-04132eee5ae2/1780920000.0_mean_300.0_v3 HTTP/1.0 404 - python-swiftclient-3.11.1 gAAAAABqLELiYpo3... - 70 - tx4a270f492e7c4fafac323-006a2c436b - 0.0075 - - 1781285739.674879551 1781285739.682376385 0
Jun 12 17:35:39 standalone container-server[126913]: 172.20.0.100 - - [12/Jun/2026:17:35:39 +0000] "PUT /d1/735/AUTH_6a45dcf95d9e4644ae6b5e86a583fa28/gnocchi.35e4fcbf-e9f5-4fe2-9d76-04132eee5ae2/1780920000.0_mean_300.0_v3" 201 - "PUT http://172.18.0.2:8080/d1/248/AUTH_6a45dcf95d9e4644ae6b5e86a583fa28/gnocchi.35e4fcbf-e9f5-4fe2-9d76-04132eee5ae2/1780920000.0_mean_300.0_v3" "tx9e6c3113dbce4125816ec-006a2c436b" "object-server 23" 0.0014 "-" 14 0
Jun 12 17:35:39 standalone object-server[126972]: 172.20.0.100 - - [12/Jun/2026:17:35:39 +0000] "PUT /d1/248/AUTH_6a45dcf95d9e4644ae6b5e86a583fa28/gnocchi.35e4fcbf-e9f5-4fe2-9d76-04132eee5ae2/1780920000.0_mean_300.0_v3" 201 - "PUT http://172.18.0.2:8080/v1/AUTH_6a45dcf95d9e4644ae6b5e86a583fa28/gnocchi.35e4fcbf-e9f5-4fe2-9d76-04132eee5ae2/1780920000.0_mean_300.0_v3" "tx9e6c3113dbce4125816ec-006a2c436b" "proxy-server 12" 0.0233 "-" 23 0
Jun 12 17:35:39 standalone proxy-server[129143]: 172.18.0.2 172.18.0.100 12/Jun/2026/17/35/39 PUT /v1/AUTH_6a45dcf95d9e4644ae6b5e86a583fa28/gnocchi.35e4fcbf-e9f5-4fe2-9d76-04132eee5ae2/1780920000.0_mean_300.0_v3 HTTP/1.0 201 - python-swiftclient-3.11.1 gAAAAABqLELiYpo3... 16 - - tx9e6c3113dbce4125816ec-006a2c436b - 0.0308 - - 1781285739.686969757 1781285739.717731237 0
Jun 12 17:35:39 standalone container-server[126923]: 172.20.0.100 - - [12/Jun/2026:17:35:39 +0000] "PUT /d1/735/AUTH_6a45dcf95d9e4644ae6b5e86a583fa28/gnocchi.35e4fcbf-e9f5-4fe2-9d76-04132eee5ae2/none_v3" 201 - "PUT http://172.18.0.2:8080/d1/27/AUTH_6a45dcf95d9e4644ae6b5e86a583fa28/gnocchi.35e4fcbf-e9f5-4fe2-9d76-04132eee5ae2/none_v3" "tx75a827569e234784a442e-006a2c436b" "object-server 22" 0.0015 "-" 17 0
Jun 12 17:35:39 standalone object-server[126960]: 172.20.0.100 - - [12/Jun/2026:17:35:39 +0000] "PUT /d1/27/AUTH_6a45dcf95d9e4644ae6b5e86a583fa28/gnocchi.35e4fcbf-e9f5-4fe2-9d76-04132eee5ae2/none_v3" 201 - "PUT http://172.18.0.2:8080/v1/AUTH_6a45dcf95d9e4644ae6b5e86a583fa28/gnocchi.35e4fcbf-e9f5-4fe2-9d76-04132eee5ae2/none_v3" "tx75a827569e234784a442e-006a2c436b" "proxy-server 12" 0.0155 "-" 22 0
Jun 12 17:35:39 standalone proxy-server[129143]: 172.18.0.2 172.18.0.100 12/Jun/2026/17/35/39 PUT /v1/AUTH_6a45dcf95d9e4644ae6b5e86a583fa28/gnocchi.35e4fcbf-e9f5-4fe2-9d76-04132eee5ae2/none_v3 HTTP/1.0 201 - python-swiftclient-3.11.1 gAAAAABqLELiYpo3... 22 - - tx75a827569e234784a442e-006a2c436b - 0.0234 - - 1781285739.725018740 1781285739.748433590 0
Jun 12 17:35:43 standalone object-server[126988]: Begin object update sweep
Jun 12 17:35:43 standalone object-server[229621]: Object update sweep starting on /srv/node/d1 (pid: 14)
Jun 12 17:35:43 standalone object-server[229621]: Object update sweep completed on /srv/node/d1 in 0.00s seconds:, 0 successes, 0 failures, 0 quarantines, 0 unlinks, 0 errors, 0 redirects (pid: 14)
Jun 12 17:35:43 standalone object-server[229621]: Object update sweep of d1 completed: 0.00s, 0 successes, 0 failures, 0 quarantines, 0 unlinks, 0 errors, 0 redirects
Jun 12 17:35:43 standalone object-server[126988]: Object update sweep completed: 0.08s
Jun 12 17:35:45 standalone container-server[126913]: 172.20.0.100 - - [12/Jun/2026:17:35:45 +0000] "HEAD /d1/734/AUTH_6a45dcf95d9e4644ae6b5e86a583fa28/gnocchi.420d4ee5-1bd5-42ce-87df-aa74439b01f3" 404 - "HEAD http://172.18.0.2:8080/v1/AUTH_6a45dcf95d9e4644ae6b5e86a583fa28/gnocchi.420d4ee5-1bd5-42ce-87df-aa74439b01f3?format=json&states=listing" "tx46e8ef08682c457a86ba3-006a2c4371" "proxy-server 12" 0.0004 "-" 14 0
Jun 12 17:35:45 standalone object-server[127000]: 172.20.0.100 - - [12/Jun/2026:17:35:45 +0000] "GET /d1/967/AUTH_6a45dcf95d9e4644ae6b5e86a583fa28/gnocchi.420d4ee5-1bd5-42ce-87df-aa74439b01f3/none_v3" 404 70 "GET http://172.18.0.2:8080/v1/AUTH_6a45dcf95d9e4644ae6b5e86a583fa28/gnocchi.420d4ee5-1bd5-42ce-87df-aa74439b01f3/none_v3" "tx46e8ef08682c457a86ba3-006a2c4371" "proxy-server 12" 0.0005 "-" 25 0
Jun 12 17:35:45 standalone proxy-server[129143]: 172.18.0.2 172.18.0.100 12/Jun/2026/17/35/45 GET /v1/AUTH_6a45dcf95d9e4644ae6b5e86a583fa28/gnocchi.420d4ee5-1bd5-42ce-87df-aa74439b01f3/none_v3 HTTP/1.0 404 - python-swiftclient-3.11.1 gAAAAABqLELiYpo3... - 70 - tx46e8ef08682c457a86ba3-006a2c4371 - 0.0103 - - 1781285745.146179676 1781285745.156448364 0
Jun 12 17:35:45 standalone account-server[126561]: 172.20.0.100 - - [12/Jun/2026:17:35:45 +0000] "PUT /d1/225/AUTH_6a45dcf95d9e4644ae6b5e86a583fa28/gnocchi.420d4ee5-1bd5-42ce-87df-aa74439b01f3" 201 - "PUT http://172.20.0.100:6001/d1/734/AUTH_6a45dcf95d9e4644ae6b5e86a583fa28/gnocchi.420d4ee5-1bd5-42ce-87df-aa74439b01f3" "txcc87228e3daa4f40b392f-006a2c4371" "container-server 15" 0.0044 "-" 17 0
Jun 12 17:35:45 standalone container-server[126914]: 172.20.0.100 - - [12/Jun/2026:17:35:45 +0000] "PUT /d1/734/AUTH_6a45dcf95d9e4644ae6b5e86a583fa28/gnocchi.420d4ee5-1bd5-42ce-87df-aa74439b01f3" 201 - "PUT http://172.18.0.2:8080/v1/AUTH_6a45dcf95d9e4644ae6b5e86a583fa28/gnocchi.420d4ee5-1bd5-42ce-87df-aa74439b01f3" "txcc87228e3daa4f40b392f-006a2c4371" "proxy-server 12" 0.0195 "-" 15 0
Jun 12 17:35:45 standalone proxy-server[129143]: 172.18.0.2 172.18.0.100 12/Jun/2026/17/35/45 PUT /v1/AUTH_6a45dcf95d9e4644ae6b5e86a583fa28/gnocchi.420d4ee5-1bd5-42ce-87df-aa74439b01f3 HTTP/1.0 201 - python-swiftclient-3.11.1 gAAAAABqLELiYpo3... - - - txcc87228e3daa4f40b392f-006a2c4371 - 0.0246 - - 1781285745.160158396 1781285745.184728861 0
Jun 12 17:35:45 standalone container-server[126919]: 172.20.0.100 - - [12/Jun/2026:17:35:45 +0000] "HEAD /d1/734/AUTH_6a45dcf95d9e4644ae6b5e86a583fa28/gnocchi.420d4ee5-1bd5-42ce-87df-aa74439b01f3" 204 - "HEAD http://172.18.0.2:8080/v1/AUTH_6a45dcf95d9e4644ae6b5e86a583fa28/gnocchi.420d4ee5-1bd5-42ce-87df-aa74439b01f3?format=json&states=listing" "tx697b2b84cffe4846b4d58-006a2c4371" "proxy-server 12" 0.0012 "-" 16 0
Jun 12 17:35:45 standalone proxy-server[129143]: - - 12/Jun/2026/17/35/45 HEAD /v1/AUTH_6a45dcf95d9e4644ae6b5e86a583fa28/gnocchi.420d4ee5-1bd5-42ce-87df-aa74439b01f3%3Fformat%3Djson%26states%3Dlisting HTTP/1.0 204 - Swift - - - - tx697b2b84cffe4846b4d58-006a2c4371 - 0.0055 RL - 1781285745.188690662 1781285745.194154501 0
Jun 12 17:35:45 standalone container-server[126919]: 172.20.0.100 - - [12/Jun/2026:17:35:45 +0000] "GET /d1/734/AUTH_6a45dcf95d9e4644ae6b5e86a583fa28/gnocchi.420d4ee5-1bd5-42ce-87df-aa74439b01f3" 200 2 "GET http://172.18.0.2:8080/v1/AUTH_6a45dcf95d9e4644ae6b5e86a583fa28/gnocchi.420d4ee5-1bd5-42ce-87df-aa74439b01f3?format=json&states=listing" "tx697b2b84cffe4846b4d58-006a2c4371" "proxy-server 12" 0.0014 "-" 16 0
Jun 12 17:35:45 standalone proxy-server[129143]: 172.18.0.2 172.18.0.100 12/Jun/2026/17/35/45 GET /v1/AUTH_6a45dcf95d9e4644ae6b5e86a583fa28/gnocchi.420d4ee5-1bd5-42ce-87df-aa74439b01f3%3Fformat%3Djson%26states%3Dlisting HTTP/1.0 200 - python-swiftclient-3.11.1 gAAAAABqLELiYpo3... - 2 - tx697b2b84cffe4846b4d58-006a2c4371 - 0.0157 - - 1781285745.187771082 1781285745.203506470 0
Jun 12 17:35:45 standalone object-server[126960]: 172.20.0.100 - - [12/Jun/2026:17:35:45 +0000] "GET /d1/522/AUTH_6a45dcf95d9e4644ae6b5e86a583fa28/gnocchi.420d4ee5-1bd5-42ce-87df-aa74439b01f3/1780920000.0_mean_300.0_v3" 404 70 "GET http://172.18.0.2:8080/v1/AUTH_6a45dcf95d9e4644ae6b5e86a583fa28/gnocchi.420d4ee5-1bd5-42ce-87df-aa74439b01f3/1780920000.0_mean_300.0_v3" "tx0908d6f0f0c54c98aacdf-006a2c4371" "proxy-server 12" 0.0003 "-" 22 0
Jun 12 17:35:45 standalone proxy-server[129143]: 172.18.0.2 172.18.0.100 12/Jun/2026/17/35/45 GET /v1/AUTH_6a45dcf95d9e4644ae6b5e86a583fa28/gnocchi.420d4ee5-1bd5-42ce-87df-aa74439b01f3/1780920000.0_mean_300.0_v3 HTTP/1.0 404 - python-swiftclient-3.11.1 gAAAAABqLELiYpo3... - 70 - tx0908d6f0f0c54c98aacdf-006a2c4371 - 0.0042 - - 1781285745.206168175 1781285745.210408688 0
Jun 12 17:35:45 standalone container-server[126923]: 172.20.0.100 - - [12/Jun/2026:17:35:45 +0000] "PUT /d1/734/AUTH_6a45dcf95d9e4644ae6b5e86a583fa28/gnocchi.420d4ee5-1bd5-42ce-87df-aa74439b01f3/1780920000.0_mean_300.0_v3" 201 - "PUT http://172.18.0.2:8080/d1/522/AUTH_6a45dcf95d9e4644ae6b5e86a583fa28/gnocchi.420d4ee5-1bd5-42ce-87df-aa74439b01f3/1780920000.0_mean_300.0_v3" "tx84619e0a72ac423a9fd96-006a2c4371" "object-server 22" 0.0006 "-" 17 0
Jun 12 17:35:45 standalone object-server[126960]: 172.20.0.100 - - [12/Jun/2026:17:35:45 +0000] "PUT /d1/522/AUTH_6a45dcf95d9e4644ae6b5e86a583fa28/gnocchi.420d4ee5-1bd5-42ce-87df-aa74439b01f3/1780920000.0_mean_300.0_v3" 201 - "PUT http://172.18.0.2:8080/v1/AUTH_6a45dcf95d9e4644ae6b5e86a583fa28/gnocchi.420d4ee5-1bd5-42ce-87df-aa74439b01f3/1780920000.0_mean_300.0_v3" "tx84619e0a72ac423a9fd96-006a2c4371" "proxy-server 12" 0.0159 "-" 22 0
Jun 12 17:35:45 standalone proxy-server[129143]: 172.18.0.2 172.18.0.100 12/Jun/2026/17/35/45 PUT /v1/AUTH_6a45dcf95d9e4644ae6b5e86a583fa28/gnocchi.420d4ee5-1bd5-42ce-87df-aa74439b01f3/1780920000.0_mean_300.0_v3 HTTP/1.0 201 - python-swiftclient-3.11.1 gAAAAABqLELiYpo3... 16 - - tx84619e0a72ac423a9fd96-006a2c4371 - 0.0212 - - 1781285745.212712288 1781285745.233942270 0
Jun 12 17:35:45 standalone container-server[126913]: 172.20.0.100 - - [12/Jun/2026:17:35:45 +0000] "PUT /d1/734/AUTH_6a45dcf95d9e4644ae6b5e86a583fa28/gnocchi.420d4ee5-1bd5-42ce-87df-aa74439b01f3/none_v3" 201 - "PUT http://172.18.0.2:8080/d1/967/AUTH_6a45dcf95d9e4644ae6b5e86a583fa28/gnocchi.420d4ee5-1bd5-42ce-87df-aa74439b01f3/none_v3" "txb3db5eeaf1c64f6588ef3-006a2c4371" "object-server 25" 0.0004 "-" 14 0
Jun 12 17:35:45 standalone object-server[127000]: 172.20.0.100 - - [12/Jun/2026:17:35:45 +0000] "PUT /d1/967/AUTH_6a45dcf95d9e4644ae6b5e86a583fa28/gnocchi.420d4ee5-1bd5-42ce-87df-aa74439b01f3/none_v3" 201 - "PUT http://172.18.0.2:8080/v1/AUTH_6a45dcf95d9e4644ae6b5e86a583fa28/gnocchi.420d4ee5-1bd5-42ce-87df-aa74439b01f3/none_v3" "txb3db5eeaf1c64f6588ef3-006a2c4371" "proxy-server 12" 0.0142 "-" 25 0
Jun 12 17:35:45 standalone proxy-server[129143]: 172.18.0.2 172.18.0.100 12/Jun/2026/17/35/45 PUT /v1/AUTH_6a45dcf95d9e4644ae6b5e86a583fa28/gnocchi.420d4ee5-1bd5-42ce-87df-aa74439b01f3/none_v3 HTTP/1.0 201 - python-swiftclient-3.11.1 gAAAAABqLELiYpo3... 22 - - txb3db5eeaf1c64f6588ef3-006a2c4371 - 0.0284 - - 1781285745.236312628 1781285745.264748812 0
Jun 12 17:35:50 standalone object-server[126960]: 172.20.0.100 - - [12/Jun/2026:17:35:50 +0000] "GET /d1/967/AUTH_6a45dcf95d9e4644ae6b5e86a583fa28/gnocchi.420d4ee5-1bd5-42ce-87df-aa74439b01f3/none_v3" 200 22 "GET http://172.18.0.2:8080/v1/AUTH_6a45dcf95d9e4644ae6b5e86a583fa28/gnocchi.420d4ee5-1bd5-42ce-87df-aa74439b01f3/none_v3" "tx3f308e54601145f0ae3e7-006a2c4376" "proxy-server 12" 0.0007 "-" 22 0
Jun 12 17:35:50 standalone proxy-server[129143]: 172.18.0.2 172.18.0.100 12/Jun/2026/17/35/50 GET /v1/AUTH_6a45dcf95d9e4644ae6b5e86a583fa28/gnocchi.420d4ee5-1bd5-42ce-87df-aa74439b01f3/none_v3 HTTP/1.0 200 - python-swiftclient-3.11.1 gAAAAABqLELiYpo3... - 22 - tx3f308e54601145f0ae3e7-006a2c4376 - 0.0071 - - 1781285750.901360273 1781285750.908412933 0
Jun 12 17:35:50 standalone container-server[126923]: 172.20.0.100 - - [12/Jun/2026:17:35:50 +0000] "GET /d1/734/AUTH_6a45dcf95d9e4644ae6b5e86a583fa28/gnocchi.420d4ee5-1bd5-42ce-87df-aa74439b01f3" 200 357 "GET http://172.18.0.2:8080/v1/AUTH_6a45dcf95d9e4644ae6b5e86a583fa28/gnocchi.420d4ee5-1bd5-42ce-87df-aa74439b01f3?format=json&states=listing" "txbd9cd47d8d0b493082365-006a2c4376" "proxy-server 12" 0.0085 "-" 17 0
Jun 12 17:35:50 standalone proxy-server[129143]: 172.18.0.2 172.18.0.100 12/Jun/2026/17/35/50 GET /v1/AUTH_6a45dcf95d9e4644ae6b5e86a583fa28/gnocchi.420d4ee5-1bd5-42ce-87df-aa74439b01f3%3Fformat%3Djson%26states%3Dlisting HTTP/1.0 200 - python-swiftclient-3.11.1 gAAAAABqLELiYpo3... - 357 - txbd9cd47d8d0b493082365-006a2c4376 - 0.0160 - - 1781285750.912972689 1781285750.928941488 0
Jun 12 17:35:50 standalone container-server[126919]: 172.20.0.100 - - [12/Jun/2026:17:35:50 +0000] "GET /d1/734/AUTH_6a45dcf95d9e4644ae6b5e86a583fa28/gnocchi.420d4ee5-1bd5-42ce-87df-aa74439b01f3" 200 2 "GET http://172.18.0.2:8080/v1/AUTH_6a45dcf95d9e4644ae6b5e86a583fa28/gnocchi.420d4ee5-1bd5-42ce-87df-aa74439b01f3?format=json&marker=none_v3&states=listing" "tx9b56bb457e34407ebf3ce-006a2c4376" "proxy-server 12" 0.0018 "-" 16 0
Jun 12 17:35:50 standalone proxy-server[129143]: 172.18.0.2 172.18.0.100 12/Jun/2026/17/35/50 GET /v1/AUTH_6a45dcf95d9e4644ae6b5e86a583fa28/gnocchi.420d4ee5-1bd5-42ce-87df-aa74439b01f3%3Fformat%3Djson%26marker%3Dnone_v3%26states%3Dlisting HTTP/1.0 200 - python-swiftclient-3.11.1 gAAAAABqLELiYpo3... - 2 - tx9b56bb457e34407ebf3ce-006a2c4376 - 0.0076 - - 1781285750.931993008 1781285750.939576626 0
Jun 12 17:35:50 standalone object-server[126972]: 172.20.0.100 - - [12/Jun/2026:17:35:50 +0000] "GET /d1/522/AUTH_6a45dcf95d9e4644ae6b5e86a583fa28/gnocchi.420d4ee5-1bd5-42ce-87df-aa74439b01f3/1780920000.0_mean_300.0_v3" 200 16 "GET http://172.18.0.2:8080/v1/AUTH_6a45dcf95d9e4644ae6b5e86a583fa28/gnocchi.420d4ee5-1bd5-42ce-87df-aa74439b01f3/1780920000.0_mean_300.0_v3" "tx245481ce38bf4479b6efd-006a2c4376" "proxy-server 12" 0.0006 "-" 23 0
Jun 12 17:35:50 standalone proxy-server[129143]: 172.18.0.2 172.18.0.100 12/Jun/2026/17/35/50 GET /v1/AUTH_6a45dcf95d9e4644ae6b5e86a583fa28/gnocchi.420d4ee5-1bd5-42ce-87df-aa74439b01f3/1780920000.0_mean_300.0_v3 HTTP/1.0 200 - python-swiftclient-3.11.1 gAAAAABqLELiYpo3... - 16 - tx245481ce38bf4479b6efd-006a2c4376 - 0.0061 - - 1781285750.942610979 1781285750.948760033 0
Jun 12 17:35:50 standalone container-server[126923]: 172.20.0.100 - - [12/Jun/2026:17:35:50 +0000] "PUT /d1/734/AUTH_6a45dcf95d9e4644ae6b5e86a583fa28/gnocchi.420d4ee5-1bd5-42ce-87df-aa74439b01f3/1780920000.0_mean_300.0_v3" 201 - "PUT http://172.18.0.2:8080/d1/522/AUTH_6a45dcf95d9e4644ae6b5e86a583fa28/gnocchi.420d4ee5-1bd5-42ce-87df-aa74439b01f3/1780920000.0_mean_300.0_v3" "txa522d13a5f294107a2a77-006a2c4376" "object-server 24" 0.0006 "-" 17 0
Jun 12 17:35:50 standalone object-server[126987]: 172.20.0.100 - - [12/Jun/2026:17:35:50 +0000] "PUT /d1/522/AUTH_6a45dcf95d9e4644ae6b5e86a583fa28/gnocchi.420d4ee5-1bd5-42ce-87df-aa74439b01f3/1780920000.0_mean_300.0_v3" 201 - "PUT http://172.18.0.2:8080/v1/AUTH_6a45dcf95d9e4644ae6b5e86a583fa28/gnocchi.420d4ee5-1bd5-42ce-87df-aa74439b01f3/1780920000.0_mean_300.0_v3" "txa522d13a5f294107a2a77-006a2c4376" "proxy-server 12" 0.0160 "-" 24 0
Jun 12 17:35:50 standalone proxy-server[129143]: 172.18.0.2 172.18.0.100 12/Jun/2026/17/35/50 PUT /v1/AUTH_6a45dcf95d9e4644ae6b5e86a583fa28/gnocchi.420d4ee5-1bd5-42ce-87df-aa74439b01f3/1780920000.0_mean_300.0_v3 HTTP/1.0 201 - python-swiftclient-3.11.1 gAAAAABqLELiYpo3... 16 - - txa522d13a5f294107a2a77-006a2c4376 - 0.0217 - - 1781285750.952412605 1781285750.974102736 0
Jun 12 17:35:50 standalone container-server[126914]: 172.20.0.100 - - [12/Jun/2026:17:35:50 +0000] "PUT /d1/734/AUTH_6a45dcf95d9e4644ae6b5e86a583fa28/gnocchi.420d4ee5-1bd5-42ce-87df-aa74439b01f3/none_v3" 201 - "PUT http://172.18.0.2:8080/d1/967/AUTH_6a45dcf95d9e4644ae6b5e86a583fa28/gnocchi.420d4ee5-1bd5-42ce-87df-aa74439b01f3/none_v3" "txb2731371236c483f8338e-006a2c4376" "object-server 22" 0.0005 "-" 15 0
Jun 12 17:35:50 standalone object-server[126960]: 172.20.0.100 - - [12/Jun/2026:17:35:50 +0000] "PUT /d1/967/AUTH_6a45dcf95d9e4644ae6b5e86a583fa28/gnocchi.420d4ee5-1bd5-42ce-87df-aa74439b01f3/none_v3" 201 - "PUT http://172.18.0.2:8080/v1/AUTH_6a45dcf95d9e4644ae6b5e86a583fa28/gnocchi.420d4ee5-1bd5-42ce-87df-aa74439b01f3/none_v3" "txb2731371236c483f8338e-006a2c4376" "proxy-server 12" 0.0075 "-" 22 0
Jun 12 17:35:50 standalone proxy-server[129143]: 172.18.0.2 172.18.0.100 12/Jun/2026/17/35/50 PUT /v1/AUTH_6a45dcf95d9e4644ae6b5e86a583fa28/gnocchi.420d4ee5-1bd5-42ce-87df-aa74439b01f3/none_v3 HTTP/1.0 201 - python-swiftclient-3.11.1 gAAAAABqLELiYpo3... 32 - - txb2731371236c483f8338e-006a2c4376 - 0.0133 - - 1781285750.977519035 1781285750.990815639 0
Jun 12 17:36:45 standalone account-server[126561]: 172.20.0.100 - - [12/Jun/2026:17:36:45 +0000] "HEAD /d1/986/.expiring_objects" 404 - "HEAD http://localhost/v1/.expiring_objects?format=json" "tx185a43a376fb472c94822-006a2c43ad" "proxy-server 2" 0.0008 "-" 17 -
Jun 12 17:36:45 standalone object-expirer[126741]: Pass completed in 0s; 0 objects expired (txn: tx185a43a376fb472c94822-006a2c43ad)
Jun 12 17:37:15 standalone container-server[126702]: Begin container update sweep
Jun 12 17:37:15 standalone account-server[126543]: 172.20.0.100 - - [12/Jun/2026:17:37:15 +0000] "PUT /d1/225/AUTH_6a45dcf95d9e4644ae6b5e86a583fa28/gnocchi.d5d0e4cf-6a17-41dc-b7e4-f9f8307366f5" 201 - "-" "-" "container-updater 2" 0.0009 "-" 16 0
Jun 12 17:37:15 standalone account-server[126513]: 172.20.0.100 - - [12/Jun/2026:17:37:15 +0000] "PUT /d1/225/AUTH_6a45dcf95d9e4644ae6b5e86a583fa28/gnocchi.e839ad8d-fb61-4802-bab6-f8bddaf2c905" 201 - "-" "-" "container-updater 2" 0.0007 "-" 14 0
Jun 12 17:37:15 standalone account-server[126543]: 172.20.0.100 - - [12/Jun/2026:17:37:15 +0000] "PUT /d1/225/AUTH_6a45dcf95d9e4644ae6b5e86a583fa28/gnocchi.35e4fcbf-e9f5-4fe2-9d76-04132eee5ae2" 201 - "-" "-" "container-updater 2" 0.0006 "-" 16 0
Jun 12 17:37:15 standalone account-server[126543]: 172.20.0.100 - - [12/Jun/2026:17:37:15 +0000] "PUT /d1/225/AUTH_6a45dcf95d9e4644ae6b5e86a583fa28/gnocchi.b88f97f1-09d2-4ecf-88cf-e3e7e92fab38" 201 - "-" "-" "container-updater 2" 0.0005 "-" 16 0
Jun 12 17:37:16 standalone account-server[126513]: 172.20.0.100 - - [12/Jun/2026:17:37:16 +0000] "PUT /d1/225/AUTH_6a45dcf95d9e4644ae6b5e86a583fa28/gnocchi.a8910fa2-9fda-4c76-a451-f5a676e9a03f" 201 - "-" "-" "container-updater 2" 0.0007 "-" 14 0
Jun 12 17:37:16 standalone account-server[126513]: 172.20.0.100 - - [12/Jun/2026:17:37:16 +0000] "PUT /d1/225/AUTH_6a45dcf95d9e4644ae6b5e86a583fa28/gnocchi.e60de68a-65c9-4580-b6f8-2634cca2d571" 201 - "-" "-" "container-updater 2" 0.0004 "-" 14 0
Jun 12 17:37:16 standalone account-server[126530]: 172.20.0.100 - - [12/Jun/2026:17:37:16 +0000] "PUT /d1/225/AUTH_6a45dcf95d9e4644ae6b5e86a583fa28/gnocchi.420d4ee5-1bd5-42ce-87df-aa74439b01f3" 201 - "-" "-" "container-updater 2" 0.0004 "-" 15 0
Jun 12 17:37:16 standalone account-server[126561]: 172.20.0.100 - - [12/Jun/2026:17:37:16 +0000] "PUT /d1/225/AUTH_6a45dcf95d9e4644ae6b5e86a583fa28/gnocchi.41b08f45-8b91-42b5-83b4-311748e7a969" 201 - "-" "-" "container-updater 2" 0.0007 "-" 17 0
Jun 12 17:37:16 standalone account-server[126543]: 172.20.0.100 - - [12/Jun/2026:17:37:16 +0000] "PUT /d1/225/AUTH_6a45dcf95d9e4644ae6b5e86a583fa28/gnocchi.3cb5ae18-b675-48c7-8636-f325b38b1eeb" 201 - "-" "-" "container-updater 2" 0.0006 "-" 16 0
Jun 12 17:37:16 standalone account-server[126530]: 172.20.0.100 - - [12/Jun/2026:17:37:16 +0000] "PUT /d1/225/AUTH_6a45dcf95d9e4644ae6b5e86a583fa28/gnocchi.c690e28d-652a-4662-be9a-0fbd8db7bf23" 201 - "-" "-" "container-updater 2" 0.0004 "-" 15 0
Jun 12 17:37:16 standalone account-server[126561]: 172.20.0.100 - - [12/Jun/2026:17:37:16 +0000] "PUT /d1/225/AUTH_6a45dcf95d9e4644ae6b5e86a583fa28/gnocchi.6d9538b0-225d-4758-93b6-6a81566dbeed" 201 - "-" "-" "container-updater 2" 0.0004 "-" 17 0
Jun 12 17:37:16 standalone account-server[126561]: 172.20.0.100 - - [12/Jun/2026:17:37:16 +0000] "PUT /d1/225/AUTH_6a45dcf95d9e4644ae6b5e86a583fa28/gnocchi.dd24af83-a8b2-43e7-9c23-c7d6815f1e45" 201 - "-" "-" "container-updater 2" 0.0007 "-" 17 0
Jun 12 17:37:16 standalone account-server[126543]: 172.20.0.100 - - [12/Jun/2026:17:37:16 +0000] "PUT /d1/225/AUTH_6a45dcf95d9e4644ae6b5e86a583fa28/gnocchi.c2abb3e9-23dd-4a5b-b98b-49c5ab40c139" 201 - "-" "-" "container-updater 2" 0.0006 "-" 16 0
Jun 12 17:37:16 standalone account-server[126513]: 172.20.0.100 - - [12/Jun/2026:17:37:16 +0000] "PUT /d1/225/AUTH_6a45dcf95d9e4644ae6b5e86a583fa28/gnocchi.e5f1f58c-781c-4f6b-84f4-856e36efa56f" 201 - "-" "-" "container-updater 2" 0.0006 "-" 14 0
Jun 12 17:37:16 standalone account-server[126513]: 172.20.0.100 - - [12/Jun/2026:17:37:16 +0000] "PUT /d1/225/AUTH_6a45dcf95d9e4644ae6b5e86a583fa28/gnocchi.d7a9ae46-0e1e-4b6f-8e01-bd016893ebd3" 201 - "-" "-" "container-updater 2" 0.0006 "-" 14 0
Jun 12 17:37:17 standalone account-server[126530]: 172.20.0.100 - - [12/Jun/2026:17:37:17 +0000] "PUT /d1/225/AUTH_6a45dcf95d9e4644ae6b5e86a583fa28/gnocchi.1e63edde-9c2f-4649-810d-4e78144519d8" 201 - "-" "-" "container-updater 2" 0.0007 "-" 15 0
Jun 12 17:37:17 standalone account-server[126530]: 172.20.0.100 - - [12/Jun/2026:17:37:17 +0000] "PUT /d1/225/AUTH_6a45dcf95d9e4644ae6b5e86a583fa28/gnocchi.0d4bb79e-3503-49d5-98ad-6ec2738a7d8a" 201 - "-" "-" "container-updater 2" 0.0008 "-" 15 0
Jun 12 17:37:17 standalone container-server[126702]: Container update sweep completed: 1.66s
Jun 12 17:37:23 standalone account-server[126561]: 172.20.0.100 - - [12/Jun/2026:17:37:23 +0000] "HEAD /d1/225/AUTH_6a45dcf95d9e4644ae6b5e86a583fa28" 204 - "HEAD http://172.18.0.2:8080/v1/AUTH_6a45dcf95d9e4644ae6b5e86a583fa28?format=json" "tx282adf59f74f46ac89ae4-006a2c43d3" "proxy-server 12" 0.0151 "-" 17 -
Jun 12 17:37:23 standalone proxy-server[129143]: - - 12/Jun/2026/17/37/23 HEAD /v1/AUTH_6a45dcf95d9e4644ae6b5e86a583fa28%3Fformat%3Djson HTTP/1.0 204 - Swift - - - - tx282adf59f74f46ac89ae4-006a2c43d3 - 0.0228 RL - 1781285843.262228966 1781285843.284994602 -
Jun 12 17:37:23 standalone container-server[126919]: 172.20.0.100 - - [12/Jun/2026:17:37:23 +0000] "HEAD /d1/980/AUTH_6a45dcf95d9e4644ae6b5e86a583fa28/gnocchi.33acc58a-f5ab-4d11-83e7-a107ccd76f99" 404 - "HEAD http://172.18.0.2:8080/v1/AUTH_6a45dcf95d9e4644ae6b5e86a583fa28/gnocchi.33acc58a-f5ab-4d11-83e7-a107ccd76f99?format=json&states=listing" "tx282adf59f74f46ac89ae4-006a2c43d3" "proxy-server 12" 0.0009 "-" 16 0
Jun 12 17:37:23 standalone object-server[126987]: 172.20.0.100 - - [12/Jun/2026:17:37:23 +0000] "GET /d1/575/AUTH_6a45dcf95d9e4644ae6b5e86a583fa28/gnocchi.33acc58a-f5ab-4d11-83e7-a107ccd76f99/none_v3" 404 70 "GET http://172.18.0.2:8080/v1/AUTH_6a45dcf95d9e4644ae6b5e86a583fa28/gnocchi.33acc58a-f5ab-4d11-83e7-a107ccd76f99/none_v3" "tx282adf59f74f46ac89ae4-006a2c43d3" "proxy-server 12" 0.0007 "-" 24 0
Jun 12 17:37:23 standalone proxy-server[129143]: 172.18.0.2 172.18.0.100 12/Jun/2026/17/37/23 GET /v1/AUTH_6a45dcf95d9e4644ae6b5e86a583fa28/gnocchi.33acc58a-f5ab-4d11-83e7-a107ccd76f99/none_v3 HTTP/1.0 404 - python-swiftclient-3.11.1 gAAAAABqLELiYpo3... - 70 - tx282adf59f74f46ac89ae4-006a2c43d3 - 0.0448 - - 1781285843.260825634 1781285843.305664539 0
Jun 12 17:37:23 standalone account-server[126561]: 172.20.0.100 - - [12/Jun/2026:17:37:23 +0000] "PUT /d1/225/AUTH_6a45dcf95d9e4644ae6b5e86a583fa28/gnocchi.33acc58a-f5ab-4d11-83e7-a107ccd76f99" 201 - "PUT http://172.20.0.100:6001/d1/980/AUTH_6a45dcf95d9e4644ae6b5e86a583fa28/gnocchi.33acc58a-f5ab-4d11-83e7-a107ccd76f99" "tx906ce109def1415f9c4fd-006a2c43d3" "container-server 14" 0.0018 "-" 17 0
Jun 12 17:37:23 standalone container-server[126913]: 172.20.0.100 - - [12/Jun/2026:17:37:23 +0000] "PUT /d1/980/AUTH_6a45dcf95d9e4644ae6b5e86a583fa28/gnocchi.33acc58a-f5ab-4d11-83e7-a107ccd76f99" 201 - "PUT http://172.18.0.2:8080/v1/AUTH_6a45dcf95d9e4644ae6b5e86a583fa28/gnocchi.33acc58a-f5ab-4d11-83e7-a107ccd76f99" "tx906ce109def1415f9c4fd-006a2c43d3" "proxy-server 12" 0.0160 "-" 14 0
Jun 12 17:37:23 standalone proxy-server[129143]: 172.18.0.2 172.18.0.100 12/Jun/2026/17/37/23 PUT /v1/AUTH_6a45dcf95d9e4644ae6b5e86a583fa28/gnocchi.33acc58a-f5ab-4d11-83e7-a107ccd76f99 HTTP/1.0 201 - python-swiftclient-3.11.1 gAAAAABqLELiYpo3... - - - tx906ce109def1415f9c4fd-006a2c43d3 - 0.0242 - - 1781285843.310313463 1781285843.334548712 0
Jun 12 17:37:23 standalone container-server[126919]: 172.20.0.100 - - [12/Jun/2026:17:37:23 +0000] "HEAD /d1/980/AUTH_6a45dcf95d9e4644ae6b5e86a583fa28/gnocchi.33acc58a-f5ab-4d11-83e7-a107ccd76f99" 204 - "HEAD http://172.18.0.2:8080/v1/AUTH_6a45dcf95d9e4644ae6b5e86a583fa28/gnocchi.33acc58a-f5ab-4d11-83e7-a107ccd76f99?format=json&states=listing" "tx0809dcd9dbfc4caf9353d-006a2c43d3" "proxy-server 12" 0.0027 "-" 16 0
Jun 12 17:37:23 standalone proxy-server[129143]: - - 12/Jun/2026/17/37/23 HEAD /v1/AUTH_6a45dcf95d9e4644ae6b5e86a583fa28/gnocchi.33acc58a-f5ab-4d11-83e7-a107ccd76f99%3Fformat%3Djson%26states%3Dlisting HTTP/1.0 204 - Swift - - - - tx0809dcd9dbfc4caf9353d-006a2c43d3 - 0.0077 RL - 1781285843.341555357 1781285843.349296808 0
Jun 12 17:37:23 standalone container-server[126913]: 172.20.0.100 - - [12/Jun/2026:17:37:23 +0000] "GET /d1/980/AUTH_6a45dcf95d9e4644ae6b5e86a583fa28/gnocchi.33acc58a-f5ab-4d11-83e7-a107ccd76f99" 200 2 "GET http://172.18.0.2:8080/v1/AUTH_6a45dcf95d9e4644ae6b5e86a583fa28/gnocchi.33acc58a-f5ab-4d11-83e7-a107ccd76f99?format=json&states=listing" "tx0809dcd9dbfc4caf9353d-006a2c43d3" "proxy-server 12" 0.0036 "-" 14 0
Jun 12 17:37:23 standalone proxy-server[129143]: 172.18.0.2 172.18.0.100 12/Jun/2026/17/37/23 GET /v1/AUTH_6a45dcf95d9e4644ae6b5e86a583fa28/gnocchi.33acc58a-f5ab-4d11-83e7-a107ccd76f99%3Fformat%3Djson%26states%3Dlisting HTTP/1.0 200 - python-swiftclient-3.11.1 gAAAAABqLELiYpo3... - 2 - tx0809dcd9dbfc4caf9353d-006a2c43d3 - 0.0229 - - 1781285843.339566946 1781285843.362491846 0
Jun 12 17:37:23 standalone object-server[126987]: 172.20.0.100 - - [12/Jun/2026:17:37:23 +0000] "GET /d1/520/AUTH_6a45dcf95d9e4644ae6b5e86a583fa28/gnocchi.33acc58a-f5ab-4d11-83e7-a107ccd76f99/1780920000.0_mean_300.0_v3" 404 70 "GET http://172.18.0.2:8080/v1/AUTH_6a45dcf95d9e4644ae6b5e86a583fa28/gnocchi.33acc58a-f5ab-4d11-83e7-a107ccd76f99/1780920000.0_mean_300.0_v3" "tx41cadebc41f64bf596284-006a2c43d3" "proxy-server 12" 0.0005 "-" 24 0
Jun 12 17:37:23 standalone proxy-server[129143]: 172.18.0.2 172.18.0.100 12/Jun/2026/17/37/23 GET /v1/AUTH_6a45dcf95d9e4644ae6b5e86a583fa28/gnocchi.33acc58a-f5ab-4d11-83e7-a107ccd76f99/1780920000.0_mean_300.0_v3 HTTP/1.0 404 - python-swiftclient-3.11.1 gAAAAABqLELiYpo3... - 70 - tx41cadebc41f64bf596284-006a2c43d3 - 0.0091 - - 1781285843.371903658 1781285843.380957603 0
Jun 12 17:37:23 standalone container-server[126919]: 172.20.0.100 - - [12/Jun/2026:17:37:23 +0000] "PUT /d1/980/AUTH_6a45dcf95d9e4644ae6b5e86a583fa28/gnocchi.33acc58a-f5ab-4d11-83e7-a107ccd76f99/1780920000.0_mean_300.0_v3" 201 - "PUT http://172.18.0.2:8080/d1/520/AUTH_6a45dcf95d9e4644ae6b5e86a583fa28/gnocchi.33acc58a-f5ab-4d11-83e7-a107ccd76f99/1780920000.0_mean_300.0_v3" "txa54e17626d6d431ca58e7-006a2c43d3" "object-server 25" 0.0008 "-" 16 0
Jun 12 17:37:23 standalone object-server[127000]: 172.20.0.100 - - [12/Jun/2026:17:37:23 +0000] "PUT /d1/520/AUTH_6a45dcf95d9e4644ae6b5e86a583fa28/gnocchi.33acc58a-f5ab-4d11-83e7-a107ccd76f99/1780920000.0_mean_300.0_v3" 201 - "PUT http://172.18.0.2:8080/v1/AUTH_6a45dcf95d9e4644ae6b5e86a583fa28/gnocchi.33acc58a-f5ab-4d11-83e7-a107ccd76f99/1780920000.0_mean_300.0_v3" "txa54e17626d6d431ca58e7-006a2c43d3" "proxy-server 12" 0.0110 "-" 25 0
Jun 12 17:37:23 standalone proxy-server[129143]: 172.18.0.2 172.18.0.100 12/Jun/2026/17/37/23 PUT /v1/AUTH_6a45dcf95d9e4644ae6b5e86a583fa28/gnocchi.33acc58a-f5ab-4d11-83e7-a107ccd76f99/1780920000.0_mean_300.0_v3 HTTP/1.0 201 - python-swiftclient-3.11.1 gAAAAABqLELiYpo3... 16 - - txa54e17626d6d431ca58e7-006a2c43d3 - 0.0204 - - 1781285843.385694027 1781285843.406131983 0
Jun 12 17:37:23 standalone container-server[126919]: 172.20.0.100 - - [12/Jun/2026:17:37:23 +0000] "PUT /d1/980/AUTH_6a45dcf95d9e4644ae6b5e86a583fa28/gnocchi.33acc58a-f5ab-4d11-83e7-a107ccd76f99/none_v3" 201 - "PUT http://172.18.0.2:8080/d1/575/AUTH_6a45dcf95d9e4644ae6b5e86a583fa28/gnocchi.33acc58a-f5ab-4d11-83e7-a107ccd76f99/none_v3" "txabf64754532248c7a91fa-006a2c43d3" "object-server 24" 0.0010 "-" 16 0
Jun 12 17:37:23 standalone object-server[126987]: 172.20.0.100 - - [12/Jun/2026:17:37:23 +0000] "PUT /d1/575/AUTH_6a45dcf95d9e4644ae6b5e86a583fa28/gnocchi.33acc58a-f5ab-4d11-83e7-a107ccd76f99/none_v3" 201 - "PUT http://172.18.0.2:8080/v1/AUTH_6a45dcf95d9e4644ae6b5e86a583fa28/gnocchi.33acc58a-f5ab-4d11-83e7-a107ccd76f99/none_v3" "txabf64754532248c7a91fa-006a2c43d3" "proxy-server 12" 0.0127 "-" 24 0
Jun 12 17:37:23 standalone proxy-server[129143]: 172.18.0.2 172.18.0.100 12/Jun/2026/17/37/23 PUT /v1/AUTH_6a45dcf95d9e4644ae6b5e86a583fa28/gnocchi.33acc58a-f5ab-4d11-83e7-a107ccd76f99/none_v3 HTTP/1.0 201 - python-swiftclient-3.11.1 gAAAAABqLELiYpo3... 22 - - txabf64754532248c7a91fa-006a2c43d3 - 0.0251 - - 1781285843.410602808 1781285843.435712099 0
Jun 12 17:37:23 standalone container-server[126919]: 172.20.0.100 - - [12/Jun/2026:17:37:23 +0000] "HEAD /d1/711/AUTH_6a45dcf95d9e4644ae6b5e86a583fa28/gnocchi.9656fb58-4b9b-4e26-a1d5-27b581398fde" 404 - "HEAD http://172.18.0.2:8080/v1/AUTH_6a45dcf95d9e4644ae6b5e86a583fa28/gnocchi.9656fb58-4b9b-4e26-a1d5-27b581398fde?format=json&states=listing" "tx8d69810250414e19a4bf4-006a2c43d3" "proxy-server 12" 0.0007 "-" 16 0
Jun 12 17:37:23 standalone object-server[126987]: 172.20.0.100 - - [12/Jun/2026:17:37:23 +0000] "GET /d1/55/AUTH_6a45dcf95d9e4644ae6b5e86a583fa28/gnocchi.9656fb58-4b9b-4e26-a1d5-27b581398fde/none_v3" 404 70 "GET http://172.18.0.2:8080/v1/AUTH_6a45dcf95d9e4644ae6b5e86a583fa28/gnocchi.9656fb58-4b9b-4e26-a1d5-27b581398fde/none_v3" "tx8d69810250414e19a4bf4-006a2c43d3" "proxy-server 12" 0.0005 "-" 24 0
Jun 12 17:37:23 standalone proxy-server[129143]: 172.18.0.2 172.18.0.100 12/Jun/2026/17/37/23 GET /v1/AUTH_6a45dcf95d9e4644ae6b5e86a583fa28/gnocchi.9656fb58-4b9b-4e26-a1d5-27b581398fde/none_v3 HTTP/1.0 404 - python-swiftclient-3.11.1 gAAAAABqLELiYpo3... - 70 - tx8d69810250414e19a4bf4-006a2c43d3 - 0.0176 - - 1781285843.451402903 1781285843.468974352 0
Jun 12 17:37:23 standalone account-server[126543]: 172.20.0.100 - - [12/Jun/2026:17:37:23 +0000] "PUT /d1/225/AUTH_6a45dcf95d9e4644ae6b5e86a583fa28/gnocchi.9656fb58-4b9b-4e26-a1d5-27b581398fde" 201 - "PUT http://172.20.0.100:6001/d1/711/AUTH_6a45dcf95d9e4644ae6b5e86a583fa28/gnocchi.9656fb58-4b9b-4e26-a1d5-27b581398fde" "tx2e136f4a68b4416b9d831-006a2c43d3" "container-server 16" 0.0075 "-" 16 0
Jun 12 17:37:23 standalone container-server[126919]: 172.20.0.100 - - [12/Jun/2026:17:37:23 +0000] "PUT /d1/711/AUTH_6a45dcf95d9e4644ae6b5e86a583fa28/gnocchi.9656fb58-4b9b-4e26-a1d5-27b581398fde" 201 - "PUT http://172.18.0.2:8080/v1/AUTH_6a45dcf95d9e4644ae6b5e86a583fa28/gnocchi.9656fb58-4b9b-4e26-a1d5-27b581398fde" "tx2e136f4a68b4416b9d831-006a2c43d3" "proxy-server 12" 0.0231 "-" 16 0
Jun 12 17:37:23 standalone proxy-server[129143]: 172.18.0.2 172.18.0.100 12/Jun/2026/17/37/23 PUT /v1/AUTH_6a45dcf95d9e4644ae6b5e86a583fa28/gnocchi.9656fb58-4b9b-4e26-a1d5-27b581398fde HTTP/1.0 201 - python-swiftclient-3.11.1 gAAAAABqLELiYpo3... - - - tx2e136f4a68b4416b9d831-006a2c43d3 - 0.0320 - - 1781285843.474216700 1781285843.506167889 0
Jun 12 17:37:23 standalone container-server[126913]: 172.20.0.100 - - [12/Jun/2026:17:37:23 +0000] "HEAD /d1/711/AUTH_6a45dcf95d9e4644ae6b5e86a583fa28/gnocchi.9656fb58-4b9b-4e26-a1d5-27b581398fde" 204 - "HEAD http://172.18.0.2:8080/v1/AUTH_6a45dcf95d9e4644ae6b5e86a583fa28/gnocchi.9656fb58-4b9b-4e26-a1d5-27b581398fde?format=json&states=listing" "tx283f07cb6b654400a414e-006a2c43d3" "proxy-server 12" 0.0011 "-" 14 0
Jun 12 17:37:23 standalone proxy-server[129143]: - - 12/Jun/2026/17/37/23 HEAD /v1/AUTH_6a45dcf95d9e4644ae6b5e86a583fa28/gnocchi.9656fb58-4b9b-4e26-a1d5-27b581398fde%3Fformat%3Djson%26states%3Dlisting HTTP/1.0 204 - Swift - - - - tx283f07cb6b654400a414e-006a2c43d3 - 0.0060 RL - 1781285843.516819715 1781285843.522795916 0
Jun 12 17:37:23 standalone container-server[126913]: 172.20.0.100 - - [12/Jun/2026:17:37:23 +0000] "GET /d1/711/AUTH_6a45dcf95d9e4644ae6b5e86a583fa28/gnocchi.9656fb58-4b9b-4e26-a1d5-27b581398fde" 200 2 "GET http://172.18.0.2:8080/v1/AUTH_6a45dcf95d9e4644ae6b5e86a583fa28/gnocchi.9656fb58-4b9b-4e26-a1d5-27b581398fde?format=json&states=listing" "tx283f07cb6b654400a414e-006a2c43d3" "proxy-server 12" 0.0014 "-" 14 0
Jun 12 17:37:23 standalone proxy-server[129143]: 172.18.0.2 172.18.0.100 12/Jun/2026/17/37/23 GET /v1/AUTH_6a45dcf95d9e4644ae6b5e86a583fa28/gnocchi.9656fb58-4b9b-4e26-a1d5-27b581398fde%3Fformat%3Djson%26states%3Dlisting HTTP/1.0 200 - python-swiftclient-3.11.1 gAAAAABqLELiYpo3... - 2 - tx283f07cb6b654400a414e-006a2c43d3 - 0.0182 - - 1781285843.514132261 1781285843.532296658 0
Jun 12 17:37:23 standalone object-server[126987]: 172.20.0.100 - - [12/Jun/2026:17:37:23 +0000] "GET /d1/509/AUTH_6a45dcf95d9e4644ae6b5e86a583fa28/gnocchi.9656fb58-4b9b-4e26-a1d5-27b581398fde/1780920000.0_mean_300.0_v3" 404 70 "GET http://172.18.0.2:8080/v1/AUTH_6a45dcf95d9e4644ae6b5e86a583fa28/gnocchi.9656fb58-4b9b-4e26-a1d5-27b581398fde/1780920000.0_mean_300.0_v3" "tx9710e03d377e4b25bb908-006a2c43d3" "proxy-server 12" 0.0004 "-" 24 0
Jun 12 17:37:23 standalone proxy-server[129143]: 172.18.0.2 172.18.0.100 12/Jun/2026/17/37/23 GET /v1/AUTH_6a45dcf95d9e4644ae6b5e86a583fa28/gnocchi.9656fb58-4b9b-4e26-a1d5-27b581398fde/1780920000.0_mean_300.0_v3 HTTP/1.0 404 - python-swiftclient-3.11.1 gAAAAABqLELiYpo3... - 70 - tx9710e03d377e4b25bb908-006a2c43d3 - 0.0085 - - 1781285843.537427425 1781285843.545953751 0
Jun 12 17:37:23 standalone container-server[126913]: 172.20.0.100 - - [12/Jun/2026:17:37:23 +0000] "PUT /d1/711/AUTH_6a45dcf95d9e4644ae6b5e86a583fa28/gnocchi.9656fb58-4b9b-4e26-a1d5-27b581398fde/1780920000.0_mean_300.0_v3" 201 - "PUT http://172.18.0.2:8080/d1/509/AUTH_6a45dcf95d9e4644ae6b5e86a583fa28/gnocchi.9656fb58-4b9b-4e26-a1d5-27b581398fde/1780920000.0_mean_300.0_v3" "tx395c358df28e46c4a772a-006a2c43d3" "object-server 25" 0.0005 "-" 14 0
Jun 12 17:37:23 standalone object-server[127000]: 172.20.0.100 - - [12/Jun/2026:17:37:23 +0000] "PUT /d1/509/AUTH_6a45dcf95d9e4644ae6b5e86a583fa28/gnocchi.9656fb58-4b9b-4e26-a1d5-27b581398fde/1780920000.0_mean_300.0_v3" 201 - "PUT http://172.18.0.2:8080/v1/AUTH_6a45dcf95d9e4644ae6b5e86a583fa28/gnocchi.9656fb58-4b9b-4e26-a1d5-27b581398fde/1780920000.0_mean_300.0_v3" "tx395c358df28e46c4a772a-006a2c43d3" "proxy-server 12" 0.0085 "-" 25 0
Jun 12 17:37:23 standalone proxy-server[129143]: 172.18.0.2 172.18.0.100 12/Jun/2026/17/37/23 PUT /v1/AUTH_6a45dcf95d9e4644ae6b5e86a583fa28/gnocchi.9656fb58-4b9b-4e26-a1d5-27b581398fde/1780920000.0_mean_300.0_v3 HTTP/1.0 201 - python-swiftclient-3.11.1 gAAAAABqLELiYpo3... 16 - - tx395c358df28e46c4a772a-006a2c43d3 - 0.0178 - - 1781285843.550240993 1781285843.568073273 0
Jun 12 17:37:23 standalone container-server[126913]: 172.20.0.100 - - [12/Jun/2026:17:37:23 +0000] "PUT /d1/711/AUTH_6a45dcf95d9e4644ae6b5e86a583fa28/gnocchi.9656fb58-4b9b-4e26-a1d5-27b581398fde/none_v3" 201 - "PUT http://172.18.0.2:8080/d1/55/AUTH_6a45dcf95d9e4644ae6b5e86a583fa28/gnocchi.9656fb58-4b9b-4e26-a1d5-27b581398fde/none_v3" "tx9b9a5b919f08405cb5b9e-006a2c43d3" "object-server 22" 0.0004 "-" 14 0
Jun 12 17:37:23 standalone object-server[126960]: 172.20.0.100 - - [12/Jun/2026:17:37:23 +0000] "PUT /d1/55/AUTH_6a45dcf95d9e4644ae6b5e86a583fa28/gnocchi.9656fb58-4b9b-4e26-a1d5-27b581398fde/none_v3" 201 - "PUT http://172.18.0.2:8080/v1/AUTH_6a45dcf95d9e4644ae6b5e86a583fa28/gnocchi.9656fb58-4b9b-4e26-a1d5-27b581398fde/none_v3" "tx9b9a5b919f08405cb5b9e-006a2c43d3" "proxy-server 12" 0.0100 "-" 22 0
Jun 12 17:37:23 standalone proxy-server[129143]: 172.18.0.2 172.18.0.100 12/Jun/2026/17/37/23 PUT /v1/AUTH_6a45dcf95d9e4644ae6b5e86a583fa28/gnocchi.9656fb58-4b9b-4e26-a1d5-27b581398fde/none_v3 HTTP/1.0 201 - python-swiftclient-3.11.1 gAAAAABqLELiYpo3... 22 - - tx9b9a5b919f08405cb5b9e-006a2c43d3 - 0.0185 - - 1781285843.572197437 1781285843.590740681 0
Jun 12 17:37:23 standalone container-server[126914]: 172.20.0.100 - - [12/Jun/2026:17:37:23 +0000] "HEAD /d1/390/AUTH_6a45dcf95d9e4644ae6b5e86a583fa28/gnocchi.269302ff-1933-48a6-b043-1fb94953777a" 404 - "HEAD http://172.18.0.2:8080/v1/AUTH_6a45dcf95d9e4644ae6b5e86a583fa28/gnocchi.269302ff-1933-48a6-b043-1fb94953777a?format=json&states=listing" "tx9b90d1664baa486988643-006a2c43d3" "proxy-server 12" 0.0006 "-" 15 0
Jun 12 17:37:23 standalone object-server[126987]: 172.20.0.100 - - [12/Jun/2026:17:37:23 +0000] "GET /d1/99/AUTH_6a45dcf95d9e4644ae6b5e86a583fa28/gnocchi.269302ff-1933-48a6-b043-1fb94953777a/none_v3" 404 70 "GET http://172.18.0.2:8080/v1/AUTH_6a45dcf95d9e4644ae6b5e86a583fa28/gnocchi.269302ff-1933-48a6-b043-1fb94953777a/none_v3" "tx9b90d1664baa486988643-006a2c43d3" "proxy-server 12" 0.0004 "-" 24 0
Jun 12 17:37:23 standalone proxy-server[129143]: 172.18.0.2 172.18.0.100 12/Jun/2026/17/37/23 GET /v1/AUTH_6a45dcf95d9e4644ae6b5e86a583fa28/gnocchi.269302ff-1933-48a6-b043-1fb94953777a/none_v3 HTTP/1.0 404 - python-swiftclient-3.11.1 gAAAAABqLELiYpo3... - 70 - tx9b90d1664baa486988643-006a2c43d3 - 0.0109 - - 1781285843.604038477 1781285843.614925623 0
Jun 12 17:37:23 standalone account-server[126530]: 172.20.0.100 - - [12/Jun/2026:17:37:23 +0000] "PUT /d1/225/AUTH_6a45dcf95d9e4644ae6b5e86a583fa28/gnocchi.269302ff-1933-48a6-b043-1fb94953777a" 201 - "PUT http://172.20.0.100:6001/d1/390/AUTH_6a45dcf95d9e4644ae6b5e86a583fa28/gnocchi.269302ff-1933-48a6-b043-1fb94953777a" "tx24d2da9327614f108ef90-006a2c43d3" "container-server 15" 0.0059 "-" 15 0
Jun 12 17:37:23 standalone container-server[126914]: 172.20.0.100 - - [12/Jun/2026:17:37:23 +0000] "PUT /d1/390/AUTH_6a45dcf95d9e4644ae6b5e86a583fa28/gnocchi.269302ff-1933-48a6-b043-1fb94953777a" 201 - "PUT http://172.18.0.2:8080/v1/AUTH_6a45dcf95d9e4644ae6b5e86a583fa28/gnocchi.269302ff-1933-48a6-b043-1fb94953777a" "tx24d2da9327614f108ef90-006a2c43d3" "proxy-server 12" 0.0220 "-" 15 0
Jun 12 17:37:23 standalone proxy-server[129143]: 172.18.0.2 172.18.0.100 12/Jun/2026/17/37/23 PUT /v1/AUTH_6a45dcf95d9e4644ae6b5e86a583fa28/gnocchi.269302ff-1933-48a6-b043-1fb94953777a HTTP/1.0 201 - python-swiftclient-3.11.1 gAAAAABqLELiYpo3... - - - tx24d2da9327614f108ef90-006a2c43d3 - 0.0294 - - 1781285843.618396521 1781285843.647801876 0
Jun 12 17:37:23 standalone container-server[126919]: 172.20.0.100 - - [12/Jun/2026:17:37:23 +0000] "HEAD /d1/902/AUTH_6a45dcf95d9e4644ae6b5e86a583fa28/gnocchi.9cbbda79-5a1c-4dd0-802e-ba94239d517a" 404 - "HEAD http://172.18.0.2:8080/v1/AUTH_6a45dcf95d9e4644ae6b5e86a583fa28/gnocchi.9cbbda79-5a1c-4dd0-802e-ba94239d517a?format=json&states=listing" "tx14e21758de5c49f19baa7-006a2c43d3" "proxy-server 12" 0.0006 "-" 16 0
Jun 12 17:37:23 standalone object-server[126972]: 172.20.0.100 - - [12/Jun/2026:17:37:23 +0000] "GET /d1/167/AUTH_6a45dcf95d9e4644ae6b5e86a583fa28/gnocchi.9cbbda79-5a1c-4dd0-802e-ba94239d517a/none_v3" 404 70 "GET http://172.18.0.2:8080/v1/AUTH_6a45dcf95d9e4644ae6b5e86a583fa28/gnocchi.9cbbda79-5a1c-4dd0-802e-ba94239d517a/none_v3" "tx14e21758de5c49f19baa7-006a2c43d3" "proxy-server 12" 0.0005 "-" 23 0
Jun 12 17:37:23 standalone proxy-server[129143]: 172.18.0.2 172.18.0.100 12/Jun/2026/17/37/23 GET /v1/AUTH_6a45dcf95d9e4644ae6b5e86a583fa28/gnocchi.9cbbda79-5a1c-4dd0-802e-ba94239d517a/none_v3 HTTP/1.0 404 - python-swiftclient-3.11.1 gAAAAABqLELiYpo3... - 70 - tx14e21758de5c49f19baa7-006a2c43d3 - 0.0147 - - 1781285843.651803255 1781285843.666526794 0
