Jun 12 17:37:23 standalone account-server[126543]: 172.20.0.100 - - [12/Jun/2026:17:37:23 +0000] "PUT /d1/225/AUTH_6a45dcf95d9e4644ae6b5e86a583fa28/gnocchi.9cbbda79-5a1c-4dd0-802e-ba94239d517a" 201 - "PUT http://172.20.0.100:6001/d1/902/AUTH_6a45dcf95d9e4644ae6b5e86a583fa28/gnocchi.9cbbda79-5a1c-4dd0-802e-ba94239d517a" "tx57026ce0746d4709afea7-006a2c43d3" "container-server 17" 0.0070 "-" 16 0
Jun 12 17:37:23 standalone container-server[126923]: 172.20.0.100 - - [12/Jun/2026:17:37:23 +0000] "PUT /d1/902/AUTH_6a45dcf95d9e4644ae6b5e86a583fa28/gnocchi.9cbbda79-5a1c-4dd0-802e-ba94239d517a" 201 - "PUT http://172.18.0.2:8080/v1/AUTH_6a45dcf95d9e4644ae6b5e86a583fa28/gnocchi.9cbbda79-5a1c-4dd0-802e-ba94239d517a" "tx57026ce0746d4709afea7-006a2c43d3" "proxy-server 12" 0.0214 "-" 17 0
Jun 12 17:37:23 standalone proxy-server[129143]: 172.18.0.2 172.18.0.100 12/Jun/2026/17/37/23 PUT /v1/AUTH_6a45dcf95d9e4644ae6b5e86a583fa28/gnocchi.9cbbda79-5a1c-4dd0-802e-ba94239d517a HTTP/1.0 201 - python-swiftclient-3.11.1 gAAAAABqLELiYpo3... - - - tx57026ce0746d4709afea7-006a2c43d3 - 0.0285 - - 1781285843.670176744 1781285843.698674679 0
Jun 12 17:37:23 standalone container-server[126923]: 172.20.0.100 - - [12/Jun/2026:17:37:23 +0000] "HEAD /d1/390/AUTH_6a45dcf95d9e4644ae6b5e86a583fa28/gnocchi.269302ff-1933-48a6-b043-1fb94953777a" 204 - "HEAD http://172.18.0.2:8080/v1/AUTH_6a45dcf95d9e4644ae6b5e86a583fa28/gnocchi.269302ff-1933-48a6-b043-1fb94953777a?format=json&states=listing" "txbaf4106bde0c4452b23ff-006a2c43d3" "proxy-server 12" 0.0020 "-" 17 0
Jun 12 17:37:23 standalone proxy-server[129143]: - - 12/Jun/2026/17/37/23 HEAD /v1/AUTH_6a45dcf95d9e4644ae6b5e86a583fa28/gnocchi.269302ff-1933-48a6-b043-1fb94953777a%3Fformat%3Djson%26states%3Dlisting HTTP/1.0 204 - Swift - - - - txbaf4106bde0c4452b23ff-006a2c43d3 - 0.0062 RL - 1781285843.704983711 1781285843.711199284 0
Jun 12 17:37:23 standalone container-server[126919]: 172.20.0.100 - - [12/Jun/2026:17:37:23 +0000] "GET /d1/390/AUTH_6a45dcf95d9e4644ae6b5e86a583fa28/gnocchi.269302ff-1933-48a6-b043-1fb94953777a" 200 2 "GET http://172.18.0.2:8080/v1/AUTH_6a45dcf95d9e4644ae6b5e86a583fa28/gnocchi.269302ff-1933-48a6-b043-1fb94953777a?format=json&states=listing" "txbaf4106bde0c4452b23ff-006a2c43d3" "proxy-server 12" 0.0034 "-" 16 0
Jun 12 17:37:23 standalone proxy-server[129143]: 172.18.0.2 172.18.0.100 12/Jun/2026/17/37/23 GET /v1/AUTH_6a45dcf95d9e4644ae6b5e86a583fa28/gnocchi.269302ff-1933-48a6-b043-1fb94953777a%3Fformat%3Djson%26states%3Dlisting HTTP/1.0 200 - python-swiftclient-3.11.1 gAAAAABqLELiYpo3... - 2 - txbaf4106bde0c4452b23ff-006a2c43d3 - 0.0195 - - 1781285843.703425646 1781285843.722877741 0
Jun 12 17:37:23 standalone container-server[126919]: 172.20.0.100 - - [12/Jun/2026:17:37:23 +0000] "HEAD /d1/902/AUTH_6a45dcf95d9e4644ae6b5e86a583fa28/gnocchi.9cbbda79-5a1c-4dd0-802e-ba94239d517a" 204 - "HEAD http://172.18.0.2:8080/v1/AUTH_6a45dcf95d9e4644ae6b5e86a583fa28/gnocchi.9cbbda79-5a1c-4dd0-802e-ba94239d517a?format=json&states=listing" "txca443afed9b64cd4b1b39-006a2c43d3" "proxy-server 12" 0.0018 "-" 16 0
Jun 12 17:37:23 standalone proxy-server[129143]: - - 12/Jun/2026/17/37/23 HEAD /v1/AUTH_6a45dcf95d9e4644ae6b5e86a583fa28/gnocchi.9cbbda79-5a1c-4dd0-802e-ba94239d517a%3Fformat%3Djson%26states%3Dlisting HTTP/1.0 204 - Swift - - - - txca443afed9b64cd4b1b39-006a2c43d3 - 0.0063 RL - 1781285843.730443954 1781285843.736721516 0
Jun 12 17:37:23 standalone container-server[126914]: 172.20.0.100 - - [12/Jun/2026:17:37:23 +0000] "GET /d1/902/AUTH_6a45dcf95d9e4644ae6b5e86a583fa28/gnocchi.9cbbda79-5a1c-4dd0-802e-ba94239d517a" 200 2 "GET http://172.18.0.2:8080/v1/AUTH_6a45dcf95d9e4644ae6b5e86a583fa28/gnocchi.9cbbda79-5a1c-4dd0-802e-ba94239d517a?format=json&states=listing" "txca443afed9b64cd4b1b39-006a2c43d3" "proxy-server 12" 0.0032 "-" 15 0
Jun 12 17:37:23 standalone proxy-server[129143]: 172.18.0.2 172.18.0.100 12/Jun/2026/17/37/23 GET /v1/AUTH_6a45dcf95d9e4644ae6b5e86a583fa28/gnocchi.9cbbda79-5a1c-4dd0-802e-ba94239d517a%3Fformat%3Djson%26states%3Dlisting HTTP/1.0 200 - python-swiftclient-3.11.1 gAAAAABqLELiYpo3... - 2 - txca443afed9b64cd4b1b39-006a2c43d3 - 0.0211 - - 1781285843.728551626 1781285843.749689817 0
Jun 12 17:37:23 standalone object-server[127000]: 172.20.0.100 - - [12/Jun/2026:17:37:23 +0000] "GET /d1/400/AUTH_6a45dcf95d9e4644ae6b5e86a583fa28/gnocchi.269302ff-1933-48a6-b043-1fb94953777a/1780920000.0_mean_300.0_v3" 404 70 "GET http://172.18.0.2:8080/v1/AUTH_6a45dcf95d9e4644ae6b5e86a583fa28/gnocchi.269302ff-1933-48a6-b043-1fb94953777a/1780920000.0_mean_300.0_v3" "tx69fd1b116312417eb8964-006a2c43d3" "proxy-server 12" 0.0005 "-" 25 0
Jun 12 17:37:23 standalone proxy-server[129143]: 172.18.0.2 172.18.0.100 12/Jun/2026/17/37/23 GET /v1/AUTH_6a45dcf95d9e4644ae6b5e86a583fa28/gnocchi.269302ff-1933-48a6-b043-1fb94953777a/1780920000.0_mean_300.0_v3 HTTP/1.0 404 - python-swiftclient-3.11.1 gAAAAABqLELiYpo3... - 70 - tx69fd1b116312417eb8964-006a2c43d3 - 0.0097 - - 1781285843.755061150 1781285843.764796734 0
Jun 12 17:37:23 standalone object-server[127000]: 172.20.0.100 - - [12/Jun/2026:17:37:23 +0000] "GET /d1/1006/AUTH_6a45dcf95d9e4644ae6b5e86a583fa28/gnocchi.9cbbda79-5a1c-4dd0-802e-ba94239d517a/1780920000.0_mean_300.0_v3" 404 70 "GET http://172.18.0.2:8080/v1/AUTH_6a45dcf95d9e4644ae6b5e86a583fa28/gnocchi.9cbbda79-5a1c-4dd0-802e-ba94239d517a/1780920000.0_mean_300.0_v3" "txf465163a377548c98f24c-006a2c43d3" "proxy-server 12" 0.0004 "-" 25 0
Jun 12 17:37:23 standalone proxy-server[129143]: 172.18.0.2 172.18.0.100 12/Jun/2026/17/37/23 GET /v1/AUTH_6a45dcf95d9e4644ae6b5e86a583fa28/gnocchi.9cbbda79-5a1c-4dd0-802e-ba94239d517a/1780920000.0_mean_300.0_v3 HTTP/1.0 404 - python-swiftclient-3.11.1 gAAAAABqLELiYpo3... - 70 - txf465163a377548c98f24c-006a2c43d3 - 0.0072 - - 1781285843.771417141 1781285843.778656006 0
Jun 12 17:37:23 standalone container-server[126923]: 172.20.0.100 - - [12/Jun/2026:17:37:23 +0000] "PUT /d1/390/AUTH_6a45dcf95d9e4644ae6b5e86a583fa28/gnocchi.269302ff-1933-48a6-b043-1fb94953777a/1780920000.0_mean_300.0_v3" 201 - "PUT http://172.18.0.2:8080/d1/400/AUTH_6a45dcf95d9e4644ae6b5e86a583fa28/gnocchi.269302ff-1933-48a6-b043-1fb94953777a/1780920000.0_mean_300.0_v3" "tx40872c05108f4188ace88-006a2c43d3" "object-server 23" 0.0008 "-" 17 0
Jun 12 17:37:23 standalone object-server[126972]: 172.20.0.100 - - [12/Jun/2026:17:37:23 +0000] "PUT /d1/400/AUTH_6a45dcf95d9e4644ae6b5e86a583fa28/gnocchi.269302ff-1933-48a6-b043-1fb94953777a/1780920000.0_mean_300.0_v3" 201 - "PUT http://172.18.0.2:8080/v1/AUTH_6a45dcf95d9e4644ae6b5e86a583fa28/gnocchi.269302ff-1933-48a6-b043-1fb94953777a/1780920000.0_mean_300.0_v3" "tx40872c05108f4188ace88-006a2c43d3" "proxy-server 12" 0.0117 "-" 23 0
Jun 12 17:37:23 standalone proxy-server[129143]: 172.18.0.2 172.18.0.100 12/Jun/2026/17/37/23 PUT /v1/AUTH_6a45dcf95d9e4644ae6b5e86a583fa28/gnocchi.269302ff-1933-48a6-b043-1fb94953777a/1780920000.0_mean_300.0_v3 HTTP/1.0 201 - python-swiftclient-3.11.1 gAAAAABqLELiYpo3... 16 - - tx40872c05108f4188ace88-006a2c43d3 - 0.0192 - - 1781285843.782742023 1781285843.801980257 0
Jun 12 17:37:23 standalone container-server[126914]: 172.20.0.100 - - [12/Jun/2026:17:37:23 +0000] "PUT /d1/902/AUTH_6a45dcf95d9e4644ae6b5e86a583fa28/gnocchi.9cbbda79-5a1c-4dd0-802e-ba94239d517a/1780920000.0_mean_300.0_v3" 201 - "PUT http://172.18.0.2:8080/d1/1006/AUTH_6a45dcf95d9e4644ae6b5e86a583fa28/gnocchi.9cbbda79-5a1c-4dd0-802e-ba94239d517a/1780920000.0_mean_300.0_v3" "tx2622d82e1e51484e94acb-006a2c43d3" "object-server 24" 0.0010 "-" 15 0
Jun 12 17:37:23 standalone object-server[126987]: 172.20.0.100 - - [12/Jun/2026:17:37:23 +0000] "PUT /d1/1006/AUTH_6a45dcf95d9e4644ae6b5e86a583fa28/gnocchi.9cbbda79-5a1c-4dd0-802e-ba94239d517a/1780920000.0_mean_300.0_v3" 201 - "PUT http://172.18.0.2:8080/v1/AUTH_6a45dcf95d9e4644ae6b5e86a583fa28/gnocchi.9cbbda79-5a1c-4dd0-802e-ba94239d517a/1780920000.0_mean_300.0_v3" "tx2622d82e1e51484e94acb-006a2c43d3" "proxy-server 12" 0.0191 "-" 24 0
Jun 12 17:37:23 standalone proxy-server[129143]: 172.18.0.2 172.18.0.100 12/Jun/2026/17/37/23 PUT /v1/AUTH_6a45dcf95d9e4644ae6b5e86a583fa28/gnocchi.9cbbda79-5a1c-4dd0-802e-ba94239d517a/1780920000.0_mean_300.0_v3 HTTP/1.0 201 - python-swiftclient-3.11.1 gAAAAABqLELiYpo3... 16 - - tx2622d82e1e51484e94acb-006a2c43d3 - 0.0344 - - 1781285843.807090998 1781285843.841481447 0
Jun 12 17:37:23 standalone container-server[126919]: 172.20.0.100 - - [12/Jun/2026:17:37:23 +0000] "PUT /d1/390/AUTH_6a45dcf95d9e4644ae6b5e86a583fa28/gnocchi.269302ff-1933-48a6-b043-1fb94953777a/none_v3" 201 - "PUT http://172.18.0.2:8080/d1/99/AUTH_6a45dcf95d9e4644ae6b5e86a583fa28/gnocchi.269302ff-1933-48a6-b043-1fb94953777a/none_v3" "tx878f26178c6d4873834cd-006a2c43d3" "object-server 22" 0.0006 "-" 16 0
Jun 12 17:37:23 standalone object-server[126960]: 172.20.0.100 - - [12/Jun/2026:17:37:23 +0000] "PUT /d1/99/AUTH_6a45dcf95d9e4644ae6b5e86a583fa28/gnocchi.269302ff-1933-48a6-b043-1fb94953777a/none_v3" 201 - "PUT http://172.18.0.2:8080/v1/AUTH_6a45dcf95d9e4644ae6b5e86a583fa28/gnocchi.269302ff-1933-48a6-b043-1fb94953777a/none_v3" "tx878f26178c6d4873834cd-006a2c43d3" "proxy-server 12" 0.0101 "-" 22 0
Jun 12 17:37:23 standalone proxy-server[129143]: 172.18.0.2 172.18.0.100 12/Jun/2026/17/37/23 PUT /v1/AUTH_6a45dcf95d9e4644ae6b5e86a583fa28/gnocchi.269302ff-1933-48a6-b043-1fb94953777a/none_v3 HTTP/1.0 201 - python-swiftclient-3.11.1 gAAAAABqLELiYpo3... 22 - - tx878f26178c6d4873834cd-006a2c43d3 - 0.0194 - - 1781285843.846659660 1781285843.866029501 0
Jun 12 17:37:23 standalone container-server[126913]: 172.20.0.100 - - [12/Jun/2026:17:37:23 +0000] "PUT /d1/902/AUTH_6a45dcf95d9e4644ae6b5e86a583fa28/gnocchi.9cbbda79-5a1c-4dd0-802e-ba94239d517a/none_v3" 201 - "PUT http://172.18.0.2:8080/d1/167/AUTH_6a45dcf95d9e4644ae6b5e86a583fa28/gnocchi.9cbbda79-5a1c-4dd0-802e-ba94239d517a/none_v3" "tx4d9a5d69832045b8a5c5c-006a2c43d3" "object-server 23" 0.0008 "-" 14 0
Jun 12 17:37:23 standalone object-server[126972]: 172.20.0.100 - - [12/Jun/2026:17:37:23 +0000] "PUT /d1/167/AUTH_6a45dcf95d9e4644ae6b5e86a583fa28/gnocchi.9cbbda79-5a1c-4dd0-802e-ba94239d517a/none_v3" 201 - "PUT http://172.18.0.2:8080/v1/AUTH_6a45dcf95d9e4644ae6b5e86a583fa28/gnocchi.9cbbda79-5a1c-4dd0-802e-ba94239d517a/none_v3" "tx4d9a5d69832045b8a5c5c-006a2c43d3" "proxy-server 12" 0.0107 "-" 23 0
Jun 12 17:37:23 standalone proxy-server[129143]: 172.18.0.2 172.18.0.100 12/Jun/2026/17/37/23 PUT /v1/AUTH_6a45dcf95d9e4644ae6b5e86a583fa28/gnocchi.9cbbda79-5a1c-4dd0-802e-ba94239d517a/none_v3 HTTP/1.0 201 - python-swiftclient-3.11.1 gAAAAABqLELiYpo3... 22 - - tx4d9a5d69832045b8a5c5c-006a2c43d3 - 0.0182 - - 1781285843.869351387 1781285843.887554884 0
Jun 12 17:37:23 standalone container-server[126919]: 172.20.0.100 - - [12/Jun/2026:17:37:23 +0000] "HEAD /d1/281/AUTH_6a45dcf95d9e4644ae6b5e86a583fa28/gnocchi.f0fd61d6-6293-45fa-8077-d25fece109f0" 404 - "HEAD http://172.18.0.2:8080/v1/AUTH_6a45dcf95d9e4644ae6b5e86a583fa28/gnocchi.f0fd61d6-6293-45fa-8077-d25fece109f0?format=json&states=listing" "tx3f3b9b27a45647699d375-006a2c43d3" "proxy-server 12" 0.0005 "-" 16 0
Jun 12 17:37:23 standalone object-server[126987]: 172.20.0.100 - - [12/Jun/2026:17:37:23 +0000] "GET /d1/528/AUTH_6a45dcf95d9e4644ae6b5e86a583fa28/gnocchi.f0fd61d6-6293-45fa-8077-d25fece109f0/none_v3" 404 70 "GET http://172.18.0.2:8080/v1/AUTH_6a45dcf95d9e4644ae6b5e86a583fa28/gnocchi.f0fd61d6-6293-45fa-8077-d25fece109f0/none_v3" "tx3f3b9b27a45647699d375-006a2c43d3" "proxy-server 12" 0.0004 "-" 24 0
Jun 12 17:37:23 standalone proxy-server[129143]: 172.18.0.2 172.18.0.100 12/Jun/2026/17/37/23 GET /v1/AUTH_6a45dcf95d9e4644ae6b5e86a583fa28/gnocchi.f0fd61d6-6293-45fa-8077-d25fece109f0/none_v3 HTTP/1.0 404 - python-swiftclient-3.11.1 gAAAAABqLELiYpo3... - 70 - tx3f3b9b27a45647699d375-006a2c43d3 - 0.0101 - - 1781285843.900519371 1781285843.910665751 0
Jun 12 17:37:23 standalone account-server[126543]: 172.20.0.100 - - [12/Jun/2026:17:37:23 +0000] "PUT /d1/225/AUTH_6a45dcf95d9e4644ae6b5e86a583fa28/gnocchi.f0fd61d6-6293-45fa-8077-d25fece109f0" 201 - "PUT http://172.20.0.100:6001/d1/281/AUTH_6a45dcf95d9e4644ae6b5e86a583fa28/gnocchi.f0fd61d6-6293-45fa-8077-d25fece109f0" "tx78e8e14dd2224222b75b3-006a2c43d3" "container-server 15" 0.0047 "-" 16 0
Jun 12 17:37:23 standalone container-server[126914]: 172.20.0.100 - - [12/Jun/2026:17:37:23 +0000] "PUT /d1/281/AUTH_6a45dcf95d9e4644ae6b5e86a583fa28/gnocchi.f0fd61d6-6293-45fa-8077-d25fece109f0" 201 - "PUT http://172.18.0.2:8080/v1/AUTH_6a45dcf95d9e4644ae6b5e86a583fa28/gnocchi.f0fd61d6-6293-45fa-8077-d25fece109f0" "tx78e8e14dd2224222b75b3-006a2c43d3" "proxy-server 12" 0.0165 "-" 15 0
Jun 12 17:37:23 standalone proxy-server[129143]: 172.18.0.2 172.18.0.100 12/Jun/2026/17/37/23 PUT /v1/AUTH_6a45dcf95d9e4644ae6b5e86a583fa28/gnocchi.f0fd61d6-6293-45fa-8077-d25fece109f0 HTTP/1.0 201 - python-swiftclient-3.11.1 gAAAAABqLELiYpo3... - - - tx78e8e14dd2224222b75b3-006a2c43d3 - 0.0262 - - 1781285843.913241863 1781285843.939470291 0
Jun 12 17:37:23 standalone container-server[126913]: 172.20.0.100 - - [12/Jun/2026:17:37:23 +0000] "HEAD /d1/281/AUTH_6a45dcf95d9e4644ae6b5e86a583fa28/gnocchi.f0fd61d6-6293-45fa-8077-d25fece109f0" 204 - "HEAD http://172.18.0.2:8080/v1/AUTH_6a45dcf95d9e4644ae6b5e86a583fa28/gnocchi.f0fd61d6-6293-45fa-8077-d25fece109f0?format=json&states=listing" "tx03d4f2910d164d348d856-006a2c43d3" "proxy-server 12" 0.0012 "-" 14 0
Jun 12 17:37:23 standalone proxy-server[129143]: - - 12/Jun/2026/17/37/23 HEAD /v1/AUTH_6a45dcf95d9e4644ae6b5e86a583fa28/gnocchi.f0fd61d6-6293-45fa-8077-d25fece109f0%3Fformat%3Djson%26states%3Dlisting HTTP/1.0 204 - Swift - - - - tx03d4f2910d164d348d856-006a2c43d3 - 0.0042 RL - 1781285843.945667505 1781285843.949846983 0
Jun 12 17:37:23 standalone container-server[126919]: 172.20.0.100 - - [12/Jun/2026:17:37:23 +0000] "GET /d1/281/AUTH_6a45dcf95d9e4644ae6b5e86a583fa28/gnocchi.f0fd61d6-6293-45fa-8077-d25fece109f0" 200 2 "GET http://172.18.0.2:8080/v1/AUTH_6a45dcf95d9e4644ae6b5e86a583fa28/gnocchi.f0fd61d6-6293-45fa-8077-d25fece109f0?format=json&states=listing" "tx03d4f2910d164d348d856-006a2c43d3" "proxy-server 12" 0.0017 "-" 16 0
Jun 12 17:37:23 standalone proxy-server[129143]: 172.18.0.2 172.18.0.100 12/Jun/2026/17/37/23 GET /v1/AUTH_6a45dcf95d9e4644ae6b5e86a583fa28/gnocchi.f0fd61d6-6293-45fa-8077-d25fece109f0%3Fformat%3Djson%26states%3Dlisting HTTP/1.0 200 - python-swiftclient-3.11.1 gAAAAABqLELiYpo3... - 2 - tx03d4f2910d164d348d856-006a2c43d3 - 0.0120 - - 1781285843.944727659 1781285843.956740618 0
Jun 12 17:37:23 standalone object-server[127000]: 172.20.0.100 - - [12/Jun/2026:17:37:23 +0000] "GET /d1/35/AUTH_6a45dcf95d9e4644ae6b5e86a583fa28/gnocchi.f0fd61d6-6293-45fa-8077-d25fece109f0/1780920000.0_mean_300.0_v3" 404 70 "GET http://172.18.0.2:8080/v1/AUTH_6a45dcf95d9e4644ae6b5e86a583fa28/gnocchi.f0fd61d6-6293-45fa-8077-d25fece109f0/1780920000.0_mean_300.0_v3" "tx3b2e3ab817154766a4c8f-006a2c43d3" "proxy-server 12" 0.0003 "-" 25 0
Jun 12 17:37:23 standalone proxy-server[129143]: 172.18.0.2 172.18.0.100 12/Jun/2026/17/37/23 GET /v1/AUTH_6a45dcf95d9e4644ae6b5e86a583fa28/gnocchi.f0fd61d6-6293-45fa-8077-d25fece109f0/1780920000.0_mean_300.0_v3 HTTP/1.0 404 - python-swiftclient-3.11.1 gAAAAABqLELiYpo3... - 70 - tx3b2e3ab817154766a4c8f-006a2c43d3 - 0.0053 - - 1781285843.960329294 1781285843.965583324 0
Jun 12 17:37:23 standalone container-server[126913]: 172.20.0.100 - - [12/Jun/2026:17:37:23 +0000] "PUT /d1/281/AUTH_6a45dcf95d9e4644ae6b5e86a583fa28/gnocchi.f0fd61d6-6293-45fa-8077-d25fece109f0/1780920000.0_mean_300.0_v3" 201 - "PUT http://172.18.0.2:8080/d1/35/AUTH_6a45dcf95d9e4644ae6b5e86a583fa28/gnocchi.f0fd61d6-6293-45fa-8077-d25fece109f0/1780920000.0_mean_300.0_v3" "txe11b34a1e0684a00afa6e-006a2c43d3" "object-server 25" 0.0005 "-" 14 0
Jun 12 17:37:23 standalone object-server[127000]: 172.20.0.100 - - [12/Jun/2026:17:37:23 +0000] "PUT /d1/35/AUTH_6a45dcf95d9e4644ae6b5e86a583fa28/gnocchi.f0fd61d6-6293-45fa-8077-d25fece109f0/1780920000.0_mean_300.0_v3" 201 - "PUT http://172.18.0.2:8080/v1/AUTH_6a45dcf95d9e4644ae6b5e86a583fa28/gnocchi.f0fd61d6-6293-45fa-8077-d25fece109f0/1780920000.0_mean_300.0_v3" "txe11b34a1e0684a00afa6e-006a2c43d3" "proxy-server 12" 0.0084 "-" 25 0
Jun 12 17:37:23 standalone proxy-server[129143]: 172.18.0.2 172.18.0.100 12/Jun/2026/17/37/23 PUT /v1/AUTH_6a45dcf95d9e4644ae6b5e86a583fa28/gnocchi.f0fd61d6-6293-45fa-8077-d25fece109f0/1780920000.0_mean_300.0_v3 HTTP/1.0 201 - python-swiftclient-3.11.1 gAAAAABqLELiYpo3... 16 - - txe11b34a1e0684a00afa6e-006a2c43d3 - 0.0130 - - 1781285843.979053497 1781285843.992040634 0
Jun 12 17:37:24 standalone container-server[126914]: 172.20.0.100 - - [12/Jun/2026:17:37:24 +0000] "PUT /d1/281/AUTH_6a45dcf95d9e4644ae6b5e86a583fa28/gnocchi.f0fd61d6-6293-45fa-8077-d25fece109f0/none_v3" 201 - "PUT http://172.18.0.2:8080/d1/528/AUTH_6a45dcf95d9e4644ae6b5e86a583fa28/gnocchi.f0fd61d6-6293-45fa-8077-d25fece109f0/none_v3" "tx597ea0b4217b4bffa839a-006a2c43d3" "object-server 22" 0.0005 "-" 15 0
Jun 12 17:37:24 standalone object-server[126960]: 172.20.0.100 - - [12/Jun/2026:17:37:24 +0000] "PUT /d1/528/AUTH_6a45dcf95d9e4644ae6b5e86a583fa28/gnocchi.f0fd61d6-6293-45fa-8077-d25fece109f0/none_v3" 201 - "PUT http://172.18.0.2:8080/v1/AUTH_6a45dcf95d9e4644ae6b5e86a583fa28/gnocchi.f0fd61d6-6293-45fa-8077-d25fece109f0/none_v3" "tx597ea0b4217b4bffa839a-006a2c43d3" "proxy-server 12" 0.0077 "-" 22 0
Jun 12 17:37:24 standalone proxy-server[129143]: 172.18.0.2 172.18.0.100 12/Jun/2026/17/37/24 PUT /v1/AUTH_6a45dcf95d9e4644ae6b5e86a583fa28/gnocchi.f0fd61d6-6293-45fa-8077-d25fece109f0/none_v3 HTTP/1.0 201 - python-swiftclient-3.11.1 gAAAAABqLELiYpo3... 22 - - tx597ea0b4217b4bffa839a-006a2c43d3 - 0.0141 - - 1781285843.994327545 1781285844.008437872 0
Jun 12 17:37:24 standalone container-server[126919]: 172.20.0.100 - - [12/Jun/2026:17:37:24 +0000] "HEAD /d1/115/AUTH_6a45dcf95d9e4644ae6b5e86a583fa28/gnocchi.10f2219a-f0b2-4444-9ca6-90d05cfe72ca" 404 - "HEAD http://172.18.0.2:8080/v1/AUTH_6a45dcf95d9e4644ae6b5e86a583fa28/gnocchi.10f2219a-f0b2-4444-9ca6-90d05cfe72ca?format=json&states=listing" "tx237972bf85c1481993f89-006a2c43d4" "proxy-server 12" 0.0004 "-" 16 0
Jun 12 17:37:24 standalone object-server[126972]: 172.20.0.100 - - [12/Jun/2026:17:37:24 +0000] "GET /d1/415/AUTH_6a45dcf95d9e4644ae6b5e86a583fa28/gnocchi.10f2219a-f0b2-4444-9ca6-90d05cfe72ca/none_v3" 404 70 "GET http://172.18.0.2:8080/v1/AUTH_6a45dcf95d9e4644ae6b5e86a583fa28/gnocchi.10f2219a-f0b2-4444-9ca6-90d05cfe72ca/none_v3" "tx237972bf85c1481993f89-006a2c43d4" "proxy-server 12" 0.0003 "-" 23 0
Jun 12 17:37:24 standalone proxy-server[129143]: 172.18.0.2 172.18.0.100 12/Jun/2026/17/37/24 GET /v1/AUTH_6a45dcf95d9e4644ae6b5e86a583fa28/gnocchi.10f2219a-f0b2-4444-9ca6-90d05cfe72ca/none_v3 HTTP/1.0 404 - python-swiftclient-3.11.1 gAAAAABqLELiYpo3... - 70 - tx237972bf85c1481993f89-006a2c43d4 - 0.0099 - - 1781285844.017327309 1781285844.027276993 0
Jun 12 17:37:24 standalone account-server[126530]: 172.20.0.100 - - [12/Jun/2026:17:37:24 +0000] "PUT /d1/225/AUTH_6a45dcf95d9e4644ae6b5e86a583fa28/gnocchi.10f2219a-f0b2-4444-9ca6-90d05cfe72ca" 201 - "PUT http://172.20.0.100:6001/d1/115/AUTH_6a45dcf95d9e4644ae6b5e86a583fa28/gnocchi.10f2219a-f0b2-4444-9ca6-90d05cfe72ca" "tx7c1d57f4f8dc40cd9d24a-006a2c43d4" "container-server 16" 0.0044 "-" 15 0
Jun 12 17:37:24 standalone container-server[126919]: 172.20.0.100 - - [12/Jun/2026:17:37:24 +0000] "PUT /d1/115/AUTH_6a45dcf95d9e4644ae6b5e86a583fa28/gnocchi.10f2219a-f0b2-4444-9ca6-90d05cfe72ca" 201 - "PUT http://172.18.0.2:8080/v1/AUTH_6a45dcf95d9e4644ae6b5e86a583fa28/gnocchi.10f2219a-f0b2-4444-9ca6-90d05cfe72ca" "tx7c1d57f4f8dc40cd9d24a-006a2c43d4" "proxy-server 12" 0.0156 "-" 16 0
Jun 12 17:37:24 standalone proxy-server[129143]: 172.18.0.2 172.18.0.100 12/Jun/2026/17/37/24 PUT /v1/AUTH_6a45dcf95d9e4644ae6b5e86a583fa28/gnocchi.10f2219a-f0b2-4444-9ca6-90d05cfe72ca HTTP/1.0 201 - python-swiftclient-3.11.1 gAAAAABqLELiYpo3... - - - tx7c1d57f4f8dc40cd9d24a-006a2c43d4 - 0.0190 - - 1781285844.029265404 1781285844.048222780 0
Jun 12 17:37:24 standalone container-server[126914]: 172.20.0.100 - - [12/Jun/2026:17:37:24 +0000] "HEAD /d1/115/AUTH_6a45dcf95d9e4644ae6b5e86a583fa28/gnocchi.10f2219a-f0b2-4444-9ca6-90d05cfe72ca" 204 - "HEAD http://172.18.0.2:8080/v1/AUTH_6a45dcf95d9e4644ae6b5e86a583fa28/gnocchi.10f2219a-f0b2-4444-9ca6-90d05cfe72ca?format=json&states=listing" "txd6a3f2e02a2c41278064e-006a2c43d4" "proxy-server 12" 0.0015 "-" 15 0
Jun 12 17:37:24 standalone proxy-server[129143]: - - 12/Jun/2026/17/37/24 HEAD /v1/AUTH_6a45dcf95d9e4644ae6b5e86a583fa28/gnocchi.10f2219a-f0b2-4444-9ca6-90d05cfe72ca%3Fformat%3Djson%26states%3Dlisting HTTP/1.0 204 - Swift - - - - txd6a3f2e02a2c41278064e-006a2c43d4 - 0.0042 RL - 1781285844.056228399 1781285844.060425043 0
Jun 12 17:37:24 standalone container-server[126923]: 172.20.0.100 - - [12/Jun/2026:17:37:24 +0000] "GET /d1/115/AUTH_6a45dcf95d9e4644ae6b5e86a583fa28/gnocchi.10f2219a-f0b2-4444-9ca6-90d05cfe72ca" 200 2 "GET http://172.18.0.2:8080/v1/AUTH_6a45dcf95d9e4644ae6b5e86a583fa28/gnocchi.10f2219a-f0b2-4444-9ca6-90d05cfe72ca?format=json&states=listing" "txd6a3f2e02a2c41278064e-006a2c43d4" "proxy-server 12" 0.0016 "-" 17 0
Jun 12 17:37:24 standalone proxy-server[129143]: 172.18.0.2 172.18.0.100 12/Jun/2026/17/37/24 GET /v1/AUTH_6a45dcf95d9e4644ae6b5e86a583fa28/gnocchi.10f2219a-f0b2-4444-9ca6-90d05cfe72ca%3Fformat%3Djson%26states%3Dlisting HTTP/1.0 200 - python-swiftclient-3.11.1 gAAAAABqLELiYpo3... - 2 - txd6a3f2e02a2c41278064e-006a2c43d4 - 0.0109 - - 1781285844.055257559 1781285844.066154957 0
Jun 12 17:37:24 standalone object-server[126987]: 172.20.0.100 - - [12/Jun/2026:17:37:24 +0000] "GET /d1/282/AUTH_6a45dcf95d9e4644ae6b5e86a583fa28/gnocchi.10f2219a-f0b2-4444-9ca6-90d05cfe72ca/1780920000.0_mean_300.0_v3" 404 70 "GET http://172.18.0.2:8080/v1/AUTH_6a45dcf95d9e4644ae6b5e86a583fa28/gnocchi.10f2219a-f0b2-4444-9ca6-90d05cfe72ca/1780920000.0_mean_300.0_v3" "tx81928dc008d249a892eb9-006a2c43d4" "proxy-server 12" 0.0003 "-" 24 0
Jun 12 17:37:24 standalone proxy-server[129143]: 172.18.0.2 172.18.0.100 12/Jun/2026/17/37/24 GET /v1/AUTH_6a45dcf95d9e4644ae6b5e86a583fa28/gnocchi.10f2219a-f0b2-4444-9ca6-90d05cfe72ca/1780920000.0_mean_300.0_v3 HTTP/1.0 404 - python-swiftclient-3.11.1 gAAAAABqLELiYpo3... - 70 - tx81928dc008d249a892eb9-006a2c43d4 - 0.0037 - - 1781285844.068577528 1781285844.072319508 0
Jun 12 17:37:24 standalone container-server[126923]: 172.20.0.100 - - [12/Jun/2026:17:37:24 +0000] "PUT /d1/115/AUTH_6a45dcf95d9e4644ae6b5e86a583fa28/gnocchi.10f2219a-f0b2-4444-9ca6-90d05cfe72ca/1780920000.0_mean_300.0_v3" 201 - "PUT http://172.18.0.2:8080/d1/282/AUTH_6a45dcf95d9e4644ae6b5e86a583fa28/gnocchi.10f2219a-f0b2-4444-9ca6-90d05cfe72ca/1780920000.0_mean_300.0_v3" "txa38b30d5072b421e8983b-006a2c43d4" "object-server 24" 0.0006 "-" 17 0
Jun 12 17:37:24 standalone object-server[126987]: 172.20.0.100 - - [12/Jun/2026:17:37:24 +0000] "PUT /d1/282/AUTH_6a45dcf95d9e4644ae6b5e86a583fa28/gnocchi.10f2219a-f0b2-4444-9ca6-90d05cfe72ca/1780920000.0_mean_300.0_v3" 201 - "PUT http://172.18.0.2:8080/v1/AUTH_6a45dcf95d9e4644ae6b5e86a583fa28/gnocchi.10f2219a-f0b2-4444-9ca6-90d05cfe72ca/1780920000.0_mean_300.0_v3" "txa38b30d5072b421e8983b-006a2c43d4" "proxy-server 12" 0.0085 "-" 24 0
Jun 12 17:37:24 standalone proxy-server[129143]: 172.18.0.2 172.18.0.100 12/Jun/2026/17/37/24 PUT /v1/AUTH_6a45dcf95d9e4644ae6b5e86a583fa28/gnocchi.10f2219a-f0b2-4444-9ca6-90d05cfe72ca/1780920000.0_mean_300.0_v3 HTTP/1.0 201 - python-swiftclient-3.11.1 gAAAAABqLELiYpo3... 16 - - txa38b30d5072b421e8983b-006a2c43d4 - 0.0120 - - 1781285844.074108124 1781285844.086125374 0
Jun 12 17:37:24 standalone container-server[126914]: 172.20.0.100 - - [12/Jun/2026:17:37:24 +0000] "PUT /d1/115/AUTH_6a45dcf95d9e4644ae6b5e86a583fa28/gnocchi.10f2219a-f0b2-4444-9ca6-90d05cfe72ca/none_v3" 201 - "PUT http://172.18.0.2:8080/d1/415/AUTH_6a45dcf95d9e4644ae6b5e86a583fa28/gnocchi.10f2219a-f0b2-4444-9ca6-90d05cfe72ca/none_v3" "tx4f288726212c4e169d66d-006a2c43d4" "object-server 23" 0.0007 "-" 15 0
Jun 12 17:37:24 standalone object-server[126972]: 172.20.0.100 - - [12/Jun/2026:17:37:24 +0000] "PUT /d1/415/AUTH_6a45dcf95d9e4644ae6b5e86a583fa28/gnocchi.10f2219a-f0b2-4444-9ca6-90d05cfe72ca/none_v3" 201 - "PUT http://172.18.0.2:8080/v1/AUTH_6a45dcf95d9e4644ae6b5e86a583fa28/gnocchi.10f2219a-f0b2-4444-9ca6-90d05cfe72ca/none_v3" "tx4f288726212c4e169d66d-006a2c43d4" "proxy-server 12" 0.0081 "-" 23 0
Jun 12 17:37:24 standalone proxy-server[129143]: 172.18.0.2 172.18.0.100 12/Jun/2026/17/37/24 PUT /v1/AUTH_6a45dcf95d9e4644ae6b5e86a583fa28/gnocchi.10f2219a-f0b2-4444-9ca6-90d05cfe72ca/none_v3 HTTP/1.0 201 - python-swiftclient-3.11.1 gAAAAABqLELiYpo3... 22 - - tx4f288726212c4e169d66d-006a2c43d4 - 0.0121 - - 1781285844.088467121 1781285844.100615978 0
Jun 12 17:37:24 standalone container-server[126919]: 172.20.0.100 - - [12/Jun/2026:17:37:24 +0000] "HEAD /d1/509/AUTH_6a45dcf95d9e4644ae6b5e86a583fa28/gnocchi.71697d1c-37b5-46fd-b773-a1bbf5d32b0c" 404 - "HEAD http://172.18.0.2:8080/v1/AUTH_6a45dcf95d9e4644ae6b5e86a583fa28/gnocchi.71697d1c-37b5-46fd-b773-a1bbf5d32b0c?format=json&states=listing" "txc0c4988e96774423831d6-006a2c43d4" "proxy-server 12" 0.0003 "-" 16 0
Jun 12 17:37:24 standalone object-server[126972]: 172.20.0.100 - - [12/Jun/2026:17:37:24 +0000] "GET /d1/913/AUTH_6a45dcf95d9e4644ae6b5e86a583fa28/gnocchi.71697d1c-37b5-46fd-b773-a1bbf5d32b0c/none_v3" 404 70 "GET http://172.18.0.2:8080/v1/AUTH_6a45dcf95d9e4644ae6b5e86a583fa28/gnocchi.71697d1c-37b5-46fd-b773-a1bbf5d32b0c/none_v3" "txc0c4988e96774423831d6-006a2c43d4" "proxy-server 12" 0.0004 "-" 23 0
Jun 12 17:37:24 standalone proxy-server[129143]: 172.18.0.2 172.18.0.100 12/Jun/2026/17/37/24 GET /v1/AUTH_6a45dcf95d9e4644ae6b5e86a583fa28/gnocchi.71697d1c-37b5-46fd-b773-a1bbf5d32b0c/none_v3 HTTP/1.0 404 - python-swiftclient-3.11.1 gAAAAABqLELiYpo3... - 70 - txc0c4988e96774423831d6-006a2c43d4 - 0.0070 - - 1781285844.107517958 1781285844.114472151 0
Jun 12 17:37:24 standalone account-server[126543]: 172.20.0.100 - - [12/Jun/2026:17:37:24 +0000] "PUT /d1/225/AUTH_6a45dcf95d9e4644ae6b5e86a583fa28/gnocchi.71697d1c-37b5-46fd-b773-a1bbf5d32b0c" 201 - "PUT http://172.20.0.100:6001/d1/509/AUTH_6a45dcf95d9e4644ae6b5e86a583fa28/gnocchi.71697d1c-37b5-46fd-b773-a1bbf5d32b0c" "txc93fd1c3e7f34e22af212-006a2c43d4" "container-server 14" 0.0048 "-" 16 0
Jun 12 17:37:24 standalone container-server[126913]: 172.20.0.100 - - [12/Jun/2026:17:37:24 +0000] "PUT /d1/509/AUTH_6a45dcf95d9e4644ae6b5e86a583fa28/gnocchi.71697d1c-37b5-46fd-b773-a1bbf5d32b0c" 201 - "PUT http://172.18.0.2:8080/v1/AUTH_6a45dcf95d9e4644ae6b5e86a583fa28/gnocchi.71697d1c-37b5-46fd-b773-a1bbf5d32b0c" "txc93fd1c3e7f34e22af212-006a2c43d4" "proxy-server 12" 0.0129 "-" 14 0
Jun 12 17:37:24 standalone proxy-server[129143]: 172.18.0.2 172.18.0.100 12/Jun/2026/17/37/24 PUT /v1/AUTH_6a45dcf95d9e4644ae6b5e86a583fa28/gnocchi.71697d1c-37b5-46fd-b773-a1bbf5d32b0c HTTP/1.0 201 - python-swiftclient-3.11.1 gAAAAABqLELiYpo3... - - - txc93fd1c3e7f34e22af212-006a2c43d4 - 0.0178 - - 1781285844.117713213 1781285844.135548592 0
Jun 12 17:37:24 standalone container-server[126913]: 172.20.0.100 - - [12/Jun/2026:17:37:24 +0000] "HEAD /d1/509/AUTH_6a45dcf95d9e4644ae6b5e86a583fa28/gnocchi.71697d1c-37b5-46fd-b773-a1bbf5d32b0c" 204 - "HEAD http://172.18.0.2:8080/v1/AUTH_6a45dcf95d9e4644ae6b5e86a583fa28/gnocchi.71697d1c-37b5-46fd-b773-a1bbf5d32b0c?format=json&states=listing" "txaf7dcf2b334447caa0191-006a2c43d4" "proxy-server 12" 0.0012 "-" 14 0
Jun 12 17:37:24 standalone proxy-server[129143]: - - 12/Jun/2026/17/37/24 HEAD /v1/AUTH_6a45dcf95d9e4644ae6b5e86a583fa28/gnocchi.71697d1c-37b5-46fd-b773-a1bbf5d32b0c%3Fformat%3Djson%26states%3Dlisting HTTP/1.0 204 - Swift - - - - txaf7dcf2b334447caa0191-006a2c43d4 - 0.0039 RL - 1781285844.139366388 1781285844.143225193 0
Jun 12 17:37:24 standalone container-server[126919]: 172.20.0.100 - - [12/Jun/2026:17:37:24 +0000] "GET /d1/509/AUTH_6a45dcf95d9e4644ae6b5e86a583fa28/gnocchi.71697d1c-37b5-46fd-b773-a1bbf5d32b0c" 200 2 "GET http://172.18.0.2:8080/v1/AUTH_6a45dcf95d9e4644ae6b5e86a583fa28/gnocchi.71697d1c-37b5-46fd-b773-a1bbf5d32b0c?format=json&states=listing" "txaf7dcf2b334447caa0191-006a2c43d4" "proxy-server 12" 0.0016 "-" 16 0
Jun 12 17:37:24 standalone proxy-server[129143]: 172.18.0.2 172.18.0.100 12/Jun/2026/17/37/24 GET /v1/AUTH_6a45dcf95d9e4644ae6b5e86a583fa28/gnocchi.71697d1c-37b5-46fd-b773-a1bbf5d32b0c%3Fformat%3Djson%26states%3Dlisting HTTP/1.0 200 - python-swiftclient-3.11.1 gAAAAABqLELiYpo3... - 2 - txaf7dcf2b334447caa0191-006a2c43d4 - 0.0110 - - 1781285844.138459682 1781285844.149446487 0
Jun 12 17:37:24 standalone object-server[126987]: 172.20.0.100 - - [12/Jun/2026:17:37:24 +0000] "GET /d1/102/AUTH_6a45dcf95d9e4644ae6b5e86a583fa28/gnocchi.71697d1c-37b5-46fd-b773-a1bbf5d32b0c/1780920000.0_mean_300.0_v3" 404 70 "GET http://172.18.0.2:8080/v1/AUTH_6a45dcf95d9e4644ae6b5e86a583fa28/gnocchi.71697d1c-37b5-46fd-b773-a1bbf5d32b0c/1780920000.0_mean_300.0_v3" "tx190b8974df0c4c0f95083-006a2c43d4" "proxy-server 12" 0.0003 "-" 24 0
Jun 12 17:37:24 standalone proxy-server[129143]: 172.18.0.2 172.18.0.100 12/Jun/2026/17/37/24 GET /v1/AUTH_6a45dcf95d9e4644ae6b5e86a583fa28/gnocchi.71697d1c-37b5-46fd-b773-a1bbf5d32b0c/1780920000.0_mean_300.0_v3 HTTP/1.0 404 - python-swiftclient-3.11.1 gAAAAABqLELiYpo3... - 70 - tx190b8974df0c4c0f95083-006a2c43d4 - 0.0063 - - 1781285844.151868820 1781285844.158128023 0
Jun 12 17:37:24 standalone container-server[126914]: 172.20.0.100 - - [12/Jun/2026:17:37:24 +0000] "PUT /d1/509/AUTH_6a45dcf95d9e4644ae6b5e86a583fa28/gnocchi.71697d1c-37b5-46fd-b773-a1bbf5d32b0c/1780920000.0_mean_300.0_v3" 201 - "PUT http://172.18.0.2:8080/d1/102/AUTH_6a45dcf95d9e4644ae6b5e86a583fa28/gnocchi.71697d1c-37b5-46fd-b773-a1bbf5d32b0c/1780920000.0_mean_300.0_v3" "txe6a2db9e783a4eefa962a-006a2c43d4" "object-server 25" 0.0005 "-" 15 0
Jun 12 17:37:24 standalone object-server[127000]: 172.20.0.100 - - [12/Jun/2026:17:37:24 +0000] "PUT /d1/102/AUTH_6a45dcf95d9e4644ae6b5e86a583fa28/gnocchi.71697d1c-37b5-46fd-b773-a1bbf5d32b0c/1780920000.0_mean_300.0_v3" 201 - "PUT http://172.18.0.2:8080/v1/AUTH_6a45dcf95d9e4644ae6b5e86a583fa28/gnocchi.71697d1c-37b5-46fd-b773-a1bbf5d32b0c/1780920000.0_mean_300.0_v3" "txe6a2db9e783a4eefa962a-006a2c43d4" "proxy-server 12" 0.0091 "-" 25 0
Jun 12 17:37:24 standalone proxy-server[129143]: 172.18.0.2 172.18.0.100 12/Jun/2026/17/37/24 PUT /v1/AUTH_6a45dcf95d9e4644ae6b5e86a583fa28/gnocchi.71697d1c-37b5-46fd-b773-a1bbf5d32b0c/1780920000.0_mean_300.0_v3 HTTP/1.0 201 - python-swiftclient-3.11.1 gAAAAABqLELiYpo3... 16 - - txe6a2db9e783a4eefa962a-006a2c43d4 - 0.0149 - - 1781285844.160786629 1781285844.175647974 0
Jun 12 17:37:24 standalone container-server[126914]: 172.20.0.100 - - [12/Jun/2026:17:37:24 +0000] "PUT /d1/509/AUTH_6a45dcf95d9e4644ae6b5e86a583fa28/gnocchi.71697d1c-37b5-46fd-b773-a1bbf5d32b0c/none_v3" 201 - "PUT http://172.18.0.2:8080/d1/913/AUTH_6a45dcf95d9e4644ae6b5e86a583fa28/gnocchi.71697d1c-37b5-46fd-b773-a1bbf5d32b0c/none_v3" "tx4c52e2e486134a5aab8b7-006a2c43d4" "object-server 22" 0.0009 "-" 15 0
Jun 12 17:37:24 standalone object-server[126960]: 172.20.0.100 - - [12/Jun/2026:17:37:24 +0000] "PUT /d1/913/AUTH_6a45dcf95d9e4644ae6b5e86a583fa28/gnocchi.71697d1c-37b5-46fd-b773-a1bbf5d32b0c/none_v3" 201 - "PUT http://172.18.0.2:8080/v1/AUTH_6a45dcf95d9e4644ae6b5e86a583fa28/gnocchi.71697d1c-37b5-46fd-b773-a1bbf5d32b0c/none_v3" "tx4c52e2e486134a5aab8b7-006a2c43d4" "proxy-server 12" 0.0094 "-" 22 0
Jun 12 17:37:24 standalone proxy-server[129143]: 172.18.0.2 172.18.0.100 12/Jun/2026/17/37/24 PUT /v1/AUTH_6a45dcf95d9e4644ae6b5e86a583fa28/gnocchi.71697d1c-37b5-46fd-b773-a1bbf5d32b0c/none_v3 HTTP/1.0 201 - python-swiftclient-3.11.1 gAAAAABqLELiYpo3... 22 - - tx4c52e2e486134a5aab8b7-006a2c43d4 - 0.0150 - - 1781285844.177684784 1781285844.192641735 0
Jun 12 17:37:24 standalone container-server[126923]: 172.20.0.100 - - [12/Jun/2026:17:37:24 +0000] "HEAD /d1/767/AUTH_6a45dcf95d9e4644ae6b5e86a583fa28/gnocchi.963b4e57-b9d1-47d5-ac30-988cdeb096da" 404 - "HEAD http://172.18.0.2:8080/v1/AUTH_6a45dcf95d9e4644ae6b5e86a583fa28/gnocchi.963b4e57-b9d1-47d5-ac30-988cdeb096da?format=json&states=listing" "txef491a6810df48c4bdb94-006a2c43d4" "proxy-server 12" 0.0006 "-" 17 0
Jun 12 17:37:24 standalone object-server[126972]: 172.20.0.100 - - [12/Jun/2026:17:37:24 +0000] "GET /d1/362/AUTH_6a45dcf95d9e4644ae6b5e86a583fa28/gnocchi.963b4e57-b9d1-47d5-ac30-988cdeb096da/none_v3" 404 70 "GET http://172.18.0.2:8080/v1/AUTH_6a45dcf95d9e4644ae6b5e86a583fa28/gnocchi.963b4e57-b9d1-47d5-ac30-988cdeb096da/none_v3" "txef491a6810df48c4bdb94-006a2c43d4" "proxy-server 12" 0.0005 "-" 23 0
Jun 12 17:37:24 standalone proxy-server[129143]: 172.18.0.2 172.18.0.100 12/Jun/2026/17/37/24 GET /v1/AUTH_6a45dcf95d9e4644ae6b5e86a583fa28/gnocchi.963b4e57-b9d1-47d5-ac30-988cdeb096da/none_v3 HTTP/1.0 404 - python-swiftclient-3.11.1 gAAAAABqLELiYpo3... - 70 - txef491a6810df48c4bdb94-006a2c43d4 - 0.0143 - - 1781285844.210689545 1781285844.224988937 0
Jun 12 17:37:24 standalone account-server[126530]: 172.20.0.100 - - [12/Jun/2026:17:37:24 +0000] "PUT /d1/225/AUTH_6a45dcf95d9e4644ae6b5e86a583fa28/gnocchi.963b4e57-b9d1-47d5-ac30-988cdeb096da" 201 - "PUT http://172.20.0.100:6001/d1/767/AUTH_6a45dcf95d9e4644ae6b5e86a583fa28/gnocchi.963b4e57-b9d1-47d5-ac30-988cdeb096da" "txbd90a732d46b4ab8b5005-006a2c43d4" "container-server 15" 0.0041 "-" 15 0
Jun 12 17:37:24 standalone container-server[126914]: 172.20.0.100 - - [12/Jun/2026:17:37:24 +0000] "PUT /d1/767/AUTH_6a45dcf95d9e4644ae6b5e86a583fa28/gnocchi.963b4e57-b9d1-47d5-ac30-988cdeb096da" 201 - "PUT http://172.18.0.2:8080/v1/AUTH_6a45dcf95d9e4644ae6b5e86a583fa28/gnocchi.963b4e57-b9d1-47d5-ac30-988cdeb096da" "txbd90a732d46b4ab8b5005-006a2c43d4" "proxy-server 12" 0.0191 "-" 15 0
Jun 12 17:37:24 standalone proxy-server[129143]: 172.18.0.2 172.18.0.100 12/Jun/2026/17/37/24 PUT /v1/AUTH_6a45dcf95d9e4644ae6b5e86a583fa28/gnocchi.963b4e57-b9d1-47d5-ac30-988cdeb096da HTTP/1.0 201 - python-swiftclient-3.11.1 gAAAAABqLELiYpo3... - - - txbd90a732d46b4ab8b5005-006a2c43d4 - 0.0244 - - 1781285844.227218866 1781285844.251663923 0
Jun 12 17:37:24 standalone container-server[126919]: 172.20.0.100 - - [12/Jun/2026:17:37:24 +0000] "HEAD /d1/767/AUTH_6a45dcf95d9e4644ae6b5e86a583fa28/gnocchi.963b4e57-b9d1-47d5-ac30-988cdeb096da" 204 - "HEAD http://172.18.0.2:8080/v1/AUTH_6a45dcf95d9e4644ae6b5e86a583fa28/gnocchi.963b4e57-b9d1-47d5-ac30-988cdeb096da?format=json&states=listing" "txf30f3f3f906b47d5a75ec-006a2c43d4" "proxy-server 12" 0.0015 "-" 16 0
Jun 12 17:37:24 standalone proxy-server[129143]: - - 12/Jun/2026/17/37/24 HEAD /v1/AUTH_6a45dcf95d9e4644ae6b5e86a583fa28/gnocchi.963b4e57-b9d1-47d5-ac30-988cdeb096da%3Fformat%3Djson%26states%3Dlisting HTTP/1.0 204 - Swift - - - - txf30f3f3f906b47d5a75ec-006a2c43d4 - 0.0052 RL - 1781285844.256134748 1781285844.261308432 0
Jun 12 17:37:24 standalone container-server[126913]: 172.20.0.100 - - [12/Jun/2026:17:37:24 +0000] "GET /d1/767/AUTH_6a45dcf95d9e4644ae6b5e86a583fa28/gnocchi.963b4e57-b9d1-47d5-ac30-988cdeb096da" 200 2 "GET http://172.18.0.2:8080/v1/AUTH_6a45dcf95d9e4644ae6b5e86a583fa28/gnocchi.963b4e57-b9d1-47d5-ac30-988cdeb096da?format=json&states=listing" "txf30f3f3f906b47d5a75ec-006a2c43d4" "proxy-server 12" 0.0017 "-" 14 0
Jun 12 17:37:24 standalone proxy-server[129143]: 172.18.0.2 172.18.0.100 12/Jun/2026/17/37/24 GET /v1/AUTH_6a45dcf95d9e4644ae6b5e86a583fa28/gnocchi.963b4e57-b9d1-47d5-ac30-988cdeb096da%3Fformat%3Djson%26states%3Dlisting HTTP/1.0 200 - python-swiftclient-3.11.1 gAAAAABqLELiYpo3... - 2 - txf30f3f3f906b47d5a75ec-006a2c43d4 - 0.0158 - - 1781285844.254694223 1781285844.270444393 0
Jun 12 17:37:24 standalone object-server[126972]: 172.20.0.100 - - [12/Jun/2026:17:37:24 +0000] "GET /d1/678/AUTH_6a45dcf95d9e4644ae6b5e86a583fa28/gnocchi.963b4e57-b9d1-47d5-ac30-988cdeb096da/1780920000.0_mean_300.0_v3" 404 70 "GET http://172.18.0.2:8080/v1/AUTH_6a45dcf95d9e4644ae6b5e86a583fa28/gnocchi.963b4e57-b9d1-47d5-ac30-988cdeb096da/1780920000.0_mean_300.0_v3" "tx07dc82a9159b4b7eb358d-006a2c43d4" "proxy-server 12" 0.0005 "-" 23 0
Jun 12 17:37:24 standalone proxy-server[129143]: 172.18.0.2 172.18.0.100 12/Jun/2026/17/37/24 GET /v1/AUTH_6a45dcf95d9e4644ae6b5e86a583fa28/gnocchi.963b4e57-b9d1-47d5-ac30-988cdeb096da/1780920000.0_mean_300.0_v3 HTTP/1.0 404 - python-swiftclient-3.11.1 gAAAAABqLELiYpo3... - 70 - tx07dc82a9159b4b7eb358d-006a2c43d4 - 0.0076 - - 1781285844.280068398 1781285844.287699461 0
Jun 12 17:37:24 standalone container-server[126923]: 172.20.0.100 - - [12/Jun/2026:17:37:24 +0000] "PUT /d1/767/AUTH_6a45dcf95d9e4644ae6b5e86a583fa28/gnocchi.963b4e57-b9d1-47d5-ac30-988cdeb096da/1780920000.0_mean_300.0_v3" 201 - "PUT http://172.18.0.2:8080/d1/678/AUTH_6a45dcf95d9e4644ae6b5e86a583fa28/gnocchi.963b4e57-b9d1-47d5-ac30-988cdeb096da/1780920000.0_mean_300.0_v3" "txe79113378457454eabb4f-006a2c43d4" "object-server 24" 0.0008 "-" 17 0
Jun 12 17:37:24 standalone object-server[126987]: 172.20.0.100 - - [12/Jun/2026:17:37:24 +0000] "PUT /d1/678/AUTH_6a45dcf95d9e4644ae6b5e86a583fa28/gnocchi.963b4e57-b9d1-47d5-ac30-988cdeb096da/1780920000.0_mean_300.0_v3" 201 - "PUT http://172.18.0.2:8080/v1/AUTH_6a45dcf95d9e4644ae6b5e86a583fa28/gnocchi.963b4e57-b9d1-47d5-ac30-988cdeb096da/1780920000.0_mean_300.0_v3" "txe79113378457454eabb4f-006a2c43d4" "proxy-server 12" 0.0099 "-" 24 0
Jun 12 17:37:24 standalone proxy-server[129143]: 172.18.0.2 172.18.0.100 12/Jun/2026/17/37/24 PUT /v1/AUTH_6a45dcf95d9e4644ae6b5e86a583fa28/gnocchi.963b4e57-b9d1-47d5-ac30-988cdeb096da/1780920000.0_mean_300.0_v3 HTTP/1.0 201 - python-swiftclient-3.11.1 gAAAAABqLELiYpo3... 16 - - txe79113378457454eabb4f-006a2c43d4 - 0.0270 - - 1781285844.290278196 1781285844.317308664 0
Jun 12 17:37:24 standalone container-server[126923]: 172.20.0.100 - - [12/Jun/2026:17:37:24 +0000] "PUT /d1/767/AUTH_6a45dcf95d9e4644ae6b5e86a583fa28/gnocchi.963b4e57-b9d1-47d5-ac30-988cdeb096da/none_v3" 201 - "PUT http://172.18.0.2:8080/d1/362/AUTH_6a45dcf95d9e4644ae6b5e86a583fa28/gnocchi.963b4e57-b9d1-47d5-ac30-988cdeb096da/none_v3" "txf2858f53811b4d55b352f-006a2c43d4" "object-server 24" 0.0015 "-" 17 0
Jun 12 17:37:24 standalone object-server[126987]: 172.20.0.100 - - [12/Jun/2026:17:37:24 +0000] "PUT /d1/362/AUTH_6a45dcf95d9e4644ae6b5e86a583fa28/gnocchi.963b4e57-b9d1-47d5-ac30-988cdeb096da/none_v3" 201 - "PUT http://172.18.0.2:8080/v1/AUTH_6a45dcf95d9e4644ae6b5e86a583fa28/gnocchi.963b4e57-b9d1-47d5-ac30-988cdeb096da/none_v3" "txf2858f53811b4d55b352f-006a2c43d4" "proxy-server 12" 0.0113 "-" 24 0
Jun 12 17:37:24 standalone proxy-server[129143]: 172.18.0.2 172.18.0.100 12/Jun/2026/17/37/24 PUT /v1/AUTH_6a45dcf95d9e4644ae6b5e86a583fa28/gnocchi.963b4e57-b9d1-47d5-ac30-988cdeb096da/none_v3 HTTP/1.0 201 - python-swiftclient-3.11.1 gAAAAABqLELiYpo3... 22 - - txf2858f53811b4d55b352f-006a2c43d4 - 0.0211 - - 1781285844.320676565 1781285844.341821194 0
Jun 12 17:37:24 standalone container-server[126914]: 172.20.0.100 - - [12/Jun/2026:17:37:24 +0000] "HEAD /d1/951/AUTH_6a45dcf95d9e4644ae6b5e86a583fa28/gnocchi.2bb162c3-fcfb-40a4-97e3-527583ec3e6c" 404 - "HEAD http://172.18.0.2:8080/v1/AUTH_6a45dcf95d9e4644ae6b5e86a583fa28/gnocchi.2bb162c3-fcfb-40a4-97e3-527583ec3e6c?format=json&states=listing" "txbf284dd1d77b475282b60-006a2c43d4" "proxy-server 12" 0.0005 "-" 15 0
Jun 12 17:37:24 standalone object-server[127000]: 172.20.0.100 - - [12/Jun/2026:17:37:24 +0000] "GET /d1/515/AUTH_6a45dcf95d9e4644ae6b5e86a583fa28/gnocchi.2bb162c3-fcfb-40a4-97e3-527583ec3e6c/none_v3" 404 70 "GET http://172.18.0.2:8080/v1/AUTH_6a45dcf95d9e4644ae6b5e86a583fa28/gnocchi.2bb162c3-fcfb-40a4-97e3-527583ec3e6c/none_v3" "txbf284dd1d77b475282b60-006a2c43d4" "proxy-server 12" 0.0005 "-" 25 0
Jun 12 17:37:24 standalone proxy-server[129143]: 172.18.0.2 172.18.0.100 12/Jun/2026/17/37/24 GET /v1/AUTH_6a45dcf95d9e4644ae6b5e86a583fa28/gnocchi.2bb162c3-fcfb-40a4-97e3-527583ec3e6c/none_v3 HTTP/1.0 404 - python-swiftclient-3.11.1 gAAAAABqLELiYpo3... - 70 - txbf284dd1d77b475282b60-006a2c43d4 - 0.0143 - - 1781285844.353516817 1781285844.367860556 0
Jun 12 17:37:24 standalone account-server[126513]: 172.20.0.100 - - [12/Jun/2026:17:37:24 +0000] "PUT /d1/225/AUTH_6a45dcf95d9e4644ae6b5e86a583fa28/gnocchi.2bb162c3-fcfb-40a4-97e3-527583ec3e6c" 201 - "PUT http://172.20.0.100:6001/d1/951/AUTH_6a45dcf95d9e4644ae6b5e86a583fa28/gnocchi.2bb162c3-fcfb-40a4-97e3-527583ec3e6c" "txa004d2810926474e9ad6f-006a2c43d4" "container-server 17" 0.0084 "-" 14 0
Jun 12 17:37:24 standalone container-server[126923]: 172.20.0.100 - - [12/Jun/2026:17:37:24 +0000] "PUT /d1/951/AUTH_6a45dcf95d9e4644ae6b5e86a583fa28/gnocchi.2bb162c3-fcfb-40a4-97e3-527583ec3e6c" 201 - "PUT http://172.18.0.2:8080/v1/AUTH_6a45dcf95d9e4644ae6b5e86a583fa28/gnocchi.2bb162c3-fcfb-40a4-97e3-527583ec3e6c" "txa004d2810926474e9ad6f-006a2c43d4" "proxy-server 12" 0.0230 "-" 17 0
Jun 12 17:37:24 standalone proxy-server[129143]: 172.18.0.2 172.18.0.100 12/Jun/2026/17/37/24 PUT /v1/AUTH_6a45dcf95d9e4644ae6b5e86a583fa28/gnocchi.2bb162c3-fcfb-40a4-97e3-527583ec3e6c HTTP/1.0 201 - python-swiftclient-3.11.1 gAAAAABqLELiYpo3... - - - txa004d2810926474e9ad6f-006a2c43d4 - 0.0326 - - 1781285844.370907068 1781285844.403529167 0
Jun 12 17:37:24 standalone container-server[126913]: 172.20.0.100 - - [12/Jun/2026:17:37:24 +0000] "HEAD /d1/464/AUTH_6a45dcf95d9e4644ae6b5e86a583fa28/gnocchi.8d79516d-ba7b-4235-8138-db3bcac49fec" 404 - "HEAD http://172.18.0.2:8080/v1/AUTH_6a45dcf95d9e4644ae6b5e86a583fa28/gnocchi.8d79516d-ba7b-4235-8138-db3bcac49fec?format=json&states=listing" "tx4dd179bed3a04220a1948-006a2c43d4" "proxy-server 12" 0.0006 "-" 14 0
Jun 12 17:37:24 standalone object-server[126987]: 172.20.0.100 - - [12/Jun/2026:17:37:24 +0000] "GET /d1/266/AUTH_6a45dcf95d9e4644ae6b5e86a583fa28/gnocchi.8d79516d-ba7b-4235-8138-db3bcac49fec/none_v3" 404 70 "GET http://172.18.0.2:8080/v1/AUTH_6a45dcf95d9e4644ae6b5e86a583fa28/gnocchi.8d79516d-ba7b-4235-8138-db3bcac49fec/none_v3" "tx4dd179bed3a04220a1948-006a2c43d4" "proxy-server 12" 0.0005 "-" 24 0
Jun 12 17:37:24 standalone proxy-server[129143]: 172.18.0.2 172.18.0.100 12/Jun/2026/17/37/24 GET /v1/AUTH_6a45dcf95d9e4644ae6b5e86a583fa28/gnocchi.8d79516d-ba7b-4235-8138-db3bcac49fec/none_v3 HTTP/1.0 404 - python-swiftclient-3.11.1 gAAAAABqLELiYpo3... - 70 - tx4dd179bed3a04220a1948-006a2c43d4 - 0.0166 - - 1781285844.410057306 1781285844.426668406 0
Jun 12 17:37:24 standalone account-server[126543]: 172.20.0.100 - - [12/Jun/2026:17:37:24 +0000] "PUT /d1/225/AUTH_6a45dcf95d9e4644ae6b5e86a583fa28/gnocchi.8d79516d-ba7b-4235-8138-db3bcac49fec" 201 - "PUT http://172.20.0.100:6001/d1/464/AUTH_6a45dcf95d9e4644ae6b5e86a583fa28/gnocchi.8d79516d-ba7b-4235-8138-db3bcac49fec" "tx56d019c6a54243e2a368c-006a2c43d4" "container-server 17" 0.0064 "-" 16 0
Jun 12 17:37:24 standalone container-server[126923]: 172.20.0.100 - - [12/Jun/2026:17:37:24 +0000] "PUT /d1/464/AUTH_6a45dcf95d9e4644ae6b5e86a583fa28/gnocchi.8d79516d-ba7b-4235-8138-db3bcac49fec" 201 - "PUT http://172.18.0.2:8080/v1/AUTH_6a45dcf95d9e4644ae6b5e86a583fa28/gnocchi.8d79516d-ba7b-4235-8138-db3bcac49fec" "tx56d019c6a54243e2a368c-006a2c43d4" "proxy-server 12" 0.0205 "-" 17 0
Jun 12 17:37:24 standalone proxy-server[129143]: 172.18.0.2 172.18.0.100 12/Jun/2026/17/37/24 PUT /v1/AUTH_6a45dcf95d9e4644ae6b5e86a583fa28/gnocchi.8d79516d-ba7b-4235-8138-db3bcac49fec HTTP/1.0 201 - python-swiftclient-3.11.1 gAAAAABqLELiYpo3... - - - tx56d019c6a54243e2a368c-006a2c43d4 - 0.0323 - - 1781285844.431097507 1781285844.463350773 0
Jun 12 17:37:24 standalone container-server[126923]: 172.20.0.100 - - [12/Jun/2026:17:37:24 +0000] "HEAD /d1/951/AUTH_6a45dcf95d9e4644ae6b5e86a583fa28/gnocchi.2bb162c3-fcfb-40a4-97e3-527583ec3e6c" 204 - "HEAD http://172.18.0.2:8080/v1/AUTH_6a45dcf95d9e4644ae6b5e86a583fa28/gnocchi.2bb162c3-fcfb-40a4-97e3-527583ec3e6c?format=json&states=listing" "tx75ce9e77793840cd91672-006a2c43d4" "proxy-server 12" 0.0025 "-" 17 0
Jun 12 17:37:24 standalone proxy-server[129143]: - - 12/Jun/2026/17/37/24 HEAD /v1/AUTH_6a45dcf95d9e4644ae6b5e86a583fa28/gnocchi.2bb162c3-fcfb-40a4-97e3-527583ec3e6c%3Fformat%3Djson%26states%3Dlisting HTTP/1.0 204 - Swift - - - - tx75ce9e77793840cd91672-006a2c43d4 - 0.0080 RL - 1781285844.470491409 1781285844.478521585 0
Jun 12 17:37:24 standalone container-server[126919]: 172.20.0.100 - - [12/Jun/2026:17:37:24 +0000] "GET /d1/951/AUTH_6a45dcf95d9e4644ae6b5e86a583fa28/gnocchi.2bb162c3-fcfb-40a4-97e3-527583ec3e6c" 200 2 "GET http://172.18.0.2:8080/v1/AUTH_6a45dcf95d9e4644ae6b5e86a583fa28/gnocchi.2bb162c3-fcfb-40a4-97e3-527583ec3e6c?format=json&states=listing" "tx75ce9e77793840cd91672-006a2c43d4" "proxy-server 12" 0.0034 "-" 16 0
Jun 12 17:37:24 standalone proxy-server[129143]: 172.18.0.2 172.18.0.100 12/Jun/2026/17/37/24 GET /v1/AUTH_6a45dcf95d9e4644ae6b5e86a583fa28/gnocchi.2bb162c3-fcfb-40a4-97e3-527583ec3e6c%3Fformat%3Djson%26states%3Dlisting HTTP/1.0 200 - python-swiftclient-3.11.1 gAAAAABqLELiYpo3... - 2 - tx75ce9e77793840cd91672-006a2c43d4 - 0.0236 - - 1781285844.468309641 1781285844.491902351 0
Jun 12 17:37:24 standalone container-server[126913]: 172.20.0.100 - - [12/Jun/2026:17:37:24 +0000] "HEAD /d1/464/AUTH_6a45dcf95d9e4644ae6b5e86a583fa28/gnocchi.8d79516d-ba7b-4235-8138-db3bcac49fec" 204 - "HEAD http://172.18.0.2:8080/v1/AUTH_6a45dcf95d9e4644ae6b5e86a583fa28/gnocchi.8d79516d-ba7b-4235-8138-db3bcac49fec?format=json&states=listing" "txb4edda6c30e04dd685803-006a2c43d4" "proxy-server 12" 0.0021 "-" 14 0
Jun 12 17:37:24 standalone proxy-server[129143]: - - 12/Jun/2026/17/37/24 HEAD /v1/AUTH_6a45dcf95d9e4644ae6b5e86a583fa28/gnocchi.8d79516d-ba7b-4235-8138-db3bcac49fec%3Fformat%3Djson%26states%3Dlisting HTTP/1.0 204 - Swift - - - - txb4edda6c30e04dd685803-006a2c43d4 - 0.0070 RL - 1781285844.498642921 1781285844.505663395 0
Jun 12 17:37:24 standalone container-server[126914]: 172.20.0.100 - - [12/Jun/2026:17:37:24 +0000] "GET /d1/464/AUTH_6a45dcf95d9e4644ae6b5e86a583fa28/gnocchi.8d79516d-ba7b-4235-8138-db3bcac49fec" 200 2 "GET http://172.18.0.2:8080/v1/AUTH_6a45dcf95d9e4644ae6b5e86a583fa28/gnocchi.8d79516d-ba7b-4235-8138-db3bcac49fec?format=json&states=listing" "txb4edda6c30e04dd685803-006a2c43d4" "proxy-server 12" 0.0037 "-" 15 0
Jun 12 17:37:24 standalone proxy-server[129143]: 172.18.0.2 172.18.0.100 12/Jun/2026/17/37/24 GET /v1/AUTH_6a45dcf95d9e4644ae6b5e86a583fa28/gnocchi.8d79516d-ba7b-4235-8138-db3bcac49fec%3Fformat%3Djson%26states%3Dlisting HTTP/1.0 200 - python-swiftclient-3.11.1 gAAAAABqLELiYpo3... - 2 - txb4edda6c30e04dd685803-006a2c43d4 - 0.0214 - - 1781285844.497083426 1781285844.518519402 0
Jun 12 17:37:24 standalone object-server[127000]: 172.20.0.100 - - [12/Jun/2026:17:37:24 +0000] "GET /d1/959/AUTH_6a45dcf95d9e4644ae6b5e86a583fa28/gnocchi.2bb162c3-fcfb-40a4-97e3-527583ec3e6c/1780920000.0_mean_300.0_v3" 404 70 "GET http://172.18.0.2:8080/v1/AUTH_6a45dcf95d9e4644ae6b5e86a583fa28/gnocchi.2bb162c3-fcfb-40a4-97e3-527583ec3e6c/1780920000.0_mean_300.0_v3" "txcc8b45d8f9be4e72b27f3-006a2c43d4" "proxy-server 12" 0.0005 "-" 25 0
Jun 12 17:37:24 standalone proxy-server[129143]: 172.18.0.2 172.18.0.100 12/Jun/2026/17/37/24 GET /v1/AUTH_6a45dcf95d9e4644ae6b5e86a583fa28/gnocchi.2bb162c3-fcfb-40a4-97e3-527583ec3e6c/1780920000.0_mean_300.0_v3 HTTP/1.0 404 - python-swiftclient-3.11.1 gAAAAABqLELiYpo3... - 70 - txcc8b45d8f9be4e72b27f3-006a2c43d4 - 0.0097 - - 1781285844.523435116 1781285844.533149719 0
Jun 12 17:37:24 standalone object-server[126972]: 172.20.0.100 - - [12/Jun/2026:17:37:24 +0000] "GET /d1/765/AUTH_6a45dcf95d9e4644ae6b5e86a583fa28/gnocchi.8d79516d-ba7b-4235-8138-db3bcac49fec/1780920000.0_mean_300.0_v3" 404 70 "GET http://172.18.0.2:8080/v1/AUTH_6a45dcf95d9e4644ae6b5e86a583fa28/gnocchi.8d79516d-ba7b-4235-8138-db3bcac49fec/1780920000.0_mean_300.0_v3" "tx2646fb41c9bf461d99d34-006a2c43d4" "proxy-server 12" 0.0005 "-" 23 0
Jun 12 17:37:24 standalone proxy-server[129143]: 172.18.0.2 172.18.0.100 12/Jun/2026/17/37/24 GET /v1/AUTH_6a45dcf95d9e4644ae6b5e86a583fa28/gnocchi.8d79516d-ba7b-4235-8138-db3bcac49fec/1780920000.0_mean_300.0_v3 HTTP/1.0 404 - python-swiftclient-3.11.1 gAAAAABqLELiYpo3... - 70 - tx2646fb41c9bf461d99d34-006a2c43d4 - 0.0056 - - 1781285844.536489964 1781285844.542137146 0
Jun 12 17:37:24 standalone container-server[126914]: 172.20.0.100 - - [12/Jun/2026:17:37:24 +0000] "PUT /d1/951/AUTH_6a45dcf95d9e4644ae6b5e86a583fa28/gnocchi.2bb162c3-fcfb-40a4-97e3-527583ec3e6c/1780920000.0_mean_300.0_v3" 201 - "PUT http://172.18.0.2:8080/d1/959/AUTH_6a45dcf95d9e4644ae6b5e86a583fa28/gnocchi.2bb162c3-fcfb-40a4-97e3-527583ec3e6c/1780920000.0_mean_300.0_v3" "tx5f5d4ba362f04e7fb5875-006a2c43d4" "object-server 22" 0.0010 "-" 15 0
Jun 12 17:37:24 standalone object-server[126960]: 172.20.0.100 - - [12/Jun/2026:17:37:24 +0000] "PUT /d1/959/AUTH_6a45dcf95d9e4644ae6b5e86a583fa28/gnocchi.2bb162c3-fcfb-40a4-97e3-527583ec3e6c/1780920000.0_mean_300.0_v3" 201 - "PUT http://172.18.0.2:8080/v1/AUTH_6a45dcf95d9e4644ae6b5e86a583fa28/gnocchi.2bb162c3-fcfb-40a4-97e3-527583ec3e6c/1780920000.0_mean_300.0_v3" "tx5f5d4ba362f04e7fb5875-006a2c43d4" "proxy-server 12" 0.0112 "-" 22 0
Jun 12 17:37:24 standalone proxy-server[129143]: 172.18.0.2 172.18.0.100 12/Jun/2026/17/37/24 PUT /v1/AUTH_6a45dcf95d9e4644ae6b5e86a583fa28/gnocchi.2bb162c3-fcfb-40a4-97e3-527583ec3e6c/1780920000.0_mean_300.0_v3 HTTP/1.0 201 - python-swiftclient-3.11.1 gAAAAABqLELiYpo3... 16 - - tx5f5d4ba362f04e7fb5875-006a2c43d4 - 0.0162 - - 1781285844.545654774 1781285844.561846733 0
Jun 12 17:37:24 standalone container-server[126923]: 172.20.0.100 - - [12/Jun/2026:17:37:24 +0000] "PUT /d1/464/AUTH_6a45dcf95d9e4644ae6b5e86a583fa28/gnocchi.8d79516d-ba7b-4235-8138-db3bcac49fec/1780920000.0_mean_300.0_v3" 201 - "PUT http://172.18.0.2:8080/d1/765/AUTH_6a45dcf95d9e4644ae6b5e86a583fa28/gnocchi.8d79516d-ba7b-4235-8138-db3bcac49fec/1780920000.0_mean_300.0_v3" "tx558c869addb04612960f2-006a2c43d4" "object-server 24" 0.0009 "-" 17 0
