Jun 12 17:37:24 standalone object-server[126987]: 172.20.0.100 - - [12/Jun/2026:17:37:24 +0000] "PUT /d1/765/AUTH_6a45dcf95d9e4644ae6b5e86a583fa28/gnocchi.8d79516d-ba7b-4235-8138-db3bcac49fec/1780920000.0_mean_300.0_v3" 201 - "PUT http://172.18.0.2:8080/v1/AUTH_6a45dcf95d9e4644ae6b5e86a583fa28/gnocchi.8d79516d-ba7b-4235-8138-db3bcac49fec/1780920000.0_mean_300.0_v3" "tx558c869addb04612960f2-006a2c43d4" "proxy-server 12" 0.0100 "-" 24 0
Jun 12 17:37:24 standalone proxy-server[129143]: 172.18.0.2 172.18.0.100 12/Jun/2026/17/37/24 PUT /v1/AUTH_6a45dcf95d9e4644ae6b5e86a583fa28/gnocchi.8d79516d-ba7b-4235-8138-db3bcac49fec/1780920000.0_mean_300.0_v3 HTTP/1.0 201 - python-swiftclient-3.11.1 gAAAAABqLELiYpo3... 16 - - tx558c869addb04612960f2-006a2c43d4 - 0.0145 - - 1781285844.565011978 1781285844.579536676 0
Jun 12 17:37:24 standalone container-server[126923]: 172.20.0.100 - - [12/Jun/2026:17:37:24 +0000] "PUT /d1/951/AUTH_6a45dcf95d9e4644ae6b5e86a583fa28/gnocchi.2bb162c3-fcfb-40a4-97e3-527583ec3e6c/none_v3" 201 - "PUT http://172.18.0.2:8080/d1/515/AUTH_6a45dcf95d9e4644ae6b5e86a583fa28/gnocchi.2bb162c3-fcfb-40a4-97e3-527583ec3e6c/none_v3" "tx7a8ef163305646bdaf2cc-006a2c43d4" "object-server 25" 0.0006 "-" 17 0
Jun 12 17:37:24 standalone object-server[127000]: 172.20.0.100 - - [12/Jun/2026:17:37:24 +0000] "PUT /d1/515/AUTH_6a45dcf95d9e4644ae6b5e86a583fa28/gnocchi.2bb162c3-fcfb-40a4-97e3-527583ec3e6c/none_v3" 201 - "PUT http://172.18.0.2:8080/v1/AUTH_6a45dcf95d9e4644ae6b5e86a583fa28/gnocchi.2bb162c3-fcfb-40a4-97e3-527583ec3e6c/none_v3" "tx7a8ef163305646bdaf2cc-006a2c43d4" "proxy-server 12" 0.0098 "-" 25 0
Jun 12 17:37:24 standalone proxy-server[129143]: 172.18.0.2 172.18.0.100 12/Jun/2026/17/37/24 PUT /v1/AUTH_6a45dcf95d9e4644ae6b5e86a583fa28/gnocchi.2bb162c3-fcfb-40a4-97e3-527583ec3e6c/none_v3 HTTP/1.0 201 - python-swiftclient-3.11.1 gAAAAABqLELiYpo3... 22 - - tx7a8ef163305646bdaf2cc-006a2c43d4 - 0.0143 - - 1781285844.582315922 1781285844.596640825 0
Jun 12 17:37:24 standalone container-server[126914]: 172.20.0.100 - - [12/Jun/2026:17:37:24 +0000] "PUT /d1/464/AUTH_6a45dcf95d9e4644ae6b5e86a583fa28/gnocchi.8d79516d-ba7b-4235-8138-db3bcac49fec/none_v3" 201 - "PUT http://172.18.0.2:8080/d1/266/AUTH_6a45dcf95d9e4644ae6b5e86a583fa28/gnocchi.8d79516d-ba7b-4235-8138-db3bcac49fec/none_v3" "tx8de697bc5bd445bcbb56b-006a2c43d4" "object-server 22" 0.0007 "-" 15 0
Jun 12 17:37:24 standalone object-server[126960]: 172.20.0.100 - - [12/Jun/2026:17:37:24 +0000] "PUT /d1/266/AUTH_6a45dcf95d9e4644ae6b5e86a583fa28/gnocchi.8d79516d-ba7b-4235-8138-db3bcac49fec/none_v3" 201 - "PUT http://172.18.0.2:8080/v1/AUTH_6a45dcf95d9e4644ae6b5e86a583fa28/gnocchi.8d79516d-ba7b-4235-8138-db3bcac49fec/none_v3" "tx8de697bc5bd445bcbb56b-006a2c43d4" "proxy-server 12" 0.0100 "-" 22 0
Jun 12 17:37:24 standalone proxy-server[129143]: 172.18.0.2 172.18.0.100 12/Jun/2026/17/37/24 PUT /v1/AUTH_6a45dcf95d9e4644ae6b5e86a583fa28/gnocchi.8d79516d-ba7b-4235-8138-db3bcac49fec/none_v3 HTTP/1.0 201 - python-swiftclient-3.11.1 gAAAAABqLELiYpo3... 22 - - tx8de697bc5bd445bcbb56b-006a2c43d4 - 0.0145 - - 1781285844.599368334 1781285844.613890648 0
Jun 12 17:37:24 standalone container-server[126923]: 172.20.0.100 - - [12/Jun/2026:17:37:24 +0000] "HEAD /d1/917/AUTH_6a45dcf95d9e4644ae6b5e86a583fa28/gnocchi.6ef43f4f-b694-4e90-afe2-440ea55b6ee4" 404 - "HEAD http://172.18.0.2:8080/v1/AUTH_6a45dcf95d9e4644ae6b5e86a583fa28/gnocchi.6ef43f4f-b694-4e90-afe2-440ea55b6ee4?format=json&states=listing" "tx4f6d28c9849748859b4e3-006a2c43d4" "proxy-server 12" 0.0005 "-" 17 0
Jun 12 17:37:24 standalone object-server[127000]: 172.20.0.100 - - [12/Jun/2026:17:37:24 +0000] "GET /d1/761/AUTH_6a45dcf95d9e4644ae6b5e86a583fa28/gnocchi.6ef43f4f-b694-4e90-afe2-440ea55b6ee4/none_v3" 404 70 "GET http://172.18.0.2:8080/v1/AUTH_6a45dcf95d9e4644ae6b5e86a583fa28/gnocchi.6ef43f4f-b694-4e90-afe2-440ea55b6ee4/none_v3" "tx4f6d28c9849748859b4e3-006a2c43d4" "proxy-server 12" 0.0004 "-" 25 0
Jun 12 17:37:24 standalone proxy-server[129143]: 172.18.0.2 172.18.0.100 12/Jun/2026/17/37/24 GET /v1/AUTH_6a45dcf95d9e4644ae6b5e86a583fa28/gnocchi.6ef43f4f-b694-4e90-afe2-440ea55b6ee4/none_v3 HTTP/1.0 404 - python-swiftclient-3.11.1 gAAAAABqLELiYpo3... - 70 - tx4f6d28c9849748859b4e3-006a2c43d4 - 0.0081 - - 1781285844.625926733 1781285844.634022951 0
Jun 12 17:37:24 standalone account-server[126561]: 172.20.0.100 - - [12/Jun/2026:17:37:24 +0000] "PUT /d1/225/AUTH_6a45dcf95d9e4644ae6b5e86a583fa28/gnocchi.6ef43f4f-b694-4e90-afe2-440ea55b6ee4" 201 - "PUT http://172.20.0.100:6001/d1/917/AUTH_6a45dcf95d9e4644ae6b5e86a583fa28/gnocchi.6ef43f4f-b694-4e90-afe2-440ea55b6ee4" "txbd8ba4806e8447318f9d7-006a2c43d4" "container-server 14" 0.0056 "-" 17 0
Jun 12 17:37:24 standalone container-server[126913]: 172.20.0.100 - - [12/Jun/2026:17:37:24 +0000] "PUT /d1/917/AUTH_6a45dcf95d9e4644ae6b5e86a583fa28/gnocchi.6ef43f4f-b694-4e90-afe2-440ea55b6ee4" 201 - "PUT http://172.18.0.2:8080/v1/AUTH_6a45dcf95d9e4644ae6b5e86a583fa28/gnocchi.6ef43f4f-b694-4e90-afe2-440ea55b6ee4" "txbd8ba4806e8447318f9d7-006a2c43d4" "proxy-server 12" 0.0181 "-" 14 0
Jun 12 17:37:24 standalone proxy-server[129143]: 172.18.0.2 172.18.0.100 12/Jun/2026/17/37/24 PUT /v1/AUTH_6a45dcf95d9e4644ae6b5e86a583fa28/gnocchi.6ef43f4f-b694-4e90-afe2-440ea55b6ee4 HTTP/1.0 201 - python-swiftclient-3.11.1 gAAAAABqLELiYpo3... - - - txbd8ba4806e8447318f9d7-006a2c43d4 - 0.0234 - - 1781285844.636730671 1781285844.660131931 0
Jun 12 17:37:24 standalone container-server[126914]: 172.20.0.100 - - [12/Jun/2026:17:37:24 +0000] "HEAD /d1/917/AUTH_6a45dcf95d9e4644ae6b5e86a583fa28/gnocchi.6ef43f4f-b694-4e90-afe2-440ea55b6ee4" 204 - "HEAD http://172.18.0.2:8080/v1/AUTH_6a45dcf95d9e4644ae6b5e86a583fa28/gnocchi.6ef43f4f-b694-4e90-afe2-440ea55b6ee4?format=json&states=listing" "tx2d75497a11794c11aa821-006a2c43d4" "proxy-server 12" 0.0022 "-" 15 0
Jun 12 17:37:24 standalone proxy-server[129143]: - - 12/Jun/2026/17/37/24 HEAD /v1/AUTH_6a45dcf95d9e4644ae6b5e86a583fa28/gnocchi.6ef43f4f-b694-4e90-afe2-440ea55b6ee4%3Fformat%3Djson%26states%3Dlisting HTTP/1.0 204 - Swift - - - - tx2d75497a11794c11aa821-006a2c43d4 - 0.0051 RL - 1781285844.664542913 1781285844.669648409 0
Jun 12 17:37:24 standalone container-server[126919]: 172.20.0.100 - - [12/Jun/2026:17:37:24 +0000] "GET /d1/917/AUTH_6a45dcf95d9e4644ae6b5e86a583fa28/gnocchi.6ef43f4f-b694-4e90-afe2-440ea55b6ee4" 200 2 "GET http://172.18.0.2:8080/v1/AUTH_6a45dcf95d9e4644ae6b5e86a583fa28/gnocchi.6ef43f4f-b694-4e90-afe2-440ea55b6ee4?format=json&states=listing" "tx2d75497a11794c11aa821-006a2c43d4" "proxy-server 12" 0.0034 "-" 16 0
Jun 12 17:37:24 standalone proxy-server[129143]: 172.18.0.2 172.18.0.100 12/Jun/2026/17/37/24 GET /v1/AUTH_6a45dcf95d9e4644ae6b5e86a583fa28/gnocchi.6ef43f4f-b694-4e90-afe2-440ea55b6ee4%3Fformat%3Djson%26states%3Dlisting HTTP/1.0 200 - python-swiftclient-3.11.1 gAAAAABqLELiYpo3... - 2 - tx2d75497a11794c11aa821-006a2c43d4 - 0.0146 - - 1781285844.663771152 1781285844.678416967 0
Jun 12 17:37:24 standalone object-server[127000]: 172.20.0.100 - - [12/Jun/2026:17:37:24 +0000] "GET /d1/988/AUTH_6a45dcf95d9e4644ae6b5e86a583fa28/gnocchi.6ef43f4f-b694-4e90-afe2-440ea55b6ee4/1780920000.0_mean_300.0_v3" 404 70 "GET http://172.18.0.2:8080/v1/AUTH_6a45dcf95d9e4644ae6b5e86a583fa28/gnocchi.6ef43f4f-b694-4e90-afe2-440ea55b6ee4/1780920000.0_mean_300.0_v3" "txa1ef6dbea16b4c4287650-006a2c43d4" "proxy-server 12" 0.0005 "-" 25 0
Jun 12 17:37:24 standalone proxy-server[129143]: 172.18.0.2 172.18.0.100 12/Jun/2026/17/37/24 GET /v1/AUTH_6a45dcf95d9e4644ae6b5e86a583fa28/gnocchi.6ef43f4f-b694-4e90-afe2-440ea55b6ee4/1780920000.0_mean_300.0_v3 HTTP/1.0 404 - python-swiftclient-3.11.1 gAAAAABqLELiYpo3... - 70 - txa1ef6dbea16b4c4287650-006a2c43d4 - 0.0086 - - 1781285844.682840586 1781285844.691455603 0
Jun 12 17:37:24 standalone container-server[126914]: 172.20.0.100 - - [12/Jun/2026:17:37:24 +0000] "PUT /d1/917/AUTH_6a45dcf95d9e4644ae6b5e86a583fa28/gnocchi.6ef43f4f-b694-4e90-afe2-440ea55b6ee4/1780920000.0_mean_300.0_v3" 201 - "PUT http://172.18.0.2:8080/d1/988/AUTH_6a45dcf95d9e4644ae6b5e86a583fa28/gnocchi.6ef43f4f-b694-4e90-afe2-440ea55b6ee4/1780920000.0_mean_300.0_v3" "txfb0525300d8f4f32bcbd8-006a2c43d4" "object-server 22" 0.0008 "-" 15 0
Jun 12 17:37:24 standalone object-server[126960]: 172.20.0.100 - - [12/Jun/2026:17:37:24 +0000] "PUT /d1/988/AUTH_6a45dcf95d9e4644ae6b5e86a583fa28/gnocchi.6ef43f4f-b694-4e90-afe2-440ea55b6ee4/1780920000.0_mean_300.0_v3" 201 - "PUT http://172.18.0.2:8080/v1/AUTH_6a45dcf95d9e4644ae6b5e86a583fa28/gnocchi.6ef43f4f-b694-4e90-afe2-440ea55b6ee4/1780920000.0_mean_300.0_v3" "txfb0525300d8f4f32bcbd8-006a2c43d4" "proxy-server 12" 0.0113 "-" 22 0
Jun 12 17:37:24 standalone proxy-server[129143]: 172.18.0.2 172.18.0.100 12/Jun/2026/17/37/24 PUT /v1/AUTH_6a45dcf95d9e4644ae6b5e86a583fa28/gnocchi.6ef43f4f-b694-4e90-afe2-440ea55b6ee4/1780920000.0_mean_300.0_v3 HTTP/1.0 201 - python-swiftclient-3.11.1 gAAAAABqLELiYpo3... 16 - - txfb0525300d8f4f32bcbd8-006a2c43d4 - 0.0192 - - 1781285844.695477962 1781285844.714721441 0
Jun 12 17:37:24 standalone container-server[126913]: 172.20.0.100 - - [12/Jun/2026:17:37:24 +0000] "PUT /d1/917/AUTH_6a45dcf95d9e4644ae6b5e86a583fa28/gnocchi.6ef43f4f-b694-4e90-afe2-440ea55b6ee4/none_v3" 201 - "PUT http://172.18.0.2:8080/d1/761/AUTH_6a45dcf95d9e4644ae6b5e86a583fa28/gnocchi.6ef43f4f-b694-4e90-afe2-440ea55b6ee4/none_v3" "txc1cc954eecf14a95b759c-006a2c43d4" "object-server 22" 0.0007 "-" 14 0
Jun 12 17:37:24 standalone object-server[126960]: 172.20.0.100 - - [12/Jun/2026:17:37:24 +0000] "PUT /d1/761/AUTH_6a45dcf95d9e4644ae6b5e86a583fa28/gnocchi.6ef43f4f-b694-4e90-afe2-440ea55b6ee4/none_v3" 201 - "PUT http://172.18.0.2:8080/v1/AUTH_6a45dcf95d9e4644ae6b5e86a583fa28/gnocchi.6ef43f4f-b694-4e90-afe2-440ea55b6ee4/none_v3" "txc1cc954eecf14a95b759c-006a2c43d4" "proxy-server 12" 0.0112 "-" 22 0
Jun 12 17:37:24 standalone proxy-server[129143]: 172.18.0.2 172.18.0.100 12/Jun/2026/17/37/24 PUT /v1/AUTH_6a45dcf95d9e4644ae6b5e86a583fa28/gnocchi.6ef43f4f-b694-4e90-afe2-440ea55b6ee4/none_v3 HTTP/1.0 201 - python-swiftclient-3.11.1 gAAAAABqLELiYpo3... 22 - - txc1cc954eecf14a95b759c-006a2c43d4 - 0.0188 - - 1781285844.718227386 1781285844.737008572 0
Jun 12 17:37:24 standalone container-server[126913]: 172.20.0.100 - - [12/Jun/2026:17:37:24 +0000] "HEAD /d1/888/AUTH_6a45dcf95d9e4644ae6b5e86a583fa28/gnocchi.6e31f114-410e-49f9-8ded-081c11073f01" 404 - "HEAD http://172.18.0.2:8080/v1/AUTH_6a45dcf95d9e4644ae6b5e86a583fa28/gnocchi.6e31f114-410e-49f9-8ded-081c11073f01?format=json&states=listing" "tx2ab3985bb0b245b4954c0-006a2c43d4" "proxy-server 12" 0.0005 "-" 14 0
Jun 12 17:37:24 standalone object-server[127000]: 172.20.0.100 - - [12/Jun/2026:17:37:24 +0000] "GET /d1/311/AUTH_6a45dcf95d9e4644ae6b5e86a583fa28/gnocchi.6e31f114-410e-49f9-8ded-081c11073f01/none_v3" 404 70 "GET http://172.18.0.2:8080/v1/AUTH_6a45dcf95d9e4644ae6b5e86a583fa28/gnocchi.6e31f114-410e-49f9-8ded-081c11073f01/none_v3" "tx2ab3985bb0b245b4954c0-006a2c43d4" "proxy-server 12" 0.0005 "-" 25 0
Jun 12 17:37:24 standalone proxy-server[129143]: 172.18.0.2 172.18.0.100 12/Jun/2026/17/37/24 GET /v1/AUTH_6a45dcf95d9e4644ae6b5e86a583fa28/gnocchi.6e31f114-410e-49f9-8ded-081c11073f01/none_v3 HTTP/1.0 404 - python-swiftclient-3.11.1 gAAAAABqLELiYpo3... - 70 - tx2ab3985bb0b245b4954c0-006a2c43d4 - 0.0167 - - 1781285844.749317408 1781285844.765991211 0
Jun 12 17:37:24 standalone account-server[126561]: 172.20.0.100 - - [12/Jun/2026:17:37:24 +0000] "PUT /d1/225/AUTH_6a45dcf95d9e4644ae6b5e86a583fa28/gnocchi.6e31f114-410e-49f9-8ded-081c11073f01" 201 - "PUT http://172.20.0.100:6001/d1/888/AUTH_6a45dcf95d9e4644ae6b5e86a583fa28/gnocchi.6e31f114-410e-49f9-8ded-081c11073f01" "txf38fa0db9d134ba2a1034-006a2c43d4" "container-server 17" 0.0056 "-" 17 0
Jun 12 17:37:24 standalone container-server[126923]: 172.20.0.100 - - [12/Jun/2026:17:37:24 +0000] "PUT /d1/888/AUTH_6a45dcf95d9e4644ae6b5e86a583fa28/gnocchi.6e31f114-410e-49f9-8ded-081c11073f01" 201 - "PUT http://172.18.0.2:8080/v1/AUTH_6a45dcf95d9e4644ae6b5e86a583fa28/gnocchi.6e31f114-410e-49f9-8ded-081c11073f01" "txf38fa0db9d134ba2a1034-006a2c43d4" "proxy-server 12" 0.0212 "-" 17 0
Jun 12 17:37:24 standalone proxy-server[129143]: 172.18.0.2 172.18.0.100 12/Jun/2026/17/37/24 PUT /v1/AUTH_6a45dcf95d9e4644ae6b5e86a583fa28/gnocchi.6e31f114-410e-49f9-8ded-081c11073f01 HTTP/1.0 201 - python-swiftclient-3.11.1 gAAAAABqLELiYpo3... - - - txf38fa0db9d134ba2a1034-006a2c43d4 - 0.0283 - - 1781285844.769484997 1781285844.797775984 0
Jun 12 17:37:24 standalone container-server[126923]: 172.20.0.100 - - [12/Jun/2026:17:37:24 +0000] "HEAD /d1/888/AUTH_6a45dcf95d9e4644ae6b5e86a583fa28/gnocchi.6e31f114-410e-49f9-8ded-081c11073f01" 204 - "HEAD http://172.18.0.2:8080/v1/AUTH_6a45dcf95d9e4644ae6b5e86a583fa28/gnocchi.6e31f114-410e-49f9-8ded-081c11073f01?format=json&states=listing" "tx9aa8e1ffd85447b2aa398-006a2c43d4" "proxy-server 12" 0.0028 "-" 17 0
Jun 12 17:37:24 standalone proxy-server[129143]: - - 12/Jun/2026/17/37/24 HEAD /v1/AUTH_6a45dcf95d9e4644ae6b5e86a583fa28/gnocchi.6e31f114-410e-49f9-8ded-081c11073f01%3Fformat%3Djson%26states%3Dlisting HTTP/1.0 204 - Swift - - - - tx9aa8e1ffd85447b2aa398-006a2c43d4 - 0.0077 RL - 1781285844.804515362 1781285844.812233448 0
Jun 12 17:37:24 standalone container-server[126914]: 172.20.0.100 - - [12/Jun/2026:17:37:24 +0000] "GET /d1/888/AUTH_6a45dcf95d9e4644ae6b5e86a583fa28/gnocchi.6e31f114-410e-49f9-8ded-081c11073f01" 200 2 "GET http://172.18.0.2:8080/v1/AUTH_6a45dcf95d9e4644ae6b5e86a583fa28/gnocchi.6e31f114-410e-49f9-8ded-081c11073f01?format=json&states=listing" "tx9aa8e1ffd85447b2aa398-006a2c43d4" "proxy-server 12" 0.0050 "-" 15 0
Jun 12 17:37:24 standalone proxy-server[129143]: 172.18.0.2 172.18.0.100 12/Jun/2026/17/37/24 GET /v1/AUTH_6a45dcf95d9e4644ae6b5e86a583fa28/gnocchi.6e31f114-410e-49f9-8ded-081c11073f01%3Fformat%3Djson%26states%3Dlisting HTTP/1.0 200 - python-swiftclient-3.11.1 gAAAAABqLELiYpo3... - 2 - tx9aa8e1ffd85447b2aa398-006a2c43d4 - 0.0245 - - 1781285844.802622557 1781285844.827145100 0
Jun 12 17:37:24 standalone object-server[126987]: 172.20.0.100 - - [12/Jun/2026:17:37:24 +0000] "GET /d1/1018/AUTH_6a45dcf95d9e4644ae6b5e86a583fa28/gnocchi.6e31f114-410e-49f9-8ded-081c11073f01/1780920000.0_mean_300.0_v3" 404 70 "GET http://172.18.0.2:8080/v1/AUTH_6a45dcf95d9e4644ae6b5e86a583fa28/gnocchi.6e31f114-410e-49f9-8ded-081c11073f01/1780920000.0_mean_300.0_v3" "tx0cc201a6e27c41bba2780-006a2c43d4" "proxy-server 12" 0.0006 "-" 24 0
Jun 12 17:37:24 standalone proxy-server[129143]: 172.18.0.2 172.18.0.100 12/Jun/2026/17/37/24 GET /v1/AUTH_6a45dcf95d9e4644ae6b5e86a583fa28/gnocchi.6e31f114-410e-49f9-8ded-081c11073f01/1780920000.0_mean_300.0_v3 HTTP/1.0 404 - python-swiftclient-3.11.1 gAAAAABqLELiYpo3... - 70 - tx0cc201a6e27c41bba2780-006a2c43d4 - 0.0082 - - 1781285844.832045317 1781285844.840257883 0
Jun 12 17:37:24 standalone container-server[126914]: 172.20.0.100 - - [12/Jun/2026:17:37:24 +0000] "PUT /d1/888/AUTH_6a45dcf95d9e4644ae6b5e86a583fa28/gnocchi.6e31f114-410e-49f9-8ded-081c11073f01/1780920000.0_mean_300.0_v3" 201 - "PUT http://172.18.0.2:8080/d1/1018/AUTH_6a45dcf95d9e4644ae6b5e86a583fa28/gnocchi.6e31f114-410e-49f9-8ded-081c11073f01/1780920000.0_mean_300.0_v3" "txbd2737d3aa6d4812bb6e7-006a2c43d4" "object-server 22" 0.0012 "-" 15 0
Jun 12 17:37:24 standalone object-server[126960]: 172.20.0.100 - - [12/Jun/2026:17:37:24 +0000] "PUT /d1/1018/AUTH_6a45dcf95d9e4644ae6b5e86a583fa28/gnocchi.6e31f114-410e-49f9-8ded-081c11073f01/1780920000.0_mean_300.0_v3" 201 - "PUT http://172.18.0.2:8080/v1/AUTH_6a45dcf95d9e4644ae6b5e86a583fa28/gnocchi.6e31f114-410e-49f9-8ded-081c11073f01/1780920000.0_mean_300.0_v3" "txbd2737d3aa6d4812bb6e7-006a2c43d4" "proxy-server 12" 0.0144 "-" 22 0
Jun 12 17:37:24 standalone proxy-server[129143]: 172.18.0.2 172.18.0.100 12/Jun/2026/17/37/24 PUT /v1/AUTH_6a45dcf95d9e4644ae6b5e86a583fa28/gnocchi.6e31f114-410e-49f9-8ded-081c11073f01/1780920000.0_mean_300.0_v3 HTTP/1.0 201 - python-swiftclient-3.11.1 gAAAAABqLELiYpo3... 16 - - txbd2737d3aa6d4812bb6e7-006a2c43d4 - 0.0223 - - 1781285844.844186783 1781285844.866494179 0
Jun 12 17:37:24 standalone container-server[126914]: 172.20.0.100 - - [12/Jun/2026:17:37:24 +0000] "PUT /d1/888/AUTH_6a45dcf95d9e4644ae6b5e86a583fa28/gnocchi.6e31f114-410e-49f9-8ded-081c11073f01/none_v3" 201 - "PUT http://172.18.0.2:8080/d1/311/AUTH_6a45dcf95d9e4644ae6b5e86a583fa28/gnocchi.6e31f114-410e-49f9-8ded-081c11073f01/none_v3" "txb336f11026524b7db5fd9-006a2c43d4" "object-server 24" 0.0008 "-" 15 0
Jun 12 17:37:24 standalone object-server[126987]: 172.20.0.100 - - [12/Jun/2026:17:37:24 +0000] "PUT /d1/311/AUTH_6a45dcf95d9e4644ae6b5e86a583fa28/gnocchi.6e31f114-410e-49f9-8ded-081c11073f01/none_v3" 201 - "PUT http://172.18.0.2:8080/v1/AUTH_6a45dcf95d9e4644ae6b5e86a583fa28/gnocchi.6e31f114-410e-49f9-8ded-081c11073f01/none_v3" "txb336f11026524b7db5fd9-006a2c43d4" "proxy-server 12" 0.0110 "-" 24 0
Jun 12 17:37:24 standalone proxy-server[129143]: 172.18.0.2 172.18.0.100 12/Jun/2026/17/37/24 PUT /v1/AUTH_6a45dcf95d9e4644ae6b5e86a583fa28/gnocchi.6e31f114-410e-49f9-8ded-081c11073f01/none_v3 HTTP/1.0 201 - python-swiftclient-3.11.1 gAAAAABqLELiYpo3... 22 - - txb336f11026524b7db5fd9-006a2c43d4 - 0.0203 - - 1781285844.871087551 1781285844.891406298 0
Jun 12 17:37:24 standalone container-server[126914]: 172.20.0.100 - - [12/Jun/2026:17:37:24 +0000] "HEAD /d1/224/AUTH_6a45dcf95d9e4644ae6b5e86a583fa28/gnocchi.82d34bfe-8a73-473e-98ce-dde6d2025c1e" 404 - "HEAD http://172.18.0.2:8080/v1/AUTH_6a45dcf95d9e4644ae6b5e86a583fa28/gnocchi.82d34bfe-8a73-473e-98ce-dde6d2025c1e?format=json&states=listing" "tx4e7cc653f97b4feb8fc87-006a2c43d4" "proxy-server 12" 0.0065 "-" 15 0
Jun 12 17:37:24 standalone object-server[126972]: 172.20.0.100 - - [12/Jun/2026:17:37:24 +0000] "GET /d1/767/AUTH_6a45dcf95d9e4644ae6b5e86a583fa28/gnocchi.82d34bfe-8a73-473e-98ce-dde6d2025c1e/none_v3" 404 70 "GET http://172.18.0.2:8080/v1/AUTH_6a45dcf95d9e4644ae6b5e86a583fa28/gnocchi.82d34bfe-8a73-473e-98ce-dde6d2025c1e/none_v3" "tx4e7cc653f97b4feb8fc87-006a2c43d4" "proxy-server 12" 0.0006 "-" 23 0
Jun 12 17:37:24 standalone proxy-server[129143]: 172.18.0.2 172.18.0.100 12/Jun/2026/17/37/24 GET /v1/AUTH_6a45dcf95d9e4644ae6b5e86a583fa28/gnocchi.82d34bfe-8a73-473e-98ce-dde6d2025c1e/none_v3 HTTP/1.0 404 - python-swiftclient-3.11.1 gAAAAABqLELiYpo3... - 70 - tx4e7cc653f97b4feb8fc87-006a2c43d4 - 0.0213 - - 1781285844.905401707 1781285844.926710367 0
Jun 12 17:37:24 standalone account-server[126530]: 172.20.0.100 - - [12/Jun/2026:17:37:24 +0000] "PUT /d1/225/AUTH_6a45dcf95d9e4644ae6b5e86a583fa28/gnocchi.82d34bfe-8a73-473e-98ce-dde6d2025c1e" 201 - "PUT http://172.20.0.100:6001/d1/224/AUTH_6a45dcf95d9e4644ae6b5e86a583fa28/gnocchi.82d34bfe-8a73-473e-98ce-dde6d2025c1e" "tx4d651fbfb7a2408ba644b-006a2c43d4" "container-server 15" 0.0066 "-" 15 0
Jun 12 17:37:24 standalone container-server[126914]: 172.20.0.100 - - [12/Jun/2026:17:37:24 +0000] "PUT /d1/224/AUTH_6a45dcf95d9e4644ae6b5e86a583fa28/gnocchi.82d34bfe-8a73-473e-98ce-dde6d2025c1e" 201 - "PUT http://172.18.0.2:8080/v1/AUTH_6a45dcf95d9e4644ae6b5e86a583fa28/gnocchi.82d34bfe-8a73-473e-98ce-dde6d2025c1e" "tx4d651fbfb7a2408ba644b-006a2c43d4" "proxy-server 12" 0.0206 "-" 15 0
Jun 12 17:37:24 standalone proxy-server[129143]: 172.18.0.2 172.18.0.100 12/Jun/2026/17/37/24 PUT /v1/AUTH_6a45dcf95d9e4644ae6b5e86a583fa28/gnocchi.82d34bfe-8a73-473e-98ce-dde6d2025c1e HTTP/1.0 201 - python-swiftclient-3.11.1 gAAAAABqLELiYpo3... - - - tx4d651fbfb7a2408ba644b-006a2c43d4 - 0.0280 - - 1781285844.930859089 1781285844.958814144 0
Jun 12 17:37:24 standalone container-server[126914]: 172.20.0.100 - - [12/Jun/2026:17:37:24 +0000] "HEAD /d1/224/AUTH_6a45dcf95d9e4644ae6b5e86a583fa28/gnocchi.82d34bfe-8a73-473e-98ce-dde6d2025c1e" 204 - "HEAD http://172.18.0.2:8080/v1/AUTH_6a45dcf95d9e4644ae6b5e86a583fa28/gnocchi.82d34bfe-8a73-473e-98ce-dde6d2025c1e?format=json&states=listing" "tx868074f3a09748bd814eb-006a2c43d4" "proxy-server 12" 0.0023 "-" 15 0
Jun 12 17:37:24 standalone proxy-server[129143]: - - 12/Jun/2026/17/37/24 HEAD /v1/AUTH_6a45dcf95d9e4644ae6b5e86a583fa28/gnocchi.82d34bfe-8a73-473e-98ce-dde6d2025c1e%3Fformat%3Djson%26states%3Dlisting HTTP/1.0 204 - Swift - - - - tx868074f3a09748bd814eb-006a2c43d4 - 0.0070 RL - 1781285844.965609789 1781285844.972625256 0
Jun 12 17:37:24 standalone container-server[126923]: 172.20.0.100 - - [12/Jun/2026:17:37:24 +0000] "GET /d1/224/AUTH_6a45dcf95d9e4644ae6b5e86a583fa28/gnocchi.82d34bfe-8a73-473e-98ce-dde6d2025c1e" 200 2 "GET http://172.18.0.2:8080/v1/AUTH_6a45dcf95d9e4644ae6b5e86a583fa28/gnocchi.82d34bfe-8a73-473e-98ce-dde6d2025c1e?format=json&states=listing" "tx868074f3a09748bd814eb-006a2c43d4" "proxy-server 12" 0.0037 "-" 17 0
Jun 12 17:37:24 standalone proxy-server[129143]: 172.18.0.2 172.18.0.100 12/Jun/2026/17/37/24 GET /v1/AUTH_6a45dcf95d9e4644ae6b5e86a583fa28/gnocchi.82d34bfe-8a73-473e-98ce-dde6d2025c1e%3Fformat%3Djson%26states%3Dlisting HTTP/1.0 200 - python-swiftclient-3.11.1 gAAAAABqLELiYpo3... - 2 - tx868074f3a09748bd814eb-006a2c43d4 - 0.0225 - - 1781285844.963803053 1781285844.986323595 0
Jun 12 17:37:24 standalone object-server[127000]: 172.20.0.100 - - [12/Jun/2026:17:37:24 +0000] "GET /d1/995/AUTH_6a45dcf95d9e4644ae6b5e86a583fa28/gnocchi.82d34bfe-8a73-473e-98ce-dde6d2025c1e/1780920000.0_mean_300.0_v3" 404 70 "GET http://172.18.0.2:8080/v1/AUTH_6a45dcf95d9e4644ae6b5e86a583fa28/gnocchi.82d34bfe-8a73-473e-98ce-dde6d2025c1e/1780920000.0_mean_300.0_v3" "tx80fdee6a1ca544ce89983-006a2c43d4" "proxy-server 12" 0.0005 "-" 25 0
Jun 12 17:37:24 standalone proxy-server[129143]: 172.18.0.2 172.18.0.100 12/Jun/2026/17/37/24 GET /v1/AUTH_6a45dcf95d9e4644ae6b5e86a583fa28/gnocchi.82d34bfe-8a73-473e-98ce-dde6d2025c1e/1780920000.0_mean_300.0_v3 HTTP/1.0 404 - python-swiftclient-3.11.1 gAAAAABqLELiYpo3... - 70 - tx80fdee6a1ca544ce89983-006a2c43d4 - 0.0078 - - 1781285844.990893126 1781285844.998697042 0
Jun 12 17:37:25 standalone container-server[126923]: 172.20.0.100 - - [12/Jun/2026:17:37:25 +0000] "PUT /d1/224/AUTH_6a45dcf95d9e4644ae6b5e86a583fa28/gnocchi.82d34bfe-8a73-473e-98ce-dde6d2025c1e/1780920000.0_mean_300.0_v3" 201 - "PUT http://172.18.0.2:8080/d1/995/AUTH_6a45dcf95d9e4644ae6b5e86a583fa28/gnocchi.82d34bfe-8a73-473e-98ce-dde6d2025c1e/1780920000.0_mean_300.0_v3" "tx7142945197ad4b78b9694-006a2c43d5" "object-server 23" 0.0010 "-" 17 0
Jun 12 17:37:25 standalone object-server[126972]: 172.20.0.100 - - [12/Jun/2026:17:37:25 +0000] "PUT /d1/995/AUTH_6a45dcf95d9e4644ae6b5e86a583fa28/gnocchi.82d34bfe-8a73-473e-98ce-dde6d2025c1e/1780920000.0_mean_300.0_v3" 201 - "PUT http://172.18.0.2:8080/v1/AUTH_6a45dcf95d9e4644ae6b5e86a583fa28/gnocchi.82d34bfe-8a73-473e-98ce-dde6d2025c1e/1780920000.0_mean_300.0_v3" "tx7142945197ad4b78b9694-006a2c43d5" "proxy-server 12" 0.0112 "-" 23 0
Jun 12 17:37:25 standalone proxy-server[129143]: 172.18.0.2 172.18.0.100 12/Jun/2026/17/37/25 PUT /v1/AUTH_6a45dcf95d9e4644ae6b5e86a583fa28/gnocchi.82d34bfe-8a73-473e-98ce-dde6d2025c1e/1780920000.0_mean_300.0_v3 HTTP/1.0 201 - python-swiftclient-3.11.1 gAAAAABqLELiYpo3... 16 - - tx7142945197ad4b78b9694-006a2c43d5 - 0.0199 - - 1781285845.002486467 1781285845.022361517 0
Jun 12 17:37:25 standalone container-server[126914]: 172.20.0.100 - - [12/Jun/2026:17:37:25 +0000] "PUT /d1/224/AUTH_6a45dcf95d9e4644ae6b5e86a583fa28/gnocchi.82d34bfe-8a73-473e-98ce-dde6d2025c1e/none_v3" 201 - "PUT http://172.18.0.2:8080/d1/767/AUTH_6a45dcf95d9e4644ae6b5e86a583fa28/gnocchi.82d34bfe-8a73-473e-98ce-dde6d2025c1e/none_v3" "tx7c45b26b294240d0be7e0-006a2c43d5" "object-server 23" 0.0009 "-" 15 0
Jun 12 17:37:25 standalone object-server[126972]: 172.20.0.100 - - [12/Jun/2026:17:37:25 +0000] "PUT /d1/767/AUTH_6a45dcf95d9e4644ae6b5e86a583fa28/gnocchi.82d34bfe-8a73-473e-98ce-dde6d2025c1e/none_v3" 201 - "PUT http://172.18.0.2:8080/v1/AUTH_6a45dcf95d9e4644ae6b5e86a583fa28/gnocchi.82d34bfe-8a73-473e-98ce-dde6d2025c1e/none_v3" "tx7c45b26b294240d0be7e0-006a2c43d5" "proxy-server 12" 0.0150 "-" 23 0
Jun 12 17:37:25 standalone proxy-server[129143]: 172.18.0.2 172.18.0.100 12/Jun/2026/17/37/25 PUT /v1/AUTH_6a45dcf95d9e4644ae6b5e86a583fa28/gnocchi.82d34bfe-8a73-473e-98ce-dde6d2025c1e/none_v3 HTTP/1.0 201 - python-swiftclient-3.11.1 gAAAAABqLELiYpo3... 22 - - tx7c45b26b294240d0be7e0-006a2c43d5 - 0.0235 - - 1781285845.027086496 1781285845.050626755 0
Jun 12 17:37:25 standalone container-server[126913]: 172.20.0.100 - - [12/Jun/2026:17:37:25 +0000] "HEAD /d1/1019/AUTH_6a45dcf95d9e4644ae6b5e86a583fa28/gnocchi.d46c957d-9c6c-48f1-bc65-7b6461a091fb" 404 - "HEAD http://172.18.0.2:8080/v1/AUTH_6a45dcf95d9e4644ae6b5e86a583fa28/gnocchi.d46c957d-9c6c-48f1-bc65-7b6461a091fb?format=json&states=listing" "tx7d2c0eb25f2a4cd998078-006a2c43d5" "proxy-server 12" 0.0007 "-" 14 0
Jun 12 17:37:25 standalone object-server[126960]: 172.20.0.100 - - [12/Jun/2026:17:37:25 +0000] "GET /d1/704/AUTH_6a45dcf95d9e4644ae6b5e86a583fa28/gnocchi.d46c957d-9c6c-48f1-bc65-7b6461a091fb/none_v3" 404 70 "GET http://172.18.0.2:8080/v1/AUTH_6a45dcf95d9e4644ae6b5e86a583fa28/gnocchi.d46c957d-9c6c-48f1-bc65-7b6461a091fb/none_v3" "tx7d2c0eb25f2a4cd998078-006a2c43d5" "proxy-server 12" 0.0005 "-" 22 0
Jun 12 17:37:25 standalone proxy-server[129143]: 172.18.0.2 172.18.0.100 12/Jun/2026/17/37/25 GET /v1/AUTH_6a45dcf95d9e4644ae6b5e86a583fa28/gnocchi.d46c957d-9c6c-48f1-bc65-7b6461a091fb/none_v3 HTTP/1.0 404 - python-swiftclient-3.11.1 gAAAAABqLELiYpo3... - 70 - tx7d2c0eb25f2a4cd998078-006a2c43d5 - 0.0143 - - 1781285845.066473007 1781285845.080816031 0
Jun 12 17:37:25 standalone account-server[126530]: 172.20.0.100 - - [12/Jun/2026:17:37:25 +0000] "PUT /d1/225/AUTH_6a45dcf95d9e4644ae6b5e86a583fa28/gnocchi.d46c957d-9c6c-48f1-bc65-7b6461a091fb" 201 - "PUT http://172.20.0.100:6001/d1/1019/AUTH_6a45dcf95d9e4644ae6b5e86a583fa28/gnocchi.d46c957d-9c6c-48f1-bc65-7b6461a091fb" "tx07609951a4164cfea8868-006a2c43d5" "container-server 15" 0.0065 "-" 15 0
Jun 12 17:37:25 standalone container-server[126914]: 172.20.0.100 - - [12/Jun/2026:17:37:25 +0000] "PUT /d1/1019/AUTH_6a45dcf95d9e4644ae6b5e86a583fa28/gnocchi.d46c957d-9c6c-48f1-bc65-7b6461a091fb" 201 - "PUT http://172.18.0.2:8080/v1/AUTH_6a45dcf95d9e4644ae6b5e86a583fa28/gnocchi.d46c957d-9c6c-48f1-bc65-7b6461a091fb" "tx07609951a4164cfea8868-006a2c43d5" "proxy-server 12" 0.0195 "-" 15 0
Jun 12 17:37:25 standalone proxy-server[129143]: 172.18.0.2 172.18.0.100 12/Jun/2026/17/37/25 PUT /v1/AUTH_6a45dcf95d9e4644ae6b5e86a583fa28/gnocchi.d46c957d-9c6c-48f1-bc65-7b6461a091fb HTTP/1.0 201 - python-swiftclient-3.11.1 gAAAAABqLELiYpo3... - - - tx07609951a4164cfea8868-006a2c43d5 - 0.0270 - - 1781285845.085706234 1781285845.112723351 0
Jun 12 17:37:25 standalone container-server[126919]: 172.20.0.100 - - [12/Jun/2026:17:37:25 +0000] "HEAD /d1/1019/AUTH_6a45dcf95d9e4644ae6b5e86a583fa28/gnocchi.d46c957d-9c6c-48f1-bc65-7b6461a091fb" 204 - "HEAD http://172.18.0.2:8080/v1/AUTH_6a45dcf95d9e4644ae6b5e86a583fa28/gnocchi.d46c957d-9c6c-48f1-bc65-7b6461a091fb?format=json&states=listing" "tx6f48657664ba430b8ff20-006a2c43d5" "proxy-server 12" 0.0021 "-" 16 0
Jun 12 17:37:25 standalone proxy-server[129143]: - - 12/Jun/2026/17/37/25 HEAD /v1/AUTH_6a45dcf95d9e4644ae6b5e86a583fa28/gnocchi.d46c957d-9c6c-48f1-bc65-7b6461a091fb%3Fformat%3Djson%26states%3Dlisting HTTP/1.0 204 - Swift - - - - tx6f48657664ba430b8ff20-006a2c43d5 - 0.0084 RL - 1781285845.119451284 1781285845.127852201 0
Jun 12 17:37:25 standalone container-server[126914]: 172.20.0.100 - - [12/Jun/2026:17:37:25 +0000] "GET /d1/1019/AUTH_6a45dcf95d9e4644ae6b5e86a583fa28/gnocchi.d46c957d-9c6c-48f1-bc65-7b6461a091fb" 200 2 "GET http://172.18.0.2:8080/v1/AUTH_6a45dcf95d9e4644ae6b5e86a583fa28/gnocchi.d46c957d-9c6c-48f1-bc65-7b6461a091fb?format=json&states=listing" "tx6f48657664ba430b8ff20-006a2c43d5" "proxy-server 12" 0.0033 "-" 15 0
Jun 12 17:37:25 standalone proxy-server[129143]: 172.18.0.2 172.18.0.100 12/Jun/2026/17/37/25 GET /v1/AUTH_6a45dcf95d9e4644ae6b5e86a583fa28/gnocchi.d46c957d-9c6c-48f1-bc65-7b6461a091fb%3Fformat%3Djson%26states%3Dlisting HTTP/1.0 200 - python-swiftclient-3.11.1 gAAAAABqLELiYpo3... - 2 - tx6f48657664ba430b8ff20-006a2c43d5 - 0.0317 - - 1781285845.117756605 1781285845.149460793 0
Jun 12 17:37:25 standalone object-server[126972]: 172.20.0.100 - - [12/Jun/2026:17:37:25 +0000] "GET /d1/378/AUTH_6a45dcf95d9e4644ae6b5e86a583fa28/gnocchi.d46c957d-9c6c-48f1-bc65-7b6461a091fb/1780920000.0_mean_300.0_v3" 404 70 "GET http://172.18.0.2:8080/v1/AUTH_6a45dcf95d9e4644ae6b5e86a583fa28/gnocchi.d46c957d-9c6c-48f1-bc65-7b6461a091fb/1780920000.0_mean_300.0_v3" "tx81ef5db273f743c68f0db-006a2c43d5" "proxy-server 12" 0.0006 "-" 23 0
Jun 12 17:37:25 standalone proxy-server[129143]: 172.18.0.2 172.18.0.100 12/Jun/2026/17/37/25 GET /v1/AUTH_6a45dcf95d9e4644ae6b5e86a583fa28/gnocchi.d46c957d-9c6c-48f1-bc65-7b6461a091fb/1780920000.0_mean_300.0_v3 HTTP/1.0 404 - python-swiftclient-3.11.1 gAAAAABqLELiYpo3... - 70 - tx81ef5db273f743c68f0db-006a2c43d5 - 0.0079 - - 1781285845.155179501 1781285845.163085222 0
Jun 12 17:37:25 standalone container-server[126914]: 172.20.0.100 - - [12/Jun/2026:17:37:25 +0000] "PUT /d1/1019/AUTH_6a45dcf95d9e4644ae6b5e86a583fa28/gnocchi.d46c957d-9c6c-48f1-bc65-7b6461a091fb/1780920000.0_mean_300.0_v3" 201 - "PUT http://172.18.0.2:8080/d1/378/AUTH_6a45dcf95d9e4644ae6b5e86a583fa28/gnocchi.d46c957d-9c6c-48f1-bc65-7b6461a091fb/1780920000.0_mean_300.0_v3" "tx7fc71aa7f4ff4711a6ff3-006a2c43d5" "object-server 23" 0.0008 "-" 15 0
Jun 12 17:37:25 standalone object-server[126972]: 172.20.0.100 - - [12/Jun/2026:17:37:25 +0000] "PUT /d1/378/AUTH_6a45dcf95d9e4644ae6b5e86a583fa28/gnocchi.d46c957d-9c6c-48f1-bc65-7b6461a091fb/1780920000.0_mean_300.0_v3" 201 - "PUT http://172.18.0.2:8080/v1/AUTH_6a45dcf95d9e4644ae6b5e86a583fa28/gnocchi.d46c957d-9c6c-48f1-bc65-7b6461a091fb/1780920000.0_mean_300.0_v3" "tx7fc71aa7f4ff4711a6ff3-006a2c43d5" "proxy-server 12" 0.0113 "-" 23 0
Jun 12 17:37:25 standalone proxy-server[129143]: 172.18.0.2 172.18.0.100 12/Jun/2026/17/37/25 PUT /v1/AUTH_6a45dcf95d9e4644ae6b5e86a583fa28/gnocchi.d46c957d-9c6c-48f1-bc65-7b6461a091fb/1780920000.0_mean_300.0_v3 HTTP/1.0 201 - python-swiftclient-3.11.1 gAAAAABqLELiYpo3... 16 - - tx7fc71aa7f4ff4711a6ff3-006a2c43d5 - 0.0168 - - 1781285845.167237282 1781285845.183999062 0
Jun 12 17:37:25 standalone container-server[126919]: 172.20.0.100 - - [12/Jun/2026:17:37:25 +0000] "PUT /d1/1019/AUTH_6a45dcf95d9e4644ae6b5e86a583fa28/gnocchi.d46c957d-9c6c-48f1-bc65-7b6461a091fb/none_v3" 201 - "PUT http://172.18.0.2:8080/d1/704/AUTH_6a45dcf95d9e4644ae6b5e86a583fa28/gnocchi.d46c957d-9c6c-48f1-bc65-7b6461a091fb/none_v3" "tx2177013d78344784b48da-006a2c43d5" "object-server 22" 0.0007 "-" 16 0
Jun 12 17:37:25 standalone object-server[126960]: 172.20.0.100 - - [12/Jun/2026:17:37:25 +0000] "PUT /d1/704/AUTH_6a45dcf95d9e4644ae6b5e86a583fa28/gnocchi.d46c957d-9c6c-48f1-bc65-7b6461a091fb/none_v3" 201 - "PUT http://172.18.0.2:8080/v1/AUTH_6a45dcf95d9e4644ae6b5e86a583fa28/gnocchi.d46c957d-9c6c-48f1-bc65-7b6461a091fb/none_v3" "tx2177013d78344784b48da-006a2c43d5" "proxy-server 12" 0.0136 "-" 22 0
Jun 12 17:37:25 standalone proxy-server[129143]: 172.18.0.2 172.18.0.100 12/Jun/2026/17/37/25 PUT /v1/AUTH_6a45dcf95d9e4644ae6b5e86a583fa28/gnocchi.d46c957d-9c6c-48f1-bc65-7b6461a091fb/none_v3 HTTP/1.0 201 - python-swiftclient-3.11.1 gAAAAABqLELiYpo3... 22 - - tx2177013d78344784b48da-006a2c43d5 - 0.0204 - - 1781285845.187705278 1781285845.208119392 0
Jun 12 17:37:25 standalone container-server[126923]: 172.20.0.100 - - [12/Jun/2026:17:37:25 +0000] "HEAD /d1/1023/AUTH_6a45dcf95d9e4644ae6b5e86a583fa28/gnocchi.d965f7a7-7d82-4051-b448-c78ed706a05c" 404 - "HEAD http://172.18.0.2:8080/v1/AUTH_6a45dcf95d9e4644ae6b5e86a583fa28/gnocchi.d965f7a7-7d82-4051-b448-c78ed706a05c?format=json&states=listing" "txd286ccbc85564661aa539-006a2c43d5" "proxy-server 12" 0.0005 "-" 17 0
Jun 12 17:37:25 standalone object-server[126960]: 172.20.0.100 - - [12/Jun/2026:17:37:25 +0000] "GET /d1/627/AUTH_6a45dcf95d9e4644ae6b5e86a583fa28/gnocchi.d965f7a7-7d82-4051-b448-c78ed706a05c/none_v3" 404 70 "GET http://172.18.0.2:8080/v1/AUTH_6a45dcf95d9e4644ae6b5e86a583fa28/gnocchi.d965f7a7-7d82-4051-b448-c78ed706a05c/none_v3" "txd286ccbc85564661aa539-006a2c43d5" "proxy-server 12" 0.0005 "-" 22 0
Jun 12 17:37:25 standalone proxy-server[129143]: 172.18.0.2 172.18.0.100 12/Jun/2026/17/37/25 GET /v1/AUTH_6a45dcf95d9e4644ae6b5e86a583fa28/gnocchi.d965f7a7-7d82-4051-b448-c78ed706a05c/none_v3 HTTP/1.0 404 - python-swiftclient-3.11.1 gAAAAABqLELiYpo3... - 70 - txd286ccbc85564661aa539-006a2c43d5 - 0.0100 - - 1781285845.221406937 1781285845.231453657 0
Jun 12 17:37:25 standalone account-server[126513]: 172.20.0.100 - - [12/Jun/2026:17:37:25 +0000] "PUT /d1/225/AUTH_6a45dcf95d9e4644ae6b5e86a583fa28/gnocchi.d965f7a7-7d82-4051-b448-c78ed706a05c" 201 - "PUT http://172.20.0.100:6001/d1/1023/AUTH_6a45dcf95d9e4644ae6b5e86a583fa28/gnocchi.d965f7a7-7d82-4051-b448-c78ed706a05c" "txa5956a884a4e4a9aa80b9-006a2c43d5" "container-server 17" 0.0046 "-" 14 0
Jun 12 17:37:25 standalone container-server[126923]: 172.20.0.100 - - [12/Jun/2026:17:37:25 +0000] "PUT /d1/1023/AUTH_6a45dcf95d9e4644ae6b5e86a583fa28/gnocchi.d965f7a7-7d82-4051-b448-c78ed706a05c" 201 - "PUT http://172.18.0.2:8080/v1/AUTH_6a45dcf95d9e4644ae6b5e86a583fa28/gnocchi.d965f7a7-7d82-4051-b448-c78ed706a05c" "txa5956a884a4e4a9aa80b9-006a2c43d5" "proxy-server 12" 0.0144 "-" 17 0
Jun 12 17:37:25 standalone proxy-server[129143]: 172.18.0.2 172.18.0.100 12/Jun/2026/17/37/25 PUT /v1/AUTH_6a45dcf95d9e4644ae6b5e86a583fa28/gnocchi.d965f7a7-7d82-4051-b448-c78ed706a05c HTTP/1.0 201 - python-swiftclient-3.11.1 gAAAAABqLELiYpo3... - - - txa5956a884a4e4a9aa80b9-006a2c43d5 - 0.0197 - - 1781285845.234373331 1781285845.254108906 0
Jun 12 17:37:25 standalone container-server[126919]: 172.20.0.100 - - [12/Jun/2026:17:37:25 +0000] "HEAD /d1/1023/AUTH_6a45dcf95d9e4644ae6b5e86a583fa28/gnocchi.d965f7a7-7d82-4051-b448-c78ed706a05c" 204 - "HEAD http://172.18.0.2:8080/v1/AUTH_6a45dcf95d9e4644ae6b5e86a583fa28/gnocchi.d965f7a7-7d82-4051-b448-c78ed706a05c?format=json&states=listing" "tx3279c66d510441039b90e-006a2c43d5" "proxy-server 12" 0.0024 "-" 16 0
Jun 12 17:37:25 standalone proxy-server[129143]: - - 12/Jun/2026/17/37/25 HEAD /v1/AUTH_6a45dcf95d9e4644ae6b5e86a583fa28/gnocchi.d965f7a7-7d82-4051-b448-c78ed706a05c%3Fformat%3Djson%26states%3Dlisting HTTP/1.0 204 - Swift - - - - tx3279c66d510441039b90e-006a2c43d5 - 0.0063 RL - 1781285845.259486914 1781285845.265833139 0
Jun 12 17:37:25 standalone container-server[126919]: 172.20.0.100 - - [12/Jun/2026:17:37:25 +0000] "GET /d1/1023/AUTH_6a45dcf95d9e4644ae6b5e86a583fa28/gnocchi.d965f7a7-7d82-4051-b448-c78ed706a05c" 200 2 "GET http://172.18.0.2:8080/v1/AUTH_6a45dcf95d9e4644ae6b5e86a583fa28/gnocchi.d965f7a7-7d82-4051-b448-c78ed706a05c?format=json&states=listing" "tx3279c66d510441039b90e-006a2c43d5" "proxy-server 12" 0.0032 "-" 16 0
Jun 12 17:37:25 standalone proxy-server[129143]: 172.18.0.2 172.18.0.100 12/Jun/2026/17/37/25 GET /v1/AUTH_6a45dcf95d9e4644ae6b5e86a583fa28/gnocchi.d965f7a7-7d82-4051-b448-c78ed706a05c%3Fformat%3Djson%26states%3Dlisting HTTP/1.0 200 - python-swiftclient-3.11.1 gAAAAABqLELiYpo3... - 2 - tx3279c66d510441039b90e-006a2c43d5 - 0.0173 - - 1781285845.258148909 1781285845.275422573 0
Jun 12 17:37:25 standalone object-server[126987]: 172.20.0.100 - - [12/Jun/2026:17:37:25 +0000] "GET /d1/484/AUTH_6a45dcf95d9e4644ae6b5e86a583fa28/gnocchi.d965f7a7-7d82-4051-b448-c78ed706a05c/1780920000.0_mean_300.0_v3" 404 70 "GET http://172.18.0.2:8080/v1/AUTH_6a45dcf95d9e4644ae6b5e86a583fa28/gnocchi.d965f7a7-7d82-4051-b448-c78ed706a05c/1780920000.0_mean_300.0_v3" "txe56a340db770400e8b5d5-006a2c43d5" "proxy-server 12" 0.0007 "-" 24 0
Jun 12 17:37:25 standalone proxy-server[129143]: 172.18.0.2 172.18.0.100 12/Jun/2026/17/37/25 GET /v1/AUTH_6a45dcf95d9e4644ae6b5e86a583fa28/gnocchi.d965f7a7-7d82-4051-b448-c78ed706a05c/1780920000.0_mean_300.0_v3 HTTP/1.0 404 - python-swiftclient-3.11.1 gAAAAABqLELiYpo3... - 70 - txe56a340db770400e8b5d5-006a2c43d5 - 0.0084 - - 1781285845.279313564 1781285845.287746906 0
Jun 12 17:37:25 standalone container-server[126914]: 172.20.0.100 - - [12/Jun/2026:17:37:25 +0000] "PUT /d1/1023/AUTH_6a45dcf95d9e4644ae6b5e86a583fa28/gnocchi.d965f7a7-7d82-4051-b448-c78ed706a05c/1780920000.0_mean_300.0_v3" 201 - "PUT http://172.18.0.2:8080/d1/484/AUTH_6a45dcf95d9e4644ae6b5e86a583fa28/gnocchi.d965f7a7-7d82-4051-b448-c78ed706a05c/1780920000.0_mean_300.0_v3" "txb2465e1b9d2e40208c404-006a2c43d5" "object-server 25" 0.0009 "-" 15 0
Jun 12 17:37:25 standalone object-server[127000]: 172.20.0.100 - - [12/Jun/2026:17:37:25 +0000] "PUT /d1/484/AUTH_6a45dcf95d9e4644ae6b5e86a583fa28/gnocchi.d965f7a7-7d82-4051-b448-c78ed706a05c/1780920000.0_mean_300.0_v3" 201 - "PUT http://172.18.0.2:8080/v1/AUTH_6a45dcf95d9e4644ae6b5e86a583fa28/gnocchi.d965f7a7-7d82-4051-b448-c78ed706a05c/1780920000.0_mean_300.0_v3" "txb2465e1b9d2e40208c404-006a2c43d5" "proxy-server 12" 0.0122 "-" 25 0
Jun 12 17:37:25 standalone proxy-server[129143]: 172.18.0.2 172.18.0.100 12/Jun/2026/17/37/25 PUT /v1/AUTH_6a45dcf95d9e4644ae6b5e86a583fa28/gnocchi.d965f7a7-7d82-4051-b448-c78ed706a05c/1780920000.0_mean_300.0_v3 HTTP/1.0 201 - python-swiftclient-3.11.1 gAAAAABqLELiYpo3... 16 - - txb2465e1b9d2e40208c404-006a2c43d5 - 0.0190 - - 1781285845.291732311 1781285845.310723782 0
Jun 12 17:37:25 standalone container-server[126913]: 172.20.0.100 - - [12/Jun/2026:17:37:25 +0000] "PUT /d1/1023/AUTH_6a45dcf95d9e4644ae6b5e86a583fa28/gnocchi.d965f7a7-7d82-4051-b448-c78ed706a05c/none_v3" 201 - "PUT http://172.18.0.2:8080/d1/627/AUTH_6a45dcf95d9e4644ae6b5e86a583fa28/gnocchi.d965f7a7-7d82-4051-b448-c78ed706a05c/none_v3" "txcc05481493cb4368b8c5e-006a2c43d5" "object-server 25" 0.0008 "-" 14 0
Jun 12 17:37:25 standalone object-server[127000]: 172.20.0.100 - - [12/Jun/2026:17:37:25 +0000] "PUT /d1/627/AUTH_6a45dcf95d9e4644ae6b5e86a583fa28/gnocchi.d965f7a7-7d82-4051-b448-c78ed706a05c/none_v3" 201 - "PUT http://172.18.0.2:8080/v1/AUTH_6a45dcf95d9e4644ae6b5e86a583fa28/gnocchi.d965f7a7-7d82-4051-b448-c78ed706a05c/none_v3" "txcc05481493cb4368b8c5e-006a2c43d5" "proxy-server 12" 0.0131 "-" 25 0
Jun 12 17:37:25 standalone proxy-server[129143]: 172.18.0.2 172.18.0.100 12/Jun/2026/17/37/25 PUT /v1/AUTH_6a45dcf95d9e4644ae6b5e86a583fa28/gnocchi.d965f7a7-7d82-4051-b448-c78ed706a05c/none_v3 HTTP/1.0 201 - python-swiftclient-3.11.1 gAAAAABqLELiYpo3... 22 - - txcc05481493cb4368b8c5e-006a2c43d5 - 0.0188 - - 1781285845.313785315 1781285845.332580566 0
Jun 12 17:37:25 standalone container-server[126919]: 172.20.0.100 - - [12/Jun/2026:17:37:25 +0000] "HEAD /d1/196/AUTH_6a45dcf95d9e4644ae6b5e86a583fa28/gnocchi.9cf41c9b-2e47-4455-b294-cd54c22aacfc" 404 - "HEAD http://172.18.0.2:8080/v1/AUTH_6a45dcf95d9e4644ae6b5e86a583fa28/gnocchi.9cf41c9b-2e47-4455-b294-cd54c22aacfc?format=json&states=listing" "tx06406a80a2d64c46a720e-006a2c43d5" "proxy-server 12" 0.0006 "-" 16 0
Jun 12 17:37:25 standalone object-server[126987]: 172.20.0.100 - - [12/Jun/2026:17:37:25 +0000] "GET /d1/588/AUTH_6a45dcf95d9e4644ae6b5e86a583fa28/gnocchi.9cf41c9b-2e47-4455-b294-cd54c22aacfc/none_v3" 404 70 "GET http://172.18.0.2:8080/v1/AUTH_6a45dcf95d9e4644ae6b5e86a583fa28/gnocchi.9cf41c9b-2e47-4455-b294-cd54c22aacfc/none_v3" "tx06406a80a2d64c46a720e-006a2c43d5" "proxy-server 12" 0.0003 "-" 24 0
Jun 12 17:37:25 standalone proxy-server[129143]: 172.18.0.2 172.18.0.100 12/Jun/2026/17/37/25 GET /v1/AUTH_6a45dcf95d9e4644ae6b5e86a583fa28/gnocchi.9cf41c9b-2e47-4455-b294-cd54c22aacfc/none_v3 HTTP/1.0 404 - python-swiftclient-3.11.1 gAAAAABqLELiYpo3... - 70 - tx06406a80a2d64c46a720e-006a2c43d5 - 0.0088 - - 1781285845.343440056 1781285845.352286577 0
Jun 12 17:37:25 standalone account-server[126530]: 172.20.0.100 - - [12/Jun/2026:17:37:25 +0000] "PUT /d1/225/AUTH_6a45dcf95d9e4644ae6b5e86a583fa28/gnocchi.9cf41c9b-2e47-4455-b294-cd54c22aacfc" 201 - "PUT http://172.20.0.100:6001/d1/196/AUTH_6a45dcf95d9e4644ae6b5e86a583fa28/gnocchi.9cf41c9b-2e47-4455-b294-cd54c22aacfc" "tx77adc31f818a459296488-006a2c43d5" "container-server 15" 0.0062 "-" 15 0
Jun 12 17:37:25 standalone container-server[126914]: 172.20.0.100 - - [12/Jun/2026:17:37:25 +0000] "PUT /d1/196/AUTH_6a45dcf95d9e4644ae6b5e86a583fa28/gnocchi.9cf41c9b-2e47-4455-b294-cd54c22aacfc" 201 - "PUT http://172.18.0.2:8080/v1/AUTH_6a45dcf95d9e4644ae6b5e86a583fa28/gnocchi.9cf41c9b-2e47-4455-b294-cd54c22aacfc" "tx77adc31f818a459296488-006a2c43d5" "proxy-server 12" 0.0199 "-" 15 0
Jun 12 17:37:25 standalone proxy-server[129143]: 172.18.0.2 172.18.0.100 12/Jun/2026/17/37/25 PUT /v1/AUTH_6a45dcf95d9e4644ae6b5e86a583fa28/gnocchi.9cf41c9b-2e47-4455-b294-cd54c22aacfc HTTP/1.0 201 - python-swiftclient-3.11.1 gAAAAABqLELiYpo3... - - - tx77adc31f818a459296488-006a2c43d5 - 0.0251 - - 1781285845.355249405 1781285845.380339861 0
Jun 12 17:37:25 standalone container-server[126913]: 172.20.0.100 - - [12/Jun/2026:17:37:25 +0000] "HEAD /d1/196/AUTH_6a45dcf95d9e4644ae6b5e86a583fa28/gnocchi.9cf41c9b-2e47-4455-b294-cd54c22aacfc" 204 - "HEAD http://172.18.0.2:8080/v1/AUTH_6a45dcf95d9e4644ae6b5e86a583fa28/gnocchi.9cf41c9b-2e47-4455-b294-cd54c22aacfc?format=json&states=listing" "tx444bd9d4e0d148498bd25-006a2c43d5" "proxy-server 12" 0.0020 "-" 14 0
Jun 12 17:37:25 standalone proxy-server[129143]: - - 12/Jun/2026/17/37/25 HEAD /v1/AUTH_6a45dcf95d9e4644ae6b5e86a583fa28/gnocchi.9cf41c9b-2e47-4455-b294-cd54c22aacfc%3Fformat%3Djson%26states%3Dlisting HTTP/1.0 204 - Swift - - - - tx444bd9d4e0d148498bd25-006a2c43d5 - 0.0052 RL - 1781285845.385091782 1781285845.390337229 0
Jun 12 17:37:25 standalone container-server[126914]: 172.20.0.100 - - [12/Jun/2026:17:37:25 +0000] "GET /d1/196/AUTH_6a45dcf95d9e4644ae6b5e86a583fa28/gnocchi.9cf41c9b-2e47-4455-b294-cd54c22aacfc" 200 2 "GET http://172.18.0.2:8080/v1/AUTH_6a45dcf95d9e4644ae6b5e86a583fa28/gnocchi.9cf41c9b-2e47-4455-b294-cd54c22aacfc?format=json&states=listing" "tx444bd9d4e0d148498bd25-006a2c43d5" "proxy-server 12" 0.0036 "-" 15 0
Jun 12 17:37:25 standalone proxy-server[129143]: 172.18.0.2 172.18.0.100 12/Jun/2026/17/37/25 GET /v1/AUTH_6a45dcf95d9e4644ae6b5e86a583fa28/gnocchi.9cf41c9b-2e47-4455-b294-cd54c22aacfc%3Fformat%3Djson%26states%3Dlisting HTTP/1.0 200 - python-swiftclient-3.11.1 gAAAAABqLELiYpo3... - 2 - tx444bd9d4e0d148498bd25-006a2c43d5 - 0.0161 - - 1781285845.384089231 1781285845.400200129 0
Jun 12 17:37:25 standalone object-server[126987]: 172.20.0.100 - - [12/Jun/2026:17:37:25 +0000] "GET /d1/614/AUTH_6a45dcf95d9e4644ae6b5e86a583fa28/gnocchi.9cf41c9b-2e47-4455-b294-cd54c22aacfc/1780920000.0_mean_300.0_v3" 404 70 "GET http://172.18.0.2:8080/v1/AUTH_6a45dcf95d9e4644ae6b5e86a583fa28/gnocchi.9cf41c9b-2e47-4455-b294-cd54c22aacfc/1780920000.0_mean_300.0_v3" "txca7e9e717db0457ea3923-006a2c43d5" "proxy-server 12" 0.0006 "-" 24 0
Jun 12 17:37:25 standalone proxy-server[129143]: 172.18.0.2 172.18.0.100 12/Jun/2026/17/37/25 GET /v1/AUTH_6a45dcf95d9e4644ae6b5e86a583fa28/gnocchi.9cf41c9b-2e47-4455-b294-cd54c22aacfc/1780920000.0_mean_300.0_v3 HTTP/1.0 404 - python-swiftclient-3.11.1 gAAAAABqLELiYpo3... - 70 - txca7e9e717db0457ea3923-006a2c43d5 - 0.0063 - - 1781285845.404609442 1781285845.410873175 0
Jun 12 17:37:25 standalone container-server[126913]: 172.20.0.100 - - [12/Jun/2026:17:37:25 +0000] "PUT /d1/196/AUTH_6a45dcf95d9e4644ae6b5e86a583fa28/gnocchi.9cf41c9b-2e47-4455-b294-cd54c22aacfc/1780920000.0_mean_300.0_v3" 201 - "PUT http://172.18.0.2:8080/d1/614/AUTH_6a45dcf95d9e4644ae6b5e86a583fa28/gnocchi.9cf41c9b-2e47-4455-b294-cd54c22aacfc/1780920000.0_mean_300.0_v3" "txcfd7e01cc80349c087ab4-006a2c43d5" "object-server 23" 0.0009 "-" 14 0
Jun 12 17:37:25 standalone object-server[126972]: 172.20.0.100 - - [12/Jun/2026:17:37:25 +0000] "PUT /d1/614/AUTH_6a45dcf95d9e4644ae6b5e86a583fa28/gnocchi.9cf41c9b-2e47-4455-b294-cd54c22aacfc/1780920000.0_mean_300.0_v3" 201 - "PUT http://172.18.0.2:8080/v1/AUTH_6a45dcf95d9e4644ae6b5e86a583fa28/gnocchi.9cf41c9b-2e47-4455-b294-cd54c22aacfc/1780920000.0_mean_300.0_v3" "txcfd7e01cc80349c087ab4-006a2c43d5" "proxy-server 12" 0.0081 "-" 23 0
Jun 12 17:37:25 standalone proxy-server[129143]: 172.18.0.2 172.18.0.100 12/Jun/2026/17/37/25 PUT /v1/AUTH_6a45dcf95d9e4644ae6b5e86a583fa28/gnocchi.9cf41c9b-2e47-4455-b294-cd54c22aacfc/1780920000.0_mean_300.0_v3 HTTP/1.0 201 - python-swiftclient-3.11.1 gAAAAABqLELiYpo3... 16 - - txcfd7e01cc80349c087ab4-006a2c43d5 - 0.0123 - - 1781285845.414083481 1781285845.426416636 0
Jun 12 17:37:25 standalone container-server[126923]: 172.20.0.100 - - [12/Jun/2026:17:37:25 +0000] "PUT /d1/196/AUTH_6a45dcf95d9e4644ae6b5e86a583fa28/gnocchi.9cf41c9b-2e47-4455-b294-cd54c22aacfc/none_v3" 201 - "PUT http://172.18.0.2:8080/d1/588/AUTH_6a45dcf95d9e4644ae6b5e86a583fa28/gnocchi.9cf41c9b-2e47-4455-b294-cd54c22aacfc/none_v3" "tx081c87ed10f0490d8a187-006a2c43d5" "object-server 22" 0.0006 "-" 17 0
Jun 12 17:37:25 standalone object-server[126960]: 172.20.0.100 - - [12/Jun/2026:17:37:25 +0000] "PUT /d1/588/AUTH_6a45dcf95d9e4644ae6b5e86a583fa28/gnocchi.9cf41c9b-2e47-4455-b294-cd54c22aacfc/none_v3" 201 - "PUT http://172.18.0.2:8080/v1/AUTH_6a45dcf95d9e4644ae6b5e86a583fa28/gnocchi.9cf41c9b-2e47-4455-b294-cd54c22aacfc/none_v3" "tx081c87ed10f0490d8a187-006a2c43d5" "proxy-server 12" 0.0096 "-" 22 0
Jun 12 17:37:25 standalone proxy-server[129143]: 172.18.0.2 172.18.0.100 12/Jun/2026/17/37/25 PUT /v1/AUTH_6a45dcf95d9e4644ae6b5e86a583fa28/gnocchi.9cf41c9b-2e47-4455-b294-cd54c22aacfc/none_v3 HTTP/1.0 201 - python-swiftclient-3.11.1 gAAAAABqLELiYpo3... 22 - - tx081c87ed10f0490d8a187-006a2c43d5 - 0.0145 - - 1781285845.429615259 1781285845.444158316 0
Jun 12 17:37:25 standalone container-server[126923]: 172.20.0.100 - - [12/Jun/2026:17:37:25 +0000] "HEAD /d1/329/AUTH_6a45dcf95d9e4644ae6b5e86a583fa28/gnocchi.e94b4d16-6019-4951-b9c4-ffd251507cba" 404 - "HEAD http://172.18.0.2:8080/v1/AUTH_6a45dcf95d9e4644ae6b5e86a583fa28/gnocchi.e94b4d16-6019-4951-b9c4-ffd251507cba?format=json&states=listing" "txd7b1883f6bc5408b95a09-006a2c43d5" "proxy-server 12" 0.0003 "-" 17 0
Jun 12 17:37:25 standalone object-server[127000]: 172.20.0.100 - - [12/Jun/2026:17:37:25 +0000] "GET /d1/633/AUTH_6a45dcf95d9e4644ae6b5e86a583fa28/gnocchi.e94b4d16-6019-4951-b9c4-ffd251507cba/none_v3" 404 70 "GET http://172.18.0.2:8080/v1/AUTH_6a45dcf95d9e4644ae6b5e86a583fa28/gnocchi.e94b4d16-6019-4951-b9c4-ffd251507cba/none_v3" "txd7b1883f6bc5408b95a09-006a2c43d5" "proxy-server 12" 0.0006 "-" 25 0
Jun 12 17:37:25 standalone proxy-server[129143]: 172.18.0.2 172.18.0.100 12/Jun/2026/17/37/25 GET /v1/AUTH_6a45dcf95d9e4644ae6b5e86a583fa28/gnocchi.e94b4d16-6019-4951-b9c4-ffd251507cba/none_v3 HTTP/1.0 404 - python-swiftclient-3.11.1 gAAAAABqLELiYpo3... - 70 - txd7b1883f6bc5408b95a09-006a2c43d5 - 0.0098 - - 1781285845.456064463 1781285845.465831280 0
Jun 12 17:37:25 standalone account-server[126513]: 172.20.0.100 - - [12/Jun/2026:17:37:25 +0000] "PUT /d1/225/AUTH_6a45dcf95d9e4644ae6b5e86a583fa28/gnocchi.e94b4d16-6019-4951-b9c4-ffd251507cba" 201 - "PUT http://172.20.0.100:6001/d1/329/AUTH_6a45dcf95d9e4644ae6b5e86a583fa28/gnocchi.e94b4d16-6019-4951-b9c4-ffd251507cba" "tx59e867de27d54aaf99975-006a2c43d5" "container-server 15" 0.0060 "-" 14 0
Jun 12 17:37:25 standalone container-server[126914]: 172.20.0.100 - - [12/Jun/2026:17:37:25 +0000] "PUT /d1/329/AUTH_6a45dcf95d9e4644ae6b5e86a583fa28/gnocchi.e94b4d16-6019-4951-b9c4-ffd251507cba" 201 - "PUT http://172.18.0.2:8080/v1/AUTH_6a45dcf95d9e4644ae6b5e86a583fa28/gnocchi.e94b4d16-6019-4951-b9c4-ffd251507cba" "tx59e867de27d54aaf99975-006a2c43d5" "proxy-server 12" 0.0186 "-" 15 0
Jun 12 17:37:25 standalone proxy-server[129143]: 172.18.0.2 172.18.0.100 12/Jun/2026/17/37/25 PUT /v1/AUTH_6a45dcf95d9e4644ae6b5e86a583fa28/gnocchi.e94b4d16-6019-4951-b9c4-ffd251507cba HTTP/1.0 201 - python-swiftclient-3.11.1 gAAAAABqLELiYpo3... - - - tx59e867de27d54aaf99975-006a2c43d5 - 0.0234 - - 1781285845.469491959 1781285845.492875099 0
Jun 12 17:37:25 standalone container-server[126913]: 172.20.0.100 - - [12/Jun/2026:17:37:25 +0000] "HEAD /d1/329/AUTH_6a45dcf95d9e4644ae6b5e86a583fa28/gnocchi.e94b4d16-6019-4951-b9c4-ffd251507cba" 204 - "HEAD http://172.18.0.2:8080/v1/AUTH_6a45dcf95d9e4644ae6b5e86a583fa28/gnocchi.e94b4d16-6019-4951-b9c4-ffd251507cba?format=json&states=listing" "txb494478cd41a44b19c407-006a2c43d5" "proxy-server 12" 0.0022 "-" 14 0
Jun 12 17:37:25 standalone proxy-server[129143]: - - 12/Jun/2026/17/37/25 HEAD /v1/AUTH_6a45dcf95d9e4644ae6b5e86a583fa28/gnocchi.e94b4d16-6019-4951-b9c4-ffd251507cba%3Fformat%3Djson%26states%3Dlisting HTTP/1.0 204 - Swift - - - - txb494478cd41a44b19c407-006a2c43d5 - 0.0056 RL - 1781285845.498165607 1781285845.503769636 0
Jun 12 17:37:25 standalone container-server[126919]: 172.20.0.100 - - [12/Jun/2026:17:37:25 +0000] "GET /d1/329/AUTH_6a45dcf95d9e4644ae6b5e86a583fa28/gnocchi.e94b4d16-6019-4951-b9c4-ffd251507cba" 200 2 "GET http://172.18.0.2:8080/v1/AUTH_6a45dcf95d9e4644ae6b5e86a583fa28/gnocchi.e94b4d16-6019-4951-b9c4-ffd251507cba?format=json&states=listing" "txb494478cd41a44b19c407-006a2c43d5" "proxy-server 12" 0.0020 "-" 16 0
Jun 12 17:37:25 standalone proxy-server[129143]: 172.18.0.2 172.18.0.100 12/Jun/2026/17/37/25 GET /v1/AUTH_6a45dcf95d9e4644ae6b5e86a583fa28/gnocchi.e94b4d16-6019-4951-b9c4-ffd251507cba%3Fformat%3Djson%26states%3Dlisting HTTP/1.0 200 - python-swiftclient-3.11.1 gAAAAABqLELiYpo3... - 2 - txb494478cd41a44b19c407-006a2c43d5 - 0.0192 - - 1781285845.497228861 1781285845.516475439 0
Jun 12 17:37:25 standalone object-server[127000]: 172.20.0.100 - - [12/Jun/2026:17:37:25 +0000] "GET /d1/653/AUTH_6a45dcf95d9e4644ae6b5e86a583fa28/gnocchi.e94b4d16-6019-4951-b9c4-ffd251507cba/1780920000.0_mean_300.0_v3" 404 70 "GET http://172.18.0.2:8080/v1/AUTH_6a45dcf95d9e4644ae6b5e86a583fa28/gnocchi.e94b4d16-6019-4951-b9c4-ffd251507cba/1780920000.0_mean_300.0_v3" "tx9a1047ecae004e8e884f2-006a2c43d5" "proxy-server 12" 0.0006 "-" 25 0
