Jun 9 07:56:49 standalone account-server[123220]: Starting 2
Jun 9 07:56:50 standalone account-server[123586]: Started child 19 from parent 2
Jun 9 07:56:50 standalone account-server[123586]: Started child 20 from parent 2
Jun 9 07:56:50 standalone account-server[123586]: Started child 21 from parent 2
Jun 9 07:56:50 standalone account-server[123586]: Started child 23 from parent 2
Jun 9 07:56:50 standalone container-server[123812]: Option allow_versions is deprecated. Configure the versioned_writes middleware in the proxy-server instead. This option will be ignored in a future release.
Jun 9 07:56:50 standalone container-server[124065]: Option allow_versions is deprecated. Configure the versioned_writes middleware in the proxy-server instead. This option will be ignored in a future release.
Jun 9 07:56:50 standalone container-server[123812]: Started child 14 from parent 2
Jun 9 07:56:50 standalone container-server[124067]: Option allow_versions is deprecated. Configure the versioned_writes middleware in the proxy-server instead. This option will be ignored in a future release.
Jun 9 07:56:50 standalone container-server[123812]: Started child 15 from parent 2
Jun 9 07:56:50 standalone object-expirer[123897]: Starting 2
Jun 9 07:56:50 standalone object-expirer[123897]: Option auto_create_account_prefix is deprecated. Configure auto_create_account_prefix under the swift-constraints section of swift.conf. This option will be ignored in a future release.
Jun 9 07:56:50 standalone container-server[124075]: Option allow_versions is deprecated. Configure the versioned_writes middleware in the proxy-server instead. This option will be ignored in a future release.
Jun 9 07:56:50 standalone container-server[123812]: Started child 16 from parent 2
Jun 9 07:56:50 standalone container-server[123891]: Starting 2
Jun 9 07:56:50 standalone container-server[124082]: Option allow_versions is deprecated. Configure the versioned_writes middleware in the proxy-server instead. This option will be ignored in a future release.
Jun 9 07:56:50 standalone container-server[123812]: Started child 17 from parent 2
Jun 9 07:56:51 standalone object-server[124147]: Starting 2
Jun 9 07:56:51 standalone object-server[124173]: Started child 20 from parent 2
Jun 9 07:56:51 standalone object-server[124173]: Started child 21 from parent 2
Jun 9 07:56:51 standalone object-server[124173]: Started child 22 from parent 2
Jun 9 07:56:51 standalone object-server[124173]: Started child 23 from parent 2
Jun 9 07:56:56 standalone account-server[123953]: 172.20.0.100 - - [09/Jun/2026:07:56:56 +0000] "HEAD /d1/75/.expiring_objects" 404 - "HEAD http://localhost/v1/.expiring_objects?format=json" "tx589355a6c4774e779addc-006a27c748" "proxy-server 2" 0.0011 "-" 21 -
Jun 9 07:56:56 standalone object-expirer[123897]: Pass completed in 0s; 0 objects expired (txn: tx589355a6c4774e779addc-006a27c748)
Jun 9 07:56:57 standalone proxy-server[125676]: Starting Keystone auth_token middleware
Jun 9 07:56:57 standalone proxy-server[125676]: AuthToken middleware is set with keystone_authtoken.service_token_roles_required set to False. This is backwards compatible but deprecated behaviour. Please set this to True.
Jun 9 07:56:57 standalone proxy-server[125823]: Starting Keystone auth_token middleware
Jun 9 07:56:57 standalone proxy-server[125823]: STDERR: The option "bind_port" is not known to keystonemiddleware
Jun 9 07:56:57 standalone proxy-server[125823]: STDERR: The option "workers" is not known to keystonemiddleware
Jun 9 07:56:57 standalone proxy-server[125823]: STDERR: The option "user" is not known to keystonemiddleware
Jun 9 07:56:57 standalone proxy-server[125823]: STDERR: The option "bind_ip" is not known to keystonemiddleware
Jun 9 07:56:57 standalone proxy-server[125823]: STDERR: The option "log_name" is not known to keystonemiddleware
Jun 9 07:56:57 standalone proxy-server[125823]: STDERR: The option "log_facility" is not known to keystonemiddleware
Jun 9 07:56:57 standalone proxy-server[125823]: STDERR: The option "log_level" is not known to keystonemiddleware
Jun 9 07:56:57 standalone proxy-server[125823]: STDERR: The option "log_headers" is not known to keystonemiddleware
Jun 9 07:56:57 standalone proxy-server[125823]: STDERR: The option "log_address" is not known to keystonemiddleware
Jun 9 07:56:57 standalone proxy-server[125823]: STDERR: The option "project_name" is not known to keystonemiddleware
Jun 9 07:56:57 standalone proxy-server[125823]: STDERR: The option "username" is not known to keystonemiddleware
Jun 9 07:56:57 standalone proxy-server[125823]: STDERR: The option "password" is not known to keystonemiddleware
Jun 9 07:56:57 standalone proxy-server[125823]: STDERR: The option "auth_url" is not known to keystonemiddleware
Jun 9 07:56:57 standalone proxy-server[125823]: STDERR: The option "signing_dir" is not known to keystonemiddleware
Jun 9 07:56:57 standalone proxy-server[125823]: STDERR: The option "project_domain_id" is not known to keystonemiddleware
Jun 9 07:56:57 standalone proxy-server[125823]: STDERR: The option "user_domain_id" is not known to keystonemiddleware
Jun 9 07:56:57 standalone proxy-server[125823]: STDERR: The option "__name__" is not known to keystonemiddleware
Jun 9 07:56:57 standalone proxy-server[125823]: AuthToken middleware is set with keystone_authtoken.service_token_roles_required set to False. This is backwards compatible but deprecated behaviour. Please set this to True.
Jun 9 07:56:57 standalone proxy-server[125676]: Started child 21 from parent 2
Jun 9 07:57:57 standalone object-server[124147]: Begin object update sweep
Jun 9 07:57:57 standalone object-server[132588]: Object update sweep starting on /srv/node/d1 (pid: 11)
Jun 9 07:57:57 standalone object-server[132588]: Object update sweep completed on /srv/node/d1 in 0.00s seconds:, 0 successes, 0 failures, 0 quarantines, 0 unlinks, 0 errors, 0 redirects (pid: 11)
Jun 9 07:57:57 standalone object-server[132588]: Object update sweep of d1 completed: 0.00s, 0 successes, 0 failures, 0 quarantines, 0 unlinks, 0 errors, 0 redirects
Jun 9 07:57:57 standalone object-server[124147]: Object update sweep completed: 0.08s
Jun 9 08:00:24 standalone container-server[123891]: Begin container update sweep
Jun 9 08:00:24 standalone container-server[123891]: Container update sweep completed: 0.00s
Jun 9 08:00:39 standalone account-server[123998]: 172.20.0.100 - - [09/Jun/2026:08:00:39 +0000] "HEAD /d1/75/.expiring_objects" 404 - "HEAD http://localhost/v1/.expiring_objects?format=json" "txed514bc37dae4426acb9b-006a27c827" "proxy-server 2" 0.0010 "-" 23 -
Jun 9 08:00:39 standalone object-expirer[123897]: Pass completed in 0s; 0 objects expired (txn: txed514bc37dae4426acb9b-006a27c827)
Jun 9 08:02:57 standalone object-server[124147]: Begin object update sweep
Jun 9 08:02:57 standalone object-server[167957]: Object update sweep starting on /srv/node/d1 (pid: 13)
Jun 9 08:02:57 standalone object-server[167957]: Object update sweep completed on /srv/node/d1 in 0.00s seconds:, 0 successes, 0 failures, 0 quarantines, 0 unlinks, 0 errors, 0 redirects (pid: 13)
Jun 9 08:02:57 standalone object-server[167957]: Object update sweep of d1 completed: 0.00s, 0 successes, 0 failures, 0 quarantines, 0 unlinks, 0 errors, 0 redirects
Jun 9 08:02:57 standalone object-server[124147]: Object update sweep completed: 0.06s
Jun 9 08:03:22 standalone account-server[123940]: 172.20.0.100 - - [09/Jun/2026:08:03:22 +0000] "HEAD /d1/517/AUTH_3202d40b869144cd8aaae1037e42e410" 404 - "HEAD http://localhost:8080/v1/AUTH_3202d40b869144cd8aaae1037e42e410?format=json" "txd110221e38c946b2bc8a9-006a27c8ca" "proxy-server 21" 0.0012 "-" 20 -
Jun 9 08:03:22 standalone proxy-server[125823]: - - 09/Jun/2026/08/03/22 HEAD /v1/AUTH_3202d40b869144cd8aaae1037e42e410%3Fformat%3Djson HTTP/1.0 200 - Swift - - - - txd110221e38c946b2bc8a9-006a27c8ca - 0.0071 RL - 1780992202.728687763 1780992202.735822678 -
Jun 9 08:03:23 standalone proxy-server[125823]: 172.18.0.2 ::1 09/Jun/2026/08/03/23 HEAD /v1/AUTH_3202d40b869144cd8aaae1037e42e410/glance%3Fformat%3Djson HTTP/1.0 404 - python-swiftclient-3.11.1 gAAAAABqJ8jKv--Z... - - - txd110221e38c946b2bc8a9-006a27c8ca - 0.4380 - - 1780992202.719795465 1780992203.157745838 -
Jun 9 08:03:23 standalone account-server[123998]: 172.20.0.100 - - [09/Jun/2026:08:03:23 +0000] "PUT /d1/517/AUTH_3202d40b869144cd8aaae1037e42e410" 201 - "-" "tx86e8e4b421ce434881594-006a27c8cb" "-" 0.0179 "-" 23 -
Jun 9 08:03:23 standalone proxy-server[125823]: autocreate account '/AUTH_3202d40b869144cd8aaae1037e42e410' (txn: tx86e8e4b421ce434881594-006a27c8cb)
Jun 9 08:03:23 standalone account-server[123998]: 172.20.0.100 - - [09/Jun/2026:08:03:23 +0000] "HEAD /d1/517/AUTH_3202d40b869144cd8aaae1037e42e410" 204 - "HEAD http://localhost:8080/v1/AUTH_3202d40b869144cd8aaae1037e42e410?format=json" "tx86e8e4b421ce434881594-006a27c8cb" "proxy-server 21" 0.0011 "-" 23 -
Jun 9 08:03:23 standalone account-server[123934]: 172.20.0.100 - - [09/Jun/2026:08:03:23 +0000] "PUT /d1/517/AUTH_3202d40b869144cd8aaae1037e42e410/glance" 201 - "PUT http://172.20.0.100:6001/d1/137/AUTH_3202d40b869144cd8aaae1037e42e410/glance" "tx86e8e4b421ce434881594-006a27c8cb" "container-server 15" 0.0019 "-" 19 0
Jun 9 08:03:23 standalone container-server[124067]: 172.20.0.100 - - [09/Jun/2026:08:03:23 +0000] "PUT /d1/137/AUTH_3202d40b869144cd8aaae1037e42e410/glance" 201 - "PUT http://localhost:8080/v1/AUTH_3202d40b869144cd8aaae1037e42e410/glance" "tx86e8e4b421ce434881594-006a27c8cb" "proxy-server 21" 0.0189 "-" 15 0
Jun 9 08:03:23 standalone proxy-server[125823]: 172.18.0.2 ::1 09/Jun/2026/08/03/23 PUT /v1/AUTH_3202d40b869144cd8aaae1037e42e410/glance HTTP/1.0 201 - python-swiftclient-3.11.1 gAAAAABqJ8jKv--Z... - - - tx86e8e4b421ce434881594-006a27c8cb - 0.0632 - - 1780992203.163853884 1780992203.227053642 0
Jun 9 08:03:23 standalone container-server[124067]: 172.20.0.100 - - [09/Jun/2026:08:03:23 +0000] "HEAD /d1/137/AUTH_3202d40b869144cd8aaae1037e42e410/glance" 204 - "HEAD http://localhost:8080/v1/AUTH_3202d40b869144cd8aaae1037e42e410/glance?format=json&states=listing" "txfdd6365c4fc04c1fb4474-006a27c8cb" "proxy-server 21" 0.0015 "-" 15 0
Jun 9 08:03:23 standalone proxy-server[125823]: - - 09/Jun/2026/08/03/23 HEAD /v1/AUTH_3202d40b869144cd8aaae1037e42e410/glance%3Fformat%3Djson%26states%3Dlisting HTTP/1.0 204 - Swift - - - - txfdd6365c4fc04c1fb4474-006a27c8cb - 0.0111 RL - 1780992203.232896090 1780992203.243951559 0
Jun 9 08:03:40 standalone container-server[124075]: 172.20.0.100 - - [09/Jun/2026:08:03:40 +0000] "PUT /d1/137/AUTH_3202d40b869144cd8aaae1037e42e410/glance/86768b8d-4c44-414e-830a-b323995a77ed" 201 - "PUT http://localhost:8080/d1/404/AUTH_3202d40b869144cd8aaae1037e42e410/glance/86768b8d-4c44-414e-830a-b323995a77ed" "txfdd6365c4fc04c1fb4474-006a27c8cb" "object-server 21" 0.0019 "-" 16 0
Jun 9 08:03:40 standalone object-server[124302]: 172.20.0.100 - - [09/Jun/2026:08:03:40 +0000] "PUT /d1/404/AUTH_3202d40b869144cd8aaae1037e42e410/glance/86768b8d-4c44-414e-830a-b323995a77ed" 201 - "PUT http://localhost:8080/v1/AUTH_3202d40b869144cd8aaae1037e42e410/glance/86768b8d-4c44-414e-830a-b323995a77ed" "txfdd6365c4fc04c1fb4474-006a27c8cb" "proxy-server 21" 17.5297 "-" 21 0
Jun 9 08:03:40 standalone proxy-server[125823]: 172.18.0.2 ::1 09/Jun/2026/08/03/40 PUT /v1/AUTH_3202d40b869144cd8aaae1037e42e410/glance/86768b8d-4c44-414e-830a-b323995a77ed HTTP/1.0 201 - python-swiftclient-3.11.1 gAAAAABqJ8jKv--Z... 1481900032 - - txfdd6365c4fc04c1fb4474-006a27c8cb - 17.5497 - - 1780992203.231630564 1780992220.781353951 0
Jun 9 08:05:02 standalone account-server[123953]: 172.20.0.100 - - [09/Jun/2026:08:05:02 +0000] "HEAD /d1/75/.expiring_objects" 404 - "HEAD http://localhost/v1/.expiring_objects?format=json" "txe15cafe5bb104f25ad579-006a27c92e" "proxy-server 2" 0.0006 "-" 21 -
Jun 9 08:05:02 standalone object-expirer[123897]: Pass completed in 0s; 0 objects expired (txn: txe15cafe5bb104f25ad579-006a27c92e)
Jun 9 08:05:24 standalone container-server[123891]: Begin container update sweep
Jun 9 08:05:24 standalone account-server[123934]: 172.20.0.100 - - [09/Jun/2026:08:05:24 +0000] "PUT /d1/517/AUTH_3202d40b869144cd8aaae1037e42e410/glance" 201 - "-" "-" "container-updater 2" 0.0009 "-" 19 0
Jun 9 08:05:24 standalone container-server[123891]: Container update sweep completed: 0.12s
Jun 9 08:07:34 standalone account-server[123953]: 172.20.0.100 - - [09/Jun/2026:08:07:34 +0000] "HEAD /d1/75/.expiring_objects" 404 - "HEAD http://localhost/v1/.expiring_objects?format=json" "txce28fe244cc9432cb1afc-006a27c9c6" "proxy-server 2" 0.0005 "-" 21 -
Jun 9 08:07:34 standalone object-expirer[123897]: Pass completed in 0s; 0 objects expired (txn: txce28fe244cc9432cb1afc-006a27c9c6)
Jun 9 08:07:41 standalone account-server[123940]: 172.20.0.100 - - [09/Jun/2026:08:07:41 +0000] "HEAD /d1/517/AUTH_3202d40b869144cd8aaae1037e42e410" 204 - "HEAD http://localhost:8080/v1/AUTH_3202d40b869144cd8aaae1037e42e410?format=json" "tx6d164fbc4cfd4dd08f0a6-006a27c9cd" "proxy-server 21" 0.0087 "-" 20 -
Jun 9 08:07:41 standalone proxy-server[125823]: - - 09/Jun/2026/08/07/41 HEAD /v1/AUTH_3202d40b869144cd8aaae1037e42e410%3Fformat%3Djson HTTP/1.0 204 - Swift - - - - tx6d164fbc4cfd4dd08f0a6-006a27c9cd - 0.0134 RL - 1780992461.452440500 1780992461.465873718 -
Jun 9 08:07:41 standalone container-server[124082]: 172.20.0.100 - - [09/Jun/2026:08:07:41 +0000] "HEAD /d1/137/AUTH_3202d40b869144cd8aaae1037e42e410/glance" 204 - "HEAD http://localhost:8080/v1/AUTH_3202d40b869144cd8aaae1037e42e410/glance?format=json&states=listing" "tx6d164fbc4cfd4dd08f0a6-006a27c9cd" "proxy-server 21" 0.0042 "-" 17 0
Jun 9 08:07:41 standalone proxy-server[125823]: 172.18.0.2 ::1 09/Jun/2026/08/07/41 HEAD /v1/AUTH_3202d40b869144cd8aaae1037e42e410/glance%3Fformat%3Djson%26states%3Dlisting HTTP/1.0 204 - python-swiftclient-3.11.1 gAAAAABqJ8nNr9re... - - - tx6d164fbc4cfd4dd08f0a6-006a27c9cd - 0.1248 - - 1780992461.451495647 1780992461.576289892 0
Jun 9 08:07:44 standalone container-server[124067]: 172.20.0.100 - - [09/Jun/2026:08:07:44 +0000] "PUT /d1/137/AUTH_3202d40b869144cd8aaae1037e42e410/glance/9f3d830d-cc2f-47d4-8370-858f6f71f9e6-00001" 201 - "PUT http://localhost:8080/d1/763/AUTH_3202d40b869144cd8aaae1037e42e410/glance/9f3d830d-cc2f-47d4-8370-858f6f71f9e6-00001" "tx38bac12a04af49ec84f52-006a27c9cd" "object-server 21" 0.0013 "-" 15 0
Jun 9 08:07:44 standalone object-server[124302]: 172.20.0.100 - - [09/Jun/2026:08:07:44 +0000] "PUT /d1/763/AUTH_3202d40b869144cd8aaae1037e42e410/glance/9f3d830d-cc2f-47d4-8370-858f6f71f9e6-00001" 201 - "PUT http://localhost:8080/v1/AUTH_3202d40b869144cd8aaae1037e42e410/glance/9f3d830d-cc2f-47d4-8370-858f6f71f9e6-00001" "tx38bac12a04af49ec84f52-006a27c9cd" "proxy-server 21" 2.6900 "-" 21 0
Jun 9 08:07:44 standalone proxy-server[125823]: 172.18.0.2 ::1 09/Jun/2026/08/07/44 PUT /v1/AUTH_3202d40b869144cd8aaae1037e42e410/glance/9f3d830d-cc2f-47d4-8370-858f6f71f9e6-00001 HTTP/1.0 201 - python-swiftclient-3.11.1 gAAAAABqJ8nNr9re... 21692416 - - tx38bac12a04af49ec84f52-006a27c9cd - 2.6973 - - 1780992461.583871841 1780992464.281189203 0
Jun 9 08:07:44 standalone container-server[124065]: 172.20.0.100 - - [09/Jun/2026:08:07:44 +0000] "PUT /d1/137/AUTH_3202d40b869144cd8aaae1037e42e410/glance/9f3d830d-cc2f-47d4-8370-858f6f71f9e6" 201 - "PUT http://localhost:8080/d1/880/AUTH_3202d40b869144cd8aaae1037e42e410/glance/9f3d830d-cc2f-47d4-8370-858f6f71f9e6" "tx7bc84740fc7642cdb2533-006a27c9d0" "object-server 23" 0.0020 "-" 14 0
Jun 9 08:07:44 standalone object-server[124304]: 172.20.0.100 - - [09/Jun/2026:08:07:44 +0000] "PUT /d1/880/AUTH_3202d40b869144cd8aaae1037e42e410/glance/9f3d830d-cc2f-47d4-8370-858f6f71f9e6" 201 - "PUT http://localhost:8080/v1/AUTH_3202d40b869144cd8aaae1037e42e410/glance/9f3d830d-cc2f-47d4-8370-858f6f71f9e6" "tx7bc84740fc7642cdb2533-006a27c9d0" "proxy-server 21" 0.0333 "-" 23 0
Jun 9 08:07:44 standalone proxy-server[125823]: 172.18.0.2 ::1 09/Jun/2026/08/07/44 PUT /v1/AUTH_3202d40b869144cd8aaae1037e42e410/glance/9f3d830d-cc2f-47d4-8370-858f6f71f9e6 HTTP/1.0 201 - python-swiftclient-3.11.1 gAAAAABqJ8nNr9re... - - - tx7bc84740fc7642cdb2533-006a27c9d0 - 0.0392 - - 1780992464.293232918 1780992464.332413197 0
Jun 9 08:07:45 standalone container-server[124067]: 172.20.0.100 - - [09/Jun/2026:08:07:45 +0000] "HEAD /d1/81/AUTH_3202d40b869144cd8aaae1037e42e410/gnocchi.d5890b75-361c-4351-b154-e950037836e4" 404 - "HEAD http://localhost:8080/v1/AUTH_3202d40b869144cd8aaae1037e42e410/gnocchi.d5890b75-361c-4351-b154-e950037836e4?format=json&states=listing" "txf4c0a2e54d5e4d9cba876-006a27c9d0" "proxy-server 21" 0.0008 "-" 15 0
Jun 9 08:07:45 standalone object-server[124301]: 172.20.0.100 - - [09/Jun/2026:08:07:45 +0000] "GET /d1/564/AUTH_3202d40b869144cd8aaae1037e42e410/gnocchi.d5890b75-361c-4351-b154-e950037836e4/none_v3" 404 70 "GET http://localhost:8080/v1/AUTH_3202d40b869144cd8aaae1037e42e410/gnocchi.d5890b75-361c-4351-b154-e950037836e4/none_v3" "txf4c0a2e54d5e4d9cba876-006a27c9d0" "proxy-server 21" 0.0014 "-" 20 0
Jun 9 08:07:45 standalone proxy-server[125823]: 172.18.0.2 ::1 09/Jun/2026/08/07/45 GET /v1/AUTH_3202d40b869144cd8aaae1037e42e410/gnocchi.d5890b75-361c-4351-b154-e950037836e4/none_v3 HTTP/1.0 404 - python-swiftclient-3.11.1 gAAAAABqJ8nQadGr... - 70 - txf4c0a2e54d5e4d9cba876-006a27c9d0 - 0.0655 - - 1780992464.955444336 1780992465.020917177 0
Jun 9 08:07:45 standalone account-server[123940]: 172.20.0.100 - - [09/Jun/2026:08:07:45 +0000] "PUT /d1/517/AUTH_3202d40b869144cd8aaae1037e42e410/gnocchi.d5890b75-361c-4351-b154-e950037836e4" 201 - "PUT http://172.20.0.100:6001/d1/81/AUTH_3202d40b869144cd8aaae1037e42e410/gnocchi.d5890b75-361c-4351-b154-e950037836e4" "txcf2970ac46c94f838fc44-006a27c9d1" "container-server 15" 0.0018 "-" 20 0
Jun 9 08:07:45 standalone container-server[124067]: 172.20.0.100 - - [09/Jun/2026:08:07:45 +0000] "PUT /d1/81/AUTH_3202d40b869144cd8aaae1037e42e410/gnocchi.d5890b75-361c-4351-b154-e950037836e4" 201 - "PUT http://localhost:8080/v1/AUTH_3202d40b869144cd8aaae1037e42e410/gnocchi.d5890b75-361c-4351-b154-e950037836e4" "txcf2970ac46c94f838fc44-006a27c9d1" "proxy-server 21" 0.0169 "-" 15 0
Jun 9 08:07:45 standalone proxy-server[125823]: 172.18.0.2 ::1 09/Jun/2026/08/07/45 PUT /v1/AUTH_3202d40b869144cd8aaae1037e42e410/gnocchi.d5890b75-361c-4351-b154-e950037836e4 HTTP/1.0 201 - python-swiftclient-3.11.1 gAAAAABqJ8nQadGr... - - - txcf2970ac46c94f838fc44-006a27c9d1 - 0.0294 - - 1780992465.025445461 1780992465.054836750 0
Jun 9 08:07:45 standalone container-server[124065]: 172.20.0.100 - - [09/Jun/2026:08:07:45 +0000] "HEAD /d1/81/AUTH_3202d40b869144cd8aaae1037e42e410/gnocchi.d5890b75-361c-4351-b154-e950037836e4" 204 - "HEAD http://localhost:8080/v1/AUTH_3202d40b869144cd8aaae1037e42e410/gnocchi.d5890b75-361c-4351-b154-e950037836e4?format=json&states=listing" "tx3a6bfe3bba1f4578ad5d8-006a27c9d1" "proxy-server 21" 0.0045 "-" 14 0
Jun 9 08:07:45 standalone proxy-server[125823]: - - 09/Jun/2026/08/07/45 HEAD /v1/AUTH_3202d40b869144cd8aaae1037e42e410/gnocchi.d5890b75-361c-4351-b154-e950037836e4%3Fformat%3Djson%26states%3Dlisting HTTP/1.0 204 - Swift - - - - tx3a6bfe3bba1f4578ad5d8-006a27c9d1 - 0.0109 RL - 1780992465.065052509 1780992465.075958967 0
Jun 9 08:07:45 standalone container-server[124067]: 172.20.0.100 - - [09/Jun/2026:08:07:45 +0000] "GET /d1/81/AUTH_3202d40b869144cd8aaae1037e42e410/gnocchi.d5890b75-361c-4351-b154-e950037836e4" 200 2 "GET http://localhost:8080/v1/AUTH_3202d40b869144cd8aaae1037e42e410/gnocchi.d5890b75-361c-4351-b154-e950037836e4?format=json&states=listing" "tx3a6bfe3bba1f4578ad5d8-006a27c9d1" "proxy-server 21" 0.0040 "-" 15 0
Jun 9 08:07:45 standalone proxy-server[125823]: 172.18.0.2 ::1 09/Jun/2026/08/07/45 GET /v1/AUTH_3202d40b869144cd8aaae1037e42e410/gnocchi.d5890b75-361c-4351-b154-e950037836e4%3Fformat%3Djson%26states%3Dlisting HTTP/1.0 200 - python-swiftclient-3.11.1 gAAAAABqJ8nQadGr... - 2 - tx3a6bfe3bba1f4578ad5d8-006a27c9d1 - 0.0261 - - 1780992465.063249111 1780992465.089344263 0
Jun 9 08:07:45 standalone object-server[124301]: 172.20.0.100 - - [09/Jun/2026:08:07:45 +0000] "GET /d1/704/AUTH_3202d40b869144cd8aaae1037e42e410/gnocchi.d5890b75-361c-4351-b154-e950037836e4/1780920000.0_mean_300.0_v3" 404 70 "GET http://localhost:8080/v1/AUTH_3202d40b869144cd8aaae1037e42e410/gnocchi.d5890b75-361c-4351-b154-e950037836e4/1780920000.0_mean_300.0_v3" "tx7074ee17e27842f9be38b-006a27c9d1" "proxy-server 21" 0.0007 "-" 20 0
Jun 9 08:07:45 standalone proxy-server[125823]: 172.18.0.2 ::1 09/Jun/2026/08/07/45 GET /v1/AUTH_3202d40b869144cd8aaae1037e42e410/gnocchi.d5890b75-361c-4351-b154-e950037836e4/1780920000.0_mean_300.0_v3 HTTP/1.0 404 - python-swiftclient-3.11.1 gAAAAABqJ8nQadGr... - 70 - tx7074ee17e27842f9be38b-006a27c9d1 - 0.0085 - - 1780992465.096179724 1780992465.104715586 0
Jun 9 08:07:45 standalone container-server[124065]: 172.20.0.100 - - [09/Jun/2026:08:07:45 +0000] "PUT /d1/81/AUTH_3202d40b869144cd8aaae1037e42e410/gnocchi.d5890b75-361c-4351-b154-e950037836e4/1780920000.0_mean_300.0_v3" 201 - "PUT http://localhost:8080/d1/704/AUTH_3202d40b869144cd8aaae1037e42e410/gnocchi.d5890b75-361c-4351-b154-e950037836e4/1780920000.0_mean_300.0_v3" "txae603fcaf6b14596a5e3f-006a27c9d1" "object-server 22" 0.0013 "-" 14 0
Jun 9 08:07:45 standalone object-server[124303]: 172.20.0.100 - - [09/Jun/2026:08:07:45 +0000] "PUT /d1/704/AUTH_3202d40b869144cd8aaae1037e42e410/gnocchi.d5890b75-361c-4351-b154-e950037836e4/1780920000.0_mean_300.0_v3" 201 - "PUT http://localhost:8080/v1/AUTH_3202d40b869144cd8aaae1037e42e410/gnocchi.d5890b75-361c-4351-b154-e950037836e4/1780920000.0_mean_300.0_v3" "txae603fcaf6b14596a5e3f-006a27c9d1" "proxy-server 21" 0.0412 "-" 22 0
Jun 9 08:07:45 standalone proxy-server[125823]: 172.18.0.2 ::1 09/Jun/2026/08/07/45 PUT /v1/AUTH_3202d40b869144cd8aaae1037e42e410/gnocchi.d5890b75-361c-4351-b154-e950037836e4/1780920000.0_mean_300.0_v3 HTTP/1.0 201 - python-swiftclient-3.11.1 gAAAAABqJ8nQadGr... 16 - - txae603fcaf6b14596a5e3f-006a27c9d1 - 0.0503 - - 1780992465.110164165 1780992465.160482407 0
Jun 9 08:07:45 standalone container-server[124065]: 172.20.0.100 - - [09/Jun/2026:08:07:45 +0000] "PUT /d1/81/AUTH_3202d40b869144cd8aaae1037e42e410/gnocchi.d5890b75-361c-4351-b154-e950037836e4/none_v3" 201 - "PUT http://localhost:8080/d1/564/AUTH_3202d40b869144cd8aaae1037e42e410/gnocchi.d5890b75-361c-4351-b154-e950037836e4/none_v3" "tx93dbbffebaf14e2cacd61-006a27c9d1" "object-server 20" 0.0008 "-" 14 0
Jun 9 08:07:45 standalone object-server[124301]: 172.20.0.100 - - [09/Jun/2026:08:07:45 +0000] "PUT /d1/564/AUTH_3202d40b869144cd8aaae1037e42e410/gnocchi.d5890b75-361c-4351-b154-e950037836e4/none_v3" 201 - "PUT http://localhost:8080/v1/AUTH_3202d40b869144cd8aaae1037e42e410/gnocchi.d5890b75-361c-4351-b154-e950037836e4/none_v3" "tx93dbbffebaf14e2cacd61-006a27c9d1" "proxy-server 21" 0.0350 "-" 20 0
Jun 9 08:07:45 standalone proxy-server[125823]: 172.18.0.2 ::1 09/Jun/2026/08/07/45 PUT /v1/AUTH_3202d40b869144cd8aaae1037e42e410/gnocchi.d5890b75-361c-4351-b154-e950037836e4/none_v3 HTTP/1.0 201 - python-swiftclient-3.11.1 gAAAAABqJ8nQadGr... 22 - - tx93dbbffebaf14e2cacd61-006a27c9d1 - 0.0445 - - 1780992465.167240381 1780992465.211701155 0
Jun 9 08:07:57 standalone object-server[124147]: Begin object update sweep
Jun 9 08:07:57 standalone object-server[205828]: Object update sweep starting on /srv/node/d1 (pid: 14)
Jun 9 08:07:57 standalone object-server[205828]: Object update sweep completed on /srv/node/d1 in 0.00s seconds:, 0 successes, 0 failures, 0 quarantines, 0 unlinks, 0 errors, 0 redirects (pid: 14)
Jun 9 08:07:57 standalone object-server[205828]: Object update sweep of d1 completed: 0.00s, 0 successes, 0 failures, 0 quarantines, 0 unlinks, 0 errors, 0 redirects
Jun 9 08:07:57 standalone object-server[124147]: Object update sweep completed: 0.09s
Jun 9 08:08:14 standalone object-server[124302]: 172.20.0.100 - - [09/Jun/2026:08:08:14 +0000] "GET /d1/564/AUTH_3202d40b869144cd8aaae1037e42e410/gnocchi.d5890b75-361c-4351-b154-e950037836e4/none_v3" 200 22 "GET http://localhost:8080/v1/AUTH_3202d40b869144cd8aaae1037e42e410/gnocchi.d5890b75-361c-4351-b154-e950037836e4/none_v3" "txa073483cc91141679d3f8-006a27c9ee" "proxy-server 21" 0.0017 "-" 21 0
Jun 9 08:08:14 standalone proxy-server[125823]: 172.18.0.2 ::1 09/Jun/2026/08/08/14 GET /v1/AUTH_3202d40b869144cd8aaae1037e42e410/gnocchi.d5890b75-361c-4351-b154-e950037836e4/none_v3 HTTP/1.0 200 - python-swiftclient-3.11.1 gAAAAABqJ8nQadGr... - 22 - txa073483cc91141679d3f8-006a27c9ee - 0.0142 - - 1780992494.783475876 1780992494.797636747 0
Jun 9 08:08:14 standalone container-server[124067]: 172.20.0.100 - - [09/Jun/2026:08:08:14 +0000] "GET /d1/81/AUTH_3202d40b869144cd8aaae1037e42e410/gnocchi.d5890b75-361c-4351-b154-e950037836e4" 200 357 "GET http://localhost:8080/v1/AUTH_3202d40b869144cd8aaae1037e42e410/gnocchi.d5890b75-361c-4351-b154-e950037836e4?format=json&states=listing" "tx1047312857d74216941aa-006a27c9ee" "proxy-server 21" 0.0126 "-" 15 0
Jun 9 08:08:14 standalone proxy-server[125823]: 172.18.0.2 ::1 09/Jun/2026/08/08/14 GET /v1/AUTH_3202d40b869144cd8aaae1037e42e410/gnocchi.d5890b75-361c-4351-b154-e950037836e4%3Fformat%3Djson%26states%3Dlisting HTTP/1.0 200 - python-swiftclient-3.11.1 gAAAAABqJ8nQadGr... - 357 - tx1047312857d74216941aa-006a27c9ee - 0.0265 - - 1780992494.804351568 1780992494.830888510 0
Jun 9 08:08:14 standalone container-server[124075]: 172.20.0.100 - - [09/Jun/2026:08:08:14 +0000] "GET /d1/81/AUTH_3202d40b869144cd8aaae1037e42e410/gnocchi.d5890b75-361c-4351-b154-e950037836e4" 200 2 "GET http://localhost:8080/v1/AUTH_3202d40b869144cd8aaae1037e42e410/gnocchi.d5890b75-361c-4351-b154-e950037836e4?format=json&marker=none_v3&states=listing" "txbd331ebcb06b47f680f3a-006a27c9ee" "proxy-server 21" 0.0027 "-" 16 0
Jun 9 08:08:14 standalone proxy-server[125823]: 172.18.0.2 ::1 09/Jun/2026/08/08/14 GET /v1/AUTH_3202d40b869144cd8aaae1037e42e410/gnocchi.d5890b75-361c-4351-b154-e950037836e4%3Fformat%3Djson%26marker%3Dnone_v3%26states%3Dlisting HTTP/1.0 200 - python-swiftclient-3.11.1 gAAAAABqJ8nQadGr... - 2 - txbd331ebcb06b47f680f3a-006a27c9ee - 0.0151 - - 1780992494.836441994 1780992494.851503372 0
Jun 9 08:08:14 standalone object-server[124301]: 172.20.0.100 - - [09/Jun/2026:08:08:14 +0000] "GET /d1/704/AUTH_3202d40b869144cd8aaae1037e42e410/gnocchi.d5890b75-361c-4351-b154-e950037836e4/1780920000.0_mean_300.0_v3" 200 16 "GET http://localhost:8080/v1/AUTH_3202d40b869144cd8aaae1037e42e410/gnocchi.d5890b75-361c-4351-b154-e950037836e4/1780920000.0_mean_300.0_v3" "tx4214b74c1a3f4d7ebeb13-006a27c9ee" "proxy-server 21" 0.0009 "-" 20 0
Jun 9 08:08:14 standalone proxy-server[125823]: 172.18.0.2 ::1 09/Jun/2026/08/08/14 GET /v1/AUTH_3202d40b869144cd8aaae1037e42e410/gnocchi.d5890b75-361c-4351-b154-e950037836e4/1780920000.0_mean_300.0_v3 HTTP/1.0 200 - python-swiftclient-3.11.1 gAAAAABqJ8nQadGr... - 16 - tx4214b74c1a3f4d7ebeb13-006a27c9ee - 0.0089 - - 1780992494.862553596 1780992494.871407032 0
Jun 9 08:08:14 standalone container-server[124065]: 172.20.0.100 - - [09/Jun/2026:08:08:14 +0000] "PUT /d1/81/AUTH_3202d40b869144cd8aaae1037e42e410/gnocchi.d5890b75-361c-4351-b154-e950037836e4/1780920000.0_mean_300.0_v3" 201 - "PUT http://localhost:8080/d1/704/AUTH_3202d40b869144cd8aaae1037e42e410/gnocchi.d5890b75-361c-4351-b154-e950037836e4/1780920000.0_mean_300.0_v3" "txcbdede1c5e1543efb237d-006a27c9ee" "object-server 23" 0.0010 "-" 14 0
Jun 9 08:08:14 standalone object-server[124304]: 172.20.0.100 - - [09/Jun/2026:08:08:14 +0000] "PUT /d1/704/AUTH_3202d40b869144cd8aaae1037e42e410/gnocchi.d5890b75-361c-4351-b154-e950037836e4/1780920000.0_mean_300.0_v3" 201 - "PUT http://localhost:8080/v1/AUTH_3202d40b869144cd8aaae1037e42e410/gnocchi.d5890b75-361c-4351-b154-e950037836e4/1780920000.0_mean_300.0_v3" "txcbdede1c5e1543efb237d-006a27c9ee" "proxy-server 21" 0.0257 "-" 23 0
Jun 9 08:08:14 standalone proxy-server[125823]: 172.18.0.2 ::1 09/Jun/2026/08/08/14 PUT /v1/AUTH_3202d40b869144cd8aaae1037e42e410/gnocchi.d5890b75-361c-4351-b154-e950037836e4/1780920000.0_mean_300.0_v3 HTTP/1.0 201 - python-swiftclient-3.11.1 gAAAAABqJ8nQadGr... 16 - - txcbdede1c5e1543efb237d-006a27c9ee - 0.0320 - - 1780992494.875152111 1780992494.907163620 0
Jun 9 08:08:14 standalone container-server[124082]: 172.20.0.100 - - [09/Jun/2026:08:08:14 +0000] "PUT /d1/81/AUTH_3202d40b869144cd8aaae1037e42e410/gnocchi.d5890b75-361c-4351-b154-e950037836e4/none_v3" 201 - "PUT http://localhost:8080/d1/564/AUTH_3202d40b869144cd8aaae1037e42e410/gnocchi.d5890b75-361c-4351-b154-e950037836e4/none_v3" "txa271fef6b67a44f5b5102-006a27c9ee" "object-server 22" 0.0008 "-" 17 0
Jun 9 08:08:14 standalone object-server[124303]: 172.20.0.100 - - [09/Jun/2026:08:08:14 +0000] "PUT /d1/564/AUTH_3202d40b869144cd8aaae1037e42e410/gnocchi.d5890b75-361c-4351-b154-e950037836e4/none_v3" 201 - "PUT http://localhost:8080/v1/AUTH_3202d40b869144cd8aaae1037e42e410/gnocchi.d5890b75-361c-4351-b154-e950037836e4/none_v3" "txa271fef6b67a44f5b5102-006a27c9ee" "proxy-server 21" 0.0116 "-" 22 0
Jun 9 08:08:14 standalone proxy-server[125823]: 172.18.0.2 ::1 09/Jun/2026/08/08/14 PUT /v1/AUTH_3202d40b869144cd8aaae1037e42e410/gnocchi.d5890b75-361c-4351-b154-e950037836e4/none_v3 HTTP/1.0 201 - python-swiftclient-3.11.1 gAAAAABqJ8nQadGr... 32 - - txa271fef6b67a44f5b5102-006a27c9ee - 0.0197 - - 1780992494.911772490 1780992494.931425333 0
Jun 9 08:08:48 standalone account-server[123934]: 172.20.0.100 - - [09/Jun/2026:08:08:48 +0000] "HEAD /d1/517/AUTH_3202d40b869144cd8aaae1037e42e410" 204 - "HEAD http://localhost:8080/v1/AUTH_3202d40b869144cd8aaae1037e42e410?format=json" "tx6a2c5efe54cb420a984ee-006a27ca10" "proxy-server 21" 0.0067 "-" 19 -
Jun 9 08:08:48 standalone proxy-server[125823]: - - 09/Jun/2026/08/08/48 HEAD /v1/AUTH_3202d40b869144cd8aaae1037e42e410%3Fformat%3Djson HTTP/1.0 204 - Swift - - - - tx6a2c5efe54cb420a984ee-006a27ca10 - 0.0128 RL - 1780992528.039411783 1780992528.052175760 -
Jun 9 08:08:48 standalone container-server[124082]: 172.20.0.100 - - [09/Jun/2026:08:08:48 +0000] "HEAD /d1/137/AUTH_3202d40b869144cd8aaae1037e42e410/glance" 204 - "HEAD http://localhost:8080/v1/AUTH_3202d40b869144cd8aaae1037e42e410/glance?format=json&states=listing" "tx6a2c5efe54cb420a984ee-006a27ca10" "proxy-server 21" 0.0175 "-" 17 0
Jun 9 08:08:48 standalone object-server[124304]: 172.20.0.100 - - [09/Jun/2026:08:08:48 +0000] "GET /d1/880/AUTH_3202d40b869144cd8aaae1037e42e410/glance/9f3d830d-cc2f-47d4-8370-858f6f71f9e6" 200 - "GET http://localhost:8080/v1/AUTH_3202d40b869144cd8aaae1037e42e410/glance/9f3d830d-cc2f-47d4-8370-858f6f71f9e6" "tx6a2c5efe54cb420a984ee-006a27ca10" "proxy-server 21" 0.0018 "-" 23 0
Jun 9 08:08:48 standalone container-server[124075]: 172.20.0.100 - - [09/Jun/2026:08:08:48 +0000] "GET /d1/137/AUTH_3202d40b869144cd8aaae1037e42e410/glance" 200 210 "GET http://localhost:8080/v1/AUTH_3202d40b869144cd8aaae1037e42e410/glance?prefix=9f3d830d-cc2f-47d4-8370-858f6f71f9e6-&format=json&states=listing" "tx6a2c5efe54cb420a984ee-006a27ca10" "proxy-server 21" 0.0028 "-" 16 0
Jun 9 08:08:48 standalone proxy-server[125823]: - - 09/Jun/2026/08/08/48 GET /v1/AUTH_3202d40b869144cd8aaae1037e42e410/glance%3Fprefix%3D9f3d830d-cc2f-47d4-8370-858f6f71f9e6-%26format%3Djson%26states%3Dlisting HTTP/1.0 200 - python-swiftclient-3.11.1%20DLO%20MultipartGET gAAAAABqJ8oPNkp4... - 210 - tx6a2c5efe54cb420a984ee-006a27ca10 - 0.0072 DLO - 1780992528.194599390 1780992528.201761007 0
Jun 9 08:08:48 standalone object-server[124301]: 172.20.0.100 - - [09/Jun/2026:08:08:48 +0000] "GET /d1/763/AUTH_3202d40b869144cd8aaae1037e42e410/glance/9f3d830d-cc2f-47d4-8370-858f6f71f9e6-00001" 200 21692416 "GET http://localhost:8080/v1/AUTH_3202d40b869144cd8aaae1037e42e410/glance/9f3d830d-cc2f-47d4-8370-858f6f71f9e6-00001?multipart-manifest=get" "tx6a2c5efe54cb420a984ee-006a27ca10" "proxy-server 21" 0.0008 "-" 20 0
Jun 9 08:08:48 standalone proxy-server[125823]: - - 09/Jun/2026/08/08/48 GET /v1/AUTH_3202d40b869144cd8aaae1037e42e410/glance/9f3d830d-cc2f-47d4-8370-858f6f71f9e6-00001%3Fmultipart-manifest%3Dget HTTP/1.0 200 - python-swiftclient-3.11.1%20%20DLO%20MultipartGET gAAAAABqJ8oPNkp4... - 21692416 - tx6a2c5efe54cb420a984ee-006a27ca10 - 0.1238 DLO - 1780992528.202436686 1780992528.326188087 0
Jun 9 08:08:48 standalone proxy-server[125823]: 172.18.0.2 ::1 09/Jun/2026/08/08/48 GET /v1/AUTH_3202d40b869144cd8aaae1037e42e410/glance/9f3d830d-cc2f-47d4-8370-858f6f71f9e6 HTTP/1.0 200 - python-swiftclient-3.11.1 gAAAAABqJ8oPNkp4... - 21692416 - tx6a2c5efe54cb420a984ee-006a27ca10 - 0.2893 - - 1780992528.037992239 1780992528.327278614 0
Jun 9 08:08:49 standalone container-server[124082]: 172.20.0.100 - - [09/Jun/2026:08:08:49 +0000] "HEAD /d1/140/AUTH_3202d40b869144cd8aaae1037e42e410/gnocchi.98f5107a-5572-4041-bc8c-d37b707223c2" 404 - "HEAD http://localhost:8080/v1/AUTH_3202d40b869144cd8aaae1037e42e410/gnocchi.98f5107a-5572-4041-bc8c-d37b707223c2?format=json&states=listing" "tx00f7f0bc74ae4bd4a923f-006a27ca11" "proxy-server 21" 0.0017 "-" 17 0
Jun 9 08:08:49 standalone object-server[124304]: 172.20.0.100 - - [09/Jun/2026:08:08:49 +0000] "GET /d1/476/AUTH_3202d40b869144cd8aaae1037e42e410/gnocchi.98f5107a-5572-4041-bc8c-d37b707223c2/none_v3" 404 70 "GET http://localhost:8080/v1/AUTH_3202d40b869144cd8aaae1037e42e410/gnocchi.98f5107a-5572-4041-bc8c-d37b707223c2/none_v3" "tx00f7f0bc74ae4bd4a923f-006a27ca11" "proxy-server 21" 0.0008 "-" 23 0
Jun 9 08:08:49 standalone proxy-server[125823]: 172.18.0.2 ::1 09/Jun/2026/08/08/49 GET /v1/AUTH_3202d40b869144cd8aaae1037e42e410/gnocchi.98f5107a-5572-4041-bc8c-d37b707223c2/none_v3 HTTP/1.0 404 - python-swiftclient-3.11.1 gAAAAABqJ8nQadGr... - 70 - tx00f7f0bc74ae4bd4a923f-006a27ca11 - 0.0253 - - 1780992529.140249252 1780992529.165544510 0
Jun 9 08:08:49 standalone account-server[123998]: 172.20.0.100 - - [09/Jun/2026:08:08:49 +0000] "PUT /d1/517/AUTH_3202d40b869144cd8aaae1037e42e410/gnocchi.98f5107a-5572-4041-bc8c-d37b707223c2" 201 - "PUT http://172.20.0.100:6001/d1/140/AUTH_3202d40b869144cd8aaae1037e42e410/gnocchi.98f5107a-5572-4041-bc8c-d37b707223c2" "txcc7b1c1abf1848c9a85d9-006a27ca11" "container-server 17" 0.0024 "-" 23 0
Jun 9 08:08:49 standalone container-server[124082]: 172.20.0.100 - - [09/Jun/2026:08:08:49 +0000] "PUT /d1/140/AUTH_3202d40b869144cd8aaae1037e42e410/gnocchi.98f5107a-5572-4041-bc8c-d37b707223c2" 201 - "PUT http://localhost:8080/v1/AUTH_3202d40b869144cd8aaae1037e42e410/gnocchi.98f5107a-5572-4041-bc8c-d37b707223c2" "txcc7b1c1abf1848c9a85d9-006a27ca11" "proxy-server 21" 0.0230 "-" 17 0
Jun 9 08:08:49 standalone proxy-server[125823]: 172.18.0.2 ::1 09/Jun/2026/08/08/49 PUT /v1/AUTH_3202d40b869144cd8aaae1037e42e410/gnocchi.98f5107a-5572-4041-bc8c-d37b707223c2 HTTP/1.0 201 - python-swiftclient-3.11.1 gAAAAABqJ8nQadGr... - - - txcc7b1c1abf1848c9a85d9-006a27ca11 - 0.0321 - - 1780992529.174863338 1780992529.206933737 0
Jun 9 08:08:49 standalone container-server[124065]: 172.20.0.100 - - [09/Jun/2026:08:08:49 +0000] "HEAD /d1/140/AUTH_3202d40b869144cd8aaae1037e42e410/gnocchi.98f5107a-5572-4041-bc8c-d37b707223c2" 204 - "HEAD http://localhost:8080/v1/AUTH_3202d40b869144cd8aaae1037e42e410/gnocchi.98f5107a-5572-4041-bc8c-d37b707223c2?format=json&states=listing" "tx77d1836a49134222b26ee-006a27ca11" "proxy-server 21" 0.0016 "-" 14 0
Jun 9 08:08:49 standalone proxy-server[125823]: - - 09/Jun/2026/08/08/49 HEAD /v1/AUTH_3202d40b869144cd8aaae1037e42e410/gnocchi.98f5107a-5572-4041-bc8c-d37b707223c2%3Fformat%3Djson%26states%3Dlisting HTTP/1.0 204 - Swift - - - - tx77d1836a49134222b26ee-006a27ca11 - 0.0087 RL - 1780992529.215891123 1780992529.224549055 0
Jun 9 08:08:49 standalone container-server[124075]: 172.20.0.100 - - [09/Jun/2026:08:08:49 +0000] "GET /d1/140/AUTH_3202d40b869144cd8aaae1037e42e410/gnocchi.98f5107a-5572-4041-bc8c-d37b707223c2" 200 2 "GET http://localhost:8080/v1/AUTH_3202d40b869144cd8aaae1037e42e410/gnocchi.98f5107a-5572-4041-bc8c-d37b707223c2?format=json&states=listing" "tx77d1836a49134222b26ee-006a27ca11" "proxy-server 21" 0.0023 "-" 16 0
Jun 9 08:08:49 standalone proxy-server[125823]: 172.18.0.2 ::1 09/Jun/2026/08/08/49 GET /v1/AUTH_3202d40b869144cd8aaae1037e42e410/gnocchi.98f5107a-5572-4041-bc8c-d37b707223c2%3Fformat%3Djson%26states%3Dlisting HTTP/1.0 200 - python-swiftclient-3.11.1 gAAAAABqJ8nQadGr... - 2 - tx77d1836a49134222b26ee-006a27ca11 - 0.0217 - - 1780992529.213870525 1780992529.235566854 0
Jun 9 08:08:49 standalone object-server[124304]: 172.20.0.100 - - [09/Jun/2026:08:08:49 +0000] "GET /d1/282/AUTH_3202d40b869144cd8aaae1037e42e410/gnocchi.98f5107a-5572-4041-bc8c-d37b707223c2/1780920000.0_mean_300.0_v3" 404 70 "GET http://localhost:8080/v1/AUTH_3202d40b869144cd8aaae1037e42e410/gnocchi.98f5107a-5572-4041-bc8c-d37b707223c2/1780920000.0_mean_300.0_v3" "txa3b21b68d3f94c38a4211-006a27ca11" "proxy-server 21" 0.0005 "-" 23 0
Jun 9 08:08:49 standalone proxy-server[125823]: 172.18.0.2 ::1 09/Jun/2026/08/08/49 GET /v1/AUTH_3202d40b869144cd8aaae1037e42e410/gnocchi.98f5107a-5572-4041-bc8c-d37b707223c2/1780920000.0_mean_300.0_v3 HTTP/1.0 404 - python-swiftclient-3.11.1 gAAAAABqJ8nQadGr... - 70 - txa3b21b68d3f94c38a4211-006a27ca11 - 0.0071 - - 1780992529.241492748 1780992529.248567343 0
Jun 9 08:08:49 standalone container-server[124082]: 172.20.0.100 - - [09/Jun/2026:08:08:49 +0000] "PUT /d1/140/AUTH_3202d40b869144cd8aaae1037e42e410/gnocchi.98f5107a-5572-4041-bc8c-d37b707223c2/1780920000.0_mean_300.0_v3" 201 - "PUT http://localhost:8080/d1/282/AUTH_3202d40b869144cd8aaae1037e42e410/gnocchi.98f5107a-5572-4041-bc8c-d37b707223c2/1780920000.0_mean_300.0_v3" "tx24437a27806c446eb38ae-006a27ca11" "object-server 21" 0.0011 "-" 17 0
Jun 9 08:08:49 standalone object-server[124302]: 172.20.0.100 - - [09/Jun/2026:08:08:49 +0000] "PUT /d1/282/AUTH_3202d40b869144cd8aaae1037e42e410/gnocchi.98f5107a-5572-4041-bc8c-d37b707223c2/1780920000.0_mean_300.0_v3" 201 - "PUT http://localhost:8080/v1/AUTH_3202d40b869144cd8aaae1037e42e410/gnocchi.98f5107a-5572-4041-bc8c-d37b707223c2/1780920000.0_mean_300.0_v3" "tx24437a27806c446eb38ae-006a27ca11" "proxy-server 21" 0.0123 "-" 21 0
Jun 9 08:08:49 standalone proxy-server[125823]: 172.18.0.2 ::1 09/Jun/2026/08/08/49 PUT /v1/AUTH_3202d40b869144cd8aaae1037e42e410/gnocchi.98f5107a-5572-4041-bc8c-d37b707223c2/1780920000.0_mean_300.0_v3 HTTP/1.0 201 - python-swiftclient-3.11.1 gAAAAABqJ8nQadGr... 16 - - tx24437a27806c446eb38ae-006a27ca11 - 0.0211 - - 1780992529.253550768 1780992529.274633646 0
Jun 9 08:08:49 standalone container-server[124065]: 172.20.0.100 - - [09/Jun/2026:08:08:49 +0000] "PUT /d1/140/AUTH_3202d40b869144cd8aaae1037e42e410/gnocchi.98f5107a-5572-4041-bc8c-d37b707223c2/none_v3" 201 - "PUT http://localhost:8080/d1/476/AUTH_3202d40b869144cd8aaae1037e42e410/gnocchi.98f5107a-5572-4041-bc8c-d37b707223c2/none_v3" "tx7b765181fd6341daacf28-006a27ca11" "object-server 20" 0.0008 "-" 14 0
Jun 9 08:08:49 standalone object-server[124301]: 172.20.0.100 - - [09/Jun/2026:08:08:49 +0000] "PUT /d1/476/AUTH_3202d40b869144cd8aaae1037e42e410/gnocchi.98f5107a-5572-4041-bc8c-d37b707223c2/none_v3" 201 - "PUT http://localhost:8080/v1/AUTH_3202d40b869144cd8aaae1037e42e410/gnocchi.98f5107a-5572-4041-bc8c-d37b707223c2/none_v3" "tx7b765181fd6341daacf28-006a27ca11" "proxy-server 21" 0.0099 "-" 20 0
Jun 9 08:08:49 standalone proxy-server[125823]: 172.18.0.2 ::1 09/Jun/2026/08/08/49 PUT /v1/AUTH_3202d40b869144cd8aaae1037e42e410/gnocchi.98f5107a-5572-4041-bc8c-d37b707223c2/none_v3 HTTP/1.0 201 - python-swiftclient-3.11.1 gAAAAABqJ8nQadGr... 22 - - tx7b765181fd6341daacf28-006a27ca11 - 0.0175 - - 1780992529.279847622 1780992529.297307968 0
Jun 9 08:08:49 standalone container-server[124082]: 172.20.0.100 - - [09/Jun/2026:08:08:49 +0000] "HEAD /d1/725/AUTH_3202d40b869144cd8aaae1037e42e410/gnocchi.7c5e3593-2de7-46e4-9c06-44f32dbfd8c9" 404 - "HEAD http://localhost:8080/v1/AUTH_3202d40b869144cd8aaae1037e42e410/gnocchi.7c5e3593-2de7-46e4-9c06-44f32dbfd8c9?format=json&states=listing" "tx736a19091d6e463cbba5c-006a27ca11" "proxy-server 21" 0.0005 "-" 17 0
Jun 9 08:08:49 standalone object-server[124303]: 172.20.0.100 - - [09/Jun/2026:08:08:49 +0000] "GET /d1/199/AUTH_3202d40b869144cd8aaae1037e42e410/gnocchi.7c5e3593-2de7-46e4-9c06-44f32dbfd8c9/none_v3" 404 70 "GET http://localhost:8080/v1/AUTH_3202d40b869144cd8aaae1037e42e410/gnocchi.7c5e3593-2de7-46e4-9c06-44f32dbfd8c9/none_v3" "tx736a19091d6e463cbba5c-006a27ca11" "proxy-server 21" 0.0004 "-" 22 0
Jun 9 08:08:49 standalone proxy-server[125823]: 172.18.0.2 ::1 09/Jun/2026/08/08/49 GET /v1/AUTH_3202d40b869144cd8aaae1037e42e410/gnocchi.7c5e3593-2de7-46e4-9c06-44f32dbfd8c9/none_v3 HTTP/1.0 404 - python-swiftclient-3.11.1 gAAAAABqJ8nQadGr... - 70 - tx736a19091d6e463cbba5c-006a27ca11 - 0.0207 - - 1780992529.313504219 1780992529.334234715 0
Jun 9 08:08:49 standalone account-server[123998]: 172.20.0.100 - - [09/Jun/2026:08:08:49 +0000] "PUT /d1/517/AUTH_3202d40b869144cd8aaae1037e42e410/gnocchi.7c5e3593-2de7-46e4-9c06-44f32dbfd8c9" 201 - "PUT http://172.20.0.100:6001/d1/725/AUTH_3202d40b869144cd8aaae1037e42e410/gnocchi.7c5e3593-2de7-46e4-9c06-44f32dbfd8c9" "txa88990e6d3ed49769a3f2-006a27ca11" "container-server 16" 0.0041 "-" 23 0
Jun 9 08:08:49 standalone container-server[124075]: 172.20.0.100 - - [09/Jun/2026:08:08:49 +0000] "PUT /d1/725/AUTH_3202d40b869144cd8aaae1037e42e410/gnocchi.7c5e3593-2de7-46e4-9c06-44f32dbfd8c9" 201 - "PUT http://localhost:8080/v1/AUTH_3202d40b869144cd8aaae1037e42e410/gnocchi.7c5e3593-2de7-46e4-9c06-44f32dbfd8c9" "txa88990e6d3ed49769a3f2-006a27ca11" "proxy-server 21" 0.0239 "-" 16 0
Jun 9 08:08:49 standalone proxy-server[125823]: 172.18.0.2 ::1 09/Jun/2026/08/08/49 PUT /v1/AUTH_3202d40b869144cd8aaae1037e42e410/gnocchi.7c5e3593-2de7-46e4-9c06-44f32dbfd8c9 HTTP/1.0 201 - python-swiftclient-3.11.1 gAAAAABqJ8nQadGr... - - - txa88990e6d3ed49769a3f2-006a27ca11 - 0.0313 - - 1780992529.339921713 1780992529.371244192 0
Jun 9 08:08:49 standalone container-server[124082]: 172.20.0.100 - - [09/Jun/2026:08:08:49 +0000] "HEAD /d1/725/AUTH_3202d40b869144cd8aaae1037e42e410/gnocchi.7c5e3593-2de7-46e4-9c06-44f32dbfd8c9" 204 - "HEAD http://localhost:8080/v1/AUTH_3202d40b869144cd8aaae1037e42e410/gnocchi.7c5e3593-2de7-46e4-9c06-44f32dbfd8c9?format=json&states=listing" "tx4f0f8d16c68244b1a7975-006a27ca11" "proxy-server 21" 0.0017 "-" 17 0
Jun 9 08:08:49 standalone proxy-server[125823]: - - 09/Jun/2026/08/08/49 HEAD /v1/AUTH_3202d40b869144cd8aaae1037e42e410/gnocchi.7c5e3593-2de7-46e4-9c06-44f32dbfd8c9%3Fformat%3Djson%26states%3Dlisting HTTP/1.0 204 - Swift - - - - tx4f0f8d16c68244b1a7975-006a27ca11 - 0.0056 RL - 1780992529.378298521 1780992529.383925676 0
Jun 9 08:08:49 standalone container-server[124075]: 172.20.0.100 - - [09/Jun/2026:08:08:49 +0000] "GET /d1/725/AUTH_3202d40b869144cd8aaae1037e42e410/gnocchi.7c5e3593-2de7-46e4-9c06-44f32dbfd8c9" 200 2 "GET http://localhost:8080/v1/AUTH_3202d40b869144cd8aaae1037e42e410/gnocchi.7c5e3593-2de7-46e4-9c06-44f32dbfd8c9?format=json&states=listing" "tx4f0f8d16c68244b1a7975-006a27ca11" "proxy-server 21" 0.0023 "-" 16 0
Jun 9 08:08:49 standalone proxy-server[125823]: 172.18.0.2 ::1 09/Jun/2026/08/08/49 GET /v1/AUTH_3202d40b869144cd8aaae1037e42e410/gnocchi.7c5e3593-2de7-46e4-9c06-44f32dbfd8c9%3Fformat%3Djson%26states%3Dlisting HTTP/1.0 200 - python-swiftclient-3.11.1 gAAAAABqJ8nQadGr... - 2 - tx4f0f8d16c68244b1a7975-006a27ca11 - 0.0146 - - 1780992529.377137423 1780992529.391759634 0
Jun 9 08:08:49 standalone object-server[124304]: 172.20.0.100 - - [09/Jun/2026:08:08:49 +0000] "GET /d1/104/AUTH_3202d40b869144cd8aaae1037e42e410/gnocchi.7c5e3593-2de7-46e4-9c06-44f32dbfd8c9/1780920000.0_mean_300.0_v3" 404 70 "GET http://localhost:8080/v1/AUTH_3202d40b869144cd8aaae1037e42e410/gnocchi.7c5e3593-2de7-46e4-9c06-44f32dbfd8c9/1780920000.0_mean_300.0_v3" "txe8b47ce33f494d68a6a9d-006a27ca11" "proxy-server 21" 0.0003 "-" 23 0
Jun 9 08:08:49 standalone proxy-server[125823]: 172.18.0.2 ::1 09/Jun/2026/08/08/49 GET /v1/AUTH_3202d40b869144cd8aaae1037e42e410/gnocchi.7c5e3593-2de7-46e4-9c06-44f32dbfd8c9/1780920000.0_mean_300.0_v3 HTTP/1.0 404 - python-swiftclient-3.11.1 gAAAAABqJ8nQadGr... - 70 - txe8b47ce33f494d68a6a9d-006a27ca11 - 0.0053 - - 1780992529.397884846 1780992529.403227329 0
Jun 9 08:08:49 standalone container-server[124082]: 172.20.0.100 - - [09/Jun/2026:08:08:49 +0000] "PUT /d1/725/AUTH_3202d40b869144cd8aaae1037e42e410/gnocchi.7c5e3593-2de7-46e4-9c06-44f32dbfd8c9/1780920000.0_mean_300.0_v3" 201 - "PUT http://localhost:8080/d1/104/AUTH_3202d40b869144cd8aaae1037e42e410/gnocchi.7c5e3593-2de7-46e4-9c06-44f32dbfd8c9/1780920000.0_mean_300.0_v3" "tx9b59a3cd248b41a89e133-006a27ca11" "object-server 22" 0.0008 "-" 17 0
Jun 9 08:08:49 standalone object-server[124303]: 172.20.0.100 - - [09/Jun/2026:08:08:49 +0000] "PUT /d1/104/AUTH_3202d40b869144cd8aaae1037e42e410/gnocchi.7c5e3593-2de7-46e4-9c06-44f32dbfd8c9/1780920000.0_mean_300.0_v3" 201 - "PUT http://localhost:8080/v1/AUTH_3202d40b869144cd8aaae1037e42e410/gnocchi.7c5e3593-2de7-46e4-9c06-44f32dbfd8c9/1780920000.0_mean_300.0_v3" "tx9b59a3cd248b41a89e133-006a27ca11" "proxy-server 21" 0.0097 "-" 22 0
Jun 9 08:08:49 standalone proxy-server[125823]: 172.18.0.2 ::1 09/Jun/2026/08/08/49 PUT /v1/AUTH_3202d40b869144cd8aaae1037e42e410/gnocchi.7c5e3593-2de7-46e4-9c06-44f32dbfd8c9/1780920000.0_mean_300.0_v3 HTTP/1.0 201 - python-swiftclient-3.11.1 gAAAAABqJ8nQadGr... 16 - - tx9b59a3cd248b41a89e133-006a27ca11 - 0.0152 - - 1780992529.407298088 1780992529.422463179 0
Jun 9 08:08:49 standalone container-server[124065]: 172.20.0.100 - - [09/Jun/2026:08:08:49 +0000] "PUT /d1/725/AUTH_3202d40b869144cd8aaae1037e42e410/gnocchi.7c5e3593-2de7-46e4-9c06-44f32dbfd8c9/none_v3" 201 - "PUT http://localhost:8080/d1/199/AUTH_3202d40b869144cd8aaae1037e42e410/gnocchi.7c5e3593-2de7-46e4-9c06-44f32dbfd8c9/none_v3" "tx4dfa02c48262429785e42-006a27ca11" "object-server 22" 0.0007 "-" 14 0
Jun 9 08:08:49 standalone object-server[124303]: 172.20.0.100 - - [09/Jun/2026:08:08:49 +0000] "PUT /d1/199/AUTH_3202d40b869144cd8aaae1037e42e410/gnocchi.7c5e3593-2de7-46e4-9c06-44f32dbfd8c9/none_v3" 201 - "PUT http://localhost:8080/v1/AUTH_3202d40b869144cd8aaae1037e42e410/gnocchi.7c5e3593-2de7-46e4-9c06-44f32dbfd8c9/none_v3" "tx4dfa02c48262429785e42-006a27ca11" "proxy-server 21" 0.0093 "-" 22 0
Jun 9 08:08:49 standalone proxy-server[125823]: 172.18.0.2 ::1 09/Jun/2026/08/08/49 PUT /v1/AUTH_3202d40b869144cd8aaae1037e42e410/gnocchi.7c5e3593-2de7-46e4-9c06-44f32dbfd8c9/none_v3 HTTP/1.0 201 - python-swiftclient-3.11.1 gAAAAABqJ8nQadGr... 22 - - tx4dfa02c48262429785e42-006a27ca11 - 0.0155 - - 1780992529.426621437 1780992529.442135096 0
Jun 9 08:08:53 standalone container-server[124075]: 172.20.0.100 - - [09/Jun/2026:08:08:53 +0000] "HEAD /d1/3/AUTH_3202d40b869144cd8aaae1037e42e410/gnocchi.7252486f-e3a6-4948-a3ff-c7dcbdb508eb" 404 - "HEAD http://localhost:8080/v1/AUTH_3202d40b869144cd8aaae1037e42e410/gnocchi.7252486f-e3a6-4948-a3ff-c7dcbdb508eb?format=json&states=listing" "txf10d5af2f6dc411c96fa4-006a27ca15" "proxy-server 21" 0.0007 "-" 16 0
Jun 9 08:08:53 standalone object-server[124302]: 172.20.0.100 - - [09/Jun/2026:08:08:53 +0000] "GET /d1/49/AUTH_3202d40b869144cd8aaae1037e42e410/gnocchi.7252486f-e3a6-4948-a3ff-c7dcbdb508eb/none_v3" 404 70 "GET http://localhost:8080/v1/AUTH_3202d40b869144cd8aaae1037e42e410/gnocchi.7252486f-e3a6-4948-a3ff-c7dcbdb508eb/none_v3" "txf10d5af2f6dc411c96fa4-006a27ca15" "proxy-server 21" 0.0010 "-" 21 0
Jun 9 08:08:53 standalone proxy-server[125823]: 172.18.0.2 ::1 09/Jun/2026/08/08/53 GET /v1/AUTH_3202d40b869144cd8aaae1037e42e410/gnocchi.7252486f-e3a6-4948-a3ff-c7dcbdb508eb/none_v3 HTTP/1.0 404 - python-swiftclient-3.11.1 gAAAAABqJ8nQadGr... - 70 - txf10d5af2f6dc411c96fa4-006a27ca15 - 0.0140 - - 1780992533.665626049 1780992533.679605007 0
Jun 9 08:08:53 standalone account-server[123953]: 172.20.0.100 - - [09/Jun/2026:08:08:53 +0000] "PUT /d1/517/AUTH_3202d40b869144cd8aaae1037e42e410/gnocchi.7252486f-e3a6-4948-a3ff-c7dcbdb508eb" 201 - "PUT http://172.20.0.100:6001/d1/3/AUTH_3202d40b869144cd8aaae1037e42e410/gnocchi.7252486f-e3a6-4948-a3ff-c7dcbdb508eb" "txb53e0551fa38437d82151-006a27ca15" "container-server 15" 0.0157 "-" 21 0
Jun 9 08:08:53 standalone container-server[124067]: 172.20.0.100 - - [09/Jun/2026:08:08:53 +0000] "PUT /d1/3/AUTH_3202d40b869144cd8aaae1037e42e410/gnocchi.7252486f-e3a6-4948-a3ff-c7dcbdb508eb" 201 - "PUT http://localhost:8080/v1/AUTH_3202d40b869144cd8aaae1037e42e410/gnocchi.7252486f-e3a6-4948-a3ff-c7dcbdb508eb" "txb53e0551fa38437d82151-006a27ca15" "proxy-server 21" 0.0473 "-" 15 0
Jun 9 08:08:53 standalone proxy-server[125823]: 172.18.0.2 ::1 09/Jun/2026/08/08/53 PUT /v1/AUTH_3202d40b869144cd8aaae1037e42e410/gnocchi.7252486f-e3a6-4948-a3ff-c7dcbdb508eb HTTP/1.0 201 - python-swiftclient-3.11.1 gAAAAABqJ8nQadGr... - - - txb53e0551fa38437d82151-006a27ca15 - 0.0550 - - 1780992533.686162233 1780992533.741175890 0
Jun 9 08:08:53 standalone container-server[124065]: 172.20.0.100 - - [09/Jun/2026:08:08:53 +0000] "HEAD /d1/3/AUTH_3202d40b869144cd8aaae1037e42e410/gnocchi.7252486f-e3a6-4948-a3ff-c7dcbdb508eb" 204 - "HEAD http://localhost:8080/v1/AUTH_3202d40b869144cd8aaae1037e42e410/gnocchi.7252486f-e3a6-4948-a3ff-c7dcbdb508eb?format=json&states=listing" "tx7ea67b7a4d634ec5a3996-006a27ca15" "proxy-server 21" 0.0047 "-" 14 0
Jun 9 08:08:53 standalone proxy-server[125823]: - - 09/Jun/2026/08/08/53 HEAD /v1/AUTH_3202d40b869144cd8aaae1037e42e410/gnocchi.7252486f-e3a6-4948-a3ff-c7dcbdb508eb%3Fformat%3Djson%26states%3Dlisting HTTP/1.0 204 - Swift - - - - tx7ea67b7a4d634ec5a3996-006a27ca15 - 0.0108 RL - 1780992533.750935793 1780992533.761774302 0
Jun 9 08:08:53 standalone container-server[124082]: 172.20.0.100 - - [09/Jun/2026:08:08:53 +0000] "GET /d1/3/AUTH_3202d40b869144cd8aaae1037e42e410/gnocchi.7252486f-e3a6-4948-a3ff-c7dcbdb508eb" 200 2 "GET http://localhost:8080/v1/AUTH_3202d40b869144cd8aaae1037e42e410/gnocchi.7252486f-e3a6-4948-a3ff-c7dcbdb508eb?format=json&states=listing" "tx7ea67b7a4d634ec5a3996-006a27ca15" "proxy-server 21" 0.0026 "-" 17 0
