Jun 9 08:08:53 standalone proxy-server[125823]: 172.18.0.2 ::1 09/Jun/2026/08/08/53 GET /v1/AUTH_3202d40b869144cd8aaae1037e42e410/gnocchi.7252486f-e3a6-4948-a3ff-c7dcbdb508eb%3Fformat%3Djson%26states%3Dlisting HTTP/1.0 200 - python-swiftclient-3.11.1 gAAAAABqJ8nQadGr... - 2 - tx7ea67b7a4d634ec5a3996-006a27ca15 - 0.0227 - - 1780992533.749570847 1780992533.772239447 0
Jun 9 08:08:53 standalone object-server[124304]: 172.20.0.100 - - [09/Jun/2026:08:08:53 +0000] "GET /d1/317/AUTH_3202d40b869144cd8aaae1037e42e410/gnocchi.7252486f-e3a6-4948-a3ff-c7dcbdb508eb/1780920000.0_mean_300.0_v3" 404 70 "GET http://localhost:8080/v1/AUTH_3202d40b869144cd8aaae1037e42e410/gnocchi.7252486f-e3a6-4948-a3ff-c7dcbdb508eb/1780920000.0_mean_300.0_v3" "tx9a6298e79b3d458e90a23-006a27ca15" "proxy-server 21" 0.0005 "-" 23 0
Jun 9 08:08:53 standalone proxy-server[125823]: 172.18.0.2 ::1 09/Jun/2026/08/08/53 GET /v1/AUTH_3202d40b869144cd8aaae1037e42e410/gnocchi.7252486f-e3a6-4948-a3ff-c7dcbdb508eb/1780920000.0_mean_300.0_v3 HTTP/1.0 404 - python-swiftclient-3.11.1 gAAAAABqJ8nQadGr... - 70 - tx9a6298e79b3d458e90a23-006a27ca15 - 0.0072 - - 1780992533.776605368 1780992533.783785820 0
Jun 9 08:08:53 standalone container-server[124082]: 172.20.0.100 - - [09/Jun/2026:08:08:53 +0000] "PUT /d1/3/AUTH_3202d40b869144cd8aaae1037e42e410/gnocchi.7252486f-e3a6-4948-a3ff-c7dcbdb508eb/1780920000.0_mean_300.0_v3" 201 - "PUT http://localhost:8080/d1/317/AUTH_3202d40b869144cd8aaae1037e42e410/gnocchi.7252486f-e3a6-4948-a3ff-c7dcbdb508eb/1780920000.0_mean_300.0_v3" "txcafb6a340db44ea084b38-006a27ca15" "object-server 21" 0.0008 "-" 17 0
Jun 9 08:08:53 standalone object-server[124302]: 172.20.0.100 - - [09/Jun/2026:08:08:53 +0000] "PUT /d1/317/AUTH_3202d40b869144cd8aaae1037e42e410/gnocchi.7252486f-e3a6-4948-a3ff-c7dcbdb508eb/1780920000.0_mean_300.0_v3" 201 - "PUT http://localhost:8080/v1/AUTH_3202d40b869144cd8aaae1037e42e410/gnocchi.7252486f-e3a6-4948-a3ff-c7dcbdb508eb/1780920000.0_mean_300.0_v3" "txcafb6a340db44ea084b38-006a27ca15" "proxy-server 21" 0.0140 "-" 21 0
Jun 9 08:08:53 standalone proxy-server[125823]: 172.18.0.2 ::1 09/Jun/2026/08/08/53 PUT /v1/AUTH_3202d40b869144cd8aaae1037e42e410/gnocchi.7252486f-e3a6-4948-a3ff-c7dcbdb508eb/1780920000.0_mean_300.0_v3 HTTP/1.0 201 - python-swiftclient-3.11.1 gAAAAABqJ8nQadGr... 16 - - txcafb6a340db44ea084b38-006a27ca15 - 0.0272 - - 1780992533.789970160 1780992533.817133904 0
Jun 9 08:08:53 standalone container-server[124065]: 172.20.0.100 - - [09/Jun/2026:08:08:53 +0000] "PUT /d1/3/AUTH_3202d40b869144cd8aaae1037e42e410/gnocchi.7252486f-e3a6-4948-a3ff-c7dcbdb508eb/none_v3" 201 - "PUT http://localhost:8080/d1/49/AUTH_3202d40b869144cd8aaae1037e42e410/gnocchi.7252486f-e3a6-4948-a3ff-c7dcbdb508eb/none_v3" "txb211d3fb8c4e4d978840f-006a27ca15" "object-server 23" 0.0022 "-" 14 0
Jun 9 08:08:53 standalone object-server[124304]: 172.20.0.100 - - [09/Jun/2026:08:08:53 +0000] "PUT /d1/49/AUTH_3202d40b869144cd8aaae1037e42e410/gnocchi.7252486f-e3a6-4948-a3ff-c7dcbdb508eb/none_v3" 201 - "PUT http://localhost:8080/v1/AUTH_3202d40b869144cd8aaae1037e42e410/gnocchi.7252486f-e3a6-4948-a3ff-c7dcbdb508eb/none_v3" "txb211d3fb8c4e4d978840f-006a27ca15" "proxy-server 21" 0.0172 "-" 23 0
Jun 9 08:08:53 standalone proxy-server[125823]: 172.18.0.2 ::1 09/Jun/2026/08/08/53 PUT /v1/AUTH_3202d40b869144cd8aaae1037e42e410/gnocchi.7252486f-e3a6-4948-a3ff-c7dcbdb508eb/none_v3 HTTP/1.0 201 - python-swiftclient-3.11.1 gAAAAABqJ8nQadGr... 22 - - txb211d3fb8c4e4d978840f-006a27ca15 - 0.0262 - - 1780992533.823913813 1780992533.850116968 0
Jun 9 08:08:53 standalone container-server[124067]: 172.20.0.100 - - [09/Jun/2026:08:08:53 +0000] "HEAD /d1/855/AUTH_3202d40b869144cd8aaae1037e42e410/gnocchi.4ab75aa5-34e1-4748-add4-c6f62b0b58f6" 404 - "HEAD http://localhost:8080/v1/AUTH_3202d40b869144cd8aaae1037e42e410/gnocchi.4ab75aa5-34e1-4748-add4-c6f62b0b58f6?format=json&states=listing" "tx1682c5645fae4d40b5507-006a27ca15" "proxy-server 21" 0.0009 "-" 15 0
Jun 9 08:08:53 standalone object-server[124304]: 172.20.0.100 - - [09/Jun/2026:08:08:53 +0000] "GET /d1/345/AUTH_3202d40b869144cd8aaae1037e42e410/gnocchi.4ab75aa5-34e1-4748-add4-c6f62b0b58f6/none_v3" 404 70 "GET http://localhost:8080/v1/AUTH_3202d40b869144cd8aaae1037e42e410/gnocchi.4ab75aa5-34e1-4748-add4-c6f62b0b58f6/none_v3" "tx1682c5645fae4d40b5507-006a27ca15" "proxy-server 21" 0.0008 "-" 23 0
Jun 9 08:08:53 standalone proxy-server[125823]: 172.18.0.2 ::1 09/Jun/2026/08/08/53 GET /v1/AUTH_3202d40b869144cd8aaae1037e42e410/gnocchi.4ab75aa5-34e1-4748-add4-c6f62b0b58f6/none_v3 HTTP/1.0 404 - python-swiftclient-3.11.1 gAAAAABqJ8nQadGr... - 70 - tx1682c5645fae4d40b5507-006a27ca15 - 0.0154 - - 1780992533.878284693 1780992533.893712997 0
Jun 9 08:08:53 standalone account-server[123934]: 172.20.0.100 - - [09/Jun/2026:08:08:53 +0000] "PUT /d1/517/AUTH_3202d40b869144cd8aaae1037e42e410/gnocchi.4ab75aa5-34e1-4748-add4-c6f62b0b58f6" 201 - "PUT http://172.20.0.100:6001/d1/855/AUTH_3202d40b869144cd8aaae1037e42e410/gnocchi.4ab75aa5-34e1-4748-add4-c6f62b0b58f6" "txb8f479a2f7454dc7b71f7-006a27ca15" "container-server 16" 0.0080 "-" 19 0
Jun 9 08:08:53 standalone container-server[124075]: 172.20.0.100 - - [09/Jun/2026:08:08:53 +0000] "PUT /d1/855/AUTH_3202d40b869144cd8aaae1037e42e410/gnocchi.4ab75aa5-34e1-4748-add4-c6f62b0b58f6" 201 - "PUT http://localhost:8080/v1/AUTH_3202d40b869144cd8aaae1037e42e410/gnocchi.4ab75aa5-34e1-4748-add4-c6f62b0b58f6" "txb8f479a2f7454dc7b71f7-006a27ca15" "proxy-server 21" 0.0359 "-" 16 0
Jun 9 08:08:53 standalone proxy-server[125823]: 172.18.0.2 ::1 09/Jun/2026/08/08/53 PUT /v1/AUTH_3202d40b869144cd8aaae1037e42e410/gnocchi.4ab75aa5-34e1-4748-add4-c6f62b0b58f6 HTTP/1.0 201 - python-swiftclient-3.11.1 gAAAAABqJ8nQadGr... - - - txb8f479a2f7454dc7b71f7-006a27ca15 - 0.0445 - - 1780992533.901302814 1780992533.945819855 0
Jun 9 08:08:53 standalone container-server[124082]: 172.20.0.100 - - [09/Jun/2026:08:08:53 +0000] "HEAD /d1/855/AUTH_3202d40b869144cd8aaae1037e42e410/gnocchi.4ab75aa5-34e1-4748-add4-c6f62b0b58f6" 204 - "HEAD http://localhost:8080/v1/AUTH_3202d40b869144cd8aaae1037e42e410/gnocchi.4ab75aa5-34e1-4748-add4-c6f62b0b58f6?format=json&states=listing" "tx788bb4d67460483aaa787-006a27ca15" "proxy-server 21" 0.0026 "-" 17 0
Jun 9 08:08:53 standalone proxy-server[125823]: - - 09/Jun/2026/08/08/53 HEAD /v1/AUTH_3202d40b869144cd8aaae1037e42e410/gnocchi.4ab75aa5-34e1-4748-add4-c6f62b0b58f6%3Fformat%3Djson%26states%3Dlisting HTTP/1.0 204 - Swift - - - - tx788bb4d67460483aaa787-006a27ca15 - 0.0097 RL - 1780992533.956210852 1780992533.965922594 0
Jun 9 08:08:53 standalone container-server[124067]: 172.20.0.100 - - [09/Jun/2026:08:08:53 +0000] "GET /d1/855/AUTH_3202d40b869144cd8aaae1037e42e410/gnocchi.4ab75aa5-34e1-4748-add4-c6f62b0b58f6" 200 2 "GET http://localhost:8080/v1/AUTH_3202d40b869144cd8aaae1037e42e410/gnocchi.4ab75aa5-34e1-4748-add4-c6f62b0b58f6?format=json&states=listing" "tx788bb4d67460483aaa787-006a27ca15" "proxy-server 21" 0.0032 "-" 15 0
Jun 9 08:08:53 standalone proxy-server[125823]: 172.18.0.2 ::1 09/Jun/2026/08/08/53 GET /v1/AUTH_3202d40b869144cd8aaae1037e42e410/gnocchi.4ab75aa5-34e1-4748-add4-c6f62b0b58f6%3Fformat%3Djson%26states%3Dlisting HTTP/1.0 200 - python-swiftclient-3.11.1 gAAAAABqJ8nQadGr... - 2 - tx788bb4d67460483aaa787-006a27ca15 - 0.0234 - - 1780992533.954428434 1780992533.977802277 0
Jun 9 08:08:53 standalone object-server[124301]: 172.20.0.100 - - [09/Jun/2026:08:08:53 +0000] "GET /d1/251/AUTH_3202d40b869144cd8aaae1037e42e410/gnocchi.4ab75aa5-34e1-4748-add4-c6f62b0b58f6/1780920000.0_mean_300.0_v3" 404 70 "GET http://localhost:8080/v1/AUTH_3202d40b869144cd8aaae1037e42e410/gnocchi.4ab75aa5-34e1-4748-add4-c6f62b0b58f6/1780920000.0_mean_300.0_v3" "tx84f7762715774736b6827-006a27ca15" "proxy-server 21" 0.0008 "-" 20 0
Jun 9 08:08:53 standalone proxy-server[125823]: 172.18.0.2 ::1 09/Jun/2026/08/08/53 GET /v1/AUTH_3202d40b869144cd8aaae1037e42e410/gnocchi.4ab75aa5-34e1-4748-add4-c6f62b0b58f6/1780920000.0_mean_300.0_v3 HTTP/1.0 404 - python-swiftclient-3.11.1 gAAAAABqJ8nQadGr... - 70 - tx84f7762715774736b6827-006a27ca15 - 0.0081 - - 1780992533.989249468 1780992533.997329235 0
Jun 9 08:08:54 standalone container-server[124065]: 172.20.0.100 - - [09/Jun/2026:08:08:54 +0000] "PUT /d1/855/AUTH_3202d40b869144cd8aaae1037e42e410/gnocchi.4ab75aa5-34e1-4748-add4-c6f62b0b58f6/1780920000.0_mean_300.0_v3" 201 - "PUT http://localhost:8080/d1/251/AUTH_3202d40b869144cd8aaae1037e42e410/gnocchi.4ab75aa5-34e1-4748-add4-c6f62b0b58f6/1780920000.0_mean_300.0_v3" "txbd3296080b754769bff81-006a27ca16" "object-server 23" 0.0011 "-" 14 0
Jun 9 08:08:54 standalone object-server[124304]: 172.20.0.100 - - [09/Jun/2026:08:08:54 +0000] "PUT /d1/251/AUTH_3202d40b869144cd8aaae1037e42e410/gnocchi.4ab75aa5-34e1-4748-add4-c6f62b0b58f6/1780920000.0_mean_300.0_v3" 201 - "PUT http://localhost:8080/v1/AUTH_3202d40b869144cd8aaae1037e42e410/gnocchi.4ab75aa5-34e1-4748-add4-c6f62b0b58f6/1780920000.0_mean_300.0_v3" "txbd3296080b754769bff81-006a27ca16" "proxy-server 21" 0.0151 "-" 23 0
Jun 9 08:08:54 standalone proxy-server[125823]: 172.18.0.2 ::1 09/Jun/2026/08/08/54 PUT /v1/AUTH_3202d40b869144cd8aaae1037e42e410/gnocchi.4ab75aa5-34e1-4748-add4-c6f62b0b58f6/1780920000.0_mean_300.0_v3 HTTP/1.0 201 - python-swiftclient-3.11.1 gAAAAABqJ8nQadGr... 16 - - txbd3296080b754769bff81-006a27ca16 - 0.0235 - - 1780992534.007825136 1780992534.031285286 0
Jun 9 08:08:54 standalone container-server[124065]: 172.20.0.100 - - [09/Jun/2026:08:08:54 +0000] "PUT /d1/855/AUTH_3202d40b869144cd8aaae1037e42e410/gnocchi.4ab75aa5-34e1-4748-add4-c6f62b0b58f6/none_v3" 201 - "PUT http://localhost:8080/d1/345/AUTH_3202d40b869144cd8aaae1037e42e410/gnocchi.4ab75aa5-34e1-4748-add4-c6f62b0b58f6/none_v3" "txb3939e9f20434799b9fcb-006a27ca16" "object-server 23" 0.0009 "-" 14 0
Jun 9 08:08:54 standalone object-server[124304]: 172.20.0.100 - - [09/Jun/2026:08:08:54 +0000] "PUT /d1/345/AUTH_3202d40b869144cd8aaae1037e42e410/gnocchi.4ab75aa5-34e1-4748-add4-c6f62b0b58f6/none_v3" 201 - "PUT http://localhost:8080/v1/AUTH_3202d40b869144cd8aaae1037e42e410/gnocchi.4ab75aa5-34e1-4748-add4-c6f62b0b58f6/none_v3" "txb3939e9f20434799b9fcb-006a27ca16" "proxy-server 21" 0.0138 "-" 23 0
Jun 9 08:08:54 standalone proxy-server[125823]: 172.18.0.2 ::1 09/Jun/2026/08/08/54 PUT /v1/AUTH_3202d40b869144cd8aaae1037e42e410/gnocchi.4ab75aa5-34e1-4748-add4-c6f62b0b58f6/none_v3 HTTP/1.0 201 - python-swiftclient-3.11.1 gAAAAABqJ8nQadGr... 22 - - txb3939e9f20434799b9fcb-006a27ca16 - 0.0224 - - 1780992534.038077354 1780992534.060490608 0
Jun 9 08:08:54 standalone container-server[124082]: 172.20.0.100 - - [09/Jun/2026:08:08:54 +0000] "HEAD /d1/500/AUTH_3202d40b869144cd8aaae1037e42e410/gnocchi.af95394b-d733-4b2a-a6d5-3035d911b3e1" 404 - "HEAD http://localhost:8080/v1/AUTH_3202d40b869144cd8aaae1037e42e410/gnocchi.af95394b-d733-4b2a-a6d5-3035d911b3e1?format=json&states=listing" "tx14f2ceea902c479e946ba-006a27ca16" "proxy-server 21" 0.0005 "-" 17 0
Jun 9 08:08:54 standalone object-server[124301]: 172.20.0.100 - - [09/Jun/2026:08:08:54 +0000] "GET /d1/306/AUTH_3202d40b869144cd8aaae1037e42e410/gnocchi.af95394b-d733-4b2a-a6d5-3035d911b3e1/none_v3" 404 70 "GET http://localhost:8080/v1/AUTH_3202d40b869144cd8aaae1037e42e410/gnocchi.af95394b-d733-4b2a-a6d5-3035d911b3e1/none_v3" "tx14f2ceea902c479e946ba-006a27ca16" "proxy-server 21" 0.0006 "-" 20 0
Jun 9 08:08:54 standalone proxy-server[125823]: 172.18.0.2 ::1 09/Jun/2026/08/08/54 GET /v1/AUTH_3202d40b869144cd8aaae1037e42e410/gnocchi.af95394b-d733-4b2a-a6d5-3035d911b3e1/none_v3 HTTP/1.0 404 - python-swiftclient-3.11.1 gAAAAABqJ8nQadGr... - 70 - tx14f2ceea902c479e946ba-006a27ca16 - 0.0151 - - 1780992534.077773333 1780992534.092843533 0
Jun 9 08:08:54 standalone account-server[123940]: 172.20.0.100 - - [09/Jun/2026:08:08:54 +0000] "PUT /d1/517/AUTH_3202d40b869144cd8aaae1037e42e410/gnocchi.af95394b-d733-4b2a-a6d5-3035d911b3e1" 201 - "PUT http://172.20.0.100:6001/d1/500/AUTH_3202d40b869144cd8aaae1037e42e410/gnocchi.af95394b-d733-4b2a-a6d5-3035d911b3e1" "tx7600067d3e6647498b33b-006a27ca16" "container-server 15" 0.0053 "-" 20 0
Jun 9 08:08:54 standalone container-server[124067]: 172.20.0.100 - - [09/Jun/2026:08:08:54 +0000] "PUT /d1/500/AUTH_3202d40b869144cd8aaae1037e42e410/gnocchi.af95394b-d733-4b2a-a6d5-3035d911b3e1" 201 - "PUT http://localhost:8080/v1/AUTH_3202d40b869144cd8aaae1037e42e410/gnocchi.af95394b-d733-4b2a-a6d5-3035d911b3e1" "tx7600067d3e6647498b33b-006a27ca16" "proxy-server 21" 0.0183 "-" 15 0
Jun 9 08:08:54 standalone proxy-server[125823]: 172.18.0.2 ::1 09/Jun/2026/08/08/54 PUT /v1/AUTH_3202d40b869144cd8aaae1037e42e410/gnocchi.af95394b-d733-4b2a-a6d5-3035d911b3e1 HTTP/1.0 201 - python-swiftclient-3.11.1 gAAAAABqJ8nQadGr... - - - tx7600067d3e6647498b33b-006a27ca16 - 0.0296 - - 1780992534.099807262 1780992534.129456043 0
Jun 9 08:08:54 standalone container-server[124075]: 172.20.0.100 - - [09/Jun/2026:08:08:54 +0000] "HEAD /d1/500/AUTH_3202d40b869144cd8aaae1037e42e410/gnocchi.af95394b-d733-4b2a-a6d5-3035d911b3e1" 204 - "HEAD http://localhost:8080/v1/AUTH_3202d40b869144cd8aaae1037e42e410/gnocchi.af95394b-d733-4b2a-a6d5-3035d911b3e1?format=json&states=listing" "tx59cf823869db4eab8bd57-006a27ca16" "proxy-server 21" 0.0024 "-" 16 0
Jun 9 08:08:54 standalone proxy-server[125823]: - - 09/Jun/2026/08/08/54 HEAD /v1/AUTH_3202d40b869144cd8aaae1037e42e410/gnocchi.af95394b-d733-4b2a-a6d5-3035d911b3e1%3Fformat%3Djson%26states%3Dlisting HTTP/1.0 204 - Swift - - - - tx59cf823869db4eab8bd57-006a27ca16 - 0.0072 RL - 1780992534.136891127 1780992534.144061327 0
Jun 9 08:08:54 standalone container-server[124075]: 172.20.0.100 - - [09/Jun/2026:08:08:54 +0000] "GET /d1/500/AUTH_3202d40b869144cd8aaae1037e42e410/gnocchi.af95394b-d733-4b2a-a6d5-3035d911b3e1" 200 2 "GET http://localhost:8080/v1/AUTH_3202d40b869144cd8aaae1037e42e410/gnocchi.af95394b-d733-4b2a-a6d5-3035d911b3e1?format=json&states=listing" "tx59cf823869db4eab8bd57-006a27ca16" "proxy-server 21" 0.0051 "-" 16 0
Jun 9 08:08:54 standalone proxy-server[125823]: 172.18.0.2 ::1 09/Jun/2026/08/08/54 GET /v1/AUTH_3202d40b869144cd8aaae1037e42e410/gnocchi.af95394b-d733-4b2a-a6d5-3035d911b3e1%3Fformat%3Djson%26states%3Dlisting HTTP/1.0 200 - python-swiftclient-3.11.1 gAAAAABqJ8nQadGr... - 2 - tx59cf823869db4eab8bd57-006a27ca16 - 0.0226 - - 1780992534.135157108 1780992534.157800913 0
Jun 9 08:08:54 standalone object-server[124301]: 172.20.0.100 - - [09/Jun/2026:08:08:54 +0000] "GET /d1/172/AUTH_3202d40b869144cd8aaae1037e42e410/gnocchi.af95394b-d733-4b2a-a6d5-3035d911b3e1/1780920000.0_mean_300.0_v3" 404 70 "GET http://localhost:8080/v1/AUTH_3202d40b869144cd8aaae1037e42e410/gnocchi.af95394b-d733-4b2a-a6d5-3035d911b3e1/1780920000.0_mean_300.0_v3" "tx1aa9d736da994d7189a67-006a27ca16" "proxy-server 21" 0.0005 "-" 20 0
Jun 9 08:08:54 standalone proxy-server[125823]: 172.18.0.2 ::1 09/Jun/2026/08/08/54 GET /v1/AUTH_3202d40b869144cd8aaae1037e42e410/gnocchi.af95394b-d733-4b2a-a6d5-3035d911b3e1/1780920000.0_mean_300.0_v3 HTTP/1.0 404 - python-swiftclient-3.11.1 gAAAAABqJ8nQadGr... - 70 - tx1aa9d736da994d7189a67-006a27ca16 - 0.0154 - - 1780992534.162203074 1780992534.177620173 0
Jun 9 08:08:54 standalone container-server[124065]: 172.20.0.100 - - [09/Jun/2026:08:08:54 +0000] "PUT /d1/500/AUTH_3202d40b869144cd8aaae1037e42e410/gnocchi.af95394b-d733-4b2a-a6d5-3035d911b3e1/1780920000.0_mean_300.0_v3" 201 - "PUT http://localhost:8080/d1/172/AUTH_3202d40b869144cd8aaae1037e42e410/gnocchi.af95394b-d733-4b2a-a6d5-3035d911b3e1/1780920000.0_mean_300.0_v3" "tx28a76fd3fa524cc180072-006a27ca16" "object-server 22" 0.0016 "-" 14 0
Jun 9 08:08:54 standalone object-server[124303]: 172.20.0.100 - - [09/Jun/2026:08:08:54 +0000] "PUT /d1/172/AUTH_3202d40b869144cd8aaae1037e42e410/gnocchi.af95394b-d733-4b2a-a6d5-3035d911b3e1/1780920000.0_mean_300.0_v3" 201 - "PUT http://localhost:8080/v1/AUTH_3202d40b869144cd8aaae1037e42e410/gnocchi.af95394b-d733-4b2a-a6d5-3035d911b3e1/1780920000.0_mean_300.0_v3" "tx28a76fd3fa524cc180072-006a27ca16" "proxy-server 21" 0.0188 "-" 22 0
Jun 9 08:08:54 standalone proxy-server[125823]: 172.18.0.2 ::1 09/Jun/2026/08/08/54 PUT /v1/AUTH_3202d40b869144cd8aaae1037e42e410/gnocchi.af95394b-d733-4b2a-a6d5-3035d911b3e1/1780920000.0_mean_300.0_v3 HTTP/1.0 201 - python-swiftclient-3.11.1 gAAAAABqJ8nQadGr... 16 - - tx28a76fd3fa524cc180072-006a27ca16 - 0.0324 - - 1780992534.184557199 1780992534.216959000 0
Jun 9 08:08:54 standalone container-server[124067]: 172.20.0.100 - - [09/Jun/2026:08:08:54 +0000] "PUT /d1/500/AUTH_3202d40b869144cd8aaae1037e42e410/gnocchi.af95394b-d733-4b2a-a6d5-3035d911b3e1/none_v3" 201 - "PUT http://localhost:8080/d1/306/AUTH_3202d40b869144cd8aaae1037e42e410/gnocchi.af95394b-d733-4b2a-a6d5-3035d911b3e1/none_v3" "txf68130995d904f649fb8d-006a27ca16" "object-server 20" 0.0012 "-" 15 0
Jun 9 08:08:54 standalone object-server[124301]: 172.20.0.100 - - [09/Jun/2026:08:08:54 +0000] "PUT /d1/306/AUTH_3202d40b869144cd8aaae1037e42e410/gnocchi.af95394b-d733-4b2a-a6d5-3035d911b3e1/none_v3" 201 - "PUT http://localhost:8080/v1/AUTH_3202d40b869144cd8aaae1037e42e410/gnocchi.af95394b-d733-4b2a-a6d5-3035d911b3e1/none_v3" "txf68130995d904f649fb8d-006a27ca16" "proxy-server 21" 0.0115 "-" 20 0
Jun 9 08:08:54 standalone proxy-server[125823]: 172.18.0.2 ::1 09/Jun/2026/08/08/54 PUT /v1/AUTH_3202d40b869144cd8aaae1037e42e410/gnocchi.af95394b-d733-4b2a-a6d5-3035d911b3e1/none_v3 HTTP/1.0 201 - python-swiftclient-3.11.1 gAAAAABqJ8nQadGr... 22 - - txf68130995d904f649fb8d-006a27ca16 - 0.0186 - - 1780992534.223253250 1780992534.241804838 0
Jun 9 08:08:54 standalone container-server[124065]: 172.20.0.100 - - [09/Jun/2026:08:08:54 +0000] "HEAD /d1/905/AUTH_3202d40b869144cd8aaae1037e42e410/gnocchi.d5026650-5212-441e-8661-3d00c720cf2c" 404 - "HEAD http://localhost:8080/v1/AUTH_3202d40b869144cd8aaae1037e42e410/gnocchi.d5026650-5212-441e-8661-3d00c720cf2c?format=json&states=listing" "txe4bb598ff10747c6ab1cf-006a27ca16" "proxy-server 21" 0.0008 "-" 14 0
Jun 9 08:08:54 standalone object-server[124304]: 172.20.0.100 - - [09/Jun/2026:08:08:54 +0000] "GET /d1/65/AUTH_3202d40b869144cd8aaae1037e42e410/gnocchi.d5026650-5212-441e-8661-3d00c720cf2c/none_v3" 404 70 "GET http://localhost:8080/v1/AUTH_3202d40b869144cd8aaae1037e42e410/gnocchi.d5026650-5212-441e-8661-3d00c720cf2c/none_v3" "txe4bb598ff10747c6ab1cf-006a27ca16" "proxy-server 21" 0.0007 "-" 23 0
Jun 9 08:08:54 standalone proxy-server[125823]: 172.18.0.2 ::1 09/Jun/2026/08/08/54 GET /v1/AUTH_3202d40b869144cd8aaae1037e42e410/gnocchi.d5026650-5212-441e-8661-3d00c720cf2c/none_v3 HTTP/1.0 404 - python-swiftclient-3.11.1 gAAAAABqJ8nQadGr... - 70 - txe4bb598ff10747c6ab1cf-006a27ca16 - 0.0141 - - 1780992534.262634039 1780992534.276688576 0
Jun 9 08:08:54 standalone account-server[123998]: 172.20.0.100 - - [09/Jun/2026:08:08:54 +0000] "PUT /d1/517/AUTH_3202d40b869144cd8aaae1037e42e410/gnocchi.d5026650-5212-441e-8661-3d00c720cf2c" 201 - "PUT http://172.20.0.100:6001/d1/905/AUTH_3202d40b869144cd8aaae1037e42e410/gnocchi.d5026650-5212-441e-8661-3d00c720cf2c" "txba58b7b4b04c4f7ead1f3-006a27ca16" "container-server 14" 0.0059 "-" 23 0
Jun 9 08:08:54 standalone container-server[124065]: 172.20.0.100 - - [09/Jun/2026:08:08:54 +0000] "PUT /d1/905/AUTH_3202d40b869144cd8aaae1037e42e410/gnocchi.d5026650-5212-441e-8661-3d00c720cf2c" 201 - "PUT http://localhost:8080/v1/AUTH_3202d40b869144cd8aaae1037e42e410/gnocchi.d5026650-5212-441e-8661-3d00c720cf2c" "txba58b7b4b04c4f7ead1f3-006a27ca16" "proxy-server 21" 0.0284 "-" 14 0
Jun 9 08:08:54 standalone proxy-server[125823]: 172.18.0.2 ::1 09/Jun/2026/08/08/54 PUT /v1/AUTH_3202d40b869144cd8aaae1037e42e410/gnocchi.d5026650-5212-441e-8661-3d00c720cf2c HTTP/1.0 201 - python-swiftclient-3.11.1 gAAAAABqJ8nQadGr... - - - txba58b7b4b04c4f7ead1f3-006a27ca16 - 0.0363 - - 1780992534.284828424 1780992534.321131706 0
Jun 9 08:08:54 standalone container-server[124075]: 172.20.0.100 - - [09/Jun/2026:08:08:54 +0000] "HEAD /d1/905/AUTH_3202d40b869144cd8aaae1037e42e410/gnocchi.d5026650-5212-441e-8661-3d00c720cf2c" 204 - "HEAD http://localhost:8080/v1/AUTH_3202d40b869144cd8aaae1037e42e410/gnocchi.d5026650-5212-441e-8661-3d00c720cf2c?format=json&states=listing" "tx8e71d208becd4bd9a7dff-006a27ca16" "proxy-server 21" 0.0023 "-" 16 0
Jun 9 08:08:54 standalone proxy-server[125823]: - - 09/Jun/2026/08/08/54 HEAD /v1/AUTH_3202d40b869144cd8aaae1037e42e410/gnocchi.d5026650-5212-441e-8661-3d00c720cf2c%3Fformat%3Djson%26states%3Dlisting HTTP/1.0 204 - Swift - - - - tx8e71d208becd4bd9a7dff-006a27ca16 - 0.0087 RL - 1780992534.329239607 1780992534.337901831 0
Jun 9 08:08:54 standalone container-server[124075]: 172.20.0.100 - - [09/Jun/2026:08:08:54 +0000] "GET /d1/905/AUTH_3202d40b869144cd8aaae1037e42e410/gnocchi.d5026650-5212-441e-8661-3d00c720cf2c" 200 2 "GET http://localhost:8080/v1/AUTH_3202d40b869144cd8aaae1037e42e410/gnocchi.d5026650-5212-441e-8661-3d00c720cf2c?format=json&states=listing" "tx8e71d208becd4bd9a7dff-006a27ca16" "proxy-server 21" 0.0040 "-" 16 0
Jun 9 08:08:54 standalone proxy-server[125823]: 172.18.0.2 ::1 09/Jun/2026/08/08/54 GET /v1/AUTH_3202d40b869144cd8aaae1037e42e410/gnocchi.d5026650-5212-441e-8661-3d00c720cf2c%3Fformat%3Djson%26states%3Dlisting HTTP/1.0 200 - python-swiftclient-3.11.1 gAAAAABqJ8nQadGr... - 2 - tx8e71d208becd4bd9a7dff-006a27ca16 - 0.0258 - - 1780992534.326906204 1780992534.352716684 0
Jun 9 08:08:54 standalone object-server[124303]: 172.20.0.100 - - [09/Jun/2026:08:08:54 +0000] "GET /d1/557/AUTH_3202d40b869144cd8aaae1037e42e410/gnocchi.d5026650-5212-441e-8661-3d00c720cf2c/1780920000.0_mean_300.0_v3" 404 70 "GET http://localhost:8080/v1/AUTH_3202d40b869144cd8aaae1037e42e410/gnocchi.d5026650-5212-441e-8661-3d00c720cf2c/1780920000.0_mean_300.0_v3" "txdce0d8f9b94c444e9bee8-006a27ca16" "proxy-server 21" 0.0003 "-" 22 0
Jun 9 08:08:54 standalone proxy-server[125823]: 172.18.0.2 ::1 09/Jun/2026/08/08/54 GET /v1/AUTH_3202d40b869144cd8aaae1037e42e410/gnocchi.d5026650-5212-441e-8661-3d00c720cf2c/1780920000.0_mean_300.0_v3 HTTP/1.0 404 - python-swiftclient-3.11.1 gAAAAABqJ8nQadGr... - 70 - txdce0d8f9b94c444e9bee8-006a27ca16 - 0.0104 - - 1780992534.359054327 1780992534.369442225 0
Jun 9 08:08:54 standalone container-server[124065]: 172.20.0.100 - - [09/Jun/2026:08:08:54 +0000] "PUT /d1/905/AUTH_3202d40b869144cd8aaae1037e42e410/gnocchi.d5026650-5212-441e-8661-3d00c720cf2c/1780920000.0_mean_300.0_v3" 201 - "PUT http://localhost:8080/d1/557/AUTH_3202d40b869144cd8aaae1037e42e410/gnocchi.d5026650-5212-441e-8661-3d00c720cf2c/1780920000.0_mean_300.0_v3" "tx318c9b6e08504b2c80a40-006a27ca16" "object-server 20" 0.0023 "-" 14 0
Jun 9 08:08:54 standalone object-server[124301]: 172.20.0.100 - - [09/Jun/2026:08:08:54 +0000] "PUT /d1/557/AUTH_3202d40b869144cd8aaae1037e42e410/gnocchi.d5026650-5212-441e-8661-3d00c720cf2c/1780920000.0_mean_300.0_v3" 201 - "PUT http://localhost:8080/v1/AUTH_3202d40b869144cd8aaae1037e42e410/gnocchi.d5026650-5212-441e-8661-3d00c720cf2c/1780920000.0_mean_300.0_v3" "tx318c9b6e08504b2c80a40-006a27ca16" "proxy-server 21" 0.0148 "-" 20 0
Jun 9 08:08:54 standalone proxy-server[125823]: 172.18.0.2 ::1 09/Jun/2026/08/08/54 PUT /v1/AUTH_3202d40b869144cd8aaae1037e42e410/gnocchi.d5026650-5212-441e-8661-3d00c720cf2c/1780920000.0_mean_300.0_v3 HTTP/1.0 201 - python-swiftclient-3.11.1 gAAAAABqJ8nQadGr... 16 - - tx318c9b6e08504b2c80a40-006a27ca16 - 0.0253 - - 1780992534.374902725 1780992534.400251389 0
Jun 9 08:08:54 standalone container-server[124067]: 172.20.0.100 - - [09/Jun/2026:08:08:54 +0000] "PUT /d1/905/AUTH_3202d40b869144cd8aaae1037e42e410/gnocchi.d5026650-5212-441e-8661-3d00c720cf2c/none_v3" 201 - "PUT http://localhost:8080/d1/65/AUTH_3202d40b869144cd8aaae1037e42e410/gnocchi.d5026650-5212-441e-8661-3d00c720cf2c/none_v3" "tx80472d7f142544d7a2ab5-006a27ca16" "object-server 21" 0.0008 "-" 15 0
Jun 9 08:08:54 standalone object-server[124302]: 172.20.0.100 - - [09/Jun/2026:08:08:54 +0000] "PUT /d1/65/AUTH_3202d40b869144cd8aaae1037e42e410/gnocchi.d5026650-5212-441e-8661-3d00c720cf2c/none_v3" 201 - "PUT http://localhost:8080/v1/AUTH_3202d40b869144cd8aaae1037e42e410/gnocchi.d5026650-5212-441e-8661-3d00c720cf2c/none_v3" "tx80472d7f142544d7a2ab5-006a27ca16" "proxy-server 21" 0.0149 "-" 21 0
Jun 9 08:08:54 standalone proxy-server[125823]: 172.18.0.2 ::1 09/Jun/2026/08/08/54 PUT /v1/AUTH_3202d40b869144cd8aaae1037e42e410/gnocchi.d5026650-5212-441e-8661-3d00c720cf2c/none_v3 HTTP/1.0 201 - python-swiftclient-3.11.1 gAAAAABqJ8nQadGr... 22 - - tx80472d7f142544d7a2ab5-006a27ca16 - 0.0267 - - 1780992534.408249140 1780992534.434948444 0
Jun 9 08:08:54 standalone container-server[124082]: 172.20.0.100 - - [09/Jun/2026:08:08:54 +0000] "HEAD /d1/281/AUTH_3202d40b869144cd8aaae1037e42e410/gnocchi.2b339b0f-1a5a-4e38-9373-c35db5cf4e9a" 404 - "HEAD http://localhost:8080/v1/AUTH_3202d40b869144cd8aaae1037e42e410/gnocchi.2b339b0f-1a5a-4e38-9373-c35db5cf4e9a?format=json&states=listing" "txcbe003a13aec471aa55ec-006a27ca16" "proxy-server 21" 0.0011 "-" 17 0
Jun 9 08:08:54 standalone object-server[124304]: 172.20.0.100 - - [09/Jun/2026:08:08:54 +0000] "GET /d1/506/AUTH_3202d40b869144cd8aaae1037e42e410/gnocchi.2b339b0f-1a5a-4e38-9373-c35db5cf4e9a/none_v3" 404 70 "GET http://localhost:8080/v1/AUTH_3202d40b869144cd8aaae1037e42e410/gnocchi.2b339b0f-1a5a-4e38-9373-c35db5cf4e9a/none_v3" "txcbe003a13aec471aa55ec-006a27ca16" "proxy-server 21" 0.0005 "-" 23 0
Jun 9 08:08:54 standalone proxy-server[125823]: 172.18.0.2 ::1 09/Jun/2026/08/08/54 GET /v1/AUTH_3202d40b869144cd8aaae1037e42e410/gnocchi.2b339b0f-1a5a-4e38-9373-c35db5cf4e9a/none_v3 HTTP/1.0 404 - python-swiftclient-3.11.1 gAAAAABqJ8nQadGr... - 70 - txcbe003a13aec471aa55ec-006a27ca16 - 0.0212 - - 1780992534.515763521 1780992534.536983967 0
Jun 9 08:08:54 standalone account-server[123940]: 172.20.0.100 - - [09/Jun/2026:08:08:54 +0000] "PUT /d1/517/AUTH_3202d40b869144cd8aaae1037e42e410/gnocchi.2b339b0f-1a5a-4e38-9373-c35db5cf4e9a" 201 - "PUT http://172.20.0.100:6001/d1/281/AUTH_3202d40b869144cd8aaae1037e42e410/gnocchi.2b339b0f-1a5a-4e38-9373-c35db5cf4e9a" "tx2b1edeb1bfb34bd2bb8e1-006a27ca16" "container-server 16" 0.0068 "-" 20 0
Jun 9 08:08:54 standalone container-server[124075]: 172.20.0.100 - - [09/Jun/2026:08:08:54 +0000] "PUT /d1/281/AUTH_3202d40b869144cd8aaae1037e42e410/gnocchi.2b339b0f-1a5a-4e38-9373-c35db5cf4e9a" 201 - "PUT http://localhost:8080/v1/AUTH_3202d40b869144cd8aaae1037e42e410/gnocchi.2b339b0f-1a5a-4e38-9373-c35db5cf4e9a" "tx2b1edeb1bfb34bd2bb8e1-006a27ca16" "proxy-server 21" 0.0306 "-" 16 0
Jun 9 08:08:54 standalone proxy-server[125823]: 172.18.0.2 ::1 09/Jun/2026/08/08/54 PUT /v1/AUTH_3202d40b869144cd8aaae1037e42e410/gnocchi.2b339b0f-1a5a-4e38-9373-c35db5cf4e9a HTTP/1.0 201 - python-swiftclient-3.11.1 gAAAAABqJ8nQadGr... - - - tx2b1edeb1bfb34bd2bb8e1-006a27ca16 - 0.0443 - - 1780992534.541841507 1780992534.586160660 0
Jun 9 08:08:54 standalone container-server[124082]: 172.20.0.100 - - [09/Jun/2026:08:08:54 +0000] "HEAD /d1/281/AUTH_3202d40b869144cd8aaae1037e42e410/gnocchi.2b339b0f-1a5a-4e38-9373-c35db5cf4e9a" 204 - "HEAD http://localhost:8080/v1/AUTH_3202d40b869144cd8aaae1037e42e410/gnocchi.2b339b0f-1a5a-4e38-9373-c35db5cf4e9a?format=json&states=listing" "tx5bd251f88e8c4adeb49c3-006a27ca16" "proxy-server 21" 0.0044 "-" 17 0
Jun 9 08:08:54 standalone proxy-server[125823]: - - 09/Jun/2026/08/08/54 HEAD /v1/AUTH_3202d40b869144cd8aaae1037e42e410/gnocchi.2b339b0f-1a5a-4e38-9373-c35db5cf4e9a%3Fformat%3Djson%26states%3Dlisting HTTP/1.0 204 - Swift - - - - tx5bd251f88e8c4adeb49c3-006a27ca16 - 0.0111 RL - 1780992534.593743563 1780992534.604844093 0
Jun 9 08:08:54 standalone container-server[124082]: 172.20.0.100 - - [09/Jun/2026:08:08:54 +0000] "GET /d1/281/AUTH_3202d40b869144cd8aaae1037e42e410/gnocchi.2b339b0f-1a5a-4e38-9373-c35db5cf4e9a" 200 2 "GET http://localhost:8080/v1/AUTH_3202d40b869144cd8aaae1037e42e410/gnocchi.2b339b0f-1a5a-4e38-9373-c35db5cf4e9a?format=json&states=listing" "tx5bd251f88e8c4adeb49c3-006a27ca16" "proxy-server 21" 0.0059 "-" 17 0
Jun 9 08:08:54 standalone proxy-server[125823]: 172.18.0.2 ::1 09/Jun/2026/08/08/54 GET /v1/AUTH_3202d40b869144cd8aaae1037e42e410/gnocchi.2b339b0f-1a5a-4e38-9373-c35db5cf4e9a%3Fformat%3Djson%26states%3Dlisting HTTP/1.0 200 - python-swiftclient-3.11.1 gAAAAABqJ8nQadGr... - 2 - tx5bd251f88e8c4adeb49c3-006a27ca16 - 0.0319 - - 1780992534.591706514 1780992534.623640299 0
Jun 9 08:08:54 standalone object-server[124302]: 172.20.0.100 - - [09/Jun/2026:08:08:54 +0000] "GET /d1/201/AUTH_3202d40b869144cd8aaae1037e42e410/gnocchi.2b339b0f-1a5a-4e38-9373-c35db5cf4e9a/1780920000.0_mean_300.0_v3" 404 70 "GET http://localhost:8080/v1/AUTH_3202d40b869144cd8aaae1037e42e410/gnocchi.2b339b0f-1a5a-4e38-9373-c35db5cf4e9a/1780920000.0_mean_300.0_v3" "tx772dfd6b3db84dc28db24-006a27ca16" "proxy-server 21" 0.0003 "-" 21 0
Jun 9 08:08:54 standalone proxy-server[125823]: 172.18.0.2 ::1 09/Jun/2026/08/08/54 GET /v1/AUTH_3202d40b869144cd8aaae1037e42e410/gnocchi.2b339b0f-1a5a-4e38-9373-c35db5cf4e9a/1780920000.0_mean_300.0_v3 HTTP/1.0 404 - python-swiftclient-3.11.1 gAAAAABqJ8nQadGr... - 70 - tx772dfd6b3db84dc28db24-006a27ca16 - 0.0076 - - 1780992534.629294634 1780992534.636882067 0
Jun 9 08:08:54 standalone container-server[124067]: 172.20.0.100 - - [09/Jun/2026:08:08:54 +0000] "PUT /d1/281/AUTH_3202d40b869144cd8aaae1037e42e410/gnocchi.2b339b0f-1a5a-4e38-9373-c35db5cf4e9a/1780920000.0_mean_300.0_v3" 201 - "PUT http://localhost:8080/d1/201/AUTH_3202d40b869144cd8aaae1037e42e410/gnocchi.2b339b0f-1a5a-4e38-9373-c35db5cf4e9a/1780920000.0_mean_300.0_v3" "tx0238ff12ca8f4fc0b5d84-006a27ca16" "object-server 23" 0.0007 "-" 15 0
Jun 9 08:08:54 standalone object-server[124304]: 172.20.0.100 - - [09/Jun/2026:08:08:54 +0000] "PUT /d1/201/AUTH_3202d40b869144cd8aaae1037e42e410/gnocchi.2b339b0f-1a5a-4e38-9373-c35db5cf4e9a/1780920000.0_mean_300.0_v3" 201 - "PUT http://localhost:8080/v1/AUTH_3202d40b869144cd8aaae1037e42e410/gnocchi.2b339b0f-1a5a-4e38-9373-c35db5cf4e9a/1780920000.0_mean_300.0_v3" "tx0238ff12ca8f4fc0b5d84-006a27ca16" "proxy-server 21" 0.0098 "-" 23 0
Jun 9 08:08:54 standalone proxy-server[125823]: 172.18.0.2 ::1 09/Jun/2026/08/08/54 PUT /v1/AUTH_3202d40b869144cd8aaae1037e42e410/gnocchi.2b339b0f-1a5a-4e38-9373-c35db5cf4e9a/1780920000.0_mean_300.0_v3 HTTP/1.0 201 - python-swiftclient-3.11.1 gAAAAABqJ8nQadGr... 16 - - tx0238ff12ca8f4fc0b5d84-006a27ca16 - 0.0185 - - 1780992534.641208172 1780992534.659700394 0
Jun 9 08:08:54 standalone container-server[124067]: 172.20.0.100 - - [09/Jun/2026:08:08:54 +0000] "PUT /d1/281/AUTH_3202d40b869144cd8aaae1037e42e410/gnocchi.2b339b0f-1a5a-4e38-9373-c35db5cf4e9a/none_v3" 201 - "PUT http://localhost:8080/d1/506/AUTH_3202d40b869144cd8aaae1037e42e410/gnocchi.2b339b0f-1a5a-4e38-9373-c35db5cf4e9a/none_v3" "tx3ab1c803105d4914aa9ed-006a27ca16" "object-server 20" 0.0006 "-" 15 0
Jun 9 08:08:54 standalone object-server[124301]: 172.20.0.100 - - [09/Jun/2026:08:08:54 +0000] "PUT /d1/506/AUTH_3202d40b869144cd8aaae1037e42e410/gnocchi.2b339b0f-1a5a-4e38-9373-c35db5cf4e9a/none_v3" 201 - "PUT http://localhost:8080/v1/AUTH_3202d40b869144cd8aaae1037e42e410/gnocchi.2b339b0f-1a5a-4e38-9373-c35db5cf4e9a/none_v3" "tx3ab1c803105d4914aa9ed-006a27ca16" "proxy-server 21" 0.0094 "-" 20 0
Jun 9 08:08:54 standalone proxy-server[125823]: 172.18.0.2 ::1 09/Jun/2026/08/08/54 PUT /v1/AUTH_3202d40b869144cd8aaae1037e42e410/gnocchi.2b339b0f-1a5a-4e38-9373-c35db5cf4e9a/none_v3 HTTP/1.0 201 - python-swiftclient-3.11.1 gAAAAABqJ8nQadGr... 22 - - tx3ab1c803105d4914aa9ed-006a27ca16 - 0.0165 - - 1780992534.668586254 1780992534.685105562 0
Jun 9 08:10:24 standalone container-server[123891]: Begin container update sweep
Jun 9 08:10:24 standalone account-server[123998]: 172.20.0.100 - - [09/Jun/2026:08:10:24 +0000] "PUT /d1/517/AUTH_3202d40b869144cd8aaae1037e42e410/gnocchi.4ab75aa5-34e1-4748-add4-c6f62b0b58f6" 201 - "-" "-" "container-updater 2" 0.0012 "-" 23 0
Jun 9 08:10:24 standalone account-server[123934]: 172.20.0.100 - - [09/Jun/2026:08:10:24 +0000] "PUT /d1/517/AUTH_3202d40b869144cd8aaae1037e42e410/gnocchi.d5026650-5212-441e-8661-3d00c720cf2c" 201 - "-" "-" "container-updater 2" 0.0005 "-" 19 0
Jun 9 08:10:24 standalone account-server[123953]: 172.20.0.100 - - [09/Jun/2026:08:10:24 +0000] "PUT /d1/517/AUTH_3202d40b869144cd8aaae1037e42e410/gnocchi.2b339b0f-1a5a-4e38-9373-c35db5cf4e9a" 201 - "-" "-" "container-updater 2" 0.0005 "-" 21 0
Jun 9 08:10:24 standalone account-server[123998]: 172.20.0.100 - - [09/Jun/2026:08:10:24 +0000] "PUT /d1/517/AUTH_3202d40b869144cd8aaae1037e42e410/glance" 201 - "-" "-" "container-updater 2" 0.0005 "-" 23 0
Jun 9 08:10:25 standalone account-server[123940]: 172.20.0.100 - - [09/Jun/2026:08:10:25 +0000] "PUT /d1/517/AUTH_3202d40b869144cd8aaae1037e42e410/gnocchi.98f5107a-5572-4041-bc8c-d37b707223c2" 201 - "-" "-" "container-updater 2" 0.0009 "-" 20 0
Jun 9 08:10:25 standalone account-server[123953]: 172.20.0.100 - - [09/Jun/2026:08:10:25 +0000] "PUT /d1/517/AUTH_3202d40b869144cd8aaae1037e42e410/gnocchi.7c5e3593-2de7-46e4-9c06-44f32dbfd8c9" 201 - "-" "-" "container-updater 2" 0.0007 "-" 21 0
Jun 9 08:10:25 standalone account-server[123940]: 172.20.0.100 - - [09/Jun/2026:08:10:25 +0000] "PUT /d1/517/AUTH_3202d40b869144cd8aaae1037e42e410/gnocchi.af95394b-d733-4b2a-a6d5-3035d911b3e1" 201 - "-" "-" "container-updater 2" 0.0008 "-" 20 0
Jun 9 08:10:25 standalone account-server[123940]: 172.20.0.100 - - [09/Jun/2026:08:10:25 +0000] "PUT /d1/517/AUTH_3202d40b869144cd8aaae1037e42e410/gnocchi.d5890b75-361c-4351-b154-e950037836e4" 201 - "-" "-" "container-updater 2" 0.0007 "-" 20 0
Jun 9 08:10:25 standalone account-server[123934]: 172.20.0.100 - - [09/Jun/2026:08:10:25 +0000] "PUT /d1/517/AUTH_3202d40b869144cd8aaae1037e42e410/gnocchi.7252486f-e3a6-4948-a3ff-c7dcbdb508eb" 201 - "-" "-" "container-updater 2" 0.0008 "-" 19 0
Jun 9 08:10:25 standalone container-server[123891]: Container update sweep completed: 1.44s
Jun 9 08:10:54 standalone account-server[123934]: 172.20.0.100 - - [09/Jun/2026:08:10:54 +0000] "HEAD /d1/75/.expiring_objects" 404 - "HEAD http://localhost/v1/.expiring_objects?format=json" "tx8fe68781aa6842158d97c-006a27ca8e" "proxy-server 2" 0.0006 "-" 19 -
Jun 9 08:10:54 standalone object-expirer[123897]: Pass completed in 0s; 0 objects expired (txn: tx8fe68781aa6842158d97c-006a27ca8e)
Jun 9 08:11:11 standalone account-server[123934]: 172.20.0.100 - - [09/Jun/2026:08:11:11 +0000] "HEAD /d1/75/.expiring_objects" 404 - "HEAD http://localhost/v1/.expiring_objects?format=json" "tx83552bd60f9243bd9499d-006a27ca9f" "proxy-server 2" 0.0004 "-" 19 -
Jun 9 08:11:11 standalone object-expirer[123897]: Pass completed in 0s; 0 objects expired (txn: tx83552bd60f9243bd9499d-006a27ca9f)
Jun 9 08:12:57 standalone object-server[124147]: Begin object update sweep
Jun 9 08:12:57 standalone object-server[237678]: Object update sweep starting on /srv/node/d1 (pid: 15)
Jun 9 08:12:57 standalone object-server[237678]: Object update sweep completed on /srv/node/d1 in 0.00s seconds:, 0 successes, 0 failures, 0 quarantines, 0 unlinks, 0 errors, 0 redirects (pid: 15)
Jun 9 08:12:57 standalone object-server[237678]: Object update sweep of d1 completed: 0.00s, 0 successes, 0 failures, 0 quarantines, 0 unlinks, 0 errors, 0 redirects
Jun 9 08:12:57 standalone object-server[124147]: Object update sweep completed: 0.10s
Jun 9 08:13:37 standalone account-server[123934]: 172.20.0.100 - - [09/Jun/2026:08:13:37 +0000] "HEAD /d1/75/.expiring_objects" 404 - "HEAD http://localhost/v1/.expiring_objects?format=json" "txed254d7990a941548fddf-006a27cb31" "proxy-server 2" 0.0009 "-" 19 -
Jun 9 08:13:37 standalone object-expirer[123897]: Pass completed in 0s; 0 objects expired (txn: txed254d7990a941548fddf-006a27cb31)
Jun 9 08:15:24 standalone container-server[123891]: Begin container update sweep
Jun 9 08:15:24 standalone container-server[123891]: Container update sweep completed: 0.54s
Jun 9 08:16:46 standalone account-server[123998]: 172.20.0.100 - - [09/Jun/2026:08:16:46 +0000] "HEAD /d1/75/.expiring_objects" 404 - "HEAD http://localhost/v1/.expiring_objects?format=json" "tx547cc630c6ad440a994fc-006a27cbee" "proxy-server 2" 0.0008 "-" 23 -
Jun 9 08:16:46 standalone object-expirer[123897]: Pass completed in 0s; 0 objects expired (txn: tx547cc630c6ad440a994fc-006a27cbee)
Jun 9 08:17:57 standalone object-server[124147]: Begin object update sweep
Jun 9 08:17:57 standalone object-server[261251]: Object update sweep starting on /srv/node/d1 (pid: 16)
Jun 9 08:17:57 standalone object-server[261251]: Object update sweep completed on /srv/node/d1 in 0.00s seconds:, 0 successes, 0 failures, 0 quarantines, 0 unlinks, 0 errors, 0 redirects (pid: 16)
Jun 9 08:17:57 standalone object-server[261251]: Object update sweep of d1 completed: 0.00s, 0 successes, 0 failures, 0 quarantines, 0 unlinks, 0 errors, 0 redirects
Jun 9 08:17:58 standalone object-server[124147]: Object update sweep completed: 0.08s
Jun 9 08:20:10 standalone account-server[123940]: 172.20.0.100 - - [09/Jun/2026:08:20:10 +0000] "HEAD /d1/75/.expiring_objects" 404 - "HEAD http://localhost/v1/.expiring_objects?format=json" "tx532e3e5098e243a282647-006a27ccba" "proxy-server 2" 0.0011 "-" 20 -
Jun 9 08:20:10 standalone object-expirer[123897]: Pass completed in 0s; 0 objects expired (txn: tx532e3e5098e243a282647-006a27ccba)
Jun 9 08:20:24 standalone container-server[123891]: Begin container update sweep
Jun 9 08:20:25 standalone container-server[123891]: Container update sweep completed: 0.55s
Jun 9 08:20:30 standalone account-server[123934]: 172.20.0.31 - - [09/Jun/2026:08:20:30 +0000] "HEAD /d1/2/AUTH_7fb4ee7e7d24459e925c75a31a564606" 404 - "HEAD http://swift-public-openstack.apps-crc.testing/v1/AUTH_7fb4ee7e7d24459e925c75a31a564606?format=json" "txbef274d5499e4f9797d41-006a27ccce" "proxy-server 9" 0.0008 "-" 19 -
Jun 9 08:20:30 standalone account-server[123934]: 172.20.0.31 - - [09/Jun/2026:08:20:30 +0000] "GET /d1/2/AUTH_7fb4ee7e7d24459e925c75a31a564606" 404 - "GET http://swift-public-openstack.apps-crc.testing/v1/AUTH_7fb4ee7e7d24459e925c75a31a564606?format=json" "txbef274d5499e4f9797d41-006a27ccce" "proxy-server 9" 0.0005 "-" 19 -
Jun 9 08:21:01 standalone account-server[123998]: 172.20.0.100 - - [09/Jun/2026:08:21:01 +0000] "HEAD /d1/75/.expiring_objects" 404 - "HEAD http://localhost/v1/.expiring_objects?format=json" "txcbe7099351a14f6288649-006a27cced" "proxy-server 2" 0.0017 "-" 23 -
Jun 9 08:21:01 standalone object-expirer[123897]: Pass completed in 0s; 0 objects expired (txn: txcbe7099351a14f6288649-006a27cced)
Jun 9 08:22:58 standalone object-server[124147]: Begin object update sweep
Jun 9 08:22:58 standalone object-server[281788]: Object update sweep starting on /srv/node/d1 (pid: 17)
Jun 9 08:22:58 standalone object-server[281788]: Object update sweep completed on /srv/node/d1 in 0.00s seconds:, 0 successes, 0 failures, 0 quarantines, 0 unlinks, 0 errors, 0 redirects (pid: 17)
Jun 9 08:22:58 standalone object-server[281788]: Object update sweep of d1 completed: 0.00s, 0 successes, 0 failures, 0 quarantines, 0 unlinks, 0 errors, 0 redirects
Jun 9 08:22:58 standalone object-server[124147]: Object update sweep completed: 0.15s
Jun 9 08:24:39 standalone account-server[123998]: 172.20.0.100 - - [09/Jun/2026:08:24:39 +0000] "HEAD /d1/75/.expiring_objects" 404 - "HEAD http://localhost/v1/.expiring_objects?format=json" "tx004677bc7bc2475786a5f-006a27cdc6" "proxy-server 2" 0.0006 "-" 23 -
Jun 9 08:24:39 standalone object-expirer[123897]: Pass completed in 0s; 0 objects expired (txn: tx004677bc7bc2475786a5f-006a27cdc6)
Jun 9 08:24:39 standalone account-server[123953]: 172.20.0.100 - - [09/Jun/2026:08:24:39 +0000] "HEAD /d1/75/.expiring_objects" 404 - "HEAD http://localhost/v1/.expiring_objects?format=json" "tx009c4613fc5e4e81a0f17-006a27cdc7" "proxy-server 2" 0.0006 "-" 21 -
Jun 9 08:24:39 standalone object-expirer[123897]: Pass completed in 0s; 0 objects expired (txn: tx009c4613fc5e4e81a0f17-006a27cdc7)
Jun 9 08:25:24 standalone container-server[123891]: Begin container update sweep
Jun 9 08:25:25 standalone container-server[123891]: Container update sweep completed: 0.76s
Jun 9 08:26:59 standalone account-server[123934]: 172.20.0.100 - - [09/Jun/2026:08:26:59 +0000] "HEAD /d1/75/.expiring_objects" 404 - "HEAD http://localhost/v1/.expiring_objects?format=json" "tx6c229b3042af40baabba0-006a27ce53" "proxy-server 2" 0.0014 "-" 19 -
Jun 9 08:26:59 standalone object-expirer[123897]: Pass completed in 0s; 0 objects expired (txn: tx6c229b3042af40baabba0-006a27ce53)
Jun 9 08:27:58 standalone object-server[124147]: Begin object update sweep
Jun 9 08:27:58 standalone object-server[302266]: Object update sweep starting on /srv/node/d1 (pid: 18)
Jun 9 08:27:58 standalone object-server[302266]: Object update sweep completed on /srv/node/d1 in 0.00s seconds:, 0 successes, 0 failures, 0 quarantines, 0 unlinks, 0 errors, 0 redirects (pid: 18)
Jun 9 08:27:58 standalone object-server[302266]: Object update sweep of d1 completed: 0.00s, 0 successes, 0 failures, 0 quarantines, 0 unlinks, 0 errors, 0 redirects
Jun 9 08:27:58 standalone object-server[124147]: Object update sweep completed: 0.10s
Jun 9 08:28:10 standalone account-server[123940]: 172.20.0.31 - - [09/Jun/2026:08:28:10 +0000] "HEAD /d1/517/AUTH_3202d40b869144cd8aaae1037e42e410" 204 - "HEAD http://swift-internal.openstack.svc:8080/v1/AUTH_3202d40b869144cd8aaae1037e42e410?format=json" "txb137cc50cdff4862bb7c9-006a27ce9a" "proxy-server 12" 0.0086 "-" 20 -
Jun 9 08:28:10 standalone container-server[124082]: 172.20.0.31 - - [09/Jun/2026:08:28:10 +0000] "HEAD /d1/137/AUTH_3202d40b869144cd8aaae1037e42e410/glance" 204 - "HEAD http://swift-internal.openstack.svc:8080/v1/AUTH_3202d40b869144cd8aaae1037e42e410/glance?format=json&states=listing" "txb137cc50cdff4862bb7c9-006a27ce9a" "proxy-server 12" 0.0030 "-" 17 0
Jun 9 08:28:12 standalone container-server[124082]: 172.20.0.100 - - [09/Jun/2026:08:28:12 +0000] "PUT /d1/137/AUTH_3202d40b869144cd8aaae1037e42e410/glance/00e2d8ef-6a85-48f7-bf68-b1025b888ed1-00001" 201 - "PUT http://swift-internal.openstack.svc:8080/d1/751/AUTH_3202d40b869144cd8aaae1037e42e410/glance/00e2d8ef-6a85-48f7-bf68-b1025b888ed1-00001" "tx7c13b1c6690044d4aaf52-006a27ce9a" "object-server 22" 0.0017 "-" 17 0
Jun 9 08:28:12 standalone object-server[124303]: 172.20.0.31 - - [09/Jun/2026:08:28:12 +0000] "PUT /d1/751/AUTH_3202d40b869144cd8aaae1037e42e410/glance/00e2d8ef-6a85-48f7-bf68-b1025b888ed1-00001" 201 - "PUT http://swift-internal.openstack.svc:8080/v1/AUTH_3202d40b869144cd8aaae1037e42e410/glance/00e2d8ef-6a85-48f7-bf68-b1025b888ed1-00001" "tx7c13b1c6690044d4aaf52-006a27ce9a" "proxy-server 12" 2.0534 "-" 22 0
Jun 9 08:28:14 standalone container-server[124082]: 172.20.0.100 - - [09/Jun/2026:08:28:14 +0000] "PUT /d1/137/AUTH_3202d40b869144cd8aaae1037e42e410/glance/00e2d8ef-6a85-48f7-bf68-b1025b888ed1-00002" 201 - "PUT http://swift-internal.openstack.svc:8080/d1/646/AUTH_3202d40b869144cd8aaae1037e42e410/glance/00e2d8ef-6a85-48f7-bf68-b1025b888ed1-00002" "txbfafe6ef969846b6a100d-006a27ce9c" "object-server 21" 0.0008 "-" 17 0
Jun 9 08:28:14 standalone object-server[124302]: 172.20.0.31 - - [09/Jun/2026:08:28:14 +0000] "PUT /d1/646/AUTH_3202d40b869144cd8aaae1037e42e410/glance/00e2d8ef-6a85-48f7-bf68-b1025b888ed1-00002" 201 - "PUT http://swift-internal.openstack.svc:8080/v1/AUTH_3202d40b869144cd8aaae1037e42e410/glance/00e2d8ef-6a85-48f7-bf68-b1025b888ed1-00002" "txbfafe6ef969846b6a100d-006a27ce9c" "proxy-server 12" 2.0302 "-" 21 0
Jun 9 08:28:16 standalone container-server[124075]: 172.20.0.100 - - [09/Jun/2026:08:28:16 +0000] "PUT /d1/137/AUTH_3202d40b869144cd8aaae1037e42e410/glance/00e2d8ef-6a85-48f7-bf68-b1025b888ed1-00003" 201 - "PUT http://swift-internal.openstack.svc:8080/d1/755/AUTH_3202d40b869144cd8aaae1037e42e410/glance/00e2d8ef-6a85-48f7-bf68-b1025b888ed1-00003" "txe51007c657384eeeb3532-006a27ce9e" "object-server 20" 0.0010 "-" 16 0
Jun 9 08:28:16 standalone object-server[124301]: 172.20.0.31 - - [09/Jun/2026:08:28:16 +0000] "PUT /d1/755/AUTH_3202d40b869144cd8aaae1037e42e410/glance/00e2d8ef-6a85-48f7-bf68-b1025b888ed1-00003" 201 - "PUT http://swift-internal.openstack.svc:8080/v1/AUTH_3202d40b869144cd8aaae1037e42e410/glance/00e2d8ef-6a85-48f7-bf68-b1025b888ed1-00003" "txe51007c657384eeeb3532-006a27ce9e" "proxy-server 12" 1.2803 "-" 20 0
Jun 9 08:28:16 standalone container-server[124082]: 172.20.0.100 - - [09/Jun/2026:08:28:16 +0000] "PUT /d1/137/AUTH_3202d40b869144cd8aaae1037e42e410/glance/00e2d8ef-6a85-48f7-bf68-b1025b888ed1" 201 - "PUT http://swift-internal.openstack.svc:8080/d1/879/AUTH_3202d40b869144cd8aaae1037e42e410/glance/00e2d8ef-6a85-48f7-bf68-b1025b888ed1" "txb941c78e708c4c2098bb9-006a27cea0" "object-server 22" 0.0010 "-" 17 0
Jun 9 08:28:16 standalone object-server[124303]: 172.20.0.31 - - [09/Jun/2026:08:28:16 +0000] "PUT /d1/879/AUTH_3202d40b869144cd8aaae1037e42e410/glance/00e2d8ef-6a85-48f7-bf68-b1025b888ed1" 201 - "PUT http://swift-internal.openstack.svc:8080/v1/AUTH_3202d40b869144cd8aaae1037e42e410/glance/00e2d8ef-6a85-48f7-bf68-b1025b888ed1" "txb941c78e708c4c2098bb9-006a27cea0" "proxy-server 12" 0.0133 "-" 22 0
Jun 9 08:30:02 standalone account-server[123940]: 172.20.0.100 - - [09/Jun/2026:08:30:02 +0000] "HEAD /d1/75/.expiring_objects" 404 - "HEAD http://localhost/v1/.expiring_objects?format=json" "tx7caa6a03f9e94b239bc97-006a27cf0a" "proxy-server 2" 0.0006 "-" 20 -
Jun 9 08:30:02 standalone object-expirer[123897]: Pass completed in 0s; 0 objects expired (txn: tx7caa6a03f9e94b239bc97-006a27cf0a)
Jun 9 08:30:24 standalone container-server[123891]: Begin container update sweep
Jun 9 08:30:24 standalone account-server[123998]: 172.20.0.100 - - [09/Jun/2026:08:30:24 +0000] "PUT /d1/517/AUTH_3202d40b869144cd8aaae1037e42e410/glance" 201 - "-" "-" "container-updater 2" 0.0013 "-" 23 0
Jun 9 08:30:25 standalone container-server[123891]: Container update sweep completed: 0.62s
Jun 9 08:32:36 standalone account-server[123998]: 172.20.0.100 - - [09/Jun/2026:08:32:36 +0000] "HEAD /d1/75/.expiring_objects" 404 - "HEAD http://localhost/v1/.expiring_objects?format=json" "tx6c3666829bad484d9cc4f-006a27cfa4" "proxy-server 2" 0.0010 "-" 23 -
Jun 9 08:32:36 standalone object-expirer[123897]: Pass completed in 0s; 0 objects expired (txn: tx6c3666829bad484d9cc4f-006a27cfa4)
Jun 9 08:32:58 standalone object-server[124147]: Begin object update sweep
Jun 9 08:32:58 standalone object-server[322982]: Object update sweep starting on /srv/node/d1 (pid: 19)
Jun 9 08:32:58 standalone object-server[322982]: Object update sweep completed on /srv/node/d1 in 0.00s seconds:, 0 successes, 0 failures, 0 quarantines, 0 unlinks, 0 errors, 0 redirects (pid: 19)
Jun 9 08:32:58 standalone object-server[322982]: Object update sweep of d1 completed: 0.00s, 0 successes, 0 failures, 0 quarantines, 0 unlinks, 0 errors, 0 redirects
Jun 9 08:32:58 standalone object-server[124147]: Object update sweep completed: 0.08s
Jun 9 08:33:33 standalone account-server[123998]: 172.20.0.31 - - [09/Jun/2026:08:33:33 +0000] "HEAD /d1/2/AUTH_7fb4ee7e7d24459e925c75a31a564606" 404 - "HEAD http://swift-internal.openstack.svc:8080/v1/AUTH_7fb4ee7e7d24459e925c75a31a564606?format=json" "tx9613fb21dc26400483abd-006a27cfdd" "proxy-server 9" 0.0009 "-" 23 -
Jun 9 08:33:34 standalone account-server[123940]: 172.20.0.31 - - [09/Jun/2026:08:33:34 +0000] "HEAD /d1/2/AUTH_7fb4ee7e7d24459e925c75a31a564606" 404 - "HEAD http://swift-internal.openstack.svc:8080/v1/AUTH_7fb4ee7e7d24459e925c75a31a564606?format=json" "tx9613fb21dc26400483abd-006a27cfdd" "proxy-server 9" 0.0006 "-" 20 -
Jun 9 08:33:34 standalone account-server[123998]: 172.20.0.31 - - [09/Jun/2026:08:33:34 +0000] "HEAD /d1/517/AUTH_3202d40b869144cd8aaae1037e42e410" 204 - "HEAD http://swift-internal.openstack.svc:8080/v1/AUTH_3202d40b869144cd8aaae1037e42e410?format=json" "tx01806e8b8d4d420c92acf-006a27cfde" "proxy-server 11" 0.0115 "-" 23 -
Jun 9 08:33:34 standalone account-server[123934]: 172.20.0.31 - - [09/Jun/2026:08:33:34 +0000] "HEAD /d1/517/AUTH_3202d40b869144cd8aaae1037e42e410" 204 - "HEAD http://swift-internal.openstack.svc:8080/v1/AUTH_3202d40b869144cd8aaae1037e42e410?format=json" "tx01806e8b8d4d420c92acf-006a27cfde" "proxy-server 11" 0.0022 "-" 19 -
Jun 9 08:33:38 standalone account-server[123934]: 172.20.0.31 - - [09/Jun/2026:08:33:38 +0000] "GET /d1/2/AUTH_7fb4ee7e7d24459e925c75a31a564606" 404 - "GET http://swift-internal.openstack.svc:8080/v1/AUTH_7fb4ee7e7d24459e925c75a31a564606?format=json" "tx791d98cf6e5949ac8d304-006a27cfe2" "proxy-server 11" 0.0004 "-" 19 -
Jun 9 08:33:39 standalone account-server[123934]: 172.20.0.31 - - [09/Jun/2026:08:33:39 +0000] "GET /d1/517/AUTH_3202d40b869144cd8aaae1037e42e410" 200 1140 "GET http://swift-internal.openstack.svc:8080/v1/AUTH_3202d40b869144cd8aaae1037e42e410?format=json" "txa3090cbbe72c4a9f8a404-006a27cfe2" "proxy-server 10" 0.0017 "-" 19 -
Jun 9 08:34:01 standalone account-server[123953]: 172.20.0.31 - - [09/Jun/2026:08:34:01 +0000] "HEAD /d1/2/AUTH_7fb4ee7e7d24459e925c75a31a564606" 404 - "HEAD http://swift-internal.openstack.svc:8080/v1/AUTH_7fb4ee7e7d24459e925c75a31a564606?format=json" "tx79070348b3b549c59702d-006a27cff8" "proxy-server 7" 0.0007 "-" 21 -
Jun 9 08:34:01 standalone account-server[123940]: 172.20.0.31 - - [09/Jun/2026:08:34:01 +0000] "HEAD /d1/517/AUTH_3202d40b869144cd8aaae1037e42e410" 204 - "HEAD http://swift-internal.openstack.svc:8080/v1/AUTH_3202d40b869144cd8aaae1037e42e410?format=json" "tx6282271a0d554c14b1463-006a27cff9" "proxy-server 7" 0.0025 "-" 20 -
Jun 9 08:34:01 standalone account-server[123934]: 172.20.0.31 - - [09/Jun/2026:08:34:01 +0000] "GET /d1/2/AUTH_7fb4ee7e7d24459e925c75a31a564606" 404 - "GET http://swift-internal.openstack.svc:8080/v1/AUTH_7fb4ee7e7d24459e925c75a31a564606?format=json" "txfd6fce20db7a4784b9744-006a27cff9" "proxy-server 9" 0.0009 "-" 19 -
