Jun 14 07:55:13 standalone account-server[114147]: Starting 2
Jun 14 07:55:14 standalone account-server[114481]: Started child 20 from parent 2
Jun 14 07:55:14 standalone account-server[114481]: Started child 21 from parent 2
Jun 14 07:55:14 standalone account-server[114481]: Started child 22 from parent 2
Jun 14 07:55:14 standalone account-server[114481]: Started child 23 from parent 2
Jun 14 07:55:14 standalone container-server[114547]: Starting 2
Jun 14 07:55:15 standalone container-server[114492]: Option allow_versions is deprecated. Configure the versioned_writes middleware in the proxy-server instead. This option will be ignored in a future release.
Jun 14 07:55:15 standalone container-server[114723]: Option allow_versions is deprecated. Configure the versioned_writes middleware in the proxy-server instead. This option will be ignored in a future release.
Jun 14 07:55:15 standalone container-server[114492]: Started child 20 from parent 2
Jun 14 07:55:15 standalone container-server[114738]: Option allow_versions is deprecated. Configure the versioned_writes middleware in the proxy-server instead. This option will be ignored in a future release.
Jun 14 07:55:15 standalone container-server[114492]: Started child 21 from parent 2
Jun 14 07:55:15 standalone container-server[114746]: Option allow_versions is deprecated. Configure the versioned_writes middleware in the proxy-server instead. This option will be ignored in a future release.
Jun 14 07:55:15 standalone container-server[114492]: Started child 22 from parent 2
Jun 14 07:55:15 standalone container-server[114752]: Option allow_versions is deprecated. Configure the versioned_writes middleware in the proxy-server instead. This option will be ignored in a future release.
Jun 14 07:55:15 standalone container-server[114492]: Started child 23 from parent 2
Jun 14 07:55:15 standalone object-expirer[114572]: Starting 2
Jun 14 07:55:15 standalone object-expirer[114572]: Option auto_create_account_prefix is deprecated. Configure auto_create_account_prefix under the swift-constraints section of swift.conf. This option will be ignored in a future release.
Jun 14 07:55:15 standalone object-server[114807]: Started child 22 from parent 2
Jun 14 07:55:15 standalone object-server[114807]: Started child 23 from parent 2
Jun 14 07:55:15 standalone object-server[114807]: Started child 24 from parent 2
Jun 14 07:55:15 standalone object-server[114807]: Started child 25 from parent 2
Jun 14 07:55:16 standalone object-server[114903]: Starting 2
Jun 14 07:55:21 standalone proxy-server[116212]: Starting Keystone auth_token middleware
Jun 14 07:55:21 standalone proxy-server[116212]: AuthToken middleware is set with keystone_authtoken.service_token_roles_required set to False. This is backwards compatible but deprecated behaviour. Please set this to True.
Jun 14 07:55:21 standalone proxy-server[116372]: Starting Keystone auth_token middleware
Jun 14 07:55:21 standalone proxy-server[116372]: STDERR: The option "bind_port" is not known to keystonemiddleware
Jun 14 07:55:21 standalone proxy-server[116372]: STDERR: The option "workers" is not known to keystonemiddleware
Jun 14 07:55:21 standalone proxy-server[116372]: STDERR: The option "user" is not known to keystonemiddleware
Jun 14 07:55:21 standalone proxy-server[116372]: STDERR: The option "bind_ip" is not known to keystonemiddleware
Jun 14 07:55:21 standalone proxy-server[116372]: STDERR: The option "log_name" is not known to keystonemiddleware
Jun 14 07:55:21 standalone proxy-server[116372]: STDERR: The option "log_facility" is not known to keystonemiddleware
Jun 14 07:55:21 standalone proxy-server[116372]: STDERR: The option "log_level" is not known to keystonemiddleware
Jun 14 07:55:21 standalone proxy-server[116372]: STDERR: The option "log_headers" is not known to keystonemiddleware
Jun 14 07:55:21 standalone proxy-server[116372]: STDERR: The option "log_address" is not known to keystonemiddleware
Jun 14 07:55:21 standalone proxy-server[116372]: STDERR: The option "project_name" is not known to keystonemiddleware
Jun 14 07:55:21 standalone proxy-server[116372]: STDERR: The option "username" is not known to keystonemiddleware
Jun 14 07:55:21 standalone proxy-server[116372]: STDERR: The option "password" is not known to keystonemiddleware
Jun 14 07:55:21 standalone proxy-server[116372]: STDERR: The option "auth_url" is not known to keystonemiddleware
Jun 14 07:55:21 standalone proxy-server[116372]: STDERR: The option "signing_dir" is not known to keystonemiddleware
Jun 14 07:55:21 standalone proxy-server[116372]: STDERR: The option "project_domain_id" is not known to keystonemiddleware
Jun 14 07:55:21 standalone proxy-server[116372]: STDERR: The option "user_domain_id" is not known to keystonemiddleware
Jun 14 07:55:21 standalone proxy-server[116372]: STDERR: The option "__name__" is not known to keystonemiddleware
Jun 14 07:55:21 standalone proxy-server[116372]: AuthToken middleware is set with keystone_authtoken.service_token_roles_required set to False. This is backwards compatible but deprecated behaviour. Please set this to True.
Jun 14 07:55:21 standalone proxy-server[116212]: Started child 21 from parent 2
Jun 14 07:56:04 standalone container-server[114547]: Begin container update sweep
Jun 14 07:56:04 standalone container-server[114547]: Container update sweep completed: 0.00s
Jun 14 07:56:28 standalone account-server[114686]: 172.20.0.100 - - [14/Jun/2026:07:56:28 +0000] "HEAD /d1/996/.expiring_objects" 404 - "HEAD http://localhost/v1/.expiring_objects?format=json" "tx7699e35134bf4be68efc5-006a2e5eac" "proxy-server 2" 0.0015 "-" 23 -
Jun 14 07:56:28 standalone object-expirer[114572]: Pass completed in 0s; 0 objects expired (txn: tx7699e35134bf4be68efc5-006a2e5eac)
Jun 14 07:57:06 standalone object-server[114903]: Begin object update sweep
Jun 14 07:57:06 standalone object-server[127832]: Object update sweep starting on /srv/node/d1 (pid: 11)
Jun 14 07:57:06 standalone object-server[127832]: Object update sweep completed on /srv/node/d1 in 0.00s seconds:, 0 successes, 0 failures, 0 quarantines, 0 unlinks, 0 errors, 0 redirects (pid: 11)
Jun 14 07:57:06 standalone object-server[127832]: Object update sweep of d1 completed: 0.00s, 0 successes, 0 failures, 0 quarantines, 0 unlinks, 0 errors, 0 redirects
Jun 14 07:57:06 standalone object-server[114903]: Object update sweep completed: 0.07s
Jun 14 08:00:51 standalone account-server[114680]: 172.20.0.100 - - [14/Jun/2026:08:00:51 +0000] "HEAD /d1/996/.expiring_objects" 404 - "HEAD http://localhost/v1/.expiring_objects?format=json" "tx72a07fb059b6409a87df7-006a2e5fb3" "proxy-server 2" 0.0010 "-" 22 -
Jun 14 08:00:51 standalone object-expirer[114572]: Pass completed in 0s; 0 objects expired (txn: tx72a07fb059b6409a87df7-006a2e5fb3)
Jun 14 08:01:04 standalone container-server[114547]: Begin container update sweep
Jun 14 08:01:04 standalone container-server[114547]: Container update sweep completed: 0.00s
Jun 14 08:01:18 standalone proxy-server[116372]: 172.21.0.2 ::1 14/Jun/2026/08/01/18 GET /info HTTP/1.0 200 - python-urllib3/1.26.5 gAAAAABqLl_KoeUr... - 1671 - txf8019a6686f547f5b03b1-006a2e5fcd - 0.4619 - - 1781424077.562782049 1781424078.024718046 -
Jun 14 08:01:22 standalone account-server[114686]: 172.20.0.100 - - [14/Jun/2026:08:01:22 +0000] "HEAD /d1/29/AUTH_5d976b51130e463aa45498b891c4c295" 404 - "HEAD http://localhost:8080/v1/AUTH_5d976b51130e463aa45498b891c4c295?format=json" "tx4c5c5d3c72534d29a5e9f-006a2e5fd2" "proxy-server 21" 0.0004 "-" 23 -
Jun 14 08:01:22 standalone proxy-server[116372]: - - 14/Jun/2026/08/01/22 HEAD /v1/AUTH_5d976b51130e463aa45498b891c4c295%3Fformat%3Djson HTTP/1.0 200 - Swift - - - - tx4c5c5d3c72534d29a5e9f-006a2e5fd2 - 0.0049 RL - 1781424082.828338861 1781424082.833271980 -
Jun 14 08:01:22 standalone proxy-server[116372]: 172.18.0.2 ::1 14/Jun/2026/08/01/22 HEAD /v1/AUTH_5d976b51130e463aa45498b891c4c295/glance%3Fformat%3Djson HTTP/1.0 404 - python-swiftclient-3.11.1 gAAAAABqLl_S_Mmb... - - - tx4c5c5d3c72534d29a5e9f-006a2e5fd2 - 0.0966 - - 1781424082.821043253 1781424082.917624235 -
Jun 14 08:01:22 standalone account-server[114680]: 172.20.0.100 - - [14/Jun/2026:08:01:22 +0000] "PUT /d1/29/AUTH_5d976b51130e463aa45498b891c4c295" 201 - "-" "txb9ec5a14c39e43d6b6d3f-006a2e5fd2" "-" 0.0191 "-" 22 -
Jun 14 08:01:22 standalone proxy-server[116372]: autocreate account '/AUTH_5d976b51130e463aa45498b891c4c295' (txn: txb9ec5a14c39e43d6b6d3f-006a2e5fd2)
Jun 14 08:01:22 standalone account-server[114677]: 172.20.0.100 - - [14/Jun/2026:08:01:22 +0000] "HEAD /d1/29/AUTH_5d976b51130e463aa45498b891c4c295" 204 - "HEAD http://localhost:8080/v1/AUTH_5d976b51130e463aa45498b891c4c295?format=json" "txb9ec5a14c39e43d6b6d3f-006a2e5fd2" "proxy-server 21" 0.0030 "-" 21 -
Jun 14 08:01:22 standalone account-server[114667]: 172.20.0.100 - - [14/Jun/2026:08:01:22 +0000] "PUT /d1/29/AUTH_5d976b51130e463aa45498b891c4c295/glance" 201 - "PUT http://172.20.0.100:6001/d1/744/AUTH_5d976b51130e463aa45498b891c4c295/glance" "txb9ec5a14c39e43d6b6d3f-006a2e5fd2" "container-server 20" 0.0017 "-" 20 0
Jun 14 08:01:22 standalone container-server[114723]: 172.20.0.100 - - [14/Jun/2026:08:01:22 +0000] "PUT /d1/744/AUTH_5d976b51130e463aa45498b891c4c295/glance" 201 - "PUT http://localhost:8080/v1/AUTH_5d976b51130e463aa45498b891c4c295/glance" "txb9ec5a14c39e43d6b6d3f-006a2e5fd2" "proxy-server 21" 0.0246 "-" 20 0
Jun 14 08:01:22 standalone proxy-server[116372]: 172.18.0.2 ::1 14/Jun/2026/08/01/22 PUT /v1/AUTH_5d976b51130e463aa45498b891c4c295/glance HTTP/1.0 201 - python-swiftclient-3.11.1 gAAAAABqLl_S_Mmb... - - - txb9ec5a14c39e43d6b6d3f-006a2e5fd2 - 0.0588 - - 1781424082.922311068 1781424082.981125116 0
Jun 14 08:01:22 standalone container-server[114723]: 172.20.0.100 - - [14/Jun/2026:08:01:22 +0000] "HEAD /d1/744/AUTH_5d976b51130e463aa45498b891c4c295/glance" 204 - "HEAD http://localhost:8080/v1/AUTH_5d976b51130e463aa45498b891c4c295/glance?format=json&states=listing" "tx5d5e518b1765496d81678-006a2e5fd2" "proxy-server 21" 0.0019 "-" 20 0
Jun 14 08:01:22 standalone proxy-server[116372]: - - 14/Jun/2026/08/01/22 HEAD /v1/AUTH_5d976b51130e463aa45498b891c4c295/glance%3Fformat%3Djson%26states%3Dlisting HTTP/1.0 204 - Swift - - - - tx5d5e518b1765496d81678-006a2e5fd2 - 0.0067 RL - 1781424082.992616653 1781424082.999364376 0
Jun 14 08:01:23 standalone container-server[114752]: 172.20.0.100 - - [14/Jun/2026:08:01:23 +0000] "PUT /d1/744/AUTH_5d976b51130e463aa45498b891c4c295/glance/65955ba9-6882-4e0d-b922-ed5021191637-00001" 201 - "PUT http://localhost:8080/d1/220/AUTH_5d976b51130e463aa45498b891c4c295/glance/65955ba9-6882-4e0d-b922-ed5021191637-00001" "tx5d5e518b1765496d81678-006a2e5fd2" "object-server 23" 0.0010 "-" 23 0
Jun 14 08:01:23 standalone object-server[114936]: 172.20.0.100 - - [14/Jun/2026:08:01:23 +0000] "PUT /d1/220/AUTH_5d976b51130e463aa45498b891c4c295/glance/65955ba9-6882-4e0d-b922-ed5021191637-00001" 201 - "PUT http://localhost:8080/v1/AUTH_5d976b51130e463aa45498b891c4c295/glance/65955ba9-6882-4e0d-b922-ed5021191637-00001" "tx5d5e518b1765496d81678-006a2e5fd2" "proxy-server 21" 0.2088 "-" 23 0
Jun 14 08:01:23 standalone proxy-server[116372]: 172.18.0.2 ::1 14/Jun/2026/08/01/23 PUT /v1/AUTH_5d976b51130e463aa45498b891c4c295/glance/65955ba9-6882-4e0d-b922-ed5021191637-00001 HTTP/1.0 201 - python-swiftclient-3.11.1 gAAAAABqLl_S_Mmb... 16300544 - - tx5d5e518b1765496d81678-006a2e5fd2 - 0.2228 - - 1781424082.991574526 1781424083.214342594 0
Jun 14 08:01:23 standalone container-server[114738]: 172.20.0.100 - - [14/Jun/2026:08:01:23 +0000] "PUT /d1/744/AUTH_5d976b51130e463aa45498b891c4c295/glance/65955ba9-6882-4e0d-b922-ed5021191637" 201 - "PUT http://localhost:8080/d1/556/AUTH_5d976b51130e463aa45498b891c4c295/glance/65955ba9-6882-4e0d-b922-ed5021191637" "txfac3aa3764ca4ccc8d85d-006a2e5fd3" "object-server 22" 0.0015 "-" 21 0
Jun 14 08:01:23 standalone object-server[114933]: 172.20.0.100 - - [14/Jun/2026:08:01:23 +0000] "PUT /d1/556/AUTH_5d976b51130e463aa45498b891c4c295/glance/65955ba9-6882-4e0d-b922-ed5021191637" 201 - "PUT http://localhost:8080/v1/AUTH_5d976b51130e463aa45498b891c4c295/glance/65955ba9-6882-4e0d-b922-ed5021191637" "txfac3aa3764ca4ccc8d85d-006a2e5fd3" "proxy-server 21" 0.0282 "-" 22 0
Jun 14 08:01:23 standalone proxy-server[116372]: 172.18.0.2 ::1 14/Jun/2026/08/01/23 PUT /v1/AUTH_5d976b51130e463aa45498b891c4c295/glance/65955ba9-6882-4e0d-b922-ed5021191637 HTTP/1.0 201 - python-swiftclient-3.11.1 gAAAAABqLl_S_Mmb... - - - txfac3aa3764ca4ccc8d85d-006a2e5fd3 - 0.0374 - - 1781424083.218938112 1781424083.256340742 0
Jun 14 08:01:23 standalone container-server[114752]: 172.20.0.100 - - [14/Jun/2026:08:01:23 +0000] "HEAD /d1/744/AUTH_5d976b51130e463aa45498b891c4c295/glance" 204 - "HEAD http://localhost:8080/v1/AUTH_5d976b51130e463aa45498b891c4c295/glance?format=json&states=listing" "txf1d10de8c33248fca25c4-006a2e5fd3" "proxy-server 21" 0.0202 "-" 23 0
Jun 14 08:01:23 standalone proxy-server[116372]: 172.18.0.2 ::1 14/Jun/2026/08/01/23 HEAD /v1/AUTH_5d976b51130e463aa45498b891c4c295/glance%3Fformat%3Djson%26states%3Dlisting HTTP/1.0 204 - python-swiftclient-3.11.1 gAAAAABqLl_TB7uX... - - - txf1d10de8c33248fca25c4-006a2e5fd3 - 0.0840 - - 1781424083.860794783 1781424083.944835424 0
Jun 14 08:01:24 standalone container-server[114746]: 172.20.0.100 - - [14/Jun/2026:08:01:24 +0000] "PUT /d1/744/AUTH_5d976b51130e463aa45498b891c4c295/glance/a1a30f62-96cb-41ae-add9-c5a7de266826-00001" 201 - "PUT http://localhost:8080/d1/25/AUTH_5d976b51130e463aa45498b891c4c295/glance/a1a30f62-96cb-41ae-add9-c5a7de266826-00001" "txca19d92033804a4e93a60-006a2e5fd3" "object-server 22" 0.0010 "-" 22 0
Jun 14 08:01:24 standalone object-server[114933]: 172.20.0.100 - - [14/Jun/2026:08:01:24 +0000] "PUT /d1/25/AUTH_5d976b51130e463aa45498b891c4c295/glance/a1a30f62-96cb-41ae-add9-c5a7de266826-00001" 201 - "PUT http://localhost:8080/v1/AUTH_5d976b51130e463aa45498b891c4c295/glance/a1a30f62-96cb-41ae-add9-c5a7de266826-00001" "txca19d92033804a4e93a60-006a2e5fd3" "proxy-server 21" 0.1763 "-" 22 0
Jun 14 08:01:24 standalone proxy-server[116372]: 172.18.0.2 ::1 14/Jun/2026/08/01/24 PUT /v1/AUTH_5d976b51130e463aa45498b891c4c295/glance/a1a30f62-96cb-41ae-add9-c5a7de266826-00001 HTTP/1.0 201 - python-swiftclient-3.11.1 gAAAAABqLl_TB7uX... 16300544 - - txca19d92033804a4e93a60-006a2e5fd3 - 0.1857 - - 1781424083.952763319 1781424084.138413429 0
Jun 14 08:01:24 standalone container-server[114723]: 172.20.0.100 - - [14/Jun/2026:08:01:24 +0000] "PUT /d1/744/AUTH_5d976b51130e463aa45498b891c4c295/glance/a1a30f62-96cb-41ae-add9-c5a7de266826" 201 - "PUT http://localhost:8080/d1/310/AUTH_5d976b51130e463aa45498b891c4c295/glance/a1a30f62-96cb-41ae-add9-c5a7de266826" "tx33d3782ecc4444f6a68c3-006a2e5fd4" "object-server 25" 0.0005 "-" 20 0
Jun 14 08:01:24 standalone object-server[114939]: 172.20.0.100 - - [14/Jun/2026:08:01:24 +0000] "PUT /d1/310/AUTH_5d976b51130e463aa45498b891c4c295/glance/a1a30f62-96cb-41ae-add9-c5a7de266826" 201 - "PUT http://localhost:8080/v1/AUTH_5d976b51130e463aa45498b891c4c295/glance/a1a30f62-96cb-41ae-add9-c5a7de266826" "tx33d3782ecc4444f6a68c3-006a2e5fd4" "proxy-server 21" 0.0176 "-" 25 0
Jun 14 08:01:24 standalone proxy-server[116372]: 172.18.0.2 ::1 14/Jun/2026/08/01/24 PUT /v1/AUTH_5d976b51130e463aa45498b891c4c295/glance/a1a30f62-96cb-41ae-add9-c5a7de266826 HTTP/1.0 201 - python-swiftclient-3.11.1 gAAAAABqLl_TB7uX... - - - tx33d3782ecc4444f6a68c3-006a2e5fd4 - 0.0228 - - 1781424084.142214298 1781424084.164987803 0
Jun 14 08:02:06 standalone object-server[114903]: Begin object update sweep
Jun 14 08:02:06 standalone object-server[156536]: Object update sweep starting on /srv/node/d1 (pid: 13)
Jun 14 08:02:06 standalone object-server[156536]: Object update sweep completed on /srv/node/d1 in 0.00s seconds:, 0 successes, 0 failures, 0 quarantines, 0 unlinks, 0 errors, 0 redirects (pid: 13)
Jun 14 08:02:06 standalone object-server[156536]: Object update sweep of d1 completed: 0.00s, 0 successes, 0 failures, 0 quarantines, 0 unlinks, 0 errors, 0 redirects
Jun 14 08:02:06 standalone object-server[114903]: Object update sweep completed: 0.07s
Jun 14 08:03:16 standalone account-server[114686]: 172.20.0.100 - - [14/Jun/2026:08:03:16 +0000] "HEAD /d1/996/.expiring_objects" 404 - "HEAD http://localhost/v1/.expiring_objects?format=json" "tx2da814773fdc4225b0a8d-006a2e6044" "proxy-server 2" 0.0006 "-" 23 -
Jun 14 08:03:16 standalone object-expirer[114572]: Pass completed in 0s; 0 objects expired (txn: tx2da814773fdc4225b0a8d-006a2e6044)
Jun 14 08:05:05 standalone account-server[114667]: 172.20.0.100 - - [14/Jun/2026:08:05:05 +0000] "HEAD /d1/996/.expiring_objects" 404 - "HEAD http://localhost/v1/.expiring_objects?format=json" "txadbe4a2d4e354d838e734-006a2e60b1" "proxy-server 2" 0.0008 "-" 20 -
Jun 14 08:05:05 standalone object-expirer[114572]: Pass completed in 0s; 0 objects expired (txn: txadbe4a2d4e354d838e734-006a2e60b1)
Jun 14 08:06:04 standalone container-server[114547]: Begin container update sweep
Jun 14 08:06:04 standalone account-server[114677]: 172.20.0.100 - - [14/Jun/2026:08:06:04 +0000] "PUT /d1/29/AUTH_5d976b51130e463aa45498b891c4c295/glance" 201 - "-" "-" "container-updater 2" 0.0013 "-" 21 0
Jun 14 08:06:04 standalone container-server[114547]: Container update sweep completed: 0.12s
Jun 14 08:06:12 standalone account-server[114677]: 172.20.0.100 - - [14/Jun/2026:08:06:12 +0000] "HEAD /d1/996/.expiring_objects" 404 - "HEAD http://localhost/v1/.expiring_objects?format=json" "tx2be69088ddda444ca7e45-006a2e60f4" "proxy-server 2" 0.0006 "-" 21 -
Jun 14 08:06:12 standalone object-expirer[114572]: Pass completed in 0s; 0 objects expired (txn: tx2be69088ddda444ca7e45-006a2e60f4)
Jun 14 08:06:14 standalone account-server[114677]: 172.20.0.100 - - [14/Jun/2026:08:06:14 +0000] "HEAD /d1/29/AUTH_5d976b51130e463aa45498b891c4c295" 204 - "HEAD http://localhost:8080/v1/AUTH_5d976b51130e463aa45498b891c4c295?format=json" "txba36cf3b9cdc482e81765-006a2e60f6" "proxy-server 21" 0.0074 "-" 21 -
Jun 14 08:06:14 standalone proxy-server[116372]: - - 14/Jun/2026/08/06/14 HEAD /v1/AUTH_5d976b51130e463aa45498b891c4c295%3Fformat%3Djson HTTP/1.0 204 - Swift - - - - txba36cf3b9cdc482e81765-006a2e60f6 - 0.0110 RL - 1781424374.380872726 1781424374.391838551 -
Jun 14 08:06:14 standalone container-server[114723]: 172.20.0.100 - - [14/Jun/2026:08:06:14 +0000] "HEAD /d1/744/AUTH_5d976b51130e463aa45498b891c4c295/glance" 204 - "HEAD http://localhost:8080/v1/AUTH_5d976b51130e463aa45498b891c4c295/glance?format=json&states=listing" "txba36cf3b9cdc482e81765-006a2e60f6" "proxy-server 21" 0.0023 "-" 20 0
Jun 14 08:06:14 standalone proxy-server[116372]: 172.18.0.2 ::1 14/Jun/2026/08/06/14 HEAD /v1/AUTH_5d976b51130e463aa45498b891c4c295/glance%3Fformat%3Djson%26states%3Dlisting HTTP/1.0 204 - python-swiftclient-3.11.1 gAAAAABqLmD222u_... - - - txba36cf3b9cdc482e81765-006a2e60f6 - 0.1839 - - 1781424374.380123138 1781424374.564038515 0
Jun 14 08:06:17 standalone container-server[114738]: 172.20.0.100 - - [14/Jun/2026:08:06:17 +0000] "PUT /d1/744/AUTH_5d976b51130e463aa45498b891c4c295/glance/5af1c2a4-53fe-480d-8104-418cd64bec4d-00001" 201 - "PUT http://localhost:8080/d1/881/AUTH_5d976b51130e463aa45498b891c4c295/glance/5af1c2a4-53fe-480d-8104-418cd64bec4d-00001" "tx14abd2ec0aba42c1a3d3b-006a2e60f6" "object-server 22" 0.0008 "-" 21 0
Jun 14 08:06:17 standalone object-server[114933]: 172.20.0.100 - - [14/Jun/2026:08:06:17 +0000] "PUT /d1/881/AUTH_5d976b51130e463aa45498b891c4c295/glance/5af1c2a4-53fe-480d-8104-418cd64bec4d-00001" 201 - "PUT http://localhost:8080/v1/AUTH_5d976b51130e463aa45498b891c4c295/glance/5af1c2a4-53fe-480d-8104-418cd64bec4d-00001" "tx14abd2ec0aba42c1a3d3b-006a2e60f6" "proxy-server 21" 2.9348 "-" 22 0
Jun 14 08:06:17 standalone proxy-server[116372]: 172.18.0.2 ::1 14/Jun/2026/08/06/17 PUT /v1/AUTH_5d976b51130e463aa45498b891c4c295/glance/5af1c2a4-53fe-480d-8104-418cd64bec4d-00001 HTTP/1.0 201 - python-swiftclient-3.11.1 gAAAAABqLmD222u_... 21692416 - - tx14abd2ec0aba42c1a3d3b-006a2e60f6 - 2.9410 - - 1781424374.571471930 1781424377.512507200 0
Jun 14 08:06:17 standalone container-server[114746]: 172.20.0.100 - - [14/Jun/2026:08:06:17 +0000] "PUT /d1/744/AUTH_5d976b51130e463aa45498b891c4c295/glance/5af1c2a4-53fe-480d-8104-418cd64bec4d" 201 - "PUT http://localhost:8080/d1/600/AUTH_5d976b51130e463aa45498b891c4c295/glance/5af1c2a4-53fe-480d-8104-418cd64bec4d" "txcafe1c9823af40b4b7414-006a2e60f9" "object-server 24" 0.0008 "-" 22 0
Jun 14 08:06:17 standalone object-server[114937]: 172.20.0.100 - - [14/Jun/2026:08:06:17 +0000] "PUT /d1/600/AUTH_5d976b51130e463aa45498b891c4c295/glance/5af1c2a4-53fe-480d-8104-418cd64bec4d" 201 - "PUT http://localhost:8080/v1/AUTH_5d976b51130e463aa45498b891c4c295/glance/5af1c2a4-53fe-480d-8104-418cd64bec4d" "txcafe1c9823af40b4b7414-006a2e60f9" "proxy-server 21" 0.0220 "-" 24 0
Jun 14 08:06:17 standalone proxy-server[116372]: 172.18.0.2 ::1 14/Jun/2026/08/06/17 PUT /v1/AUTH_5d976b51130e463aa45498b891c4c295/glance/5af1c2a4-53fe-480d-8104-418cd64bec4d HTTP/1.0 201 - python-swiftclient-3.11.1 gAAAAABqLmD222u_... - - - txcafe1c9823af40b4b7414-006a2e60f9 - 0.0306 - - 1781424377.517221451 1781424377.547870398 0
Jun 14 08:07:06 standalone object-server[114903]: Begin object update sweep
Jun 14 08:07:06 standalone object-server[182074]: Object update sweep starting on /srv/node/d1 (pid: 14)
Jun 14 08:07:06 standalone object-server[182074]: Object update sweep completed on /srv/node/d1 in 0.00s seconds:, 0 successes, 0 failures, 0 quarantines, 0 unlinks, 0 errors, 0 redirects (pid: 14)
Jun 14 08:07:06 standalone object-server[182074]: Object update sweep of d1 completed: 0.00s, 0 successes, 0 failures, 0 quarantines, 0 unlinks, 0 errors, 0 redirects
Jun 14 08:07:06 standalone object-server[114903]: Object update sweep completed: 0.08s
Jun 14 08:07:19 standalone account-server[114686]: 172.20.0.100 - - [14/Jun/2026:08:07:19 +0000] "HEAD /d1/29/AUTH_5d976b51130e463aa45498b891c4c295" 204 - "HEAD http://localhost:8080/v1/AUTH_5d976b51130e463aa45498b891c4c295?format=json" "tx5a709975c08f408e87161-006a2e6137" "proxy-server 21" 0.0031 "-" 23 -
Jun 14 08:07:19 standalone proxy-server[116372]: - - 14/Jun/2026/08/07/19 HEAD /v1/AUTH_5d976b51130e463aa45498b891c4c295%3Fformat%3Djson HTTP/1.0 204 - Swift - - - - tx5a709975c08f408e87161-006a2e6137 - 0.0080 RL - 1781424439.954731464 1781424439.962774992 -
Jun 14 08:07:20 standalone container-server[114752]: 172.20.0.100 - - [14/Jun/2026:08:07:20 +0000] "HEAD /d1/744/AUTH_5d976b51130e463aa45498b891c4c295/glance" 204 - "HEAD http://localhost:8080/v1/AUTH_5d976b51130e463aa45498b891c4c295/glance?format=json&states=listing" "tx5a709975c08f408e87161-006a2e6137" "proxy-server 21" 0.0119 "-" 23 0
Jun 14 08:07:20 standalone object-server[114936]: 172.20.0.100 - - [14/Jun/2026:08:07:20 +0000] "GET /d1/600/AUTH_5d976b51130e463aa45498b891c4c295/glance/5af1c2a4-53fe-480d-8104-418cd64bec4d" 200 - "GET http://localhost:8080/v1/AUTH_5d976b51130e463aa45498b891c4c295/glance/5af1c2a4-53fe-480d-8104-418cd64bec4d" "tx5a709975c08f408e87161-006a2e6137" "proxy-server 21" 0.0011 "-" 23 0
Jun 14 08:07:20 standalone container-server[114752]: 172.20.0.100 - - [14/Jun/2026:08:07:20 +0000] "GET /d1/744/AUTH_5d976b51130e463aa45498b891c4c295/glance" 200 210 "GET http://localhost:8080/v1/AUTH_5d976b51130e463aa45498b891c4c295/glance?prefix=5af1c2a4-53fe-480d-8104-418cd64bec4d-&format=json&states=listing" "tx5a709975c08f408e87161-006a2e6137" "proxy-server 21" 0.0026 "-" 23 0
Jun 14 08:07:20 standalone proxy-server[116372]: - - 14/Jun/2026/08/07/20 GET /v1/AUTH_5d976b51130e463aa45498b891c4c295/glance%3Fprefix%3D5af1c2a4-53fe-480d-8104-418cd64bec4d-%26format%3Djson%26states%3Dlisting HTTP/1.0 200 - python-swiftclient-3.11.1%20DLO%20MultipartGET gAAAAABqLmE3SDzJ... - 210 - tx5a709975c08f408e87161-006a2e6137 - 0.0082 DLO - 1781424440.110661983 1781424440.118848085 0
Jun 14 08:07:20 standalone object-server[114936]: 172.20.0.100 - - [14/Jun/2026:08:07:20 +0000] "GET /d1/881/AUTH_5d976b51130e463aa45498b891c4c295/glance/5af1c2a4-53fe-480d-8104-418cd64bec4d-00001" 200 21692416 "GET http://localhost:8080/v1/AUTH_5d976b51130e463aa45498b891c4c295/glance/5af1c2a4-53fe-480d-8104-418cd64bec4d-00001?multipart-manifest=get" "tx5a709975c08f408e87161-006a2e6137" "proxy-server 21" 0.0007 "-" 23 0
Jun 14 08:07:20 standalone proxy-server[116372]: - - 14/Jun/2026/08/07/20 GET /v1/AUTH_5d976b51130e463aa45498b891c4c295/glance/5af1c2a4-53fe-480d-8104-418cd64bec4d-00001%3Fmultipart-manifest%3Dget HTTP/1.0 200 - python-swiftclient-3.11.1%20%20DLO%20MultipartGET gAAAAABqLmE3SDzJ... - 21692416 - tx5a709975c08f408e87161-006a2e6137 - 0.1127 DLO - 1781424440.119834900 1781424440.232552767 0
Jun 14 08:07:20 standalone proxy-server[116372]: 172.18.0.2 ::1 14/Jun/2026/08/07/20 GET /v1/AUTH_5d976b51130e463aa45498b891c4c295/glance/5af1c2a4-53fe-480d-8104-418cd64bec4d HTTP/1.0 200 - python-swiftclient-3.11.1 gAAAAABqLmE3SDzJ... - 21692416 - tx5a709975c08f408e87161-006a2e6137 - 0.2793 - - 1781424439.953779697 1781424440.233053684 0
Jun 14 08:08:22 standalone account-server[114680]: 172.20.0.100 - - [14/Jun/2026:08:08:22 +0000] "HEAD /d1/996/.expiring_objects" 404 - "HEAD http://localhost/v1/.expiring_objects?format=json" "tx61401bf70cc14ee09560e-006a2e6176" "proxy-server 2" 0.0006 "-" 22 -
Jun 14 08:08:22 standalone object-expirer[114572]: Pass completed in 0s; 0 objects expired (txn: tx61401bf70cc14ee09560e-006a2e6176)
Jun 14 08:08:42 standalone account-server[114677]: 172.20.0.100 - - [14/Jun/2026:08:08:42 +0000] "HEAD /d1/996/.expiring_objects" 404 - "HEAD http://localhost/v1/.expiring_objects?format=json" "tx8cb23b1fc1844ea2815e6-006a2e618a" "proxy-server 2" 0.0007 "-" 21 -
Jun 14 08:08:42 standalone object-expirer[114572]: Pass completed in 0s; 0 objects expired (txn: tx8cb23b1fc1844ea2815e6-006a2e618a)
Jun 14 08:11:04 standalone container-server[114547]: Begin container update sweep
Jun 14 08:11:04 standalone account-server[114686]: 172.20.0.100 - - [14/Jun/2026:08:11:04 +0000] "PUT /d1/29/AUTH_5d976b51130e463aa45498b891c4c295/glance" 201 - "-" "-" "container-updater 2" 0.0016 "-" 23 0
Jun 14 08:11:04 standalone container-server[114547]: Container update sweep completed: 0.10s
Jun 14 08:12:06 standalone object-server[114903]: Begin object update sweep
Jun 14 08:12:06 standalone object-server[209834]: Object update sweep starting on /srv/node/d1 (pid: 15)
Jun 14 08:12:06 standalone object-server[209834]: Object update sweep completed on /srv/node/d1 in 0.00s seconds:, 0 successes, 0 failures, 0 quarantines, 0 unlinks, 0 errors, 0 redirects (pid: 15)
Jun 14 08:12:06 standalone object-server[209834]: Object update sweep of d1 completed: 0.00s, 0 successes, 0 failures, 0 quarantines, 0 unlinks, 0 errors, 0 redirects
Jun 14 08:12:06 standalone object-server[114903]: Object update sweep completed: 0.07s
Jun 14 08:12:34 standalone account-server[114677]: 172.20.0.100 - - [14/Jun/2026:08:12:34 +0000] "HEAD /d1/996/.expiring_objects" 404 - "HEAD http://localhost/v1/.expiring_objects?format=json" "tx7d19afc57bd94cb280a48-006a2e6272" "proxy-server 2" 0.0007 "-" 21 -
Jun 14 08:12:34 standalone object-expirer[114572]: Pass completed in 0s; 0 objects expired (txn: tx7d19afc57bd94cb280a48-006a2e6272)
Jun 14 08:13:26 standalone account-server[114677]: 172.20.0.100 - - [14/Jun/2026:08:13:26 +0000] "HEAD /d1/996/.expiring_objects" 404 - "HEAD http://localhost/v1/.expiring_objects?format=json" "txe4d56b86a0b64de89bd43-006a2e62a6" "proxy-server 2" 0.0007 "-" 21 -
Jun 14 08:13:26 standalone object-expirer[114572]: Pass completed in 0s; 0 objects expired (txn: txe4d56b86a0b64de89bd43-006a2e62a6)
Jun 14 08:16:04 standalone container-server[114547]: Begin container update sweep
Jun 14 08:16:05 standalone container-server[114547]: Container update sweep completed: 0.09s
Jun 14 08:17:06 standalone object-server[114903]: Begin object update sweep
Jun 14 08:17:06 standalone object-server[229691]: Object update sweep starting on /srv/node/d1 (pid: 16)
Jun 14 08:17:06 standalone object-server[229691]: Object update sweep completed on /srv/node/d1 in 0.00s seconds:, 0 successes, 0 failures, 0 quarantines, 0 unlinks, 0 errors, 0 redirects (pid: 16)
Jun 14 08:17:06 standalone object-server[229691]: Object update sweep of d1 completed: 0.00s, 0 successes, 0 failures, 0 quarantines, 0 unlinks, 0 errors, 0 redirects
Jun 14 08:17:06 standalone object-server[114903]: Object update sweep completed: 0.08s
Jun 14 08:18:16 standalone account-server[114667]: 172.20.0.100 - - [14/Jun/2026:08:18:16 +0000] "HEAD /d1/996/.expiring_objects" 404 - "HEAD http://localhost/v1/.expiring_objects?format=json" "txc2e041e37e7f48b4af86f-006a2e63c8" "proxy-server 2" 0.0006 "-" 20 -
Jun 14 08:18:16 standalone object-expirer[114572]: Pass completed in 0s; 0 objects expired (txn: txc2e041e37e7f48b4af86f-006a2e63c8)
Jun 14 08:19:09 standalone account-server[114677]: 172.20.0.31 - - [14/Jun/2026:08:19:09 +0000] "HEAD /d1/806/AUTH_76c5b10e5f144e84a1b50b2bcff73d90" 404 - "HEAD http://swift-public-openstack.apps-crc.testing/v1/AUTH_76c5b10e5f144e84a1b50b2bcff73d90?format=json" "tx94b21c6c846847dc8de07-006a2e63fc" "proxy-server 11" 0.0008 "-" 21 -
Jun 14 08:19:09 standalone account-server[114680]: 172.20.0.31 - - [14/Jun/2026:08:19:09 +0000] "GET /d1/806/AUTH_76c5b10e5f144e84a1b50b2bcff73d90" 404 - "GET http://swift-public-openstack.apps-crc.testing/v1/AUTH_76c5b10e5f144e84a1b50b2bcff73d90?format=json" "tx94b21c6c846847dc8de07-006a2e63fc" "proxy-server 11" 0.0006 "-" 22 -
Jun 14 08:21:05 standalone container-server[114547]: Begin container update sweep
Jun 14 08:21:05 standalone container-server[114547]: Container update sweep completed: 0.08s
Jun 14 08:22:06 standalone object-server[114903]: Begin object update sweep
Jun 14 08:22:07 standalone object-server[249265]: Object update sweep starting on /srv/node/d1 (pid: 17)
Jun 14 08:22:07 standalone object-server[249265]: Object update sweep completed on /srv/node/d1 in 0.00s seconds:, 0 successes, 0 failures, 0 quarantines, 0 unlinks, 0 errors, 0 redirects (pid: 17)
Jun 14 08:22:07 standalone object-server[249265]: Object update sweep of d1 completed: 0.00s, 0 successes, 0 failures, 0 quarantines, 0 unlinks, 0 errors, 0 redirects
Jun 14 08:22:07 standalone object-server[114903]: Object update sweep completed: 0.09s
Jun 14 08:22:26 standalone account-server[114667]: 172.20.0.100 - - [14/Jun/2026:08:22:26 +0000] "HEAD /d1/996/.expiring_objects" 404 - "HEAD http://localhost/v1/.expiring_objects?format=json" "tx6813c818253b4f11a65b1-006a2e64c2" "proxy-server 2" 0.0007 "-" 20 -
Jun 14 08:22:26 standalone object-expirer[114572]: Pass completed in 0s; 0 objects expired (txn: tx6813c818253b4f11a65b1-006a2e64c2)
Jun 14 08:22:38 standalone account-server[114686]: 172.20.0.100 - - [14/Jun/2026:08:22:38 +0000] "HEAD /d1/996/.expiring_objects" 404 - "HEAD http://localhost/v1/.expiring_objects?format=json" "txa6f216090ebc41e2970ec-006a2e64ce" "proxy-server 2" 0.0008 "-" 23 -
Jun 14 08:22:38 standalone object-expirer[114572]: Pass completed in 0s; 0 objects expired (txn: txa6f216090ebc41e2970ec-006a2e64ce)
Jun 14 08:26:05 standalone container-server[114547]: Begin container update sweep
Jun 14 08:26:05 standalone container-server[114547]: Container update sweep completed: 0.05s
Jun 14 08:27:07 standalone object-server[114903]: Begin object update sweep
Jun 14 08:27:07 standalone object-server[268756]: Object update sweep starting on /srv/node/d1 (pid: 18)
Jun 14 08:27:07 standalone object-server[268756]: Object update sweep completed on /srv/node/d1 in 0.00s seconds:, 0 successes, 0 failures, 0 quarantines, 0 unlinks, 0 errors, 0 redirects (pid: 18)
Jun 14 08:27:07 standalone object-server[268756]: Object update sweep of d1 completed: 0.00s, 0 successes, 0 failures, 0 quarantines, 0 unlinks, 0 errors, 0 redirects
Jun 14 08:27:07 standalone object-server[114903]: Object update sweep completed: 0.06s
Jun 14 08:27:34 standalone account-server[114680]: 172.20.0.100 - - [14/Jun/2026:08:27:34 +0000] "HEAD /d1/996/.expiring_objects" 404 - "HEAD http://localhost/v1/.expiring_objects?format=json" "tx136b5c8f658241d8bf1cd-006a2e65f6" "proxy-server 2" 0.0006 "-" 22 -
Jun 14 08:27:34 standalone object-expirer[114572]: Pass completed in 0s; 0 objects expired (txn: tx136b5c8f658241d8bf1cd-006a2e65f6)
Jun 14 08:28:53 standalone account-server[114686]: 172.20.0.100 - - [14/Jun/2026:08:28:53 +0000] "HEAD /d1/996/.expiring_objects" 404 - "HEAD http://localhost/v1/.expiring_objects?format=json" "tx638a3e1fdf024970a0b60-006a2e6645" "proxy-server 2" 0.0010 "-" 23 -
Jun 14 08:28:53 standalone object-expirer[114572]: Pass completed in 0s; 0 objects expired (txn: tx638a3e1fdf024970a0b60-006a2e6645)
Jun 14 08:30:12 standalone account-server[114686]: 172.20.0.31 - - [14/Jun/2026:08:30:12 +0000] "HEAD /d1/29/AUTH_5d976b51130e463aa45498b891c4c295" 204 - "HEAD http://swift-internal.openstack.svc:8080/v1/AUTH_5d976b51130e463aa45498b891c4c295?format=json" "tx82776783e3944118aa41b-006a2e6694" "proxy-server 10" 0.0061 "-" 23 -
Jun 14 08:30:12 standalone account-server[114686]: 172.20.0.31 - - [14/Jun/2026:08:30:12 +0000] "GET /d1/29/AUTH_5d976b51130e463aa45498b891c4c295" 200 98 "GET http://swift-internal.openstack.svc:8080/v1/AUTH_5d976b51130e463aa45498b891c4c295?format=json" "tx82776783e3944118aa41b-006a2e6694" "proxy-server 10" 0.0026 "-" 23 -
Jun 14 08:30:12 standalone account-server[114677]: 172.20.0.31 - - [14/Jun/2026:08:30:12 +0000] "HEAD /d1/806/AUTH_76c5b10e5f144e84a1b50b2bcff73d90" 404 - "HEAD http://swift-internal.openstack.svc:8080/v1/AUTH_76c5b10e5f144e84a1b50b2bcff73d90?format=json" "tx25538416714045818c3d6-006a2e6694" "proxy-server 10" 0.0004 "-" 21 -
Jun 14 08:30:12 standalone account-server[114686]: 172.20.0.31 - - [14/Jun/2026:08:30:12 +0000] "GET /d1/806/AUTH_76c5b10e5f144e84a1b50b2bcff73d90" 404 - "GET http://swift-internal.openstack.svc:8080/v1/AUTH_76c5b10e5f144e84a1b50b2bcff73d90?format=json" "tx25538416714045818c3d6-006a2e6694" "proxy-server 10" 0.0004 "-" 23 -
Jun 14 08:30:12 standalone account-server[114667]: 172.20.0.31 - - [14/Jun/2026:08:30:12 +0000] "HEAD /d1/317/AUTH_90b8ba1500dc424fbb93e88171f97720" 404 - "HEAD http://swift-internal.openstack.svc:8080/v1/AUTH_90b8ba1500dc424fbb93e88171f97720?format=json" "txaf3e0579e3b14fcbbc5ec-006a2e6694" "proxy-server 15" 0.0005 "-" 20 -
Jun 14 08:30:13 standalone account-server[114677]: 172.20.0.31 - - [14/Jun/2026:08:30:13 +0000] "GET /d1/317/AUTH_90b8ba1500dc424fbb93e88171f97720" 404 - "GET http://swift-internal.openstack.svc:8080/v1/AUTH_90b8ba1500dc424fbb93e88171f97720?format=json" "txaf3e0579e3b14fcbbc5ec-006a2e6694" "proxy-server 15" 0.0003 "-" 21 -
Jun 14 08:30:13 standalone account-server[114686]: 172.20.0.31 - - [14/Jun/2026:08:30:13 +0000] "HEAD /d1/855/AUTH_b0a0e7eebbe44048bb4c331d26be0c4b" 404 - "HEAD http://swift-internal.openstack.svc:8080/v1/AUTH_b0a0e7eebbe44048bb4c331d26be0c4b?format=json" "txecbf65ef965842dfb1293-006a2e6695" "proxy-server 10" 0.0004 "-" 23 -
Jun 14 08:30:13 standalone account-server[114680]: 172.20.0.31 - - [14/Jun/2026:08:30:13 +0000] "GET /d1/855/AUTH_b0a0e7eebbe44048bb4c331d26be0c4b" 404 - "GET http://swift-internal.openstack.svc:8080/v1/AUTH_b0a0e7eebbe44048bb4c331d26be0c4b?format=json" "txecbf65ef965842dfb1293-006a2e6695" "proxy-server 10" 0.0005 "-" 22 -
Jun 14 08:30:13 standalone account-server[114680]: 172.20.0.31 - - [14/Jun/2026:08:30:13 +0000] "HEAD /d1/29/AUTH_5d976b51130e463aa45498b891c4c295" 204 - "HEAD http://swift-internal.openstack.svc:8080/v1/AUTH_5d976b51130e463aa45498b891c4c295?format=json" "tx6cb84132fd924a0fb6bff-006a2e6695" "proxy-server 11" 0.0023 "-" 22 -
Jun 14 08:30:13 standalone account-server[114677]: 172.20.0.31 - - [14/Jun/2026:08:30:13 +0000] "HEAD /d1/806/AUTH_76c5b10e5f144e84a1b50b2bcff73d90" 404 - "HEAD http://swift-internal.openstack.svc:8080/v1/AUTH_76c5b10e5f144e84a1b50b2bcff73d90?format=json" "txf82aeff6ba0f484e99ff3-006a2e6695" "proxy-server 15" 0.0004 "-" 21 -
Jun 14 08:30:14 standalone account-server[114677]: 172.20.0.31 - - [14/Jun/2026:08:30:14 +0000] "HEAD /d1/317/AUTH_90b8ba1500dc424fbb93e88171f97720" 404 - "HEAD http://swift-internal.openstack.svc:8080/v1/AUTH_90b8ba1500dc424fbb93e88171f97720?format=json" "tx1790fb71907c407cb9346-006a2e6695" "proxy-server 14" 0.0005 "-" 21 -
Jun 14 08:30:14 standalone account-server[114680]: 172.20.0.31 - - [14/Jun/2026:08:30:14 +0000] "HEAD /d1/855/AUTH_b0a0e7eebbe44048bb4c331d26be0c4b" 404 - "HEAD http://swift-internal.openstack.svc:8080/v1/AUTH_b0a0e7eebbe44048bb4c331d26be0c4b?format=json" "txf9a42a0f0d37423ba6e26-006a2e6696" "proxy-server 10" 0.0004 "-" 22 -
Jun 14 08:30:49 standalone account-server[114677]: 172.20.0.31 - - [14/Jun/2026:08:30:49 +0000] "HEAD /d1/29/AUTH_5d976b51130e463aa45498b891c4c295" 204 - "HEAD http://swift-internal.openstack.svc:8080/v1/AUTH_5d976b51130e463aa45498b891c4c295?format=json" "tx07644c0cb87945e184131-006a2e66b8" "proxy-server 7" 0.0026 "-" 21 -
Jun 14 08:30:49 standalone account-server[114680]: 172.20.0.31 - - [14/Jun/2026:08:30:49 +0000] "HEAD /d1/806/AUTH_76c5b10e5f144e84a1b50b2bcff73d90" 404 - "HEAD http://swift-internal.openstack.svc:8080/v1/AUTH_76c5b10e5f144e84a1b50b2bcff73d90?format=json" "tx683cbff9ea834f0c98fbc-006a2e66b9" "proxy-server 11" 0.0005 "-" 22 -
Jun 14 08:30:49 standalone account-server[114677]: 172.20.0.31 - - [14/Jun/2026:08:30:49 +0000] "HEAD /d1/317/AUTH_90b8ba1500dc424fbb93e88171f97720" 404 - "HEAD http://swift-internal.openstack.svc:8080/v1/AUTH_90b8ba1500dc424fbb93e88171f97720?format=json" "tx0ebb1d6b6027448d8f194-006a2e66b9" "proxy-server 11" 0.0004 "-" 21 -
Jun 14 08:30:49 standalone account-server[114667]: 172.20.0.31 - - [14/Jun/2026:08:30:49 +0000] "HEAD /d1/855/AUTH_b0a0e7eebbe44048bb4c331d26be0c4b" 404 - "HEAD http://swift-internal.openstack.svc:8080/v1/AUTH_b0a0e7eebbe44048bb4c331d26be0c4b?format=json" "tx9c8c1339cb49492e9d3df-006a2e66b9" "proxy-server 15" 0.0004 "-" 20 -
Jun 14 08:30:52 standalone account-server[114680]: 172.20.0.100 - - [14/Jun/2026:08:30:52 +0000] "HEAD /d1/996/.expiring_objects" 404 - "HEAD http://localhost/v1/.expiring_objects?format=json" "tx486dbc700a2e4754a22ef-006a2e66bc" "proxy-server 2" 0.0008 "-" 22 -
Jun 14 08:30:52 standalone object-expirer[114572]: Pass completed in 0s; 0 objects expired (txn: tx486dbc700a2e4754a22ef-006a2e66bc)
Jun 14 08:30:54 standalone account-server[114667]: 172.20.0.31 - - [14/Jun/2026:08:30:54 +0000] "GET /d1/29/AUTH_5d976b51130e463aa45498b891c4c295" 200 98 "GET http://swift-internal.openstack.svc:8080/v1/AUTH_5d976b51130e463aa45498b891c4c295?format=json" "tx7dfc450c2e804c7187070-006a2e66be" "proxy-server 7" 0.0024 "-" 20 -
Jun 14 08:30:54 standalone account-server[114686]: 172.20.0.31 - - [14/Jun/2026:08:30:54 +0000] "GET /d1/806/AUTH_76c5b10e5f144e84a1b50b2bcff73d90" 404 - "GET http://swift-internal.openstack.svc:8080/v1/AUTH_76c5b10e5f144e84a1b50b2bcff73d90?format=json" "txffdd389afd8f481f9419e-006a2e66be" "proxy-server 7" 0.0004 "-" 23 -
Jun 14 08:30:54 standalone account-server[114667]: 172.20.0.31 - - [14/Jun/2026:08:30:54 +0000] "GET /d1/317/AUTH_90b8ba1500dc424fbb93e88171f97720" 404 - "GET http://swift-internal.openstack.svc:8080/v1/AUTH_90b8ba1500dc424fbb93e88171f97720?format=json" "tx37350b43efb74c119aaf3-006a2e66be" "proxy-server 7" 0.0005 "-" 20 -
Jun 14 08:30:54 standalone account-server[114680]: 172.20.0.31 - - [14/Jun/2026:08:30:54 +0000] "GET /d1/855/AUTH_b0a0e7eebbe44048bb4c331d26be0c4b" 404 - "GET http://swift-internal.openstack.svc:8080/v1/AUTH_b0a0e7eebbe44048bb4c331d26be0c4b?format=json" "txafdbedaf642f437ea0ce8-006a2e66be" "proxy-server 11" 0.0004 "-" 22 -
Jun 14 08:31:05 standalone container-server[114547]: Begin container update sweep
Jun 14 08:31:05 standalone container-server[114547]: Container update sweep completed: 0.07s
Jun 14 08:31:24 standalone account-server[114667]: 172.20.0.31 - - [14/Jun/2026:08:31:24 +0000] "HEAD /d1/29/AUTH_5d976b51130e463aa45498b891c4c295" 204 - "HEAD http://swift-internal.openstack.svc:8080/v1/AUTH_5d976b51130e463aa45498b891c4c295?format=json" "txffa23999c6504df6b74bc-006a2e66dc" "proxy-server 10" 0.0026 "-" 20 -
Jun 14 08:31:24 standalone account-server[114677]: 172.20.0.31 - - [14/Jun/2026:08:31:24 +0000] "HEAD /d1/806/AUTH_76c5b10e5f144e84a1b50b2bcff73d90" 404 - "HEAD http://swift-internal.openstack.svc:8080/v1/AUTH_76c5b10e5f144e84a1b50b2bcff73d90?format=json" "tx5a9bcdd164d549d58b705-006a2e66dc" "proxy-server 10" 0.0005 "-" 21 -
Jun 14 08:31:24 standalone account-server[114686]: 172.20.0.31 - - [14/Jun/2026:08:31:24 +0000] "HEAD /d1/317/AUTH_90b8ba1500dc424fbb93e88171f97720" 404 - "HEAD http://swift-internal.openstack.svc:8080/v1/AUTH_90b8ba1500dc424fbb93e88171f97720?format=json" "tx1dd8dee0b0bf4a9e94d61-006a2e66dc" "proxy-server 15" 0.0006 "-" 23 -
Jun 14 08:31:24 standalone account-server[114680]: 172.20.0.31 - - [14/Jun/2026:08:31:24 +0000] "HEAD /d1/855/AUTH_b0a0e7eebbe44048bb4c331d26be0c4b" 404 - "HEAD http://swift-internal.openstack.svc:8080/v1/AUTH_b0a0e7eebbe44048bb4c331d26be0c4b?format=json" "tx65f9cd6cd3c74b2c93c16-006a2e66dc" "proxy-server 10" 0.0005 "-" 22 -
Jun 14 08:31:26 standalone account-server[114686]: 172.20.0.31 - - [14/Jun/2026:08:31:26 +0000] "GET /d1/29/AUTH_5d976b51130e463aa45498b891c4c295" 200 98 "GET http://swift-internal.openstack.svc:8080/v1/AUTH_5d976b51130e463aa45498b891c4c295?format=json" "txccb0c7b5937446199d784-006a2e66de" "proxy-server 14" 0.0029 "-" 23 -
Jun 14 08:31:26 standalone account-server[114680]: 172.20.0.31 - - [14/Jun/2026:08:31:26 +0000] "GET /d1/806/AUTH_76c5b10e5f144e84a1b50b2bcff73d90" 404 - "GET http://swift-internal.openstack.svc:8080/v1/AUTH_76c5b10e5f144e84a1b50b2bcff73d90?format=json" "tx4dcc35d7e3fc433098066-006a2e66de" "proxy-server 14" 0.0005 "-" 22 -
Jun 14 08:31:26 standalone account-server[114677]: 172.20.0.31 - - [14/Jun/2026:08:31:26 +0000] "GET /d1/317/AUTH_90b8ba1500dc424fbb93e88171f97720" 404 - "GET http://swift-internal.openstack.svc:8080/v1/AUTH_90b8ba1500dc424fbb93e88171f97720?format=json" "txd231704b1e8e40508ba03-006a2e66de" "proxy-server 14" 0.0005 "-" 21 -
Jun 14 08:31:26 standalone account-server[114677]: 172.20.0.31 - - [14/Jun/2026:08:31:26 +0000] "GET /d1/855/AUTH_b0a0e7eebbe44048bb4c331d26be0c4b" 404 - "GET http://swift-internal.openstack.svc:8080/v1/AUTH_b0a0e7eebbe44048bb4c331d26be0c4b?format=json" "tx32e17d03e718456582830-006a2e66de" "proxy-server 11" 0.0004 "-" 21 -
Jun 14 08:32:07 standalone object-server[114903]: Begin object update sweep
Jun 14 08:32:07 standalone object-server[286851]: Object update sweep starting on /srv/node/d1 (pid: 19)
Jun 14 08:32:07 standalone object-server[286851]: Object update sweep completed on /srv/node/d1 in 0.00s seconds:, 0 successes, 0 failures, 0 quarantines, 0 unlinks, 0 errors, 0 redirects (pid: 19)
Jun 14 08:32:07 standalone object-server[286851]: Object update sweep of d1 completed: 0.00s, 0 successes, 0 failures, 0 quarantines, 0 unlinks, 0 errors, 0 redirects
Jun 14 08:32:07 standalone object-server[114903]: Object update sweep completed: 0.08s
Jun 14 08:32:08 standalone account-server[114667]: 172.20.0.31 - - [14/Jun/2026:08:32:08 +0000] "HEAD /d1/29/AUTH_5d976b51130e463aa45498b891c4c295" 204 - "HEAD http://swift-internal.openstack.svc:8080/v1/AUTH_5d976b51130e463aa45498b891c4c295?format=json" "txa4cdd630a99940278a9fc-006a2e6708" "proxy-server 16" 0.0027 "-" 20 -
Jun 14 08:32:09 standalone account-server[114677]: 172.20.0.31 - - [14/Jun/2026:08:32:09 +0000] "HEAD /d1/806/AUTH_76c5b10e5f144e84a1b50b2bcff73d90" 404 - "HEAD http://swift-internal.openstack.svc:8080/v1/AUTH_76c5b10e5f144e84a1b50b2bcff73d90?format=json" "tx83174b3ea9454d989bb8c-006a2e6709" "proxy-server 16" 0.0005 "-" 21 -
Jun 14 08:32:09 standalone account-server[114686]: 172.20.0.31 - - [14/Jun/2026:08:32:09 +0000] "HEAD /d1/317/AUTH_90b8ba1500dc424fbb93e88171f97720" 404 - "HEAD http://swift-internal.openstack.svc:8080/v1/AUTH_90b8ba1500dc424fbb93e88171f97720?format=json" "tx7656c47f693748ae84640-006a2e6709" "proxy-server 14" 0.0004 "-" 23 -
Jun 14 08:32:09 standalone account-server[114667]: 172.20.0.31 - - [14/Jun/2026:08:32:09 +0000] "HEAD /d1/855/AUTH_b0a0e7eebbe44048bb4c331d26be0c4b" 404 - "HEAD http://swift-internal.openstack.svc:8080/v1/AUTH_b0a0e7eebbe44048bb4c331d26be0c4b?format=json" "tx873016aa06544cbe9b1c5-006a2e6709" "proxy-server 14" 0.0005 "-" 20 -
Jun 14 08:32:10 standalone account-server[114680]: 172.20.0.31 - - [14/Jun/2026:08:32:10 +0000] "GET /d1/29/AUTH_5d976b51130e463aa45498b891c4c295" 200 98 "GET http://swift-internal.openstack.svc:8080/v1/AUTH_5d976b51130e463aa45498b891c4c295?format=json" "txb514fa75e23d4790a135c-006a2e670a" "proxy-server 10" 0.0027 "-" 22 -
Jun 14 08:32:10 standalone account-server[114686]: 172.20.0.31 - - [14/Jun/2026:08:32:10 +0000] "GET /d1/806/AUTH_76c5b10e5f144e84a1b50b2bcff73d90" 404 - "GET http://swift-internal.openstack.svc:8080/v1/AUTH_76c5b10e5f144e84a1b50b2bcff73d90?format=json" "txf9a03d8b66db435598f2b-006a2e670a" "proxy-server 10" 0.0006 "-" 23 -
Jun 14 08:32:10 standalone account-server[114680]: 172.20.0.31 - - [14/Jun/2026:08:32:10 +0000] "GET /d1/317/AUTH_90b8ba1500dc424fbb93e88171f97720" 404 - "GET http://swift-internal.openstack.svc:8080/v1/AUTH_90b8ba1500dc424fbb93e88171f97720?format=json" "tx1a4bcefec96d44a792b06-006a2e670a" "proxy-server 14" 0.0004 "-" 22 -
Jun 14 08:32:10 standalone account-server[114686]: 172.20.0.31 - - [14/Jun/2026:08:32:10 +0000] "GET /d1/855/AUTH_b0a0e7eebbe44048bb4c331d26be0c4b" 404 - "GET http://swift-internal.openstack.svc:8080/v1/AUTH_b0a0e7eebbe44048bb4c331d26be0c4b?format=json" "txa0f06cea8cb446b7a28a9-006a2e670a" "proxy-server 10" 0.0005 "-" 23 -
Jun 14 08:32:44 standalone account-server[114686]: 172.20.0.100 - - [14/Jun/2026:08:32:44 +0000] "HEAD /d1/996/.expiring_objects" 404 - "HEAD http://localhost/v1/.expiring_objects?format=json" "txd066cfa1f658474a9d1ad-006a2e672c" "proxy-server 2" 0.0008 "-" 23 -
Jun 14 08:32:44 standalone object-expirer[114572]: Pass completed in 0s; 0 objects expired (txn: txd066cfa1f658474a9d1ad-006a2e672c)
Jun 14 08:36:05 standalone container-server[114547]: Begin container update sweep
Jun 14 08:36:05 standalone container-server[114547]: Container update sweep completed: 0.08s
Jun 14 08:37:07 standalone object-server[114903]: Begin object update sweep
Jun 14 08:37:07 standalone object-server[295192]: Object update sweep starting on /srv/node/d1 (pid: 20)
Jun 14 08:37:07 standalone object-server[295192]: Object update sweep completed on /srv/node/d1 in 0.00s seconds:, 0 successes, 0 failures, 0 quarantines, 0 unlinks, 0 errors, 0 redirects (pid: 20)
Jun 14 08:37:07 standalone object-server[295192]: Object update sweep of d1 completed: 0.00s, 0 successes, 0 failures, 0 quarantines, 0 unlinks, 0 errors, 0 redirects
Jun 14 08:37:07 standalone object-server[114903]: Object update sweep completed: 0.09s
Jun 14 08:37:08 standalone account-server[114677]: 172.20.0.31 - - [14/Jun/2026:08:37:08 +0000] "HEAD /d1/29/AUTH_5d976b51130e463aa45498b891c4c295" 204 - "HEAD http://swift-internal.openstack.svc:8080/v1/AUTH_5d976b51130e463aa45498b891c4c295?format=json" "tx7965283e00974bb08cfd0-006a2e6834" "proxy-server 14" 0.0026 "-" 21 -
Jun 14 08:37:08 standalone account-server[114680]: 172.20.0.31 - - [14/Jun/2026:08:37:08 +0000] "GET /d1/29/AUTH_5d976b51130e463aa45498b891c4c295" 200 98 "GET http://swift-internal.openstack.svc:8080/v1/AUTH_5d976b51130e463aa45498b891c4c295?format=json" "tx7965283e00974bb08cfd0-006a2e6834" "proxy-server 14" 0.0029 "-" 22 -
Jun 14 08:37:08 standalone account-server[114667]: 172.20.0.31 - - [14/Jun/2026:08:37:08 +0000] "HEAD /d1/806/AUTH_76c5b10e5f144e84a1b50b2bcff73d90" 404 - "HEAD http://swift-internal.openstack.svc:8080/v1/AUTH_76c5b10e5f144e84a1b50b2bcff73d90?format=json" "tx1ce7d380a6644c2e93ac7-006a2e6834" "proxy-server 8" 0.0005 "-" 20 -
Jun 14 08:37:09 standalone account-server[114667]: 172.20.0.31 - - [14/Jun/2026:08:37:09 +0000] "GET /d1/806/AUTH_76c5b10e5f144e84a1b50b2bcff73d90" 404 - "GET http://swift-internal.openstack.svc:8080/v1/AUTH_76c5b10e5f144e84a1b50b2bcff73d90?format=json" "tx1ce7d380a6644c2e93ac7-006a2e6834" "proxy-server 8" 0.0006 "-" 20 -
Jun 14 08:37:09 standalone account-server[114677]: 172.20.0.31 - - [14/Jun/2026:08:37:09 +0000] "HEAD /d1/317/AUTH_90b8ba1500dc424fbb93e88171f97720" 404 - "HEAD http://swift-internal.openstack.svc:8080/v1/AUTH_90b8ba1500dc424fbb93e88171f97720?format=json" "tx03712dd6e87a42aebe74d-006a2e6835" "proxy-server 8" 0.0005 "-" 21 -
Jun 14 08:37:09 standalone account-server[114686]: 172.20.0.31 - - [14/Jun/2026:08:37:09 +0000] "GET /d1/317/AUTH_90b8ba1500dc424fbb93e88171f97720" 404 - "GET http://swift-internal.openstack.svc:8080/v1/AUTH_90b8ba1500dc424fbb93e88171f97720?format=json" "tx03712dd6e87a42aebe74d-006a2e6835" "proxy-server 8" 0.0005 "-" 23 -
Jun 14 08:37:09 standalone account-server[114686]: 172.20.0.31 - - [14/Jun/2026:08:37:09 +0000] "HEAD /d1/855/AUTH_b0a0e7eebbe44048bb4c331d26be0c4b" 404 - "HEAD http://swift-internal.openstack.svc:8080/v1/AUTH_b0a0e7eebbe44048bb4c331d26be0c4b?format=json" "txc49bb07cb4004e97b2055-006a2e6835" "proxy-server 14" 0.0004 "-" 23 -
Jun 14 08:37:09 standalone account-server[114677]: 172.20.0.31 - - [14/Jun/2026:08:37:09 +0000] "GET /d1/855/AUTH_b0a0e7eebbe44048bb4c331d26be0c4b" 404 - "GET http://swift-internal.openstack.svc:8080/v1/AUTH_b0a0e7eebbe44048bb4c331d26be0c4b?format=json" "txc49bb07cb4004e97b2055-006a2e6835" "proxy-server 14" 0.0004 "-" 21 -
Jun 14 08:37:10 standalone account-server[114686]: 172.20.0.31 - - [14/Jun/2026:08:37:10 +0000] "HEAD /d1/29/AUTH_5d976b51130e463aa45498b891c4c295" 204 - "HEAD http://swift-internal.openstack.svc:8080/v1/AUTH_5d976b51130e463aa45498b891c4c295?format=json" "txe579105f24ab4147b0dfc-006a2e6836" "proxy-server 10" 0.0031 "-" 23 -
