Jun 14 09:17:13 standalone account-server[114680]: 172.20.0.31 - - [14/Jun/2026:09:17:13 +0000] "HEAD /d1/942/AUTH_8f26a0c5bbdf4043bf461eab00566ebd" 404 - "HEAD http://swift-internal.openstack.svc:8080/v1/AUTH_8f26a0c5bbdf4043bf461eab00566ebd?format=json" "tx7302208853124483a91b7-006a2e7199" "proxy-server 9" 0.0004 "-" 22 -
Jun 14 09:17:13 standalone container-server[114738]: 172.20.0.31 - - [14/Jun/2026:09:17:13 +0000] "GET /d1/744/AUTH_5d976b51130e463aa45498b891c4c295/glance" 200 206 "GET http://swift-internal.openstack.svc:8080/v1/AUTH_5d976b51130e463aa45498b891c4c295/glance?format=json&prefix=4988c2fc-5fe5-4404-8ade-6bd331d8888b-&states=listing" "tx1f25bbc912c845c3b6a12-006a2e7199" "proxy-server 10" 0.0044 "-" 21 0
Jun 14 09:17:13 standalone account-server[114686]: 172.20.0.31 - - [14/Jun/2026:09:17:13 +0000] "HEAD /d1/317/AUTH_90b8ba1500dc424fbb93e88171f97720" 404 - "HEAD http://swift-internal.openstack.svc:8080/v1/AUTH_90b8ba1500dc424fbb93e88171f97720?format=json" "txe299824d81d345099deb4-006a2e7199" "proxy-server 11" 0.0004 "-" 23 -
Jun 14 09:17:13 standalone container-server[114738]: 172.20.0.100 - - [14/Jun/2026:09:17:13 +0000] "DELETE /d1/744/AUTH_5d976b51130e463aa45498b891c4c295/glance/4988c2fc-5fe5-4404-8ade-6bd331d8888b-00001" 204 - "DELETE http://swift-internal.openstack.svc:8080/d1/757/AUTH_5d976b51130e463aa45498b891c4c295/glance/4988c2fc-5fe5-4404-8ade-6bd331d8888b-00001" "tx5d479c29b3404ca2be3d2-006a2e7199" "object-server 22" 0.0008 "-" 21 0
Jun 14 09:17:13 standalone object-server[114933]: 172.20.0.31 - - [14/Jun/2026:09:17:13 +0000] "DELETE /d1/757/AUTH_5d976b51130e463aa45498b891c4c295/glance/4988c2fc-5fe5-4404-8ade-6bd331d8888b-00001" 204 - "DELETE http://swift-internal.openstack.svc:8080/v1/AUTH_5d976b51130e463aa45498b891c4c295/glance/4988c2fc-5fe5-4404-8ade-6bd331d8888b-00001" "tx5d479c29b3404ca2be3d2-006a2e7199" "proxy-server 10" 0.0088 "-" 22 0
Jun 14 09:17:13 standalone container-server[114738]: 172.20.0.100 - - [14/Jun/2026:09:17:13 +0000] "DELETE /d1/744/AUTH_5d976b51130e463aa45498b891c4c295/glance/4988c2fc-5fe5-4404-8ade-6bd331d8888b" 204 - "DELETE http://swift-internal.openstack.svc:8080/d1/394/AUTH_5d976b51130e463aa45498b891c4c295/glance/4988c2fc-5fe5-4404-8ade-6bd331d8888b" "tx4e9798a661564dea96abc-006a2e7199" "object-server 25" 0.0011 "-" 21 0
Jun 14 09:17:13 standalone object-server[114939]: 172.20.0.31 - - [14/Jun/2026:09:17:13 +0000] "DELETE /d1/394/AUTH_5d976b51130e463aa45498b891c4c295/glance/4988c2fc-5fe5-4404-8ade-6bd331d8888b" 204 - "DELETE http://swift-internal.openstack.svc:8080/v1/AUTH_5d976b51130e463aa45498b891c4c295/glance/4988c2fc-5fe5-4404-8ade-6bd331d8888b" "tx4e9798a661564dea96abc-006a2e7199" "proxy-server 10" 0.0099 "-" 25 0
Jun 14 09:17:13 standalone account-server[114680]: 172.20.0.31 - - [14/Jun/2026:09:17:13 +0000] "HEAD /d1/817/AUTH_980a0c066b79414fa6ee0055991dd8c2" 404 - "HEAD http://swift-internal.openstack.svc:8080/v1/AUTH_980a0c066b79414fa6ee0055991dd8c2?format=json" "txca4e6b01d91f4afb8c51d-006a2e7199" "proxy-server 10" 0.0006 "-" 22 -
Jun 14 09:17:13 standalone account-server[114686]: 172.20.0.31 - - [14/Jun/2026:09:17:13 +0000] "HEAD /d1/174/AUTH_a07e34ab2c1145beab38333124ae68d5" 404 - "HEAD http://swift-internal.openstack.svc:8080/v1/AUTH_a07e34ab2c1145beab38333124ae68d5?format=json" "tx1c046453873d4954b16fc-006a2e7199" "proxy-server 10" 0.0004 "-" 23 -
Jun 14 09:17:13 standalone account-server[114667]: 172.20.0.31 - - [14/Jun/2026:09:17:13 +0000] "HEAD /d1/855/AUTH_b0a0e7eebbe44048bb4c331d26be0c4b" 404 - "HEAD http://swift-internal.openstack.svc:8080/v1/AUTH_b0a0e7eebbe44048bb4c331d26be0c4b?format=json" "txef7cfc9b37574064899a1-006a2e7199" "proxy-server 11" 0.0006 "-" 20 -
Jun 14 09:17:13 standalone account-server[114680]: 172.20.0.31 - - [14/Jun/2026:09:17:13 +0000] "HEAD /d1/761/AUTH_ccf58d929cba48db87ced883e8a9abcf" 404 - "HEAD http://swift-internal.openstack.svc:8080/v1/AUTH_ccf58d929cba48db87ced883e8a9abcf?format=json" "tx86d8c2affbde4413907f9-006a2e7199" "proxy-server 13" 0.0004 "-" 22 -
Jun 14 09:17:15 standalone container-server[114746]: 172.20.0.31 - - [14/Jun/2026:09:17:15 +0000] "HEAD /d1/744/AUTH_5d976b51130e463aa45498b891c4c295/glance" 204 - "HEAD http://swift-internal.openstack.svc:8080/v1/AUTH_5d976b51130e463aa45498b891c4c295/glance?format=json&states=listing" "tx4ca4ed4a533348b3b5f94-006a2e719b" "proxy-server 10" 0.0474 "-" 22 0
Jun 14 09:17:15 standalone container-server[114738]: 172.20.0.100 - - [14/Jun/2026:09:17:15 +0000] "PUT /d1/744/AUTH_5d976b51130e463aa45498b891c4c295/glance/f73a60b7-7eb9-43bf-ae78-e694fcaf3196-00001" 201 - "PUT http://swift-internal.openstack.svc:8080/d1/210/AUTH_5d976b51130e463aa45498b891c4c295/glance/f73a60b7-7eb9-43bf-ae78-e694fcaf3196-00001" "tx31786389242342cfaaaf5-006a2e719b" "object-server 24" 0.0006 "-" 21 0
Jun 14 09:17:15 standalone object-server[114937]: 172.20.0.31 - - [14/Jun/2026:09:17:15 +0000] "PUT /d1/210/AUTH_5d976b51130e463aa45498b891c4c295/glance/f73a60b7-7eb9-43bf-ae78-e694fcaf3196-00001" 201 - "PUT http://swift-internal.openstack.svc:8080/v1/AUTH_5d976b51130e463aa45498b891c4c295/glance/f73a60b7-7eb9-43bf-ae78-e694fcaf3196-00001" "tx31786389242342cfaaaf5-006a2e719b" "proxy-server 10" 0.0360 "-" 24 0
Jun 14 09:17:15 standalone container-server[114746]: 172.20.0.100 - - [14/Jun/2026:09:17:15 +0000] "PUT /d1/744/AUTH_5d976b51130e463aa45498b891c4c295/glance/f73a60b7-7eb9-43bf-ae78-e694fcaf3196" 201 - "PUT http://swift-internal.openstack.svc:8080/d1/176/AUTH_5d976b51130e463aa45498b891c4c295/glance/f73a60b7-7eb9-43bf-ae78-e694fcaf3196" "tx22b9fe362fc8448796ea9-006a2e719b" "object-server 23" 0.0006 "-" 22 0
Jun 14 09:17:15 standalone object-server[114936]: 172.20.0.31 - - [14/Jun/2026:09:17:15 +0000] "PUT /d1/176/AUTH_5d976b51130e463aa45498b891c4c295/glance/f73a60b7-7eb9-43bf-ae78-e694fcaf3196" 201 - "PUT http://swift-internal.openstack.svc:8080/v1/AUTH_5d976b51130e463aa45498b891c4c295/glance/f73a60b7-7eb9-43bf-ae78-e694fcaf3196" "tx22b9fe362fc8448796ea9-006a2e719b" "proxy-server 10" 0.0182 "-" 23 0
Jun 14 09:18:02 standalone account-server[114667]: 172.20.0.100 - - [14/Jun/2026:09:18:02 +0000] "HEAD /d1/996/.expiring_objects" 404 - "HEAD http://localhost/v1/.expiring_objects?format=json" "tx4edbd86aba404a87aa895-006a2e71ca" "proxy-server 2" 0.0005 "-" 20 -
Jun 14 09:18:02 standalone object-expirer[114572]: Pass completed in 0s; 0 objects expired (txn: tx4edbd86aba404a87aa895-006a2e71ca)
Jun 14 09:18:04 standalone object-server[114937]: 172.20.0.31 - - [14/Jun/2026:09:18:04 +0000] "HEAD /d1/176/AUTH_5d976b51130e463aa45498b891c4c295/glance/f73a60b7-7eb9-43bf-ae78-e694fcaf3196" 200 - "HEAD http://swift-internal.openstack.svc:8080/v1/AUTH_5d976b51130e463aa45498b891c4c295/glance/f73a60b7-7eb9-43bf-ae78-e694fcaf3196" "txb7e8de6a93be49bda96ed-006a2e71cb" "proxy-server 13" 0.0012 "-" 24 0
Jun 14 09:18:04 standalone container-server[114738]: 172.20.0.31 - - [14/Jun/2026:09:18:04 +0000] "GET /d1/744/AUTH_5d976b51130e463aa45498b891c4c295/glance" 200 206 "GET http://swift-internal.openstack.svc:8080/v1/AUTH_5d976b51130e463aa45498b891c4c295/glance?prefix=f73a60b7-7eb9-43bf-ae78-e694fcaf3196-&format=json&states=listing" "txb7e8de6a93be49bda96ed-006a2e71cb" "proxy-server 13" 0.0298 "-" 21 0
Jun 14 09:18:04 standalone container-server[114738]: 172.20.0.31 - - [14/Jun/2026:09:18:04 +0000] "GET /d1/744/AUTH_5d976b51130e463aa45498b891c4c295/glance" 200 206 "GET http://swift-internal.openstack.svc:8080/v1/AUTH_5d976b51130e463aa45498b891c4c295/glance?format=json&prefix=f73a60b7-7eb9-43bf-ae78-e694fcaf3196-&states=listing" "tx5afc47fe47f9451aa7ef1-006a2e71cc" "proxy-server 13" 0.0041 "-" 21 0
Jun 14 09:18:04 standalone container-server[114752]: 172.20.0.100 - - [14/Jun/2026:09:18:04 +0000] "DELETE /d1/744/AUTH_5d976b51130e463aa45498b891c4c295/glance/f73a60b7-7eb9-43bf-ae78-e694fcaf3196-00001" 204 - "DELETE http://swift-internal.openstack.svc:8080/d1/210/AUTH_5d976b51130e463aa45498b891c4c295/glance/f73a60b7-7eb9-43bf-ae78-e694fcaf3196-00001" "txedfe95c090a24629a7039-006a2e71cc" "object-server 24" 0.0008 "-" 23 0
Jun 14 09:18:04 standalone object-server[114937]: 172.20.0.31 - - [14/Jun/2026:09:18:04 +0000] "DELETE /d1/210/AUTH_5d976b51130e463aa45498b891c4c295/glance/f73a60b7-7eb9-43bf-ae78-e694fcaf3196-00001" 204 - "DELETE http://swift-internal.openstack.svc:8080/v1/AUTH_5d976b51130e463aa45498b891c4c295/glance/f73a60b7-7eb9-43bf-ae78-e694fcaf3196-00001" "txedfe95c090a24629a7039-006a2e71cc" "proxy-server 13" 0.0216 "-" 24 0
Jun 14 09:18:04 standalone container-server[114738]: 172.20.0.100 - - [14/Jun/2026:09:18:04 +0000] "DELETE /d1/744/AUTH_5d976b51130e463aa45498b891c4c295/glance/f73a60b7-7eb9-43bf-ae78-e694fcaf3196" 204 - "DELETE http://swift-internal.openstack.svc:8080/d1/176/AUTH_5d976b51130e463aa45498b891c4c295/glance/f73a60b7-7eb9-43bf-ae78-e694fcaf3196" "txb448fdd8f4714c68aadd4-006a2e71cc" "object-server 25" 0.0009 "-" 21 0
Jun 14 09:18:04 standalone object-server[114939]: 172.20.0.31 - - [14/Jun/2026:09:18:04 +0000] "DELETE /d1/176/AUTH_5d976b51130e463aa45498b891c4c295/glance/f73a60b7-7eb9-43bf-ae78-e694fcaf3196" 204 - "DELETE http://swift-internal.openstack.svc:8080/v1/AUTH_5d976b51130e463aa45498b891c4c295/glance/f73a60b7-7eb9-43bf-ae78-e694fcaf3196" "txb448fdd8f4714c68aadd4-006a2e71cc" "proxy-server 13" 0.0160 "-" 25 0
Jun 14 09:19:26 standalone account-server[114686]: 172.20.0.100 - - [14/Jun/2026:09:19:26 +0000] "HEAD /d1/996/.expiring_objects" 404 - "HEAD http://localhost/v1/.expiring_objects?format=json" "tx35f9f901b9e34a13a2d41-006a2e721e" "proxy-server 2" 0.0007 "-" 23 -
Jun 14 09:19:26 standalone object-expirer[114572]: Pass completed in 0s; 0 objects expired (txn: tx35f9f901b9e34a13a2d41-006a2e721e)
Jun 14 09:21:06 standalone container-server[114547]: Begin container update sweep
Jun 14 09:21:06 standalone container-server[114547]: Container update sweep completed: 0.10s
Jun 14 09:22:08 standalone account-server[114680]: 172.20.0.31 - - [14/Jun/2026:09:22:08 +0000] "HEAD /d1/299/AUTH_33c9a818d6b44d89b83dbce5719ac684" 404 - "HEAD http://swift-internal.openstack.svc:8080/v1/AUTH_33c9a818d6b44d89b83dbce5719ac684?format=json" "tx0a34ad4e651c48cd963d1-006a2e72c0" "proxy-server 10" 0.0007 "-" 22 -
Jun 14 09:22:08 standalone account-server[114686]: 172.20.0.31 - - [14/Jun/2026:09:22:08 +0000] "HEAD /d1/299/AUTH_33c9a818d6b44d89b83dbce5719ac684" 404 - "HEAD http://swift-internal.openstack.svc:8080/v1/AUTH_33c9a818d6b44d89b83dbce5719ac684?format=json" "tx0a34ad4e651c48cd963d1-006a2e72c0" "proxy-server 10" 0.0006 "-" 23 -
Jun 14 09:22:08 standalone account-server[114680]: 172.20.0.31 - - [14/Jun/2026:09:22:08 +0000] "HEAD /d1/542/AUTH_406e458e888e411b9e499b62fd12318b" 404 - "HEAD http://swift-internal.openstack.svc:8080/v1/AUTH_406e458e888e411b9e499b62fd12318b?format=json" "tx868f302648a14f69bda21-006a2e72c0" "proxy-server 8" 0.0004 "-" 22 -
Jun 14 09:22:09 standalone account-server[114686]: 172.20.0.31 - - [14/Jun/2026:09:22:09 +0000] "HEAD /d1/542/AUTH_406e458e888e411b9e499b62fd12318b" 404 - "HEAD http://swift-internal.openstack.svc:8080/v1/AUTH_406e458e888e411b9e499b62fd12318b?format=json" "tx868f302648a14f69bda21-006a2e72c0" "proxy-server 8" 0.0005 "-" 23 -
Jun 14 09:22:09 standalone account-server[114680]: 172.20.0.31 - - [14/Jun/2026:09:22:09 +0000] "HEAD /d1/240/AUTH_4520486164904d068ba958a91daddbf7" 404 - "HEAD http://swift-internal.openstack.svc:8080/v1/AUTH_4520486164904d068ba958a91daddbf7?format=json" "txf6be64d7477544eeaf71b-006a2e72c1" "proxy-server 15" 0.0003 "-" 22 -
Jun 14 09:22:09 standalone account-server[114686]: 172.20.0.31 - - [14/Jun/2026:09:22:09 +0000] "HEAD /d1/240/AUTH_4520486164904d068ba958a91daddbf7" 404 - "HEAD http://swift-internal.openstack.svc:8080/v1/AUTH_4520486164904d068ba958a91daddbf7?format=json" "txf6be64d7477544eeaf71b-006a2e72c1" "proxy-server 15" 0.0004 "-" 23 -
Jun 14 09:22:09 standalone account-server[114667]: 172.20.0.31 - - [14/Jun/2026:09:22:09 +0000] "HEAD /d1/725/AUTH_58e461faf2ec46d8b05f160aebbbf38d" 404 - "HEAD http://swift-internal.openstack.svc:8080/v1/AUTH_58e461faf2ec46d8b05f160aebbbf38d?format=json" "tx20676061ba36476886a55-006a2e72c1" "proxy-server 10" 0.0006 "-" 20 -
Jun 14 09:22:09 standalone account-server[114677]: 172.20.0.31 - - [14/Jun/2026:09:22:09 +0000] "HEAD /d1/725/AUTH_58e461faf2ec46d8b05f160aebbbf38d" 404 - "HEAD http://swift-internal.openstack.svc:8080/v1/AUTH_58e461faf2ec46d8b05f160aebbbf38d?format=json" "tx20676061ba36476886a55-006a2e72c1" "proxy-server 10" 0.0005 "-" 21 -
Jun 14 09:22:09 standalone account-server[114677]: 172.20.0.31 - - [14/Jun/2026:09:22:09 +0000] "HEAD /d1/29/AUTH_5d976b51130e463aa45498b891c4c295" 204 - "HEAD http://swift-internal.openstack.svc:8080/v1/AUTH_5d976b51130e463aa45498b891c4c295?format=json" "tx09f1cd185a5e4f72841fa-006a2e72c1" "proxy-server 5" 0.0023 "-" 21 -
Jun 14 09:22:09 standalone account-server[114686]: 172.20.0.31 - - [14/Jun/2026:09:22:09 +0000] "HEAD /d1/29/AUTH_5d976b51130e463aa45498b891c4c295" 204 - "HEAD http://swift-internal.openstack.svc:8080/v1/AUTH_5d976b51130e463aa45498b891c4c295?format=json" "tx09f1cd185a5e4f72841fa-006a2e72c1" "proxy-server 5" 0.0015 "-" 23 -
Jun 14 09:22:09 standalone account-server[114686]: 172.20.0.31 - - [14/Jun/2026:09:22:09 +0000] "HEAD /d1/806/AUTH_76c5b10e5f144e84a1b50b2bcff73d90" 404 - "HEAD http://swift-internal.openstack.svc:8080/v1/AUTH_76c5b10e5f144e84a1b50b2bcff73d90?format=json" "tx4cc7a30a65bd4ea2a7091-006a2e72c1" "proxy-server 15" 0.0005 "-" 23 -
Jun 14 09:22:09 standalone account-server[114677]: 172.20.0.31 - - [14/Jun/2026:09:22:09 +0000] "HEAD /d1/806/AUTH_76c5b10e5f144e84a1b50b2bcff73d90" 404 - "HEAD http://swift-internal.openstack.svc:8080/v1/AUTH_76c5b10e5f144e84a1b50b2bcff73d90?format=json" "tx4cc7a30a65bd4ea2a7091-006a2e72c1" "proxy-server 15" 0.0006 "-" 21 -
Jun 14 09:22:09 standalone account-server[114680]: 172.20.0.31 - - [14/Jun/2026:09:22:09 +0000] "HEAD /d1/317/AUTH_90b8ba1500dc424fbb93e88171f97720" 404 - "HEAD http://swift-internal.openstack.svc:8080/v1/AUTH_90b8ba1500dc424fbb93e88171f97720?format=json" "tx2c48a0b8f7d44365908b2-006a2e72c1" "proxy-server 15" 0.0005 "-" 22 -
Jun 14 09:22:09 standalone account-server[114680]: 172.20.0.31 - - [14/Jun/2026:09:22:09 +0000] "HEAD /d1/317/AUTH_90b8ba1500dc424fbb93e88171f97720" 404 - "HEAD http://swift-internal.openstack.svc:8080/v1/AUTH_90b8ba1500dc424fbb93e88171f97720?format=json" "tx2c48a0b8f7d44365908b2-006a2e72c1" "proxy-server 15" 0.0005 "-" 22 -
Jun 14 09:22:09 standalone account-server[114677]: 172.20.0.31 - - [14/Jun/2026:09:22:09 +0000] "HEAD /d1/923/AUTH_a2c2ecadb5974735ba0e44f15b5239ad" 404 - "HEAD http://swift-internal.openstack.svc:8080/v1/AUTH_a2c2ecadb5974735ba0e44f15b5239ad?format=json" "tx8676dcab6a4545f6bf8ac-006a2e72c1" "proxy-server 15" 0.0005 "-" 21 -
Jun 14 09:22:09 standalone account-server[114680]: 172.20.0.31 - - [14/Jun/2026:09:22:09 +0000] "HEAD /d1/923/AUTH_a2c2ecadb5974735ba0e44f15b5239ad" 404 - "HEAD http://swift-internal.openstack.svc:8080/v1/AUTH_a2c2ecadb5974735ba0e44f15b5239ad?format=json" "tx8676dcab6a4545f6bf8ac-006a2e72c1" "proxy-server 15" 0.0005 "-" 22 -
Jun 14 09:22:09 standalone object-server[114903]: Begin object update sweep
Jun 14 09:22:09 standalone object-server[503666]: Object update sweep starting on /srv/node/d1 (pid: 29)
Jun 14 09:22:09 standalone object-server[503666]: Object update sweep completed on /srv/node/d1 in 0.00s seconds:, 0 successes, 0 failures, 0 quarantines, 0 unlinks, 0 errors, 0 redirects (pid: 29)
Jun 14 09:22:09 standalone object-server[503666]: Object update sweep of d1 completed: 0.00s, 0 successes, 0 failures, 0 quarantines, 0 unlinks, 0 errors, 0 redirects
Jun 14 09:22:09 standalone account-server[114680]: 172.20.0.31 - - [14/Jun/2026:09:22:09 +0000] "HEAD /d1/855/AUTH_b0a0e7eebbe44048bb4c331d26be0c4b" 404 - "HEAD http://swift-internal.openstack.svc:8080/v1/AUTH_b0a0e7eebbe44048bb4c331d26be0c4b?format=json" "txdde27d5bc91d4f6db4521-006a2e72c1" "proxy-server 5" 0.0005 "-" 22 -
Jun 14 09:22:09 standalone account-server[114677]: 172.20.0.31 - - [14/Jun/2026:09:22:09 +0000] "HEAD /d1/855/AUTH_b0a0e7eebbe44048bb4c331d26be0c4b" 404 - "HEAD http://swift-internal.openstack.svc:8080/v1/AUTH_b0a0e7eebbe44048bb4c331d26be0c4b?format=json" "txdde27d5bc91d4f6db4521-006a2e72c1" "proxy-server 5" 0.0006 "-" 21 -
Jun 14 09:22:09 standalone account-server[114667]: 172.20.0.31 - - [14/Jun/2026:09:22:09 +0000] "HEAD /d1/831/AUTH_dd4eca7d696a4581a740e226a6167403" 404 - "HEAD http://swift-internal.openstack.svc:8080/v1/AUTH_dd4eca7d696a4581a740e226a6167403?format=json" "tx68c10416c40b4cc9a6e0a-006a2e72c1" "proxy-server 8" 0.0003 "-" 20 -
Jun 14 09:22:09 standalone account-server[114667]: 172.20.0.31 - - [14/Jun/2026:09:22:09 +0000] "HEAD /d1/831/AUTH_dd4eca7d696a4581a740e226a6167403" 404 - "HEAD http://swift-internal.openstack.svc:8080/v1/AUTH_dd4eca7d696a4581a740e226a6167403?format=json" "tx68c10416c40b4cc9a6e0a-006a2e72c1" "proxy-server 8" 0.0002 "-" 20 -
Jun 14 09:22:09 standalone object-server[114903]: Object update sweep completed: 0.08s
Jun 14 09:22:09 standalone account-server[114677]: 172.20.0.31 - - [14/Jun/2026:09:22:09 +0000] "HEAD /d1/326/AUTH_f52479bf2c514d15a9ae1e0645ef5936" 404 - "HEAD http://swift-internal.openstack.svc:8080/v1/AUTH_f52479bf2c514d15a9ae1e0645ef5936?format=json" "tx53e971732bcb4422b691b-006a2e72c1" "proxy-server 5" 0.0005 "-" 21 -
Jun 14 09:22:09 standalone account-server[114677]: 172.20.0.31 - - [14/Jun/2026:09:22:09 +0000] "HEAD /d1/326/AUTH_f52479bf2c514d15a9ae1e0645ef5936" 404 - "HEAD http://swift-internal.openstack.svc:8080/v1/AUTH_f52479bf2c514d15a9ae1e0645ef5936?format=json" "tx53e971732bcb4422b691b-006a2e72c1" "proxy-server 5" 0.0003 "-" 21 -
Jun 14 09:22:09 standalone account-server[114677]: 172.20.0.31 - - [14/Jun/2026:09:22:09 +0000] "GET /d1/299/AUTH_33c9a818d6b44d89b83dbce5719ac684" 404 - "GET http://swift-internal.openstack.svc:8080/v1/AUTH_33c9a818d6b44d89b83dbce5719ac684?format=json" "tx85b40de996ba4496addd6-006a2e72c1" "proxy-server 15" 0.0005 "-" 21 -
Jun 14 09:22:09 standalone account-server[114667]: 172.20.0.31 - - [14/Jun/2026:09:22:09 +0000] "GET /d1/542/AUTH_406e458e888e411b9e499b62fd12318b" 404 - "GET http://swift-internal.openstack.svc:8080/v1/AUTH_406e458e888e411b9e499b62fd12318b?format=json" "txb5ddbbf6f7684f51bdbc5-006a2e72c1" "proxy-server 10" 0.0005 "-" 20 -
Jun 14 09:22:09 standalone account-server[114677]: 172.20.0.31 - - [14/Jun/2026:09:22:09 +0000] "GET /d1/240/AUTH_4520486164904d068ba958a91daddbf7" 404 - "GET http://swift-internal.openstack.svc:8080/v1/AUTH_4520486164904d068ba958a91daddbf7?format=json" "txb1a79bca63984309a9afb-006a2e72c1" "proxy-server 8" 0.0005 "-" 21 -
Jun 14 09:22:09 standalone account-server[114667]: 172.20.0.31 - - [14/Jun/2026:09:22:09 +0000] "GET /d1/725/AUTH_58e461faf2ec46d8b05f160aebbbf38d" 404 - "GET http://swift-internal.openstack.svc:8080/v1/AUTH_58e461faf2ec46d8b05f160aebbbf38d?format=json" "tx7c2a0e2cfbe646428dae9-006a2e72c1" "proxy-server 10" 0.0005 "-" 20 -
Jun 14 09:22:10 standalone account-server[114686]: 172.20.0.31 - - [14/Jun/2026:09:22:10 +0000] "GET /d1/29/AUTH_5d976b51130e463aa45498b891c4c295" 200 99 "GET http://swift-internal.openstack.svc:8080/v1/AUTH_5d976b51130e463aa45498b891c4c295?format=json" "tx94ff38fb729e4157a1f76-006a2e72c2" "proxy-server 8" 0.0029 "-" 23 -
Jun 14 09:22:10 standalone account-server[114667]: 172.20.0.31 - - [14/Jun/2026:09:22:10 +0000] "GET /d1/806/AUTH_76c5b10e5f144e84a1b50b2bcff73d90" 404 - "GET http://swift-internal.openstack.svc:8080/v1/AUTH_76c5b10e5f144e84a1b50b2bcff73d90?format=json" "tx255f2385f7014d51a2883-006a2e72c2" "proxy-server 15" 0.0004 "-" 20 -
Jun 14 09:22:10 standalone account-server[114667]: 172.20.0.31 - - [14/Jun/2026:09:22:10 +0000] "GET /d1/317/AUTH_90b8ba1500dc424fbb93e88171f97720" 404 - "GET http://swift-internal.openstack.svc:8080/v1/AUTH_90b8ba1500dc424fbb93e88171f97720?format=json" "txb3dac244775e40a8a81a3-006a2e72c2" "proxy-server 15" 0.0006 "-" 20 -
Jun 14 09:22:10 standalone account-server[114680]: 172.20.0.31 - - [14/Jun/2026:09:22:10 +0000] "GET /d1/923/AUTH_a2c2ecadb5974735ba0e44f15b5239ad" 404 - "GET http://swift-internal.openstack.svc:8080/v1/AUTH_a2c2ecadb5974735ba0e44f15b5239ad?format=json" "txf9343d7739dc480b8a7af-006a2e72c2" "proxy-server 10" 0.0006 "-" 22 -
Jun 14 09:22:10 standalone account-server[114667]: 172.20.0.31 - - [14/Jun/2026:09:22:10 +0000] "GET /d1/855/AUTH_b0a0e7eebbe44048bb4c331d26be0c4b" 404 - "GET http://swift-internal.openstack.svc:8080/v1/AUTH_b0a0e7eebbe44048bb4c331d26be0c4b?format=json" "tx6360b7aa7f764edf81aae-006a2e72c2" "proxy-server 8" 0.0005 "-" 20 -
Jun 14 09:22:10 standalone account-server[114677]: 172.20.0.31 - - [14/Jun/2026:09:22:10 +0000] "GET /d1/831/AUTH_dd4eca7d696a4581a740e226a6167403" 404 - "GET http://swift-internal.openstack.svc:8080/v1/AUTH_dd4eca7d696a4581a740e226a6167403?format=json" "txc95ef77f270b49549d815-006a2e72c2" "proxy-server 8" 0.0003 "-" 21 -
Jun 14 09:22:10 standalone account-server[114686]: 172.20.0.31 - - [14/Jun/2026:09:22:10 +0000] "GET /d1/326/AUTH_f52479bf2c514d15a9ae1e0645ef5936" 404 - "GET http://swift-internal.openstack.svc:8080/v1/AUTH_f52479bf2c514d15a9ae1e0645ef5936?format=json" "tx041500974d5543b3a7e82-006a2e72c2" "proxy-server 5" 0.0006 "-" 23 -
Jun 14 09:22:56 standalone account-server[114686]: 172.20.0.100 - - [14/Jun/2026:09:22:56 +0000] "HEAD /d1/996/.expiring_objects" 404 - "HEAD http://localhost/v1/.expiring_objects?format=json" "txdb233f80b5314bfe94aae-006a2e72f0" "proxy-server 2" 0.0008 "-" 23 -
Jun 14 09:22:56 standalone object-expirer[114572]: Pass completed in 0s; 0 objects expired (txn: txdb233f80b5314bfe94aae-006a2e72f0)
Jun 14 09:24:30 standalone account-server[114667]: 172.20.0.31 - - [14/Jun/2026:09:24:30 +0000] "HEAD /d1/29/AUTH_5d976b51130e463aa45498b891c4c295" 204 - "HEAD http://swift-internal.openstack.svc:8080/v1/AUTH_5d976b51130e463aa45498b891c4c295?format=json" "txb9d34c4d11c1439cb9998-006a2e734e" "proxy-server 8" 0.0036 "-" 20 -
Jun 14 09:24:31 standalone container-server[114738]: 172.20.0.31 - - [14/Jun/2026:09:24:31 +0000] "HEAD /d1/744/AUTH_5d976b51130e463aa45498b891c4c295/glance" 204 - "HEAD http://swift-internal.openstack.svc:8080/v1/AUTH_5d976b51130e463aa45498b891c4c295/glance?format=json&states=listing" "txb9d34c4d11c1439cb9998-006a2e734e" "proxy-server 8" 0.0033 "-" 21 0
Jun 14 09:24:31 standalone container-server[114738]: 172.20.0.100 - - [14/Jun/2026:09:24:31 +0000] "PUT /d1/744/AUTH_5d976b51130e463aa45498b891c4c295/glance/1132a8be-ac8b-43c7-a746-6aa031643e8e-00001" 201 - "PUT http://swift-internal.openstack.svc:8080/d1/73/AUTH_5d976b51130e463aa45498b891c4c295/glance/1132a8be-ac8b-43c7-a746-6aa031643e8e-00001" "txc3aad273ec974486ad444-006a2e734f" "object-server 24" 0.0013 "-" 21 0
Jun 14 09:24:31 standalone object-server[114937]: 172.20.0.31 - - [14/Jun/2026:09:24:31 +0000] "PUT /d1/73/AUTH_5d976b51130e463aa45498b891c4c295/glance/1132a8be-ac8b-43c7-a746-6aa031643e8e-00001" 201 - "PUT http://swift-internal.openstack.svc:8080/v1/AUTH_5d976b51130e463aa45498b891c4c295/glance/1132a8be-ac8b-43c7-a746-6aa031643e8e-00001" "txc3aad273ec974486ad444-006a2e734f" "proxy-server 8" 0.3070 "-" 24 0
Jun 14 09:24:31 standalone container-server[114738]: 172.20.0.100 - - [14/Jun/2026:09:24:31 +0000] "PUT /d1/744/AUTH_5d976b51130e463aa45498b891c4c295/glance/1132a8be-ac8b-43c7-a746-6aa031643e8e" 201 - "PUT http://swift-internal.openstack.svc:8080/d1/10/AUTH_5d976b51130e463aa45498b891c4c295/glance/1132a8be-ac8b-43c7-a746-6aa031643e8e" "txc0a30aa2100a4282ab899-006a2e734f" "object-server 24" 0.0007 "-" 21 0
Jun 14 09:24:31 standalone object-server[114937]: 172.20.0.31 - - [14/Jun/2026:09:24:31 +0000] "PUT /d1/10/AUTH_5d976b51130e463aa45498b891c4c295/glance/1132a8be-ac8b-43c7-a746-6aa031643e8e" 201 - "PUT http://swift-internal.openstack.svc:8080/v1/AUTH_5d976b51130e463aa45498b891c4c295/glance/1132a8be-ac8b-43c7-a746-6aa031643e8e" "txc0a30aa2100a4282ab899-006a2e734f" "proxy-server 8" 0.0114 "-" 24 0
Jun 14 09:24:31 standalone object-server[114939]: 172.20.0.31 - - [14/Jun/2026:09:24:31 +0000] "HEAD /d1/10/AUTH_5d976b51130e463aa45498b891c4c295/glance/1132a8be-ac8b-43c7-a746-6aa031643e8e" 200 - "HEAD http://swift-internal.openstack.svc:8080/v1/AUTH_5d976b51130e463aa45498b891c4c295/glance/1132a8be-ac8b-43c7-a746-6aa031643e8e" "tx277d42febe67459889280-006a2e734f" "proxy-server 8" 0.0010 "-" 25 0
Jun 14 09:24:31 standalone container-server[114746]: 172.20.0.31 - - [14/Jun/2026:09:24:31 +0000] "GET /d1/744/AUTH_5d976b51130e463aa45498b891c4c295/glance" 200 210 "GET http://swift-internal.openstack.svc:8080/v1/AUTH_5d976b51130e463aa45498b891c4c295/glance?prefix=1132a8be-ac8b-43c7-a746-6aa031643e8e-&format=json&states=listing" "tx277d42febe67459889280-006a2e734f" "proxy-server 8" 0.0124 "-" 22 0
Jun 14 09:24:31 standalone container-server[114752]: 172.20.0.31 - - [14/Jun/2026:09:24:31 +0000] "GET /d1/744/AUTH_5d976b51130e463aa45498b891c4c295/glance" 200 210 "GET http://swift-internal.openstack.svc:8080/v1/AUTH_5d976b51130e463aa45498b891c4c295/glance?format=json&prefix=1132a8be-ac8b-43c7-a746-6aa031643e8e-&states=listing" "tx081359559401474396018-006a2e734f" "proxy-server 8" 0.0038 "-" 23 0
Jun 14 09:24:31 standalone container-server[114738]: 172.20.0.100 - - [14/Jun/2026:09:24:31 +0000] "DELETE /d1/744/AUTH_5d976b51130e463aa45498b891c4c295/glance/1132a8be-ac8b-43c7-a746-6aa031643e8e-00001" 204 - "DELETE http://swift-internal.openstack.svc:8080/d1/73/AUTH_5d976b51130e463aa45498b891c4c295/glance/1132a8be-ac8b-43c7-a746-6aa031643e8e-00001" "txca0b3deb9b234e6ca8e2c-006a2e734f" "object-server 23" 0.0007 "-" 21 0
Jun 14 09:24:31 standalone object-server[114936]: 172.20.0.31 - - [14/Jun/2026:09:24:31 +0000] "DELETE /d1/73/AUTH_5d976b51130e463aa45498b891c4c295/glance/1132a8be-ac8b-43c7-a746-6aa031643e8e-00001" 204 - "DELETE http://swift-internal.openstack.svc:8080/v1/AUTH_5d976b51130e463aa45498b891c4c295/glance/1132a8be-ac8b-43c7-a746-6aa031643e8e-00001" "txca0b3deb9b234e6ca8e2c-006a2e734f" "proxy-server 8" 0.0085 "-" 23 0
Jun 14 09:24:31 standalone container-server[114738]: 172.20.0.100 - - [14/Jun/2026:09:24:31 +0000] "DELETE /d1/744/AUTH_5d976b51130e463aa45498b891c4c295/glance/1132a8be-ac8b-43c7-a746-6aa031643e8e" 204 - "DELETE http://swift-internal.openstack.svc:8080/d1/10/AUTH_5d976b51130e463aa45498b891c4c295/glance/1132a8be-ac8b-43c7-a746-6aa031643e8e" "txc3a008fdfae5406c8df74-006a2e734f" "object-server 24" 0.0009 "-" 21 0
Jun 14 09:24:31 standalone object-server[114937]: 172.20.0.31 - - [14/Jun/2026:09:24:31 +0000] "DELETE /d1/10/AUTH_5d976b51130e463aa45498b891c4c295/glance/1132a8be-ac8b-43c7-a746-6aa031643e8e" 204 - "DELETE http://swift-internal.openstack.svc:8080/v1/AUTH_5d976b51130e463aa45498b891c4c295/glance/1132a8be-ac8b-43c7-a746-6aa031643e8e" "txc3a008fdfae5406c8df74-006a2e734f" "proxy-server 8" 0.0103 "-" 24 0
Jun 14 09:25:26 standalone account-server[114667]: 172.20.0.100 - - [14/Jun/2026:09:25:26 +0000] "HEAD /d1/996/.expiring_objects" 404 - "HEAD http://localhost/v1/.expiring_objects?format=json" "txe5b0590c1a874fca8808b-006a2e7386" "proxy-server 2" 0.0007 "-" 20 -
Jun 14 09:25:26 standalone object-expirer[114572]: Pass completed in 0s; 0 objects expired (txn: txe5b0590c1a874fca8808b-006a2e7386)
Jun 14 09:26:06 standalone container-server[114547]: Begin container update sweep
Jun 14 09:26:06 standalone container-server[114547]: Container update sweep completed: 0.10s