Jun 14 08:37:10 standalone account-server[114680]: 172.20.0.31 - - [14/Jun/2026:08:37:10 +0000] "HEAD /d1/806/AUTH_76c5b10e5f144e84a1b50b2bcff73d90" 404 - "HEAD http://swift-internal.openstack.svc:8080/v1/AUTH_76c5b10e5f144e84a1b50b2bcff73d90?format=json" "tx73610c0c4754440392f9e-006a2e6836" "proxy-server 15" 0.0004 "-" 22 -
Jun 14 08:37:10 standalone account-server[114667]: 172.20.0.31 - - [14/Jun/2026:08:37:10 +0000] "HEAD /d1/317/AUTH_90b8ba1500dc424fbb93e88171f97720" 404 - "HEAD http://swift-internal.openstack.svc:8080/v1/AUTH_90b8ba1500dc424fbb93e88171f97720?format=json" "tx087f1c9b7b7440d8a3a44-006a2e6836" "proxy-server 14" 0.0004 "-" 20 -
Jun 14 08:37:10 standalone account-server[114677]: 172.20.0.31 - - [14/Jun/2026:08:37:10 +0000] "HEAD /d1/855/AUTH_b0a0e7eebbe44048bb4c331d26be0c4b" 404 - "HEAD http://swift-internal.openstack.svc:8080/v1/AUTH_b0a0e7eebbe44048bb4c331d26be0c4b?format=json" "tx3b70f9ee20b04cdebb0d4-006a2e6836" "proxy-server 8" 0.0003 "-" 21 -
Jun 14 08:37:43 standalone account-server[114686]: 172.20.0.100 - - [14/Jun/2026:08:37:43 +0000] "HEAD /d1/996/.expiring_objects" 404 - "HEAD http://localhost/v1/.expiring_objects?format=json" "tx723b242d1bfc4b4480ac3-006a2e6857" "proxy-server 2" 0.0006 "-" 23 -
Jun 14 08:37:43 standalone object-expirer[114572]: Pass completed in 0s; 0 objects expired (txn: tx723b242d1bfc4b4480ac3-006a2e6857)
Jun 14 08:40:23 standalone account-server[114667]: 172.20.0.100 - - [14/Jun/2026:08:40:23 +0000] "HEAD /d1/996/.expiring_objects" 404 - "HEAD http://localhost/v1/.expiring_objects?format=json" "tx9f98b0b8692d44948ed52-006a2e68f7" "proxy-server 2" 0.0006 "-" 20 -
Jun 14 08:40:23 standalone object-expirer[114572]: Pass completed in 0s; 0 objects expired (txn: tx9f98b0b8692d44948ed52-006a2e68f7)
Jun 14 08:40:30 standalone proxy-server[116212]: SIGTERM received (2)
Jun 14 08:40:30 standalone proxy-server[116212]: Exited (2)
Jun 14 08:41:05 standalone container-server[114547]: Begin container update sweep
Jun 14 08:41:05 standalone container-server[114547]: Container update sweep completed: 0.08s
Jun 14 08:41:40 standalone account-server[114686]: 172.20.0.100 - - [14/Jun/2026:08:41:40 +0000] "HEAD /d1/996/.expiring_objects" 404 - "HEAD http://localhost/v1/.expiring_objects?format=json" "tx3feb02a997b047b3bf20e-006a2e6944" "proxy-server 2" 0.0006 "-" 23 -
Jun 14 08:41:40 standalone object-expirer[114572]: Pass completed in 0s; 0 objects expired (txn: tx3feb02a997b047b3bf20e-006a2e6944)
Jun 14 08:42:07 standalone object-server[114903]: Begin object update sweep
Jun 14 08:42:07 standalone object-server[313994]: Object update sweep starting on /srv/node/d1 (pid: 21)
Jun 14 08:42:07 standalone object-server[313994]: Object update sweep completed on /srv/node/d1 in 0.00s seconds:, 0 successes, 0 failures, 0 quarantines, 0 unlinks, 0 errors, 0 redirects (pid: 21)
Jun 14 08:42:07 standalone object-server[313994]: Object update sweep of d1 completed: 0.00s, 0 successes, 0 failures, 0 quarantines, 0 unlinks, 0 errors, 0 redirects
Jun 14 08:42:07 standalone object-server[114903]: Object update sweep completed: 0.08s
Jun 14 08:42:08 standalone account-server[114677]: 172.20.0.31 - - [14/Jun/2026:08:42:08 +0000] "HEAD /d1/29/AUTH_5d976b51130e463aa45498b891c4c295" 204 - "HEAD http://swift-internal.openstack.svc:8080/v1/AUTH_5d976b51130e463aa45498b891c4c295?format=json" "tx3d673f99320e429390548-006a2e6960" "proxy-server 13" 0.0025 "-" 21 -
Jun 14 08:42:09 standalone account-server[114677]: 172.20.0.31 - - [14/Jun/2026:08:42:09 +0000] "GET /d1/29/AUTH_5d976b51130e463aa45498b891c4c295" 200 98 "GET http://swift-internal.openstack.svc:8080/v1/AUTH_5d976b51130e463aa45498b891c4c295?format=json" "tx3d673f99320e429390548-006a2e6960" "proxy-server 13" 0.0030 "-" 21 -
Jun 14 08:42:09 standalone account-server[114677]: 172.20.0.31 - - [14/Jun/2026:08:42:09 +0000] "HEAD /d1/806/AUTH_76c5b10e5f144e84a1b50b2bcff73d90" 404 - "HEAD http://swift-internal.openstack.svc:8080/v1/AUTH_76c5b10e5f144e84a1b50b2bcff73d90?format=json" "tx466810d115df4475b0bb8-006a2e6961" "proxy-server 11" 0.0007 "-" 21 -
Jun 14 08:42:09 standalone account-server[114667]: 172.20.0.31 - - [14/Jun/2026:08:42:09 +0000] "GET /d1/806/AUTH_76c5b10e5f144e84a1b50b2bcff73d90" 404 - "GET http://swift-internal.openstack.svc:8080/v1/AUTH_76c5b10e5f144e84a1b50b2bcff73d90?format=json" "tx466810d115df4475b0bb8-006a2e6961" "proxy-server 11" 0.0006 "-" 20 -
Jun 14 08:42:09 standalone account-server[114686]: 172.20.0.31 - - [14/Jun/2026:08:42:09 +0000] "HEAD /d1/317/AUTH_90b8ba1500dc424fbb93e88171f97720" 404 - "HEAD http://swift-internal.openstack.svc:8080/v1/AUTH_90b8ba1500dc424fbb93e88171f97720?format=json" "tx9439961362d441b68f092-006a2e6961" "proxy-server 5" 0.0005 "-" 23 -
Jun 14 08:42:09 standalone account-server[114677]: 172.20.0.31 - - [14/Jun/2026:08:42:09 +0000] "GET /d1/317/AUTH_90b8ba1500dc424fbb93e88171f97720" 404 - "GET http://swift-internal.openstack.svc:8080/v1/AUTH_90b8ba1500dc424fbb93e88171f97720?format=json" "tx9439961362d441b68f092-006a2e6961" "proxy-server 5" 0.0004 "-" 21 -
Jun 14 08:42:09 standalone account-server[114677]: 172.20.0.31 - - [14/Jun/2026:08:42:09 +0000] "HEAD /d1/855/AUTH_b0a0e7eebbe44048bb4c331d26be0c4b" 404 - "HEAD http://swift-internal.openstack.svc:8080/v1/AUTH_b0a0e7eebbe44048bb4c331d26be0c4b?format=json" "txff5fb8853729447a935e4-006a2e6961" "proxy-server 14" 0.0004 "-" 21 -
Jun 14 08:42:10 standalone account-server[114667]: 172.20.0.31 - - [14/Jun/2026:08:42:10 +0000] "GET /d1/855/AUTH_b0a0e7eebbe44048bb4c331d26be0c4b" 404 - "GET http://swift-internal.openstack.svc:8080/v1/AUTH_b0a0e7eebbe44048bb4c331d26be0c4b?format=json" "txff5fb8853729447a935e4-006a2e6961" "proxy-server 14" 0.0005 "-" 20 -
Jun 14 08:42:10 standalone account-server[114677]: 172.20.0.31 - - [14/Jun/2026:08:42:10 +0000] "HEAD /d1/29/AUTH_5d976b51130e463aa45498b891c4c295" 204 - "HEAD http://swift-internal.openstack.svc:8080/v1/AUTH_5d976b51130e463aa45498b891c4c295?format=json" "tx9245eeda2067418fbf076-006a2e6962" "proxy-server 5" 0.0023 "-" 21 -
Jun 14 08:42:10 standalone account-server[114680]: 172.20.0.31 - - [14/Jun/2026:08:42:10 +0000] "HEAD /d1/806/AUTH_76c5b10e5f144e84a1b50b2bcff73d90" 404 - "HEAD http://swift-internal.openstack.svc:8080/v1/AUTH_76c5b10e5f144e84a1b50b2bcff73d90?format=json" "txa2b14bd1ce34457187c8b-006a2e6962" "proxy-server 11" 0.0005 "-" 22 -
Jun 14 08:42:10 standalone account-server[114680]: 172.20.0.31 - - [14/Jun/2026:08:42:10 +0000] "HEAD /d1/317/AUTH_90b8ba1500dc424fbb93e88171f97720" 404 - "HEAD http://swift-internal.openstack.svc:8080/v1/AUTH_90b8ba1500dc424fbb93e88171f97720?format=json" "tx1be670c27f3d4a658d6fb-006a2e6962" "proxy-server 13" 0.0003 "-" 22 -
Jun 14 08:42:10 standalone account-server[114686]: 172.20.0.31 - - [14/Jun/2026:08:42:10 +0000] "HEAD /d1/855/AUTH_b0a0e7eebbe44048bb4c331d26be0c4b" 404 - "HEAD http://swift-internal.openstack.svc:8080/v1/AUTH_b0a0e7eebbe44048bb4c331d26be0c4b?format=json" "tx76dde23f492f4a268c3a9-006a2e6962" "proxy-server 14" 0.0003 "-" 23 -
Jun 14 08:44:37 standalone account-server[114686]: 172.20.0.100 - - [14/Jun/2026:08:44:37 +0000] "HEAD /d1/996/.expiring_objects" 404 - "HEAD http://localhost/v1/.expiring_objects?format=json" "tx6fbd28e5faf6415ea8a6f-006a2e69f5" "proxy-server 2" 0.0006 "-" 23 -
Jun 14 08:44:37 standalone object-expirer[114572]: Pass completed in 0s; 0 objects expired (txn: tx6fbd28e5faf6415ea8a6f-006a2e69f5)
Jun 14 08:46:05 standalone container-server[114547]: Begin container update sweep
Jun 14 08:46:05 standalone container-server[114547]: Container update sweep completed: 0.08s
Jun 14 08:47:07 standalone object-server[114903]: Begin object update sweep
Jun 14 08:47:07 standalone object-server[326079]: Object update sweep starting on /srv/node/d1 (pid: 22)
Jun 14 08:47:07 standalone object-server[326079]: Object update sweep completed on /srv/node/d1 in 0.00s seconds:, 0 successes, 0 failures, 0 quarantines, 0 unlinks, 0 errors, 0 redirects (pid: 22)
Jun 14 08:47:07 standalone object-server[326079]: Object update sweep of d1 completed: 0.00s, 0 successes, 0 failures, 0 quarantines, 0 unlinks, 0 errors, 0 redirects
Jun 14 08:47:07 standalone object-server[114903]: Object update sweep completed: 0.08s
Jun 14 08:47:09 standalone account-server[114680]: 172.20.0.31 - - [14/Jun/2026:08:47:09 +0000] "HEAD /d1/29/AUTH_5d976b51130e463aa45498b891c4c295" 204 - "HEAD http://swift-internal.openstack.svc:8080/v1/AUTH_5d976b51130e463aa45498b891c4c295?format=json" "tx1d83bd118d2e44ea98c8d-006a2e6a8d" "proxy-server 8" 0.0017 "-" 22 -
Jun 14 08:47:09 standalone account-server[114677]: 172.20.0.31 - - [14/Jun/2026:08:47:09 +0000] "GET /d1/29/AUTH_5d976b51130e463aa45498b891c4c295" 200 98 "GET http://swift-internal.openstack.svc:8080/v1/AUTH_5d976b51130e463aa45498b891c4c295?format=json" "tx1d83bd118d2e44ea98c8d-006a2e6a8d" "proxy-server 8" 0.0019 "-" 21 -
Jun 14 08:47:09 standalone account-server[114667]: 172.20.0.31 - - [14/Jun/2026:08:47:09 +0000] "HEAD /d1/806/AUTH_76c5b10e5f144e84a1b50b2bcff73d90" 404 - "HEAD http://swift-internal.openstack.svc:8080/v1/AUTH_76c5b10e5f144e84a1b50b2bcff73d90?format=json" "tx75ed74269fab407f8aefa-006a2e6a8d" "proxy-server 8" 0.0004 "-" 20 -
Jun 14 08:47:09 standalone account-server[114677]: 172.20.0.31 - - [14/Jun/2026:08:47:09 +0000] "GET /d1/806/AUTH_76c5b10e5f144e84a1b50b2bcff73d90" 404 - "GET http://swift-internal.openstack.svc:8080/v1/AUTH_76c5b10e5f144e84a1b50b2bcff73d90?format=json" "tx75ed74269fab407f8aefa-006a2e6a8d" "proxy-server 8" 0.0003 "-" 21 -
Jun 14 08:47:09 standalone account-server[114686]: 172.20.0.31 - - [14/Jun/2026:08:47:09 +0000] "HEAD /d1/317/AUTH_90b8ba1500dc424fbb93e88171f97720" 404 - "HEAD http://swift-internal.openstack.svc:8080/v1/AUTH_90b8ba1500dc424fbb93e88171f97720?format=json" "txe164fc49fe434bc284581-006a2e6a8d" "proxy-server 5" 0.0004 "-" 23 -
Jun 14 08:47:09 standalone account-server[114677]: 172.20.0.31 - - [14/Jun/2026:08:47:09 +0000] "GET /d1/317/AUTH_90b8ba1500dc424fbb93e88171f97720" 404 - "GET http://swift-internal.openstack.svc:8080/v1/AUTH_90b8ba1500dc424fbb93e88171f97720?format=json" "txe164fc49fe434bc284581-006a2e6a8d" "proxy-server 5" 0.0004 "-" 21 -
Jun 14 08:47:09 standalone account-server[114680]: 172.20.0.31 - - [14/Jun/2026:08:47:09 +0000] "HEAD /d1/855/AUTH_b0a0e7eebbe44048bb4c331d26be0c4b" 404 - "HEAD http://swift-internal.openstack.svc:8080/v1/AUTH_b0a0e7eebbe44048bb4c331d26be0c4b?format=json" "txeff5a1d6b6ed4b59ab970-006a2e6a8d" "proxy-server 8" 0.0003 "-" 22 -
Jun 14 08:47:09 standalone account-server[114667]: 172.20.0.31 - - [14/Jun/2026:08:47:09 +0000] "GET /d1/855/AUTH_b0a0e7eebbe44048bb4c331d26be0c4b" 404 - "GET http://swift-internal.openstack.svc:8080/v1/AUTH_b0a0e7eebbe44048bb4c331d26be0c4b?format=json" "txeff5a1d6b6ed4b59ab970-006a2e6a8d" "proxy-server 8" 0.0003 "-" 20 -
Jun 14 08:47:09 standalone account-server[114686]: 172.20.0.31 - - [14/Jun/2026:08:47:09 +0000] "HEAD /d1/29/AUTH_5d976b51130e463aa45498b891c4c295" 204 - "HEAD http://swift-internal.openstack.svc:8080/v1/AUTH_5d976b51130e463aa45498b891c4c295?format=json" "tx25f933c2bdf14814885f5-006a2e6a8d" "proxy-server 8" 0.0013 "-" 23 -
Jun 14 08:47:09 standalone account-server[114686]: 172.20.0.31 - - [14/Jun/2026:08:47:09 +0000] "HEAD /d1/806/AUTH_76c5b10e5f144e84a1b50b2bcff73d90" 404 - "HEAD http://swift-internal.openstack.svc:8080/v1/AUTH_76c5b10e5f144e84a1b50b2bcff73d90?format=json" "tx90e7046ea02e49579cc4a-006a2e6a8d" "proxy-server 8" 0.0002 "-" 23 -
Jun 14 08:47:09 standalone account-server[114686]: 172.20.0.31 - - [14/Jun/2026:08:47:09 +0000] "HEAD /d1/317/AUTH_90b8ba1500dc424fbb93e88171f97720" 404 - "HEAD http://swift-internal.openstack.svc:8080/v1/AUTH_90b8ba1500dc424fbb93e88171f97720?format=json" "tx603a5b8967364bf297fa9-006a2e6a8d" "proxy-server 5" 0.0002 "-" 23 -
Jun 14 08:47:10 standalone account-server[114686]: 172.20.0.31 - - [14/Jun/2026:08:47:10 +0000] "HEAD /d1/855/AUTH_b0a0e7eebbe44048bb4c331d26be0c4b" 404 - "HEAD http://swift-internal.openstack.svc:8080/v1/AUTH_b0a0e7eebbe44048bb4c331d26be0c4b?format=json" "txb7a3e6db6125419aaf9de-006a2e6a8e" "proxy-server 5" 0.0002 "-" 23 -
Jun 14 08:48:09 standalone account-server[114667]: 172.20.0.100 - - [14/Jun/2026:08:48:09 +0000] "HEAD /d1/996/.expiring_objects" 404 - "HEAD http://localhost/v1/.expiring_objects?format=json" "txb45ee1ca5fea49a886965-006a2e6ac9" "proxy-server 2" 0.0008 "-" 20 -
Jun 14 08:48:09 standalone object-expirer[114572]: Pass completed in 0s; 0 objects expired (txn: txb45ee1ca5fea49a886965-006a2e6ac9)
Jun 14 08:49:46 standalone account-server[114686]: 172.20.0.100 - - [14/Jun/2026:08:49:46 +0000] "HEAD /d1/996/.expiring_objects" 404 - "HEAD http://localhost/v1/.expiring_objects?format=json" "tx7058db244f984c4298d14-006a2e6b2a" "proxy-server 2" 0.0005 "-" 23 -
Jun 14 08:49:46 standalone object-expirer[114572]: Pass completed in 0s; 0 objects expired (txn: tx7058db244f984c4298d14-006a2e6b2a)
Jun 14 08:51:05 standalone container-server[114547]: Begin container update sweep
Jun 14 08:51:05 standalone container-server[114547]: Container update sweep completed: 0.08s
Jun 14 08:52:07 standalone object-server[114903]: Begin object update sweep
Jun 14 08:52:07 standalone object-server[345978]: Object update sweep starting on /srv/node/d1 (pid: 23)
Jun 14 08:52:07 standalone object-server[345978]: Object update sweep completed on /srv/node/d1 in 0.00s seconds:, 0 successes, 0 failures, 0 quarantines, 0 unlinks, 0 errors, 0 redirects (pid: 23)
Jun 14 08:52:07 standalone object-server[345978]: Object update sweep of d1 completed: 0.00s, 0 successes, 0 failures, 0 quarantines, 0 unlinks, 0 errors, 0 redirects
Jun 14 08:52:07 standalone object-server[114903]: Object update sweep completed: 0.06s
Jun 14 08:52:08 standalone account-server[114677]: 172.20.0.31 - - [14/Jun/2026:08:52:08 +0000] "HEAD /d1/29/AUTH_5d976b51130e463aa45498b891c4c295" 204 - "HEAD http://swift-internal.openstack.svc:8080/v1/AUTH_5d976b51130e463aa45498b891c4c295?format=json" "txc593fdff3a14403f96c2b-006a2e6bb8" "proxy-server 11" 0.0020 "-" 21 -
Jun 14 08:52:08 standalone account-server[114667]: 172.20.0.31 - - [14/Jun/2026:08:52:08 +0000] "GET /d1/29/AUTH_5d976b51130e463aa45498b891c4c295" 200 98 "GET http://swift-internal.openstack.svc:8080/v1/AUTH_5d976b51130e463aa45498b891c4c295?format=json" "txc593fdff3a14403f96c2b-006a2e6bb8" "proxy-server 11" 0.0027 "-" 20 -
Jun 14 08:52:09 standalone account-server[114667]: 172.20.0.31 - - [14/Jun/2026:08:52:09 +0000] "HEAD /d1/806/AUTH_76c5b10e5f144e84a1b50b2bcff73d90" 404 - "HEAD http://swift-internal.openstack.svc:8080/v1/AUTH_76c5b10e5f144e84a1b50b2bcff73d90?format=json" "tx14c6bc079c1e4c2aba5a6-006a2e6bb9" "proxy-server 14" 0.0004 "-" 20 -
Jun 14 08:52:09 standalone account-server[114680]: 172.20.0.31 - - [14/Jun/2026:08:52:09 +0000] "GET /d1/806/AUTH_76c5b10e5f144e84a1b50b2bcff73d90" 404 - "GET http://swift-internal.openstack.svc:8080/v1/AUTH_76c5b10e5f144e84a1b50b2bcff73d90?format=json" "tx14c6bc079c1e4c2aba5a6-006a2e6bb9" "proxy-server 14" 0.0006 "-" 22 -
Jun 14 08:52:09 standalone account-server[114667]: 172.20.0.31 - - [14/Jun/2026:08:52:09 +0000] "HEAD /d1/317/AUTH_90b8ba1500dc424fbb93e88171f97720" 404 - "HEAD http://swift-internal.openstack.svc:8080/v1/AUTH_90b8ba1500dc424fbb93e88171f97720?format=json" "tx37a11699e0b84383a5331-006a2e6bb9" "proxy-server 14" 0.0004 "-" 20 -
Jun 14 08:52:09 standalone account-server[114677]: 172.20.0.31 - - [14/Jun/2026:08:52:09 +0000] "GET /d1/317/AUTH_90b8ba1500dc424fbb93e88171f97720" 404 - "GET http://swift-internal.openstack.svc:8080/v1/AUTH_90b8ba1500dc424fbb93e88171f97720?format=json" "tx37a11699e0b84383a5331-006a2e6bb9" "proxy-server 14" 0.0009 "-" 21 -
Jun 14 08:52:09 standalone account-server[114677]: 172.20.0.31 - - [14/Jun/2026:08:52:09 +0000] "HEAD /d1/855/AUTH_b0a0e7eebbe44048bb4c331d26be0c4b" 404 - "HEAD http://swift-internal.openstack.svc:8080/v1/AUTH_b0a0e7eebbe44048bb4c331d26be0c4b?format=json" "txbc66e8db211f4fc3abc4c-006a2e6bb9" "proxy-server 10" 0.0004 "-" 21 -
Jun 14 08:52:09 standalone account-server[114677]: 172.20.0.31 - - [14/Jun/2026:08:52:09 +0000] "GET /d1/855/AUTH_b0a0e7eebbe44048bb4c331d26be0c4b" 404 - "GET http://swift-internal.openstack.svc:8080/v1/AUTH_b0a0e7eebbe44048bb4c331d26be0c4b?format=json" "txbc66e8db211f4fc3abc4c-006a2e6bb9" "proxy-server 10" 0.0004 "-" 21 -
Jun 14 08:52:10 standalone account-server[114667]: 172.20.0.31 - - [14/Jun/2026:08:52:10 +0000] "HEAD /d1/29/AUTH_5d976b51130e463aa45498b891c4c295" 204 - "HEAD http://swift-internal.openstack.svc:8080/v1/AUTH_5d976b51130e463aa45498b891c4c295?format=json" "tx0ab072f1e21d4ddeaf431-006a2e6bba" "proxy-server 11" 0.0018 "-" 20 -
Jun 14 08:52:10 standalone account-server[114667]: 172.20.0.31 - - [14/Jun/2026:08:52:10 +0000] "HEAD /d1/806/AUTH_76c5b10e5f144e84a1b50b2bcff73d90" 404 - "HEAD http://swift-internal.openstack.svc:8080/v1/AUTH_76c5b10e5f144e84a1b50b2bcff73d90?format=json" "txf76adef4d1df40b99c78c-006a2e6bba" "proxy-server 11" 0.0004 "-" 20 -
Jun 14 08:52:10 standalone account-server[114667]: 172.20.0.31 - - [14/Jun/2026:08:52:10 +0000] "HEAD /d1/317/AUTH_90b8ba1500dc424fbb93e88171f97720" 404 - "HEAD http://swift-internal.openstack.svc:8080/v1/AUTH_90b8ba1500dc424fbb93e88171f97720?format=json" "txa8a27460591f416fb3e3b-006a2e6bba" "proxy-server 11" 0.0004 "-" 20 -
Jun 14 08:52:10 standalone account-server[114677]: 172.20.0.31 - - [14/Jun/2026:08:52:10 +0000] "HEAD /d1/855/AUTH_b0a0e7eebbe44048bb4c331d26be0c4b" 404 - "HEAD http://swift-internal.openstack.svc:8080/v1/AUTH_b0a0e7eebbe44048bb4c331d26be0c4b?format=json" "tx8915490260f14cfbbfad5-006a2e6bba" "proxy-server 11" 0.0004 "-" 21 -
Jun 14 08:52:57 standalone account-server[114147]: Devices pass completed: 0.00s
Jun 14 08:54:14 standalone account-server[114686]: 172.20.0.100 - - [14/Jun/2026:08:54:14 +0000] "HEAD /d1/996/.expiring_objects" 404 - "HEAD http://localhost/v1/.expiring_objects?format=json" "tx102c046527214d61b54f2-006a2e6c36" "proxy-server 2" 0.0006 "-" 23 -
Jun 14 08:54:14 standalone object-expirer[114572]: Pass completed in 0s; 0 objects expired (txn: tx102c046527214d61b54f2-006a2e6c36)
Jun 14 08:56:05 standalone container-server[114547]: Begin container update sweep
Jun 14 08:56:05 standalone container-server[114547]: Container update sweep completed: 0.08s
Jun 14 08:57:07 standalone object-server[114903]: Begin object update sweep
Jun 14 08:57:07 standalone object-server[385447]: Object update sweep starting on /srv/node/d1 (pid: 24)
Jun 14 08:57:07 standalone object-server[385447]: Object update sweep completed on /srv/node/d1 in 0.00s seconds:, 0 successes, 0 failures, 0 quarantines, 0 unlinks, 0 errors, 0 redirects (pid: 24)
Jun 14 08:57:07 standalone object-server[385447]: Object update sweep of d1 completed: 0.00s, 0 successes, 0 failures, 0 quarantines, 0 unlinks, 0 errors, 0 redirects
Jun 14 08:57:07 standalone object-server[114903]: Object update sweep completed: 0.08s
Jun 14 08:57:09 standalone account-server[114667]: 172.20.0.31 - - [14/Jun/2026:08:57:09 +0000] "HEAD /d1/29/AUTH_5d976b51130e463aa45498b891c4c295" 204 - "HEAD http://swift-internal.openstack.svc:8080/v1/AUTH_5d976b51130e463aa45498b891c4c295?format=json" "tx2f2eac9c4b054584b6632-006a2e6ce5" "proxy-server 9" 0.0027 "-" 20 -
Jun 14 08:57:10 standalone account-server[114680]: 172.20.0.31 - - [14/Jun/2026:08:57:10 +0000] "HEAD /d1/29/AUTH_5d976b51130e463aa45498b891c4c295" 204 - "HEAD http://swift-internal.openstack.svc:8080/v1/AUTH_5d976b51130e463aa45498b891c4c295?format=json" "tx2f2eac9c4b054584b6632-006a2e6ce5" "proxy-server 9" 0.0026 "-" 22 -
Jun 14 08:57:10 standalone account-server[114686]: 172.20.0.31 - - [14/Jun/2026:08:57:10 +0000] "HEAD /d1/806/AUTH_76c5b10e5f144e84a1b50b2bcff73d90" 404 - "HEAD http://swift-internal.openstack.svc:8080/v1/AUTH_76c5b10e5f144e84a1b50b2bcff73d90?format=json" "txf420cadb014a422aa93eb-006a2e6ce6" "proxy-server 9" 0.0003 "-" 23 -
Jun 14 08:57:10 standalone account-server[114686]: 172.20.0.31 - - [14/Jun/2026:08:57:10 +0000] "HEAD /d1/806/AUTH_76c5b10e5f144e84a1b50b2bcff73d90" 404 - "HEAD http://swift-internal.openstack.svc:8080/v1/AUTH_76c5b10e5f144e84a1b50b2bcff73d90?format=json" "txf420cadb014a422aa93eb-006a2e6ce6" "proxy-server 9" 0.0002 "-" 23 -
Jun 14 08:57:10 standalone account-server[114667]: 172.20.0.31 - - [14/Jun/2026:08:57:10 +0000] "HEAD /d1/317/AUTH_90b8ba1500dc424fbb93e88171f97720" 404 - "HEAD http://swift-internal.openstack.svc:8080/v1/AUTH_90b8ba1500dc424fbb93e88171f97720?format=json" "tx5483094ae1bb478aabcdc-006a2e6ce6" "proxy-server 7" 0.0005 "-" 20 -
Jun 14 08:57:10 standalone account-server[114686]: 172.20.0.31 - - [14/Jun/2026:08:57:10 +0000] "HEAD /d1/317/AUTH_90b8ba1500dc424fbb93e88171f97720" 404 - "HEAD http://swift-internal.openstack.svc:8080/v1/AUTH_90b8ba1500dc424fbb93e88171f97720?format=json" "tx5483094ae1bb478aabcdc-006a2e6ce6" "proxy-server 7" 0.0003 "-" 23 -
Jun 14 08:57:10 standalone account-server[114667]: 172.20.0.31 - - [14/Jun/2026:08:57:10 +0000] "HEAD /d1/855/AUTH_b0a0e7eebbe44048bb4c331d26be0c4b" 404 - "HEAD http://swift-internal.openstack.svc:8080/v1/AUTH_b0a0e7eebbe44048bb4c331d26be0c4b?format=json" "tx085565f7115e4b90b1f77-006a2e6ce6" "proxy-server 9" 0.0007 "-" 20 -
Jun 14 08:57:10 standalone account-server[114686]: 172.20.0.31 - - [14/Jun/2026:08:57:10 +0000] "HEAD /d1/855/AUTH_b0a0e7eebbe44048bb4c331d26be0c4b" 404 - "HEAD http://swift-internal.openstack.svc:8080/v1/AUTH_b0a0e7eebbe44048bb4c331d26be0c4b?format=json" "tx085565f7115e4b90b1f77-006a2e6ce6" "proxy-server 9" 0.0003 "-" 23 -
Jun 14 08:57:10 standalone account-server[114686]: 172.20.0.31 - - [14/Jun/2026:08:57:10 +0000] "GET /d1/29/AUTH_5d976b51130e463aa45498b891c4c295" 200 98 "GET http://swift-internal.openstack.svc:8080/v1/AUTH_5d976b51130e463aa45498b891c4c295?format=json" "txc671fa0f2cde4996ae047-006a2e6ce6" "proxy-server 9" 0.0032 "-" 23 -
Jun 14 08:57:10 standalone account-server[114677]: 172.20.0.31 - - [14/Jun/2026:08:57:10 +0000] "GET /d1/806/AUTH_76c5b10e5f144e84a1b50b2bcff73d90" 404 - "GET http://swift-internal.openstack.svc:8080/v1/AUTH_76c5b10e5f144e84a1b50b2bcff73d90?format=json" "tx9fcc49b0dfb74283b9286-006a2e6ce6" "proxy-server 9" 0.0005 "-" 21 -
Jun 14 08:57:10 standalone account-server[114677]: 172.20.0.31 - - [14/Jun/2026:08:57:10 +0000] "GET /d1/317/AUTH_90b8ba1500dc424fbb93e88171f97720" 404 - "GET http://swift-internal.openstack.svc:8080/v1/AUTH_90b8ba1500dc424fbb93e88171f97720?format=json" "tx2ce6af266a284470b1fce-006a2e6ce6" "proxy-server 9" 0.0006 "-" 21 -
Jun 14 08:57:10 standalone account-server[114686]: 172.20.0.31 - - [14/Jun/2026:08:57:10 +0000] "GET /d1/855/AUTH_b0a0e7eebbe44048bb4c331d26be0c4b" 404 - "GET http://swift-internal.openstack.svc:8080/v1/AUTH_b0a0e7eebbe44048bb4c331d26be0c4b?format=json" "txdbd79d82679a420b805b1-006a2e6ce6" "proxy-server 10" 0.0005 "-" 23 -
Jun 14 08:59:07 standalone account-server[114686]: 172.20.0.100 - - [14/Jun/2026:08:59:07 +0000] "HEAD /d1/996/.expiring_objects" 404 - "HEAD http://localhost/v1/.expiring_objects?format=json" "txf51d1a8580504ba693632-006a2e6d5b" "proxy-server 2" 0.0006 "-" 23 -
Jun 14 08:59:07 standalone object-expirer[114572]: Pass completed in 0s; 0 objects expired (txn: txf51d1a8580504ba693632-006a2e6d5b)
Jun 14 09:01:05 standalone container-server[114547]: Begin container update sweep
Jun 14 09:01:05 standalone container-server[114547]: Container update sweep completed: 0.08s
Jun 14 09:06:05 standalone container-server[114547]: Begin container update sweep
Jun 14 09:06:05 standalone container-server[114547]: Container update sweep completed: 0.10s
Jun 14 09:07:07 standalone object-server[114903]: Begin object update sweep
Jun 14 09:07:07 standalone object-server[461231]: Object update sweep starting on /srv/node/d1 (pid: 26)
Jun 14 09:07:07 standalone object-server[461231]: Object update sweep completed on /srv/node/d1 in 0.00s seconds:, 0 successes, 0 failures, 0 quarantines, 0 unlinks, 0 errors, 0 redirects (pid: 26)
Jun 14 09:07:07 standalone object-server[461231]: Object update sweep of d1 completed: 0.00s, 0 successes, 0 failures, 0 quarantines, 0 unlinks, 0 errors, 0 redirects
Jun 14 09:07:07 standalone object-server[114903]: Object update sweep completed: 0.08s
Jun 14 09:07:08 standalone account-server[114667]: 172.20.0.31 - - [14/Jun/2026:09:07:08 +0000] "HEAD /d1/29/AUTH_5d976b51130e463aa45498b891c4c295" 204 - "HEAD http://swift-internal.openstack.svc:8080/v1/AUTH_5d976b51130e463aa45498b891c4c295?format=json" "tx6d00a7a725884595a019c-006a2e6f3c" "proxy-server 14" 0.0025 "-" 20 -
Jun 14 09:07:08 standalone account-server[114680]: 172.20.0.31 - - [14/Jun/2026:09:07:08 +0000] "GET /d1/29/AUTH_5d976b51130e463aa45498b891c4c295" 200 98 "GET http://swift-internal.openstack.svc:8080/v1/AUTH_5d976b51130e463aa45498b891c4c295?format=json" "tx6d00a7a725884595a019c-006a2e6f3c" "proxy-server 14" 0.0026 "-" 22 -
Jun 14 09:07:08 standalone account-server[114680]: 172.20.0.31 - - [14/Jun/2026:09:07:08 +0000] "HEAD /d1/806/AUTH_76c5b10e5f144e84a1b50b2bcff73d90" 404 - "HEAD http://swift-internal.openstack.svc:8080/v1/AUTH_76c5b10e5f144e84a1b50b2bcff73d90?format=json" "tx69eee8c408da400eb0063-006a2e6f3c" "proxy-server 12" 0.0004 "-" 22 -
Jun 14 09:07:08 standalone account-server[114686]: 172.20.0.31 - - [14/Jun/2026:09:07:08 +0000] "GET /d1/806/AUTH_76c5b10e5f144e84a1b50b2bcff73d90" 404 - "GET http://swift-internal.openstack.svc:8080/v1/AUTH_76c5b10e5f144e84a1b50b2bcff73d90?format=json" "tx69eee8c408da400eb0063-006a2e6f3c" "proxy-server 12" 0.0005 "-" 23 -
Jun 14 09:07:08 standalone account-server[114667]: 172.20.0.31 - - [14/Jun/2026:09:07:08 +0000] "HEAD /d1/317/AUTH_90b8ba1500dc424fbb93e88171f97720" 404 - "HEAD http://swift-internal.openstack.svc:8080/v1/AUTH_90b8ba1500dc424fbb93e88171f97720?format=json" "tx753fe82a30754137a22f1-006a2e6f3c" "proxy-server 14" 0.0005 "-" 20 -
Jun 14 09:07:08 standalone account-server[114680]: 172.20.0.31 - - [14/Jun/2026:09:07:08 +0000] "GET /d1/317/AUTH_90b8ba1500dc424fbb93e88171f97720" 404 - "GET http://swift-internal.openstack.svc:8080/v1/AUTH_90b8ba1500dc424fbb93e88171f97720?format=json" "tx753fe82a30754137a22f1-006a2e6f3c" "proxy-server 14" 0.0004 "-" 22 -
Jun 14 09:07:08 standalone account-server[114667]: 172.20.0.31 - - [14/Jun/2026:09:07:08 +0000] "HEAD /d1/855/AUTH_b0a0e7eebbe44048bb4c331d26be0c4b" 404 - "HEAD http://swift-internal.openstack.svc:8080/v1/AUTH_b0a0e7eebbe44048bb4c331d26be0c4b?format=json" "tx750c74e5d31b417e9500f-006a2e6f3c" "proxy-server 12" 0.0005 "-" 20 -
Jun 14 09:07:08 standalone account-server[114677]: 172.20.0.31 - - [14/Jun/2026:09:07:08 +0000] "GET /d1/855/AUTH_b0a0e7eebbe44048bb4c331d26be0c4b" 404 - "GET http://swift-internal.openstack.svc:8080/v1/AUTH_b0a0e7eebbe44048bb4c331d26be0c4b?format=json" "tx750c74e5d31b417e9500f-006a2e6f3c" "proxy-server 12" 0.0004 "-" 21 -
Jun 14 09:07:08 standalone account-server[114677]: 172.20.0.31 - - [14/Jun/2026:09:07:08 +0000] "HEAD /d1/29/AUTH_5d976b51130e463aa45498b891c4c295" 204 - "HEAD http://swift-internal.openstack.svc:8080/v1/AUTH_5d976b51130e463aa45498b891c4c295?format=json" "tx5d7220228df54d07bab4a-006a2e6f3c" "proxy-server 14" 0.0015 "-" 21 -
Jun 14 09:07:08 standalone account-server[114667]: 172.20.0.31 - - [14/Jun/2026:09:07:08 +0000] "HEAD /d1/806/AUTH_76c5b10e5f144e84a1b50b2bcff73d90" 404 - "HEAD http://swift-internal.openstack.svc:8080/v1/AUTH_76c5b10e5f144e84a1b50b2bcff73d90?format=json" "tx98b2504872704c629dd23-006a2e6f3c" "proxy-server 12" 0.0005 "-" 20 -
Jun 14 09:07:08 standalone account-server[114667]: 172.20.0.31 - - [14/Jun/2026:09:07:08 +0000] "HEAD /d1/317/AUTH_90b8ba1500dc424fbb93e88171f97720" 404 - "HEAD http://swift-internal.openstack.svc:8080/v1/AUTH_90b8ba1500dc424fbb93e88171f97720?format=json" "tx4e0e1eeb5da941c9ad618-006a2e6f3c" "proxy-server 10" 0.0005 "-" 20 -
Jun 14 09:07:08 standalone account-server[114667]: 172.20.0.31 - - [14/Jun/2026:09:07:08 +0000] "HEAD /d1/855/AUTH_b0a0e7eebbe44048bb4c331d26be0c4b" 404 - "HEAD http://swift-internal.openstack.svc:8080/v1/AUTH_b0a0e7eebbe44048bb4c331d26be0c4b?format=json" "tx4b1b5e972ddc4bb28e5ae-006a2e6f3c" "proxy-server 12" 0.0003 "-" 20 -
Jun 14 09:07:40 standalone account-server[114686]: 172.20.0.100 - - [14/Jun/2026:09:07:40 +0000] "HEAD /d1/996/.expiring_objects" 404 - "HEAD http://localhost/v1/.expiring_objects?format=json" "tx5243d50a115b471992a90-006a2e6f5c" "proxy-server 2" 0.0011 "-" 23 -
Jun 14 09:07:40 standalone object-expirer[114572]: Pass completed in 0s; 0 objects expired (txn: tx5243d50a115b471992a90-006a2e6f5c)
Jun 14 09:08:11 standalone account-server[114680]: 172.20.0.100 - - [14/Jun/2026:09:08:11 +0000] "HEAD /d1/996/.expiring_objects" 404 - "HEAD http://localhost/v1/.expiring_objects?format=json" "tx9aa5dbe57fe746ea86ec1-006a2e6f7b" "proxy-server 2" 0.0006 "-" 22 -
Jun 14 09:08:11 standalone object-expirer[114572]: Pass completed in 0s; 0 objects expired (txn: tx9aa5dbe57fe746ea86ec1-006a2e6f7b)
Jun 14 09:10:34 standalone account-server[114677]: 172.20.0.100 - - [14/Jun/2026:09:10:34 +0000] "HEAD /d1/996/.expiring_objects" 404 - "HEAD http://localhost/v1/.expiring_objects?format=json" "tx2514dafba13948658ceed-006a2e700a" "proxy-server 2" 0.0005 "-" 21 -
Jun 14 09:10:34 standalone object-expirer[114572]: Pass completed in 0s; 0 objects expired (txn: tx2514dafba13948658ceed-006a2e700a)
Jun 14 09:11:05 standalone container-server[114547]: Begin container update sweep
Jun 14 09:11:06 standalone container-server[114547]: Container update sweep completed: 0.08s
Jun 14 09:15:27 standalone account-server[114680]: 172.20.0.31 - - [14/Jun/2026:09:15:27 +0000] "HEAD /d1/29/AUTH_5d976b51130e463aa45498b891c4c295" 204 - "HEAD http://swift-internal.openstack.svc:8080/v1/AUTH_5d976b51130e463aa45498b891c4c295?format=json" "tx13e32e02a04047988ee02-006a2e712f" "proxy-server 13" 0.0014 "-" 22 -
Jun 14 09:15:27 standalone container-server[114738]: 172.20.0.31 - - [14/Jun/2026:09:15:27 +0000] "HEAD /d1/744/AUTH_5d976b51130e463aa45498b891c4c295/glance" 204 - "HEAD http://swift-internal.openstack.svc:8080/v1/AUTH_5d976b51130e463aa45498b891c4c295/glance?format=json&states=listing" "tx13e32e02a04047988ee02-006a2e712f" "proxy-server 13" 0.0044 "-" 21 0
Jun 14 09:15:27 standalone container-server[114738]: 172.20.0.100 - - [14/Jun/2026:09:15:27 +0000] "PUT /d1/744/AUTH_5d976b51130e463aa45498b891c4c295/glance/609bafda-a4be-4eb5-9d14-c5f823e907fe-00001" 201 - "PUT http://swift-internal.openstack.svc:8080/d1/274/AUTH_5d976b51130e463aa45498b891c4c295/glance/609bafda-a4be-4eb5-9d14-c5f823e907fe-00001" "txa38def4630b3468fbc8d4-006a2e712f" "object-server 23" 0.0009 "-" 21 0
Jun 14 09:15:27 standalone object-server[114936]: 172.20.0.31 - - [14/Jun/2026:09:15:27 +0000] "PUT /d1/274/AUTH_5d976b51130e463aa45498b891c4c295/glance/609bafda-a4be-4eb5-9d14-c5f823e907fe-00001" 201 - "PUT http://swift-internal.openstack.svc:8080/v1/AUTH_5d976b51130e463aa45498b891c4c295/glance/609bafda-a4be-4eb5-9d14-c5f823e907fe-00001" "txa38def4630b3468fbc8d4-006a2e712f" "proxy-server 13" 0.2273 "-" 23 0
Jun 14 09:15:27 standalone container-server[114738]: 172.20.0.100 - - [14/Jun/2026:09:15:27 +0000] "PUT /d1/744/AUTH_5d976b51130e463aa45498b891c4c295/glance/609bafda-a4be-4eb5-9d14-c5f823e907fe" 201 - "PUT http://swift-internal.openstack.svc:8080/d1/343/AUTH_5d976b51130e463aa45498b891c4c295/glance/609bafda-a4be-4eb5-9d14-c5f823e907fe" "txc23c123f96bb47e59cf8c-006a2e712f" "object-server 24" 0.0008 "-" 21 0
Jun 14 09:15:27 standalone object-server[114937]: 172.20.0.31 - - [14/Jun/2026:09:15:27 +0000] "PUT /d1/343/AUTH_5d976b51130e463aa45498b891c4c295/glance/609bafda-a4be-4eb5-9d14-c5f823e907fe" 201 - "PUT http://swift-internal.openstack.svc:8080/v1/AUTH_5d976b51130e463aa45498b891c4c295/glance/609bafda-a4be-4eb5-9d14-c5f823e907fe" "txc23c123f96bb47e59cf8c-006a2e712f" "proxy-server 13" 0.0118 "-" 24 0
Jun 14 09:15:28 standalone container-server[114723]: 172.20.0.31 - - [14/Jun/2026:09:15:28 +0000] "HEAD /d1/744/AUTH_5d976b51130e463aa45498b891c4c295/glance" 204 - "HEAD http://swift-internal.openstack.svc:8080/v1/AUTH_5d976b51130e463aa45498b891c4c295/glance?format=json&states=listing" "txeefeda0a523b43c88dd04-006a2e7130" "proxy-server 9" 0.0143 "-" 20 0
Jun 14 09:15:29 standalone container-server[114752]: 172.20.0.100 - - [14/Jun/2026:09:15:29 +0000] "PUT /d1/744/AUTH_5d976b51130e463aa45498b891c4c295/glance/95d9bdc4-e2a1-43f7-b576-67cadee9197e-00001" 201 - "PUT http://swift-internal.openstack.svc:8080/d1/490/AUTH_5d976b51130e463aa45498b891c4c295/glance/95d9bdc4-e2a1-43f7-b576-67cadee9197e-00001" "tx2295f2da42d641a9afb28-006a2e7130" "object-server 23" 0.0010 "-" 23 0
Jun 14 09:15:29 standalone object-server[114936]: 172.20.0.31 - - [14/Jun/2026:09:15:29 +0000] "PUT /d1/490/AUTH_5d976b51130e463aa45498b891c4c295/glance/95d9bdc4-e2a1-43f7-b576-67cadee9197e-00001" 201 - "PUT http://swift-internal.openstack.svc:8080/v1/AUTH_5d976b51130e463aa45498b891c4c295/glance/95d9bdc4-e2a1-43f7-b576-67cadee9197e-00001" "tx2295f2da42d641a9afb28-006a2e7130" "proxy-server 9" 0.3255 "-" 23 0
Jun 14 09:15:29 standalone container-server[114723]: 172.20.0.100 - - [14/Jun/2026:09:15:29 +0000] "PUT /d1/744/AUTH_5d976b51130e463aa45498b891c4c295/glance/95d9bdc4-e2a1-43f7-b576-67cadee9197e" 201 - "PUT http://swift-internal.openstack.svc:8080/d1/824/AUTH_5d976b51130e463aa45498b891c4c295/glance/95d9bdc4-e2a1-43f7-b576-67cadee9197e" "txef97d0a160b2489c830e9-006a2e7131" "object-server 23" 0.0008 "-" 20 0
Jun 14 09:15:29 standalone object-server[114936]: 172.20.0.31 - - [14/Jun/2026:09:15:29 +0000] "PUT /d1/824/AUTH_5d976b51130e463aa45498b891c4c295/glance/95d9bdc4-e2a1-43f7-b576-67cadee9197e" 201 - "PUT http://swift-internal.openstack.svc:8080/v1/AUTH_5d976b51130e463aa45498b891c4c295/glance/95d9bdc4-e2a1-43f7-b576-67cadee9197e" "txef97d0a160b2489c830e9-006a2e7131" "proxy-server 9" 0.0103 "-" 23 0
Jun 14 09:15:33 standalone account-server[114667]: 172.20.0.100 - - [14/Jun/2026:09:15:33 +0000] "HEAD /d1/996/.expiring_objects" 404 - "HEAD http://localhost/v1/.expiring_objects?format=json" "txf0d3cec9241d4f648631e-006a2e7135" "proxy-server 2" 0.0003 "-" 20 -
Jun 14 09:15:33 standalone object-expirer[114572]: Pass completed in 0s; 0 objects expired (txn: txf0d3cec9241d4f648631e-006a2e7135)
Jun 14 09:16:06 standalone container-server[114547]: Begin container update sweep
Jun 14 09:16:06 standalone account-server[114686]: 172.20.0.100 - - [14/Jun/2026:09:16:06 +0000] "PUT /d1/29/AUTH_5d976b51130e463aa45498b891c4c295/glance" 201 - "-" "-" "container-updater 2" 0.0007 "-" 23 0
Jun 14 09:16:06 standalone container-server[114547]: Container update sweep completed: 0.11s
Jun 14 09:17:07 standalone account-server[114680]: 172.20.0.31 - - [14/Jun/2026:09:17:07 +0000] "HEAD /d1/29/AUTH_5d976b51130e463aa45498b891c4c295" 204 - "HEAD http://swift-internal.openstack.svc:8080/v1/AUTH_5d976b51130e463aa45498b891c4c295?format=json" "txdb7ffed2a3a54840801d8-006a2e7193" "proxy-server 10" 0.0077 "-" 22 -
Jun 14 09:17:08 standalone container-server[114738]: 172.20.0.31 - - [14/Jun/2026:09:17:08 +0000] "HEAD /d1/744/AUTH_5d976b51130e463aa45498b891c4c295/glance" 204 - "HEAD http://swift-internal.openstack.svc:8080/v1/AUTH_5d976b51130e463aa45498b891c4c295/glance?format=json&states=listing" "txdb7ffed2a3a54840801d8-006a2e7193" "proxy-server 10" 0.0028 "-" 21 0
Jun 14 09:17:08 standalone container-server[114746]: 172.20.0.100 - - [14/Jun/2026:09:17:08 +0000] "PUT /d1/744/AUTH_5d976b51130e463aa45498b891c4c295/glance/4988c2fc-5fe5-4404-8ade-6bd331d8888b-00001" 201 - "PUT http://swift-internal.openstack.svc:8080/d1/757/AUTH_5d976b51130e463aa45498b891c4c295/glance/4988c2fc-5fe5-4404-8ade-6bd331d8888b-00001" "tx2b859cbd855243268524a-006a2e7194" "object-server 23" 0.0009 "-" 22 0
Jun 14 09:17:08 standalone object-server[114936]: 172.20.0.31 - - [14/Jun/2026:09:17:08 +0000] "PUT /d1/757/AUTH_5d976b51130e463aa45498b891c4c295/glance/4988c2fc-5fe5-4404-8ade-6bd331d8888b-00001" 201 - "PUT http://swift-internal.openstack.svc:8080/v1/AUTH_5d976b51130e463aa45498b891c4c295/glance/4988c2fc-5fe5-4404-8ade-6bd331d8888b-00001" "tx2b859cbd855243268524a-006a2e7194" "proxy-server 10" 0.0218 "-" 23 0
Jun 14 09:17:08 standalone container-server[114723]: 172.20.0.100 - - [14/Jun/2026:09:17:08 +0000] "PUT /d1/744/AUTH_5d976b51130e463aa45498b891c4c295/glance/4988c2fc-5fe5-4404-8ade-6bd331d8888b" 201 - "PUT http://swift-internal.openstack.svc:8080/d1/394/AUTH_5d976b51130e463aa45498b891c4c295/glance/4988c2fc-5fe5-4404-8ade-6bd331d8888b" "txdb57b4551af546c58b4b0-006a2e7194" "object-server 24" 0.0008 "-" 20 0
Jun 14 09:17:08 standalone object-server[114937]: 172.20.0.31 - - [14/Jun/2026:09:17:08 +0000] "PUT /d1/394/AUTH_5d976b51130e463aa45498b891c4c295/glance/4988c2fc-5fe5-4404-8ade-6bd331d8888b" 201 - "PUT http://swift-internal.openstack.svc:8080/v1/AUTH_5d976b51130e463aa45498b891c4c295/glance/4988c2fc-5fe5-4404-8ade-6bd331d8888b" "txdb57b4551af546c58b4b0-006a2e7194" "proxy-server 10" 0.0106 "-" 24 0
Jun 14 09:17:09 standalone object-server[114903]: Begin object update sweep
Jun 14 09:17:09 standalone object-server[483284]: Object update sweep starting on /srv/node/d1 (pid: 28)
Jun 14 09:17:09 standalone object-server[483284]: Object update sweep completed on /srv/node/d1 in 0.00s seconds:, 0 successes, 0 failures, 0 quarantines, 0 unlinks, 0 errors, 0 redirects (pid: 28)
Jun 14 09:17:09 standalone object-server[483284]: Object update sweep of d1 completed: 0.00s, 0 successes, 0 failures, 0 quarantines, 0 unlinks, 0 errors, 0 redirects
Jun 14 09:17:09 standalone object-server[114903]: Object update sweep completed: 0.11s
Jun 14 09:17:10 standalone account-server[114686]: 172.20.0.31 - - [14/Jun/2026:09:17:10 +0000] "HEAD /d1/230/AUTH_13e161bf27334668b14f94092265cd5c" 404 - "HEAD http://swift-internal.openstack.svc:8080/v1/AUTH_13e161bf27334668b14f94092265cd5c?format=json" "txde934690b93d488f9833f-006a2e7196" "proxy-server 10" 0.0003 "-" 23 -
Jun 14 09:17:10 standalone account-server[114677]: 172.20.0.31 - - [14/Jun/2026:09:17:10 +0000] "GET /d1/230/AUTH_13e161bf27334668b14f94092265cd5c" 404 - "GET http://swift-internal.openstack.svc:8080/v1/AUTH_13e161bf27334668b14f94092265cd5c?format=json" "txde934690b93d488f9833f-006a2e7196" "proxy-server 10" 0.0005 "-" 21 -
Jun 14 09:17:10 standalone account-server[114680]: 172.20.0.31 - - [14/Jun/2026:09:17:10 +0000] "HEAD /d1/175/AUTH_291c112da8f14480983f71c3f44ca642" 404 - "HEAD http://swift-internal.openstack.svc:8080/v1/AUTH_291c112da8f14480983f71c3f44ca642?format=json" "txdcaaf15f8e44461fb670b-006a2e7196" "proxy-server 10" 0.0004 "-" 22 -
Jun 14 09:17:10 standalone account-server[114686]: 172.20.0.31 - - [14/Jun/2026:09:17:10 +0000] "GET /d1/175/AUTH_291c112da8f14480983f71c3f44ca642" 404 - "GET http://swift-internal.openstack.svc:8080/v1/AUTH_291c112da8f14480983f71c3f44ca642?format=json" "txdcaaf15f8e44461fb670b-006a2e7196" "proxy-server 10" 0.0004 "-" 23 -
Jun 14 09:17:10 standalone account-server[114680]: 172.20.0.31 - - [14/Jun/2026:09:17:10 +0000] "HEAD /d1/236/AUTH_37e6fd761c9d4c04bb7cb4c4973c6362" 404 - "HEAD http://swift-internal.openstack.svc:8080/v1/AUTH_37e6fd761c9d4c04bb7cb4c4973c6362?format=json" "tx0f1ae41dcc7c4eea9a098-006a2e7196" "proxy-server 9" 0.0004 "-" 22 -
Jun 14 09:17:10 standalone account-server[114686]: 172.20.0.31 - - [14/Jun/2026:09:17:10 +0000] "GET /d1/236/AUTH_37e6fd761c9d4c04bb7cb4c4973c6362" 404 - "GET http://swift-internal.openstack.svc:8080/v1/AUTH_37e6fd761c9d4c04bb7cb4c4973c6362?format=json" "tx0f1ae41dcc7c4eea9a098-006a2e7196" "proxy-server 9" 0.0005 "-" 23 -
Jun 14 09:17:10 standalone account-server[114686]: 172.20.0.31 - - [14/Jun/2026:09:17:10 +0000] "HEAD /d1/775/AUTH_406c9e8f1f16448bb2314e2dff4717e7" 404 - "HEAD http://swift-internal.openstack.svc:8080/v1/AUTH_406c9e8f1f16448bb2314e2dff4717e7?format=json" "tx465940a722f048e89c4eb-006a2e7196" "proxy-server 10" 0.0004 "-" 23 -
Jun 14 09:17:10 standalone account-server[114686]: 172.20.0.31 - - [14/Jun/2026:09:17:10 +0000] "GET /d1/775/AUTH_406c9e8f1f16448bb2314e2dff4717e7" 404 - "GET http://swift-internal.openstack.svc:8080/v1/AUTH_406c9e8f1f16448bb2314e2dff4717e7?format=json" "tx465940a722f048e89c4eb-006a2e7196" "proxy-server 10" 0.0003 "-" 23 -
Jun 14 09:17:10 standalone account-server[114686]: 172.20.0.31 - - [14/Jun/2026:09:17:10 +0000] "GET /d1/29/AUTH_5d976b51130e463aa45498b891c4c295" 200 99 "GET http://swift-internal.openstack.svc:8080/v1/AUTH_5d976b51130e463aa45498b891c4c295?format=json" "txceb949c421554ef998608-006a2e7196" "proxy-server 10" 0.0026 "-" 23 -
Jun 14 09:17:10 standalone account-server[114677]: 172.20.0.31 - - [14/Jun/2026:09:17:10 +0000] "HEAD /d1/784/AUTH_5f44c4768ef64899a3d2f30cbcf75201" 404 - "HEAD http://swift-internal.openstack.svc:8080/v1/AUTH_5f44c4768ef64899a3d2f30cbcf75201?format=json" "tx169eb789955f4babbb049-006a2e7196" "proxy-server 10" 0.0005 "-" 21 -
Jun 14 09:17:10 standalone account-server[114667]: 172.20.0.31 - - [14/Jun/2026:09:17:10 +0000] "GET /d1/784/AUTH_5f44c4768ef64899a3d2f30cbcf75201" 404 - "GET http://swift-internal.openstack.svc:8080/v1/AUTH_5f44c4768ef64899a3d2f30cbcf75201?format=json" "tx169eb789955f4babbb049-006a2e7196" "proxy-server 10" 0.0004 "-" 20 -
Jun 14 09:17:10 standalone account-server[114680]: 172.20.0.31 - - [14/Jun/2026:09:17:10 +0000] "HEAD /d1/806/AUTH_76c5b10e5f144e84a1b50b2bcff73d90" 404 - "HEAD http://swift-internal.openstack.svc:8080/v1/AUTH_76c5b10e5f144e84a1b50b2bcff73d90?format=json" "txab8b3f52874e478c8f54d-006a2e7196" "proxy-server 10" 0.0005 "-" 22 -
Jun 14 09:17:10 standalone account-server[114667]: 172.20.0.31 - - [14/Jun/2026:09:17:10 +0000] "GET /d1/806/AUTH_76c5b10e5f144e84a1b50b2bcff73d90" 404 - "GET http://swift-internal.openstack.svc:8080/v1/AUTH_76c5b10e5f144e84a1b50b2bcff73d90?format=json" "txab8b3f52874e478c8f54d-006a2e7196" "proxy-server 10" 0.0004 "-" 20 -
Jun 14 09:17:10 standalone account-server[114680]: 172.20.0.31 - - [14/Jun/2026:09:17:10 +0000] "HEAD /d1/961/AUTH_876cdc3cabda4e7cac9c73db1d98ea1e" 404 - "HEAD http://swift-internal.openstack.svc:8080/v1/AUTH_876cdc3cabda4e7cac9c73db1d98ea1e?format=json" "tx62484d1a7e0c4f9ba69bb-006a2e7196" "proxy-server 11" 0.0010 "-" 22 -
Jun 14 09:17:10 standalone account-server[114680]: 172.20.0.31 - - [14/Jun/2026:09:17:10 +0000] "GET /d1/961/AUTH_876cdc3cabda4e7cac9c73db1d98ea1e" 404 - "GET http://swift-internal.openstack.svc:8080/v1/AUTH_876cdc3cabda4e7cac9c73db1d98ea1e?format=json" "tx62484d1a7e0c4f9ba69bb-006a2e7196" "proxy-server 11" 0.0005 "-" 22 -
Jun 14 09:17:10 standalone account-server[114667]: 172.20.0.31 - - [14/Jun/2026:09:17:10 +0000] "HEAD /d1/942/AUTH_8f26a0c5bbdf4043bf461eab00566ebd" 404 - "HEAD http://swift-internal.openstack.svc:8080/v1/AUTH_8f26a0c5bbdf4043bf461eab00566ebd?format=json" "tx1e357733971741b1aecd3-006a2e7196" "proxy-server 10" 0.0007 "-" 20 -
Jun 14 09:17:10 standalone account-server[114680]: 172.20.0.31 - - [14/Jun/2026:09:17:10 +0000] "GET /d1/942/AUTH_8f26a0c5bbdf4043bf461eab00566ebd" 404 - "GET http://swift-internal.openstack.svc:8080/v1/AUTH_8f26a0c5bbdf4043bf461eab00566ebd?format=json" "tx1e357733971741b1aecd3-006a2e7196" "proxy-server 10" 0.0005 "-" 22 -
Jun 14 09:17:11 standalone account-server[114680]: 172.20.0.31 - - [14/Jun/2026:09:17:11 +0000] "HEAD /d1/317/AUTH_90b8ba1500dc424fbb93e88171f97720" 404 - "HEAD http://swift-internal.openstack.svc:8080/v1/AUTH_90b8ba1500dc424fbb93e88171f97720?format=json" "txb53dba32a09f43daa87ff-006a2e7197" "proxy-server 11" 0.0006 "-" 22 -
Jun 14 09:17:11 standalone account-server[114686]: 172.20.0.31 - - [14/Jun/2026:09:17:11 +0000] "GET /d1/317/AUTH_90b8ba1500dc424fbb93e88171f97720" 404 - "GET http://swift-internal.openstack.svc:8080/v1/AUTH_90b8ba1500dc424fbb93e88171f97720?format=json" "txb53dba32a09f43daa87ff-006a2e7197" "proxy-server 11" 0.0004 "-" 23 -
Jun 14 09:17:11 standalone account-server[114677]: 172.20.0.31 - - [14/Jun/2026:09:17:11 +0000] "HEAD /d1/817/AUTH_980a0c066b79414fa6ee0055991dd8c2" 404 - "HEAD http://swift-internal.openstack.svc:8080/v1/AUTH_980a0c066b79414fa6ee0055991dd8c2?format=json" "txbaeeddf50bbf4db1ba3aa-006a2e7197" "proxy-server 9" 0.0005 "-" 21 -
Jun 14 09:17:11 standalone account-server[114686]: 172.20.0.31 - - [14/Jun/2026:09:17:11 +0000] "GET /d1/817/AUTH_980a0c066b79414fa6ee0055991dd8c2" 404 - "GET http://swift-internal.openstack.svc:8080/v1/AUTH_980a0c066b79414fa6ee0055991dd8c2?format=json" "txbaeeddf50bbf4db1ba3aa-006a2e7197" "proxy-server 9" 0.0006 "-" 23 -
Jun 14 09:17:11 standalone account-server[114667]: 172.20.0.31 - - [14/Jun/2026:09:17:11 +0000] "HEAD /d1/174/AUTH_a07e34ab2c1145beab38333124ae68d5" 404 - "HEAD http://swift-internal.openstack.svc:8080/v1/AUTH_a07e34ab2c1145beab38333124ae68d5?format=json" "tx7e8112e16dce43a89af75-006a2e7197" "proxy-server 10" 0.0006 "-" 20 -
Jun 14 09:17:11 standalone account-server[114680]: 172.20.0.31 - - [14/Jun/2026:09:17:11 +0000] "GET /d1/174/AUTH_a07e34ab2c1145beab38333124ae68d5" 404 - "GET http://swift-internal.openstack.svc:8080/v1/AUTH_a07e34ab2c1145beab38333124ae68d5?format=json" "tx7e8112e16dce43a89af75-006a2e7197" "proxy-server 10" 0.0005 "-" 22 -
Jun 14 09:17:11 standalone account-server[114680]: 172.20.0.31 - - [14/Jun/2026:09:17:11 +0000] "HEAD /d1/855/AUTH_b0a0e7eebbe44048bb4c331d26be0c4b" 404 - "HEAD http://swift-internal.openstack.svc:8080/v1/AUTH_b0a0e7eebbe44048bb4c331d26be0c4b?format=json" "tx830feda4171441bdb86de-006a2e7197" "proxy-server 10" 0.0005 "-" 22 -
Jun 14 09:17:11 standalone account-server[114686]: 172.20.0.31 - - [14/Jun/2026:09:17:11 +0000] "GET /d1/855/AUTH_b0a0e7eebbe44048bb4c331d26be0c4b" 404 - "GET http://swift-internal.openstack.svc:8080/v1/AUTH_b0a0e7eebbe44048bb4c331d26be0c4b?format=json" "tx830feda4171441bdb86de-006a2e7197" "proxy-server 10" 0.0005 "-" 23 -
Jun 14 09:17:11 standalone account-server[114677]: 172.20.0.31 - - [14/Jun/2026:09:17:11 +0000] "HEAD /d1/761/AUTH_ccf58d929cba48db87ced883e8a9abcf" 404 - "HEAD http://swift-internal.openstack.svc:8080/v1/AUTH_ccf58d929cba48db87ced883e8a9abcf?format=json" "tx4c83e794eab24ba7897b5-006a2e7197" "proxy-server 11" 0.0005 "-" 21 -
Jun 14 09:17:11 standalone account-server[114686]: 172.20.0.31 - - [14/Jun/2026:09:17:11 +0000] "GET /d1/761/AUTH_ccf58d929cba48db87ced883e8a9abcf" 404 - "GET http://swift-internal.openstack.svc:8080/v1/AUTH_ccf58d929cba48db87ced883e8a9abcf?format=json" "tx4c83e794eab24ba7897b5-006a2e7197" "proxy-server 11" 0.0005 "-" 23 -
Jun 14 09:17:12 standalone account-server[114677]: 172.20.0.31 - - [14/Jun/2026:09:17:12 +0000] "HEAD /d1/230/AUTH_13e161bf27334668b14f94092265cd5c" 404 - "HEAD http://swift-internal.openstack.svc:8080/v1/AUTH_13e161bf27334668b14f94092265cd5c?format=json" "tx9ed8d5a3eb8a4531a1617-006a2e7198" "proxy-server 13" 0.0003 "-" 21 -
Jun 14 09:17:12 standalone account-server[114667]: 172.20.0.31 - - [14/Jun/2026:09:17:12 +0000] "HEAD /d1/175/AUTH_291c112da8f14480983f71c3f44ca642" 404 - "HEAD http://swift-internal.openstack.svc:8080/v1/AUTH_291c112da8f14480983f71c3f44ca642?format=json" "tx5926bff16dba42a285962-006a2e7198" "proxy-server 9" 0.0006 "-" 20 -
Jun 14 09:17:12 standalone account-server[114667]: 172.20.0.31 - - [14/Jun/2026:09:17:12 +0000] "HEAD /d1/236/AUTH_37e6fd761c9d4c04bb7cb4c4973c6362" 404 - "HEAD http://swift-internal.openstack.svc:8080/v1/AUTH_37e6fd761c9d4c04bb7cb4c4973c6362?format=json" "tx2f02fb13b360409384e0c-006a2e7198" "proxy-server 10" 0.0004 "-" 20 -
Jun 14 09:17:13 standalone account-server[114667]: 172.20.0.31 - - [14/Jun/2026:09:17:13 +0000] "HEAD /d1/775/AUTH_406c9e8f1f16448bb2314e2dff4717e7" 404 - "HEAD http://swift-internal.openstack.svc:8080/v1/AUTH_406c9e8f1f16448bb2314e2dff4717e7?format=json" "tx43b6049e0c5a43bf89fbe-006a2e7199" "proxy-server 10" 0.0004 "-" 20 -
Jun 14 09:17:13 standalone account-server[114680]: 172.20.0.31 - - [14/Jun/2026:09:17:13 +0000] "HEAD /d1/29/AUTH_5d976b51130e463aa45498b891c4c295" 204 - "HEAD http://swift-internal.openstack.svc:8080/v1/AUTH_5d976b51130e463aa45498b891c4c295?format=json" "tx9e8473ac68bf4f61909ac-006a2e7199" "proxy-server 9" 0.0016 "-" 22 -
Jun 14 09:17:13 standalone account-server[114686]: 172.20.0.31 - - [14/Jun/2026:09:17:13 +0000] "HEAD /d1/784/AUTH_5f44c4768ef64899a3d2f30cbcf75201" 404 - "HEAD http://swift-internal.openstack.svc:8080/v1/AUTH_5f44c4768ef64899a3d2f30cbcf75201?format=json" "txcbd3d1b08b3c442192f35-006a2e7199" "proxy-server 9" 0.0005 "-" 23 -
Jun 14 09:17:13 standalone account-server[114677]: 172.20.0.31 - - [14/Jun/2026:09:17:13 +0000] "HEAD /d1/806/AUTH_76c5b10e5f144e84a1b50b2bcff73d90" 404 - "HEAD http://swift-internal.openstack.svc:8080/v1/AUTH_76c5b10e5f144e84a1b50b2bcff73d90?format=json" "tx483adec3d9d24a07bf3ac-006a2e7199" "proxy-server 11" 0.0005 "-" 21 -
Jun 14 09:17:13 standalone account-server[114680]: 172.20.0.31 - - [14/Jun/2026:09:17:13 +0000] "HEAD /d1/961/AUTH_876cdc3cabda4e7cac9c73db1d98ea1e" 404 - "HEAD http://swift-internal.openstack.svc:8080/v1/AUTH_876cdc3cabda4e7cac9c73db1d98ea1e?format=json" "tx73762fc43ed94255b81fe-006a2e7199" "proxy-server 13" 0.0005 "-" 22 -
Jun 14 09:17:13 standalone object-server[114937]: 172.20.0.31 - - [14/Jun/2026:09:17:13 +0000] "HEAD /d1/394/AUTH_5d976b51130e463aa45498b891c4c295/glance/4988c2fc-5fe5-4404-8ade-6bd331d8888b" 200 - "HEAD http://swift-internal.openstack.svc:8080/v1/AUTH_5d976b51130e463aa45498b891c4c295/glance/4988c2fc-5fe5-4404-8ade-6bd331d8888b" "txdebe268d2f824fa499cd2-006a2e7199" "proxy-server 10" 0.0011 "-" 24 0
Jun 14 09:17:13 standalone container-server[114746]: 172.20.0.31 - - [14/Jun/2026:09:17:13 +0000] "GET /d1/744/AUTH_5d976b51130e463aa45498b891c4c295/glance" 200 206 "GET http://swift-internal.openstack.svc:8080/v1/AUTH_5d976b51130e463aa45498b891c4c295/glance?prefix=4988c2fc-5fe5-4404-8ade-6bd331d8888b-&format=json&states=listing" "txdebe268d2f824fa499cd2-006a2e7199" "proxy-server 10" 0.0185 "-" 22 0
