Jun 10 08:47:22 np0000069408 proxy-server[127754]: - - 10/Jun/2026/08/47/22 HEAD /v1/AUTH_30b7e0a215454ce0afeddd89cbf7c5dd/gnocchi.0c4722bd-a501-4967-a9fb-e4ca97f3d724%3Fformat%3Djson%26states%3Dlisting HTTP/1.0 204 - Swift - - - - txbe9de5c325a243d0a5ba6-006a29249a - 0.0063 RL - 1781081242.018850088 1781081242.025133133 0
Jun 10 08:47:22 np0000069408 container-server[126039]: 172.20.0.105 - - [10/Jun/2026:08:47:22 +0000] "PUT /d1/711/AUTH_30b7e0a215454ce0afeddd89cbf7c5dd/gnocchi.44358ecf-5b55-485d-a342-cbe66dc1fcd0/1780920000.0_mean_300.0_v3" 201 - "PUT http://172.18.0.190:8080/d1/267/AUTH_30b7e0a215454ce0afeddd89cbf7c5dd/gnocchi.44358ecf-5b55-485d-a342-cbe66dc1fcd0/1780920000.0_mean_300.0_v3" "tx69e0136af39a4203863a9-006a29249a" "object-server 23" 0.0008 "-" 20 0
Jun 10 08:47:22 np0000069408 container-server[126057]: 172.20.0.103 - - [10/Jun/2026:08:47:22 +0000] "PUT /d1/234/AUTH_30b7e0a215454ce0afeddd89cbf7c5dd/gnocchi.dad0b3d0-3a81-4325-accc-e4158c2a319b/1780920000.0_mean_300.0_v3" 201 - "PUT http://172.18.0.190:8080/d1/251/AUTH_30b7e0a215454ce0afeddd89cbf7c5dd/gnocchi.dad0b3d0-3a81-4325-accc-e4158c2a319b/1780920000.0_mean_300.0_v3" "tx829ddad7e92a4335aeedf-006a29249a" "object-server 25" 0.0009 "-" 22 0
Jun 10 08:47:22 np0000069408 object-server[126412]: 172.20.0.105 - - [10/Jun/2026:08:47:22 +0000] "PUT /d1/251/AUTH_30b7e0a215454ce0afeddd89cbf7c5dd/gnocchi.dad0b3d0-3a81-4325-accc-e4158c2a319b/1780920000.0_mean_300.0_v3" 201 - "PUT http://172.18.0.190:8080/v1/AUTH_30b7e0a215454ce0afeddd89cbf7c5dd/gnocchi.dad0b3d0-3a81-4325-accc-e4158c2a319b/1780920000.0_mean_300.0_v3" "tx829ddad7e92a4335aeedf-006a29249a" "proxy-server 20" 0.0158 "-" 25 0
Jun 10 08:47:22 np0000069408 object-server[126409]: 172.20.0.104 - - [10/Jun/2026:08:47:22 +0000] "PUT /d1/267/AUTH_30b7e0a215454ce0afeddd89cbf7c5dd/gnocchi.44358ecf-5b55-485d-a342-cbe66dc1fcd0/1780920000.0_mean_300.0_v3" 201 - "PUT http://172.18.0.190:8080/v1/AUTH_30b7e0a215454ce0afeddd89cbf7c5dd/gnocchi.44358ecf-5b55-485d-a342-cbe66dc1fcd0/1780920000.0_mean_300.0_v3" "tx69e0136af39a4203863a9-006a29249a" "proxy-server 12" 0.0164 "-" 24 0
Jun 10 08:47:22 np0000069408 container-server[126039]: 172.20.0.103 - - [10/Jun/2026:08:47:22 +0000] "GET /d1/147/AUTH_30b7e0a215454ce0afeddd89cbf7c5dd/gnocchi.0c4722bd-a501-4967-a9fb-e4ca97f3d724" 200 2 "GET http://172.18.0.190:8080/v1/AUTH_30b7e0a215454ce0afeddd89cbf7c5dd/gnocchi.0c4722bd-a501-4967-a9fb-e4ca97f3d724?format=json&states=listing" "txbe9de5c325a243d0a5ba6-006a29249a" "proxy-server 20" 0.0025 "-" 20 0
Jun 10 08:47:22 np0000069408 proxy-server[127754]: 172.18.0.105 172.18.0.104 10/Jun/2026/08/47/22 GET /v1/AUTH_30b7e0a215454ce0afeddd89cbf7c5dd/gnocchi.0c4722bd-a501-4967-a9fb-e4ca97f3d724%3Fformat%3Djson%26states%3Dlisting HTTP/1.0 200 - python-swiftclient-3.11.1 gAAAAABqKSNF4jTp... - 2 - txbe9de5c325a243d0a5ba6-006a29249a - 0.0214 - - 1781081242.015611649 1781081242.037040234 0
Jun 10 08:47:22 np0000069408 object-server[126412]: 172.20.0.105 - - [10/Jun/2026:08:47:22 +0000] "GET /d1/640/AUTH_30b7e0a215454ce0afeddd89cbf7c5dd/gnocchi.0c4722bd-a501-4967-a9fb-e4ca97f3d724/1780920000.0_mean_300.0_v3" 404 70 "GET http://172.18.0.190:8080/v1/AUTH_30b7e0a215454ce0afeddd89cbf7c5dd/gnocchi.0c4722bd-a501-4967-a9fb-e4ca97f3d724/1780920000.0_mean_300.0_v3" "txa971de67917c42f5bb138-006a29249a" "proxy-server 20" 0.0003 "-" 25 0
Jun 10 08:47:22 np0000069408 container-server[126057]: 172.20.0.103 - - [10/Jun/2026:08:47:22 +0000] "PUT /d1/234/AUTH_30b7e0a215454ce0afeddd89cbf7c5dd/gnocchi.dad0b3d0-3a81-4325-accc-e4158c2a319b/none_v3" 201 - "PUT http://172.18.0.190:8080/d1/757/AUTH_30b7e0a215454ce0afeddd89cbf7c5dd/gnocchi.dad0b3d0-3a81-4325-accc-e4158c2a319b/none_v3" "txf880789f5c9c46ceb0181-006a29249a" "object-server 24" 0.0007 "-" 22 0
Jun 10 08:47:22 np0000069408 object-server[126409]: 172.20.0.103 - - [10/Jun/2026:08:47:22 +0000] "PUT /d1/757/AUTH_30b7e0a215454ce0afeddd89cbf7c5dd/gnocchi.dad0b3d0-3a81-4325-accc-e4158c2a319b/none_v3" 201 - "PUT http://172.18.0.190:8080/v1/AUTH_30b7e0a215454ce0afeddd89cbf7c5dd/gnocchi.dad0b3d0-3a81-4325-accc-e4158c2a319b/none_v3" "txf880789f5c9c46ceb0181-006a29249a" "proxy-server 20" 0.0101 "-" 24 0
Jun 10 08:47:22 np0000069408 container-server[126048]: 172.20.0.103 - - [10/Jun/2026:08:47:22 +0000] "PUT /d1/711/AUTH_30b7e0a215454ce0afeddd89cbf7c5dd/gnocchi.44358ecf-5b55-485d-a342-cbe66dc1fcd0/none_v3" 201 - "PUT http://172.18.0.190:8080/d1/96/AUTH_30b7e0a215454ce0afeddd89cbf7c5dd/gnocchi.44358ecf-5b55-485d-a342-cbe66dc1fcd0/none_v3" "tx1d40bdd206bd4b88b8d63-006a29249a" "object-server 22" 0.0006 "-" 21 0
Jun 10 08:47:22 np0000069408 object-server[126405]: 172.20.0.104 - - [10/Jun/2026:08:47:22 +0000] "PUT /d1/96/AUTH_30b7e0a215454ce0afeddd89cbf7c5dd/gnocchi.44358ecf-5b55-485d-a342-cbe66dc1fcd0/none_v3" 201 - "PUT http://172.18.0.190:8080/v1/AUTH_30b7e0a215454ce0afeddd89cbf7c5dd/gnocchi.44358ecf-5b55-485d-a342-cbe66dc1fcd0/none_v3" "tx1d40bdd206bd4b88b8d63-006a29249a" "proxy-server 12" 0.0120 "-" 22 0
Jun 10 08:47:22 np0000069408 proxy-server[127754]: 172.18.0.190 172.18.0.104 10/Jun/2026/08/47/22 PUT /v1/AUTH_30b7e0a215454ce0afeddd89cbf7c5dd/gnocchi.dad0b3d0-3a81-4325-accc-e4158c2a319b/none_v3 HTTP/1.0 201 - python-swiftclient-3.11.1 gAAAAABqKSNxtSJS... 22 - - txf880789f5c9c46ceb0181-006a29249a - 0.0225 - - 1781081242.041663170 1781081242.064161301 0
Jun 10 08:47:22 np0000069408 container-server[126039]: 172.20.0.105 - - [10/Jun/2026:08:47:22 +0000] "PUT /d1/147/AUTH_30b7e0a215454ce0afeddd89cbf7c5dd/gnocchi.0c4722bd-a501-4967-a9fb-e4ca97f3d724/1780920000.0_mean_300.0_v3" 201 - "PUT http://172.18.0.190:8080/d1/640/AUTH_30b7e0a215454ce0afeddd89cbf7c5dd/gnocchi.0c4722bd-a501-4967-a9fb-e4ca97f3d724/1780920000.0_mean_300.0_v3" "tx6a90dff9ca304157a612c-006a29249a" "object-server 23" 0.0006 "-" 20 0
Jun 10 08:47:22 np0000069408 object-server[126405]: 172.20.0.105 - - [10/Jun/2026:08:47:22 +0000] "PUT /d1/640/AUTH_30b7e0a215454ce0afeddd89cbf7c5dd/gnocchi.0c4722bd-a501-4967-a9fb-e4ca97f3d724/1780920000.0_mean_300.0_v3" 201 - "PUT http://172.18.0.190:8080/v1/AUTH_30b7e0a215454ce0afeddd89cbf7c5dd/gnocchi.0c4722bd-a501-4967-a9fb-e4ca97f3d724/1780920000.0_mean_300.0_v3" "tx6a90dff9ca304157a612c-006a29249a" "proxy-server 20" 0.0100 "-" 22 0
Jun 10 08:47:22 np0000069408 container-server[126039]: 172.20.0.103 - - [10/Jun/2026:08:47:22 +0000] "HEAD /d1/929/AUTH_30b7e0a215454ce0afeddd89cbf7c5dd/gnocchi.0cd0dec5-c28d-46da-b723-122cb9a7210f" 404 - "HEAD http://172.18.0.190:8080/v1/AUTH_30b7e0a215454ce0afeddd89cbf7c5dd/gnocchi.0cd0dec5-c28d-46da-b723-122cb9a7210f?format=json&states=listing" "tx3e0e2f72b2e74f959b5ea-006a29249a" "proxy-server 20" 0.0005 "-" 20 0
Jun 10 08:47:22 np0000069408 object-server[126409]: 172.20.0.103 - - [10/Jun/2026:08:47:22 +0000] "GET /d1/878/AUTH_30b7e0a215454ce0afeddd89cbf7c5dd/gnocchi.0cd0dec5-c28d-46da-b723-122cb9a7210f/none_v3" 404 70 "GET http://172.18.0.190:8080/v1/AUTH_30b7e0a215454ce0afeddd89cbf7c5dd/gnocchi.0cd0dec5-c28d-46da-b723-122cb9a7210f/none_v3" "tx3e0e2f72b2e74f959b5ea-006a29249a" "proxy-server 20" 0.0003 "-" 24 0
Jun 10 08:47:22 np0000069408 container-server[126048]: 172.20.0.104 - - [10/Jun/2026:08:47:22 +0000] "HEAD /d1/593/AUTH_30b7e0a215454ce0afeddd89cbf7c5dd/gnocchi.ea1d92ee-5253-4a66-a648-5324b0e11d9e" 404 - "HEAD http://172.18.0.190:8080/v1/AUTH_30b7e0a215454ce0afeddd89cbf7c5dd/gnocchi.ea1d92ee-5253-4a66-a648-5324b0e11d9e?format=json&states=listing" "tx2d7e9ec355d7457a80f0a-006a29249a" "proxy-server 12" 0.0005 "-" 21 0
Jun 10 08:47:22 np0000069408 proxy-server[127754]: 172.18.0.190 172.18.0.104 10/Jun/2026/08/47/22 GET /v1/AUTH_30b7e0a215454ce0afeddd89cbf7c5dd/gnocchi.0cd0dec5-c28d-46da-b723-122cb9a7210f/none_v3 HTTP/1.0 404 - python-swiftclient-3.11.1 gAAAAABqKSNxtSJS... - 70 - tx3e0e2f72b2e74f959b5ea-006a29249a - 0.0294 - - 1781081242.115622997 1781081242.145055771 0
Jun 10 08:47:22 np0000069408 container-server[126057]: 172.20.0.105 - - [10/Jun/2026:08:47:22 +0000] "PUT /d1/147/AUTH_30b7e0a215454ce0afeddd89cbf7c5dd/gnocchi.0c4722bd-a501-4967-a9fb-e4ca97f3d724/none_v3" 201 - "PUT http://172.18.0.190:8080/d1/845/AUTH_30b7e0a215454ce0afeddd89cbf7c5dd/gnocchi.0c4722bd-a501-4967-a9fb-e4ca97f3d724/none_v3" "tx7e84d29bfb234f1e89667-006a29249a" "object-server 23" 0.0007 "-" 22 0
Jun 10 08:47:22 np0000069408 object-server[126412]: 172.20.0.105 - - [10/Jun/2026:08:47:22 +0000] "PUT /d1/845/AUTH_30b7e0a215454ce0afeddd89cbf7c5dd/gnocchi.0c4722bd-a501-4967-a9fb-e4ca97f3d724/none_v3" 201 - "PUT http://172.18.0.190:8080/v1/AUTH_30b7e0a215454ce0afeddd89cbf7c5dd/gnocchi.0c4722bd-a501-4967-a9fb-e4ca97f3d724/none_v3" "tx7e84d29bfb234f1e89667-006a29249a" "proxy-server 20" 0.0122 "-" 25 0
Jun 10 08:47:22 np0000069408 object-server[126412]: 172.20.0.104 - - [10/Jun/2026:08:47:22 +0000] "GET /d1/647/AUTH_30b7e0a215454ce0afeddd89cbf7c5dd/gnocchi.ea1d92ee-5253-4a66-a648-5324b0e11d9e/none_v3" 404 70 "GET http://172.18.0.190:8080/v1/AUTH_30b7e0a215454ce0afeddd89cbf7c5dd/gnocchi.ea1d92ee-5253-4a66-a648-5324b0e11d9e/none_v3" "tx2d7e9ec355d7457a80f0a-006a29249a" "proxy-server 12" 0.0004 "-" 25 0
Jun 10 08:47:22 np0000069408 container-server[126039]: 172.20.0.103 - - [10/Jun/2026:08:47:22 +0000] "PUT /d1/929/AUTH_30b7e0a215454ce0afeddd89cbf7c5dd/gnocchi.0cd0dec5-c28d-46da-b723-122cb9a7210f" 201 - "PUT http://172.18.0.190:8080/v1/AUTH_30b7e0a215454ce0afeddd89cbf7c5dd/gnocchi.0cd0dec5-c28d-46da-b723-122cb9a7210f" "tx7638a33aeb8f4bf7911c9-006a29249a" "proxy-server 20" 0.0202 "-" 20 0
Jun 10 08:47:22 np0000069408 container-server[126059]: 172.20.0.104 - - [10/Jun/2026:08:47:22 +0000] "HEAD /d1/94/AUTH_30b7e0a215454ce0afeddd89cbf7c5dd/gnocchi.44b60614-095b-4157-9512-a864361d9671" 404 - "HEAD http://172.18.0.190:8080/v1/AUTH_30b7e0a215454ce0afeddd89cbf7c5dd/gnocchi.44b60614-095b-4157-9512-a864361d9671?format=json&states=listing" "txea4e049b4b2344b08d76d-006a29249a" "proxy-server 12" 0.0004 "-" 23 0
Jun 10 08:47:22 np0000069408 account-server[125750]: 172.20.0.105 - - [10/Jun/2026:08:47:22 +0000] "PUT /d1/422/AUTH_30b7e0a215454ce0afeddd89cbf7c5dd/gnocchi.0cd0dec5-c28d-46da-b723-122cb9a7210f" 201 - "PUT http://172.20.0.105:6001/d1/929/AUTH_30b7e0a215454ce0afeddd89cbf7c5dd/gnocchi.0cd0dec5-c28d-46da-b723-122cb9a7210f" "tx7638a33aeb8f4bf7911c9-006a29249a" "container-server 22" 0.0137 "-" 15 0
Jun 10 08:47:22 np0000069408 object-server[126409]: 172.20.0.104 - - [10/Jun/2026:08:47:22 +0000] "GET /d1/606/AUTH_30b7e0a215454ce0afeddd89cbf7c5dd/gnocchi.44b60614-095b-4157-9512-a864361d9671/none_v3" 404 70 "GET http://172.18.0.190:8080/v1/AUTH_30b7e0a215454ce0afeddd89cbf7c5dd/gnocchi.44b60614-095b-4157-9512-a864361d9671/none_v3" "txea4e049b4b2344b08d76d-006a29249a" "proxy-server 12" 0.0006 "-" 24 0
Jun 10 08:47:22 np0000069408 proxy-server[127754]: 172.18.0.190 172.18.0.104 10/Jun/2026/08/47/22 PUT /v1/AUTH_30b7e0a215454ce0afeddd89cbf7c5dd/gnocchi.0cd0dec5-c28d-46da-b723-122cb9a7210f HTTP/1.0 201 - python-swiftclient-3.11.1 gAAAAABqKSNxtSJS... - - - tx7638a33aeb8f4bf7911c9-006a29249a - 0.0511 - - 1781081242.149437189 1781081242.200520515 0
Jun 10 08:47:22 np0000069408 container-server[126048]: 172.20.0.105 - - [10/Jun/2026:08:47:22 +0000] "PUT /d1/593/AUTH_30b7e0a215454ce0afeddd89cbf7c5dd/gnocchi.ea1d92ee-5253-4a66-a648-5324b0e11d9e" 201 - "PUT http://172.18.0.190:8080/v1/AUTH_30b7e0a215454ce0afeddd89cbf7c5dd/gnocchi.ea1d92ee-5253-4a66-a648-5324b0e11d9e" "tx15194c258c75485384676-006a29249a" "proxy-server 20" 0.0320 "-" 21 0
Jun 10 08:47:22 np0000069408 account-server[125770]: 172.20.0.105 - - [10/Jun/2026:08:47:22 +0000] "PUT /d1/422/AUTH_30b7e0a215454ce0afeddd89cbf7c5dd/gnocchi.ea1d92ee-5253-4a66-a648-5324b0e11d9e" 201 - "PUT http://172.20.0.105:6001/d1/593/AUTH_30b7e0a215454ce0afeddd89cbf7c5dd/gnocchi.ea1d92ee-5253-4a66-a648-5324b0e11d9e" "tx15194c258c75485384676-006a29249a" "container-server 21" 0.0333 "-" 17 0
Jun 10 08:47:22 np0000069408 container-server[126059]: 172.20.0.103 - - [10/Jun/2026:08:47:22 +0000] "HEAD /d1/929/AUTH_30b7e0a215454ce0afeddd89cbf7c5dd/gnocchi.0cd0dec5-c28d-46da-b723-122cb9a7210f" 204 - "HEAD http://172.18.0.190:8080/v1/AUTH_30b7e0a215454ce0afeddd89cbf7c5dd/gnocchi.0cd0dec5-c28d-46da-b723-122cb9a7210f?format=json&states=listing" "txb8b8647d759a465b8cc98-006a29249a" "proxy-server 20" 0.0015 "-" 23 0
Jun 10 08:47:22 np0000069408 proxy-server[127754]: - - 10/Jun/2026/08/47/22 HEAD /v1/AUTH_30b7e0a215454ce0afeddd89cbf7c5dd/gnocchi.0cd0dec5-c28d-46da-b723-122cb9a7210f%3Fformat%3Djson%26states%3Dlisting HTTP/1.0 204 - Swift - - - - txb8b8647d759a465b8cc98-006a29249a - 0.0058 RL - 1781081242.212375641 1781081242.218130827 0
Jun 10 08:47:22 np0000069408 account-server[125770]: 172.20.0.105 - - [10/Jun/2026:08:47:22 +0000] "PUT /d1/422/AUTH_30b7e0a215454ce0afeddd89cbf7c5dd/gnocchi.44b60614-095b-4157-9512-a864361d9671" 201 - "PUT http://172.20.0.105:6001/d1/94/AUTH_30b7e0a215454ce0afeddd89cbf7c5dd/gnocchi.44b60614-095b-4157-9512-a864361d9671" "txbf6da9998b3a4c04a3bcf-006a29249a" "container-server 22" 0.0082 "-" 17 0
Jun 10 08:47:22 np0000069408 container-server[126048]: 172.20.0.105 - - [10/Jun/2026:08:47:22 +0000] "HEAD /d1/593/AUTH_30b7e0a215454ce0afeddd89cbf7c5dd/gnocchi.ea1d92ee-5253-4a66-a648-5324b0e11d9e" 204 - "HEAD http://172.18.0.190:8080/v1/AUTH_30b7e0a215454ce0afeddd89cbf7c5dd/gnocchi.ea1d92ee-5253-4a66-a648-5324b0e11d9e?format=json&states=listing" "tx7748c28667bc438b9e280-006a29249a" "proxy-server 20" 0.0012 "-" 21 0
Jun 10 08:47:22 np0000069408 proxy-server[127754]: 172.18.0.190 172.18.0.104 10/Jun/2026/08/47/22 GET /v1/AUTH_30b7e0a215454ce0afeddd89cbf7c5dd/gnocchi.0cd0dec5-c28d-46da-b723-122cb9a7210f%3Fformat%3Djson%26states%3Dlisting HTTP/1.0 200 - python-swiftclient-3.11.1 gAAAAABqKSNxtSJS... - 2 - txb8b8647d759a465b8cc98-006a29249a - 0.0242 - - 1781081242.210213184 1781081242.234426022 0
Jun 10 08:47:22 np0000069408 container-server[126057]: 172.20.0.104 - - [10/Jun/2026:08:47:22 +0000] "PUT /d1/94/AUTH_30b7e0a215454ce0afeddd89cbf7c5dd/gnocchi.44b60614-095b-4157-9512-a864361d9671" 201 - "PUT http://172.18.0.190:8080/v1/AUTH_30b7e0a215454ce0afeddd89cbf7c5dd/gnocchi.44b60614-095b-4157-9512-a864361d9671" "txbf6da9998b3a4c04a3bcf-006a29249a" "proxy-server 12" 0.0307 "-" 22 0
Jun 10 08:47:22 np0000069408 object-server[126409]: 172.20.0.103 - - [10/Jun/2026:08:47:22 +0000] "GET /d1/538/AUTH_30b7e0a215454ce0afeddd89cbf7c5dd/gnocchi.0cd0dec5-c28d-46da-b723-122cb9a7210f/1780920000.0_mean_300.0_v3" 404 70 "GET http://172.18.0.190:8080/v1/AUTH_30b7e0a215454ce0afeddd89cbf7c5dd/gnocchi.0cd0dec5-c28d-46da-b723-122cb9a7210f/1780920000.0_mean_300.0_v3" "txc9a1090375204734b037d-006a29249a" "proxy-server 20" 0.0004 "-" 24 0
Jun 10 08:47:22 np0000069408 proxy-server[127754]: 172.18.0.190 172.18.0.104 10/Jun/2026/08/47/22 GET /v1/AUTH_30b7e0a215454ce0afeddd89cbf7c5dd/gnocchi.0cd0dec5-c28d-46da-b723-122cb9a7210f/1780920000.0_mean_300.0_v3 HTTP/1.0 404 - python-swiftclient-3.11.1 gAAAAABqKSNxtSJS... - 70 - txc9a1090375204734b037d-006a29249a - 0.0197 - - 1781081242.245170832 1781081242.264900684 0
Jun 10 08:47:22 np0000069408 container-server[126059]: 172.20.0.104 - - [10/Jun/2026:08:47:22 +0000] "GET /d1/94/AUTH_30b7e0a215454ce0afeddd89cbf7c5dd/gnocchi.44b60614-095b-4157-9512-a864361d9671" 200 2 "GET http://172.18.0.190:8080/v1/AUTH_30b7e0a215454ce0afeddd89cbf7c5dd/gnocchi.44b60614-095b-4157-9512-a864361d9671?format=json&states=listing" "txd72e38121cd64dcfa0c80-006a29249a" "proxy-server 12" 0.0021 "-" 23 0
Jun 10 08:47:22 np0000069408 object-server[126406]: 172.20.0.105 - - [10/Jun/2026:08:47:22 +0000] "GET /d1/279/AUTH_30b7e0a215454ce0afeddd89cbf7c5dd/gnocchi.ea1d92ee-5253-4a66-a648-5324b0e11d9e/1780920000.0_mean_300.0_v3" 404 70 "GET http://172.18.0.190:8080/v1/AUTH_30b7e0a215454ce0afeddd89cbf7c5dd/gnocchi.ea1d92ee-5253-4a66-a648-5324b0e11d9e/1780920000.0_mean_300.0_v3" "txb8e1ad8ec0c34a1fb6979-006a29249a" "proxy-server 20" 0.0005 "-" 23 0
Jun 10 08:47:22 np0000069408 container-server[126057]: 172.20.0.105 - - [10/Jun/2026:08:47:22 +0000] "PUT /d1/929/AUTH_30b7e0a215454ce0afeddd89cbf7c5dd/gnocchi.0cd0dec5-c28d-46da-b723-122cb9a7210f/1780920000.0_mean_300.0_v3" 201 - "PUT http://172.18.0.190:8080/d1/538/AUTH_30b7e0a215454ce0afeddd89cbf7c5dd/gnocchi.0cd0dec5-c28d-46da-b723-122cb9a7210f/1780920000.0_mean_300.0_v3" "txd894f16e9c5f4fa4ba9f2-006a29249a" "object-server 23" 0.0007 "-" 22 0
Jun 10 08:47:22 np0000069408 object-server[126409]: 172.20.0.103 - - [10/Jun/2026:08:47:22 +0000] "PUT /d1/538/AUTH_30b7e0a215454ce0afeddd89cbf7c5dd/gnocchi.0cd0dec5-c28d-46da-b723-122cb9a7210f/1780920000.0_mean_300.0_v3" 201 - "PUT http://172.18.0.190:8080/v1/AUTH_30b7e0a215454ce0afeddd89cbf7c5dd/gnocchi.0cd0dec5-c28d-46da-b723-122cb9a7210f/1780920000.0_mean_300.0_v3" "txd894f16e9c5f4fa4ba9f2-006a29249a" "proxy-server 20" 0.0170 "-" 24 0
Jun 10 08:47:22 np0000069408 proxy-server[127754]: 172.18.0.190 172.18.0.104 10/Jun/2026/08/47/22 PUT /v1/AUTH_30b7e0a215454ce0afeddd89cbf7c5dd/gnocchi.0cd0dec5-c28d-46da-b723-122cb9a7210f/1780920000.0_mean_300.0_v3 HTTP/1.0 201 - python-swiftclient-3.11.1 gAAAAABqKSNxtSJS... 16 - - txd894f16e9c5f4fa4ba9f2-006a29249a - 0.0247 - - 1781081242.270245075 1781081242.294978857 0
Jun 10 08:47:22 np0000069408 object-server[126406]: 172.20.0.104 - - [10/Jun/2026:08:47:22 +0000] "GET /d1/50/AUTH_30b7e0a215454ce0afeddd89cbf7c5dd/gnocchi.44b60614-095b-4157-9512-a864361d9671/1780920000.0_mean_300.0_v3" 404 70 "GET http://172.18.0.190:8080/v1/AUTH_30b7e0a215454ce0afeddd89cbf7c5dd/gnocchi.44b60614-095b-4157-9512-a864361d9671/1780920000.0_mean_300.0_v3" "tx7acd910e9cb94ea29e8e7-006a29249a" "proxy-server 12" 0.0002 "-" 23 0
Jun 10 08:47:22 np0000069408 container-server[126057]: 172.20.0.105 - - [10/Jun/2026:08:47:22 +0000] "PUT /d1/593/AUTH_30b7e0a215454ce0afeddd89cbf7c5dd/gnocchi.ea1d92ee-5253-4a66-a648-5324b0e11d9e/1780920000.0_mean_300.0_v3" 201 - "PUT http://172.18.0.190:8080/d1/279/AUTH_30b7e0a215454ce0afeddd89cbf7c5dd/gnocchi.ea1d92ee-5253-4a66-a648-5324b0e11d9e/1780920000.0_mean_300.0_v3" "tx7fef4837669f43d4977fc-006a29249a" "object-server 22" 0.0005 "-" 22 0
Jun 10 08:47:22 np0000069408 object-server[126406]: 172.20.0.105 - - [10/Jun/2026:08:47:22 +0000] "PUT /d1/279/AUTH_30b7e0a215454ce0afeddd89cbf7c5dd/gnocchi.ea1d92ee-5253-4a66-a648-5324b0e11d9e/1780920000.0_mean_300.0_v3" 201 - "PUT http://172.18.0.190:8080/v1/AUTH_30b7e0a215454ce0afeddd89cbf7c5dd/gnocchi.ea1d92ee-5253-4a66-a648-5324b0e11d9e/1780920000.0_mean_300.0_v3" "tx7fef4837669f43d4977fc-006a29249a" "proxy-server 20" 0.0113 "-" 23 0
Jun 10 08:47:22 np0000069408 container-server[126057]: 172.20.0.104 - - [10/Jun/2026:08:47:22 +0000] "PUT /d1/929/AUTH_30b7e0a215454ce0afeddd89cbf7c5dd/gnocchi.0cd0dec5-c28d-46da-b723-122cb9a7210f/none_v3" 201 - "PUT http://172.18.0.190:8080/d1/878/AUTH_30b7e0a215454ce0afeddd89cbf7c5dd/gnocchi.0cd0dec5-c28d-46da-b723-122cb9a7210f/none_v3" "tx964fcbe542c64de189525-006a29249a" "object-server 23" 0.0004 "-" 22 0
Jun 10 08:47:22 np0000069408 container-server[126059]: 172.20.0.105 - - [10/Jun/2026:08:47:22 +0000] "PUT /d1/94/AUTH_30b7e0a215454ce0afeddd89cbf7c5dd/gnocchi.44b60614-095b-4157-9512-a864361d9671/1780920000.0_mean_300.0_v3" 201 - "PUT http://172.18.0.190:8080/d1/50/AUTH_30b7e0a215454ce0afeddd89cbf7c5dd/gnocchi.44b60614-095b-4157-9512-a864361d9671/1780920000.0_mean_300.0_v3" "tx65a9f7f3aefe4cb98dc0f-006a29249a" "object-server 23" 0.0005 "-" 23 0
Jun 10 08:47:22 np0000069408 object-server[126412]: 172.20.0.103 - - [10/Jun/2026:08:47:22 +0000] "PUT /d1/878/AUTH_30b7e0a215454ce0afeddd89cbf7c5dd/gnocchi.0cd0dec5-c28d-46da-b723-122cb9a7210f/none_v3" 201 - "PUT http://172.18.0.190:8080/v1/AUTH_30b7e0a215454ce0afeddd89cbf7c5dd/gnocchi.0cd0dec5-c28d-46da-b723-122cb9a7210f/none_v3" "tx964fcbe542c64de189525-006a29249a" "proxy-server 20" 0.0181 "-" 25 0
Jun 10 08:47:22 np0000069408 object-server[126412]: 172.20.0.104 - - [10/Jun/2026:08:47:22 +0000] "PUT /d1/50/AUTH_30b7e0a215454ce0afeddd89cbf7c5dd/gnocchi.44b60614-095b-4157-9512-a864361d9671/1780920000.0_mean_300.0_v3" 201 - "PUT http://172.18.0.190:8080/v1/AUTH_30b7e0a215454ce0afeddd89cbf7c5dd/gnocchi.44b60614-095b-4157-9512-a864361d9671/1780920000.0_mean_300.0_v3" "tx65a9f7f3aefe4cb98dc0f-006a29249a" "proxy-server 12" 0.0129 "-" 25 0
Jun 10 08:47:22 np0000069408 proxy-server[127754]: 172.18.0.190 172.18.0.104 10/Jun/2026/08/47/22 PUT /v1/AUTH_30b7e0a215454ce0afeddd89cbf7c5dd/gnocchi.0cd0dec5-c28d-46da-b723-122cb9a7210f/none_v3 HTTP/1.0 201 - python-swiftclient-3.11.1 gAAAAABqKSNxtSJS... 22 - - tx964fcbe542c64de189525-006a29249a - 0.0273 - - 1781081242.302332163 1781081242.329611301 0
Jun 10 08:47:22 np0000069408 container-server[126057]: 172.20.0.103 - - [10/Jun/2026:08:47:22 +0000] "PUT /d1/593/AUTH_30b7e0a215454ce0afeddd89cbf7c5dd/gnocchi.ea1d92ee-5253-4a66-a648-5324b0e11d9e/none_v3" 201 - "PUT http://172.18.0.190:8080/d1/647/AUTH_30b7e0a215454ce0afeddd89cbf7c5dd/gnocchi.ea1d92ee-5253-4a66-a648-5324b0e11d9e/none_v3" "tx81b31d82a0be425298aa1-006a29249a" "object-server 22" 0.0004 "-" 22 0
Jun 10 08:47:22 np0000069408 object-server[126405]: 172.20.0.105 - - [10/Jun/2026:08:47:22 +0000] "PUT /d1/647/AUTH_30b7e0a215454ce0afeddd89cbf7c5dd/gnocchi.ea1d92ee-5253-4a66-a648-5324b0e11d9e/none_v3" 201 - "PUT http://172.18.0.190:8080/v1/AUTH_30b7e0a215454ce0afeddd89cbf7c5dd/gnocchi.ea1d92ee-5253-4a66-a648-5324b0e11d9e/none_v3" "tx81b31d82a0be425298aa1-006a29249a" "proxy-server 20" 0.0092 "-" 22 0
Jun 10 08:47:22 np0000069408 container-server[126059]: 172.20.0.103 - - [10/Jun/2026:08:47:22 +0000] "PUT /d1/94/AUTH_30b7e0a215454ce0afeddd89cbf7c5dd/gnocchi.44b60614-095b-4157-9512-a864361d9671/none_v3" 201 - "PUT http://172.18.0.190:8080/d1/606/AUTH_30b7e0a215454ce0afeddd89cbf7c5dd/gnocchi.44b60614-095b-4157-9512-a864361d9671/none_v3" "txe140bdecf6b14ef8aa126-006a29249a" "object-server 23" 0.0005 "-" 23 0
Jun 10 08:47:22 np0000069408 object-server[126406]: 172.20.0.104 - - [10/Jun/2026:08:47:22 +0000] "PUT /d1/606/AUTH_30b7e0a215454ce0afeddd89cbf7c5dd/gnocchi.44b60614-095b-4157-9512-a864361d9671/none_v3" 201 - "PUT http://172.18.0.190:8080/v1/AUTH_30b7e0a215454ce0afeddd89cbf7c5dd/gnocchi.44b60614-095b-4157-9512-a864361d9671/none_v3" "txe140bdecf6b14ef8aa126-006a29249a" "proxy-server 12" 0.0098 "-" 23 0
Jun 10 08:47:31 np0000069408 container-server[125654]: Beginning replication run
Jun 10 08:47:31 np0000069408 container-server[125654]: Replication run OVER
Jun 10 08:47:31 np0000069408 container-server[125654]: Attempted to replicate 22 dbs in 0.47139 seconds (46.67024/s)
Jun 10 08:47:31 np0000069408 container-server[125654]: Removed 0 dbs
Jun 10 08:47:31 np0000069408 container-server[125654]: 44 successes, 0 failures
Jun 10 08:47:31 np0000069408 container-server[125654]: diff:0 diff_capped:0 empty:0 hashmatch:0 no_change:44 remote_merge:0 rsync:0 ts_repl:0
Jun 10 08:47:33 np0000069408 object-server[126089]: Starting object replication pass.
Jun 10 08:47:33 np0000069408 object-server[126089]: 43/43 (100.00%) partitions replicated in 0.40s (108.64/sec, 0s remaining)
Jun 10 08:47:33 np0000069408 object-server[126089]: 86 successes, 0 failures
Jun 10 08:47:33 np0000069408 object-server[126089]: 44 suffixes checked - 0.00% hashed, 0.00% synced
Jun 10 08:47:33 np0000069408 object-server[126089]: Partition times: max 0.0246s, min 0.0062s, med 0.0080s
Jun 10 08:47:33 np0000069408 object-server[126089]: Object replication complete. (0.01 minutes)
Jun 10 08:47:36 np0000069408 object-server[254434]: Begin object audit "forever" mode (ZBF)
Jun 10 08:47:36 np0000069408 object-server[254434]: Object audit (ZBF). Since Wed Jun 10 08:47:36 2026: Locally: 1 passed, 0 quarantined, 0 errors, files/sec: 652.91, bytes/sec: 0.00, Total time: 0.00, Auditing time: 0.00, Rate: 0.00
Jun 10 08:47:37 np0000069408 object-server[254434]: Object audit (ZBF) "forever" mode completed: 0.84s. Total quarantined: 0, Total errors: 0, Total files/sec: 52.13, Total bytes/sec: 0.00, Auditing time: 0.83, Rate: 0.98
Jun 10 08:47:39 np0000069408 account-server[125770]: 172.20.0.103 - - [10/Jun/2026:08:47:39 +0000] "HEAD /d1/791/.expiring_objects" 404 - "HEAD http://localhost/v1/.expiring_objects?format=json" "tx406a60ab3a0745f380291-006a2924ab" "proxy-server 2" 0.0006 "-" 17 -
Jun 10 08:47:39 np0000069408 object-expirer[126064]: Pass completed in 0s; 0 objects expired (txn: tx406a60ab3a0745f380291-006a2924ab)
Jun 10 08:47:42 np0000069408 object-server[126340]: Begin object update sweep
Jun 10 08:47:42 np0000069408 object-server[257622]: Object update sweep starting on /srv/node/d1 (pid: 16)
Jun 10 08:47:42 np0000069408 object-server[257622]: Object update sweep completed on /srv/node/d1 in 0.00s seconds:, 0 successes, 0 failures, 0 quarantines, 0 unlinks, 0 errors, 0 redirects (pid: 16)
Jun 10 08:47:42 np0000069408 object-server[257622]: Object update sweep of d1 completed: 0.00s, 0 successes, 0 failures, 0 quarantines, 0 unlinks, 0 errors, 0 redirects
Jun 10 08:47:42 np0000069408 object-server[126340]: Object update sweep completed: 0.09s
Jun 10 08:47:45 np0000069408 account-server[125759]: 172.20.0.105 - - [10/Jun/2026:08:47:45 +0000] "PUT /d1/422/AUTH_30b7e0a215454ce0afeddd89cbf7c5dd/gnocchi.237a37de-1067-4a83-a00c-a88c9e6b0409" 201 - "-" "-" "container-updater 2" 0.0009 "-" 16 0
Jun 10 08:47:45 np0000069408 account-server[125759]: 172.20.0.105 - - [10/Jun/2026:08:47:45 +0000] "PUT /d1/422/AUTH_30b7e0a215454ce0afeddd89cbf7c5dd/gnocchi.15bf3366-6f3f-4dcb-a936-903dc143430f" 201 - "-" "-" "container-updater 2" 0.0007 "-" 16 0
Jun 10 08:47:45 np0000069408 account-server[125770]: 172.20.0.105 - - [10/Jun/2026:08:47:45 +0000] "PUT /d1/422/AUTH_30b7e0a215454ce0afeddd89cbf7c5dd/gnocchi.0c4722bd-a501-4967-a9fb-e4ca97f3d724" 201 - "-" "-" "container-updater 2" 0.0004 "-" 17 0
Jun 10 08:47:45 np0000069408 account-server[125750]: 172.20.0.105 - - [10/Jun/2026:08:47:45 +0000] "PUT /d1/422/AUTH_30b7e0a215454ce0afeddd89cbf7c5dd/gnocchi.aad3348e-f25d-4938-96e3-8ea9814d88f4" 201 - "-" "-" "container-updater 2" 0.0006 "-" 15 0
Jun 10 08:47:45 np0000069408 account-server[125750]: 172.20.0.105 - - [10/Jun/2026:08:47:45 +0000] "PUT /d1/422/AUTH_30b7e0a215454ce0afeddd89cbf7c5dd/gnocchi.12368dc9-7bee-46a7-af92-d7a016659968" 201 - "-" "-" "container-updater 2" 0.0007 "-" 15 0
Jun 10 08:47:45 np0000069408 account-server[125770]: 172.20.0.105 - - [10/Jun/2026:08:47:45 +0000] "PUT /d1/422/AUTH_30b7e0a215454ce0afeddd89cbf7c5dd/gnocchi.44358ecf-5b55-485d-a342-cbe66dc1fcd0" 201 - "-" "-" "container-updater 2" 0.0008 "-" 17 0
Jun 10 08:47:45 np0000069408 account-server[125746]: 172.20.0.105 - - [10/Jun/2026:08:47:45 +0000] "PUT /d1/422/AUTH_30b7e0a215454ce0afeddd89cbf7c5dd/gnocchi.88960735-e3dd-4ba9-9682-a3e4a44ed2ea" 201 - "-" "-" "container-updater 2" 0.0006 "-" 14 0
Jun 10 08:47:45 np0000069408 account-server[125759]: 172.20.0.105 - - [10/Jun/2026:08:47:45 +0000] "PUT /d1/422/AUTH_30b7e0a215454ce0afeddd89cbf7c5dd/gnocchi.44b60614-095b-4157-9512-a864361d9671" 201 - "-" "-" "container-updater 2" 0.0007 "-" 16 0
Jun 10 08:47:45 np0000069408 account-server[125746]: 172.20.0.105 - - [10/Jun/2026:08:47:45 +0000] "PUT /d1/422/AUTH_30b7e0a215454ce0afeddd89cbf7c5dd/gnocchi.ea1d92ee-5253-4a66-a648-5324b0e11d9e" 201 - "-" "-" "container-updater 2" 0.0007 "-" 14 0
Jun 10 08:47:46 np0000069408 account-server[125759]: 172.20.0.105 - - [10/Jun/2026:08:47:46 +0000] "PUT /d1/422/AUTH_30b7e0a215454ce0afeddd89cbf7c5dd/gnocchi.29587ea7-2eb4-43c2-be6a-6a027bfb8b21" 201 - "-" "-" "container-updater 2" 0.0007 "-" 16 0
Jun 10 08:47:46 np0000069408 account-server[125746]: 172.20.0.105 - - [10/Jun/2026:08:47:46 +0000] "PUT /d1/422/AUTH_30b7e0a215454ce0afeddd89cbf7c5dd/gnocchi.0cd0dec5-c28d-46da-b723-122cb9a7210f" 201 - "-" "-" "container-updater 2" 0.0007 "-" 14 0
Jun 10 08:47:46 np0000069408 account-server[125770]: 172.20.0.105 - - [10/Jun/2026:08:47:46 +0000] "PUT /d1/422/AUTH_30b7e0a215454ce0afeddd89cbf7c5dd/gnocchi.5cd9d7b8-c7c1-4413-851d-5c65006adb4e" 201 - "-" "-" "container-updater 2" 0.0006 "-" 17 0
Jun 10 08:47:46 np0000069408 account-server[125750]: 172.20.0.105 - - [10/Jun/2026:08:47:46 +0000] "PUT /d1/422/AUTH_30b7e0a215454ce0afeddd89cbf7c5dd/gnocchi.dad0b3d0-3a81-4325-accc-e4158c2a319b" 201 - "-" "-" "container-updater 2" 0.0007 "-" 15 0
Jun 10 08:47:46 np0000069408 account-server[125746]: 172.20.0.105 - - [10/Jun/2026:08:47:46 +0000] "PUT /d1/422/AUTH_30b7e0a215454ce0afeddd89cbf7c5dd/gnocchi.d18dbd3c-c854-423e-b169-c36a773495b8" 201 - "-" "-" "container-updater 2" 0.0012 "-" 14 0
Jun 10 08:47:50 np0000069408 account-server[125492]: Beginning replication run
Jun 10 08:47:50 np0000069408 account-server[125492]: Replication run OVER
Jun 10 08:47:50 np0000069408 account-server[125492]: Attempted to replicate 1 dbs in 0.04505 seconds (22.19873/s)
Jun 10 08:47:50 np0000069408 account-server[125492]: Removed 0 dbs
Jun 10 08:47:50 np0000069408 account-server[125492]: 2 successes, 0 failures
Jun 10 08:47:50 np0000069408 account-server[125492]: diff:0 diff_capped:0 empty:0 hashmatch:0 no_change:2 remote_merge:0 rsync:0 ts_repl:0
Jun 10 08:48:01 np0000069408 container-server[125654]: Beginning replication run
Jun 10 08:48:01 np0000069408 container-server[125654]: Replication run OVER
Jun 10 08:48:01 np0000069408 container-server[125654]: Attempted to replicate 22 dbs in 0.43418 seconds (50.67077/s)
Jun 10 08:48:01 np0000069408 container-server[125654]: Removed 0 dbs
Jun 10 08:48:01 np0000069408 container-server[125654]: 44 successes, 0 failures
Jun 10 08:48:01 np0000069408 container-server[125654]: diff:0 diff_capped:0 empty:0 hashmatch:0 no_change:44 remote_merge:0 rsync:0 ts_repl:0
Jun 10 08:48:03 np0000069408 object-server[126089]: Starting object replication pass.
Jun 10 08:48:03 np0000069408 object-server[126089]: 43/43 (100.00%) partitions replicated in 0.40s (106.71/sec, 0s remaining)
Jun 10 08:48:03 np0000069408 object-server[126089]: 86 successes, 0 failures
Jun 10 08:48:03 np0000069408 object-server[126089]: 44 suffixes checked - 0.00% hashed, 0.00% synced
Jun 10 08:48:03 np0000069408 object-server[126089]: Partition times: max 0.0150s, min 0.0065s, med 0.0086s
Jun 10 08:48:03 np0000069408 object-server[126089]: Object replication complete. (0.01 minutes)
Jun 10 08:48:07 np0000069408 object-server[260122]: Begin object audit "forever" mode (ZBF)
Jun 10 08:48:07 np0000069408 object-server[260122]: Object audit (ZBF). Since Wed Jun 10 08:48:07 2026: Locally: 1 passed, 0 quarantined, 0 errors, files/sec: 1017.29, bytes/sec: 0.00, Total time: 0.00, Auditing time: 0.00, Rate: 0.00
Jun 10 08:48:07 np0000069408 object-server[260124]: Begin object audit "forever" mode (ALL)
Jun 10 08:48:07 np0000069408 object-server[260124]: Object audit (ALL). Since Wed Jun 10 08:48:07 2026: Locally: 1 passed, 0 quarantined, 0 errors, files/sec: 103.24, bytes/sec: 1651.87, Total time: 0.01, Auditing time: 0.00, Rate: 0.00
Jun 10 08:48:08 np0000069408 object-server[260122]: Object audit (ZBF) "forever" mode completed: 0.84s. Total quarantined: 0, Total errors: 0, Total files/sec: 52.23, Total bytes/sec: 0.00, Auditing time: 0.83, Rate: 0.99
Jun 10 08:48:09 np0000069408 object-server[260124]: Object audit (ALL) "forever" mode completed: 2.11s. Total quarantined: 0, Total errors: 0, Total files/sec: 20.84, Total bytes/sec: 400.61, Auditing time: 2.10, Rate: 0.99
Jun 10 08:48:19 np0000069408 account-server[125746]: 172.20.0.104 - - [10/Jun/2026:08:48:19 +0000] "HEAD /d1/791/.expiring_objects" 404 - "HEAD http://localhost/v1/.expiring_objects?format=json" "tx3d713fe46715402ca7a7e-006a2924d3" "proxy-server 2" 0.0009 "-" 14 -
Jun 10 08:48:20 np0000069408 account-server[125492]: Beginning replication run
Jun 10 08:48:20 np0000069408 account-server[125492]: Replication run OVER
Jun 10 08:48:20 np0000069408 account-server[125492]: Attempted to replicate 1 dbs in 0.02140 seconds (46.71944/s)
Jun 10 08:48:20 np0000069408 account-server[125492]: Removed 0 dbs
Jun 10 08:48:20 np0000069408 account-server[125492]: 2 successes, 0 failures
Jun 10 08:48:20 np0000069408 account-server[125492]: diff:0 diff_capped:0 empty:0 hashmatch:0 no_change:2 remote_merge:0 rsync:0 ts_repl:0
Jun 10 08:48:31 np0000069408 container-server[125654]: Beginning replication run
Jun 10 08:48:31 np0000069408 container-server[125654]: Replication run OVER
Jun 10 08:48:31 np0000069408 container-server[125654]: Attempted to replicate 22 dbs in 0.44057 seconds (49.93499/s)
Jun 10 08:48:31 np0000069408 container-server[125654]: Removed 0 dbs
Jun 10 08:48:31 np0000069408 container-server[125654]: 44 successes, 0 failures
Jun 10 08:48:31 np0000069408 container-server[125654]: diff:0 diff_capped:0 empty:0 hashmatch:0 no_change:44 remote_merge:0 rsync:0 ts_repl:0
Jun 10 08:48:33 np0000069408 object-server[126089]: Starting object replication pass.
Jun 10 08:48:34 np0000069408 object-server[126089]: 43/43 (100.00%) partitions replicated in 0.37s (116.70/sec, 0s remaining)
Jun 10 08:48:34 np0000069408 object-server[126089]: 86 successes, 0 failures
Jun 10 08:48:34 np0000069408 object-server[126089]: 44 suffixes checked - 0.00% hashed, 0.00% synced
Jun 10 08:48:34 np0000069408 object-server[126089]: Partition times: max 0.0129s, min 0.0065s, med 0.0080s
Jun 10 08:48:34 np0000069408 object-server[126089]: Object replication complete. (0.01 minutes)
Jun 10 08:48:38 np0000069408 object-server[260285]: Begin object audit "forever" mode (ZBF)
Jun 10 08:48:38 np0000069408 object-server[260285]: Object audit (ZBF). Since Wed Jun 10 08:48:38 2026: Locally: 1 passed, 0 quarantined, 0 errors, files/sec: 617.45, bytes/sec: 0.00, Total time: 0.00, Auditing time: 0.00, Rate: 0.00
Jun 10 08:48:39 np0000069408 object-server[260285]: Object audit (ZBF) "forever" mode completed: 0.84s. Total quarantined: 0, Total errors: 0, Total files/sec: 52.21, Total bytes/sec: 0.00, Auditing time: 0.83, Rate: 0.99
Jun 10 08:48:50 np0000069408 account-server[125492]: Beginning replication run
Jun 10 08:48:50 np0000069408 account-server[125492]: Replication run OVER
Jun 10 08:48:50 np0000069408 account-server[125492]: Attempted to replicate 1 dbs in 0.01689 seconds (59.22366/s)
Jun 10 08:48:50 np0000069408 account-server[125492]: Removed 0 dbs
Jun 10 08:48:50 np0000069408 account-server[125492]: 2 successes, 0 failures
Jun 10 08:48:50 np0000069408 account-server[125492]: diff:0 diff_capped:0 empty:0 hashmatch:0 no_change:2 remote_merge:0 rsync:0 ts_repl:0
Jun 10 08:49:00 np0000069408 account-server[125770]: 172.20.0.104 - - [10/Jun/2026:08:49:00 +0000] "PUT /d1/422/AUTH_30b7e0a215454ce0afeddd89cbf7c5dd/gnocchi.12368dc9-7bee-46a7-af92-d7a016659968" 201 - "-" "-" "container-updater 2" 0.0013 "-" 17 0
Jun 10 08:49:00 np0000069408 account-server[125770]: 172.20.0.104 - - [10/Jun/2026:08:49:00 +0000] "PUT /d1/422/AUTH_30b7e0a215454ce0afeddd89cbf7c5dd/gnocchi.0cd0dec5-c28d-46da-b723-122cb9a7210f" 201 - "-" "-" "container-updater 2" 0.0007 "-" 17 0
Jun 10 08:49:00 np0000069408 account-server[125746]: 172.20.0.104 - - [10/Jun/2026:08:49:00 +0000] "PUT /d1/422/AUTH_30b7e0a215454ce0afeddd89cbf7c5dd/gnocchi.ea1d92ee-5253-4a66-a648-5324b0e11d9e" 201 - "-" "-" "container-updater 2" 0.0007 "-" 14 0
Jun 10 08:49:00 np0000069408 account-server[125750]: 172.20.0.104 - - [10/Jun/2026:08:49:00 +0000] "PUT /d1/422/AUTH_30b7e0a215454ce0afeddd89cbf7c5dd/gnocchi.15bf3366-6f3f-4dcb-a936-903dc143430f" 201 - "-" "-" "container-updater 2" 0.0004 "-" 15 0
Jun 10 08:49:00 np0000069408 account-server[125750]: 172.20.0.104 - - [10/Jun/2026:08:49:00 +0000] "PUT /d1/422/AUTH_30b7e0a215454ce0afeddd89cbf7c5dd/gnocchi.44b60614-095b-4157-9512-a864361d9671" 201 - "-" "-" "container-updater 2" 0.0008 "-" 15 0
Jun 10 08:49:01 np0000069408 account-server[125770]: 172.20.0.104 - - [10/Jun/2026:08:49:01 +0000] "PUT /d1/422/AUTH_30b7e0a215454ce0afeddd89cbf7c5dd/gnocchi.aad3348e-f25d-4938-96e3-8ea9814d88f4" 201 - "-" "-" "container-updater 2" 0.0007 "-" 17 0
Jun 10 08:49:01 np0000069408 container-server[125654]: Beginning replication run
Jun 10 08:49:01 np0000069408 account-server[125770]: 172.20.0.104 - - [10/Jun/2026:08:49:01 +0000] "PUT /d1/422/AUTH_30b7e0a215454ce0afeddd89cbf7c5dd/gnocchi.d18dbd3c-c854-423e-b169-c36a773495b8" 201 - "-" "-" "container-updater 2" 0.0007 "-" 17 0
Jun 10 08:49:01 np0000069408 account-server[125750]: 172.20.0.104 - - [10/Jun/2026:08:49:01 +0000] "PUT /d1/422/AUTH_30b7e0a215454ce0afeddd89cbf7c5dd/gnocchi.0c4722bd-a501-4967-a9fb-e4ca97f3d724" 201 - "-" "-" "container-updater 2" 0.0011 "-" 15 0
Jun 10 08:49:01 np0000069408 account-server[125750]: 172.20.0.104 - - [10/Jun/2026:08:49:01 +0000] "PUT /d1/422/AUTH_30b7e0a215454ce0afeddd89cbf7c5dd/gnocchi.44358ecf-5b55-485d-a342-cbe66dc1fcd0" 201 - "-" "-" "container-updater 2" 0.0007 "-" 15 0
Jun 10 08:49:01 np0000069408 container-server[125654]: Replication run OVER
Jun 10 08:49:01 np0000069408 container-server[125654]: Attempted to replicate 22 dbs in 0.43647 seconds (50.40494/s)
Jun 10 08:49:01 np0000069408 container-server[125654]: Removed 0 dbs
Jun 10 08:49:01 np0000069408 container-server[125654]: 44 successes, 0 failures
Jun 10 08:49:01 np0000069408 container-server[125654]: diff:0 diff_capped:0 empty:0 hashmatch:0 no_change:44 remote_merge:0 rsync:0 ts_repl:0
Jun 10 08:49:01 np0000069408 account-server[125750]: 172.20.0.104 - - [10/Jun/2026:08:49:01 +0000] "PUT /d1/422/AUTH_30b7e0a215454ce0afeddd89cbf7c5dd/gnocchi.88960735-e3dd-4ba9-9682-a3e4a44ed2ea" 201 - "-" "-" "container-updater 2" 0.0007 "-" 15 0
Jun 10 08:49:01 np0000069408 account-server[125746]: 172.20.0.104 - - [10/Jun/2026:08:49:01 +0000] "PUT /d1/422/AUTH_30b7e0a215454ce0afeddd89cbf7c5dd/gnocchi.237a37de-1067-4a83-a00c-a88c9e6b0409" 201 - "-" "-" "container-updater 2" 0.0005 "-" 14 0
Jun 10 08:49:01 np0000069408 account-server[125746]: 172.20.0.104 - - [10/Jun/2026:08:49:01 +0000] "PUT /d1/422/AUTH_30b7e0a215454ce0afeddd89cbf7c5dd/gnocchi.dad0b3d0-3a81-4325-accc-e4158c2a319b" 201 - "-" "-" "container-updater 2" 0.0007 "-" 14 0
Jun 10 08:49:01 np0000069408 account-server[125746]: 172.20.0.104 - - [10/Jun/2026:08:49:01 +0000] "PUT /d1/422/AUTH_30b7e0a215454ce0afeddd89cbf7c5dd/gnocchi.29587ea7-2eb4-43c2-be6a-6a027bfb8b21" 201 - "-" "-" "container-updater 2" 0.0007 "-" 14 0
Jun 10 08:49:02 np0000069408 account-server[125770]: 172.20.0.104 - - [10/Jun/2026:08:49:02 +0000] "PUT /d1/422/AUTH_30b7e0a215454ce0afeddd89cbf7c5dd/gnocchi.5cd9d7b8-c7c1-4413-851d-5c65006adb4e" 201 - "-" "-" "container-updater 2" 0.0007 "-" 17 0
Jun 10 08:49:04 np0000069408 object-server[126089]: Starting object replication pass.
Jun 10 08:49:04 np0000069408 object-server[126089]: 43/43 (100.00%) partitions replicated in 0.47s (91.85/sec, 0s remaining)
Jun 10 08:49:04 np0000069408 object-server[126089]: 86 successes, 0 failures
Jun 10 08:49:04 np0000069408 object-server[126089]: 44 suffixes checked - 0.00% hashed, 0.00% synced
Jun 10 08:49:04 np0000069408 object-server[126089]: Partition times: max 0.0429s, min 0.0070s, med 0.0091s
Jun 10 08:49:04 np0000069408 object-server[126089]: Object replication complete. (0.01 minutes)
Jun 10 08:49:09 np0000069408 object-server[266504]: Begin object audit "forever" mode (ZBF)
Jun 10 08:49:09 np0000069408 object-server[266505]: Begin object audit "forever" mode (ALL)
Jun 10 08:49:09 np0000069408 object-server[266504]: Object audit (ZBF). Since Wed Jun 10 08:49:09 2026: Locally: 1 passed, 0 quarantined, 0 errors, files/sec: 1303.79, bytes/sec: 0.00, Total time: 0.00, Auditing time: 0.00, Rate: 0.00
Jun 10 08:49:09 np0000069408 object-server[266505]: Object audit (ALL). Since Wed Jun 10 08:49:09 2026: Locally: 1 passed, 0 quarantined, 0 errors, files/sec: 185.34, bytes/sec: 2965.48, Total time: 0.01, Auditing time: 0.00, Rate: 0.00
Jun 10 08:49:10 np0000069408 object-server[266504]: Object audit (ZBF) "forever" mode completed: 0.84s. Total quarantined: 0, Total errors: 0, Total files/sec: 52.22, Total bytes/sec: 0.00, Auditing time: 0.83, Rate: 0.99
Jun 10 08:49:11 np0000069408 object-server[266505]: Object audit (ALL) "forever" mode completed: 2.11s. Total quarantined: 0, Total errors: 0, Total files/sec: 20.88, Total bytes/sec: 401.39, Auditing time: 2.10, Rate: 0.99
Jun 10 08:49:20 np0000069408 account-server[125492]: Beginning replication run
Jun 10 08:49:20 np0000069408 account-server[125492]: Replication run OVER
Jun 10 08:49:20 np0000069408 account-server[125492]: Attempted to replicate 1 dbs in 0.05433 seconds (18.40669/s)
Jun 10 08:49:20 np0000069408 account-server[125492]: Removed 0 dbs
Jun 10 08:49:20 np0000069408 account-server[125492]: 2 successes, 0 failures
Jun 10 08:49:20 np0000069408 account-server[125492]: diff:0 diff_capped:0 empty:0 hashmatch:0 no_change:2 remote_merge:0 rsync:0 ts_repl:0
Jun 10 08:49:31 np0000069408 container-server[125654]: Beginning replication run
Jun 10 08:49:31 np0000069408 container-server[125654]: Replication run OVER
Jun 10 08:49:31 np0000069408 container-server[125654]: Attempted to replicate 22 dbs in 0.43535 seconds (50.53408/s)
Jun 10 08:49:31 np0000069408 container-server[125654]: Removed 0 dbs
Jun 10 08:49:31 np0000069408 container-server[125654]: 44 successes, 0 failures
Jun 10 08:49:31 np0000069408 container-server[125654]: diff:0 diff_capped:0 empty:0 hashmatch:0 no_change:44 remote_merge:0 rsync:0 ts_repl:0
Jun 10 08:49:34 np0000069408 object-server[126089]: Starting object replication pass.
Jun 10 08:49:35 np0000069408 object-server[126089]: 43/43 (100.00%) partitions replicated in 0.39s (109.72/sec, 0s remaining)
Jun 10 08:49:35 np0000069408 object-server[126089]: 86 successes, 0 failures
Jun 10 08:49:35 np0000069408 object-server[126089]: 44 suffixes checked - 0.00% hashed, 0.00% synced
Jun 10 08:49:35 np0000069408 object-server[126089]: Partition times: max 0.0150s, min 0.0064s, med 0.0085s
Jun 10 08:49:35 np0000069408 object-server[126089]: Object replication complete. (0.01 minutes)
Jun 10 08:49:40 np0000069408 object-server[266527]: Begin object audit "forever" mode (ZBF)
Jun 10 08:49:40 np0000069408 object-server[266527]: Object audit (ZBF). Since Wed Jun 10 08:49:40 2026: Locally: 1 passed, 0 quarantined, 0 errors, files/sec: 614.01, bytes/sec: 0.00, Total time: 0.00, Auditing time: 0.00, Rate: 0.00
Jun 10 08:49:41 np0000069408 object-server[266527]: Object audit (ZBF) "forever" mode completed: 0.84s. Total quarantined: 0, Total errors: 0, Total files/sec: 52.16, Total bytes/sec: 0.00, Auditing time: 0.83, Rate: 0.99
Jun 10 08:49:50 np0000069408 account-server[125492]: Beginning replication run
Jun 10 08:49:50 np0000069408 account-server[125492]: Replication run OVER
Jun 10 08:49:50 np0000069408 account-server[125492]: Attempted to replicate 1 dbs in 0.02253 seconds (44.38538/s)
Jun 10 08:49:50 np0000069408 account-server[125492]: Removed 0 dbs
Jun 10 08:49:50 np0000069408 account-server[125492]: 2 successes, 0 failures
Jun 10 08:49:50 np0000069408 account-server[125492]: diff:0 diff_capped:0 empty:0 hashmatch:0 no_change:2 remote_merge:0 rsync:0 ts_repl:0
Jun 10 08:49:54 np0000069408 account-server[125770]: 172.20.0.105 - - [10/Jun/2026:08:49:54 +0000] "HEAD /d1/791/.expiring_objects" 404 - "HEAD http://localhost/v1/.expiring_objects?format=json" "txf7a17cb55ad74324bcc25-006a292532" "proxy-server 2" 0.0005 "-" 17 -
Jun 10 08:50:01 np0000069408 container-server[125654]: Beginning replication run
Jun 10 08:50:01 np0000069408 container-server[125654]: Replication run OVER
Jun 10 08:50:01 np0000069408 container-server[125654]: Attempted to replicate 22 dbs in 0.44496 seconds (49.44302/s)
Jun 10 08:50:01 np0000069408 container-server[125654]: Removed 0 dbs
Jun 10 08:50:01 np0000069408 container-server[125654]: 44 successes, 0 failures
Jun 10 08:50:01 np0000069408 container-server[125654]: diff:0 diff_capped:0 empty:0 hashmatch:0 no_change:44 remote_merge:0 rsync:0 ts_repl:0
Jun 10 08:50:05 np0000069408 object-server[126089]: Starting object replication pass.
Jun 10 08:50:05 np0000069408 object-server[126089]: 43/43 (100.00%) partitions replicated in 0.40s (106.92/sec, 0s remaining)
Jun 10 08:50:05 np0000069408 object-server[126089]: 86 successes, 0 failures
Jun 10 08:50:05 np0000069408 object-server[126089]: 44 suffixes checked - 0.00% hashed, 0.00% synced
Jun 10 08:50:05 np0000069408 object-server[126089]: Partition times: max 0.0139s, min 0.0063s, med 0.0087s
Jun 10 08:50:05 np0000069408 object-server[126089]: Object replication complete. (0.01 minutes)
Jun 10 08:50:11 np0000069408 object-server[272039]: Begin object audit "forever" mode (ZBF)
Jun 10 08:50:11 np0000069408 object-server[272040]: Begin object audit "forever" mode (ALL)
Jun 10 08:50:11 np0000069408 object-server[272039]: Object audit (ZBF). Since Wed Jun 10 08:50:11 2026: Locally: 1 passed, 0 quarantined, 0 errors, files/sec: 474.36, bytes/sec: 0.00, Total time: 0.00, Auditing time: 0.00, Rate: 0.00
Jun 10 08:50:11 np0000069408 object-server[272040]: Object audit (ALL). Since Wed Jun 10 08:50:11 2026: Locally: 1 passed, 0 quarantined, 0 errors, files/sec: 94.50, bytes/sec: 1512.04, Total time: 0.01, Auditing time: 0.00, Rate: 0.00
Jun 10 08:50:12 np0000069408 object-server[272039]: Object audit (ZBF) "forever" mode completed: 0.84s. Total quarantined: 0, Total errors: 0, Total files/sec: 52.12, Total bytes/sec: 0.00, Auditing time: 0.83, Rate: 0.98
Jun 10 08:50:13 np0000069408 object-server[272040]: Object audit (ALL) "forever" mode completed: 2.11s. Total quarantined: 0, Total errors: 0, Total files/sec: 20.83, Total bytes/sec: 400.49, Auditing time: 2.10, Rate: 0.99
Jun 10 08:50:17 np0000069408 container-server[125566]: Begin container audit pass.
Jun 10 08:50:20 np0000069408 account-server[125492]: Beginning replication run
Jun 10 08:50:20 np0000069408 account-server[125492]: Replication run OVER
Jun 10 08:50:20 np0000069408 account-server[125492]: Attempted to replicate 1 dbs in 0.02215 seconds (45.14839/s)
Jun 10 08:50:20 np0000069408 account-server[125492]: Removed 0 dbs
Jun 10 08:50:20 np0000069408 account-server[125492]: 2 successes, 0 failures
Jun 10 08:50:20 np0000069408 account-server[125492]: diff:0 diff_capped:0 empty:0 hashmatch:0 no_change:2 remote_merge:0 rsync:0 ts_repl:0
Jun 10 08:50:20 np0000069408 account-server[125770]: 172.20.0.103 - - [10/Jun/2026:08:50:20 +0000] "HEAD /d1/791/.expiring_objects" 404 - "HEAD http://localhost/v1/.expiring_objects?format=json" "tx539435d6ce334a17bd5f8-006a29254c" "proxy-server 2" 0.0006 "-" 17 -
Jun 10 08:50:20 np0000069408 object-expirer[126064]: Pass completed in 0s; 0 objects expired (txn: tx539435d6ce334a17bd5f8-006a29254c)
Jun 10 08:50:31 np0000069408 container-server[125654]: Beginning replication run
Jun 10 08:50:31 np0000069408 container-server[125654]: Replication run OVER
Jun 10 08:50:31 np0000069408 container-server[125654]: Attempted to replicate 22 dbs in 0.43315 seconds (50.79129/s)
Jun 10 08:50:31 np0000069408 container-server[125654]: Removed 0 dbs
Jun 10 08:50:31 np0000069408 container-server[125654]: 44 successes, 0 failures
Jun 10 08:50:31 np0000069408 container-server[125654]: diff:0 diff_capped:0 empty:0 hashmatch:0 no_change:44 remote_merge:0 rsync:0 ts_repl:0
Jun 10 08:50:34 np0000069408 account-server[125759]: 172.20.0.104 - - [10/Jun/2026:08:50:34 +0000] "HEAD /d1/791/.expiring_objects" 404 - "HEAD http://localhost/v1/.expiring_objects?format=json" "tx56d40318aeb745cc9c1c0-006a29255a" "proxy-server 2" 0.0005 "-" 16 -
Jun 10 08:50:35 np0000069408 object-server[126089]: Starting object replication pass.
Jun 10 08:50:36 np0000069408 object-server[126089]: 43/43 (100.00%) partitions replicated in 0.42s (102.41/sec, 0s remaining)
Jun 10 08:50:36 np0000069408 object-server[126089]: 86 successes, 0 failures
Jun 10 08:50:36 np0000069408 object-server[126089]: 44 suffixes checked - 0.00% hashed, 0.00% synced
Jun 10 08:50:36 np0000069408 object-server[126089]: Partition times: max 0.0184s, min 0.0061s, med 0.0087s
Jun 10 08:50:36 np0000069408 object-server[126089]: Object replication complete. (0.01 minutes)
Jun 10 08:50:42 np0000069408 object-server[272133]: Begin object audit "forever" mode (ZBF)
Jun 10 08:50:42 np0000069408 object-server[272133]: Object audit (ZBF). Since Wed Jun 10 08:50:42 2026: Locally: 1 passed, 0 quarantined, 0 errors, files/sec: 662.82, bytes/sec: 0.00, Total time: 0.00, Auditing time: 0.00, Rate: 0.00
Jun 10 08:50:43 np0000069408 object-server[272133]: Object audit (ZBF) "forever" mode completed: 0.84s. Total quarantined: 0, Total errors: 0, Total files/sec: 52.15, Total bytes/sec: 0.00, Auditing time: 0.83, Rate: 0.98
Jun 10 08:50:50 np0000069408 account-server[125492]: Beginning replication run
Jun 10 08:50:50 np0000069408 account-server[125492]: Replication run OVER
Jun 10 08:50:50 np0000069408 account-server[125492]: Attempted to replicate 1 dbs in 0.01997 seconds (50.06306/s)
Jun 10 08:50:50 np0000069408 account-server[125492]: Removed 0 dbs
Jun 10 08:50:50 np0000069408 account-server[125492]: 2 successes, 0 failures
Jun 10 08:50:50 np0000069408 account-server[125492]: diff:0 diff_capped:0 empty:0 hashmatch:0 no_change:2 remote_merge:0 rsync:0 ts_repl:0
Jun 10 08:50:58 np0000069408 container-server[125967]: Begin container update sweep
Jun 10 08:50:58 np0000069408 account-server[125770]: 172.20.0.103 - - [10/Jun/2026:08:50:58 +0000] "PUT /d1/422/AUTH_30b7e0a215454ce0afeddd89cbf7c5dd/gnocchi.dad0b3d0-3a81-4325-accc-e4158c2a319b" 201 - "-" "-" "container-updater 2" 0.0013 "-" 17 0
Jun 10 08:50:59 np0000069408 account-server[125770]: 172.20.0.103 - - [10/Jun/2026:08:50:59 +0000] "PUT /d1/422/AUTH_30b7e0a215454ce0afeddd89cbf7c5dd/gnocchi.12368dc9-7bee-46a7-af92-d7a016659968" 201 - "-" "-" "container-updater 2" 0.0010 "-" 17 0
Jun 10 08:50:59 np0000069408 account-server[125746]: 172.20.0.103 - - [10/Jun/2026:08:50:59 +0000] "PUT /d1/422/AUTH_30b7e0a215454ce0afeddd89cbf7c5dd/gnocchi.d18dbd3c-c854-423e-b169-c36a773495b8" 201 - "-" "-" "container-updater 2" 0.0007 "-" 14 0
Jun 10 08:50:59 np0000069408 account-server[125759]: 172.20.0.103 - - [10/Jun/2026:08:50:59 +0000] "PUT /d1/422/AUTH_30b7e0a215454ce0afeddd89cbf7c5dd/gnocchi.15bf3366-6f3f-4dcb-a936-903dc143430f" 201 - "-" "-" "container-updater 2" 0.0004 "-" 16 0
