Jun 10 08:47:06 np0000069408 object-server[254426]: Begin object audit "forever" mode (ALL)
Jun 10 08:47:06 np0000069408 object-server[254425]: Begin object audit "forever" mode (ZBF)
Jun 10 08:47:06 np0000069408 object-server[254425]: Object audit (ZBF). Since Wed Jun 10 08:47:06 2026: Locally: 1 passed, 0 quarantined, 0 errors, files/sec: 1068.88, bytes/sec: 0.00, Total time: 0.00, Auditing time: 0.00, Rate: 0.00
Jun 10 08:47:06 np0000069408 object-server[254426]: Object audit (ALL). Since Wed Jun 10 08:47:06 2026: Locally: 1 passed, 0 quarantined, 0 errors, files/sec: 86.14, bytes/sec: 1378.29, Total time: 0.01, Auditing time: 0.00, Rate: 0.00
Jun 10 08:47:06 np0000069408 object-server[254425]: Object audit (ZBF) "forever" mode completed: 0.28s. Total quarantined: 0, Total errors: 0, Total files/sec: 56.67, Total bytes/sec: 0.00, Auditing time: 0.28, Rate: 0.98
Jun 10 08:47:07 np0000069408 object-server[254426]: Object audit (ALL) "forever" mode completed: 0.71s. Total quarantined: 0, Total errors: 0, Total files/sec: 22.42, Total bytes/sec: 440.07, Auditing time: 0.71, Rate: 0.99
Jun 10 08:47:20 np0000069408 account-server[125492]: Beginning replication run
Jun 10 08:47:20 np0000069408 account-server[125492]: Replication run OVER
Jun 10 08:47:20 np0000069408 account-server[125492]: Attempted to replicate 1 dbs in 0.01770 seconds (56.48558/s)
Jun 10 08:47:20 np0000069408 account-server[125492]: Removed 0 dbs
Jun 10 08:47:20 np0000069408 account-server[125492]: 2 successes, 0 failures
Jun 10 08:47:20 np0000069408 account-server[125492]: diff:0 diff_capped:0 empty:0 hashmatch:0 no_change:2 remote_merge:0 rsync:0 ts_repl:0
Jun 10 08:47:20 np0000069408 proxy-server[127754]: - - 10/Jun/2026/08/47/20 HEAD /v1/AUTH_30b7e0a215454ce0afeddd89cbf7c5dd%3Fformat%3Djson HTTP/1.0 204 - Swift - - - - txb47d8d1968344de3ae57b-006a292498 - 0.0079 RL - 1781081240.921376944 1781081240.929318666 -
Jun 10 08:47:21 np0000069408 container-server[126059]: 172.20.0.104 - - [10/Jun/2026:08:47:21 +0000] "HEAD /d1/493/AUTH_30b7e0a215454ce0afeddd89cbf7c5dd/gnocchi.5cd9d7b8-c7c1-4413-851d-5c65006adb4e" 404 - "HEAD http://172.18.0.190:8080/v1/AUTH_30b7e0a215454ce0afeddd89cbf7c5dd/gnocchi.5cd9d7b8-c7c1-4413-851d-5c65006adb4e?format=json&states=listing" "tx3649a83aa74c40b39a556-006a292499" "proxy-server 12" 0.0010 "-" 23 0
Jun 10 08:47:21 np0000069408 object-server[126409]: 172.20.0.104 - - [10/Jun/2026:08:47:21 +0000] "GET /d1/230/AUTH_30b7e0a215454ce0afeddd89cbf7c5dd/gnocchi.5cd9d7b8-c7c1-4413-851d-5c65006adb4e/none_v3" 404 70 "GET http://172.18.0.190:8080/v1/AUTH_30b7e0a215454ce0afeddd89cbf7c5dd/gnocchi.5cd9d7b8-c7c1-4413-851d-5c65006adb4e/none_v3" "tx3649a83aa74c40b39a556-006a292499" "proxy-server 12" 0.0008 "-" 24 0
Jun 10 08:47:21 np0000069408 account-server[125750]: 172.20.0.104 - - [10/Jun/2026:08:47:21 +0000] "PUT /d1/422/AUTH_30b7e0a215454ce0afeddd89cbf7c5dd/gnocchi.5cd9d7b8-c7c1-4413-851d-5c65006adb4e" 201 - "PUT http://172.20.0.104:6001/d1/493/AUTH_30b7e0a215454ce0afeddd89cbf7c5dd/gnocchi.5cd9d7b8-c7c1-4413-851d-5c65006adb4e" "tx6247821a76af468cac27b-006a292499" "container-server 22" 0.0016 "-" 15 0
Jun 10 08:47:21 np0000069408 container-server[126057]: 172.20.0.104 - - [10/Jun/2026:08:47:21 +0000] "PUT /d1/493/AUTH_30b7e0a215454ce0afeddd89cbf7c5dd/gnocchi.5cd9d7b8-c7c1-4413-851d-5c65006adb4e" 201 - "PUT http://172.18.0.190:8080/v1/AUTH_30b7e0a215454ce0afeddd89cbf7c5dd/gnocchi.5cd9d7b8-c7c1-4413-851d-5c65006adb4e" "tx6247821a76af468cac27b-006a292499" "proxy-server 12" 0.0245 "-" 22 0
Jun 10 08:47:21 np0000069408 object-server[126405]: 172.20.0.104 - - [10/Jun/2026:08:47:21 +0000] "GET /d1/931/AUTH_30b7e0a215454ce0afeddd89cbf7c5dd/gnocchi.5cd9d7b8-c7c1-4413-851d-5c65006adb4e/1780920000.0_mean_300.0_v3" 404 70 "GET http://172.18.0.190:8080/v1/AUTH_30b7e0a215454ce0afeddd89cbf7c5dd/gnocchi.5cd9d7b8-c7c1-4413-851d-5c65006adb4e/1780920000.0_mean_300.0_v3" "tx07c87ac542c841f28e83b-006a292499" "proxy-server 12" 0.0005 "-" 22 0
Jun 10 08:47:21 np0000069408 container-server[126039]: 172.20.0.103 - - [10/Jun/2026:08:47:21 +0000] "PUT /d1/493/AUTH_30b7e0a215454ce0afeddd89cbf7c5dd/gnocchi.5cd9d7b8-c7c1-4413-851d-5c65006adb4e/1780920000.0_mean_300.0_v3" 201 - "PUT http://172.18.0.190:8080/d1/931/AUTH_30b7e0a215454ce0afeddd89cbf7c5dd/gnocchi.5cd9d7b8-c7c1-4413-851d-5c65006adb4e/1780920000.0_mean_300.0_v3" "txe978e38d1b4b42ddb7e39-006a292499" "object-server 23" 0.0006 "-" 20 0
Jun 10 08:47:21 np0000069408 object-server[126406]: 172.20.0.104 - - [10/Jun/2026:08:47:21 +0000] "PUT /d1/931/AUTH_30b7e0a215454ce0afeddd89cbf7c5dd/gnocchi.5cd9d7b8-c7c1-4413-851d-5c65006adb4e/1780920000.0_mean_300.0_v3" 201 - "PUT http://172.18.0.190:8080/v1/AUTH_30b7e0a215454ce0afeddd89cbf7c5dd/gnocchi.5cd9d7b8-c7c1-4413-851d-5c65006adb4e/1780920000.0_mean_300.0_v3" "txe978e38d1b4b42ddb7e39-006a292499" "proxy-server 12" 0.0173 "-" 23 0
Jun 10 08:47:21 np0000069408 container-server[126048]: 172.20.0.104 - - [10/Jun/2026:08:47:21 +0000] "PUT /d1/493/AUTH_30b7e0a215454ce0afeddd89cbf7c5dd/gnocchi.5cd9d7b8-c7c1-4413-851d-5c65006adb4e/none_v3" 201 - "PUT http://172.18.0.190:8080/d1/230/AUTH_30b7e0a215454ce0afeddd89cbf7c5dd/gnocchi.5cd9d7b8-c7c1-4413-851d-5c65006adb4e/none_v3" "txfda321934cbd4f38b238e-006a292499" "object-server 23" 0.0006 "-" 21 0
Jun 10 08:47:21 np0000069408 object-server[126409]: 172.20.0.104 - - [10/Jun/2026:08:47:21 +0000] "PUT /d1/230/AUTH_30b7e0a215454ce0afeddd89cbf7c5dd/gnocchi.5cd9d7b8-c7c1-4413-851d-5c65006adb4e/none_v3" 201 - "PUT http://172.18.0.190:8080/v1/AUTH_30b7e0a215454ce0afeddd89cbf7c5dd/gnocchi.5cd9d7b8-c7c1-4413-851d-5c65006adb4e/none_v3" "txfda321934cbd4f38b238e-006a292499" "proxy-server 12" 0.0139 "-" 24 0
Jun 10 08:47:21 np0000069408 container-server[126039]: 172.20.0.104 - - [10/Jun/2026:08:47:21 +0000] "HEAD /d1/69/AUTH_30b7e0a215454ce0afeddd89cbf7c5dd/gnocchi.29587ea7-2eb4-43c2-be6a-6a027bfb8b21" 404 - "HEAD http://172.18.0.190:8080/v1/AUTH_30b7e0a215454ce0afeddd89cbf7c5dd/gnocchi.29587ea7-2eb4-43c2-be6a-6a027bfb8b21?format=json&states=listing" "tx3df09bab11924afba17be-006a292499" "proxy-server 12" 0.0004 "-" 20 0
Jun 10 08:47:21 np0000069408 object-server[126406]: 172.20.0.104 - - [10/Jun/2026:08:47:21 +0000] "GET /d1/461/AUTH_30b7e0a215454ce0afeddd89cbf7c5dd/gnocchi.29587ea7-2eb4-43c2-be6a-6a027bfb8b21/none_v3" 404 70 "GET http://172.18.0.190:8080/v1/AUTH_30b7e0a215454ce0afeddd89cbf7c5dd/gnocchi.29587ea7-2eb4-43c2-be6a-6a027bfb8b21/none_v3" "tx3df09bab11924afba17be-006a292499" "proxy-server 12" 0.0004 "-" 23 0
Jun 10 08:47:21 np0000069408 container-server[126048]: 172.20.0.104 - - [10/Jun/2026:08:47:21 +0000] "PUT /d1/69/AUTH_30b7e0a215454ce0afeddd89cbf7c5dd/gnocchi.29587ea7-2eb4-43c2-be6a-6a027bfb8b21" 201 - "PUT http://172.18.0.190:8080/v1/AUTH_30b7e0a215454ce0afeddd89cbf7c5dd/gnocchi.29587ea7-2eb4-43c2-be6a-6a027bfb8b21" "txd9982d8e90714bb7b724a-006a292499" "proxy-server 12" 0.0177 "-" 21 0
Jun 10 08:47:21 np0000069408 account-server[125750]: 172.20.0.105 - - [10/Jun/2026:08:47:21 +0000] "PUT /d1/422/AUTH_30b7e0a215454ce0afeddd89cbf7c5dd/gnocchi.29587ea7-2eb4-43c2-be6a-6a027bfb8b21" 201 - "PUT http://172.20.0.105:6001/d1/69/AUTH_30b7e0a215454ce0afeddd89cbf7c5dd/gnocchi.29587ea7-2eb4-43c2-be6a-6a027bfb8b21" "txd9982d8e90714bb7b724a-006a292499" "container-server 21" 0.0074 "-" 15 0
Jun 10 08:47:21 np0000069408 container-server[126048]: 172.20.0.103 - - [10/Jun/2026:08:47:21 +0000] "HEAD /d1/305/AUTH_30b7e0a215454ce0afeddd89cbf7c5dd/gnocchi.12368dc9-7bee-46a7-af92-d7a016659968" 404 - "HEAD http://172.18.0.190:8080/v1/AUTH_30b7e0a215454ce0afeddd89cbf7c5dd/gnocchi.12368dc9-7bee-46a7-af92-d7a016659968?format=json&states=listing" "txb47d8d1968344de3ae57b-006a292498" "proxy-server 20" 0.0005 "-" 21 0
Jun 10 08:47:21 np0000069408 object-server[126412]: 172.20.0.103 - - [10/Jun/2026:08:47:21 +0000] "GET /d1/496/AUTH_30b7e0a215454ce0afeddd89cbf7c5dd/gnocchi.12368dc9-7bee-46a7-af92-d7a016659968/none_v3" 404 70 "GET http://172.18.0.190:8080/v1/AUTH_30b7e0a215454ce0afeddd89cbf7c5dd/gnocchi.12368dc9-7bee-46a7-af92-d7a016659968/none_v3" "txb47d8d1968344de3ae57b-006a292498" "proxy-server 20" 0.0003 "-" 25 0
Jun 10 08:47:21 np0000069408 proxy-server[127754]: 172.18.0.103 172.18.0.104 10/Jun/2026/08/47/21 GET /v1/AUTH_30b7e0a215454ce0afeddd89cbf7c5dd/gnocchi.12368dc9-7bee-46a7-af92-d7a016659968/none_v3 HTTP/1.0 404 - python-swiftclient-3.11.1 gAAAAABqKSMnQkw3... - 70 - txb47d8d1968344de3ae57b-006a292498 - 0.4122 - - 1781081240.920155048 1781081241.332343578 0
Jun 10 08:47:21 np0000069408 object-server[126409]: 172.20.0.104 - - [10/Jun/2026:08:47:21 +0000] "GET /d1/229/AUTH_30b7e0a215454ce0afeddd89cbf7c5dd/gnocchi.29587ea7-2eb4-43c2-be6a-6a027bfb8b21/1780920000.0_mean_300.0_v3" 404 70 "GET http://172.18.0.190:8080/v1/AUTH_30b7e0a215454ce0afeddd89cbf7c5dd/gnocchi.29587ea7-2eb4-43c2-be6a-6a027bfb8b21/1780920000.0_mean_300.0_v3" "txbcf7e0ba92224a9783815-006a292499" "proxy-server 12" 0.0005 "-" 24 0
Jun 10 08:47:21 np0000069408 container-server[126039]: 172.20.0.103 - - [10/Jun/2026:08:47:21 +0000] "PUT /d1/305/AUTH_30b7e0a215454ce0afeddd89cbf7c5dd/gnocchi.12368dc9-7bee-46a7-af92-d7a016659968" 201 - "PUT http://172.18.0.190:8080/v1/AUTH_30b7e0a215454ce0afeddd89cbf7c5dd/gnocchi.12368dc9-7bee-46a7-af92-d7a016659968" "tx980155f4c3334c0bbc3ab-006a292499" "proxy-server 20" 0.0170 "-" 20 0
Jun 10 08:47:21 np0000069408 account-server[125750]: 172.20.0.105 - - [10/Jun/2026:08:47:21 +0000] "PUT /d1/422/AUTH_30b7e0a215454ce0afeddd89cbf7c5dd/gnocchi.12368dc9-7bee-46a7-af92-d7a016659968" 201 - "PUT http://172.20.0.105:6001/d1/305/AUTH_30b7e0a215454ce0afeddd89cbf7c5dd/gnocchi.12368dc9-7bee-46a7-af92-d7a016659968" "tx980155f4c3334c0bbc3ab-006a292499" "container-server 21" 0.0063 "-" 15 0
Jun 10 08:47:21 np0000069408 proxy-server[127754]: 172.18.0.103 172.18.0.104 10/Jun/2026/08/47/21 PUT /v1/AUTH_30b7e0a215454ce0afeddd89cbf7c5dd/gnocchi.12368dc9-7bee-46a7-af92-d7a016659968 HTTP/1.0 201 - python-swiftclient-3.11.1 gAAAAABqKSMnQkw3... - - - tx980155f4c3334c0bbc3ab-006a292499 - 0.0266 - - 1781081241.335802078 1781081241.362424374 0
Jun 10 08:47:21 np0000069408 proxy-server[127754]: - - 10/Jun/2026/08/47/21 HEAD /v1/AUTH_30b7e0a215454ce0afeddd89cbf7c5dd/gnocchi.12368dc9-7bee-46a7-af92-d7a016659968%3Fformat%3Djson%26states%3Dlisting HTTP/1.0 204 - Swift - - - - txf85b215d81ac4953a7708-006a292499 - 0.0068 RL - 1781081241.368483543 1781081241.375269651 0
Jun 10 08:47:21 np0000069408 container-server[126039]: 172.20.0.103 - - [10/Jun/2026:08:47:21 +0000] "GET /d1/305/AUTH_30b7e0a215454ce0afeddd89cbf7c5dd/gnocchi.12368dc9-7bee-46a7-af92-d7a016659968" 200 2 "GET http://172.18.0.190:8080/v1/AUTH_30b7e0a215454ce0afeddd89cbf7c5dd/gnocchi.12368dc9-7bee-46a7-af92-d7a016659968?format=json&states=listing" "txf85b215d81ac4953a7708-006a292499" "proxy-server 20" 0.0023 "-" 20 0
Jun 10 08:47:21 np0000069408 proxy-server[127754]: 172.18.0.103 172.18.0.104 10/Jun/2026/08/47/21 GET /v1/AUTH_30b7e0a215454ce0afeddd89cbf7c5dd/gnocchi.12368dc9-7bee-46a7-af92-d7a016659968%3Fformat%3Djson%26states%3Dlisting HTTP/1.0 200 - python-swiftclient-3.11.1 gAAAAABqKSMnQkw3... - 2 - txf85b215d81ac4953a7708-006a292499 - 0.0167 - - 1781081241.366416216 1781081241.383120537 0
Jun 10 08:47:21 np0000069408 container-server[126057]: 172.20.0.103 - - [10/Jun/2026:08:47:21 +0000] "PUT /d1/69/AUTH_30b7e0a215454ce0afeddd89cbf7c5dd/gnocchi.29587ea7-2eb4-43c2-be6a-6a027bfb8b21/1780920000.0_mean_300.0_v3" 201 - "PUT http://172.18.0.190:8080/d1/229/AUTH_30b7e0a215454ce0afeddd89cbf7c5dd/gnocchi.29587ea7-2eb4-43c2-be6a-6a027bfb8b21/1780920000.0_mean_300.0_v3" "tx23ce356881754107badb1-006a292499" "object-server 24" 0.0008 "-" 22 0
Jun 10 08:47:21 np0000069408 object-server[126409]: 172.20.0.104 - - [10/Jun/2026:08:47:21 +0000] "PUT /d1/229/AUTH_30b7e0a215454ce0afeddd89cbf7c5dd/gnocchi.29587ea7-2eb4-43c2-be6a-6a027bfb8b21/1780920000.0_mean_300.0_v3" 201 - "PUT http://172.18.0.190:8080/v1/AUTH_30b7e0a215454ce0afeddd89cbf7c5dd/gnocchi.29587ea7-2eb4-43c2-be6a-6a027bfb8b21/1780920000.0_mean_300.0_v3" "tx23ce356881754107badb1-006a292499" "proxy-server 12" 0.0153 "-" 24 0
Jun 10 08:47:21 np0000069408 object-server[126409]: 172.20.0.103 - - [10/Jun/2026:08:47:21 +0000] "GET /d1/955/AUTH_30b7e0a215454ce0afeddd89cbf7c5dd/gnocchi.12368dc9-7bee-46a7-af92-d7a016659968/1780920000.0_mean_300.0_v3" 404 70 "GET http://172.18.0.190:8080/v1/AUTH_30b7e0a215454ce0afeddd89cbf7c5dd/gnocchi.12368dc9-7bee-46a7-af92-d7a016659968/1780920000.0_mean_300.0_v3" "tx029cd9414b9e4904832a1-006a292499" "proxy-server 20" 0.0005 "-" 24 0
Jun 10 08:47:21 np0000069408 proxy-server[127754]: 172.18.0.103 172.18.0.104 10/Jun/2026/08/47/21 GET /v1/AUTH_30b7e0a215454ce0afeddd89cbf7c5dd/gnocchi.12368dc9-7bee-46a7-af92-d7a016659968/1780920000.0_mean_300.0_v3 HTTP/1.0 404 - python-swiftclient-3.11.1 gAAAAABqKSMnQkw3... - 70 - tx029cd9414b9e4904832a1-006a292499 - 0.0163 - - 1781081241.386711836 1781081241.402973890 0
Jun 10 08:47:21 np0000069408 container-server[126059]: 172.20.0.103 - - [10/Jun/2026:08:47:21 +0000] "PUT /d1/69/AUTH_30b7e0a215454ce0afeddd89cbf7c5dd/gnocchi.29587ea7-2eb4-43c2-be6a-6a027bfb8b21/none_v3" 201 - "PUT http://172.18.0.190:8080/d1/461/AUTH_30b7e0a215454ce0afeddd89cbf7c5dd/gnocchi.29587ea7-2eb4-43c2-be6a-6a027bfb8b21/none_v3" "txc9faf2dc4b944c979cc01-006a292499" "object-server 22" 0.0012 "-" 23 0
Jun 10 08:47:21 np0000069408 object-server[126405]: 172.20.0.104 - - [10/Jun/2026:08:47:21 +0000] "PUT /d1/461/AUTH_30b7e0a215454ce0afeddd89cbf7c5dd/gnocchi.29587ea7-2eb4-43c2-be6a-6a027bfb8b21/none_v3" 201 - "PUT http://172.18.0.190:8080/v1/AUTH_30b7e0a215454ce0afeddd89cbf7c5dd/gnocchi.29587ea7-2eb4-43c2-be6a-6a027bfb8b21/none_v3" "txc9faf2dc4b944c979cc01-006a292499" "proxy-server 12" 0.0119 "-" 22 0
Jun 10 08:47:21 np0000069408 container-server[126048]: 172.20.0.103 - - [10/Jun/2026:08:47:21 +0000] "PUT /d1/305/AUTH_30b7e0a215454ce0afeddd89cbf7c5dd/gnocchi.12368dc9-7bee-46a7-af92-d7a016659968/1780920000.0_mean_300.0_v3" 201 - "PUT http://172.18.0.190:8080/d1/955/AUTH_30b7e0a215454ce0afeddd89cbf7c5dd/gnocchi.12368dc9-7bee-46a7-af92-d7a016659968/1780920000.0_mean_300.0_v3" "txfda00f94b5c4468ca60c5-006a292499" "object-server 23" 0.0009 "-" 21 0
Jun 10 08:47:21 np0000069408 object-server[126406]: 172.20.0.103 - - [10/Jun/2026:08:47:21 +0000] "PUT /d1/955/AUTH_30b7e0a215454ce0afeddd89cbf7c5dd/gnocchi.12368dc9-7bee-46a7-af92-d7a016659968/1780920000.0_mean_300.0_v3" 201 - "PUT http://172.18.0.190:8080/v1/AUTH_30b7e0a215454ce0afeddd89cbf7c5dd/gnocchi.12368dc9-7bee-46a7-af92-d7a016659968/1780920000.0_mean_300.0_v3" "txfda00f94b5c4468ca60c5-006a292499" "proxy-server 20" 0.0237 "-" 23 0
Jun 10 08:47:21 np0000069408 proxy-server[127754]: 172.18.0.103 172.18.0.104 10/Jun/2026/08/47/21 PUT /v1/AUTH_30b7e0a215454ce0afeddd89cbf7c5dd/gnocchi.12368dc9-7bee-46a7-af92-d7a016659968/1780920000.0_mean_300.0_v3 HTTP/1.0 201 - python-swiftclient-3.11.1 gAAAAABqKSMnQkw3... 16 - - txfda00f94b5c4468ca60c5-006a292499 - 0.0325 - - 1781081241.407176971 1781081241.439672470 0
Jun 10 08:47:21 np0000069408 container-server[126048]: 172.20.0.103 - - [10/Jun/2026:08:47:21 +0000] "HEAD /d1/671/AUTH_30b7e0a215454ce0afeddd89cbf7c5dd/gnocchi.237a37de-1067-4a83-a00c-a88c9e6b0409" 404 - "HEAD http://172.18.0.190:8080/v1/AUTH_30b7e0a215454ce0afeddd89cbf7c5dd/gnocchi.237a37de-1067-4a83-a00c-a88c9e6b0409?format=json&states=listing" "txa0f35b3025f243b6a0dfb-006a292499" "proxy-server 20" 0.0005 "-" 21 0
Jun 10 08:47:21 np0000069408 container-server[126059]: 172.20.0.103 - - [10/Jun/2026:08:47:21 +0000] "PUT /d1/305/AUTH_30b7e0a215454ce0afeddd89cbf7c5dd/gnocchi.12368dc9-7bee-46a7-af92-d7a016659968/none_v3" 201 - "PUT http://172.18.0.190:8080/d1/496/AUTH_30b7e0a215454ce0afeddd89cbf7c5dd/gnocchi.12368dc9-7bee-46a7-af92-d7a016659968/none_v3" "tx3c92fb8de1c641b2bd31d-006a292499" "object-server 23" 0.0010 "-" 23 0
Jun 10 08:47:21 np0000069408 object-server[126406]: 172.20.0.104 - - [10/Jun/2026:08:47:21 +0000] "PUT /d1/496/AUTH_30b7e0a215454ce0afeddd89cbf7c5dd/gnocchi.12368dc9-7bee-46a7-af92-d7a016659968/none_v3" 201 - "PUT http://172.18.0.190:8080/v1/AUTH_30b7e0a215454ce0afeddd89cbf7c5dd/gnocchi.12368dc9-7bee-46a7-af92-d7a016659968/none_v3" "tx3c92fb8de1c641b2bd31d-006a292499" "proxy-server 12" 0.0127 "-" 23 0
Jun 10 08:47:21 np0000069408 object-server[126409]: 172.20.0.103 - - [10/Jun/2026:08:47:21 +0000] "GET /d1/159/AUTH_30b7e0a215454ce0afeddd89cbf7c5dd/gnocchi.237a37de-1067-4a83-a00c-a88c9e6b0409/none_v3" 404 70 "GET http://172.18.0.190:8080/v1/AUTH_30b7e0a215454ce0afeddd89cbf7c5dd/gnocchi.237a37de-1067-4a83-a00c-a88c9e6b0409/none_v3" "txa0f35b3025f243b6a0dfb-006a292499" "proxy-server 20" 0.0006 "-" 24 0
Jun 10 08:47:21 np0000069408 proxy-server[127754]: 172.18.0.190 172.18.0.104 10/Jun/2026/08/47/21 GET /v1/AUTH_30b7e0a215454ce0afeddd89cbf7c5dd/gnocchi.237a37de-1067-4a83-a00c-a88c9e6b0409/none_v3 HTTP/1.0 404 - python-swiftclient-3.11.1 gAAAAABqKSNxtSJS... - 70 - txa0f35b3025f243b6a0dfb-006a292499 - 0.0273 - - 1781081241.452630758 1781081241.479951620 0
Jun 10 08:47:21 np0000069408 container-server[126039]: 172.20.0.104 - - [10/Jun/2026:08:47:21 +0000] "HEAD /d1/390/AUTH_30b7e0a215454ce0afeddd89cbf7c5dd/gnocchi.15bf3366-6f3f-4dcb-a936-903dc143430f" 404 - "HEAD http://172.18.0.190:8080/v1/AUTH_30b7e0a215454ce0afeddd89cbf7c5dd/gnocchi.15bf3366-6f3f-4dcb-a936-903dc143430f?format=json&states=listing" "tx4a07e9632ddf4a66a384c-006a292499" "proxy-server 12" 0.0004 "-" 20 0
Jun 10 08:47:21 np0000069408 object-server[126406]: 172.20.0.104 - - [10/Jun/2026:08:47:21 +0000] "GET /d1/284/AUTH_30b7e0a215454ce0afeddd89cbf7c5dd/gnocchi.15bf3366-6f3f-4dcb-a936-903dc143430f/none_v3" 404 70 "GET http://172.18.0.190:8080/v1/AUTH_30b7e0a215454ce0afeddd89cbf7c5dd/gnocchi.15bf3366-6f3f-4dcb-a936-903dc143430f/none_v3" "tx4a07e9632ddf4a66a384c-006a292499" "proxy-server 12" 0.0004 "-" 23 0
Jun 10 08:47:21 np0000069408 account-server[125750]: 172.20.0.105 - - [10/Jun/2026:08:47:21 +0000] "PUT /d1/422/AUTH_30b7e0a215454ce0afeddd89cbf7c5dd/gnocchi.237a37de-1067-4a83-a00c-a88c9e6b0409" 201 - "PUT http://172.20.0.105:6001/d1/671/AUTH_30b7e0a215454ce0afeddd89cbf7c5dd/gnocchi.237a37de-1067-4a83-a00c-a88c9e6b0409" "txaa0e7772f61241e8a1fe0-006a292499" "container-server 22" 0.0057 "-" 15 0
Jun 10 08:47:21 np0000069408 container-server[126048]: 172.20.0.103 - - [10/Jun/2026:08:47:21 +0000] "PUT /d1/671/AUTH_30b7e0a215454ce0afeddd89cbf7c5dd/gnocchi.237a37de-1067-4a83-a00c-a88c9e6b0409" 201 - "PUT http://172.18.0.190:8080/v1/AUTH_30b7e0a215454ce0afeddd89cbf7c5dd/gnocchi.237a37de-1067-4a83-a00c-a88c9e6b0409" "txaa0e7772f61241e8a1fe0-006a292499" "proxy-server 20" 0.0231 "-" 21 0
Jun 10 08:47:21 np0000069408 proxy-server[127754]: 172.18.0.190 172.18.0.104 10/Jun/2026/08/47/21 PUT /v1/AUTH_30b7e0a215454ce0afeddd89cbf7c5dd/gnocchi.237a37de-1067-4a83-a00c-a88c9e6b0409 HTTP/1.0 201 - python-swiftclient-3.11.1 gAAAAABqKSNxtSJS... - - - txaa0e7772f61241e8a1fe0-006a292499 - 0.0325 - - 1781081241.484112024 1781081241.516567707 0
Jun 10 08:47:21 np0000069408 container-server[126057]: 172.20.0.104 - - [10/Jun/2026:08:47:21 +0000] "PUT /d1/390/AUTH_30b7e0a215454ce0afeddd89cbf7c5dd/gnocchi.15bf3366-6f3f-4dcb-a936-903dc143430f" 201 - "PUT http://172.18.0.190:8080/v1/AUTH_30b7e0a215454ce0afeddd89cbf7c5dd/gnocchi.15bf3366-6f3f-4dcb-a936-903dc143430f" "tx20a1cfa857b74e7dacd58-006a292499" "proxy-server 12" 0.0204 "-" 22 0
Jun 10 08:47:21 np0000069408 account-server[125746]: 172.20.0.104 - - [10/Jun/2026:08:47:21 +0000] "PUT /d1/422/AUTH_30b7e0a215454ce0afeddd89cbf7c5dd/gnocchi.15bf3366-6f3f-4dcb-a936-903dc143430f" 201 - "PUT http://172.20.0.104:6001/d1/390/AUTH_30b7e0a215454ce0afeddd89cbf7c5dd/gnocchi.15bf3366-6f3f-4dcb-a936-903dc143430f" "tx20a1cfa857b74e7dacd58-006a292499" "container-server 23" 0.0068 "-" 14 0
Jun 10 08:47:21 np0000069408 proxy-server[127754]: - - 10/Jun/2026/08/47/21 HEAD /v1/AUTH_30b7e0a215454ce0afeddd89cbf7c5dd/gnocchi.237a37de-1067-4a83-a00c-a88c9e6b0409%3Fformat%3Djson%26states%3Dlisting HTTP/1.0 204 - Swift - - - - tx6adefebddb384168bba75-006a292499 - 0.0078 RL - 1781081241.524232626 1781081241.532064438 0
Jun 10 08:47:21 np0000069408 container-server[126059]: 172.20.0.103 - - [10/Jun/2026:08:47:21 +0000] "GET /d1/671/AUTH_30b7e0a215454ce0afeddd89cbf7c5dd/gnocchi.237a37de-1067-4a83-a00c-a88c9e6b0409" 200 2 "GET http://172.18.0.190:8080/v1/AUTH_30b7e0a215454ce0afeddd89cbf7c5dd/gnocchi.237a37de-1067-4a83-a00c-a88c9e6b0409?format=json&states=listing" "tx6adefebddb384168bba75-006a292499" "proxy-server 20" 0.0037 "-" 23 0
Jun 10 08:47:21 np0000069408 proxy-server[127754]: 172.18.0.190 172.18.0.104 10/Jun/2026/08/47/21 GET /v1/AUTH_30b7e0a215454ce0afeddd89cbf7c5dd/gnocchi.237a37de-1067-4a83-a00c-a88c9e6b0409%3Fformat%3Djson%26states%3Dlisting HTTP/1.0 200 - python-swiftclient-3.11.1 gAAAAABqKSNxtSJS... - 2 - tx6adefebddb384168bba75-006a292499 - 0.0225 - - 1781081241.521940231 1781081241.544430494 0
Jun 10 08:47:21 np0000069408 container-server[126057]: 172.20.0.104 - - [10/Jun/2026:08:47:21 +0000] "GET /d1/390/AUTH_30b7e0a215454ce0afeddd89cbf7c5dd/gnocchi.15bf3366-6f3f-4dcb-a936-903dc143430f" 200 2 "GET http://172.18.0.190:8080/v1/AUTH_30b7e0a215454ce0afeddd89cbf7c5dd/gnocchi.15bf3366-6f3f-4dcb-a936-903dc143430f?format=json&states=listing" "tx6b6b80a5086f4c688902b-006a292499" "proxy-server 12" 0.0034 "-" 22 0
Jun 10 08:47:21 np0000069408 object-server[126409]: 172.20.0.103 - - [10/Jun/2026:08:47:21 +0000] "GET /d1/52/AUTH_30b7e0a215454ce0afeddd89cbf7c5dd/gnocchi.237a37de-1067-4a83-a00c-a88c9e6b0409/1780920000.0_mean_300.0_v3" 404 70 "GET http://172.18.0.190:8080/v1/AUTH_30b7e0a215454ce0afeddd89cbf7c5dd/gnocchi.237a37de-1067-4a83-a00c-a88c9e6b0409/1780920000.0_mean_300.0_v3" "txab2ec98fb25748c8a9a20-006a292499" "proxy-server 20" 0.0007 "-" 24 0
Jun 10 08:47:21 np0000069408 proxy-server[127754]: 172.18.0.190 172.18.0.104 10/Jun/2026/08/47/21 GET /v1/AUTH_30b7e0a215454ce0afeddd89cbf7c5dd/gnocchi.237a37de-1067-4a83-a00c-a88c9e6b0409/1780920000.0_mean_300.0_v3 HTTP/1.0 404 - python-swiftclient-3.11.1 gAAAAABqKSNxtSJS... - 70 - txab2ec98fb25748c8a9a20-006a292499 - 0.0175 - - 1781081241.549453497 1781081241.566941023 0
Jun 10 08:47:21 np0000069408 object-server[126412]: 172.20.0.104 - - [10/Jun/2026:08:47:21 +0000] "GET /d1/153/AUTH_30b7e0a215454ce0afeddd89cbf7c5dd/gnocchi.15bf3366-6f3f-4dcb-a936-903dc143430f/1780920000.0_mean_300.0_v3" 404 70 "GET http://172.18.0.190:8080/v1/AUTH_30b7e0a215454ce0afeddd89cbf7c5dd/gnocchi.15bf3366-6f3f-4dcb-a936-903dc143430f/1780920000.0_mean_300.0_v3" "tx6040e9ab01df4479ada0c-006a292499" "proxy-server 12" 0.0005 "-" 25 0
Jun 10 08:47:21 np0000069408 container-server[126059]: 172.20.0.103 - - [10/Jun/2026:08:47:21 +0000] "PUT /d1/671/AUTH_30b7e0a215454ce0afeddd89cbf7c5dd/gnocchi.237a37de-1067-4a83-a00c-a88c9e6b0409/1780920000.0_mean_300.0_v3" 201 - "PUT http://172.18.0.190:8080/d1/52/AUTH_30b7e0a215454ce0afeddd89cbf7c5dd/gnocchi.237a37de-1067-4a83-a00c-a88c9e6b0409/1780920000.0_mean_300.0_v3" "txaf3ac270b776471393cd2-006a292499" "object-server 24" 0.0011 "-" 23 0
Jun 10 08:47:21 np0000069408 object-server[126409]: 172.20.0.103 - - [10/Jun/2026:08:47:21 +0000] "PUT /d1/52/AUTH_30b7e0a215454ce0afeddd89cbf7c5dd/gnocchi.237a37de-1067-4a83-a00c-a88c9e6b0409/1780920000.0_mean_300.0_v3" 201 - "PUT http://172.18.0.190:8080/v1/AUTH_30b7e0a215454ce0afeddd89cbf7c5dd/gnocchi.237a37de-1067-4a83-a00c-a88c9e6b0409/1780920000.0_mean_300.0_v3" "txaf3ac270b776471393cd2-006a292499" "proxy-server 20" 0.0129 "-" 24 0
Jun 10 08:47:21 np0000069408 proxy-server[127754]: 172.18.0.190 172.18.0.104 10/Jun/2026/08/47/21 PUT /v1/AUTH_30b7e0a215454ce0afeddd89cbf7c5dd/gnocchi.237a37de-1067-4a83-a00c-a88c9e6b0409/1780920000.0_mean_300.0_v3 HTTP/1.0 201 - python-swiftclient-3.11.1 gAAAAABqKSNxtSJS... 16 - - txaf3ac270b776471393cd2-006a292499 - 0.0238 - - 1781081241.572033644 1781081241.595880747 0
Jun 10 08:47:21 np0000069408 container-server[126057]: 172.20.0.103 - - [10/Jun/2026:08:47:21 +0000] "PUT /d1/390/AUTH_30b7e0a215454ce0afeddd89cbf7c5dd/gnocchi.15bf3366-6f3f-4dcb-a936-903dc143430f/1780920000.0_mean_300.0_v3" 201 - "PUT http://172.18.0.190:8080/d1/153/AUTH_30b7e0a215454ce0afeddd89cbf7c5dd/gnocchi.15bf3366-6f3f-4dcb-a936-903dc143430f/1780920000.0_mean_300.0_v3" "txa1f2465efb304a03a4394-006a292499" "object-server 22" 0.0009 "-" 22 0
Jun 10 08:47:21 np0000069408 object-server[126405]: 172.20.0.104 - - [10/Jun/2026:08:47:21 +0000] "PUT /d1/153/AUTH_30b7e0a215454ce0afeddd89cbf7c5dd/gnocchi.15bf3366-6f3f-4dcb-a936-903dc143430f/1780920000.0_mean_300.0_v3" 201 - "PUT http://172.18.0.190:8080/v1/AUTH_30b7e0a215454ce0afeddd89cbf7c5dd/gnocchi.15bf3366-6f3f-4dcb-a936-903dc143430f/1780920000.0_mean_300.0_v3" "txa1f2465efb304a03a4394-006a292499" "proxy-server 12" 0.0114 "-" 22 0
Jun 10 08:47:21 np0000069408 container-server[126048]: 172.20.0.105 - - [10/Jun/2026:08:47:21 +0000] "PUT /d1/671/AUTH_30b7e0a215454ce0afeddd89cbf7c5dd/gnocchi.237a37de-1067-4a83-a00c-a88c9e6b0409/none_v3" 201 - "PUT http://172.18.0.190:8080/d1/159/AUTH_30b7e0a215454ce0afeddd89cbf7c5dd/gnocchi.237a37de-1067-4a83-a00c-a88c9e6b0409/none_v3" "tx4b69e3df60014707b65d4-006a292499" "object-server 23" 0.0011 "-" 21 0
Jun 10 08:47:21 np0000069408 object-server[126412]: 172.20.0.103 - - [10/Jun/2026:08:47:21 +0000] "PUT /d1/159/AUTH_30b7e0a215454ce0afeddd89cbf7c5dd/gnocchi.237a37de-1067-4a83-a00c-a88c9e6b0409/none_v3" 201 - "PUT http://172.18.0.190:8080/v1/AUTH_30b7e0a215454ce0afeddd89cbf7c5dd/gnocchi.237a37de-1067-4a83-a00c-a88c9e6b0409/none_v3" "tx4b69e3df60014707b65d4-006a292499" "proxy-server 20" 0.0129 "-" 25 0
Jun 10 08:47:21 np0000069408 proxy-server[127754]: 172.18.0.190 172.18.0.104 10/Jun/2026/08/47/21 PUT /v1/AUTH_30b7e0a215454ce0afeddd89cbf7c5dd/gnocchi.237a37de-1067-4a83-a00c-a88c9e6b0409/none_v3 HTTP/1.0 201 - python-swiftclient-3.11.1 gAAAAABqKSNxtSJS... 22 - - tx4b69e3df60014707b65d4-006a292499 - 0.0220 - - 1781081241.599886417 1781081241.621900082 0
Jun 10 08:47:21 np0000069408 container-server[126057]: 172.20.0.103 - - [10/Jun/2026:08:47:21 +0000] "PUT /d1/390/AUTH_30b7e0a215454ce0afeddd89cbf7c5dd/gnocchi.15bf3366-6f3f-4dcb-a936-903dc143430f/none_v3" 201 - "PUT http://172.18.0.190:8080/d1/284/AUTH_30b7e0a215454ce0afeddd89cbf7c5dd/gnocchi.15bf3366-6f3f-4dcb-a936-903dc143430f/none_v3" "tx095feec7262144b487508-006a292499" "object-server 23" 0.0010 "-" 22 0
Jun 10 08:47:21 np0000069408 object-server[126406]: 172.20.0.104 - - [10/Jun/2026:08:47:21 +0000] "PUT /d1/284/AUTH_30b7e0a215454ce0afeddd89cbf7c5dd/gnocchi.15bf3366-6f3f-4dcb-a936-903dc143430f/none_v3" 201 - "PUT http://172.18.0.190:8080/v1/AUTH_30b7e0a215454ce0afeddd89cbf7c5dd/gnocchi.15bf3366-6f3f-4dcb-a936-903dc143430f/none_v3" "tx095feec7262144b487508-006a292499" "proxy-server 12" 0.0135 "-" 23 0
Jun 10 08:47:21 np0000069408 container-server[126059]: 172.20.0.103 - - [10/Jun/2026:08:47:21 +0000] "HEAD /d1/9/AUTH_30b7e0a215454ce0afeddd89cbf7c5dd/gnocchi.88960735-e3dd-4ba9-9682-a3e4a44ed2ea" 404 - "HEAD http://172.18.0.190:8080/v1/AUTH_30b7e0a215454ce0afeddd89cbf7c5dd/gnocchi.88960735-e3dd-4ba9-9682-a3e4a44ed2ea?format=json&states=listing" "tx9593960a23a946b6baf4e-006a292499" "proxy-server 20" 0.0007 "-" 23 0
Jun 10 08:47:21 np0000069408 container-server[126048]: 172.20.0.104 - - [10/Jun/2026:08:47:21 +0000] "HEAD /d1/580/AUTH_30b7e0a215454ce0afeddd89cbf7c5dd/gnocchi.d18dbd3c-c854-423e-b169-c36a773495b8" 404 - "HEAD http://172.18.0.190:8080/v1/AUTH_30b7e0a215454ce0afeddd89cbf7c5dd/gnocchi.d18dbd3c-c854-423e-b169-c36a773495b8?format=json&states=listing" "tx15a7ec71b3614d8081388-006a292499" "proxy-server 12" 0.0008 "-" 21 0
Jun 10 08:47:21 np0000069408 object-server[126406]: 172.20.0.103 - - [10/Jun/2026:08:47:21 +0000] "GET /d1/801/AUTH_30b7e0a215454ce0afeddd89cbf7c5dd/gnocchi.88960735-e3dd-4ba9-9682-a3e4a44ed2ea/none_v3" 404 70 "GET http://172.18.0.190:8080/v1/AUTH_30b7e0a215454ce0afeddd89cbf7c5dd/gnocchi.88960735-e3dd-4ba9-9682-a3e4a44ed2ea/none_v3" "tx9593960a23a946b6baf4e-006a292499" "proxy-server 20" 0.0007 "-" 23 0
Jun 10 08:47:21 np0000069408 proxy-server[127754]: 172.18.0.190 172.18.0.104 10/Jun/2026/08/47/21 GET /v1/AUTH_30b7e0a215454ce0afeddd89cbf7c5dd/gnocchi.88960735-e3dd-4ba9-9682-a3e4a44ed2ea/none_v3 HTTP/1.0 404 - python-swiftclient-3.11.1 gAAAAABqKSNxtSJS... - 70 - tx9593960a23a946b6baf4e-006a292499 - 0.0296 - - 1781081241.641346931 1781081241.670956850 0
Jun 10 08:47:21 np0000069408 object-server[126405]: 172.20.0.104 - - [10/Jun/2026:08:47:21 +0000] "GET /d1/916/AUTH_30b7e0a215454ce0afeddd89cbf7c5dd/gnocchi.d18dbd3c-c854-423e-b169-c36a773495b8/none_v3" 404 70 "GET http://172.18.0.190:8080/v1/AUTH_30b7e0a215454ce0afeddd89cbf7c5dd/gnocchi.d18dbd3c-c854-423e-b169-c36a773495b8/none_v3" "tx15a7ec71b3614d8081388-006a292499" "proxy-server 12" 0.0006 "-" 22 0
Jun 10 08:47:21 np0000069408 container-server[126057]: 172.20.0.105 - - [10/Jun/2026:08:47:21 +0000] "HEAD /d1/649/AUTH_30b7e0a215454ce0afeddd89cbf7c5dd/gnocchi.aad3348e-f25d-4938-96e3-8ea9814d88f4" 404 - "HEAD http://172.18.0.190:8080/v1/AUTH_30b7e0a215454ce0afeddd89cbf7c5dd/gnocchi.aad3348e-f25d-4938-96e3-8ea9814d88f4?format=json&states=listing" "tx38e3122970a04f6c91f55-006a292498" "proxy-server 20" 0.0004 "-" 22 0
Jun 10 08:47:21 np0000069408 object-server[126412]: 172.20.0.105 - - [10/Jun/2026:08:47:21 +0000] "GET /d1/473/AUTH_30b7e0a215454ce0afeddd89cbf7c5dd/gnocchi.aad3348e-f25d-4938-96e3-8ea9814d88f4/none_v3" 404 70 "GET http://172.18.0.190:8080/v1/AUTH_30b7e0a215454ce0afeddd89cbf7c5dd/gnocchi.aad3348e-f25d-4938-96e3-8ea9814d88f4/none_v3" "tx38e3122970a04f6c91f55-006a292498" "proxy-server 20" 0.0005 "-" 25 0
Jun 10 08:47:21 np0000069408 account-server[125770]: 172.20.0.105 - - [10/Jun/2026:08:47:21 +0000] "PUT /d1/422/AUTH_30b7e0a215454ce0afeddd89cbf7c5dd/gnocchi.88960735-e3dd-4ba9-9682-a3e4a44ed2ea" 201 - "PUT http://172.20.0.105:6001/d1/9/AUTH_30b7e0a215454ce0afeddd89cbf7c5dd/gnocchi.88960735-e3dd-4ba9-9682-a3e4a44ed2ea" "tx941d3d4f1fa1401ab04c1-006a292499" "container-server 22" 0.0021 "-" 17 0
Jun 10 08:47:21 np0000069408 container-server[126059]: 172.20.0.103 - - [10/Jun/2026:08:47:21 +0000] "PUT /d1/9/AUTH_30b7e0a215454ce0afeddd89cbf7c5dd/gnocchi.88960735-e3dd-4ba9-9682-a3e4a44ed2ea" 201 - "PUT http://172.18.0.190:8080/v1/AUTH_30b7e0a215454ce0afeddd89cbf7c5dd/gnocchi.88960735-e3dd-4ba9-9682-a3e4a44ed2ea" "tx941d3d4f1fa1401ab04c1-006a292499" "proxy-server 20" 0.0188 "-" 23 0
Jun 10 08:47:21 np0000069408 proxy-server[127754]: 172.18.0.190 172.18.0.104 10/Jun/2026/08/47/21 PUT /v1/AUTH_30b7e0a215454ce0afeddd89cbf7c5dd/gnocchi.88960735-e3dd-4ba9-9682-a3e4a44ed2ea HTTP/1.0 201 - python-swiftclient-3.11.1 gAAAAABqKSNxtSJS... - - - tx941d3d4f1fa1401ab04c1-006a292499 - 0.0261 - - 1781081241.674972773 1781081241.701029539 0
Jun 10 08:47:21 np0000069408 account-server[125750]: 172.20.0.105 - - [10/Jun/2026:08:47:21 +0000] "PUT /d1/422/AUTH_30b7e0a215454ce0afeddd89cbf7c5dd/gnocchi.d18dbd3c-c854-423e-b169-c36a773495b8" 201 - "PUT http://172.20.0.105:6001/d1/580/AUTH_30b7e0a215454ce0afeddd89cbf7c5dd/gnocchi.d18dbd3c-c854-423e-b169-c36a773495b8" "tx6ed24f9212574950b3a8a-006a292499" "container-server 22" 0.0057 "-" 15 0
Jun 10 08:47:21 np0000069408 container-server[126039]: 172.20.0.104 - - [10/Jun/2026:08:47:21 +0000] "PUT /d1/580/AUTH_30b7e0a215454ce0afeddd89cbf7c5dd/gnocchi.d18dbd3c-c854-423e-b169-c36a773495b8" 201 - "PUT http://172.18.0.190:8080/v1/AUTH_30b7e0a215454ce0afeddd89cbf7c5dd/gnocchi.d18dbd3c-c854-423e-b169-c36a773495b8" "tx6ed24f9212574950b3a8a-006a292499" "proxy-server 12" 0.0189 "-" 20 0
Jun 10 08:47:21 np0000069408 proxy-server[127754]: - - 10/Jun/2026/08/47/21 HEAD /v1/AUTH_30b7e0a215454ce0afeddd89cbf7c5dd/gnocchi.88960735-e3dd-4ba9-9682-a3e4a44ed2ea%3Fformat%3Djson%26states%3Dlisting HTTP/1.0 204 - Swift - - - - tx3df3c5a125434a5b99538-006a292499 - 0.0067 RL - 1781081241.707839727 1781081241.714552164 0
Jun 10 08:47:21 np0000069408 container-server[126048]: 172.20.0.103 - - [10/Jun/2026:08:47:21 +0000] "GET /d1/9/AUTH_30b7e0a215454ce0afeddd89cbf7c5dd/gnocchi.88960735-e3dd-4ba9-9682-a3e4a44ed2ea" 200 2 "GET http://172.18.0.190:8080/v1/AUTH_30b7e0a215454ce0afeddd89cbf7c5dd/gnocchi.88960735-e3dd-4ba9-9682-a3e4a44ed2ea?format=json&states=listing" "tx3df3c5a125434a5b99538-006a292499" "proxy-server 20" 0.0033 "-" 21 0
Jun 10 08:47:21 np0000069408 proxy-server[127754]: 172.18.0.190 172.18.0.104 10/Jun/2026/08/47/21 GET /v1/AUTH_30b7e0a215454ce0afeddd89cbf7c5dd/gnocchi.88960735-e3dd-4ba9-9682-a3e4a44ed2ea%3Fformat%3Djson%26states%3Dlisting HTTP/1.0 200 - python-swiftclient-3.11.1 gAAAAABqKSNxtSJS... - 2 - tx3df3c5a125434a5b99538-006a292499 - 0.0187 - - 1781081241.706159830 1781081241.724881411 0
Jun 10 08:47:21 np0000069408 container-server[126048]: 172.20.0.104 - - [10/Jun/2026:08:47:21 +0000] "HEAD /d1/580/AUTH_30b7e0a215454ce0afeddd89cbf7c5dd/gnocchi.d18dbd3c-c854-423e-b169-c36a773495b8" 204 - "HEAD http://172.18.0.190:8080/v1/AUTH_30b7e0a215454ce0afeddd89cbf7c5dd/gnocchi.d18dbd3c-c854-423e-b169-c36a773495b8?format=json&states=listing" "tx19bb5614e8294989b6456-006a292499" "proxy-server 12" 0.0013 "-" 21 0
Jun 10 08:47:21 np0000069408 container-server[126057]: 172.20.0.105 - - [10/Jun/2026:08:47:21 +0000] "PUT /d1/649/AUTH_30b7e0a215454ce0afeddd89cbf7c5dd/gnocchi.aad3348e-f25d-4938-96e3-8ea9814d88f4" 201 - "PUT http://172.18.0.190:8080/v1/AUTH_30b7e0a215454ce0afeddd89cbf7c5dd/gnocchi.aad3348e-f25d-4938-96e3-8ea9814d88f4" "tx51efe27613934830aa5c9-006a292499" "proxy-server 20" 0.0203 "-" 22 0
Jun 10 08:47:21 np0000069408 object-server[126412]: 172.20.0.103 - - [10/Jun/2026:08:47:21 +0000] "GET /d1/9/AUTH_30b7e0a215454ce0afeddd89cbf7c5dd/gnocchi.88960735-e3dd-4ba9-9682-a3e4a44ed2ea/1780920000.0_mean_300.0_v3" 404 70 "GET http://172.18.0.190:8080/v1/AUTH_30b7e0a215454ce0afeddd89cbf7c5dd/gnocchi.88960735-e3dd-4ba9-9682-a3e4a44ed2ea/1780920000.0_mean_300.0_v3" "tx42d7b615b0b148f082f2e-006a292499" "proxy-server 20" 0.0004 "-" 25 0
Jun 10 08:47:21 np0000069408 account-server[125746]: 172.20.0.104 - - [10/Jun/2026:08:47:21 +0000] "PUT /d1/422/AUTH_30b7e0a215454ce0afeddd89cbf7c5dd/gnocchi.aad3348e-f25d-4938-96e3-8ea9814d88f4" 201 - "PUT http://172.20.0.104:6001/d1/649/AUTH_30b7e0a215454ce0afeddd89cbf7c5dd/gnocchi.aad3348e-f25d-4938-96e3-8ea9814d88f4" "tx51efe27613934830aa5c9-006a292499" "container-server 20" 0.0068 "-" 14 0
Jun 10 08:47:21 np0000069408 proxy-server[127754]: 172.18.0.190 172.18.0.104 10/Jun/2026/08/47/21 GET /v1/AUTH_30b7e0a215454ce0afeddd89cbf7c5dd/gnocchi.88960735-e3dd-4ba9-9682-a3e4a44ed2ea/1780920000.0_mean_300.0_v3 HTTP/1.0 404 - python-swiftclient-3.11.1 gAAAAABqKSNxtSJS... - 70 - tx42d7b615b0b148f082f2e-006a292499 - 0.0139 - - 1781081241.731037855 1781081241.744901419 0
Jun 10 08:47:21 np0000069408 object-server[126405]: 172.20.0.104 - - [10/Jun/2026:08:47:21 +0000] "GET /d1/91/AUTH_30b7e0a215454ce0afeddd89cbf7c5dd/gnocchi.d18dbd3c-c854-423e-b169-c36a773495b8/1780920000.0_mean_300.0_v3" 404 70 "GET http://172.18.0.190:8080/v1/AUTH_30b7e0a215454ce0afeddd89cbf7c5dd/gnocchi.d18dbd3c-c854-423e-b169-c36a773495b8/1780920000.0_mean_300.0_v3" "txdc977caaffd146e3b4947-006a292499" "proxy-server 12" 0.0003 "-" 22 0
Jun 10 08:47:21 np0000069408 container-server[126059]: 172.20.0.104 - - [10/Jun/2026:08:47:21 +0000] "PUT /d1/9/AUTH_30b7e0a215454ce0afeddd89cbf7c5dd/gnocchi.88960735-e3dd-4ba9-9682-a3e4a44ed2ea/1780920000.0_mean_300.0_v3" 201 - "PUT http://172.18.0.190:8080/d1/9/AUTH_30b7e0a215454ce0afeddd89cbf7c5dd/gnocchi.88960735-e3dd-4ba9-9682-a3e4a44ed2ea/1780920000.0_mean_300.0_v3" "txbacdc30793e5450da7b9d-006a292499" "object-server 22" 0.0006 "-" 23 0
Jun 10 08:47:21 np0000069408 object-server[126406]: 172.20.0.103 - - [10/Jun/2026:08:47:21 +0000] "PUT /d1/9/AUTH_30b7e0a215454ce0afeddd89cbf7c5dd/gnocchi.88960735-e3dd-4ba9-9682-a3e4a44ed2ea/1780920000.0_mean_300.0_v3" 201 - "PUT http://172.18.0.190:8080/v1/AUTH_30b7e0a215454ce0afeddd89cbf7c5dd/gnocchi.88960735-e3dd-4ba9-9682-a3e4a44ed2ea/1780920000.0_mean_300.0_v3" "txbacdc30793e5450da7b9d-006a292499" "proxy-server 20" 0.0204 "-" 23 0
Jun 10 08:47:21 np0000069408 proxy-server[127754]: 172.18.0.190 172.18.0.104 10/Jun/2026/08/47/21 PUT /v1/AUTH_30b7e0a215454ce0afeddd89cbf7c5dd/gnocchi.88960735-e3dd-4ba9-9682-a3e4a44ed2ea/1780920000.0_mean_300.0_v3 HTTP/1.0 201 - python-swiftclient-3.11.1 gAAAAABqKSNxtSJS... 16 - - txbacdc30793e5450da7b9d-006a292499 - 0.0294 - - 1781081241.749064445 1781081241.778441429 0
Jun 10 08:47:21 np0000069408 container-server[126048]: 172.20.0.105 - - [10/Jun/2026:08:47:21 +0000] "PUT /d1/580/AUTH_30b7e0a215454ce0afeddd89cbf7c5dd/gnocchi.d18dbd3c-c854-423e-b169-c36a773495b8/1780920000.0_mean_300.0_v3" 201 - "PUT http://172.18.0.190:8080/d1/91/AUTH_30b7e0a215454ce0afeddd89cbf7c5dd/gnocchi.d18dbd3c-c854-423e-b169-c36a773495b8/1780920000.0_mean_300.0_v3" "tx85df41af28d648d693c75-006a292499" "object-server 23" 0.0005 "-" 21 0
Jun 10 08:47:21 np0000069408 object-server[126412]: 172.20.0.104 - - [10/Jun/2026:08:47:21 +0000] "PUT /d1/91/AUTH_30b7e0a215454ce0afeddd89cbf7c5dd/gnocchi.d18dbd3c-c854-423e-b169-c36a773495b8/1780920000.0_mean_300.0_v3" 201 - "PUT http://172.18.0.190:8080/v1/AUTH_30b7e0a215454ce0afeddd89cbf7c5dd/gnocchi.d18dbd3c-c854-423e-b169-c36a773495b8/1780920000.0_mean_300.0_v3" "tx85df41af28d648d693c75-006a292499" "proxy-server 12" 0.0137 "-" 25 0
Jun 10 08:47:21 np0000069408 container-server[126039]: 172.20.0.105 - - [10/Jun/2026:08:47:21 +0000] "PUT /d1/9/AUTH_30b7e0a215454ce0afeddd89cbf7c5dd/gnocchi.88960735-e3dd-4ba9-9682-a3e4a44ed2ea/none_v3" 201 - "PUT http://172.18.0.190:8080/d1/801/AUTH_30b7e0a215454ce0afeddd89cbf7c5dd/gnocchi.88960735-e3dd-4ba9-9682-a3e4a44ed2ea/none_v3" "txd8858ecb2e0a493abcda7-006a292499" "object-server 25" 0.0007 "-" 20 0
Jun 10 08:47:21 np0000069408 object-server[126405]: 172.20.0.103 - - [10/Jun/2026:08:47:21 +0000] "PUT /d1/801/AUTH_30b7e0a215454ce0afeddd89cbf7c5dd/gnocchi.88960735-e3dd-4ba9-9682-a3e4a44ed2ea/none_v3" 201 - "PUT http://172.18.0.190:8080/v1/AUTH_30b7e0a215454ce0afeddd89cbf7c5dd/gnocchi.88960735-e3dd-4ba9-9682-a3e4a44ed2ea/none_v3" "txd8858ecb2e0a493abcda7-006a292499" "proxy-server 20" 0.0136 "-" 22 0
Jun 10 08:47:21 np0000069408 proxy-server[127754]: 172.18.0.190 172.18.0.104 10/Jun/2026/08/47/21 PUT /v1/AUTH_30b7e0a215454ce0afeddd89cbf7c5dd/gnocchi.88960735-e3dd-4ba9-9682-a3e4a44ed2ea/none_v3 HTTP/1.0 201 - python-swiftclient-3.11.1 gAAAAABqKSNxtSJS... 22 - - txd8858ecb2e0a493abcda7-006a292499 - 0.0213 - - 1781081241.783657074 1781081241.804961443 0
Jun 10 08:47:21 np0000069408 object-server[126405]: 172.20.0.105 - - [10/Jun/2026:08:47:21 +0000] "GET /d1/870/AUTH_30b7e0a215454ce0afeddd89cbf7c5dd/gnocchi.aad3348e-f25d-4938-96e3-8ea9814d88f4/1780920000.0_mean_300.0_v3" 404 70 "GET http://172.18.0.190:8080/v1/AUTH_30b7e0a215454ce0afeddd89cbf7c5dd/gnocchi.aad3348e-f25d-4938-96e3-8ea9814d88f4/1780920000.0_mean_300.0_v3" "tx2a298a6a70b04ce1b913f-006a292499" "proxy-server 20" 0.0004 "-" 22 0
Jun 10 08:47:21 np0000069408 container-server[126057]: 172.20.0.104 - - [10/Jun/2026:08:47:21 +0000] "PUT /d1/580/AUTH_30b7e0a215454ce0afeddd89cbf7c5dd/gnocchi.d18dbd3c-c854-423e-b169-c36a773495b8/none_v3" 201 - "PUT http://172.18.0.190:8080/d1/916/AUTH_30b7e0a215454ce0afeddd89cbf7c5dd/gnocchi.d18dbd3c-c854-423e-b169-c36a773495b8/none_v3" "txbe6a72d4d6b841af9824b-006a292499" "object-server 24" 0.0014 "-" 22 0
Jun 10 08:47:21 np0000069408 object-server[126406]: 172.20.0.104 - - [10/Jun/2026:08:47:21 +0000] "PUT /d1/916/AUTH_30b7e0a215454ce0afeddd89cbf7c5dd/gnocchi.d18dbd3c-c854-423e-b169-c36a773495b8/none_v3" 201 - "PUT http://172.18.0.190:8080/v1/AUTH_30b7e0a215454ce0afeddd89cbf7c5dd/gnocchi.d18dbd3c-c854-423e-b169-c36a773495b8/none_v3" "txbe6a72d4d6b841af9824b-006a292499" "proxy-server 12" 0.0135 "-" 23 0
Jun 10 08:47:21 np0000069408 container-server[126039]: 172.20.0.105 - - [10/Jun/2026:08:47:21 +0000] "PUT /d1/649/AUTH_30b7e0a215454ce0afeddd89cbf7c5dd/gnocchi.aad3348e-f25d-4938-96e3-8ea9814d88f4/1780920000.0_mean_300.0_v3" 201 - "PUT http://172.18.0.190:8080/d1/870/AUTH_30b7e0a215454ce0afeddd89cbf7c5dd/gnocchi.aad3348e-f25d-4938-96e3-8ea9814d88f4/1780920000.0_mean_300.0_v3" "tx745f5c1eec2241da9242a-006a292499" "object-server 24" 0.0009 "-" 20 0
Jun 10 08:47:21 np0000069408 object-server[126409]: 172.20.0.103 - - [10/Jun/2026:08:47:21 +0000] "PUT /d1/870/AUTH_30b7e0a215454ce0afeddd89cbf7c5dd/gnocchi.aad3348e-f25d-4938-96e3-8ea9814d88f4/1780920000.0_mean_300.0_v3" 201 - "PUT http://172.18.0.190:8080/v1/AUTH_30b7e0a215454ce0afeddd89cbf7c5dd/gnocchi.aad3348e-f25d-4938-96e3-8ea9814d88f4/1780920000.0_mean_300.0_v3" "tx745f5c1eec2241da9242a-006a292499" "proxy-server 20" 0.0144 "-" 24 0
Jun 10 08:47:21 np0000069408 container-server[126048]: 172.20.0.105 - - [10/Jun/2026:08:47:21 +0000] "HEAD /d1/234/AUTH_30b7e0a215454ce0afeddd89cbf7c5dd/gnocchi.dad0b3d0-3a81-4325-accc-e4158c2a319b" 404 - "HEAD http://172.18.0.190:8080/v1/AUTH_30b7e0a215454ce0afeddd89cbf7c5dd/gnocchi.dad0b3d0-3a81-4325-accc-e4158c2a319b?format=json&states=listing" "tx3eb29e4d5643422082256-006a292499" "proxy-server 20" 0.0004 "-" 21 0
Jun 10 08:47:21 np0000069408 proxy-server[127754]: 172.18.0.105 172.18.0.104 10/Jun/2026/08/47/21 PUT /v1/AUTH_30b7e0a215454ce0afeddd89cbf7c5dd/gnocchi.aad3348e-f25d-4938-96e3-8ea9814d88f4/1780920000.0_mean_300.0_v3 HTTP/1.0 201 - python-swiftclient-3.11.1 gAAAAABqKSNF4jTp... 16 - - tx745f5c1eec2241da9242a-006a292499 - 0.0263 - - 1781081241.817805290 1781081241.844079733 0
Jun 10 08:47:21 np0000069408 object-server[126409]: 172.20.0.105 - - [10/Jun/2026:08:47:21 +0000] "GET /d1/757/AUTH_30b7e0a215454ce0afeddd89cbf7c5dd/gnocchi.dad0b3d0-3a81-4325-accc-e4158c2a319b/none_v3" 404 70 "GET http://172.18.0.190:8080/v1/AUTH_30b7e0a215454ce0afeddd89cbf7c5dd/gnocchi.dad0b3d0-3a81-4325-accc-e4158c2a319b/none_v3" "tx3eb29e4d5643422082256-006a292499" "proxy-server 20" 0.0002 "-" 24 0
Jun 10 08:47:21 np0000069408 container-server[126059]: 172.20.0.103 - - [10/Jun/2026:08:47:21 +0000] "PUT /d1/649/AUTH_30b7e0a215454ce0afeddd89cbf7c5dd/gnocchi.aad3348e-f25d-4938-96e3-8ea9814d88f4/none_v3" 201 - "PUT http://172.18.0.190:8080/d1/473/AUTH_30b7e0a215454ce0afeddd89cbf7c5dd/gnocchi.aad3348e-f25d-4938-96e3-8ea9814d88f4/none_v3" "tx17e72807184d4a378c198-006a292499" "object-server 24" 0.0005 "-" 23 0
Jun 10 08:47:21 np0000069408 object-server[126409]: 172.20.0.104 - - [10/Jun/2026:08:47:21 +0000] "PUT /d1/473/AUTH_30b7e0a215454ce0afeddd89cbf7c5dd/gnocchi.aad3348e-f25d-4938-96e3-8ea9814d88f4/none_v3" 201 - "PUT http://172.18.0.190:8080/v1/AUTH_30b7e0a215454ce0afeddd89cbf7c5dd/gnocchi.aad3348e-f25d-4938-96e3-8ea9814d88f4/none_v3" "tx17e72807184d4a378c198-006a292499" "proxy-server 12" 0.0100 "-" 24 0
Jun 10 08:47:21 np0000069408 container-server[126057]: 172.20.0.103 - - [10/Jun/2026:08:47:21 +0000] "HEAD /d1/711/AUTH_30b7e0a215454ce0afeddd89cbf7c5dd/gnocchi.44358ecf-5b55-485d-a342-cbe66dc1fcd0" 404 - "HEAD http://172.18.0.190:8080/v1/AUTH_30b7e0a215454ce0afeddd89cbf7c5dd/gnocchi.44358ecf-5b55-485d-a342-cbe66dc1fcd0?format=json&states=listing" "tx1ae08e1135ec46cba0712-006a292499" "proxy-server 20" 0.0008 "-" 22 0
Jun 10 08:47:21 np0000069408 object-server[126406]: 172.20.0.103 - - [10/Jun/2026:08:47:21 +0000] "GET /d1/96/AUTH_30b7e0a215454ce0afeddd89cbf7c5dd/gnocchi.44358ecf-5b55-485d-a342-cbe66dc1fcd0/none_v3" 404 70 "GET http://172.18.0.190:8080/v1/AUTH_30b7e0a215454ce0afeddd89cbf7c5dd/gnocchi.44358ecf-5b55-485d-a342-cbe66dc1fcd0/none_v3" "tx1ae08e1135ec46cba0712-006a292499" "proxy-server 20" 0.0004 "-" 23 0
Jun 10 08:47:21 np0000069408 container-server[126039]: 172.20.0.105 - - [10/Jun/2026:08:47:21 +0000] "PUT /d1/234/AUTH_30b7e0a215454ce0afeddd89cbf7c5dd/gnocchi.dad0b3d0-3a81-4325-accc-e4158c2a319b" 201 - "PUT http://172.18.0.190:8080/v1/AUTH_30b7e0a215454ce0afeddd89cbf7c5dd/gnocchi.dad0b3d0-3a81-4325-accc-e4158c2a319b" "txaa860e3daaa54017a9a32-006a292499" "proxy-server 20" 0.0194 "-" 20 0
Jun 10 08:47:21 np0000069408 proxy-server[127754]: 172.18.0.103 172.18.0.104 10/Jun/2026/08/47/21 GET /v1/AUTH_30b7e0a215454ce0afeddd89cbf7c5dd/gnocchi.44358ecf-5b55-485d-a342-cbe66dc1fcd0/none_v3 HTTP/1.0 404 - python-swiftclient-3.11.1 gAAAAABqKSMnQkw3... - 70 - tx1ae08e1135ec46cba0712-006a292499 - 0.0336 - - 1781081241.865279913 1781081241.898871183 0
Jun 10 08:47:21 np0000069408 account-server[125750]: 172.20.0.104 - - [10/Jun/2026:08:47:21 +0000] "PUT /d1/422/AUTH_30b7e0a215454ce0afeddd89cbf7c5dd/gnocchi.dad0b3d0-3a81-4325-accc-e4158c2a319b" 201 - "PUT http://172.20.0.104:6001/d1/234/AUTH_30b7e0a215454ce0afeddd89cbf7c5dd/gnocchi.dad0b3d0-3a81-4325-accc-e4158c2a319b" "txaa860e3daaa54017a9a32-006a292499" "container-server 23" 0.0474 "-" 15 0
Jun 10 08:47:21 np0000069408 container-server[126048]: 172.20.0.103 - - [10/Jun/2026:08:47:21 +0000] "HEAD /d1/147/AUTH_30b7e0a215454ce0afeddd89cbf7c5dd/gnocchi.0c4722bd-a501-4967-a9fb-e4ca97f3d724" 404 - "HEAD http://172.18.0.190:8080/v1/AUTH_30b7e0a215454ce0afeddd89cbf7c5dd/gnocchi.0c4722bd-a501-4967-a9fb-e4ca97f3d724?format=json&states=listing" "tx5326f187f22d40f48a7c7-006a292499" "proxy-server 20" 0.0004 "-" 21 0
Jun 10 08:47:21 np0000069408 container-server[126059]: 172.20.0.104 - - [10/Jun/2026:08:47:21 +0000] "PUT /d1/711/AUTH_30b7e0a215454ce0afeddd89cbf7c5dd/gnocchi.44358ecf-5b55-485d-a342-cbe66dc1fcd0" 201 - "PUT http://172.18.0.190:8080/v1/AUTH_30b7e0a215454ce0afeddd89cbf7c5dd/gnocchi.44358ecf-5b55-485d-a342-cbe66dc1fcd0" "tx10254cc3f04d4f7e91bb6-006a292499" "proxy-server 12" 0.0188 "-" 23 0
Jun 10 08:47:21 np0000069408 account-server[125746]: 172.20.0.105 - - [10/Jun/2026:08:47:21 +0000] "PUT /d1/422/AUTH_30b7e0a215454ce0afeddd89cbf7c5dd/gnocchi.44358ecf-5b55-485d-a342-cbe66dc1fcd0" 201 - "PUT http://172.20.0.105:6001/d1/711/AUTH_30b7e0a215454ce0afeddd89cbf7c5dd/gnocchi.44358ecf-5b55-485d-a342-cbe66dc1fcd0" "tx10254cc3f04d4f7e91bb6-006a292499" "container-server 23" 0.0069 "-" 14 0
Jun 10 08:47:21 np0000069408 container-server[126039]: 172.20.0.105 - - [10/Jun/2026:08:47:21 +0000] "HEAD /d1/234/AUTH_30b7e0a215454ce0afeddd89cbf7c5dd/gnocchi.dad0b3d0-3a81-4325-accc-e4158c2a319b" 204 - "HEAD http://172.18.0.190:8080/v1/AUTH_30b7e0a215454ce0afeddd89cbf7c5dd/gnocchi.dad0b3d0-3a81-4325-accc-e4158c2a319b?format=json&states=listing" "tx5f4ca6d00660496d86d71-006a292499" "proxy-server 20" 0.0016 "-" 20 0
Jun 10 08:47:21 np0000069408 container-server[126057]: 172.20.0.104 - - [10/Jun/2026:08:47:21 +0000] "HEAD /d1/711/AUTH_30b7e0a215454ce0afeddd89cbf7c5dd/gnocchi.44358ecf-5b55-485d-a342-cbe66dc1fcd0" 204 - "HEAD http://172.18.0.190:8080/v1/AUTH_30b7e0a215454ce0afeddd89cbf7c5dd/gnocchi.44358ecf-5b55-485d-a342-cbe66dc1fcd0?format=json&states=listing" "tx8d30c6d9750e49c5ae134-006a292499" "proxy-server 12" 0.0016 "-" 22 0
Jun 10 08:47:21 np0000069408 object-server[126406]: 172.20.0.103 - - [10/Jun/2026:08:47:21 +0000] "GET /d1/845/AUTH_30b7e0a215454ce0afeddd89cbf7c5dd/gnocchi.0c4722bd-a501-4967-a9fb-e4ca97f3d724/none_v3" 404 70 "GET http://172.18.0.190:8080/v1/AUTH_30b7e0a215454ce0afeddd89cbf7c5dd/gnocchi.0c4722bd-a501-4967-a9fb-e4ca97f3d724/none_v3" "tx5326f187f22d40f48a7c7-006a292499" "proxy-server 20" 0.0003 "-" 23 0
Jun 10 08:47:21 np0000069408 proxy-server[127754]: 172.18.0.105 172.18.0.104 10/Jun/2026/08/47/21 GET /v1/AUTH_30b7e0a215454ce0afeddd89cbf7c5dd/gnocchi.0c4722bd-a501-4967-a9fb-e4ca97f3d724/none_v3 HTTP/1.0 404 - python-swiftclient-3.11.1 gAAAAABqKSNF4jTp... - 70 - tx5326f187f22d40f48a7c7-006a292499 - 0.0316 - - 1781081241.943310499 1781081241.974872828 0
Jun 10 08:47:21 np0000069408 object-server[126412]: 172.20.0.105 - - [10/Jun/2026:08:47:21 +0000] "GET /d1/251/AUTH_30b7e0a215454ce0afeddd89cbf7c5dd/gnocchi.dad0b3d0-3a81-4325-accc-e4158c2a319b/1780920000.0_mean_300.0_v3" 404 70 "GET http://172.18.0.190:8080/v1/AUTH_30b7e0a215454ce0afeddd89cbf7c5dd/gnocchi.dad0b3d0-3a81-4325-accc-e4158c2a319b/1780920000.0_mean_300.0_v3" "tx4b6903eb22b14be4b9a6f-006a292499" "proxy-server 20" 0.0003 "-" 25 0
Jun 10 08:47:21 np0000069408 object-server[126409]: 172.20.0.104 - - [10/Jun/2026:08:47:21 +0000] "GET /d1/267/AUTH_30b7e0a215454ce0afeddd89cbf7c5dd/gnocchi.44358ecf-5b55-485d-a342-cbe66dc1fcd0/1780920000.0_mean_300.0_v3" 404 70 "GET http://172.18.0.190:8080/v1/AUTH_30b7e0a215454ce0afeddd89cbf7c5dd/gnocchi.44358ecf-5b55-485d-a342-cbe66dc1fcd0/1780920000.0_mean_300.0_v3" "tx931504ce2af14214b9a05-006a292499" "proxy-server 12" 0.0005 "-" 24 0
Jun 10 08:47:22 np0000069408 container-server[126059]: 172.20.0.103 - - [10/Jun/2026:08:47:22 +0000] "PUT /d1/147/AUTH_30b7e0a215454ce0afeddd89cbf7c5dd/gnocchi.0c4722bd-a501-4967-a9fb-e4ca97f3d724" 201 - "PUT http://172.18.0.190:8080/v1/AUTH_30b7e0a215454ce0afeddd89cbf7c5dd/gnocchi.0c4722bd-a501-4967-a9fb-e4ca97f3d724" "txce6fc35af77e4e27a4909-006a292499" "proxy-server 20" 0.0183 "-" 23 0
Jun 10 08:47:22 np0000069408 account-server[125746]: 172.20.0.104 - - [10/Jun/2026:08:47:22 +0000] "PUT /d1/422/AUTH_30b7e0a215454ce0afeddd89cbf7c5dd/gnocchi.0c4722bd-a501-4967-a9fb-e4ca97f3d724" 201 - "PUT http://172.20.0.104:6001/d1/147/AUTH_30b7e0a215454ce0afeddd89cbf7c5dd/gnocchi.0c4722bd-a501-4967-a9fb-e4ca97f3d724" "txce6fc35af77e4e27a4909-006a292499" "container-server 22" 0.0058 "-" 14 0
Jun 10 08:47:22 np0000069408 proxy-server[127754]: 172.18.0.105 172.18.0.104 10/Jun/2026/08/47/22 PUT /v1/AUTH_30b7e0a215454ce0afeddd89cbf7c5dd/gnocchi.0c4722bd-a501-4967-a9fb-e4ca97f3d724 HTTP/1.0 201 - python-swiftclient-3.11.1 gAAAAABqKSNF4jTp... - - - txce6fc35af77e4e27a4909-006a292499 - 0.0295 - - 1781081241.980198860 1781081242.009728670 0
Jun 10 08:47:22 np0000069408 container-server[126039]: 172.20.0.103 - - [10/Jun/2026:08:47:22 +0000] "HEAD /d1/147/AUTH_30b7e0a215454ce0afeddd89cbf7c5dd/gnocchi.0c4722bd-a501-4967-a9fb-e4ca97f3d724" 204 - "HEAD http://172.18.0.190:8080/v1/AUTH_30b7e0a215454ce0afeddd89cbf7c5dd/gnocchi.0c4722bd-a501-4967-a9fb-e4ca97f3d724?format=json&states=listing" "txbe9de5c325a243d0a5ba6-006a29249a" "proxy-server 20" 0.0016 "-" 20 0
