Jun 10 08:37:00 np0000069408 container-server[125654]: Attempted to replicate 0 dbs in 0.00150 seconds (0.00000/s)
Jun 10 08:37:00 np0000069408 container-server[125654]: Removed 0 dbs
Jun 10 08:37:00 np0000069408 container-server[125654]: 0 successes, 0 failures
Jun 10 08:37:00 np0000069408 container-server[125654]: diff:0 diff_capped:0 empty:0 hashmatch:0 no_change:0 remote_merge:0 rsync:0 ts_repl:0
Jun 10 08:37:01 np0000069408 object-server[192266]: Begin object audit "forever" mode (ZBF)
Jun 10 08:37:01 np0000069408 object-server[192266]: Object audit (ZBF) "forever" mode completed: 0.00s. Total quarantined: 0, Total errors: 0, Total files/sec: 0.00, Total bytes/sec: 0.00, Auditing time: 0.00, Rate: 0.00
Jun 10 08:37:20 np0000069408 account-server[125492]: Beginning replication run
Jun 10 08:37:20 np0000069408 account-server[125492]: Replication run OVER
Jun 10 08:37:20 np0000069408 account-server[125492]: Attempted to replicate 0 dbs in 0.00176 seconds (0.00000/s)
Jun 10 08:37:20 np0000069408 account-server[125492]: Removed 0 dbs
Jun 10 08:37:20 np0000069408 account-server[125492]: 0 successes, 0 failures
Jun 10 08:37:20 np0000069408 account-server[125492]: diff:0 diff_capped:0 empty:0 hashmatch:0 no_change:0 remote_merge:0 rsync:0 ts_repl:0
Jun 10 08:37:30 np0000069408 object-server[126089]: Starting object replication pass.
Jun 10 08:37:30 np0000069408 object-server[126089]: Nothing replicated for 0.004250764846801758 seconds.
Jun 10 08:37:30 np0000069408 object-server[126089]: Object replication complete. (0.00 minutes)
Jun 10 08:37:30 np0000069408 container-server[125654]: Beginning replication run
Jun 10 08:37:30 np0000069408 container-server[125654]: Replication run OVER
Jun 10 08:37:30 np0000069408 container-server[125654]: Attempted to replicate 0 dbs in 0.00157 seconds (0.00000/s)
Jun 10 08:37:30 np0000069408 container-server[125654]: Removed 0 dbs
Jun 10 08:37:30 np0000069408 container-server[125654]: 0 successes, 0 failures
Jun 10 08:37:30 np0000069408 container-server[125654]: diff:0 diff_capped:0 empty:0 hashmatch:0 no_change:0 remote_merge:0 rsync:0 ts_repl:0
Jun 10 08:37:31 np0000069408 object-server[198299]: Begin object audit "forever" mode (ALL)
Jun 10 08:37:31 np0000069408 object-server[198298]: Begin object audit "forever" mode (ZBF)
Jun 10 08:37:31 np0000069408 object-server[198298]: Object audit (ZBF) "forever" mode completed: 0.00s. Total quarantined: 0, Total errors: 0, Total files/sec: 0.00, Total bytes/sec: 0.00, Auditing time: 0.00, Rate: 0.00
Jun 10 08:37:31 np0000069408 object-server[198299]: Object audit (ALL) "forever" mode completed: 0.00s. Total quarantined: 0, Total errors: 0, Total files/sec: 0.00, Total bytes/sec: 0.00, Auditing time: 0.00, Rate: 0.00
Jun 10 08:37:42 np0000069408 object-server[126340]: Begin object update sweep
Jun 10 08:37:42 np0000069408 object-server[199584]: Object update sweep starting on /srv/node/d1 (pid: 14)
Jun 10 08:37:42 np0000069408 object-server[199584]: Object update sweep completed on /srv/node/d1 in 0.00s seconds:, 0 successes, 0 failures, 0 quarantines, 0 unlinks, 0 errors, 0 redirects (pid: 14)
Jun 10 08:37:42 np0000069408 object-server[199584]: Object update sweep of d1 completed: 0.00s, 0 successes, 0 failures, 0 quarantines, 0 unlinks, 0 errors, 0 redirects
Jun 10 08:37:42 np0000069408 object-server[126340]: Object update sweep completed: 0.08s
Jun 10 08:37:50 np0000069408 account-server[125492]: Beginning replication run
Jun 10 08:37:50 np0000069408 account-server[125492]: Replication run OVER
Jun 10 08:37:50 np0000069408 account-server[125492]: Attempted to replicate 0 dbs in 0.00143 seconds (0.00000/s)
Jun 10 08:37:50 np0000069408 account-server[125492]: Removed 0 dbs
Jun 10 08:37:50 np0000069408 account-server[125492]: 0 successes, 0 failures
Jun 10 08:37:50 np0000069408 account-server[125492]: diff:0 diff_capped:0 empty:0 hashmatch:0 no_change:0 remote_merge:0 rsync:0 ts_repl:0
Jun 10 08:38:00 np0000069408 object-server[126089]: Starting object replication pass.
Jun 10 08:38:00 np0000069408 object-server[126089]: Nothing replicated for 0.003705263137817383 seconds.
Jun 10 08:38:00 np0000069408 object-server[126089]: Object replication complete. (0.00 minutes)
Jun 10 08:38:00 np0000069408 container-server[125654]: Beginning replication run
Jun 10 08:38:00 np0000069408 container-server[125654]: Replication run OVER
Jun 10 08:38:00 np0000069408 container-server[125654]: Attempted to replicate 0 dbs in 0.00255 seconds (0.00000/s)
Jun 10 08:38:00 np0000069408 container-server[125654]: Removed 0 dbs
Jun 10 08:38:00 np0000069408 container-server[125654]: 0 successes, 0 failures
Jun 10 08:38:00 np0000069408 container-server[125654]: diff:0 diff_capped:0 empty:0 hashmatch:0 no_change:0 remote_merge:0 rsync:0 ts_repl:0
Jun 10 08:38:01 np0000069408 object-server[198300]: Begin object audit "forever" mode (ZBF)
Jun 10 08:38:01 np0000069408 object-server[198300]: Object audit (ZBF) "forever" mode completed: 0.00s. Total quarantined: 0, Total errors: 0, Total files/sec: 0.00, Total bytes/sec: 0.00, Auditing time: 0.00, Rate: 0.00
Jun 10 08:38:06 np0000069408 account-server[125759]: 172.20.0.103 - - [10/Jun/2026:08:38:06 +0000] "HEAD /d1/791/.expiring_objects" 404 - "HEAD http://localhost/v1/.expiring_objects?format=json" "tx309c997461954f958b1b0-006a29226e" "proxy-server 2" 0.0007 "-" 16 -
Jun 10 08:38:06 np0000069408 object-expirer[126064]: Pass completed in 0s; 0 objects expired (txn: tx309c997461954f958b1b0-006a29226e)
Jun 10 08:38:20 np0000069408 account-server[125492]: Beginning replication run
Jun 10 08:38:20 np0000069408 account-server[125492]: Replication run OVER
Jun 10 08:38:20 np0000069408 account-server[125492]: Attempted to replicate 0 dbs in 0.00235 seconds (0.00000/s)
Jun 10 08:38:20 np0000069408 account-server[125492]: Removed 0 dbs
Jun 10 08:38:20 np0000069408 account-server[125492]: 0 successes, 0 failures
Jun 10 08:38:20 np0000069408 account-server[125492]: diff:0 diff_capped:0 empty:0 hashmatch:0 no_change:0 remote_merge:0 rsync:0 ts_repl:0
Jun 10 08:38:30 np0000069408 object-server[126089]: Starting object replication pass.
Jun 10 08:38:30 np0000069408 object-server[126089]: Nothing replicated for 0.003980159759521484 seconds.
Jun 10 08:38:30 np0000069408 object-server[126089]: Object replication complete. (0.00 minutes)
Jun 10 08:38:30 np0000069408 container-server[125654]: Beginning replication run
Jun 10 08:38:30 np0000069408 container-server[125654]: Replication run OVER
Jun 10 08:38:30 np0000069408 container-server[125654]: Attempted to replicate 0 dbs in 0.00150 seconds (0.00000/s)
Jun 10 08:38:30 np0000069408 container-server[125654]: Removed 0 dbs
Jun 10 08:38:30 np0000069408 container-server[125654]: 0 successes, 0 failures
Jun 10 08:38:30 np0000069408 container-server[125654]: diff:0 diff_capped:0 empty:0 hashmatch:0 no_change:0 remote_merge:0 rsync:0 ts_repl:0
Jun 10 08:38:31 np0000069408 object-server[204431]: Begin object audit "forever" mode (ZBF)
Jun 10 08:38:31 np0000069408 object-server[204432]: Begin object audit "forever" mode (ALL)
Jun 10 08:38:31 np0000069408 object-server[204431]: Object audit (ZBF) "forever" mode completed: 0.00s. Total quarantined: 0, Total errors: 0, Total files/sec: 0.00, Total bytes/sec: 0.00, Auditing time: 0.00, Rate: 0.00
Jun 10 08:38:31 np0000069408 object-server[204432]: Object audit (ALL) "forever" mode completed: 0.00s. Total quarantined: 0, Total errors: 0, Total files/sec: 0.00, Total bytes/sec: 0.00, Auditing time: 0.00, Rate: 0.00
Jun 10 08:38:33 np0000069408 account-server[125746]: 172.20.0.105 - - [10/Jun/2026:08:38:33 +0000] "HEAD /d1/791/.expiring_objects" 404 - "HEAD http://localhost/v1/.expiring_objects?format=json" "txf9cf6e6d68a041849de28-006a292289" "proxy-server 2" 0.0008 "-" 14 -
Jun 10 08:38:50 np0000069408 account-server[125492]: Beginning replication run
Jun 10 08:38:50 np0000069408 account-server[125492]: Replication run OVER
Jun 10 08:38:50 np0000069408 account-server[125492]: Attempted to replicate 0 dbs in 0.00125 seconds (0.00000/s)
Jun 10 08:38:50 np0000069408 account-server[125492]: Removed 0 dbs
Jun 10 08:38:50 np0000069408 account-server[125492]: 0 successes, 0 failures
Jun 10 08:38:50 np0000069408 account-server[125492]: diff:0 diff_capped:0 empty:0 hashmatch:0 no_change:0 remote_merge:0 rsync:0 ts_repl:0
Jun 10 08:39:00 np0000069408 object-server[126089]: Starting object replication pass.
Jun 10 08:39:00 np0000069408 object-server[126089]: Nothing replicated for 0.002126932144165039 seconds.
Jun 10 08:39:00 np0000069408 object-server[126089]: Object replication complete. (0.00 minutes)
Jun 10 08:39:00 np0000069408 container-server[125654]: Beginning replication run
Jun 10 08:39:00 np0000069408 container-server[125654]: Replication run OVER
Jun 10 08:39:00 np0000069408 container-server[125654]: Attempted to replicate 0 dbs in 0.00108 seconds (0.00000/s)
Jun 10 08:39:00 np0000069408 container-server[125654]: Removed 0 dbs
Jun 10 08:39:00 np0000069408 container-server[125654]: 0 successes, 0 failures
Jun 10 08:39:00 np0000069408 container-server[125654]: diff:0 diff_capped:0 empty:0 hashmatch:0 no_change:0 remote_merge:0 rsync:0 ts_repl:0
Jun 10 08:39:01 np0000069408 object-server[207101]: Begin object audit "forever" mode (ZBF)
Jun 10 08:39:01 np0000069408 object-server[207101]: Object audit (ZBF) "forever" mode completed: 0.00s. Total quarantined: 0, Total errors: 0, Total files/sec: 0.00, Total bytes/sec: 0.00, Auditing time: 0.00, Rate: 0.00
Jun 10 08:39:01 np0000069408 object-server[207102]: Begin object audit "forever" mode (ALL)
Jun 10 08:39:01 np0000069408 object-server[207102]: Object audit (ALL) "forever" mode completed: 0.00s. Total quarantined: 0, Total errors: 0, Total files/sec: 0.00, Total bytes/sec: 0.00, Auditing time: 0.00, Rate: 0.00
Jun 10 08:39:15 np0000069408 account-server[125759]: 172.20.0.104 - - [10/Jun/2026:08:39:15 +0000] "HEAD /d1/791/.expiring_objects" 404 - "HEAD http://localhost/v1/.expiring_objects?format=json" "tx7f4018b5709f44cba0eb7-006a2922b3" "proxy-server 2" 0.0009 "-" 16 -
Jun 10 08:39:20 np0000069408 account-server[125492]: Beginning replication run
Jun 10 08:39:20 np0000069408 account-server[125492]: Replication run OVER
Jun 10 08:39:20 np0000069408 account-server[125492]: Attempted to replicate 0 dbs in 0.00198 seconds (0.00000/s)
Jun 10 08:39:20 np0000069408 account-server[125492]: Removed 0 dbs
Jun 10 08:39:20 np0000069408 account-server[125492]: 0 successes, 0 failures
Jun 10 08:39:20 np0000069408 account-server[125492]: diff:0 diff_capped:0 empty:0 hashmatch:0 no_change:0 remote_merge:0 rsync:0 ts_repl:0
Jun 10 08:39:30 np0000069408 object-server[126089]: Starting object replication pass.
Jun 10 08:39:30 np0000069408 object-server[126089]: Nothing replicated for 0.0023040771484375 seconds.
Jun 10 08:39:30 np0000069408 object-server[126089]: Object replication complete. (0.00 minutes)
Jun 10 08:39:31 np0000069408 container-server[125654]: Beginning replication run
Jun 10 08:39:31 np0000069408 container-server[125654]: Replication run OVER
Jun 10 08:39:31 np0000069408 container-server[125654]: Attempted to replicate 0 dbs in 1.01113 seconds (0.00000/s)
Jun 10 08:39:31 np0000069408 container-server[125654]: Removed 0 dbs
Jun 10 08:39:31 np0000069408 container-server[125654]: 0 successes, 0 failures
Jun 10 08:39:31 np0000069408 container-server[125654]: diff:0 diff_capped:0 empty:0 hashmatch:0 no_change:0 remote_merge:0 rsync:0 ts_repl:0
Jun 10 08:39:32 np0000069408 object-server[207111]: Begin object audit "forever" mode (ZBF)
Jun 10 08:39:32 np0000069408 object-server[207111]: Object audit (ZBF) "forever" mode completed: 0.00s. Total quarantined: 0, Total errors: 0, Total files/sec: 0.00, Total bytes/sec: 0.00, Auditing time: 0.00, Rate: 0.00
Jun 10 08:39:50 np0000069408 account-server[125492]: Beginning replication run
Jun 10 08:39:50 np0000069408 account-server[125492]: Replication run OVER
Jun 10 08:39:50 np0000069408 account-server[125492]: Attempted to replicate 0 dbs in 0.00115 seconds (0.00000/s)
Jun 10 08:39:50 np0000069408 account-server[125492]: Removed 0 dbs
Jun 10 08:39:50 np0000069408 account-server[125492]: 0 successes, 0 failures
Jun 10 08:39:50 np0000069408 account-server[125492]: diff:0 diff_capped:0 empty:0 hashmatch:0 no_change:0 remote_merge:0 rsync:0 ts_repl:0
Jun 10 08:40:00 np0000069408 object-server[126089]: Starting object replication pass.
Jun 10 08:40:00 np0000069408 object-server[126089]: Nothing replicated for 0.0040493011474609375 seconds.
Jun 10 08:40:00 np0000069408 object-server[126089]: Object replication complete. (0.00 minutes)
Jun 10 08:40:00 np0000069408 container-server[125654]: Beginning replication run
Jun 10 08:40:00 np0000069408 container-server[125654]: Replication run OVER
Jun 10 08:40:00 np0000069408 container-server[125654]: Attempted to replicate 0 dbs in 0.00226 seconds (0.00000/s)
Jun 10 08:40:00 np0000069408 container-server[125654]: Removed 0 dbs
Jun 10 08:40:00 np0000069408 container-server[125654]: 0 successes, 0 failures
Jun 10 08:40:00 np0000069408 container-server[125654]: diff:0 diff_capped:0 empty:0 hashmatch:0 no_change:0 remote_merge:0 rsync:0 ts_repl:0
Jun 10 08:40:02 np0000069408 object-server[212293]: Begin object audit "forever" mode (ZBF)
Jun 10 08:40:02 np0000069408 object-server[212293]: Object audit (ZBF) "forever" mode completed: 0.00s. Total quarantined: 0, Total errors: 0, Total files/sec: 0.00, Total bytes/sec: 0.00, Auditing time: 0.00, Rate: 0.00
Jun 10 08:40:02 np0000069408 object-server[212294]: Begin object audit "forever" mode (ALL)
Jun 10 08:40:02 np0000069408 object-server[212294]: Object audit (ALL) "forever" mode completed: 0.00s. Total quarantined: 0, Total errors: 0, Total files/sec: 0.00, Total bytes/sec: 0.00, Auditing time: 0.00, Rate: 0.00
Jun 10 08:40:20 np0000069408 account-server[125492]: Beginning replication run
Jun 10 08:40:20 np0000069408 account-server[125492]: Replication run OVER
Jun 10 08:40:20 np0000069408 account-server[125492]: Attempted to replicate 0 dbs in 0.00154 seconds (0.00000/s)
Jun 10 08:40:20 np0000069408 account-server[125492]: Removed 0 dbs
Jun 10 08:40:20 np0000069408 account-server[125492]: 0 successes, 0 failures
Jun 10 08:40:20 np0000069408 account-server[125492]: diff:0 diff_capped:0 empty:0 hashmatch:0 no_change:0 remote_merge:0 rsync:0 ts_repl:0
Jun 10 08:40:30 np0000069408 object-server[126089]: Starting object replication pass.
Jun 10 08:40:30 np0000069408 object-server[126089]: Nothing replicated for 0.004189729690551758 seconds.
Jun 10 08:40:30 np0000069408 object-server[126089]: Object replication complete. (0.00 minutes)
Jun 10 08:40:30 np0000069408 container-server[125654]: Beginning replication run
Jun 10 08:40:30 np0000069408 container-server[125654]: Replication run OVER
Jun 10 08:40:30 np0000069408 container-server[125654]: Attempted to replicate 0 dbs in 0.00152 seconds (0.00000/s)
Jun 10 08:40:30 np0000069408 container-server[125654]: Removed 0 dbs
Jun 10 08:40:30 np0000069408 container-server[125654]: 0 successes, 0 failures
Jun 10 08:40:30 np0000069408 container-server[125654]: diff:0 diff_capped:0 empty:0 hashmatch:0 no_change:0 remote_merge:0 rsync:0 ts_repl:0
Jun 10 08:40:32 np0000069408 object-server[214982]: Begin object audit "forever" mode (ZBF)
Jun 10 08:40:32 np0000069408 object-server[214982]: Object audit (ZBF) "forever" mode completed: 0.00s. Total quarantined: 0, Total errors: 0, Total files/sec: 0.00, Total bytes/sec: 0.00, Auditing time: 0.00, Rate: 0.00
Jun 10 08:40:32 np0000069408 object-server[214983]: Begin object audit "forever" mode (ALL)
Jun 10 08:40:32 np0000069408 object-server[214983]: Object audit (ALL) "forever" mode completed: 0.00s. Total quarantined: 0, Total errors: 0, Total files/sec: 0.00, Total bytes/sec: 0.00, Auditing time: 0.00, Rate: 0.00
Jun 10 08:40:38 np0000069408 account-server[125759]: 172.20.0.104 - - [10/Jun/2026:08:40:38 +0000] "HEAD /d1/791/.expiring_objects" 404 - "HEAD http://localhost/v1/.expiring_objects?format=json" "tx9555d84beffa4bd1a1fed-006a292306" "proxy-server 2" 0.0010 "-" 16 -
Jun 10 08:40:50 np0000069408 account-server[125492]: Beginning replication run
Jun 10 08:40:50 np0000069408 account-server[125492]: Replication run OVER
Jun 10 08:40:50 np0000069408 account-server[125492]: Attempted to replicate 0 dbs in 0.00246 seconds (0.00000/s)
Jun 10 08:40:50 np0000069408 account-server[125492]: Removed 0 dbs
Jun 10 08:40:50 np0000069408 account-server[125492]: 0 successes, 0 failures
Jun 10 08:40:50 np0000069408 account-server[125492]: diff:0 diff_capped:0 empty:0 hashmatch:0 no_change:0 remote_merge:0 rsync:0 ts_repl:0
Jun 10 08:40:58 np0000069408 container-server[125967]: Begin container update sweep
Jun 10 08:40:58 np0000069408 container-server[125967]: Container update sweep completed: 0.00s
Jun 10 08:41:00 np0000069408 object-server[126089]: Starting object replication pass.
Jun 10 08:41:00 np0000069408 object-server[126089]: Nothing replicated for 0.0019693374633789062 seconds.
Jun 10 08:41:00 np0000069408 object-server[126089]: Object replication complete. (0.00 minutes)
Jun 10 08:41:00 np0000069408 container-server[125654]: Beginning replication run
Jun 10 08:41:00 np0000069408 container-server[125654]: Replication run OVER
Jun 10 08:41:00 np0000069408 container-server[125654]: Attempted to replicate 0 dbs in 0.00174 seconds (0.00000/s)
Jun 10 08:41:00 np0000069408 container-server[125654]: Removed 0 dbs
Jun 10 08:41:00 np0000069408 container-server[125654]: 0 successes, 0 failures
Jun 10 08:41:00 np0000069408 container-server[125654]: diff:0 diff_capped:0 empty:0 hashmatch:0 no_change:0 remote_merge:0 rsync:0 ts_repl:0
Jun 10 08:41:02 np0000069408 object-server[214984]: Begin object audit "forever" mode (ZBF)
Jun 10 08:41:02 np0000069408 object-server[214984]: Object audit (ZBF) "forever" mode completed: 0.00s. Total quarantined: 0, Total errors: 0, Total files/sec: 0.00, Total bytes/sec: 0.00, Auditing time: 0.00, Rate: 0.00
Jun 10 08:41:11 np0000069408 account-server[125770]: 172.20.0.103 - - [10/Jun/2026:08:41:11 +0000] "HEAD /d1/422/AUTH_30b7e0a215454ce0afeddd89cbf7c5dd" 404 - "HEAD http://172.18.0.190:8080/v1/AUTH_30b7e0a215454ce0afeddd89cbf7c5dd?format=json" "tx86673f071edf4f94a4dd7-006a292327" "proxy-server 20" 0.0008 "-" 17 -
Jun 10 08:41:11 np0000069408 proxy-server[127754]: - - 10/Jun/2026/08/41/11 HEAD /v1/AUTH_30b7e0a215454ce0afeddd89cbf7c5dd%3Fformat%3Djson HTTP/1.0 200 - Swift - - - - tx86673f071edf4f94a4dd7-006a292327 - 0.0269 RL - 1781080871.156424046 1781080871.183320761 -
Jun 10 08:41:11 np0000069408 object-server[126409]: 172.20.0.103 - - [10/Jun/2026:08:41:11 +0000] "GET /d1/634/AUTH_30b7e0a215454ce0afeddd89cbf7c5dd/gnocchi.01c02913-9329-40e9-88de-54b3b9d567c2/none_v3" 404 70 "GET http://172.18.0.190:8080/v1/AUTH_30b7e0a215454ce0afeddd89cbf7c5dd/gnocchi.01c02913-9329-40e9-88de-54b3b9d567c2/none_v3" "tx86673f071edf4f94a4dd7-006a292327" "proxy-server 20" 0.0011 "-" 24 0
Jun 10 08:41:11 np0000069408 proxy-server[127754]: 172.18.0.103 172.18.0.104 10/Jun/2026/08/41/11 GET /v1/AUTH_30b7e0a215454ce0afeddd89cbf7c5dd/gnocchi.01c02913-9329-40e9-88de-54b3b9d567c2/none_v3 HTTP/1.0 404 - python-swiftclient-3.11.1 gAAAAABqKSMnQkw3... - 70 - tx86673f071edf4f94a4dd7-006a292327 - 0.5227 - - 1781080871.150758982 1781080871.673486233 0
Jun 10 08:41:11 np0000069408 account-server[125746]: 172.20.0.104 - - [10/Jun/2026:08:41:11 +0000] "PUT /d1/422/AUTH_30b7e0a215454ce0afeddd89cbf7c5dd" 201 - "-" "tx3830870b23bb4b8ea0cb5-006a292327" "-" 0.0237 "-" 14 -
Jun 10 08:41:11 np0000069408 account-server[125746]: 172.20.0.105 - - [10/Jun/2026:08:41:11 +0000] "PUT /d1/422/AUTH_30b7e0a215454ce0afeddd89cbf7c5dd/gnocchi.01c02913-9329-40e9-88de-54b3b9d567c2" 201 - "PUT http://172.20.0.105:6001/d1/207/AUTH_30b7e0a215454ce0afeddd89cbf7c5dd/gnocchi.01c02913-9329-40e9-88de-54b3b9d567c2" "tx3830870b23bb4b8ea0cb5-006a292327" "container-server 20" 0.0011 "-" 14 0
Jun 10 08:41:11 np0000069408 container-server[126039]: 172.20.0.104 - - [10/Jun/2026:08:41:11 +0000] "PUT /d1/207/AUTH_30b7e0a215454ce0afeddd89cbf7c5dd/gnocchi.01c02913-9329-40e9-88de-54b3b9d567c2" 201 - "PUT http://172.18.0.190:8080/v1/AUTH_30b7e0a215454ce0afeddd89cbf7c5dd/gnocchi.01c02913-9329-40e9-88de-54b3b9d567c2" "tx3830870b23bb4b8ea0cb5-006a292327" "proxy-server 12" 0.0201 "-" 20 0
Jun 10 08:41:11 np0000069408 container-server[126059]: 172.20.0.105 - - [10/Jun/2026:08:41:11 +0000] "HEAD /d1/207/AUTH_30b7e0a215454ce0afeddd89cbf7c5dd/gnocchi.01c02913-9329-40e9-88de-54b3b9d567c2" 204 - "HEAD http://172.18.0.190:8080/v1/AUTH_30b7e0a215454ce0afeddd89cbf7c5dd/gnocchi.01c02913-9329-40e9-88de-54b3b9d567c2?format=json&states=listing" "txc7c050f12592436ab00e1-006a292327" "proxy-server 20" 0.0034 "-" 23 0
Jun 10 08:41:11 np0000069408 object-server[126405]: 172.20.0.103 - - [10/Jun/2026:08:41:11 +0000] "GET /d1/691/AUTH_30b7e0a215454ce0afeddd89cbf7c5dd/gnocchi.01c02913-9329-40e9-88de-54b3b9d567c2/1780920000.0_mean_300.0_v3" 404 70 "GET http://172.18.0.190:8080/v1/AUTH_30b7e0a215454ce0afeddd89cbf7c5dd/gnocchi.01c02913-9329-40e9-88de-54b3b9d567c2/1780920000.0_mean_300.0_v3" "tx5fab41946552417682403-006a292327" "proxy-server 20" 0.0006 "-" 22 0
Jun 10 08:41:11 np0000069408 proxy-server[127754]: 172.18.0.103 172.18.0.104 10/Jun/2026/08/41/11 GET /v1/AUTH_30b7e0a215454ce0afeddd89cbf7c5dd/gnocchi.01c02913-9329-40e9-88de-54b3b9d567c2/1780920000.0_mean_300.0_v3 HTTP/1.0 404 - python-swiftclient-3.11.1 gAAAAABqKSMnQkw3... - 70 - tx5fab41946552417682403-006a292327 - 0.0166 - - 1781080871.807001829 1781080871.823582411 0
Jun 10 08:41:11 np0000069408 object-server[126405]: 172.20.0.104 - - [10/Jun/2026:08:41:11 +0000] "PUT /d1/691/AUTH_30b7e0a215454ce0afeddd89cbf7c5dd/gnocchi.01c02913-9329-40e9-88de-54b3b9d567c2/1780920000.0_mean_300.0_v3" 201 - "PUT http://172.18.0.190:8080/v1/AUTH_30b7e0a215454ce0afeddd89cbf7c5dd/gnocchi.01c02913-9329-40e9-88de-54b3b9d567c2/1780920000.0_mean_300.0_v3" "tx23ae34979ec04c609adcf-006a292327" "proxy-server 12" 0.0360 "-" 22 0
Jun 10 08:41:11 np0000069408 container-server[126048]: 172.20.0.104 - - [10/Jun/2026:08:41:11 +0000] "PUT /d1/207/AUTH_30b7e0a215454ce0afeddd89cbf7c5dd/gnocchi.01c02913-9329-40e9-88de-54b3b9d567c2/1780920000.0_mean_300.0_v3" 201 - "PUT http://172.18.0.190:8080/d1/691/AUTH_30b7e0a215454ce0afeddd89cbf7c5dd/gnocchi.01c02913-9329-40e9-88de-54b3b9d567c2/1780920000.0_mean_300.0_v3" "tx23ae34979ec04c609adcf-006a292327" "object-server 25" 0.0015 "-" 21 0
Jun 10 08:41:11 np0000069408 object-server[126406]: 172.20.0.105 - - [10/Jun/2026:08:41:11 +0000] "PUT /d1/634/AUTH_30b7e0a215454ce0afeddd89cbf7c5dd/gnocchi.01c02913-9329-40e9-88de-54b3b9d567c2/none_v3" 201 - "PUT http://172.18.0.190:8080/v1/AUTH_30b7e0a215454ce0afeddd89cbf7c5dd/gnocchi.01c02913-9329-40e9-88de-54b3b9d567c2/none_v3" "tx9a706e89151b4df1b7d4e-006a292327" "proxy-server 20" 0.0321 "-" 23 0
Jun 10 08:41:11 np0000069408 container-server[126059]: 172.20.0.104 - - [10/Jun/2026:08:41:11 +0000] "PUT /d1/207/AUTH_30b7e0a215454ce0afeddd89cbf7c5dd/gnocchi.01c02913-9329-40e9-88de-54b3b9d567c2/none_v3" 201 - "PUT http://172.18.0.190:8080/d1/634/AUTH_30b7e0a215454ce0afeddd89cbf7c5dd/gnocchi.01c02913-9329-40e9-88de-54b3b9d567c2/none_v3" "tx9a706e89151b4df1b7d4e-006a292327" "object-server 24" 0.0009 "-" 23 0
Jun 10 08:41:20 np0000069408 account-server[125492]: Beginning replication run
Jun 10 08:41:20 np0000069408 account-server[125492]: Replication run OVER
Jun 10 08:41:20 np0000069408 account-server[125492]: Attempted to replicate 1 dbs in 0.04709 seconds (21.23468/s)
Jun 10 08:41:20 np0000069408 account-server[125492]: Removed 0 dbs
Jun 10 08:41:20 np0000069408 account-server[125492]: 2 successes, 0 failures
Jun 10 08:41:20 np0000069408 account-server[125492]: diff:0 diff_capped:0 empty:0 hashmatch:0 no_change:2 remote_merge:0 rsync:0 ts_repl:0
Jun 10 08:41:30 np0000069408 object-server[126089]: Starting object replication pass.
Jun 10 08:41:30 np0000069408 container-server[125654]: Beginning replication run
Jun 10 08:41:31 np0000069408 container-server[125654]: Replication run OVER
Jun 10 08:41:31 np0000069408 container-server[125654]: Attempted to replicate 1 dbs in 0.32751 seconds (3.05331/s)
Jun 10 08:41:31 np0000069408 container-server[125654]: Removed 0 dbs
Jun 10 08:41:31 np0000069408 container-server[125654]: 2 successes, 0 failures
Jun 10 08:41:31 np0000069408 container-server[125654]: diff:0 diff_capped:0 empty:0 hashmatch:0 no_change:2 remote_merge:0 rsync:0 ts_repl:0
Jun 10 08:41:31 np0000069408 object-server[126089]: 2/2 (100.00%) partitions replicated in 0.56s (3.58/sec, 0s remaining)
Jun 10 08:41:31 np0000069408 object-server[126089]: 4 successes, 0 failures
Jun 10 08:41:31 np0000069408 object-server[126089]: 2 suffixes checked - 0.00% hashed, 0.00% synced
Jun 10 08:41:31 np0000069408 object-server[126089]: Partition times: max 0.5426s, min 0.0093s, med 0.5426s
Jun 10 08:41:31 np0000069408 object-server[126089]: Object replication complete. (0.01 minutes)
Jun 10 08:41:32 np0000069408 object-server[220981]: Begin object audit "forever" mode (ALL)
Jun 10 08:41:32 np0000069408 object-server[220980]: Begin object audit "forever" mode (ZBF)
Jun 10 08:41:32 np0000069408 object-server[220980]: Object audit (ZBF). Since Wed Jun 10 08:41:32 2026: Locally: 1 passed, 0 quarantined, 0 errors, files/sec: 461.42, bytes/sec: 0.00, Total time: 0.00, Auditing time: 0.00, Rate: 0.00
Jun 10 08:41:32 np0000069408 object-server[220980]: Object audit (ZBF) "forever" mode completed: 0.01s. Total quarantined: 0, Total errors: 0, Total files/sec: 347.27, Total bytes/sec: 0.00, Auditing time: 0.00, Rate: 0.25
Jun 10 08:41:32 np0000069408 object-server[220981]: Object audit (ALL). Since Wed Jun 10 08:41:32 2026: Locally: 1 passed, 0 quarantined, 0 errors, files/sec: 103.71, bytes/sec: 1659.34, Total time: 0.01, Auditing time: 0.00, Rate: 0.00
Jun 10 08:41:32 np0000069408 object-server[220981]: Object audit (ALL) "forever" mode completed: 0.01s. Total quarantined: 0, Total errors: 0, Total files/sec: 152.17, Total bytes/sec: 2891.15, Auditing time: 0.01, Rate: 0.73
Jun 10 08:41:41 np0000069408 proxy-server[127754]: 172.18.0.105 172.18.0.104 10/Jun/2026/08/41/41 GET /v1/AUTH_30b7e0a215454ce0afeddd89cbf7c5dd/gnocchi.01c02913-9329-40e9-88de-54b3b9d567c2/none_v3 HTTP/1.0 200 - python-swiftclient-3.11.1 gAAAAABqKSNF4jTp... - 22 - txf9ccccbdd4f447eb9e0a9-006a292345 - 0.1159 - - 1781080901.381597042 1781080901.497451544 0
Jun 10 08:41:41 np0000069408 object-server[126409]: 172.20.0.103 - - [10/Jun/2026:08:41:41 +0000] "GET /d1/691/AUTH_30b7e0a215454ce0afeddd89cbf7c5dd/gnocchi.01c02913-9329-40e9-88de-54b3b9d567c2/1780920000.0_mean_300.0_v3" 200 16 "GET http://172.18.0.190:8080/v1/AUTH_30b7e0a215454ce0afeddd89cbf7c5dd/gnocchi.01c02913-9329-40e9-88de-54b3b9d567c2/1780920000.0_mean_300.0_v3" "tx87663917bfd9475abebf7-006a292345" "proxy-server 20" 0.0010 "-" 24 0
Jun 10 08:41:41 np0000069408 proxy-server[127754]: 172.18.0.105 172.18.0.104 10/Jun/2026/08/41/41 GET /v1/AUTH_30b7e0a215454ce0afeddd89cbf7c5dd/gnocchi.01c02913-9329-40e9-88de-54b3b9d567c2/1780920000.0_mean_300.0_v3 HTTP/1.0 200 - python-swiftclient-3.11.1 gAAAAABqKSNF4jTp... - 16 - tx87663917bfd9475abebf7-006a292345 - 0.0147 - - 1781080901.547845840 1781080901.562515736 0
Jun 10 08:41:41 np0000069408 object-server[126409]: 172.20.0.104 - - [10/Jun/2026:08:41:41 +0000] "PUT /d1/691/AUTH_30b7e0a215454ce0afeddd89cbf7c5dd/gnocchi.01c02913-9329-40e9-88de-54b3b9d567c2/1780920000.0_mean_300.0_v3" 201 - "PUT http://172.18.0.190:8080/v1/AUTH_30b7e0a215454ce0afeddd89cbf7c5dd/gnocchi.01c02913-9329-40e9-88de-54b3b9d567c2/1780920000.0_mean_300.0_v3" "tx6acd03661685419392132-006a292345" "proxy-server 12" 0.0186 "-" 24 0
Jun 10 08:41:41 np0000069408 container-server[126057]: 172.20.0.105 - - [10/Jun/2026:08:41:41 +0000] "PUT /d1/207/AUTH_30b7e0a215454ce0afeddd89cbf7c5dd/gnocchi.01c02913-9329-40e9-88de-54b3b9d567c2/1780920000.0_mean_300.0_v3" 201 - "PUT http://172.18.0.190:8080/d1/691/AUTH_30b7e0a215454ce0afeddd89cbf7c5dd/gnocchi.01c02913-9329-40e9-88de-54b3b9d567c2/1780920000.0_mean_300.0_v3" "tx6acd03661685419392132-006a292345" "object-server 24" 0.0014 "-" 22 0
Jun 10 08:41:41 np0000069408 container-server[126039]: 172.20.0.105 - - [10/Jun/2026:08:41:41 +0000] "PUT /d1/207/AUTH_30b7e0a215454ce0afeddd89cbf7c5dd/gnocchi.01c02913-9329-40e9-88de-54b3b9d567c2/none_v3" 201 - "PUT http://172.18.0.190:8080/d1/634/AUTH_30b7e0a215454ce0afeddd89cbf7c5dd/gnocchi.01c02913-9329-40e9-88de-54b3b9d567c2/none_v3" "txe39cb067bd414339b47c0-006a292345" "object-server 22" 0.0007 "-" 20 0
Jun 10 08:41:41 np0000069408 object-server[126412]: 172.20.0.105 - - [10/Jun/2026:08:41:41 +0000] "PUT /d1/634/AUTH_30b7e0a215454ce0afeddd89cbf7c5dd/gnocchi.01c02913-9329-40e9-88de-54b3b9d567c2/none_v3" 201 - "PUT http://172.18.0.190:8080/v1/AUTH_30b7e0a215454ce0afeddd89cbf7c5dd/gnocchi.01c02913-9329-40e9-88de-54b3b9d567c2/none_v3" "txe39cb067bd414339b47c0-006a292345" "proxy-server 20" 0.0314 "-" 25 0
Jun 10 08:41:50 np0000069408 account-server[125492]: Beginning replication run
Jun 10 08:41:50 np0000069408 account-server[125492]: Replication run OVER
Jun 10 08:41:50 np0000069408 account-server[125492]: Attempted to replicate 1 dbs in 0.01403 seconds (71.28755/s)
Jun 10 08:41:50 np0000069408 account-server[125492]: Removed 0 dbs
Jun 10 08:41:50 np0000069408 account-server[125492]: 2 successes, 0 failures
Jun 10 08:41:50 np0000069408 account-server[125492]: diff:0 diff_capped:0 empty:0 hashmatch:0 no_change:2 remote_merge:0 rsync:0 ts_repl:0
Jun 10 08:41:56 np0000069408 account-server[125746]: 172.20.0.105 - - [10/Jun/2026:08:41:56 +0000] "HEAD /d1/791/.expiring_objects" 404 - "HEAD http://localhost/v1/.expiring_objects?format=json" "txbc2c5bf528454e1598769-006a292354" "proxy-server 2" 0.0005 "-" 14 -
Jun 10 08:42:00 np0000069408 container-server[125654]: Beginning replication run
Jun 10 08:42:00 np0000069408 container-server[125654]: Replication run OVER
Jun 10 08:42:00 np0000069408 container-server[125654]: Attempted to replicate 1 dbs in 0.03624 seconds (27.59457/s)
Jun 10 08:42:00 np0000069408 container-server[125654]: Removed 0 dbs
Jun 10 08:42:00 np0000069408 container-server[125654]: 2 successes, 0 failures
Jun 10 08:42:00 np0000069408 container-server[125654]: diff:0 diff_capped:0 empty:0 hashmatch:0 no_change:2 remote_merge:0 rsync:0 ts_repl:0
Jun 10 08:42:01 np0000069408 object-server[126089]: Starting object replication pass.
Jun 10 08:42:01 np0000069408 object-server[126089]: 2/2 (100.00%) partitions replicated in 0.03s (72.61/sec, 0s remaining)
Jun 10 08:42:01 np0000069408 object-server[126089]: 4 successes, 0 failures
Jun 10 08:42:01 np0000069408 object-server[126089]: 2 suffixes checked - 0.00% hashed, 0.00% synced
Jun 10 08:42:01 np0000069408 object-server[126089]: Partition times: max 0.0150s, min 0.0090s, med 0.0150s
Jun 10 08:42:01 np0000069408 object-server[126089]: Object replication complete. (0.00 minutes)
Jun 10 08:42:02 np0000069408 object-server[224046]: Begin object audit "forever" mode (ZBF)
Jun 10 08:42:02 np0000069408 object-server[224046]: Object audit (ZBF). Since Wed Jun 10 08:42:02 2026: Locally: 1 passed, 0 quarantined, 0 errors, files/sec: 701.74, bytes/sec: 0.00, Total time: 0.00, Auditing time: 0.00, Rate: 0.00
Jun 10 08:42:02 np0000069408 object-server[224046]: Object audit (ZBF) "forever" mode completed: 0.00s. Total quarantined: 0, Total errors: 0, Total files/sec: 560.89, Total bytes/sec: 0.00, Auditing time: 0.00, Rate: 0.28
Jun 10 08:42:02 np0000069408 object-server[224047]: Begin object audit "forever" mode (ALL)
Jun 10 08:42:02 np0000069408 object-server[224047]: Object audit (ALL). Since Wed Jun 10 08:42:02 2026: Locally: 1 passed, 0 quarantined, 0 errors, files/sec: 112.64, bytes/sec: 1802.26, Total time: 0.01, Auditing time: 0.00, Rate: 0.00
Jun 10 08:42:02 np0000069408 object-server[224047]: Object audit (ALL) "forever" mode completed: 0.01s. Total quarantined: 0, Total errors: 0, Total files/sec: 142.80, Total bytes/sec: 3427.30, Auditing time: 0.01, Rate: 0.66
Jun 10 08:42:16 np0000069408 account-server[125746]: 172.20.0.103 - - [10/Jun/2026:08:42:16 +0000] "HEAD /d1/422/AUTH_30b7e0a215454ce0afeddd89cbf7c5dd" 204 - "HEAD http://172.18.0.190:8080/v1/AUTH_30b7e0a215454ce0afeddd89cbf7c5dd?format=json" "tx0ce31349ae6d482f9df1f-006a292368" "proxy-server 20" 0.0026 "-" 14 -
Jun 10 08:42:16 np0000069408 account-server[125759]: 172.20.0.104 - - [10/Jun/2026:08:42:16 +0000] "HEAD /d1/422/AUTH_30b7e0a215454ce0afeddd89cbf7c5dd" 204 - "HEAD http://172.18.0.190:8080/v1/AUTH_30b7e0a215454ce0afeddd89cbf7c5dd?format=json" "txfd2ed061c35440498c01e-006a292368" "proxy-server 12" 0.0043 "-" 16 -
Jun 10 08:42:16 np0000069408 proxy-server[127754]: - - 10/Jun/2026/08/42/16 HEAD /v1/AUTH_30b7e0a215454ce0afeddd89cbf7c5dd%3Fformat%3Djson HTTP/1.0 204 - Swift - - - - tx0ce31349ae6d482f9df1f-006a292368 - 0.0101 RL - 1781080936.619314909 1781080936.629431486 -
Jun 10 08:42:16 np0000069408 container-server[126039]: 172.20.0.104 - - [10/Jun/2026:08:42:16 +0000] "HEAD /d1/988/AUTH_30b7e0a215454ce0afeddd89cbf7c5dd/gnocchi.ecf42cf2-d6da-4269-853f-1bf7bbc93d03" 404 - "HEAD http://172.18.0.190:8080/v1/AUTH_30b7e0a215454ce0afeddd89cbf7c5dd/gnocchi.ecf42cf2-d6da-4269-853f-1bf7bbc93d03?format=json&states=listing" "txfd2ed061c35440498c01e-006a292368" "proxy-server 12" 0.0014 "-" 20 0
Jun 10 08:42:16 np0000069408 container-server[126048]: 172.20.0.103 - - [10/Jun/2026:08:42:16 +0000] "HEAD /d1/670/AUTH_30b7e0a215454ce0afeddd89cbf7c5dd/gnocchi.3f14beca-06e7-4f84-af97-173eab313356" 404 - "HEAD http://172.18.0.190:8080/v1/AUTH_30b7e0a215454ce0afeddd89cbf7c5dd/gnocchi.3f14beca-06e7-4f84-af97-173eab313356?format=json&states=listing" "tx0ce31349ae6d482f9df1f-006a292368" "proxy-server 20" 0.0011 "-" 21 0
Jun 10 08:42:16 np0000069408 object-server[126405]: 172.20.0.104 - - [10/Jun/2026:08:42:16 +0000] "GET /d1/841/AUTH_30b7e0a215454ce0afeddd89cbf7c5dd/gnocchi.ecf42cf2-d6da-4269-853f-1bf7bbc93d03/none_v3" 404 70 "GET http://172.18.0.190:8080/v1/AUTH_30b7e0a215454ce0afeddd89cbf7c5dd/gnocchi.ecf42cf2-d6da-4269-853f-1bf7bbc93d03/none_v3" "txfd2ed061c35440498c01e-006a292368" "proxy-server 12" 0.0006 "-" 22 0
Jun 10 08:42:16 np0000069408 object-server[126406]: 172.20.0.103 - - [10/Jun/2026:08:42:16 +0000] "GET /d1/498/AUTH_30b7e0a215454ce0afeddd89cbf7c5dd/gnocchi.3f14beca-06e7-4f84-af97-173eab313356/none_v3" 404 70 "GET http://172.18.0.190:8080/v1/AUTH_30b7e0a215454ce0afeddd89cbf7c5dd/gnocchi.3f14beca-06e7-4f84-af97-173eab313356/none_v3" "tx0ce31349ae6d482f9df1f-006a292368" "proxy-server 20" 0.0007 "-" 23 0
Jun 10 08:42:16 np0000069408 proxy-server[127754]: 172.18.0.103 172.18.0.104 10/Jun/2026/08/42/16 GET /v1/AUTH_30b7e0a215454ce0afeddd89cbf7c5dd/gnocchi.3f14beca-06e7-4f84-af97-173eab313356/none_v3 HTTP/1.0 404 - python-swiftclient-3.11.1 gAAAAABqKSMnQkw3... - 70 - tx0ce31349ae6d482f9df1f-006a292368 - 0.0541 - - 1781080936.617844820 1781080936.671982288 0
Jun 10 08:42:16 np0000069408 account-server[125770]: 172.20.0.103 - - [10/Jun/2026:08:42:16 +0000] "PUT /d1/422/AUTH_30b7e0a215454ce0afeddd89cbf7c5dd/gnocchi.ecf42cf2-d6da-4269-853f-1bf7bbc93d03" 201 - "PUT http://172.20.0.103:6001/d1/988/AUTH_30b7e0a215454ce0afeddd89cbf7c5dd/gnocchi.ecf42cf2-d6da-4269-853f-1bf7bbc93d03" "tx1cc09f21377b4860822c0-006a292368" "container-server 21" 0.0020 "-" 17 0
Jun 10 08:42:16 np0000069408 container-server[126048]: 172.20.0.105 - - [10/Jun/2026:08:42:16 +0000] "PUT /d1/988/AUTH_30b7e0a215454ce0afeddd89cbf7c5dd/gnocchi.ecf42cf2-d6da-4269-853f-1bf7bbc93d03" 201 - "PUT http://172.18.0.190:8080/v1/AUTH_30b7e0a215454ce0afeddd89cbf7c5dd/gnocchi.ecf42cf2-d6da-4269-853f-1bf7bbc93d03" "tx1cc09f21377b4860822c0-006a292368" "proxy-server 20" 0.0207 "-" 21 0
Jun 10 08:42:16 np0000069408 account-server[125746]: 172.20.0.104 - - [10/Jun/2026:08:42:16 +0000] "PUT /d1/422/AUTH_30b7e0a215454ce0afeddd89cbf7c5dd/gnocchi.3f14beca-06e7-4f84-af97-173eab313356" 201 - "PUT http://172.20.0.104:6001/d1/670/AUTH_30b7e0a215454ce0afeddd89cbf7c5dd/gnocchi.3f14beca-06e7-4f84-af97-173eab313356" "txe7dd188ce350442da92bf-006a292368" "container-server 21" 0.0068 "-" 14 0
Jun 10 08:42:16 np0000069408 container-server[126057]: 172.20.0.104 - - [10/Jun/2026:08:42:16 +0000] "PUT /d1/670/AUTH_30b7e0a215454ce0afeddd89cbf7c5dd/gnocchi.3f14beca-06e7-4f84-af97-173eab313356" 201 - "PUT http://172.18.0.190:8080/v1/AUTH_30b7e0a215454ce0afeddd89cbf7c5dd/gnocchi.3f14beca-06e7-4f84-af97-173eab313356" "txe7dd188ce350442da92bf-006a292368" "proxy-server 12" 0.0275 "-" 22 0
Jun 10 08:42:16 np0000069408 proxy-server[127754]: - - 10/Jun/2026/08/42/16 HEAD /v1/AUTH_30b7e0a215454ce0afeddd89cbf7c5dd/gnocchi.ecf42cf2-d6da-4269-853f-1bf7bbc93d03%3Fformat%3Djson%26states%3Dlisting HTTP/1.0 204 - Swift - - - - tx579390d4954a4abdb4689-006a292368 - 0.0100 RL - 1781080936.717278957 1781080936.727238655 0
Jun 10 08:42:16 np0000069408 container-server[126057]: 172.20.0.103 - - [10/Jun/2026:08:42:16 +0000] "GET /d1/988/AUTH_30b7e0a215454ce0afeddd89cbf7c5dd/gnocchi.ecf42cf2-d6da-4269-853f-1bf7bbc93d03" 200 2 "GET http://172.18.0.190:8080/v1/AUTH_30b7e0a215454ce0afeddd89cbf7c5dd/gnocchi.ecf42cf2-d6da-4269-853f-1bf7bbc93d03?format=json&states=listing" "tx579390d4954a4abdb4689-006a292368" "proxy-server 20" 0.0045 "-" 22 0
Jun 10 08:42:16 np0000069408 proxy-server[127754]: 172.18.0.105 172.18.0.104 10/Jun/2026/08/42/16 GET /v1/AUTH_30b7e0a215454ce0afeddd89cbf7c5dd/gnocchi.ecf42cf2-d6da-4269-853f-1bf7bbc93d03%3Fformat%3Djson%26states%3Dlisting HTTP/1.0 200 - python-swiftclient-3.11.1 gAAAAABqKSNF4jTp... - 2 - tx579390d4954a4abdb4689-006a292368 - 0.0294 - - 1781080936.714131594 1781080936.743483067 0
Jun 10 08:42:16 np0000069408 object-server[126405]: 172.20.0.104 - - [10/Jun/2026:08:42:16 +0000] "GET /d1/629/AUTH_30b7e0a215454ce0afeddd89cbf7c5dd/gnocchi.ecf42cf2-d6da-4269-853f-1bf7bbc93d03/1780920000.0_mean_300.0_v3" 404 70 "GET http://172.18.0.190:8080/v1/AUTH_30b7e0a215454ce0afeddd89cbf7c5dd/gnocchi.ecf42cf2-d6da-4269-853f-1bf7bbc93d03/1780920000.0_mean_300.0_v3" "tx86494619e66e46c685996-006a292368" "proxy-server 12" 0.0005 "-" 22 0
Jun 10 08:42:16 np0000069408 object-server[126405]: 172.20.0.103 - - [10/Jun/2026:08:42:16 +0000] "GET /d1/479/AUTH_30b7e0a215454ce0afeddd89cbf7c5dd/gnocchi.3f14beca-06e7-4f84-af97-173eab313356/1780920000.0_mean_300.0_v3" 404 70 "GET http://172.18.0.190:8080/v1/AUTH_30b7e0a215454ce0afeddd89cbf7c5dd/gnocchi.3f14beca-06e7-4f84-af97-173eab313356/1780920000.0_mean_300.0_v3" "tx0339de28c5b341fd94742-006a292368" "proxy-server 20" 0.0004 "-" 22 0
Jun 10 08:42:16 np0000069408 proxy-server[127754]: 172.18.0.103 172.18.0.104 10/Jun/2026/08/42/16 GET /v1/AUTH_30b7e0a215454ce0afeddd89cbf7c5dd/gnocchi.3f14beca-06e7-4f84-af97-173eab313356/1780920000.0_mean_300.0_v3 HTTP/1.0 404 - python-swiftclient-3.11.1 gAAAAABqKSMnQkw3... - 70 - tx0339de28c5b341fd94742-006a292368 - 0.0212 - - 1781080936.752712250 1781080936.773927689 0
Jun 10 08:42:16 np0000069408 object-server[126412]: 172.20.0.105 - - [10/Jun/2026:08:42:16 +0000] "PUT /d1/629/AUTH_30b7e0a215454ce0afeddd89cbf7c5dd/gnocchi.ecf42cf2-d6da-4269-853f-1bf7bbc93d03/1780920000.0_mean_300.0_v3" 201 - "PUT http://172.18.0.190:8080/v1/AUTH_30b7e0a215454ce0afeddd89cbf7c5dd/gnocchi.ecf42cf2-d6da-4269-853f-1bf7bbc93d03/1780920000.0_mean_300.0_v3" "tx691abdc3ece14a35868a8-006a292368" "proxy-server 20" 0.0225 "-" 25 0
Jun 10 08:42:16 np0000069408 container-server[126057]: 172.20.0.104 - - [10/Jun/2026:08:42:16 +0000] "PUT /d1/670/AUTH_30b7e0a215454ce0afeddd89cbf7c5dd/gnocchi.3f14beca-06e7-4f84-af97-173eab313356/1780920000.0_mean_300.0_v3" 201 - "PUT http://172.18.0.190:8080/d1/479/AUTH_30b7e0a215454ce0afeddd89cbf7c5dd/gnocchi.3f14beca-06e7-4f84-af97-173eab313356/1780920000.0_mean_300.0_v3" "tx096091effd24416b8208c-006a292368" "object-server 23" 0.0008 "-" 22 0
Jun 10 08:42:16 np0000069408 object-server[126406]: 172.20.0.104 - - [10/Jun/2026:08:42:16 +0000] "PUT /d1/479/AUTH_30b7e0a215454ce0afeddd89cbf7c5dd/gnocchi.3f14beca-06e7-4f84-af97-173eab313356/1780920000.0_mean_300.0_v3" 201 - "PUT http://172.18.0.190:8080/v1/AUTH_30b7e0a215454ce0afeddd89cbf7c5dd/gnocchi.3f14beca-06e7-4f84-af97-173eab313356/1780920000.0_mean_300.0_v3" "tx096091effd24416b8208c-006a292368" "proxy-server 12" 0.0203 "-" 23 0
Jun 10 08:42:16 np0000069408 container-server[126059]: 172.20.0.105 - - [10/Jun/2026:08:42:16 +0000] "PUT /d1/988/AUTH_30b7e0a215454ce0afeddd89cbf7c5dd/gnocchi.ecf42cf2-d6da-4269-853f-1bf7bbc93d03/1780920000.0_mean_300.0_v3" 201 - "PUT http://172.18.0.190:8080/d1/629/AUTH_30b7e0a215454ce0afeddd89cbf7c5dd/gnocchi.ecf42cf2-d6da-4269-853f-1bf7bbc93d03/1780920000.0_mean_300.0_v3" "tx691abdc3ece14a35868a8-006a292368" "object-server 25" 0.0009 "-" 23 0
Jun 10 08:42:16 np0000069408 container-server[126048]: 172.20.0.105 - - [10/Jun/2026:08:42:16 +0000] "PUT /d1/988/AUTH_30b7e0a215454ce0afeddd89cbf7c5dd/gnocchi.ecf42cf2-d6da-4269-853f-1bf7bbc93d03/none_v3" 201 - "PUT http://172.18.0.190:8080/d1/841/AUTH_30b7e0a215454ce0afeddd89cbf7c5dd/gnocchi.ecf42cf2-d6da-4269-853f-1bf7bbc93d03/none_v3" "txf68f67b0cbcc4b6d8d9f3-006a292368" "object-server 23" 0.0007 "-" 21 0
Jun 10 08:42:16 np0000069408 container-server[126057]: 172.20.0.104 - - [10/Jun/2026:08:42:16 +0000] "PUT /d1/670/AUTH_30b7e0a215454ce0afeddd89cbf7c5dd/gnocchi.3f14beca-06e7-4f84-af97-173eab313356/none_v3" 201 - "PUT http://172.18.0.190:8080/d1/498/AUTH_30b7e0a215454ce0afeddd89cbf7c5dd/gnocchi.3f14beca-06e7-4f84-af97-173eab313356/none_v3" "tx52741c66b0ed4e1e8520a-006a292368" "object-server 23" 0.0009 "-" 22 0
Jun 10 08:42:16 np0000069408 object-server[126405]: 172.20.0.103 - - [10/Jun/2026:08:42:16 +0000] "PUT /d1/498/AUTH_30b7e0a215454ce0afeddd89cbf7c5dd/gnocchi.3f14beca-06e7-4f84-af97-173eab313356/none_v3" 201 - "PUT http://172.18.0.190:8080/v1/AUTH_30b7e0a215454ce0afeddd89cbf7c5dd/gnocchi.3f14beca-06e7-4f84-af97-173eab313356/none_v3" "tx52741c66b0ed4e1e8520a-006a292368" "proxy-server 20" 0.0143 "-" 22 0
Jun 10 08:42:16 np0000069408 object-server[126405]: 172.20.0.104 - - [10/Jun/2026:08:42:16 +0000] "PUT /d1/841/AUTH_30b7e0a215454ce0afeddd89cbf7c5dd/gnocchi.ecf42cf2-d6da-4269-853f-1bf7bbc93d03/none_v3" 201 - "PUT http://172.18.0.190:8080/v1/AUTH_30b7e0a215454ce0afeddd89cbf7c5dd/gnocchi.ecf42cf2-d6da-4269-853f-1bf7bbc93d03/none_v3" "txf68f67b0cbcc4b6d8d9f3-006a292368" "proxy-server 12" 0.0186 "-" 22 0
Jun 10 08:42:16 np0000069408 proxy-server[127754]: 172.18.0.103 172.18.0.104 10/Jun/2026/08/42/16 PUT /v1/AUTH_30b7e0a215454ce0afeddd89cbf7c5dd/gnocchi.3f14beca-06e7-4f84-af97-173eab313356/none_v3 HTTP/1.0 201 - python-swiftclient-3.11.1 gAAAAABqKSMnQkw3... 22 - - tx52741c66b0ed4e1e8520a-006a292368 - 0.0290 - - 1781080936.821323872 1781080936.850368261 0
Jun 10 08:42:20 np0000069408 account-server[125492]: Beginning replication run
Jun 10 08:42:20 np0000069408 account-server[125492]: Replication run OVER
Jun 10 08:42:20 np0000069408 account-server[125492]: Attempted to replicate 1 dbs in 0.04084 seconds (24.48465/s)
Jun 10 08:42:20 np0000069408 account-server[125492]: Removed 0 dbs
Jun 10 08:42:20 np0000069408 account-server[125492]: 2 successes, 0 failures
Jun 10 08:42:20 np0000069408 account-server[125492]: diff:0 diff_capped:0 empty:0 hashmatch:0 no_change:2 remote_merge:0 rsync:0 ts_repl:0
Jun 10 08:42:25 np0000069408 container-server[126059]: 172.20.0.104 - - [10/Jun/2026:08:42:25 +0000] "HEAD /d1/788/AUTH_30b7e0a215454ce0afeddd89cbf7c5dd/gnocchi.70de3730-df8d-4474-bbc7-f9dfd9698dce" 404 - "HEAD http://172.18.0.190:8080/v1/AUTH_30b7e0a215454ce0afeddd89cbf7c5dd/gnocchi.70de3730-df8d-4474-bbc7-f9dfd9698dce?format=json&states=listing" "txd415eeaa7a1e44ed8b89a-006a292371" "proxy-server 12" 0.0007 "-" 23 0
Jun 10 08:42:25 np0000069408 container-server[126048]: 172.20.0.105 - - [10/Jun/2026:08:42:25 +0000] "HEAD /d1/639/AUTH_30b7e0a215454ce0afeddd89cbf7c5dd/gnocchi.e9a6a22d-077d-4298-b27a-9cc19033d232" 404 - "HEAD http://172.18.0.190:8080/v1/AUTH_30b7e0a215454ce0afeddd89cbf7c5dd/gnocchi.e9a6a22d-077d-4298-b27a-9cc19033d232?format=json&states=listing" "txf3a6df4302834e94afa74-006a292371" "proxy-server 20" 0.0004 "-" 21 0
Jun 10 08:42:25 np0000069408 object-server[126409]: 172.20.0.104 - - [10/Jun/2026:08:42:25 +0000] "GET /d1/244/AUTH_30b7e0a215454ce0afeddd89cbf7c5dd/gnocchi.70de3730-df8d-4474-bbc7-f9dfd9698dce/none_v3" 404 70 "GET http://172.18.0.190:8080/v1/AUTH_30b7e0a215454ce0afeddd89cbf7c5dd/gnocchi.70de3730-df8d-4474-bbc7-f9dfd9698dce/none_v3" "txd415eeaa7a1e44ed8b89a-006a292371" "proxy-server 12" 0.0006 "-" 24 0
Jun 10 08:42:25 np0000069408 object-server[126406]: 172.20.0.105 - - [10/Jun/2026:08:42:25 +0000] "GET /d1/151/AUTH_30b7e0a215454ce0afeddd89cbf7c5dd/gnocchi.e9a6a22d-077d-4298-b27a-9cc19033d232/none_v3" 404 70 "GET http://172.18.0.190:8080/v1/AUTH_30b7e0a215454ce0afeddd89cbf7c5dd/gnocchi.e9a6a22d-077d-4298-b27a-9cc19033d232/none_v3" "txf3a6df4302834e94afa74-006a292371" "proxy-server 20" 0.0003 "-" 23 0
Jun 10 08:42:25 np0000069408 account-server[125770]: 172.20.0.103 - - [10/Jun/2026:08:42:25 +0000] "PUT /d1/422/AUTH_30b7e0a215454ce0afeddd89cbf7c5dd/gnocchi.70de3730-df8d-4474-bbc7-f9dfd9698dce" 201 - "PUT http://172.20.0.103:6001/d1/788/AUTH_30b7e0a215454ce0afeddd89cbf7c5dd/gnocchi.70de3730-df8d-4474-bbc7-f9dfd9698dce" "tx31f0894ae0d347a2874ad-006a292371" "container-server 23" 0.0029 "-" 17 0
Jun 10 08:42:25 np0000069408 container-server[126059]: 172.20.0.103 - - [10/Jun/2026:08:42:25 +0000] "PUT /d1/788/AUTH_30b7e0a215454ce0afeddd89cbf7c5dd/gnocchi.70de3730-df8d-4474-bbc7-f9dfd9698dce" 201 - "PUT http://172.18.0.190:8080/v1/AUTH_30b7e0a215454ce0afeddd89cbf7c5dd/gnocchi.70de3730-df8d-4474-bbc7-f9dfd9698dce" "tx31f0894ae0d347a2874ad-006a292371" "proxy-server 20" 0.0179 "-" 23 0
Jun 10 08:42:25 np0000069408 container-server[126057]: 172.20.0.104 - - [10/Jun/2026:08:42:25 +0000] "PUT /d1/639/AUTH_30b7e0a215454ce0afeddd89cbf7c5dd/gnocchi.e9a6a22d-077d-4298-b27a-9cc19033d232" 201 - "PUT http://172.18.0.190:8080/v1/AUTH_30b7e0a215454ce0afeddd89cbf7c5dd/gnocchi.e9a6a22d-077d-4298-b27a-9cc19033d232" "txe800e3c75f77446b84ad6-006a292371" "proxy-server 12" 0.0199 "-" 22 0
Jun 10 08:42:25 np0000069408 proxy-server[127754]: 172.18.0.105 172.18.0.104 10/Jun/2026/08/42/25 PUT /v1/AUTH_30b7e0a215454ce0afeddd89cbf7c5dd/gnocchi.70de3730-df8d-4474-bbc7-f9dfd9698dce HTTP/1.0 201 - python-swiftclient-3.11.1 gAAAAABqKSNF4jTp... - - - tx31f0894ae0d347a2874ad-006a292371 - 0.0323 - - 1781080945.564307928 1781080945.596622229 0
Jun 10 08:42:25 np0000069408 account-server[125746]: 172.20.0.104 - - [10/Jun/2026:08:42:25 +0000] "PUT /d1/422/AUTH_30b7e0a215454ce0afeddd89cbf7c5dd/gnocchi.e9a6a22d-077d-4298-b27a-9cc19033d232" 201 - "PUT http://172.20.0.104:6001/d1/639/AUTH_30b7e0a215454ce0afeddd89cbf7c5dd/gnocchi.e9a6a22d-077d-4298-b27a-9cc19033d232" "txe800e3c75f77446b84ad6-006a292371" "container-server 22" 0.0047 "-" 14 0
Jun 10 08:42:25 np0000069408 proxy-server[127754]: - - 10/Jun/2026/08/42/25 HEAD /v1/AUTH_30b7e0a215454ce0afeddd89cbf7c5dd/gnocchi.e9a6a22d-077d-4298-b27a-9cc19033d232%3Fformat%3Djson%26states%3Dlisting HTTP/1.0 204 - Swift - - - - txa937a818db024770ad8ee-006a292371 - 0.0065 RL - 1781080945.610216379 1781080945.616750956 0
Jun 10 08:42:25 np0000069408 container-server[126059]: 172.20.0.103 - - [10/Jun/2026:08:42:25 +0000] "GET /d1/639/AUTH_30b7e0a215454ce0afeddd89cbf7c5dd/gnocchi.e9a6a22d-077d-4298-b27a-9cc19033d232" 200 2 "GET http://172.18.0.190:8080/v1/AUTH_30b7e0a215454ce0afeddd89cbf7c5dd/gnocchi.e9a6a22d-077d-4298-b27a-9cc19033d232?format=json&states=listing" "txa937a818db024770ad8ee-006a292371" "proxy-server 20" 0.0021 "-" 23 0
Jun 10 08:42:25 np0000069408 proxy-server[127754]: 172.18.0.103 172.18.0.104 10/Jun/2026/08/42/25 GET /v1/AUTH_30b7e0a215454ce0afeddd89cbf7c5dd/gnocchi.e9a6a22d-077d-4298-b27a-9cc19033d232%3Fformat%3Djson%26states%3Dlisting HTTP/1.0 200 - python-swiftclient-3.11.1 gAAAAABqKSMnQkw3... - 2 - txa937a818db024770ad8ee-006a292371 - 0.0176 - - 1781080945.608674765 1781080945.626276016 0
Jun 10 08:42:25 np0000069408 object-server[126409]: 172.20.0.103 - - [10/Jun/2026:08:42:25 +0000] "GET /d1/279/AUTH_30b7e0a215454ce0afeddd89cbf7c5dd/gnocchi.70de3730-df8d-4474-bbc7-f9dfd9698dce/1780920000.0_mean_300.0_v3" 404 70 "GET http://172.18.0.190:8080/v1/AUTH_30b7e0a215454ce0afeddd89cbf7c5dd/gnocchi.70de3730-df8d-4474-bbc7-f9dfd9698dce/1780920000.0_mean_300.0_v3" "txc817f75dacff434d8a0ff-006a292371" "proxy-server 20" 0.0003 "-" 24 0
Jun 10 08:42:25 np0000069408 object-server[126409]: 172.20.0.104 - - [10/Jun/2026:08:42:25 +0000] "GET /d1/722/AUTH_30b7e0a215454ce0afeddd89cbf7c5dd/gnocchi.e9a6a22d-077d-4298-b27a-9cc19033d232/1780920000.0_mean_300.0_v3" 404 70 "GET http://172.18.0.190:8080/v1/AUTH_30b7e0a215454ce0afeddd89cbf7c5dd/gnocchi.e9a6a22d-077d-4298-b27a-9cc19033d232/1780920000.0_mean_300.0_v3" "txc8cb3b336a064c9292863-006a292371" "proxy-server 12" 0.0001 "-" 24 0
Jun 10 08:42:25 np0000069408 proxy-server[127754]: 172.18.0.105 172.18.0.104 10/Jun/2026/08/42/25 GET /v1/AUTH_30b7e0a215454ce0afeddd89cbf7c5dd/gnocchi.70de3730-df8d-4474-bbc7-f9dfd9698dce/1780920000.0_mean_300.0_v3 HTTP/1.0 404 - python-swiftclient-3.11.1 gAAAAABqKSNF4jTp... - 70 - txc817f75dacff434d8a0ff-006a292371 - 0.0127 - - 1781080945.635264397 1781080945.647924900 0
Jun 10 08:42:25 np0000069408 container-server[126057]: 172.20.0.105 - - [10/Jun/2026:08:42:25 +0000] "PUT /d1/788/AUTH_30b7e0a215454ce0afeddd89cbf7c5dd/gnocchi.70de3730-df8d-4474-bbc7-f9dfd9698dce/1780920000.0_mean_300.0_v3" 201 - "PUT http://172.18.0.190:8080/d1/279/AUTH_30b7e0a215454ce0afeddd89cbf7c5dd/gnocchi.70de3730-df8d-4474-bbc7-f9dfd9698dce/1780920000.0_mean_300.0_v3" "tx42c4ba9a0d0043ada4f35-006a292371" "object-server 24" 0.0005 "-" 22 0
