Jun 10 08:37:45 np0000069409 object-server[122201]: Nothing replicated for 0.004202842712402344 seconds.
Jun 10 08:37:45 np0000069409 object-server[122201]: Object replication complete. (0.00 minutes)
Jun 10 08:37:47 np0000069409 object-server[191221]: Begin object audit "forever" mode (ZBF)
Jun 10 08:37:47 np0000069409 object-server[191221]: Object audit (ZBF) "forever" mode completed: 0.00s. Total quarantined: 0, Total errors: 0, Total files/sec: 0.00, Total bytes/sec: 0.00, Auditing time: 0.00, Rate: 0.00
Jun 10 08:37:50 np0000069409 account-server[121411]: Beginning replication run
Jun 10 08:37:50 np0000069409 account-server[121411]: Replication run OVER
Jun 10 08:37:50 np0000069409 account-server[121411]: Attempted to replicate 0 dbs in 0.00164 seconds (0.00000/s)
Jun 10 08:37:50 np0000069409 account-server[121411]: Removed 0 dbs
Jun 10 08:37:50 np0000069409 account-server[121411]: 0 successes, 0 failures
Jun 10 08:37:50 np0000069409 account-server[121411]: diff:0 diff_capped:0 empty:0 hashmatch:0 no_change:0 remote_merge:0 rsync:0 ts_repl:0
Jun 10 08:38:05 np0000069409 container-server[121533]: Beginning replication run
Jun 10 08:38:05 np0000069409 container-server[121533]: Replication run OVER
Jun 10 08:38:05 np0000069409 container-server[121533]: Attempted to replicate 0 dbs in 0.00129 seconds (0.00000/s)
Jun 10 08:38:05 np0000069409 container-server[121533]: Removed 0 dbs
Jun 10 08:38:05 np0000069409 container-server[121533]: 0 successes, 0 failures
Jun 10 08:38:05 np0000069409 container-server[121533]: diff:0 diff_capped:0 empty:0 hashmatch:0 no_change:0 remote_merge:0 rsync:0 ts_repl:0
Jun 10 08:38:06 np0000069409 account-server[121958]: 172.20.0.103 - - [10/Jun/2026:08:38:06 +0000] "HEAD /d1/791/.expiring_objects" 404 - "HEAD http://localhost/v1/.expiring_objects?format=json" "tx309c997461954f958b1b0-006a29226e" "proxy-server 2" 0.0008 "-" 22 -
Jun 10 08:38:16 np0000069409 object-server[122201]: Starting object replication pass.
Jun 10 08:38:16 np0000069409 object-server[122201]: Nothing replicated for 0.003803730010986328 seconds.
Jun 10 08:38:16 np0000069409 object-server[122201]: Object replication complete. (0.00 minutes)
Jun 10 08:38:17 np0000069409 object-server[197247]: Begin object audit "forever" mode (ALL)
Jun 10 08:38:17 np0000069409 object-server[197247]: Object audit (ALL) "forever" mode completed: 0.00s. Total quarantined: 0, Total errors: 0, Total files/sec: 0.00, Total bytes/sec: 0.00, Auditing time: 0.00, Rate: 0.00
Jun 10 08:38:17 np0000069409 object-server[197246]: Begin object audit "forever" mode (ZBF)
Jun 10 08:38:17 np0000069409 object-server[197246]: Object audit (ZBF) "forever" mode completed: 0.00s. Total quarantined: 0, Total errors: 0, Total files/sec: 0.00, Total bytes/sec: 0.00, Auditing time: 0.00, Rate: 0.00
Jun 10 08:38:20 np0000069409 account-server[121411]: Beginning replication run
Jun 10 08:38:20 np0000069409 account-server[121411]: Replication run OVER
Jun 10 08:38:20 np0000069409 account-server[121411]: Attempted to replicate 0 dbs in 0.00256 seconds (0.00000/s)
Jun 10 08:38:20 np0000069409 account-server[121411]: Removed 0 dbs
Jun 10 08:38:20 np0000069409 account-server[121411]: 0 successes, 0 failures
Jun 10 08:38:20 np0000069409 account-server[121411]: diff:0 diff_capped:0 empty:0 hashmatch:0 no_change:0 remote_merge:0 rsync:0 ts_repl:0
Jun 10 08:38:33 np0000069409 account-server[121958]: 172.20.0.105 - - [10/Jun/2026:08:38:33 +0000] "HEAD /d1/791/.expiring_objects" 404 - "HEAD http://localhost/v1/.expiring_objects?format=json" "txf9cf6e6d68a041849de28-006a292289" "proxy-server 2" 0.0007 "-" 22 -
Jun 10 08:38:34 np0000069409 account-server[121046]: Begin account audit pass.
Jun 10 08:38:35 np0000069409 container-server[121533]: Beginning replication run
Jun 10 08:38:35 np0000069409 container-server[121533]: Replication run OVER
Jun 10 08:38:35 np0000069409 container-server[121533]: Attempted to replicate 0 dbs in 0.00105 seconds (0.00000/s)
Jun 10 08:38:35 np0000069409 container-server[121533]: Removed 0 dbs
Jun 10 08:38:35 np0000069409 container-server[121533]: 0 successes, 0 failures
Jun 10 08:38:35 np0000069409 container-server[121533]: diff:0 diff_capped:0 empty:0 hashmatch:0 no_change:0 remote_merge:0 rsync:0 ts_repl:0
Jun 10 08:38:46 np0000069409 object-server[122201]: Starting object replication pass.
Jun 10 08:38:46 np0000069409 object-server[122201]: Nothing replicated for 0.0036814212799072266 seconds.
Jun 10 08:38:46 np0000069409 object-server[122201]: Object replication complete. (0.00 minutes)
Jun 10 08:38:47 np0000069409 object-server[200289]: Begin object audit "forever" mode (ZBF)
Jun 10 08:38:47 np0000069409 object-server[200290]: Begin object audit "forever" mode (ALL)
Jun 10 08:38:47 np0000069409 object-server[200289]: Object audit (ZBF) "forever" mode completed: 0.00s. Total quarantined: 0, Total errors: 0, Total files/sec: 0.00, Total bytes/sec: 0.00, Auditing time: 0.00, Rate: 0.00
Jun 10 08:38:47 np0000069409 object-server[200290]: Object audit (ALL) "forever" mode completed: 0.00s. Total quarantined: 0, Total errors: 0, Total files/sec: 0.00, Total bytes/sec: 0.00, Auditing time: 0.00, Rate: 0.00
Jun 10 08:38:50 np0000069409 account-server[121411]: Beginning replication run
Jun 10 08:38:50 np0000069409 account-server[121411]: Replication run OVER
Jun 10 08:38:50 np0000069409 account-server[121411]: Attempted to replicate 0 dbs in 0.00127 seconds (0.00000/s)
Jun 10 08:38:50 np0000069409 account-server[121411]: Removed 0 dbs
Jun 10 08:38:50 np0000069409 account-server[121411]: 0 successes, 0 failures
Jun 10 08:38:50 np0000069409 account-server[121411]: diff:0 diff_capped:0 empty:0 hashmatch:0 no_change:0 remote_merge:0 rsync:0 ts_repl:0
Jun 10 08:39:00 np0000069409 container-server[121930]: Begin container update sweep
Jun 10 08:39:00 np0000069409 container-server[121930]: Container update sweep completed: 0.00s
Jun 10 08:39:05 np0000069409 container-server[121533]: Beginning replication run
Jun 10 08:39:05 np0000069409 container-server[121533]: Replication run OVER
Jun 10 08:39:05 np0000069409 container-server[121533]: Attempted to replicate 0 dbs in 0.00206 seconds (0.00000/s)
Jun 10 08:39:05 np0000069409 container-server[121533]: Removed 0 dbs
Jun 10 08:39:05 np0000069409 container-server[121533]: 0 successes, 0 failures
Jun 10 08:39:05 np0000069409 container-server[121533]: diff:0 diff_capped:0 empty:0 hashmatch:0 no_change:0 remote_merge:0 rsync:0 ts_repl:0
Jun 10 08:39:15 np0000069409 account-server[121980]: 172.20.0.104 - - [10/Jun/2026:08:39:15 +0000] "HEAD /d1/791/.expiring_objects" 404 - "HEAD http://localhost/v1/.expiring_objects?format=json" "tx7f4018b5709f44cba0eb7-006a2922b3" "proxy-server 2" 0.0008 "-" 23 -
Jun 10 08:39:15 np0000069409 object-expirer[122206]: Pass completed in 0s; 0 objects expired (txn: tx7f4018b5709f44cba0eb7-006a2922b3)
Jun 10 08:39:16 np0000069409 object-server[122201]: Starting object replication pass.
Jun 10 08:39:16 np0000069409 object-server[122201]: Nothing replicated for 0.003990650177001953 seconds.
Jun 10 08:39:16 np0000069409 object-server[122201]: Object replication complete. (0.00 minutes)
Jun 10 08:39:17 np0000069409 object-server[200293]: Begin object audit "forever" mode (ZBF)
Jun 10 08:39:17 np0000069409 object-server[200293]: Object audit (ZBF) "forever" mode completed: 0.00s. Total quarantined: 0, Total errors: 0, Total files/sec: 0.00, Total bytes/sec: 0.00, Auditing time: 0.00, Rate: 0.00
Jun 10 08:39:20 np0000069409 account-server[121411]: Beginning replication run
Jun 10 08:39:20 np0000069409 account-server[121411]: Replication run OVER
Jun 10 08:39:20 np0000069409 account-server[121411]: Attempted to replicate 0 dbs in 0.00188 seconds (0.00000/s)
Jun 10 08:39:20 np0000069409 account-server[121411]: Removed 0 dbs
Jun 10 08:39:20 np0000069409 account-server[121411]: 0 successes, 0 failures
Jun 10 08:39:20 np0000069409 account-server[121411]: diff:0 diff_capped:0 empty:0 hashmatch:0 no_change:0 remote_merge:0 rsync:0 ts_repl:0
Jun 10 08:39:35 np0000069409 container-server[121533]: Beginning replication run
Jun 10 08:39:35 np0000069409 container-server[121533]: Replication run OVER
Jun 10 08:39:35 np0000069409 container-server[121533]: Attempted to replicate 0 dbs in 0.00178 seconds (0.00000/s)
Jun 10 08:39:35 np0000069409 container-server[121533]: Removed 0 dbs
Jun 10 08:39:35 np0000069409 container-server[121533]: 0 successes, 0 failures
Jun 10 08:39:35 np0000069409 container-server[121533]: diff:0 diff_capped:0 empty:0 hashmatch:0 no_change:0 remote_merge:0 rsync:0 ts_repl:0
Jun 10 08:39:46 np0000069409 object-server[122201]: Starting object replication pass.
Jun 10 08:39:46 np0000069409 object-server[122201]: Nothing replicated for 0.0038437843322753906 seconds.
Jun 10 08:39:46 np0000069409 object-server[122201]: Object replication complete. (0.00 minutes)
Jun 10 08:39:48 np0000069409 object-server[205510]: Begin object audit "forever" mode (ZBF)
Jun 10 08:39:48 np0000069409 object-server[205510]: Object audit (ZBF) "forever" mode completed: 0.00s. Total quarantined: 0, Total errors: 0, Total files/sec: 0.00, Total bytes/sec: 0.00, Auditing time: 0.00, Rate: 0.00
Jun 10 08:39:48 np0000069409 object-server[205511]: Begin object audit "forever" mode (ALL)
Jun 10 08:39:48 np0000069409 object-server[205511]: Object audit (ALL) "forever" mode completed: 0.00s. Total quarantined: 0, Total errors: 0, Total files/sec: 0.00, Total bytes/sec: 0.00, Auditing time: 0.00, Rate: 0.00
Jun 10 08:39:50 np0000069409 account-server[121411]: Beginning replication run
Jun 10 08:39:50 np0000069409 account-server[121411]: Replication run OVER
Jun 10 08:39:50 np0000069409 account-server[121411]: Attempted to replicate 0 dbs in 0.00138 seconds (0.00000/s)
Jun 10 08:39:50 np0000069409 account-server[121411]: Removed 0 dbs
Jun 10 08:39:50 np0000069409 account-server[121411]: 0 successes, 0 failures
Jun 10 08:39:50 np0000069409 account-server[121411]: diff:0 diff_capped:0 empty:0 hashmatch:0 no_change:0 remote_merge:0 rsync:0 ts_repl:0
Jun 10 08:40:05 np0000069409 container-server[121533]: Beginning replication run
Jun 10 08:40:05 np0000069409 container-server[121533]: Replication run OVER
Jun 10 08:40:05 np0000069409 container-server[121533]: Attempted to replicate 0 dbs in 0.00181 seconds (0.00000/s)
Jun 10 08:40:05 np0000069409 container-server[121533]: Removed 0 dbs
Jun 10 08:40:05 np0000069409 container-server[121533]: 0 successes, 0 failures
Jun 10 08:40:05 np0000069409 container-server[121533]: diff:0 diff_capped:0 empty:0 hashmatch:0 no_change:0 remote_merge:0 rsync:0 ts_repl:0
Jun 10 08:40:10 np0000069409 object-server[122471]: Begin object update sweep
Jun 10 08:40:10 np0000069409 object-server[207981]: Object update sweep starting on /srv/node/d1 (pid: 14)
Jun 10 08:40:10 np0000069409 object-server[207981]: Object update sweep completed on /srv/node/d1 in 0.00s seconds:, 0 successes, 0 failures, 0 quarantines, 0 unlinks, 0 errors, 0 redirects (pid: 14)
Jun 10 08:40:10 np0000069409 object-server[207981]: Object update sweep of d1 completed: 0.00s, 0 successes, 0 failures, 0 quarantines, 0 unlinks, 0 errors, 0 redirects
Jun 10 08:40:11 np0000069409 object-server[122471]: Object update sweep completed: 0.06s
Jun 10 08:40:13 np0000069409 account-server[121980]: 172.20.0.105 - - [10/Jun/2026:08:40:13 +0000] "HEAD /d1/791/.expiring_objects" 404 - "HEAD http://localhost/v1/.expiring_objects?format=json" "txacc78ab6ccaf4190be843-006a2922ec" "proxy-server 2" 0.0009 "-" 23 -
Jun 10 08:40:16 np0000069409 object-server[122201]: Starting object replication pass.
Jun 10 08:40:16 np0000069409 object-server[122201]: Nothing replicated for 0.004389047622680664 seconds.
Jun 10 08:40:16 np0000069409 object-server[122201]: Object replication complete. (0.00 minutes)
Jun 10 08:40:18 np0000069409 object-server[205512]: Begin object audit "forever" mode (ZBF)
Jun 10 08:40:18 np0000069409 object-server[205512]: Object audit (ZBF) "forever" mode completed: 0.00s. Total quarantined: 0, Total errors: 0, Total files/sec: 0.00, Total bytes/sec: 0.00, Auditing time: 0.00, Rate: 0.00
Jun 10 08:40:20 np0000069409 account-server[121411]: Beginning replication run
Jun 10 08:40:20 np0000069409 account-server[121411]: Replication run OVER
Jun 10 08:40:20 np0000069409 account-server[121411]: Attempted to replicate 0 dbs in 0.00189 seconds (0.00000/s)
Jun 10 08:40:20 np0000069409 account-server[121411]: Removed 0 dbs
Jun 10 08:40:20 np0000069409 account-server[121411]: 0 successes, 0 failures
Jun 10 08:40:20 np0000069409 account-server[121411]: diff:0 diff_capped:0 empty:0 hashmatch:0 no_change:0 remote_merge:0 rsync:0 ts_repl:0
Jun 10 08:40:35 np0000069409 container-server[121533]: Beginning replication run
Jun 10 08:40:35 np0000069409 container-server[121533]: Replication run OVER
Jun 10 08:40:35 np0000069409 container-server[121533]: Attempted to replicate 0 dbs in 0.00104 seconds (0.00000/s)
Jun 10 08:40:35 np0000069409 container-server[121533]: Removed 0 dbs
Jun 10 08:40:35 np0000069409 container-server[121533]: 0 successes, 0 failures
Jun 10 08:40:35 np0000069409 container-server[121533]: diff:0 diff_capped:0 empty:0 hashmatch:0 no_change:0 remote_merge:0 rsync:0 ts_repl:0
Jun 10 08:40:38 np0000069409 account-server[121980]: 172.20.0.104 - - [10/Jun/2026:08:40:38 +0000] "HEAD /d1/791/.expiring_objects" 404 - "HEAD http://localhost/v1/.expiring_objects?format=json" "tx9555d84beffa4bd1a1fed-006a292306" "proxy-server 2" 0.0005 "-" 23 -
Jun 10 08:40:38 np0000069409 object-expirer[122206]: Pass completed in 0s; 0 objects expired (txn: tx9555d84beffa4bd1a1fed-006a292306)
Jun 10 08:40:46 np0000069409 object-server[122201]: Starting object replication pass.
Jun 10 08:40:46 np0000069409 object-server[122201]: Nothing replicated for 0.003919124603271484 seconds.
Jun 10 08:40:46 np0000069409 object-server[122201]: Object replication complete. (0.00 minutes)
Jun 10 08:40:48 np0000069409 object-server[211253]: Begin object audit "forever" mode (ZBF)
Jun 10 08:40:48 np0000069409 object-server[211254]: Begin object audit "forever" mode (ALL)
Jun 10 08:40:48 np0000069409 object-server[211253]: Object audit (ZBF) "forever" mode completed: 0.00s. Total quarantined: 0, Total errors: 0, Total files/sec: 0.00, Total bytes/sec: 0.00, Auditing time: 0.00, Rate: 0.00
Jun 10 08:40:48 np0000069409 object-server[211254]: Object audit (ALL) "forever" mode completed: 0.00s. Total quarantined: 0, Total errors: 0, Total files/sec: 0.00, Total bytes/sec: 0.00, Auditing time: 0.00, Rate: 0.00
Jun 10 08:40:50 np0000069409 account-server[121411]: Beginning replication run
Jun 10 08:40:50 np0000069409 account-server[121411]: Replication run OVER
Jun 10 08:40:50 np0000069409 account-server[121411]: Attempted to replicate 0 dbs in 0.00140 seconds (0.00000/s)
Jun 10 08:40:50 np0000069409 account-server[121411]: Removed 0 dbs
Jun 10 08:40:50 np0000069409 account-server[121411]: 0 successes, 0 failures
Jun 10 08:40:50 np0000069409 account-server[121411]: diff:0 diff_capped:0 empty:0 hashmatch:0 no_change:0 remote_merge:0 rsync:0 ts_repl:0
Jun 10 08:41:05 np0000069409 container-server[121533]: Beginning replication run
Jun 10 08:41:05 np0000069409 container-server[121533]: Replication run OVER
Jun 10 08:41:05 np0000069409 container-server[121533]: Attempted to replicate 0 dbs in 0.00163 seconds (0.00000/s)
Jun 10 08:41:05 np0000069409 container-server[121533]: Removed 0 dbs
Jun 10 08:41:05 np0000069409 container-server[121533]: 0 successes, 0 failures
Jun 10 08:41:05 np0000069409 container-server[121533]: diff:0 diff_capped:0 empty:0 hashmatch:0 no_change:0 remote_merge:0 rsync:0 ts_repl:0
Jun 10 08:41:11 np0000069409 account-server[121945]: 172.20.0.103 - - [10/Jun/2026:08:41:11 +0000] "HEAD /d1/422/AUTH_30b7e0a215454ce0afeddd89cbf7c5dd" 404 - "HEAD http://172.18.0.190:8080/v1/AUTH_30b7e0a215454ce0afeddd89cbf7c5dd?format=json" "tx86673f071edf4f94a4dd7-006a292327" "proxy-server 20" 0.0008 "-" 20 -
Jun 10 08:41:11 np0000069409 object-server[122666]: 172.20.0.103 - - [10/Jun/2026:08:41:11 +0000] "GET /d1/634/AUTH_30b7e0a215454ce0afeddd89cbf7c5dd/gnocchi.01c02913-9329-40e9-88de-54b3b9d567c2/none_v3" 404 70 "GET http://172.18.0.190:8080/v1/AUTH_30b7e0a215454ce0afeddd89cbf7c5dd/gnocchi.01c02913-9329-40e9-88de-54b3b9d567c2/none_v3" "tx86673f071edf4f94a4dd7-006a292327" "proxy-server 20" 0.0014 "-" 25 0
Jun 10 08:41:11 np0000069409 account-server[121980]: 172.20.0.104 - - [10/Jun/2026:08:41:11 +0000] "PUT /d1/422/AUTH_30b7e0a215454ce0afeddd89cbf7c5dd" 201 - "-" "tx3830870b23bb4b8ea0cb5-006a292327" "-" 0.0143 "-" 23 -
Jun 10 08:41:11 np0000069409 proxy-server[124073]: autocreate account '/AUTH_30b7e0a215454ce0afeddd89cbf7c5dd' (txn: tx3830870b23bb4b8ea0cb5-006a292327)
Jun 10 08:41:11 np0000069409 account-server[121980]: 172.20.0.103 - - [10/Jun/2026:08:41:11 +0000] "PUT /d1/422/AUTH_30b7e0a215454ce0afeddd89cbf7c5dd/gnocchi.01c02913-9329-40e9-88de-54b3b9d567c2" 201 - "PUT http://172.20.0.103:6001/d1/207/AUTH_30b7e0a215454ce0afeddd89cbf7c5dd/gnocchi.01c02913-9329-40e9-88de-54b3b9d567c2" "tx3830870b23bb4b8ea0cb5-006a292327" "container-server 20" 0.0020 "-" 23 0
Jun 10 08:41:11 np0000069409 container-server[122324]: 172.20.0.104 - - [10/Jun/2026:08:41:11 +0000] "PUT /d1/207/AUTH_30b7e0a215454ce0afeddd89cbf7c5dd/gnocchi.01c02913-9329-40e9-88de-54b3b9d567c2" 201 - "PUT http://172.18.0.190:8080/v1/AUTH_30b7e0a215454ce0afeddd89cbf7c5dd/gnocchi.01c02913-9329-40e9-88de-54b3b9d567c2" "tx3830870b23bb4b8ea0cb5-006a292327" "proxy-server 12" 0.0209 "-" 21 0
Jun 10 08:41:11 np0000069409 proxy-server[124073]: 172.18.0.103 172.18.0.104 10/Jun/2026/08/41/11 PUT /v1/AUTH_30b7e0a215454ce0afeddd89cbf7c5dd/gnocchi.01c02913-9329-40e9-88de-54b3b9d567c2 HTTP/1.0 201 - python-swiftclient-3.11.1 gAAAAABqKSMnQkw3... - - - tx3830870b23bb4b8ea0cb5-006a292327 - 0.0765 - - 1781080871.678487539 1781080871.754946709 0
Jun 10 08:41:11 np0000069409 object-server[122666]: 172.20.0.103 - - [10/Jun/2026:08:41:11 +0000] "GET /d1/691/AUTH_30b7e0a215454ce0afeddd89cbf7c5dd/gnocchi.01c02913-9329-40e9-88de-54b3b9d567c2/1780920000.0_mean_300.0_v3" 404 70 "GET http://172.18.0.190:8080/v1/AUTH_30b7e0a215454ce0afeddd89cbf7c5dd/gnocchi.01c02913-9329-40e9-88de-54b3b9d567c2/1780920000.0_mean_300.0_v3" "tx5fab41946552417682403-006a292327" "proxy-server 20" 0.0005 "-" 25 0
Jun 10 08:41:11 np0000069409 container-server[122321]: 172.20.0.103 - - [10/Jun/2026:08:41:11 +0000] "PUT /d1/207/AUTH_30b7e0a215454ce0afeddd89cbf7c5dd/gnocchi.01c02913-9329-40e9-88de-54b3b9d567c2/1780920000.0_mean_300.0_v3" 201 - "PUT http://172.18.0.190:8080/d1/691/AUTH_30b7e0a215454ce0afeddd89cbf7c5dd/gnocchi.01c02913-9329-40e9-88de-54b3b9d567c2/1780920000.0_mean_300.0_v3" "tx23ae34979ec04c609adcf-006a292327" "object-server 22" 0.0012 "-" 20 0
Jun 10 08:41:11 np0000069409 object-server[122666]: 172.20.0.104 - - [10/Jun/2026:08:41:11 +0000] "PUT /d1/691/AUTH_30b7e0a215454ce0afeddd89cbf7c5dd/gnocchi.01c02913-9329-40e9-88de-54b3b9d567c2/1780920000.0_mean_300.0_v3" 201 - "PUT http://172.18.0.190:8080/v1/AUTH_30b7e0a215454ce0afeddd89cbf7c5dd/gnocchi.01c02913-9329-40e9-88de-54b3b9d567c2/1780920000.0_mean_300.0_v3" "tx23ae34979ec04c609adcf-006a292327" "proxy-server 12" 0.0411 "-" 25 0
Jun 10 08:41:11 np0000069409 proxy-server[124073]: 172.18.0.103 172.18.0.104 10/Jun/2026/08/41/11 PUT /v1/AUTH_30b7e0a215454ce0afeddd89cbf7c5dd/gnocchi.01c02913-9329-40e9-88de-54b3b9d567c2/1780920000.0_mean_300.0_v3 HTTP/1.0 201 - python-swiftclient-3.11.1 gAAAAABqKSMnQkw3... 16 - - tx23ae34979ec04c609adcf-006a292327 - 0.0539 - - 1781080871.827587843 1781080871.881472826 0
Jun 10 08:41:11 np0000069409 container-server[122363]: 172.20.0.105 - - [10/Jun/2026:08:41:11 +0000] "PUT /d1/207/AUTH_30b7e0a215454ce0afeddd89cbf7c5dd/gnocchi.01c02913-9329-40e9-88de-54b3b9d567c2/none_v3" 201 - "PUT http://172.18.0.190:8080/d1/634/AUTH_30b7e0a215454ce0afeddd89cbf7c5dd/gnocchi.01c02913-9329-40e9-88de-54b3b9d567c2/none_v3" "tx9a706e89151b4df1b7d4e-006a292327" "object-server 23" 0.0018 "-" 23 0
Jun 10 08:41:11 np0000069409 object-server[122662]: 172.20.0.105 - - [10/Jun/2026:08:41:11 +0000] "PUT /d1/634/AUTH_30b7e0a215454ce0afeddd89cbf7c5dd/gnocchi.01c02913-9329-40e9-88de-54b3b9d567c2/none_v3" 201 - "PUT http://172.18.0.190:8080/v1/AUTH_30b7e0a215454ce0afeddd89cbf7c5dd/gnocchi.01c02913-9329-40e9-88de-54b3b9d567c2/none_v3" "tx9a706e89151b4df1b7d4e-006a292327" "proxy-server 20" 0.0355 "-" 24 0
Jun 10 08:41:16 np0000069409 object-server[122201]: Starting object replication pass.
Jun 10 08:41:16 np0000069409 object-server[122201]: 2/2 (100.00%) partitions replicated in 0.12s (17.11/sec, 0s remaining)
Jun 10 08:41:16 np0000069409 object-server[122201]: 4 successes, 0 failures
Jun 10 08:41:16 np0000069409 object-server[122201]: 2 suffixes checked - 100.00% hashed, 0.00% synced
Jun 10 08:41:16 np0000069409 object-server[122201]: Partition times: max 0.0659s, min 0.0457s, med 0.0659s
Jun 10 08:41:16 np0000069409 object-server[122201]: Object replication complete. (0.00 minutes)
Jun 10 08:41:18 np0000069409 object-server[211255]: Begin object audit "forever" mode (ZBF)
Jun 10 08:41:18 np0000069409 object-server[211255]: Object audit (ZBF). Since Wed Jun 10 08:41:18 2026: Locally: 1 passed, 0 quarantined, 0 errors, files/sec: 940.22, bytes/sec: 0.00, Total time: 0.00, Auditing time: 0.00, Rate: 0.00
Jun 10 08:41:18 np0000069409 object-server[211255]: Object audit (ZBF) "forever" mode completed: 0.00s. Total quarantined: 0, Total errors: 0, Total files/sec: 604.19, Total bytes/sec: 0.00, Auditing time: 0.00, Rate: 0.29
Jun 10 08:41:20 np0000069409 account-server[121411]: Beginning replication run
Jun 10 08:41:20 np0000069409 account-server[121411]: Replication run OVER
Jun 10 08:41:20 np0000069409 account-server[121411]: Attempted to replicate 1 dbs in 0.03535 seconds (28.28611/s)
Jun 10 08:41:20 np0000069409 account-server[121411]: Removed 0 dbs
Jun 10 08:41:20 np0000069409 account-server[121411]: 2 successes, 0 failures
Jun 10 08:41:20 np0000069409 account-server[121411]: diff:0 diff_capped:0 empty:0 hashmatch:0 no_change:2 remote_merge:0 rsync:0 ts_repl:0
Jun 10 08:41:35 np0000069409 container-server[121533]: Beginning replication run
Jun 10 08:41:35 np0000069409 container-server[121533]: Replication run OVER
Jun 10 08:41:35 np0000069409 container-server[121533]: Attempted to replicate 1 dbs in 0.03505 seconds (28.53415/s)
Jun 10 08:41:35 np0000069409 container-server[121533]: Removed 0 dbs
Jun 10 08:41:35 np0000069409 container-server[121533]: 2 successes, 0 failures
Jun 10 08:41:35 np0000069409 container-server[121533]: diff:0 diff_capped:0 empty:0 hashmatch:0 no_change:2 remote_merge:0 rsync:0 ts_repl:0
Jun 10 08:41:41 np0000069409 object-server[122657]: 172.20.0.103 - - [10/Jun/2026:08:41:41 +0000] "GET /d1/634/AUTH_30b7e0a215454ce0afeddd89cbf7c5dd/gnocchi.01c02913-9329-40e9-88de-54b3b9d567c2/none_v3" 200 22 "GET http://172.18.0.190:8080/v1/AUTH_30b7e0a215454ce0afeddd89cbf7c5dd/gnocchi.01c02913-9329-40e9-88de-54b3b9d567c2/none_v3" "txf9ccccbdd4f447eb9e0a9-006a292345" "proxy-server 20" 0.0012 "-" 23 0
Jun 10 08:41:41 np0000069409 container-server[122363]: 172.20.0.104 - - [10/Jun/2026:08:41:41 +0000] "GET /d1/207/AUTH_30b7e0a215454ce0afeddd89cbf7c5dd/gnocchi.01c02913-9329-40e9-88de-54b3b9d567c2" 200 357 "GET http://172.18.0.190:8080/v1/AUTH_30b7e0a215454ce0afeddd89cbf7c5dd/gnocchi.01c02913-9329-40e9-88de-54b3b9d567c2?format=json&states=listing" "txa8e318af062d498ca7371-006a292345" "proxy-server 12" 0.0048 "-" 23 0
Jun 10 08:41:41 np0000069409 proxy-server[124073]: 172.18.0.105 172.18.0.104 10/Jun/2026/08/41/41 GET /v1/AUTH_30b7e0a215454ce0afeddd89cbf7c5dd/gnocchi.01c02913-9329-40e9-88de-54b3b9d567c2%3Fformat%3Djson%26states%3Dlisting HTTP/1.0 200 - python-swiftclient-3.11.1 gAAAAABqKSNF4jTp... - 357 - txa8e318af062d498ca7371-006a292345 - 0.0170 - - 1781080901.506805182 1781080901.523804426 0
Jun 10 08:41:41 np0000069409 container-server[122324]: 172.20.0.105 - - [10/Jun/2026:08:41:41 +0000] "GET /d1/207/AUTH_30b7e0a215454ce0afeddd89cbf7c5dd/gnocchi.01c02913-9329-40e9-88de-54b3b9d567c2" 200 2 "GET http://172.18.0.190:8080/v1/AUTH_30b7e0a215454ce0afeddd89cbf7c5dd/gnocchi.01c02913-9329-40e9-88de-54b3b9d567c2?format=json&marker=none_v3&states=listing" "tx2133672396da4e1290c36-006a292345" "proxy-server 20" 0.0029 "-" 21 0
Jun 10 08:41:41 np0000069409 container-server[122324]: 172.20.0.103 - - [10/Jun/2026:08:41:41 +0000] "PUT /d1/207/AUTH_30b7e0a215454ce0afeddd89cbf7c5dd/gnocchi.01c02913-9329-40e9-88de-54b3b9d567c2/1780920000.0_mean_300.0_v3" 201 - "PUT http://172.18.0.190:8080/d1/691/AUTH_30b7e0a215454ce0afeddd89cbf7c5dd/gnocchi.01c02913-9329-40e9-88de-54b3b9d567c2/1780920000.0_mean_300.0_v3" "tx6acd03661685419392132-006a292345" "object-server 24" 0.0006 "-" 21 0
Jun 10 08:41:41 np0000069409 object-server[122650]: 172.20.0.104 - - [10/Jun/2026:08:41:41 +0000] "PUT /d1/691/AUTH_30b7e0a215454ce0afeddd89cbf7c5dd/gnocchi.01c02913-9329-40e9-88de-54b3b9d567c2/1780920000.0_mean_300.0_v3" 201 - "PUT http://172.18.0.190:8080/v1/AUTH_30b7e0a215454ce0afeddd89cbf7c5dd/gnocchi.01c02913-9329-40e9-88de-54b3b9d567c2/1780920000.0_mean_300.0_v3" "tx6acd03661685419392132-006a292345" "proxy-server 12" 0.0295 "-" 22 0
Jun 10 08:41:41 np0000069409 proxy-server[124073]: 172.18.0.105 172.18.0.104 10/Jun/2026/08/41/41 PUT /v1/AUTH_30b7e0a215454ce0afeddd89cbf7c5dd/gnocchi.01c02913-9329-40e9-88de-54b3b9d567c2/1780920000.0_mean_300.0_v3 HTTP/1.0 201 - python-swiftclient-3.11.1 gAAAAABqKSNF4jTp... 16 - - tx6acd03661685419392132-006a292345 - 0.0473 - - 1781080901.566894054 1781080901.614157677 0
Jun 10 08:41:41 np0000069409 container-server[122338]: 172.20.0.104 - - [10/Jun/2026:08:41:41 +0000] "PUT /d1/207/AUTH_30b7e0a215454ce0afeddd89cbf7c5dd/gnocchi.01c02913-9329-40e9-88de-54b3b9d567c2/none_v3" 201 - "PUT http://172.18.0.190:8080/d1/634/AUTH_30b7e0a215454ce0afeddd89cbf7c5dd/gnocchi.01c02913-9329-40e9-88de-54b3b9d567c2/none_v3" "txe39cb067bd414339b47c0-006a292345" "object-server 22" 0.0015 "-" 22 0
Jun 10 08:41:41 np0000069409 object-server[122650]: 172.20.0.105 - - [10/Jun/2026:08:41:41 +0000] "PUT /d1/634/AUTH_30b7e0a215454ce0afeddd89cbf7c5dd/gnocchi.01c02913-9329-40e9-88de-54b3b9d567c2/none_v3" 201 - "PUT http://172.18.0.190:8080/v1/AUTH_30b7e0a215454ce0afeddd89cbf7c5dd/gnocchi.01c02913-9329-40e9-88de-54b3b9d567c2/none_v3" "txe39cb067bd414339b47c0-006a292345" "proxy-server 20" 0.0170 "-" 22 0
Jun 10 08:41:46 np0000069409 object-server[122201]: Starting object replication pass.
Jun 10 08:41:46 np0000069409 object-server[122201]: 2/2 (100.00%) partitions replicated in 0.08s (24.68/sec, 0s remaining)
Jun 10 08:41:46 np0000069409 object-server[122201]: 4 successes, 0 failures
Jun 10 08:41:46 np0000069409 object-server[122201]: 2 suffixes checked - 100.00% hashed, 0.00% synced
Jun 10 08:41:46 np0000069409 object-server[122201]: Partition times: max 0.0429s, min 0.0336s, med 0.0429s
Jun 10 08:41:46 np0000069409 object-server[122201]: Object replication complete. (0.00 minutes)
Jun 10 08:41:48 np0000069409 object-server[217162]: Begin object audit "forever" mode (ZBF)
Jun 10 08:41:48 np0000069409 object-server[217163]: Begin object audit "forever" mode (ALL)
Jun 10 08:41:48 np0000069409 object-server[217162]: Object audit (ZBF). Since Wed Jun 10 08:41:48 2026: Locally: 1 passed, 0 quarantined, 0 errors, files/sec: 779.47, bytes/sec: 0.00, Total time: 0.00, Auditing time: 0.00, Rate: 0.00
Jun 10 08:41:48 np0000069409 object-server[217162]: Object audit (ZBF) "forever" mode completed: 0.00s. Total quarantined: 0, Total errors: 0, Total files/sec: 489.16, Total bytes/sec: 0.00, Auditing time: 0.00, Rate: 0.24
Jun 10 08:41:48 np0000069409 object-server[217163]: Object audit (ALL). Since Wed Jun 10 08:41:48 2026: Locally: 1 passed, 0 quarantined, 0 errors, files/sec: 112.22, bytes/sec: 1795.46, Total time: 0.01, Auditing time: 0.00, Rate: 0.00
Jun 10 08:41:48 np0000069409 object-server[217163]: Object audit (ALL) "forever" mode completed: 0.01s. Total quarantined: 0, Total errors: 0, Total files/sec: 159.94, Total bytes/sec: 3838.67, Auditing time: 0.01, Rate: 0.74
Jun 10 08:41:50 np0000069409 account-server[121411]: Beginning replication run
Jun 10 08:41:50 np0000069409 account-server[121411]: Replication run OVER
Jun 10 08:41:50 np0000069409 account-server[121411]: Attempted to replicate 1 dbs in 0.01911 seconds (52.33955/s)
Jun 10 08:41:50 np0000069409 account-server[121411]: Removed 0 dbs
Jun 10 08:41:50 np0000069409 account-server[121411]: 2 successes, 0 failures
Jun 10 08:41:50 np0000069409 account-server[121411]: diff:0 diff_capped:0 empty:0 hashmatch:0 no_change:2 remote_merge:0 rsync:0 ts_repl:0
Jun 10 08:41:56 np0000069409 account-server[121980]: 172.20.0.105 - - [10/Jun/2026:08:41:56 +0000] "HEAD /d1/791/.expiring_objects" 404 - "HEAD http://localhost/v1/.expiring_objects?format=json" "txbc2c5bf528454e1598769-006a292354" "proxy-server 2" 0.0005 "-" 23 -
Jun 10 08:42:05 np0000069409 container-server[121533]: Beginning replication run
Jun 10 08:42:05 np0000069409 container-server[121533]: Replication run OVER
Jun 10 08:42:05 np0000069409 container-server[121533]: Attempted to replicate 1 dbs in 0.03106 seconds (32.19344/s)
Jun 10 08:42:05 np0000069409 container-server[121533]: Removed 0 dbs
Jun 10 08:42:05 np0000069409 container-server[121533]: 2 successes, 0 failures
Jun 10 08:42:05 np0000069409 container-server[121533]: diff:0 diff_capped:0 empty:0 hashmatch:0 no_change:2 remote_merge:0 rsync:0 ts_repl:0
Jun 10 08:42:16 np0000069409 object-server[122201]: Starting object replication pass.
Jun 10 08:42:16 np0000069409 object-server[122201]: 2/2 (100.00%) partitions replicated in 0.03s (79.08/sec, 0s remaining)
Jun 10 08:42:16 np0000069409 object-server[122201]: 4 successes, 0 failures
Jun 10 08:42:16 np0000069409 object-server[122201]: 2 suffixes checked - 0.00% hashed, 0.00% synced
Jun 10 08:42:16 np0000069409 object-server[122201]: Partition times: max 0.0145s, min 0.0084s, med 0.0145s
Jun 10 08:42:16 np0000069409 object-server[122201]: Object replication complete. (0.00 minutes)
Jun 10 08:42:16 np0000069409 proxy-server[124073]: - - 10/Jun/2026/08/42/16 HEAD /v1/AUTH_30b7e0a215454ce0afeddd89cbf7c5dd%3Fformat%3Djson HTTP/1.0 204 - Swift - - - - txfd2ed061c35440498c01e-006a292368 - 0.0097 RL - 1781080936.617819786 1781080936.627476931 -
Jun 10 08:42:16 np0000069409 container-server[122321]: 172.20.0.103 - - [10/Jun/2026:08:42:16 +0000] "HEAD /d1/670/AUTH_30b7e0a215454ce0afeddd89cbf7c5dd/gnocchi.3f14beca-06e7-4f84-af97-173eab313356" 404 - "HEAD http://172.18.0.190:8080/v1/AUTH_30b7e0a215454ce0afeddd89cbf7c5dd/gnocchi.3f14beca-06e7-4f84-af97-173eab313356?format=json&states=listing" "tx0ce31349ae6d482f9df1f-006a292368" "proxy-server 20" 0.0011 "-" 20 0
Jun 10 08:42:16 np0000069409 container-server[122363]: 172.20.0.104 - - [10/Jun/2026:08:42:16 +0000] "HEAD /d1/988/AUTH_30b7e0a215454ce0afeddd89cbf7c5dd/gnocchi.ecf42cf2-d6da-4269-853f-1bf7bbc93d03" 404 - "HEAD http://172.18.0.190:8080/v1/AUTH_30b7e0a215454ce0afeddd89cbf7c5dd/gnocchi.ecf42cf2-d6da-4269-853f-1bf7bbc93d03?format=json&states=listing" "txfd2ed061c35440498c01e-006a292368" "proxy-server 12" 0.0006 "-" 23 0
Jun 10 08:42:16 np0000069409 object-server[122666]: 172.20.0.104 - - [10/Jun/2026:08:42:16 +0000] "GET /d1/841/AUTH_30b7e0a215454ce0afeddd89cbf7c5dd/gnocchi.ecf42cf2-d6da-4269-853f-1bf7bbc93d03/none_v3" 404 70 "GET http://172.18.0.190:8080/v1/AUTH_30b7e0a215454ce0afeddd89cbf7c5dd/gnocchi.ecf42cf2-d6da-4269-853f-1bf7bbc93d03/none_v3" "txfd2ed061c35440498c01e-006a292368" "proxy-server 12" 0.0005 "-" 25 0
Jun 10 08:42:16 np0000069409 proxy-server[124073]: 172.18.0.105 172.18.0.104 10/Jun/2026/08/42/16 GET /v1/AUTH_30b7e0a215454ce0afeddd89cbf7c5dd/gnocchi.ecf42cf2-d6da-4269-853f-1bf7bbc93d03/none_v3 HTTP/1.0 404 - python-swiftclient-3.11.1 gAAAAABqKSNF4jTp... - 70 - txfd2ed061c35440498c01e-006a292368 - 0.0438 - - 1781080936.616865873 1781080936.660663128 0
Jun 10 08:42:16 np0000069409 object-server[122662]: 172.20.0.103 - - [10/Jun/2026:08:42:16 +0000] "GET /d1/498/AUTH_30b7e0a215454ce0afeddd89cbf7c5dd/gnocchi.3f14beca-06e7-4f84-af97-173eab313356/none_v3" 404 70 "GET http://172.18.0.190:8080/v1/AUTH_30b7e0a215454ce0afeddd89cbf7c5dd/gnocchi.3f14beca-06e7-4f84-af97-173eab313356/none_v3" "tx0ce31349ae6d482f9df1f-006a292368" "proxy-server 20" 0.0007 "-" 24 0
Jun 10 08:42:16 np0000069409 container-server[122338]: 172.20.0.105 - - [10/Jun/2026:08:42:16 +0000] "PUT /d1/988/AUTH_30b7e0a215454ce0afeddd89cbf7c5dd/gnocchi.ecf42cf2-d6da-4269-853f-1bf7bbc93d03" 201 - "PUT http://172.18.0.190:8080/v1/AUTH_30b7e0a215454ce0afeddd89cbf7c5dd/gnocchi.ecf42cf2-d6da-4269-853f-1bf7bbc93d03" "tx1cc09f21377b4860822c0-006a292368" "proxy-server 20" 0.0227 "-" 22 0
Jun 10 08:42:16 np0000069409 account-server[121954]: 172.20.0.105 - - [10/Jun/2026:08:42:16 +0000] "PUT /d1/422/AUTH_30b7e0a215454ce0afeddd89cbf7c5dd/gnocchi.ecf42cf2-d6da-4269-853f-1bf7bbc93d03" 201 - "PUT http://172.20.0.105:6001/d1/988/AUTH_30b7e0a215454ce0afeddd89cbf7c5dd/gnocchi.ecf42cf2-d6da-4269-853f-1bf7bbc93d03" "tx1cc09f21377b4860822c0-006a292368" "container-server 21" 0.0023 "-" 21 0
Jun 10 08:42:16 np0000069409 container-server[122324]: 172.20.0.104 - - [10/Jun/2026:08:42:16 +0000] "PUT /d1/670/AUTH_30b7e0a215454ce0afeddd89cbf7c5dd/gnocchi.3f14beca-06e7-4f84-af97-173eab313356" 201 - "PUT http://172.18.0.190:8080/v1/AUTH_30b7e0a215454ce0afeddd89cbf7c5dd/gnocchi.3f14beca-06e7-4f84-af97-173eab313356" "txe7dd188ce350442da92bf-006a292368" "proxy-server 12" 0.0215 "-" 21 0
Jun 10 08:42:16 np0000069409 account-server[121980]: 172.20.0.105 - - [10/Jun/2026:08:42:16 +0000] "PUT /d1/422/AUTH_30b7e0a215454ce0afeddd89cbf7c5dd/gnocchi.3f14beca-06e7-4f84-af97-173eab313356" 201 - "PUT http://172.20.0.105:6001/d1/670/AUTH_30b7e0a215454ce0afeddd89cbf7c5dd/gnocchi.3f14beca-06e7-4f84-af97-173eab313356" "txe7dd188ce350442da92bf-006a292368" "container-server 23" 0.0047 "-" 23 0
Jun 10 08:42:16 np0000069409 proxy-server[124073]: 172.18.0.103 172.18.0.104 10/Jun/2026/08/42/16 PUT /v1/AUTH_30b7e0a215454ce0afeddd89cbf7c5dd/gnocchi.3f14beca-06e7-4f84-af97-173eab313356 HTTP/1.0 201 - python-swiftclient-3.11.1 gAAAAABqKSMnQkw3... - - - txe7dd188ce350442da92bf-006a292368 - 0.0372 - - 1781080936.676193953 1781080936.713431120 0
Jun 10 08:42:16 np0000069409 container-server[122321]: 172.20.0.105 - - [10/Jun/2026:08:42:16 +0000] "HEAD /d1/670/AUTH_30b7e0a215454ce0afeddd89cbf7c5dd/gnocchi.3f14beca-06e7-4f84-af97-173eab313356" 204 - "HEAD http://172.18.0.190:8080/v1/AUTH_30b7e0a215454ce0afeddd89cbf7c5dd/gnocchi.3f14beca-06e7-4f84-af97-173eab313356?format=json&states=listing" "tx20a9120af6004ac2b066e-006a292368" "proxy-server 20" 0.0025 "-" 20 0
Jun 10 08:42:16 np0000069409 object-server[122666]: 172.20.0.104 - - [10/Jun/2026:08:42:16 +0000] "GET /d1/629/AUTH_30b7e0a215454ce0afeddd89cbf7c5dd/gnocchi.ecf42cf2-d6da-4269-853f-1bf7bbc93d03/1780920000.0_mean_300.0_v3" 404 70 "GET http://172.18.0.190:8080/v1/AUTH_30b7e0a215454ce0afeddd89cbf7c5dd/gnocchi.ecf42cf2-d6da-4269-853f-1bf7bbc93d03/1780920000.0_mean_300.0_v3" "tx86494619e66e46c685996-006a292368" "proxy-server 12" 0.0003 "-" 25 0
Jun 10 08:42:16 np0000069409 proxy-server[124073]: 172.18.0.105 172.18.0.104 10/Jun/2026/08/42/16 GET /v1/AUTH_30b7e0a215454ce0afeddd89cbf7c5dd/gnocchi.ecf42cf2-d6da-4269-853f-1bf7bbc93d03/1780920000.0_mean_300.0_v3 HTTP/1.0 404 - python-swiftclient-3.11.1 gAAAAABqKSNF4jTp... - 70 - tx86494619e66e46c685996-006a292368 - 0.0141 - - 1781080936.749472857 1781080936.763546705 0
Jun 10 08:42:16 np0000069409 object-server[122650]: 172.20.0.103 - - [10/Jun/2026:08:42:16 +0000] "GET /d1/479/AUTH_30b7e0a215454ce0afeddd89cbf7c5dd/gnocchi.3f14beca-06e7-4f84-af97-173eab313356/1780920000.0_mean_300.0_v3" 404 70 "GET http://172.18.0.190:8080/v1/AUTH_30b7e0a215454ce0afeddd89cbf7c5dd/gnocchi.3f14beca-06e7-4f84-af97-173eab313356/1780920000.0_mean_300.0_v3" "tx0339de28c5b341fd94742-006a292368" "proxy-server 20" 0.0007 "-" 22 0
Jun 10 08:42:16 np0000069409 container-server[122321]: 172.20.0.104 - - [10/Jun/2026:08:42:16 +0000] "PUT /d1/988/AUTH_30b7e0a215454ce0afeddd89cbf7c5dd/gnocchi.ecf42cf2-d6da-4269-853f-1bf7bbc93d03/1780920000.0_mean_300.0_v3" 201 - "PUT http://172.18.0.190:8080/d1/629/AUTH_30b7e0a215454ce0afeddd89cbf7c5dd/gnocchi.ecf42cf2-d6da-4269-853f-1bf7bbc93d03/1780920000.0_mean_300.0_v3" "tx691abdc3ece14a35868a8-006a292368" "object-server 25" 0.0009 "-" 20 0
Jun 10 08:42:16 np0000069409 object-server[122666]: 172.20.0.105 - - [10/Jun/2026:08:42:16 +0000] "PUT /d1/629/AUTH_30b7e0a215454ce0afeddd89cbf7c5dd/gnocchi.ecf42cf2-d6da-4269-853f-1bf7bbc93d03/1780920000.0_mean_300.0_v3" 201 - "PUT http://172.18.0.190:8080/v1/AUTH_30b7e0a215454ce0afeddd89cbf7c5dd/gnocchi.ecf42cf2-d6da-4269-853f-1bf7bbc93d03/1780920000.0_mean_300.0_v3" "tx691abdc3ece14a35868a8-006a292368" "proxy-server 20" 0.0209 "-" 25 0
Jun 10 08:42:16 np0000069409 container-server[122338]: 172.20.0.105 - - [10/Jun/2026:08:42:16 +0000] "PUT /d1/670/AUTH_30b7e0a215454ce0afeddd89cbf7c5dd/gnocchi.3f14beca-06e7-4f84-af97-173eab313356/1780920000.0_mean_300.0_v3" 201 - "PUT http://172.18.0.190:8080/d1/479/AUTH_30b7e0a215454ce0afeddd89cbf7c5dd/gnocchi.3f14beca-06e7-4f84-af97-173eab313356/1780920000.0_mean_300.0_v3" "tx096091effd24416b8208c-006a292368" "object-server 22" 0.0007 "-" 22 0
Jun 10 08:42:16 np0000069409 object-server[122657]: 172.20.0.104 - - [10/Jun/2026:08:42:16 +0000] "PUT /d1/479/AUTH_30b7e0a215454ce0afeddd89cbf7c5dd/gnocchi.3f14beca-06e7-4f84-af97-173eab313356/1780920000.0_mean_300.0_v3" 201 - "PUT http://172.18.0.190:8080/v1/AUTH_30b7e0a215454ce0afeddd89cbf7c5dd/gnocchi.3f14beca-06e7-4f84-af97-173eab313356/1780920000.0_mean_300.0_v3" "tx096091effd24416b8208c-006a292368" "proxy-server 12" 0.0229 "-" 23 0
Jun 10 08:42:16 np0000069409 proxy-server[124073]: 172.18.0.103 172.18.0.104 10/Jun/2026/08/42/16 PUT /v1/AUTH_30b7e0a215454ce0afeddd89cbf7c5dd/gnocchi.3f14beca-06e7-4f84-af97-173eab313356/1780920000.0_mean_300.0_v3 HTTP/1.0 201 - python-swiftclient-3.11.1 gAAAAABqKSMnQkw3... 16 - - tx096091effd24416b8208c-006a292368 - 0.0346 - - 1781080936.781099319 1781080936.815702438 0
Jun 10 08:42:16 np0000069409 container-server[122324]: 172.20.0.104 - - [10/Jun/2026:08:42:16 +0000] "PUT /d1/988/AUTH_30b7e0a215454ce0afeddd89cbf7c5dd/gnocchi.ecf42cf2-d6da-4269-853f-1bf7bbc93d03/none_v3" 201 - "PUT http://172.18.0.190:8080/d1/841/AUTH_30b7e0a215454ce0afeddd89cbf7c5dd/gnocchi.ecf42cf2-d6da-4269-853f-1bf7bbc93d03/none_v3" "txf68f67b0cbcc4b6d8d9f3-006a292368" "object-server 25" 0.0008 "-" 21 0
Jun 10 08:42:16 np0000069409 object-server[122666]: 172.20.0.104 - - [10/Jun/2026:08:42:16 +0000] "PUT /d1/841/AUTH_30b7e0a215454ce0afeddd89cbf7c5dd/gnocchi.ecf42cf2-d6da-4269-853f-1bf7bbc93d03/none_v3" 201 - "PUT http://172.18.0.190:8080/v1/AUTH_30b7e0a215454ce0afeddd89cbf7c5dd/gnocchi.ecf42cf2-d6da-4269-853f-1bf7bbc93d03/none_v3" "txf68f67b0cbcc4b6d8d9f3-006a292368" "proxy-server 12" 0.0142 "-" 25 0
Jun 10 08:42:16 np0000069409 object-server[122657]: 172.20.0.103 - - [10/Jun/2026:08:42:16 +0000] "PUT /d1/498/AUTH_30b7e0a215454ce0afeddd89cbf7c5dd/gnocchi.3f14beca-06e7-4f84-af97-173eab313356/none_v3" 201 - "PUT http://172.18.0.190:8080/v1/AUTH_30b7e0a215454ce0afeddd89cbf7c5dd/gnocchi.3f14beca-06e7-4f84-af97-173eab313356/none_v3" "tx52741c66b0ed4e1e8520a-006a292368" "proxy-server 20" 0.0149 "-" 23 0
Jun 10 08:42:16 np0000069409 container-server[122324]: 172.20.0.105 - - [10/Jun/2026:08:42:16 +0000] "PUT /d1/670/AUTH_30b7e0a215454ce0afeddd89cbf7c5dd/gnocchi.3f14beca-06e7-4f84-af97-173eab313356/none_v3" 201 - "PUT http://172.18.0.190:8080/d1/498/AUTH_30b7e0a215454ce0afeddd89cbf7c5dd/gnocchi.3f14beca-06e7-4f84-af97-173eab313356/none_v3" "tx52741c66b0ed4e1e8520a-006a292368" "object-server 23" 0.0009 "-" 21 0
Jun 10 08:42:16 np0000069409 proxy-server[124073]: 172.18.0.105 172.18.0.104 10/Jun/2026/08/42/16 PUT /v1/AUTH_30b7e0a215454ce0afeddd89cbf7c5dd/gnocchi.ecf42cf2-d6da-4269-853f-1bf7bbc93d03/none_v3 HTTP/1.0 201 - python-swiftclient-3.11.1 gAAAAABqKSNF4jTp... 22 - - txf68f67b0cbcc4b6d8d9f3-006a292368 - 0.0282 - - 1781080936.822266340 1781080936.850438118 0
Jun 10 08:42:18 np0000069409 object-server[217165]: Begin object audit "forever" mode (ZBF)
Jun 10 08:42:18 np0000069409 object-server[217165]: Object audit (ZBF). Since Wed Jun 10 08:42:18 2026: Locally: 1 passed, 0 quarantined, 0 errors, files/sec: 643.99, bytes/sec: 0.00, Total time: 0.00, Auditing time: 0.00, Rate: 0.00
Jun 10 08:42:18 np0000069409 object-server[217165]: Object audit (ZBF) "forever" mode completed: 0.08s. Total quarantined: 0, Total errors: 0, Total files/sec: 71.88, Total bytes/sec: 0.00, Auditing time: 0.08, Rate: 0.95
Jun 10 08:42:20 np0000069409 account-server[121411]: Beginning replication run
Jun 10 08:42:20 np0000069409 account-server[121411]: Replication run OVER
Jun 10 08:42:20 np0000069409 account-server[121411]: Attempted to replicate 1 dbs in 0.02251 seconds (44.41499/s)
Jun 10 08:42:20 np0000069409 account-server[121411]: Removed 0 dbs
Jun 10 08:42:20 np0000069409 account-server[121411]: 2 successes, 0 failures
Jun 10 08:42:20 np0000069409 account-server[121411]: diff:0 diff_capped:0 empty:0 hashmatch:0 no_change:2 remote_merge:0 rsync:0 ts_repl:0
Jun 10 08:42:25 np0000069409 container-server[122321]: 172.20.0.104 - - [10/Jun/2026:08:42:25 +0000] "HEAD /d1/788/AUTH_30b7e0a215454ce0afeddd89cbf7c5dd/gnocchi.70de3730-df8d-4474-bbc7-f9dfd9698dce" 404 - "HEAD http://172.18.0.190:8080/v1/AUTH_30b7e0a215454ce0afeddd89cbf7c5dd/gnocchi.70de3730-df8d-4474-bbc7-f9dfd9698dce?format=json&states=listing" "txd415eeaa7a1e44ed8b89a-006a292371" "proxy-server 12" 0.0011 "-" 20 0
Jun 10 08:42:25 np0000069409 container-server[122321]: 172.20.0.105 - - [10/Jun/2026:08:42:25 +0000] "HEAD /d1/639/AUTH_30b7e0a215454ce0afeddd89cbf7c5dd/gnocchi.e9a6a22d-077d-4298-b27a-9cc19033d232" 404 - "HEAD http://172.18.0.190:8080/v1/AUTH_30b7e0a215454ce0afeddd89cbf7c5dd/gnocchi.e9a6a22d-077d-4298-b27a-9cc19033d232?format=json&states=listing" "txf3a6df4302834e94afa74-006a292371" "proxy-server 20" 0.0006 "-" 20 0
Jun 10 08:42:25 np0000069409 object-server[122662]: 172.20.0.105 - - [10/Jun/2026:08:42:25 +0000] "GET /d1/151/AUTH_30b7e0a215454ce0afeddd89cbf7c5dd/gnocchi.e9a6a22d-077d-4298-b27a-9cc19033d232/none_v3" 404 70 "GET http://172.18.0.190:8080/v1/AUTH_30b7e0a215454ce0afeddd89cbf7c5dd/gnocchi.e9a6a22d-077d-4298-b27a-9cc19033d232/none_v3" "txf3a6df4302834e94afa74-006a292371" "proxy-server 20" 0.0009 "-" 24 0
Jun 10 08:42:25 np0000069409 object-server[122657]: 172.20.0.104 - - [10/Jun/2026:08:42:25 +0000] "GET /d1/244/AUTH_30b7e0a215454ce0afeddd89cbf7c5dd/gnocchi.70de3730-df8d-4474-bbc7-f9dfd9698dce/none_v3" 404 70 "GET http://172.18.0.190:8080/v1/AUTH_30b7e0a215454ce0afeddd89cbf7c5dd/gnocchi.70de3730-df8d-4474-bbc7-f9dfd9698dce/none_v3" "txd415eeaa7a1e44ed8b89a-006a292371" "proxy-server 12" 0.0005 "-" 23 0
Jun 10 08:42:25 np0000069409 proxy-server[124073]: 172.18.0.105 172.18.0.104 10/Jun/2026/08/42/25 GET /v1/AUTH_30b7e0a215454ce0afeddd89cbf7c5dd/gnocchi.70de3730-df8d-4474-bbc7-f9dfd9698dce/none_v3 HTTP/1.0 404 - python-swiftclient-3.11.1 gAAAAABqKSNF4jTp... - 70 - txd415eeaa7a1e44ed8b89a-006a292371 - 0.0349 - - 1781080945.524517059 1781080945.559452057 0
Jun 10 08:42:25 np0000069409 account-server[121945]: 172.20.0.104 - - [10/Jun/2026:08:42:25 +0000] "PUT /d1/422/AUTH_30b7e0a215454ce0afeddd89cbf7c5dd/gnocchi.70de3730-df8d-4474-bbc7-f9dfd9698dce" 201 - "PUT http://172.20.0.104:6001/d1/788/AUTH_30b7e0a215454ce0afeddd89cbf7c5dd/gnocchi.70de3730-df8d-4474-bbc7-f9dfd9698dce" "tx31f0894ae0d347a2874ad-006a292371" "container-server 22" 0.0024 "-" 20 0
Jun 10 08:42:25 np0000069409 container-server[122338]: 172.20.0.103 - - [10/Jun/2026:08:42:25 +0000] "PUT /d1/788/AUTH_30b7e0a215454ce0afeddd89cbf7c5dd/gnocchi.70de3730-df8d-4474-bbc7-f9dfd9698dce" 201 - "PUT http://172.18.0.190:8080/v1/AUTH_30b7e0a215454ce0afeddd89cbf7c5dd/gnocchi.70de3730-df8d-4474-bbc7-f9dfd9698dce" "tx31f0894ae0d347a2874ad-006a292371" "proxy-server 20" 0.0236 "-" 22 0
Jun 10 08:42:25 np0000069409 account-server[121945]: 172.20.0.105 - - [10/Jun/2026:08:42:25 +0000] "PUT /d1/422/AUTH_30b7e0a215454ce0afeddd89cbf7c5dd/gnocchi.e9a6a22d-077d-4298-b27a-9cc19033d232" 201 - "PUT http://172.20.0.105:6001/d1/639/AUTH_30b7e0a215454ce0afeddd89cbf7c5dd/gnocchi.e9a6a22d-077d-4298-b27a-9cc19033d232" "txe800e3c75f77446b84ad6-006a292371" "container-server 23" 0.0081 "-" 20 0
Jun 10 08:42:25 np0000069409 container-server[122338]: 172.20.0.104 - - [10/Jun/2026:08:42:25 +0000] "PUT /d1/639/AUTH_30b7e0a215454ce0afeddd89cbf7c5dd/gnocchi.e9a6a22d-077d-4298-b27a-9cc19033d232" 201 - "PUT http://172.18.0.190:8080/v1/AUTH_30b7e0a215454ce0afeddd89cbf7c5dd/gnocchi.e9a6a22d-077d-4298-b27a-9cc19033d232" "txe800e3c75f77446b84ad6-006a292371" "proxy-server 12" 0.0194 "-" 22 0
Jun 10 08:42:25 np0000069409 proxy-server[124073]: 172.18.0.103 172.18.0.104 10/Jun/2026/08/42/25 PUT /v1/AUTH_30b7e0a215454ce0afeddd89cbf7c5dd/gnocchi.e9a6a22d-077d-4298-b27a-9cc19033d232 HTTP/1.0 201 - python-swiftclient-3.11.1 gAAAAABqKSMnQkw3... - - - txe800e3c75f77446b84ad6-006a292371 - 0.0374 - - 1781080945.565974236 1781080945.603385448 0
Jun 10 08:42:25 np0000069409 container-server[122363]: 172.20.0.105 - - [10/Jun/2026:08:42:25 +0000] "HEAD /d1/788/AUTH_30b7e0a215454ce0afeddd89cbf7c5dd/gnocchi.70de3730-df8d-4474-bbc7-f9dfd9698dce" 204 - "HEAD http://172.18.0.190:8080/v1/AUTH_30b7e0a215454ce0afeddd89cbf7c5dd/gnocchi.70de3730-df8d-4474-bbc7-f9dfd9698dce?format=json&states=listing" "tx38d02497150d41c3a003e-006a292371" "proxy-server 20" 0.0025 "-" 23 0
Jun 10 08:42:25 np0000069409 container-server[122321]: 172.20.0.105 - - [10/Jun/2026:08:42:25 +0000] "GET /d1/788/AUTH_30b7e0a215454ce0afeddd89cbf7c5dd/gnocchi.70de3730-df8d-4474-bbc7-f9dfd9698dce" 200 2 "GET http://172.18.0.190:8080/v1/AUTH_30b7e0a215454ce0afeddd89cbf7c5dd/gnocchi.70de3730-df8d-4474-bbc7-f9dfd9698dce?format=json&states=listing" "tx38d02497150d41c3a003e-006a292371" "proxy-server 20" 0.0049 "-" 20 0
Jun 10 08:42:25 np0000069409 object-server[122657]: 172.20.0.104 - - [10/Jun/2026:08:42:25 +0000] "GET /d1/722/AUTH_30b7e0a215454ce0afeddd89cbf7c5dd/gnocchi.e9a6a22d-077d-4298-b27a-9cc19033d232/1780920000.0_mean_300.0_v3" 404 70 "GET http://172.18.0.190:8080/v1/AUTH_30b7e0a215454ce0afeddd89cbf7c5dd/gnocchi.e9a6a22d-077d-4298-b27a-9cc19033d232/1780920000.0_mean_300.0_v3" "txc8cb3b336a064c9292863-006a292371" "proxy-server 12" 0.0003 "-" 23 0
Jun 10 08:42:25 np0000069409 object-server[122657]: 172.20.0.103 - - [10/Jun/2026:08:42:25 +0000] "GET /d1/279/AUTH_30b7e0a215454ce0afeddd89cbf7c5dd/gnocchi.70de3730-df8d-4474-bbc7-f9dfd9698dce/1780920000.0_mean_300.0_v3" 404 70 "GET http://172.18.0.190:8080/v1/AUTH_30b7e0a215454ce0afeddd89cbf7c5dd/gnocchi.70de3730-df8d-4474-bbc7-f9dfd9698dce/1780920000.0_mean_300.0_v3" "txc817f75dacff434d8a0ff-006a292371" "proxy-server 20" 0.0002 "-" 23 0
Jun 10 08:42:25 np0000069409 proxy-server[124073]: 172.18.0.103 172.18.0.104 10/Jun/2026/08/42/25 GET /v1/AUTH_30b7e0a215454ce0afeddd89cbf7c5dd/gnocchi.e9a6a22d-077d-4298-b27a-9cc19033d232/1780920000.0_mean_300.0_v3 HTTP/1.0 404 - python-swiftclient-3.11.1 gAAAAABqKSMnQkw3... - 70 - txc8cb3b336a064c9292863-006a292371 - 0.0166 - - 1781080945.630437136 1781080945.647048473 0
Jun 10 08:42:25 np0000069409 container-server[122338]: 172.20.0.104 - - [10/Jun/2026:08:42:25 +0000] "PUT /d1/788/AUTH_30b7e0a215454ce0afeddd89cbf7c5dd/gnocchi.70de3730-df8d-4474-bbc7-f9dfd9698dce/1780920000.0_mean_300.0_v3" 201 - "PUT http://172.18.0.190:8080/d1/279/AUTH_30b7e0a215454ce0afeddd89cbf7c5dd/gnocchi.70de3730-df8d-4474-bbc7-f9dfd9698dce/1780920000.0_mean_300.0_v3" "tx42c4ba9a0d0043ada4f35-006a292371" "object-server 23" 0.0009 "-" 22 0
Jun 10 08:42:25 np0000069409 object-server[122657]: 172.20.0.104 - - [10/Jun/2026:08:42:25 +0000] "PUT /d1/279/AUTH_30b7e0a215454ce0afeddd89cbf7c5dd/gnocchi.70de3730-df8d-4474-bbc7-f9dfd9698dce/1780920000.0_mean_300.0_v3" 201 - "PUT http://172.18.0.190:8080/v1/AUTH_30b7e0a215454ce0afeddd89cbf7c5dd/gnocchi.70de3730-df8d-4474-bbc7-f9dfd9698dce/1780920000.0_mean_300.0_v3" "tx42c4ba9a0d0043ada4f35-006a292371" "proxy-server 12" 0.0139 "-" 23 0
Jun 10 08:42:25 np0000069409 container-server[122338]: 172.20.0.105 - - [10/Jun/2026:08:42:25 +0000] "PUT /d1/639/AUTH_30b7e0a215454ce0afeddd89cbf7c5dd/gnocchi.e9a6a22d-077d-4298-b27a-9cc19033d232/1780920000.0_mean_300.0_v3" 201 - "PUT http://172.18.0.190:8080/d1/722/AUTH_30b7e0a215454ce0afeddd89cbf7c5dd/gnocchi.e9a6a22d-077d-4298-b27a-9cc19033d232/1780920000.0_mean_300.0_v3" "tx40ac081204164c7bbe970-006a292371" "object-server 22" 0.0007 "-" 22 0
Jun 10 08:42:25 np0000069409 proxy-server[124073]: 172.18.0.105 172.18.0.104 10/Jun/2026/08/42/25 PUT /v1/AUTH_30b7e0a215454ce0afeddd89cbf7c5dd/gnocchi.70de3730-df8d-4474-bbc7-f9dfd9698dce/1780920000.0_mean_300.0_v3 HTTP/1.0 201 - python-swiftclient-3.11.1 gAAAAABqKSNF4jTp... 16 - - tx42c4ba9a0d0043ada4f35-006a292371 - 0.0265 - - 1781080945.652269840 1781080945.678761482 0
Jun 10 08:42:25 np0000069409 object-server[122657]: 172.20.0.105 - - [10/Jun/2026:08:42:25 +0000] "PUT /d1/722/AUTH_30b7e0a215454ce0afeddd89cbf7c5dd/gnocchi.e9a6a22d-077d-4298-b27a-9cc19033d232/1780920000.0_mean_300.0_v3" 201 - "PUT http://172.18.0.190:8080/v1/AUTH_30b7e0a215454ce0afeddd89cbf7c5dd/gnocchi.e9a6a22d-077d-4298-b27a-9cc19033d232/1780920000.0_mean_300.0_v3" "tx40ac081204164c7bbe970-006a292371" "proxy-server 20" 0.0162 "-" 23 0
Jun 10 08:42:25 np0000069409 container-server[122324]: 172.20.0.104 - - [10/Jun/2026:08:42:25 +0000] "PUT /d1/788/AUTH_30b7e0a215454ce0afeddd89cbf7c5dd/gnocchi.70de3730-df8d-4474-bbc7-f9dfd9698dce/none_v3" 201 - "PUT http://172.18.0.190:8080/d1/244/AUTH_30b7e0a215454ce0afeddd89cbf7c5dd/gnocchi.70de3730-df8d-4474-bbc7-f9dfd9698dce/none_v3" "tx6d1a47d23d9347738d3a7-006a292371" "object-server 23" 0.0010 "-" 21 0
