Jun 10 08:47:21 np0000069409 object-server[122650]: 172.20.0.104 - - [10/Jun/2026:08:47:21 +0000] "GET /d1/267/AUTH_30b7e0a215454ce0afeddd89cbf7c5dd/gnocchi.44358ecf-5b55-485d-a342-cbe66dc1fcd0/1780920000.0_mean_300.0_v3" 404 70 "GET http://172.18.0.190:8080/v1/AUTH_30b7e0a215454ce0afeddd89cbf7c5dd/gnocchi.44358ecf-5b55-485d-a342-cbe66dc1fcd0/1780920000.0_mean_300.0_v3" "tx931504ce2af14214b9a05-006a292499" "proxy-server 12" 0.0003 "-" 22 0
Jun 10 08:47:21 np0000069409 object-server[122662]: 172.20.0.105 - - [10/Jun/2026:08:47:21 +0000] "GET /d1/251/AUTH_30b7e0a215454ce0afeddd89cbf7c5dd/gnocchi.dad0b3d0-3a81-4325-accc-e4158c2a319b/1780920000.0_mean_300.0_v3" 404 70 "GET http://172.18.0.190:8080/v1/AUTH_30b7e0a215454ce0afeddd89cbf7c5dd/gnocchi.dad0b3d0-3a81-4325-accc-e4158c2a319b/1780920000.0_mean_300.0_v3" "tx4b6903eb22b14be4b9a6f-006a292499" "proxy-server 20" 0.0002 "-" 24 0
Jun 10 08:47:22 np0000069409 account-server[121954]: 172.20.0.103 - - [10/Jun/2026:08:47:22 +0000] "PUT /d1/422/AUTH_30b7e0a215454ce0afeddd89cbf7c5dd/gnocchi.0c4722bd-a501-4967-a9fb-e4ca97f3d724" 201 - "PUT http://172.20.0.103:6001/d1/147/AUTH_30b7e0a215454ce0afeddd89cbf7c5dd/gnocchi.0c4722bd-a501-4967-a9fb-e4ca97f3d724" "txce6fc35af77e4e27a4909-006a292499" "container-server 23" 0.0080 "-" 21 0
Jun 10 08:47:22 np0000069409 proxy-server[124073]: 172.18.0.103 172.18.0.104 10/Jun/2026/08/47/22 GET /v1/AUTH_30b7e0a215454ce0afeddd89cbf7c5dd/gnocchi.44358ecf-5b55-485d-a342-cbe66dc1fcd0/1780920000.0_mean_300.0_v3 HTTP/1.0 404 - python-swiftclient-3.11.1 gAAAAABqKSMnQkw3... - 70 - tx931504ce2af14214b9a05-006a292499 - 0.0152 - - 1781081241.988990545 1781081242.004145622 0
Jun 10 08:47:22 np0000069409 container-server[122338]: 172.20.0.103 - - [10/Jun/2026:08:47:22 +0000] "PUT /d1/147/AUTH_30b7e0a215454ce0afeddd89cbf7c5dd/gnocchi.0c4722bd-a501-4967-a9fb-e4ca97f3d724" 201 - "PUT http://172.18.0.190:8080/v1/AUTH_30b7e0a215454ce0afeddd89cbf7c5dd/gnocchi.0c4722bd-a501-4967-a9fb-e4ca97f3d724" "txce6fc35af77e4e27a4909-006a292499" "proxy-server 20" 0.0194 "-" 22 0
Jun 10 08:47:22 np0000069409 object-server[122650]: 172.20.0.104 - - [10/Jun/2026:08:47:22 +0000] "PUT /d1/267/AUTH_30b7e0a215454ce0afeddd89cbf7c5dd/gnocchi.44358ecf-5b55-485d-a342-cbe66dc1fcd0/1780920000.0_mean_300.0_v3" 201 - "PUT http://172.18.0.190:8080/v1/AUTH_30b7e0a215454ce0afeddd89cbf7c5dd/gnocchi.44358ecf-5b55-485d-a342-cbe66dc1fcd0/1780920000.0_mean_300.0_v3" "tx69e0136af39a4203863a9-006a29249a" "proxy-server 12" 0.0142 "-" 22 0
Jun 10 08:47:22 np0000069409 container-server[122324]: 172.20.0.103 - - [10/Jun/2026:08:47:22 +0000] "PUT /d1/711/AUTH_30b7e0a215454ce0afeddd89cbf7c5dd/gnocchi.44358ecf-5b55-485d-a342-cbe66dc1fcd0/1780920000.0_mean_300.0_v3" 201 - "PUT http://172.18.0.190:8080/d1/267/AUTH_30b7e0a215454ce0afeddd89cbf7c5dd/gnocchi.44358ecf-5b55-485d-a342-cbe66dc1fcd0/1780920000.0_mean_300.0_v3" "tx69e0136af39a4203863a9-006a29249a" "object-server 24" 0.0008 "-" 21 0
Jun 10 08:47:22 np0000069409 object-server[122650]: 172.20.0.105 - - [10/Jun/2026:08:47:22 +0000] "PUT /d1/251/AUTH_30b7e0a215454ce0afeddd89cbf7c5dd/gnocchi.dad0b3d0-3a81-4325-accc-e4158c2a319b/1780920000.0_mean_300.0_v3" 201 - "PUT http://172.18.0.190:8080/v1/AUTH_30b7e0a215454ce0afeddd89cbf7c5dd/gnocchi.dad0b3d0-3a81-4325-accc-e4158c2a319b/1780920000.0_mean_300.0_v3" "tx829ddad7e92a4335aeedf-006a29249a" "proxy-server 20" 0.0152 "-" 22 0
Jun 10 08:47:22 np0000069409 container-server[122338]: 172.20.0.105 - - [10/Jun/2026:08:47:22 +0000] "PUT /d1/234/AUTH_30b7e0a215454ce0afeddd89cbf7c5dd/gnocchi.dad0b3d0-3a81-4325-accc-e4158c2a319b/1780920000.0_mean_300.0_v3" 201 - "PUT http://172.18.0.190:8080/d1/251/AUTH_30b7e0a215454ce0afeddd89cbf7c5dd/gnocchi.dad0b3d0-3a81-4325-accc-e4158c2a319b/1780920000.0_mean_300.0_v3" "tx829ddad7e92a4335aeedf-006a29249a" "object-server 23" 0.0017 "-" 22 0
Jun 10 08:47:22 np0000069409 proxy-server[124073]: 172.18.0.103 172.18.0.104 10/Jun/2026/08/47/22 PUT /v1/AUTH_30b7e0a215454ce0afeddd89cbf7c5dd/gnocchi.44358ecf-5b55-485d-a342-cbe66dc1fcd0/1780920000.0_mean_300.0_v3 HTTP/1.0 201 - python-swiftclient-3.11.1 gAAAAABqKSMnQkw3... 16 - - tx69e0136af39a4203863a9-006a29249a - 0.0255 - - 1781081242.008466959 1781081242.033937693 0
Jun 10 08:47:22 np0000069409 object-server[122662]: 172.20.0.105 - - [10/Jun/2026:08:47:22 +0000] "GET /d1/640/AUTH_30b7e0a215454ce0afeddd89cbf7c5dd/gnocchi.0c4722bd-a501-4967-a9fb-e4ca97f3d724/1780920000.0_mean_300.0_v3" 404 70 "GET http://172.18.0.190:8080/v1/AUTH_30b7e0a215454ce0afeddd89cbf7c5dd/gnocchi.0c4722bd-a501-4967-a9fb-e4ca97f3d724/1780920000.0_mean_300.0_v3" "txa971de67917c42f5bb138-006a29249a" "proxy-server 20" 0.0004 "-" 24 0
Jun 10 08:47:22 np0000069409 container-server[122321]: 172.20.0.105 - - [10/Jun/2026:08:47:22 +0000] "PUT /d1/234/AUTH_30b7e0a215454ce0afeddd89cbf7c5dd/gnocchi.dad0b3d0-3a81-4325-accc-e4158c2a319b/none_v3" 201 - "PUT http://172.18.0.190:8080/d1/757/AUTH_30b7e0a215454ce0afeddd89cbf7c5dd/gnocchi.dad0b3d0-3a81-4325-accc-e4158c2a319b/none_v3" "txf880789f5c9c46ceb0181-006a29249a" "object-server 22" 0.0009 "-" 20 0
Jun 10 08:47:22 np0000069409 object-server[122650]: 172.20.0.103 - - [10/Jun/2026:08:47:22 +0000] "PUT /d1/757/AUTH_30b7e0a215454ce0afeddd89cbf7c5dd/gnocchi.dad0b3d0-3a81-4325-accc-e4158c2a319b/none_v3" 201 - "PUT http://172.18.0.190:8080/v1/AUTH_30b7e0a215454ce0afeddd89cbf7c5dd/gnocchi.dad0b3d0-3a81-4325-accc-e4158c2a319b/none_v3" "txf880789f5c9c46ceb0181-006a29249a" "proxy-server 20" 0.0139 "-" 22 0
Jun 10 08:47:22 np0000069409 object-server[122657]: 172.20.0.104 - - [10/Jun/2026:08:47:22 +0000] "PUT /d1/96/AUTH_30b7e0a215454ce0afeddd89cbf7c5dd/gnocchi.44358ecf-5b55-485d-a342-cbe66dc1fcd0/none_v3" 201 - "PUT http://172.18.0.190:8080/v1/AUTH_30b7e0a215454ce0afeddd89cbf7c5dd/gnocchi.44358ecf-5b55-485d-a342-cbe66dc1fcd0/none_v3" "tx1d40bdd206bd4b88b8d63-006a29249a" "proxy-server 12" 0.0127 "-" 23 0
Jun 10 08:47:22 np0000069409 container-server[122321]: 172.20.0.105 - - [10/Jun/2026:08:47:22 +0000] "PUT /d1/711/AUTH_30b7e0a215454ce0afeddd89cbf7c5dd/gnocchi.44358ecf-5b55-485d-a342-cbe66dc1fcd0/none_v3" 201 - "PUT http://172.18.0.190:8080/d1/96/AUTH_30b7e0a215454ce0afeddd89cbf7c5dd/gnocchi.44358ecf-5b55-485d-a342-cbe66dc1fcd0/none_v3" "tx1d40bdd206bd4b88b8d63-006a29249a" "object-server 24" 0.0009 "-" 20 0
Jun 10 08:47:22 np0000069409 proxy-server[124073]: 172.18.0.103 172.18.0.104 10/Jun/2026/08/47/22 PUT /v1/AUTH_30b7e0a215454ce0afeddd89cbf7c5dd/gnocchi.44358ecf-5b55-485d-a342-cbe66dc1fcd0/none_v3 HTTP/1.0 201 - python-swiftclient-3.11.1 gAAAAABqKSMnQkw3... 22 - - tx1d40bdd206bd4b88b8d63-006a29249a - 0.0690 - - 1781081242.038767576 1781081242.107783318 0
Jun 10 08:47:22 np0000069409 container-server[122324]: 172.20.0.103 - - [10/Jun/2026:08:47:22 +0000] "PUT /d1/147/AUTH_30b7e0a215454ce0afeddd89cbf7c5dd/gnocchi.0c4722bd-a501-4967-a9fb-e4ca97f3d724/1780920000.0_mean_300.0_v3" 201 - "PUT http://172.18.0.190:8080/d1/640/AUTH_30b7e0a215454ce0afeddd89cbf7c5dd/gnocchi.0c4722bd-a501-4967-a9fb-e4ca97f3d724/1780920000.0_mean_300.0_v3" "tx6a90dff9ca304157a612c-006a29249a" "object-server 22" 0.0005 "-" 21 0
Jun 10 08:47:22 np0000069409 object-server[122666]: 172.20.0.105 - - [10/Jun/2026:08:47:22 +0000] "PUT /d1/640/AUTH_30b7e0a215454ce0afeddd89cbf7c5dd/gnocchi.0c4722bd-a501-4967-a9fb-e4ca97f3d724/1780920000.0_mean_300.0_v3" 201 - "PUT http://172.18.0.190:8080/v1/AUTH_30b7e0a215454ce0afeddd89cbf7c5dd/gnocchi.0c4722bd-a501-4967-a9fb-e4ca97f3d724/1780920000.0_mean_300.0_v3" "tx6a90dff9ca304157a612c-006a29249a" "proxy-server 20" 0.0097 "-" 25 0
Jun 10 08:47:22 np0000069409 container-server[122363]: 172.20.0.103 - - [10/Jun/2026:08:47:22 +0000] "HEAD /d1/929/AUTH_30b7e0a215454ce0afeddd89cbf7c5dd/gnocchi.0cd0dec5-c28d-46da-b723-122cb9a7210f" 404 - "HEAD http://172.18.0.190:8080/v1/AUTH_30b7e0a215454ce0afeddd89cbf7c5dd/gnocchi.0cd0dec5-c28d-46da-b723-122cb9a7210f?format=json&states=listing" "tx3e0e2f72b2e74f959b5ea-006a29249a" "proxy-server 20" 0.0004 "-" 23 0
Jun 10 08:47:22 np0000069409 container-server[122321]: 172.20.0.104 - - [10/Jun/2026:08:47:22 +0000] "HEAD /d1/593/AUTH_30b7e0a215454ce0afeddd89cbf7c5dd/gnocchi.ea1d92ee-5253-4a66-a648-5324b0e11d9e" 404 - "HEAD http://172.18.0.190:8080/v1/AUTH_30b7e0a215454ce0afeddd89cbf7c5dd/gnocchi.ea1d92ee-5253-4a66-a648-5324b0e11d9e?format=json&states=listing" "tx2d7e9ec355d7457a80f0a-006a29249a" "proxy-server 12" 0.0006 "-" 20 0
Jun 10 08:47:22 np0000069409 object-server[122666]: 172.20.0.103 - - [10/Jun/2026:08:47:22 +0000] "GET /d1/878/AUTH_30b7e0a215454ce0afeddd89cbf7c5dd/gnocchi.0cd0dec5-c28d-46da-b723-122cb9a7210f/none_v3" 404 70 "GET http://172.18.0.190:8080/v1/AUTH_30b7e0a215454ce0afeddd89cbf7c5dd/gnocchi.0cd0dec5-c28d-46da-b723-122cb9a7210f/none_v3" "tx3e0e2f72b2e74f959b5ea-006a29249a" "proxy-server 20" 0.0003 "-" 25 0
Jun 10 08:47:22 np0000069409 container-server[122363]: 172.20.0.104 - - [10/Jun/2026:08:47:22 +0000] "PUT /d1/147/AUTH_30b7e0a215454ce0afeddd89cbf7c5dd/gnocchi.0c4722bd-a501-4967-a9fb-e4ca97f3d724/none_v3" 201 - "PUT http://172.18.0.190:8080/d1/845/AUTH_30b7e0a215454ce0afeddd89cbf7c5dd/gnocchi.0c4722bd-a501-4967-a9fb-e4ca97f3d724/none_v3" "tx7e84d29bfb234f1e89667-006a29249a" "object-server 24" 0.0007 "-" 23 0
Jun 10 08:47:22 np0000069409 object-server[122662]: 172.20.0.105 - - [10/Jun/2026:08:47:22 +0000] "PUT /d1/845/AUTH_30b7e0a215454ce0afeddd89cbf7c5dd/gnocchi.0c4722bd-a501-4967-a9fb-e4ca97f3d724/none_v3" 201 - "PUT http://172.18.0.190:8080/v1/AUTH_30b7e0a215454ce0afeddd89cbf7c5dd/gnocchi.0c4722bd-a501-4967-a9fb-e4ca97f3d724/none_v3" "tx7e84d29bfb234f1e89667-006a29249a" "proxy-server 20" 0.0092 "-" 24 0
Jun 10 08:47:22 np0000069409 object-server[122650]: 172.20.0.104 - - [10/Jun/2026:08:47:22 +0000] "GET /d1/647/AUTH_30b7e0a215454ce0afeddd89cbf7c5dd/gnocchi.ea1d92ee-5253-4a66-a648-5324b0e11d9e/none_v3" 404 70 "GET http://172.18.0.190:8080/v1/AUTH_30b7e0a215454ce0afeddd89cbf7c5dd/gnocchi.ea1d92ee-5253-4a66-a648-5324b0e11d9e/none_v3" "tx2d7e9ec355d7457a80f0a-006a29249a" "proxy-server 12" 0.0003 "-" 22 0
Jun 10 08:47:22 np0000069409 proxy-server[124073]: 172.18.0.103 172.18.0.104 10/Jun/2026/08/47/22 GET /v1/AUTH_30b7e0a215454ce0afeddd89cbf7c5dd/gnocchi.ea1d92ee-5253-4a66-a648-5324b0e11d9e/none_v3 HTTP/1.0 404 - python-swiftclient-3.11.1 gAAAAABqKSMnQkw3... - 70 - tx2d7e9ec355d7457a80f0a-006a29249a - 0.0309 - - 1781081242.127710819 1781081242.158589125 0
Jun 10 08:47:22 np0000069409 container-server[122338]: 172.20.0.104 - - [10/Jun/2026:08:47:22 +0000] "HEAD /d1/94/AUTH_30b7e0a215454ce0afeddd89cbf7c5dd/gnocchi.44b60614-095b-4157-9512-a864361d9671" 404 - "HEAD http://172.18.0.190:8080/v1/AUTH_30b7e0a215454ce0afeddd89cbf7c5dd/gnocchi.44b60614-095b-4157-9512-a864361d9671?format=json&states=listing" "txea4e049b4b2344b08d76d-006a29249a" "proxy-server 12" 0.0008 "-" 22 0
Jun 10 08:47:22 np0000069409 account-server[121980]: 172.20.0.104 - - [10/Jun/2026:08:47:22 +0000] "PUT /d1/422/AUTH_30b7e0a215454ce0afeddd89cbf7c5dd/gnocchi.0cd0dec5-c28d-46da-b723-122cb9a7210f" 201 - "PUT http://172.20.0.104:6001/d1/929/AUTH_30b7e0a215454ce0afeddd89cbf7c5dd/gnocchi.0cd0dec5-c28d-46da-b723-122cb9a7210f" "tx7638a33aeb8f4bf7911c9-006a29249a" "container-server 20" 0.0056 "-" 23 0
Jun 10 08:47:22 np0000069409 container-server[122321]: 172.20.0.103 - - [10/Jun/2026:08:47:22 +0000] "PUT /d1/929/AUTH_30b7e0a215454ce0afeddd89cbf7c5dd/gnocchi.0cd0dec5-c28d-46da-b723-122cb9a7210f" 201 - "PUT http://172.18.0.190:8080/v1/AUTH_30b7e0a215454ce0afeddd89cbf7c5dd/gnocchi.0cd0dec5-c28d-46da-b723-122cb9a7210f" "tx7638a33aeb8f4bf7911c9-006a29249a" "proxy-server 20" 0.0190 "-" 20 0
Jun 10 08:47:22 np0000069409 account-server[121958]: 172.20.0.104 - - [10/Jun/2026:08:47:22 +0000] "PUT /d1/422/AUTH_30b7e0a215454ce0afeddd89cbf7c5dd/gnocchi.ea1d92ee-5253-4a66-a648-5324b0e11d9e" 201 - "PUT http://172.20.0.104:6001/d1/593/AUTH_30b7e0a215454ce0afeddd89cbf7c5dd/gnocchi.ea1d92ee-5253-4a66-a648-5324b0e11d9e" "tx15194c258c75485384676-006a29249a" "container-server 23" 0.0062 "-" 22 0
Jun 10 08:47:22 np0000069409 container-server[122363]: 172.20.0.105 - - [10/Jun/2026:08:47:22 +0000] "PUT /d1/593/AUTH_30b7e0a215454ce0afeddd89cbf7c5dd/gnocchi.ea1d92ee-5253-4a66-a648-5324b0e11d9e" 201 - "PUT http://172.18.0.190:8080/v1/AUTH_30b7e0a215454ce0afeddd89cbf7c5dd/gnocchi.ea1d92ee-5253-4a66-a648-5324b0e11d9e" "tx15194c258c75485384676-006a29249a" "proxy-server 20" 0.0162 "-" 23 0
Jun 10 08:47:22 np0000069409 object-server[122657]: 172.20.0.104 - - [10/Jun/2026:08:47:22 +0000] "GET /d1/606/AUTH_30b7e0a215454ce0afeddd89cbf7c5dd/gnocchi.44b60614-095b-4157-9512-a864361d9671/none_v3" 404 70 "GET http://172.18.0.190:8080/v1/AUTH_30b7e0a215454ce0afeddd89cbf7c5dd/gnocchi.44b60614-095b-4157-9512-a864361d9671/none_v3" "txea4e049b4b2344b08d76d-006a29249a" "proxy-server 12" 0.0004 "-" 23 0
Jun 10 08:47:22 np0000069409 proxy-server[124073]: 172.18.0.105 172.18.0.104 10/Jun/2026/08/47/22 GET /v1/AUTH_30b7e0a215454ce0afeddd89cbf7c5dd/gnocchi.44b60614-095b-4157-9512-a864361d9671/none_v3 HTTP/1.0 404 - python-swiftclient-3.11.1 gAAAAABqKSNF4jTp... - 70 - txea4e049b4b2344b08d76d-006a29249a - 0.0337 - - 1781081242.165372849 1781081242.199075222 0
Jun 10 08:47:22 np0000069409 container-server[122363]: 172.20.0.103 - - [10/Jun/2026:08:47:22 +0000] "GET /d1/929/AUTH_30b7e0a215454ce0afeddd89cbf7c5dd/gnocchi.0cd0dec5-c28d-46da-b723-122cb9a7210f" 200 2 "GET http://172.18.0.190:8080/v1/AUTH_30b7e0a215454ce0afeddd89cbf7c5dd/gnocchi.0cd0dec5-c28d-46da-b723-122cb9a7210f?format=json&states=listing" "txb8b8647d759a465b8cc98-006a29249a" "proxy-server 20" 0.0038 "-" 23 0
Jun 10 08:47:22 np0000069409 container-server[122321]: 172.20.0.104 - - [10/Jun/2026:08:47:22 +0000] "PUT /d1/94/AUTH_30b7e0a215454ce0afeddd89cbf7c5dd/gnocchi.44b60614-095b-4157-9512-a864361d9671" 201 - "PUT http://172.18.0.190:8080/v1/AUTH_30b7e0a215454ce0afeddd89cbf7c5dd/gnocchi.44b60614-095b-4157-9512-a864361d9671" "txbf6da9998b3a4c04a3bcf-006a29249a" "proxy-server 12" 0.0193 "-" 20 0
Jun 10 08:47:22 np0000069409 account-server[121954]: 172.20.0.103 - - [10/Jun/2026:08:47:22 +0000] "PUT /d1/422/AUTH_30b7e0a215454ce0afeddd89cbf7c5dd/gnocchi.44b60614-095b-4157-9512-a864361d9671" 201 - "PUT http://172.20.0.103:6001/d1/94/AUTH_30b7e0a215454ce0afeddd89cbf7c5dd/gnocchi.44b60614-095b-4157-9512-a864361d9671" "txbf6da9998b3a4c04a3bcf-006a29249a" "container-server 22" 0.0047 "-" 21 0
Jun 10 08:47:22 np0000069409 proxy-server[124073]: 172.18.0.105 172.18.0.104 10/Jun/2026/08/47/22 PUT /v1/AUTH_30b7e0a215454ce0afeddd89cbf7c5dd/gnocchi.44b60614-095b-4157-9512-a864361d9671 HTTP/1.0 201 - python-swiftclient-3.11.1 gAAAAABqKSNF4jTp... - - - txbf6da9998b3a4c04a3bcf-006a29249a - 0.0397 - - 1781081242.202665806 1781081242.242398262 0
Jun 10 08:47:22 np0000069409 object-server[122657]: 172.20.0.103 - - [10/Jun/2026:08:47:22 +0000] "GET /d1/538/AUTH_30b7e0a215454ce0afeddd89cbf7c5dd/gnocchi.0cd0dec5-c28d-46da-b723-122cb9a7210f/1780920000.0_mean_300.0_v3" 404 70 "GET http://172.18.0.190:8080/v1/AUTH_30b7e0a215454ce0afeddd89cbf7c5dd/gnocchi.0cd0dec5-c28d-46da-b723-122cb9a7210f/1780920000.0_mean_300.0_v3" "txc9a1090375204734b037d-006a29249a" "proxy-server 20" 0.0004 "-" 23 0
Jun 10 08:47:22 np0000069409 container-server[122321]: 172.20.0.104 - - [10/Jun/2026:08:47:22 +0000] "HEAD /d1/94/AUTH_30b7e0a215454ce0afeddd89cbf7c5dd/gnocchi.44b60614-095b-4157-9512-a864361d9671" 204 - "HEAD http://172.18.0.190:8080/v1/AUTH_30b7e0a215454ce0afeddd89cbf7c5dd/gnocchi.44b60614-095b-4157-9512-a864361d9671?format=json&states=listing" "txd72e38121cd64dcfa0c80-006a29249a" "proxy-server 12" 0.0028 "-" 20 0
Jun 10 08:47:22 np0000069409 proxy-server[124073]: - - 10/Jun/2026/08/47/22 HEAD /v1/AUTH_30b7e0a215454ce0afeddd89cbf7c5dd/gnocchi.44b60614-095b-4157-9512-a864361d9671%3Fformat%3Djson%26states%3Dlisting HTTP/1.0 204 - Swift - - - - txd72e38121cd64dcfa0c80-006a29249a - 0.0080 RL - 1781081242.249966145 1781081242.257994652 0
Jun 10 08:47:22 np0000069409 object-server[122666]: 172.20.0.105 - - [10/Jun/2026:08:47:22 +0000] "GET /d1/279/AUTH_30b7e0a215454ce0afeddd89cbf7c5dd/gnocchi.ea1d92ee-5253-4a66-a648-5324b0e11d9e/1780920000.0_mean_300.0_v3" 404 70 "GET http://172.18.0.190:8080/v1/AUTH_30b7e0a215454ce0afeddd89cbf7c5dd/gnocchi.ea1d92ee-5253-4a66-a648-5324b0e11d9e/1780920000.0_mean_300.0_v3" "txb8e1ad8ec0c34a1fb6979-006a29249a" "proxy-server 20" 0.0005 "-" 25 0
Jun 10 08:47:22 np0000069409 proxy-server[124073]: 172.18.0.105 172.18.0.104 10/Jun/2026/08/47/22 GET /v1/AUTH_30b7e0a215454ce0afeddd89cbf7c5dd/gnocchi.44b60614-095b-4157-9512-a864361d9671%3Fformat%3Djson%26states%3Dlisting HTTP/1.0 200 - python-swiftclient-3.11.1 gAAAAABqKSNF4jTp... - 2 - txd72e38121cd64dcfa0c80-006a29249a - 0.0241 - - 1781081242.247848272 1781081242.271928787 0
Jun 10 08:47:22 np0000069409 object-server[122650]: 172.20.0.104 - - [10/Jun/2026:08:47:22 +0000] "GET /d1/50/AUTH_30b7e0a215454ce0afeddd89cbf7c5dd/gnocchi.44b60614-095b-4157-9512-a864361d9671/1780920000.0_mean_300.0_v3" 404 70 "GET http://172.18.0.190:8080/v1/AUTH_30b7e0a215454ce0afeddd89cbf7c5dd/gnocchi.44b60614-095b-4157-9512-a864361d9671/1780920000.0_mean_300.0_v3" "tx7acd910e9cb94ea29e8e7-006a29249a" "proxy-server 12" 0.0004 "-" 22 0
Jun 10 08:47:22 np0000069409 container-server[122363]: 172.20.0.104 - - [10/Jun/2026:08:47:22 +0000] "PUT /d1/929/AUTH_30b7e0a215454ce0afeddd89cbf7c5dd/gnocchi.0cd0dec5-c28d-46da-b723-122cb9a7210f/1780920000.0_mean_300.0_v3" 201 - "PUT http://172.18.0.190:8080/d1/538/AUTH_30b7e0a215454ce0afeddd89cbf7c5dd/gnocchi.0cd0dec5-c28d-46da-b723-122cb9a7210f/1780920000.0_mean_300.0_v3" "txd894f16e9c5f4fa4ba9f2-006a29249a" "object-server 22" 0.0011 "-" 23 0
Jun 10 08:47:22 np0000069409 object-server[122650]: 172.20.0.103 - - [10/Jun/2026:08:47:22 +0000] "PUT /d1/538/AUTH_30b7e0a215454ce0afeddd89cbf7c5dd/gnocchi.0cd0dec5-c28d-46da-b723-122cb9a7210f/1780920000.0_mean_300.0_v3" 201 - "PUT http://172.18.0.190:8080/v1/AUTH_30b7e0a215454ce0afeddd89cbf7c5dd/gnocchi.0cd0dec5-c28d-46da-b723-122cb9a7210f/1780920000.0_mean_300.0_v3" "txd894f16e9c5f4fa4ba9f2-006a29249a" "proxy-server 20" 0.0138 "-" 22 0
Jun 10 08:47:22 np0000069409 proxy-server[124073]: 172.18.0.105 172.18.0.104 10/Jun/2026/08/47/22 GET /v1/AUTH_30b7e0a215454ce0afeddd89cbf7c5dd/gnocchi.44b60614-095b-4157-9512-a864361d9671/1780920000.0_mean_300.0_v3 HTTP/1.0 404 - python-swiftclient-3.11.1 gAAAAABqKSNF4jTp... - 70 - tx7acd910e9cb94ea29e8e7-006a29249a - 0.0195 - - 1781081242.277734518 1781081242.297244310 0
Jun 10 08:47:22 np0000069409 object-server[246765]: Begin object audit "forever" mode (ZBF)
Jun 10 08:47:22 np0000069409 container-server[122321]: 172.20.0.104 - - [10/Jun/2026:08:47:22 +0000] "PUT /d1/593/AUTH_30b7e0a215454ce0afeddd89cbf7c5dd/gnocchi.ea1d92ee-5253-4a66-a648-5324b0e11d9e/1780920000.0_mean_300.0_v3" 201 - "PUT http://172.18.0.190:8080/d1/279/AUTH_30b7e0a215454ce0afeddd89cbf7c5dd/gnocchi.ea1d92ee-5253-4a66-a648-5324b0e11d9e/1780920000.0_mean_300.0_v3" "tx7fef4837669f43d4977fc-006a29249a" "object-server 25" 0.0009 "-" 20 0
Jun 10 08:47:22 np0000069409 object-server[122666]: 172.20.0.105 - - [10/Jun/2026:08:47:22 +0000] "PUT /d1/279/AUTH_30b7e0a215454ce0afeddd89cbf7c5dd/gnocchi.ea1d92ee-5253-4a66-a648-5324b0e11d9e/1780920000.0_mean_300.0_v3" 201 - "PUT http://172.18.0.190:8080/v1/AUTH_30b7e0a215454ce0afeddd89cbf7c5dd/gnocchi.ea1d92ee-5253-4a66-a648-5324b0e11d9e/1780920000.0_mean_300.0_v3" "tx7fef4837669f43d4977fc-006a29249a" "proxy-server 20" 0.0120 "-" 25 0
Jun 10 08:47:22 np0000069409 object-server[246765]: Object audit (ZBF). Since Wed Jun 10 08:47:22 2026: Locally: 1 passed, 0 quarantined, 0 errors, files/sec: 561.86, bytes/sec: 0.00, Total time: 0.00, Auditing time: 0.00, Rate: 0.00
Jun 10 08:47:22 np0000069409 container-server[122338]: 172.20.0.104 - - [10/Jun/2026:08:47:22 +0000] "PUT /d1/94/AUTH_30b7e0a215454ce0afeddd89cbf7c5dd/gnocchi.44b60614-095b-4157-9512-a864361d9671/1780920000.0_mean_300.0_v3" 201 - "PUT http://172.18.0.190:8080/d1/50/AUTH_30b7e0a215454ce0afeddd89cbf7c5dd/gnocchi.44b60614-095b-4157-9512-a864361d9671/1780920000.0_mean_300.0_v3" "tx65a9f7f3aefe4cb98dc0f-006a29249a" "object-server 22" 0.0005 "-" 22 0
Jun 10 08:47:22 np0000069409 object-server[122650]: 172.20.0.104 - - [10/Jun/2026:08:47:22 +0000] "PUT /d1/50/AUTH_30b7e0a215454ce0afeddd89cbf7c5dd/gnocchi.44b60614-095b-4157-9512-a864361d9671/1780920000.0_mean_300.0_v3" 201 - "PUT http://172.18.0.190:8080/v1/AUTH_30b7e0a215454ce0afeddd89cbf7c5dd/gnocchi.44b60614-095b-4157-9512-a864361d9671/1780920000.0_mean_300.0_v3" "tx65a9f7f3aefe4cb98dc0f-006a29249a" "proxy-server 12" 0.0096 "-" 22 0
Jun 10 08:47:22 np0000069409 object-server[122657]: 172.20.0.103 - - [10/Jun/2026:08:47:22 +0000] "PUT /d1/878/AUTH_30b7e0a215454ce0afeddd89cbf7c5dd/gnocchi.0cd0dec5-c28d-46da-b723-122cb9a7210f/none_v3" 201 - "PUT http://172.18.0.190:8080/v1/AUTH_30b7e0a215454ce0afeddd89cbf7c5dd/gnocchi.0cd0dec5-c28d-46da-b723-122cb9a7210f/none_v3" "tx964fcbe542c64de189525-006a29249a" "proxy-server 20" 0.0126 "-" 23 0
Jun 10 08:47:22 np0000069409 container-server[122324]: 172.20.0.103 - - [10/Jun/2026:08:47:22 +0000] "PUT /d1/929/AUTH_30b7e0a215454ce0afeddd89cbf7c5dd/gnocchi.0cd0dec5-c28d-46da-b723-122cb9a7210f/none_v3" 201 - "PUT http://172.18.0.190:8080/d1/878/AUTH_30b7e0a215454ce0afeddd89cbf7c5dd/gnocchi.0cd0dec5-c28d-46da-b723-122cb9a7210f/none_v3" "tx964fcbe542c64de189525-006a29249a" "object-server 25" 0.0009 "-" 21 0
Jun 10 08:47:22 np0000069409 proxy-server[124073]: 172.18.0.105 172.18.0.104 10/Jun/2026/08/47/22 PUT /v1/AUTH_30b7e0a215454ce0afeddd89cbf7c5dd/gnocchi.44b60614-095b-4157-9512-a864361d9671/1780920000.0_mean_300.0_v3 HTTP/1.0 201 - python-swiftclient-3.11.1 gAAAAABqKSNF4jTp... 16 - - tx65a9f7f3aefe4cb98dc0f-006a29249a - 0.0223 - - 1781081242.306143284 1781081242.328418255 0
Jun 10 08:47:22 np0000069409 container-server[122338]: 172.20.0.104 - - [10/Jun/2026:08:47:22 +0000] "PUT /d1/593/AUTH_30b7e0a215454ce0afeddd89cbf7c5dd/gnocchi.ea1d92ee-5253-4a66-a648-5324b0e11d9e/none_v3" 201 - "PUT http://172.18.0.190:8080/d1/647/AUTH_30b7e0a215454ce0afeddd89cbf7c5dd/gnocchi.ea1d92ee-5253-4a66-a648-5324b0e11d9e/none_v3" "tx81b31d82a0be425298aa1-006a29249a" "object-server 22" 0.0005 "-" 22 0
Jun 10 08:47:22 np0000069409 object-server[122650]: 172.20.0.105 - - [10/Jun/2026:08:47:22 +0000] "PUT /d1/647/AUTH_30b7e0a215454ce0afeddd89cbf7c5dd/gnocchi.ea1d92ee-5253-4a66-a648-5324b0e11d9e/none_v3" 201 - "PUT http://172.18.0.190:8080/v1/AUTH_30b7e0a215454ce0afeddd89cbf7c5dd/gnocchi.ea1d92ee-5253-4a66-a648-5324b0e11d9e/none_v3" "tx81b31d82a0be425298aa1-006a29249a" "proxy-server 20" 0.0179 "-" 22 0
Jun 10 08:47:22 np0000069409 object-server[122662]: 172.20.0.104 - - [10/Jun/2026:08:47:22 +0000] "PUT /d1/606/AUTH_30b7e0a215454ce0afeddd89cbf7c5dd/gnocchi.44b60614-095b-4157-9512-a864361d9671/none_v3" 201 - "PUT http://172.18.0.190:8080/v1/AUTH_30b7e0a215454ce0afeddd89cbf7c5dd/gnocchi.44b60614-095b-4157-9512-a864361d9671/none_v3" "txe140bdecf6b14ef8aa126-006a29249a" "proxy-server 12" 0.0101 "-" 24 0
Jun 10 08:47:22 np0000069409 container-server[122324]: 172.20.0.105 - - [10/Jun/2026:08:47:22 +0000] "PUT /d1/94/AUTH_30b7e0a215454ce0afeddd89cbf7c5dd/gnocchi.44b60614-095b-4157-9512-a864361d9671/none_v3" 201 - "PUT http://172.18.0.190:8080/d1/606/AUTH_30b7e0a215454ce0afeddd89cbf7c5dd/gnocchi.44b60614-095b-4157-9512-a864361d9671/none_v3" "txe140bdecf6b14ef8aa126-006a29249a" "object-server 24" 0.0007 "-" 21 0
Jun 10 08:47:22 np0000069409 proxy-server[124073]: 172.18.0.105 172.18.0.104 10/Jun/2026/08/47/22 PUT /v1/AUTH_30b7e0a215454ce0afeddd89cbf7c5dd/gnocchi.44b60614-095b-4157-9512-a864361d9671/none_v3 HTTP/1.0 201 - python-swiftclient-3.11.1 gAAAAABqKSNF4jTp... 22 - - txe140bdecf6b14ef8aa126-006a29249a - 0.0233 - - 1781081242.332930803 1781081242.356229544 0
Jun 10 08:47:23 np0000069409 object-server[246765]: Object audit (ZBF) "forever" mode completed: 0.76s. Total quarantined: 0, Total errors: 0, Total files/sec: 52.40, Total bytes/sec: 0.00, Auditing time: 0.75, Rate: 0.99
Jun 10 08:47:35 np0000069409 container-server[121533]: Beginning replication run
Jun 10 08:47:35 np0000069409 account-server[121375]: Devices pass completed: 0.00s
Jun 10 08:47:36 np0000069409 container-server[121533]: Replication run OVER
Jun 10 08:47:36 np0000069409 container-server[121533]: Attempted to replicate 22 dbs in 0.53342 seconds (41.24360/s)
Jun 10 08:47:36 np0000069409 container-server[121533]: Removed 0 dbs
Jun 10 08:47:36 np0000069409 container-server[121533]: 44 successes, 0 failures
Jun 10 08:47:36 np0000069409 container-server[121533]: diff:0 diff_capped:0 empty:0 hashmatch:0 no_change:44 remote_merge:0 rsync:0 ts_repl:0
Jun 10 08:47:39 np0000069409 account-server[121945]: 172.20.0.103 - - [10/Jun/2026:08:47:39 +0000] "HEAD /d1/791/.expiring_objects" 404 - "HEAD http://localhost/v1/.expiring_objects?format=json" "tx406a60ab3a0745f380291-006a2924ab" "proxy-server 2" 0.0008 "-" 20 -
Jun 10 08:47:45 np0000069409 account-server[121980]: 172.20.0.105 - - [10/Jun/2026:08:47:45 +0000] "PUT /d1/422/AUTH_30b7e0a215454ce0afeddd89cbf7c5dd/gnocchi.237a37de-1067-4a83-a00c-a88c9e6b0409" 201 - "-" "-" "container-updater 2" 0.0006 "-" 23 0
Jun 10 08:47:45 np0000069409 account-server[121954]: 172.20.0.105 - - [10/Jun/2026:08:47:45 +0000] "PUT /d1/422/AUTH_30b7e0a215454ce0afeddd89cbf7c5dd/gnocchi.15bf3366-6f3f-4dcb-a936-903dc143430f" 201 - "-" "-" "container-updater 2" 0.0009 "-" 21 0
Jun 10 08:47:45 np0000069409 account-server[121980]: 172.20.0.105 - - [10/Jun/2026:08:47:45 +0000] "PUT /d1/422/AUTH_30b7e0a215454ce0afeddd89cbf7c5dd/gnocchi.0c4722bd-a501-4967-a9fb-e4ca97f3d724" 201 - "-" "-" "container-updater 2" 0.0004 "-" 23 0
Jun 10 08:47:45 np0000069409 account-server[121958]: 172.20.0.105 - - [10/Jun/2026:08:47:45 +0000] "PUT /d1/422/AUTH_30b7e0a215454ce0afeddd89cbf7c5dd/gnocchi.aad3348e-f25d-4938-96e3-8ea9814d88f4" 201 - "-" "-" "container-updater 2" 0.0007 "-" 22 0
Jun 10 08:47:45 np0000069409 account-server[121945]: 172.20.0.105 - - [10/Jun/2026:08:47:45 +0000] "PUT /d1/422/AUTH_30b7e0a215454ce0afeddd89cbf7c5dd/gnocchi.12368dc9-7bee-46a7-af92-d7a016659968" 201 - "-" "-" "container-updater 2" 0.0007 "-" 20 0
Jun 10 08:47:45 np0000069409 account-server[121945]: 172.20.0.105 - - [10/Jun/2026:08:47:45 +0000] "PUT /d1/422/AUTH_30b7e0a215454ce0afeddd89cbf7c5dd/gnocchi.44358ecf-5b55-485d-a342-cbe66dc1fcd0" 201 - "-" "-" "container-updater 2" 0.0009 "-" 20 0
Jun 10 08:47:45 np0000069409 account-server[121980]: 172.20.0.105 - - [10/Jun/2026:08:47:45 +0000] "PUT /d1/422/AUTH_30b7e0a215454ce0afeddd89cbf7c5dd/gnocchi.88960735-e3dd-4ba9-9682-a3e4a44ed2ea" 201 - "-" "-" "container-updater 2" 0.0004 "-" 23 0
Jun 10 08:47:45 np0000069409 account-server[121958]: 172.20.0.105 - - [10/Jun/2026:08:47:45 +0000] "PUT /d1/422/AUTH_30b7e0a215454ce0afeddd89cbf7c5dd/gnocchi.44b60614-095b-4157-9512-a864361d9671" 201 - "-" "-" "container-updater 2" 0.0007 "-" 22 0
Jun 10 08:47:45 np0000069409 account-server[121945]: 172.20.0.105 - - [10/Jun/2026:08:47:45 +0000] "PUT /d1/422/AUTH_30b7e0a215454ce0afeddd89cbf7c5dd/gnocchi.ea1d92ee-5253-4a66-a648-5324b0e11d9e" 201 - "-" "-" "container-updater 2" 0.0007 "-" 20 0
Jun 10 08:47:46 np0000069409 account-server[121945]: 172.20.0.105 - - [10/Jun/2026:08:47:46 +0000] "PUT /d1/422/AUTH_30b7e0a215454ce0afeddd89cbf7c5dd/gnocchi.29587ea7-2eb4-43c2-be6a-6a027bfb8b21" 201 - "-" "-" "container-updater 2" 0.0008 "-" 20 0
Jun 10 08:47:46 np0000069409 account-server[121980]: 172.20.0.105 - - [10/Jun/2026:08:47:46 +0000] "PUT /d1/422/AUTH_30b7e0a215454ce0afeddd89cbf7c5dd/gnocchi.0cd0dec5-c28d-46da-b723-122cb9a7210f" 201 - "-" "-" "container-updater 2" 0.0005 "-" 23 0
Jun 10 08:47:46 np0000069409 account-server[121980]: 172.20.0.105 - - [10/Jun/2026:08:47:46 +0000] "PUT /d1/422/AUTH_30b7e0a215454ce0afeddd89cbf7c5dd/gnocchi.5cd9d7b8-c7c1-4413-851d-5c65006adb4e" 201 - "-" "-" "container-updater 2" 0.0007 "-" 23 0
Jun 10 08:47:46 np0000069409 account-server[121980]: 172.20.0.105 - - [10/Jun/2026:08:47:46 +0000] "PUT /d1/422/AUTH_30b7e0a215454ce0afeddd89cbf7c5dd/gnocchi.dad0b3d0-3a81-4325-accc-e4158c2a319b" 201 - "-" "-" "container-updater 2" 0.0006 "-" 23 0
Jun 10 08:47:46 np0000069409 account-server[121945]: 172.20.0.105 - - [10/Jun/2026:08:47:46 +0000] "PUT /d1/422/AUTH_30b7e0a215454ce0afeddd89cbf7c5dd/gnocchi.d18dbd3c-c854-423e-b169-c36a773495b8" 201 - "-" "-" "container-updater 2" 0.0008 "-" 20 0
Jun 10 08:47:48 np0000069409 object-server[122201]: Starting object replication pass.
Jun 10 08:47:48 np0000069409 object-server[122201]: 43/43 (100.00%) partitions replicated in 0.39s (109.66/sec, 0s remaining)
Jun 10 08:47:48 np0000069409 object-server[122201]: 86 successes, 0 failures
Jun 10 08:47:48 np0000069409 object-server[122201]: 44 suffixes checked - 0.00% hashed, 0.00% synced
Jun 10 08:47:48 np0000069409 object-server[122201]: Partition times: max 0.0138s, min 0.0062s, med 0.0087s
Jun 10 08:47:48 np0000069409 object-server[122201]: Object replication complete. (0.01 minutes)
Jun 10 08:47:51 np0000069409 account-server[121411]: Beginning replication run
Jun 10 08:47:51 np0000069409 account-server[121411]: Replication run OVER
Jun 10 08:47:51 np0000069409 account-server[121411]: Attempted to replicate 1 dbs in 0.03744 seconds (26.71218/s)
Jun 10 08:47:51 np0000069409 account-server[121411]: Removed 0 dbs
Jun 10 08:47:51 np0000069409 account-server[121411]: 2 successes, 0 failures
Jun 10 08:47:51 np0000069409 account-server[121411]: diff:0 diff_capped:0 empty:0 hashmatch:0 no_change:2 remote_merge:0 rsync:0 ts_repl:0
Jun 10 08:47:53 np0000069409 object-server[252532]: Begin object audit "forever" mode (ALL)
Jun 10 08:47:53 np0000069409 object-server[252531]: Begin object audit "forever" mode (ZBF)
Jun 10 08:47:53 np0000069409 object-server[252531]: Object audit (ZBF). Since Wed Jun 10 08:47:53 2026: Locally: 1 passed, 0 quarantined, 0 errors, files/sec: 540.36, bytes/sec: 0.00, Total time: 0.00, Auditing time: 0.00, Rate: 0.00
Jun 10 08:47:53 np0000069409 object-server[252532]: Object audit (ALL). Since Wed Jun 10 08:47:53 2026: Locally: 1 passed, 0 quarantined, 0 errors, files/sec: 109.72, bytes/sec: 1755.58, Total time: 0.01, Auditing time: 0.00, Rate: 0.00
Jun 10 08:47:54 np0000069409 object-server[252531]: Object audit (ZBF) "forever" mode completed: 0.84s. Total quarantined: 0, Total errors: 0, Total files/sec: 52.17, Total bytes/sec: 0.00, Auditing time: 0.83, Rate: 0.99
Jun 10 08:47:55 np0000069409 object-server[252532]: Object audit (ALL) "forever" mode completed: 2.11s. Total quarantined: 0, Total errors: 0, Total files/sec: 20.84, Total bytes/sec: 400.67, Auditing time: 2.10, Rate: 0.99
Jun 10 08:48:05 np0000069409 container-server[121533]: Beginning replication run
Jun 10 08:48:06 np0000069409 container-server[121533]: Replication run OVER
Jun 10 08:48:06 np0000069409 container-server[121533]: Attempted to replicate 22 dbs in 0.43407 seconds (50.68349/s)
Jun 10 08:48:06 np0000069409 container-server[121533]: Removed 0 dbs
Jun 10 08:48:06 np0000069409 container-server[121533]: 44 successes, 0 failures
Jun 10 08:48:06 np0000069409 container-server[121533]: diff:0 diff_capped:0 empty:0 hashmatch:0 no_change:44 remote_merge:0 rsync:0 ts_repl:0
Jun 10 08:48:18 np0000069409 object-server[122201]: Starting object replication pass.
Jun 10 08:48:18 np0000069409 object-server[122201]: 43/43 (100.00%) partitions replicated in 0.42s (103.17/sec, 0s remaining)
Jun 10 08:48:18 np0000069409 object-server[122201]: 86 successes, 0 failures
Jun 10 08:48:18 np0000069409 object-server[122201]: 44 suffixes checked - 0.00% hashed, 0.00% synced
Jun 10 08:48:18 np0000069409 object-server[122201]: Partition times: max 0.0154s, min 0.0069s, med 0.0088s
Jun 10 08:48:18 np0000069409 object-server[122201]: Object replication complete. (0.01 minutes)
Jun 10 08:48:19 np0000069409 account-server[121945]: 172.20.0.104 - - [10/Jun/2026:08:48:19 +0000] "HEAD /d1/791/.expiring_objects" 404 - "HEAD http://localhost/v1/.expiring_objects?format=json" "tx3d713fe46715402ca7a7e-006a2924d3" "proxy-server 2" 0.0007 "-" 20 -
Jun 10 08:48:19 np0000069409 object-expirer[122206]: Pass completed in 0s; 0 objects expired (txn: tx3d713fe46715402ca7a7e-006a2924d3)
Jun 10 08:48:21 np0000069409 account-server[121411]: Beginning replication run
Jun 10 08:48:21 np0000069409 account-server[121411]: Replication run OVER
Jun 10 08:48:21 np0000069409 account-server[121411]: Attempted to replicate 1 dbs in 0.02267 seconds (44.12065/s)
Jun 10 08:48:21 np0000069409 account-server[121411]: Removed 0 dbs
Jun 10 08:48:21 np0000069409 account-server[121411]: 2 successes, 0 failures
Jun 10 08:48:21 np0000069409 account-server[121411]: diff:0 diff_capped:0 empty:0 hashmatch:0 no_change:2 remote_merge:0 rsync:0 ts_repl:0
Jun 10 08:48:24 np0000069409 object-server[252573]: Begin object audit "forever" mode (ZBF)
Jun 10 08:48:24 np0000069409 object-server[252573]: Object audit (ZBF). Since Wed Jun 10 08:48:24 2026: Locally: 1 passed, 0 quarantined, 0 errors, files/sec: 445.63, bytes/sec: 0.00, Total time: 0.00, Auditing time: 0.00, Rate: 0.00
Jun 10 08:48:24 np0000069409 object-server[252573]: Object audit (ZBF) "forever" mode completed: 0.84s. Total quarantined: 0, Total errors: 0, Total files/sec: 52.15, Total bytes/sec: 0.00, Auditing time: 0.83, Rate: 0.99
Jun 10 08:48:35 np0000069409 container-server[121533]: Beginning replication run
Jun 10 08:48:36 np0000069409 container-server[121533]: Replication run OVER
Jun 10 08:48:36 np0000069409 container-server[121533]: Attempted to replicate 22 dbs in 0.42843 seconds (51.35057/s)
Jun 10 08:48:36 np0000069409 container-server[121533]: Removed 0 dbs
Jun 10 08:48:36 np0000069409 container-server[121533]: 44 successes, 0 failures
Jun 10 08:48:36 np0000069409 container-server[121533]: diff:0 diff_capped:0 empty:0 hashmatch:0 no_change:44 remote_merge:0 rsync:0 ts_repl:0
Jun 10 08:48:48 np0000069409 object-server[122201]: Starting object replication pass.
Jun 10 08:48:49 np0000069409 object-server[122201]: 43/43 (100.00%) partitions replicated in 0.46s (93.44/sec, 0s remaining)
Jun 10 08:48:49 np0000069409 object-server[122201]: 86 successes, 0 failures
Jun 10 08:48:49 np0000069409 object-server[122201]: 44 suffixes checked - 0.00% hashed, 0.00% synced
Jun 10 08:48:49 np0000069409 object-server[122201]: Partition times: max 0.0212s, min 0.0076s, med 0.0097s
Jun 10 08:48:49 np0000069409 object-server[122201]: Object replication complete. (0.01 minutes)
Jun 10 08:48:51 np0000069409 account-server[121411]: Beginning replication run
Jun 10 08:48:51 np0000069409 account-server[121411]: Replication run OVER
Jun 10 08:48:51 np0000069409 account-server[121411]: Attempted to replicate 1 dbs in 0.01301 seconds (76.88294/s)
Jun 10 08:48:51 np0000069409 account-server[121411]: Removed 0 dbs
Jun 10 08:48:51 np0000069409 account-server[121411]: 2 successes, 0 failures
Jun 10 08:48:51 np0000069409 account-server[121411]: diff:0 diff_capped:0 empty:0 hashmatch:0 no_change:2 remote_merge:0 rsync:0 ts_repl:0
Jun 10 08:48:55 np0000069409 object-server[258621]: Begin object audit "forever" mode (ALL)
Jun 10 08:48:55 np0000069409 object-server[258620]: Begin object audit "forever" mode (ZBF)
Jun 10 08:48:55 np0000069409 object-server[258621]: Object audit (ALL). Since Wed Jun 10 08:48:55 2026: Locally: 1 passed, 0 quarantined, 0 errors, files/sec: 154.69, bytes/sec: 2474.97, Total time: 0.01, Auditing time: 0.00, Rate: 0.00
Jun 10 08:48:55 np0000069409 object-server[258620]: Object audit (ZBF). Since Wed Jun 10 08:48:55 2026: Locally: 1 passed, 0 quarantined, 0 errors, files/sec: 568.87, bytes/sec: 0.00, Total time: 0.00, Auditing time: 0.00, Rate: 0.00
Jun 10 08:48:55 np0000069409 object-server[258620]: Object audit (ZBF) "forever" mode completed: 0.84s. Total quarantined: 0, Total errors: 0, Total files/sec: 52.18, Total bytes/sec: 0.00, Auditing time: 0.82, Rate: 0.97
Jun 10 08:48:57 np0000069409 object-server[258621]: Object audit (ALL) "forever" mode completed: 2.11s. Total quarantined: 0, Total errors: 0, Total files/sec: 20.87, Total bytes/sec: 401.22, Auditing time: 2.10, Rate: 0.99
Jun 10 08:49:00 np0000069409 container-server[121930]: Begin container update sweep
Jun 10 08:49:00 np0000069409 account-server[121945]: 172.20.0.104 - - [10/Jun/2026:08:49:00 +0000] "PUT /d1/422/AUTH_30b7e0a215454ce0afeddd89cbf7c5dd/gnocchi.12368dc9-7bee-46a7-af92-d7a016659968" 201 - "-" "-" "container-updater 2" 0.0009 "-" 20 0
Jun 10 08:49:00 np0000069409 account-server[121945]: 172.20.0.104 - - [10/Jun/2026:08:49:00 +0000] "PUT /d1/422/AUTH_30b7e0a215454ce0afeddd89cbf7c5dd/gnocchi.0cd0dec5-c28d-46da-b723-122cb9a7210f" 201 - "-" "-" "container-updater 2" 0.0006 "-" 20 0
Jun 10 08:49:00 np0000069409 account-server[121980]: 172.20.0.104 - - [10/Jun/2026:08:49:00 +0000] "PUT /d1/422/AUTH_30b7e0a215454ce0afeddd89cbf7c5dd/gnocchi.ea1d92ee-5253-4a66-a648-5324b0e11d9e" 201 - "-" "-" "container-updater 2" 0.0007 "-" 23 0
Jun 10 08:49:00 np0000069409 account-server[121945]: 172.20.0.104 - - [10/Jun/2026:08:49:00 +0000] "PUT /d1/422/AUTH_30b7e0a215454ce0afeddd89cbf7c5dd/gnocchi.15bf3366-6f3f-4dcb-a936-903dc143430f" 201 - "-" "-" "container-updater 2" 0.0007 "-" 20 0
Jun 10 08:49:00 np0000069409 account-server[121954]: 172.20.0.104 - - [10/Jun/2026:08:49:00 +0000] "PUT /d1/422/AUTH_30b7e0a215454ce0afeddd89cbf7c5dd/gnocchi.44b60614-095b-4157-9512-a864361d9671" 201 - "-" "-" "container-updater 2" 0.0006 "-" 21 0
Jun 10 08:49:01 np0000069409 account-server[121980]: 172.20.0.104 - - [10/Jun/2026:08:49:01 +0000] "PUT /d1/422/AUTH_30b7e0a215454ce0afeddd89cbf7c5dd/gnocchi.aad3348e-f25d-4938-96e3-8ea9814d88f4" 201 - "-" "-" "container-updater 2" 0.0009 "-" 23 0
Jun 10 08:49:01 np0000069409 account-server[121980]: 172.20.0.104 - - [10/Jun/2026:08:49:01 +0000] "PUT /d1/422/AUTH_30b7e0a215454ce0afeddd89cbf7c5dd/gnocchi.d18dbd3c-c854-423e-b169-c36a773495b8" 201 - "-" "-" "container-updater 2" 0.0007 "-" 23 0
Jun 10 08:49:01 np0000069409 account-server[121980]: 172.20.0.104 - - [10/Jun/2026:08:49:01 +0000] "PUT /d1/422/AUTH_30b7e0a215454ce0afeddd89cbf7c5dd/gnocchi.0c4722bd-a501-4967-a9fb-e4ca97f3d724" 201 - "-" "-" "container-updater 2" 0.0004 "-" 23 0
Jun 10 08:49:01 np0000069409 account-server[121980]: 172.20.0.104 - - [10/Jun/2026:08:49:01 +0000] "PUT /d1/422/AUTH_30b7e0a215454ce0afeddd89cbf7c5dd/gnocchi.44358ecf-5b55-485d-a342-cbe66dc1fcd0" 201 - "-" "-" "container-updater 2" 0.0007 "-" 23 0
Jun 10 08:49:01 np0000069409 account-server[121945]: 172.20.0.104 - - [10/Jun/2026:08:49:01 +0000] "PUT /d1/422/AUTH_30b7e0a215454ce0afeddd89cbf7c5dd/gnocchi.88960735-e3dd-4ba9-9682-a3e4a44ed2ea" 201 - "-" "-" "container-updater 2" 0.0007 "-" 20 0
Jun 10 08:49:01 np0000069409 account-server[121958]: 172.20.0.104 - - [10/Jun/2026:08:49:01 +0000] "PUT /d1/422/AUTH_30b7e0a215454ce0afeddd89cbf7c5dd/gnocchi.237a37de-1067-4a83-a00c-a88c9e6b0409" 201 - "-" "-" "container-updater 2" 0.0007 "-" 22 0
Jun 10 08:49:01 np0000069409 account-server[121980]: 172.20.0.104 - - [10/Jun/2026:08:49:01 +0000] "PUT /d1/422/AUTH_30b7e0a215454ce0afeddd89cbf7c5dd/gnocchi.dad0b3d0-3a81-4325-accc-e4158c2a319b" 201 - "-" "-" "container-updater 2" 0.0006 "-" 23 0
Jun 10 08:49:01 np0000069409 account-server[121958]: 172.20.0.104 - - [10/Jun/2026:08:49:01 +0000] "PUT /d1/422/AUTH_30b7e0a215454ce0afeddd89cbf7c5dd/gnocchi.29587ea7-2eb4-43c2-be6a-6a027bfb8b21" 201 - "-" "-" "container-updater 2" 0.0004 "-" 22 0
Jun 10 08:49:02 np0000069409 account-server[121945]: 172.20.0.104 - - [10/Jun/2026:08:49:02 +0000] "PUT /d1/422/AUTH_30b7e0a215454ce0afeddd89cbf7c5dd/gnocchi.5cd9d7b8-c7c1-4413-851d-5c65006adb4e" 201 - "-" "-" "container-updater 2" 0.0004 "-" 20 0
Jun 10 08:49:02 np0000069409 container-server[121930]: Container update sweep completed: 1.62s
Jun 10 08:49:05 np0000069409 container-server[121533]: Beginning replication run
Jun 10 08:49:06 np0000069409 container-server[121533]: Replication run OVER
Jun 10 08:49:06 np0000069409 container-server[121533]: Attempted to replicate 22 dbs in 0.43409 seconds (50.68096/s)
Jun 10 08:49:06 np0000069409 container-server[121533]: Removed 0 dbs
Jun 10 08:49:06 np0000069409 container-server[121533]: 44 successes, 0 failures
Jun 10 08:49:06 np0000069409 container-server[121533]: diff:0 diff_capped:0 empty:0 hashmatch:0 no_change:44 remote_merge:0 rsync:0 ts_repl:0
Jun 10 08:49:19 np0000069409 object-server[122201]: Starting object replication pass.
Jun 10 08:49:19 np0000069409 object-server[122201]: 43/43 (100.00%) partitions replicated in 0.40s (106.59/sec, 0s remaining)
Jun 10 08:49:19 np0000069409 object-server[122201]: 86 successes, 0 failures
Jun 10 08:49:19 np0000069409 object-server[122201]: 44 suffixes checked - 0.00% hashed, 0.00% synced
Jun 10 08:49:19 np0000069409 object-server[122201]: Partition times: max 0.0168s, min 0.0067s, med 0.0083s
Jun 10 08:49:19 np0000069409 object-server[122201]: Object replication complete. (0.01 minutes)
Jun 10 08:49:21 np0000069409 account-server[121411]: Beginning replication run
Jun 10 08:49:21 np0000069409 account-server[121411]: Replication run OVER
Jun 10 08:49:21 np0000069409 account-server[121411]: Attempted to replicate 1 dbs in 0.02832 seconds (35.31141/s)
Jun 10 08:49:21 np0000069409 account-server[121411]: Removed 0 dbs
Jun 10 08:49:21 np0000069409 account-server[121411]: 2 successes, 0 failures
Jun 10 08:49:21 np0000069409 account-server[121411]: diff:0 diff_capped:0 empty:0 hashmatch:0 no_change:2 remote_merge:0 rsync:0 ts_repl:0
Jun 10 08:49:26 np0000069409 object-server[258811]: Begin object audit "forever" mode (ZBF)
Jun 10 08:49:26 np0000069409 object-server[258811]: Object audit (ZBF). Since Wed Jun 10 08:49:26 2026: Locally: 1 passed, 0 quarantined, 0 errors, files/sec: 986.90, bytes/sec: 0.00, Total time: 0.00, Auditing time: 0.00, Rate: 0.00
Jun 10 08:49:26 np0000069409 object-server[258811]: Object audit (ZBF) "forever" mode completed: 0.84s. Total quarantined: 0, Total errors: 0, Total files/sec: 52.23, Total bytes/sec: 0.00, Auditing time: 0.83, Rate: 0.99
Jun 10 08:49:35 np0000069409 container-server[121533]: Beginning replication run
Jun 10 08:49:36 np0000069409 container-server[121533]: Replication run OVER
Jun 10 08:49:36 np0000069409 container-server[121533]: Attempted to replicate 22 dbs in 0.43577 seconds (50.48550/s)
Jun 10 08:49:36 np0000069409 container-server[121533]: Removed 0 dbs
Jun 10 08:49:36 np0000069409 container-server[121533]: 44 successes, 0 failures
Jun 10 08:49:36 np0000069409 container-server[121533]: diff:0 diff_capped:0 empty:0 hashmatch:0 no_change:44 remote_merge:0 rsync:0 ts_repl:0
Jun 10 08:49:49 np0000069409 object-server[122201]: Starting object replication pass.
Jun 10 08:49:50 np0000069409 object-server[122201]: 43/43 (100.00%) partitions replicated in 0.44s (97.04/sec, 0s remaining)
Jun 10 08:49:50 np0000069409 object-server[122201]: 86 successes, 0 failures
Jun 10 08:49:50 np0000069409 object-server[122201]: 44 suffixes checked - 0.00% hashed, 0.00% synced
Jun 10 08:49:50 np0000069409 object-server[122201]: Partition times: max 0.0182s, min 0.0077s, med 0.0094s
Jun 10 08:49:50 np0000069409 object-server[122201]: Object replication complete. (0.01 minutes)
Jun 10 08:49:51 np0000069409 account-server[121411]: Beginning replication run
Jun 10 08:49:51 np0000069409 account-server[121411]: Replication run OVER
Jun 10 08:49:51 np0000069409 account-server[121411]: Attempted to replicate 1 dbs in 0.01685 seconds (59.35105/s)
Jun 10 08:49:51 np0000069409 account-server[121411]: Removed 0 dbs
Jun 10 08:49:51 np0000069409 account-server[121411]: 2 successes, 0 failures
Jun 10 08:49:51 np0000069409 account-server[121411]: diff:0 diff_capped:0 empty:0 hashmatch:0 no_change:2 remote_merge:0 rsync:0 ts_repl:0
Jun 10 08:49:54 np0000069409 account-server[121958]: 172.20.0.105 - - [10/Jun/2026:08:49:54 +0000] "HEAD /d1/791/.expiring_objects" 404 - "HEAD http://localhost/v1/.expiring_objects?format=json" "txf7a17cb55ad74324bcc25-006a292532" "proxy-server 2" 0.0007 "-" 22 -
Jun 10 08:49:57 np0000069409 object-server[264377]: Begin object audit "forever" mode (ALL)
Jun 10 08:49:57 np0000069409 object-server[264376]: Begin object audit "forever" mode (ZBF)
Jun 10 08:49:57 np0000069409 object-server[264376]: Object audit (ZBF). Since Wed Jun 10 08:49:57 2026: Locally: 1 passed, 0 quarantined, 0 errors, files/sec: 587.77, bytes/sec: 0.00, Total time: 0.00, Auditing time: 0.00, Rate: 0.00
Jun 10 08:49:57 np0000069409 object-server[264377]: Object audit (ALL). Since Wed Jun 10 08:49:57 2026: Locally: 1 passed, 0 quarantined, 0 errors, files/sec: 157.40, bytes/sec: 2518.44, Total time: 0.01, Auditing time: 0.00, Rate: 0.00
Jun 10 08:49:57 np0000069409 object-server[264376]: Object audit (ZBF) "forever" mode completed: 0.84s. Total quarantined: 0, Total errors: 0, Total files/sec: 52.16, Total bytes/sec: 0.00, Auditing time: 0.83, Rate: 0.99
Jun 10 08:49:59 np0000069409 object-server[264377]: Object audit (ALL) "forever" mode completed: 2.11s. Total quarantined: 0, Total errors: 0, Total files/sec: 20.86, Total bytes/sec: 401.16, Auditing time: 2.10, Rate: 0.99
Jun 10 08:50:05 np0000069409 container-server[121533]: Beginning replication run
Jun 10 08:50:06 np0000069409 container-server[121533]: Replication run OVER
Jun 10 08:50:06 np0000069409 container-server[121533]: Attempted to replicate 22 dbs in 0.43702 seconds (50.34093/s)
Jun 10 08:50:06 np0000069409 container-server[121533]: Removed 0 dbs
Jun 10 08:50:06 np0000069409 container-server[121533]: 44 successes, 0 failures
Jun 10 08:50:06 np0000069409 container-server[121533]: diff:0 diff_capped:0 empty:0 hashmatch:0 no_change:44 remote_merge:0 rsync:0 ts_repl:0
Jun 10 08:50:11 np0000069409 object-server[122471]: Begin object update sweep
Jun 10 08:50:11 np0000069409 object-server[265337]: Object update sweep starting on /srv/node/d1 (pid: 16)
Jun 10 08:50:11 np0000069409 object-server[265337]: Object update sweep completed on /srv/node/d1 in 0.00s seconds:, 0 successes, 0 failures, 0 quarantines, 0 unlinks, 0 errors, 0 redirects (pid: 16)
Jun 10 08:50:11 np0000069409 object-server[265337]: Object update sweep of d1 completed: 0.00s, 0 successes, 0 failures, 0 quarantines, 0 unlinks, 0 errors, 0 redirects
Jun 10 08:50:11 np0000069409 object-server[122471]: Object update sweep completed: 0.09s
Jun 10 08:50:20 np0000069409 object-server[122201]: Starting object replication pass.
Jun 10 08:50:20 np0000069409 object-server[122201]: 43/43 (100.00%) partitions replicated in 0.42s (103.05/sec, 0s remaining)
Jun 10 08:50:20 np0000069409 object-server[122201]: 86 successes, 0 failures
Jun 10 08:50:20 np0000069409 object-server[122201]: 44 suffixes checked - 0.00% hashed, 0.00% synced
Jun 10 08:50:20 np0000069409 object-server[122201]: Partition times: max 0.0530s, min 0.0063s, med 0.0081s
Jun 10 08:50:20 np0000069409 object-server[122201]: Object replication complete. (0.01 minutes)
Jun 10 08:50:20 np0000069409 account-server[121954]: 172.20.0.103 - - [10/Jun/2026:08:50:20 +0000] "HEAD /d1/791/.expiring_objects" 404 - "HEAD http://localhost/v1/.expiring_objects?format=json" "tx539435d6ce334a17bd5f8-006a29254c" "proxy-server 2" 0.0004 "-" 21 -
Jun 10 08:50:21 np0000069409 account-server[121411]: Beginning replication run
Jun 10 08:50:21 np0000069409 account-server[121411]: Replication run OVER
Jun 10 08:50:21 np0000069409 account-server[121411]: Attempted to replicate 1 dbs in 0.01597 seconds (62.60396/s)
Jun 10 08:50:21 np0000069409 account-server[121411]: Removed 0 dbs
Jun 10 08:50:21 np0000069409 account-server[121411]: 2 successes, 0 failures
Jun 10 08:50:21 np0000069409 account-server[121411]: diff:0 diff_capped:0 empty:0 hashmatch:0 no_change:2 remote_merge:0 rsync:0 ts_repl:0
Jun 10 08:50:27 np0000069409 object-server[264418]: Begin object audit "forever" mode (ZBF)
Jun 10 08:50:27 np0000069409 object-server[264418]: Object audit (ZBF). Since Wed Jun 10 08:50:27 2026: Locally: 1 passed, 0 quarantined, 0 errors, files/sec: 656.90, bytes/sec: 0.00, Total time: 0.00, Auditing time: 0.00, Rate: 0.00
Jun 10 08:50:28 np0000069409 object-server[264418]: Object audit (ZBF) "forever" mode completed: 0.84s. Total quarantined: 0, Total errors: 0, Total files/sec: 52.19, Total bytes/sec: 0.00, Auditing time: 0.83, Rate: 0.99
Jun 10 08:50:34 np0000069409 account-server[121945]: 172.20.0.104 - - [10/Jun/2026:08:50:34 +0000] "HEAD /d1/791/.expiring_objects" 404 - "HEAD http://localhost/v1/.expiring_objects?format=json" "tx56d40318aeb745cc9c1c0-006a29255a" "proxy-server 2" 0.0009 "-" 20 -
Jun 10 08:50:34 np0000069409 object-expirer[122206]: Pass completed in 0s; 0 objects expired (txn: tx56d40318aeb745cc9c1c0-006a29255a)
Jun 10 08:50:35 np0000069409 container-server[121533]: Beginning replication run
Jun 10 08:50:36 np0000069409 container-server[121533]: Replication run OVER
Jun 10 08:50:36 np0000069409 container-server[121533]: Attempted to replicate 22 dbs in 0.43693 seconds (50.35128/s)
Jun 10 08:50:36 np0000069409 container-server[121533]: Removed 0 dbs
Jun 10 08:50:36 np0000069409 container-server[121533]: 44 successes, 0 failures
Jun 10 08:50:36 np0000069409 container-server[121533]: diff:0 diff_capped:0 empty:0 hashmatch:0 no_change:44 remote_merge:0 rsync:0 ts_repl:0
Jun 10 08:50:50 np0000069409 object-server[122201]: Starting object replication pass.
Jun 10 08:50:51 np0000069409 object-server[122201]: 43/43 (100.00%) partitions replicated in 0.45s (95.19/sec, 0s remaining)
Jun 10 08:50:51 np0000069409 object-server[122201]: 86 successes, 0 failures
Jun 10 08:50:51 np0000069409 object-server[122201]: 44 suffixes checked - 0.00% hashed, 0.00% synced
Jun 10 08:50:51 np0000069409 object-server[122201]: Partition times: max 0.0510s, min 0.0075s, med 0.0086s
Jun 10 08:50:51 np0000069409 object-server[122201]: Object replication complete. (0.01 minutes)
Jun 10 08:50:51 np0000069409 account-server[121411]: Beginning replication run
Jun 10 08:50:51 np0000069409 account-server[121411]: Replication run OVER
