Jun 10 08:47:20 np0000069409 account-server[121958]: 172.20.0.103 - - [10/Jun/2026:08:47:20 +0000] "HEAD /d1/422/AUTH_30b7e0a215454ce0afeddd89cbf7c5dd" 204 - "HEAD http://172.18.0.190:8080/v1/AUTH_30b7e0a215454ce0afeddd89cbf7c5dd?format=json" "txb47d8d1968344de3ae57b-006a292498" "proxy-server 20" 0.0027 "-" 22 -
Jun 10 08:47:21 np0000069409 container-server[122363]: 172.20.0.104 - - [10/Jun/2026:08:47:21 +0000] "HEAD /d1/493/AUTH_30b7e0a215454ce0afeddd89cbf7c5dd/gnocchi.5cd9d7b8-c7c1-4413-851d-5c65006adb4e" 404 - "HEAD http://172.18.0.190:8080/v1/AUTH_30b7e0a215454ce0afeddd89cbf7c5dd/gnocchi.5cd9d7b8-c7c1-4413-851d-5c65006adb4e?format=json&states=listing" "tx3649a83aa74c40b39a556-006a292499" "proxy-server 12" 0.0006 "-" 23 0
Jun 10 08:47:21 np0000069409 account-server[121411]: Beginning replication run
Jun 10 08:47:21 np0000069409 object-server[122666]: 172.20.0.104 - - [10/Jun/2026:08:47:21 +0000] "GET /d1/230/AUTH_30b7e0a215454ce0afeddd89cbf7c5dd/gnocchi.5cd9d7b8-c7c1-4413-851d-5c65006adb4e/none_v3" 404 70 "GET http://172.18.0.190:8080/v1/AUTH_30b7e0a215454ce0afeddd89cbf7c5dd/gnocchi.5cd9d7b8-c7c1-4413-851d-5c65006adb4e/none_v3" "tx3649a83aa74c40b39a556-006a292499" "proxy-server 12" 0.0009 "-" 25 0
Jun 10 08:47:21 np0000069409 account-server[121411]: Replication run OVER
Jun 10 08:47:21 np0000069409 account-server[121411]: Attempted to replicate 1 dbs in 0.01424 seconds (70.23938/s)
Jun 10 08:47:21 np0000069409 account-server[121411]: Removed 0 dbs
Jun 10 08:47:21 np0000069409 account-server[121411]: 2 successes, 0 failures
Jun 10 08:47:21 np0000069409 account-server[121411]: diff:0 diff_capped:0 empty:0 hashmatch:0 no_change:2 remote_merge:0 rsync:0 ts_repl:0
Jun 10 08:47:21 np0000069409 proxy-server[124073]: 172.18.0.190 172.18.0.104 10/Jun/2026/08/47/21 GET /v1/AUTH_30b7e0a215454ce0afeddd89cbf7c5dd/gnocchi.5cd9d7b8-c7c1-4413-851d-5c65006adb4e/none_v3 HTTP/1.0 404 - python-swiftclient-3.11.1 gAAAAABqKSNxtSJS... - 70 - tx3649a83aa74c40b39a556-006a292499 - 0.0398 - - 1781081241.021412849 1781081241.061240435 0
Jun 10 08:47:21 np0000069409 container-server[122338]: 172.20.0.104 - - [10/Jun/2026:08:47:21 +0000] "PUT /d1/493/AUTH_30b7e0a215454ce0afeddd89cbf7c5dd/gnocchi.5cd9d7b8-c7c1-4413-851d-5c65006adb4e" 201 - "PUT http://172.18.0.190:8080/v1/AUTH_30b7e0a215454ce0afeddd89cbf7c5dd/gnocchi.5cd9d7b8-c7c1-4413-851d-5c65006adb4e" "tx6247821a76af468cac27b-006a292499" "proxy-server 12" 0.0153 "-" 22 0
Jun 10 08:47:21 np0000069409 account-server[121945]: 172.20.0.103 - - [10/Jun/2026:08:47:21 +0000] "PUT /d1/422/AUTH_30b7e0a215454ce0afeddd89cbf7c5dd/gnocchi.5cd9d7b8-c7c1-4413-851d-5c65006adb4e" 201 - "PUT http://172.20.0.103:6001/d1/493/AUTH_30b7e0a215454ce0afeddd89cbf7c5dd/gnocchi.5cd9d7b8-c7c1-4413-851d-5c65006adb4e" "tx6247821a76af468cac27b-006a292499" "container-server 22" 0.0016 "-" 20 0
Jun 10 08:47:21 np0000069409 proxy-server[124073]: 172.18.0.190 172.18.0.104 10/Jun/2026/08/47/21 PUT /v1/AUTH_30b7e0a215454ce0afeddd89cbf7c5dd/gnocchi.5cd9d7b8-c7c1-4413-851d-5c65006adb4e HTTP/1.0 201 - python-swiftclient-3.11.1 gAAAAABqKSNxtSJS... - - - tx6247821a76af468cac27b-006a292499 - 0.0345 - - 1781081241.066195250 1781081241.100722075 0
Jun 10 08:47:21 np0000069409 container-server[122321]: 172.20.0.104 - - [10/Jun/2026:08:47:21 +0000] "HEAD /d1/493/AUTH_30b7e0a215454ce0afeddd89cbf7c5dd/gnocchi.5cd9d7b8-c7c1-4413-851d-5c65006adb4e" 204 - "HEAD http://172.18.0.190:8080/v1/AUTH_30b7e0a215454ce0afeddd89cbf7c5dd/gnocchi.5cd9d7b8-c7c1-4413-851d-5c65006adb4e?format=json&states=listing" "txaecc1ead6b304ab88f087-006a292499" "proxy-server 12" 0.0021 "-" 20 0
Jun 10 08:47:21 np0000069409 proxy-server[124073]: - - 10/Jun/2026/08/47/21 HEAD /v1/AUTH_30b7e0a215454ce0afeddd89cbf7c5dd/gnocchi.5cd9d7b8-c7c1-4413-851d-5c65006adb4e%3Fformat%3Djson%26states%3Dlisting HTTP/1.0 204 - Swift - - - - txaecc1ead6b304ab88f087-006a292499 - 0.0070 RL - 1781081241.107161999 1781081241.114198923 0
Jun 10 08:47:21 np0000069409 proxy-server[124073]: 172.18.0.190 172.18.0.104 10/Jun/2026/08/47/21 GET /v1/AUTH_30b7e0a215454ce0afeddd89cbf7c5dd/gnocchi.5cd9d7b8-c7c1-4413-851d-5c65006adb4e%3Fformat%3Djson%26states%3Dlisting HTTP/1.0 200 - python-swiftclient-3.11.1 gAAAAABqKSNxtSJS... - 2 - txaecc1ead6b304ab88f087-006a292499 - 0.0219 - - 1781081241.105519533 1781081241.127468109 0
Jun 10 08:47:21 np0000069409 object-server[122657]: 172.20.0.104 - - [10/Jun/2026:08:47:21 +0000] "GET /d1/931/AUTH_30b7e0a215454ce0afeddd89cbf7c5dd/gnocchi.5cd9d7b8-c7c1-4413-851d-5c65006adb4e/1780920000.0_mean_300.0_v3" 404 70 "GET http://172.18.0.190:8080/v1/AUTH_30b7e0a215454ce0afeddd89cbf7c5dd/gnocchi.5cd9d7b8-c7c1-4413-851d-5c65006adb4e/1780920000.0_mean_300.0_v3" "tx07c87ac542c841f28e83b-006a292499" "proxy-server 12" 0.0005 "-" 23 0
Jun 10 08:47:21 np0000069409 proxy-server[124073]: 172.18.0.190 172.18.0.104 10/Jun/2026/08/47/21 GET /v1/AUTH_30b7e0a215454ce0afeddd89cbf7c5dd/gnocchi.5cd9d7b8-c7c1-4413-851d-5c65006adb4e/1780920000.0_mean_300.0_v3 HTTP/1.0 404 - python-swiftclient-3.11.1 gAAAAABqKSNxtSJS... - 70 - tx07c87ac542c841f28e83b-006a292499 - 0.0181 - - 1781081241.132548094 1781081241.150691271 0
Jun 10 08:47:21 np0000069409 object-server[122666]: 172.20.0.104 - - [10/Jun/2026:08:47:21 +0000] "PUT /d1/931/AUTH_30b7e0a215454ce0afeddd89cbf7c5dd/gnocchi.5cd9d7b8-c7c1-4413-851d-5c65006adb4e/1780920000.0_mean_300.0_v3" 201 - "PUT http://172.18.0.190:8080/v1/AUTH_30b7e0a215454ce0afeddd89cbf7c5dd/gnocchi.5cd9d7b8-c7c1-4413-851d-5c65006adb4e/1780920000.0_mean_300.0_v3" "txe978e38d1b4b42ddb7e39-006a292499" "proxy-server 12" 0.0181 "-" 25 0
Jun 10 08:47:21 np0000069409 container-server[122321]: 172.20.0.105 - - [10/Jun/2026:08:47:21 +0000] "PUT /d1/493/AUTH_30b7e0a215454ce0afeddd89cbf7c5dd/gnocchi.5cd9d7b8-c7c1-4413-851d-5c65006adb4e/1780920000.0_mean_300.0_v3" 201 - "PUT http://172.18.0.190:8080/d1/931/AUTH_30b7e0a215454ce0afeddd89cbf7c5dd/gnocchi.5cd9d7b8-c7c1-4413-851d-5c65006adb4e/1780920000.0_mean_300.0_v3" "txe978e38d1b4b42ddb7e39-006a292499" "object-server 24" 0.0052 "-" 20 0
Jun 10 08:47:21 np0000069409 proxy-server[124073]: 172.18.0.190 172.18.0.104 10/Jun/2026/08/47/21 PUT /v1/AUTH_30b7e0a215454ce0afeddd89cbf7c5dd/gnocchi.5cd9d7b8-c7c1-4413-851d-5c65006adb4e/1780920000.0_mean_300.0_v3 HTTP/1.0 201 - python-swiftclient-3.11.1 gAAAAABqKSNxtSJS... 16 - - txe978e38d1b4b42ddb7e39-006a292499 - 0.0319 - - 1781081241.155234814 1781081241.187165737 0
Jun 10 08:47:21 np0000069409 container-server[122321]: 172.20.0.105 - - [10/Jun/2026:08:47:21 +0000] "PUT /d1/493/AUTH_30b7e0a215454ce0afeddd89cbf7c5dd/gnocchi.5cd9d7b8-c7c1-4413-851d-5c65006adb4e/none_v3" 201 - "PUT http://172.18.0.190:8080/d1/230/AUTH_30b7e0a215454ce0afeddd89cbf7c5dd/gnocchi.5cd9d7b8-c7c1-4413-851d-5c65006adb4e/none_v3" "txfda321934cbd4f38b238e-006a292499" "object-server 22" 0.0004 "-" 20 0
Jun 10 08:47:21 np0000069409 object-server[122657]: 172.20.0.104 - - [10/Jun/2026:08:47:21 +0000] "PUT /d1/230/AUTH_30b7e0a215454ce0afeddd89cbf7c5dd/gnocchi.5cd9d7b8-c7c1-4413-851d-5c65006adb4e/none_v3" 201 - "PUT http://172.18.0.190:8080/v1/AUTH_30b7e0a215454ce0afeddd89cbf7c5dd/gnocchi.5cd9d7b8-c7c1-4413-851d-5c65006adb4e/none_v3" "txfda321934cbd4f38b238e-006a292499" "proxy-server 12" 0.0160 "-" 23 0
Jun 10 08:47:21 np0000069409 proxy-server[124073]: 172.18.0.190 172.18.0.104 10/Jun/2026/08/47/21 PUT /v1/AUTH_30b7e0a215454ce0afeddd89cbf7c5dd/gnocchi.5cd9d7b8-c7c1-4413-851d-5c65006adb4e/none_v3 HTTP/1.0 201 - python-swiftclient-3.11.1 gAAAAABqKSNxtSJS... 22 - - txfda321934cbd4f38b238e-006a292499 - 0.0293 - - 1781081241.191309214 1781081241.220566511 0
Jun 10 08:47:21 np0000069409 container-server[122324]: 172.20.0.104 - - [10/Jun/2026:08:47:21 +0000] "HEAD /d1/69/AUTH_30b7e0a215454ce0afeddd89cbf7c5dd/gnocchi.29587ea7-2eb4-43c2-be6a-6a027bfb8b21" 404 - "HEAD http://172.18.0.190:8080/v1/AUTH_30b7e0a215454ce0afeddd89cbf7c5dd/gnocchi.29587ea7-2eb4-43c2-be6a-6a027bfb8b21?format=json&states=listing" "tx3df09bab11924afba17be-006a292499" "proxy-server 12" 0.0003 "-" 21 0
Jun 10 08:47:21 np0000069409 object-server[122662]: 172.20.0.104 - - [10/Jun/2026:08:47:21 +0000] "GET /d1/461/AUTH_30b7e0a215454ce0afeddd89cbf7c5dd/gnocchi.29587ea7-2eb4-43c2-be6a-6a027bfb8b21/none_v3" 404 70 "GET http://172.18.0.190:8080/v1/AUTH_30b7e0a215454ce0afeddd89cbf7c5dd/gnocchi.29587ea7-2eb4-43c2-be6a-6a027bfb8b21/none_v3" "tx3df09bab11924afba17be-006a292499" "proxy-server 12" 0.0005 "-" 24 0
Jun 10 08:47:21 np0000069409 proxy-server[124073]: 172.18.0.190 172.18.0.104 10/Jun/2026/08/47/21 GET /v1/AUTH_30b7e0a215454ce0afeddd89cbf7c5dd/gnocchi.29587ea7-2eb4-43c2-be6a-6a027bfb8b21/none_v3 HTTP/1.0 404 - python-swiftclient-3.11.1 gAAAAABqKSNxtSJS... - 70 - tx3df09bab11924afba17be-006a292499 - 0.0353 - - 1781081241.238415956 1781081241.273711681 0
Jun 10 08:47:21 np0000069409 account-server[121954]: 172.20.0.104 - - [10/Jun/2026:08:47:21 +0000] "PUT /d1/422/AUTH_30b7e0a215454ce0afeddd89cbf7c5dd/gnocchi.29587ea7-2eb4-43c2-be6a-6a027bfb8b21" 201 - "PUT http://172.20.0.104:6001/d1/69/AUTH_30b7e0a215454ce0afeddd89cbf7c5dd/gnocchi.29587ea7-2eb4-43c2-be6a-6a027bfb8b21" "txd9982d8e90714bb7b724a-006a292499" "container-server 23" 0.0055 "-" 21 0
Jun 10 08:47:21 np0000069409 container-server[122363]: 172.20.0.104 - - [10/Jun/2026:08:47:21 +0000] "PUT /d1/69/AUTH_30b7e0a215454ce0afeddd89cbf7c5dd/gnocchi.29587ea7-2eb4-43c2-be6a-6a027bfb8b21" 201 - "PUT http://172.18.0.190:8080/v1/AUTH_30b7e0a215454ce0afeddd89cbf7c5dd/gnocchi.29587ea7-2eb4-43c2-be6a-6a027bfb8b21" "txd9982d8e90714bb7b724a-006a292499" "proxy-server 12" 0.0185 "-" 23 0
Jun 10 08:47:21 np0000069409 proxy-server[124073]: 172.18.0.190 172.18.0.104 10/Jun/2026/08/47/21 PUT /v1/AUTH_30b7e0a215454ce0afeddd89cbf7c5dd/gnocchi.29587ea7-2eb4-43c2-be6a-6a027bfb8b21 HTTP/1.0 201 - python-swiftclient-3.11.1 gAAAAABqKSNxtSJS... - - - txd9982d8e90714bb7b724a-006a292499 - 0.0329 - - 1781081241.277935505 1781081241.310818911 0
Jun 10 08:47:21 np0000069409 container-server[122338]: 172.20.0.103 - - [10/Jun/2026:08:47:21 +0000] "HEAD /d1/305/AUTH_30b7e0a215454ce0afeddd89cbf7c5dd/gnocchi.12368dc9-7bee-46a7-af92-d7a016659968" 404 - "HEAD http://172.18.0.190:8080/v1/AUTH_30b7e0a215454ce0afeddd89cbf7c5dd/gnocchi.12368dc9-7bee-46a7-af92-d7a016659968?format=json&states=listing" "txb47d8d1968344de3ae57b-006a292498" "proxy-server 20" 0.0005 "-" 22 0
Jun 10 08:47:21 np0000069409 proxy-server[124073]: - - 10/Jun/2026/08/47/21 HEAD /v1/AUTH_30b7e0a215454ce0afeddd89cbf7c5dd/gnocchi.29587ea7-2eb4-43c2-be6a-6a027bfb8b21%3Fformat%3Djson%26states%3Dlisting HTTP/1.0 204 - Swift - - - - tx7b9acc9a593d4559bb103-006a292499 - 0.0081 RL - 1781081241.317862511 1781081241.325955153 0
Jun 10 08:47:21 np0000069409 object-server[122662]: 172.20.0.103 - - [10/Jun/2026:08:47:21 +0000] "GET /d1/496/AUTH_30b7e0a215454ce0afeddd89cbf7c5dd/gnocchi.12368dc9-7bee-46a7-af92-d7a016659968/none_v3" 404 70 "GET http://172.18.0.190:8080/v1/AUTH_30b7e0a215454ce0afeddd89cbf7c5dd/gnocchi.12368dc9-7bee-46a7-af92-d7a016659968/none_v3" "txb47d8d1968344de3ae57b-006a292498" "proxy-server 20" 0.0004 "-" 24 0
Jun 10 08:47:21 np0000069409 container-server[122363]: 172.20.0.104 - - [10/Jun/2026:08:47:21 +0000] "GET /d1/69/AUTH_30b7e0a215454ce0afeddd89cbf7c5dd/gnocchi.29587ea7-2eb4-43c2-be6a-6a027bfb8b21" 200 2 "GET http://172.18.0.190:8080/v1/AUTH_30b7e0a215454ce0afeddd89cbf7c5dd/gnocchi.29587ea7-2eb4-43c2-be6a-6a027bfb8b21?format=json&states=listing" "tx7b9acc9a593d4559bb103-006a292499" "proxy-server 12" 0.0035 "-" 23 0
Jun 10 08:47:21 np0000069409 proxy-server[124073]: 172.18.0.190 172.18.0.104 10/Jun/2026/08/47/21 GET /v1/AUTH_30b7e0a215454ce0afeddd89cbf7c5dd/gnocchi.29587ea7-2eb4-43c2-be6a-6a027bfb8b21%3Fformat%3Djson%26states%3Dlisting HTTP/1.0 200 - python-swiftclient-3.11.1 gAAAAABqKSNxtSJS... - 2 - tx7b9acc9a593d4559bb103-006a292499 - 0.0235 - - 1781081241.315858364 1781081241.339374304 0
Jun 10 08:47:21 np0000069409 account-server[121954]: 172.20.0.103 - - [10/Jun/2026:08:47:21 +0000] "PUT /d1/422/AUTH_30b7e0a215454ce0afeddd89cbf7c5dd/gnocchi.12368dc9-7bee-46a7-af92-d7a016659968" 201 - "PUT http://172.20.0.103:6001/d1/305/AUTH_30b7e0a215454ce0afeddd89cbf7c5dd/gnocchi.12368dc9-7bee-46a7-af92-d7a016659968" "tx980155f4c3334c0bbc3ab-006a292499" "container-server 20" 0.0058 "-" 21 0
Jun 10 08:47:21 np0000069409 container-server[122321]: 172.20.0.103 - - [10/Jun/2026:08:47:21 +0000] "PUT /d1/305/AUTH_30b7e0a215454ce0afeddd89cbf7c5dd/gnocchi.12368dc9-7bee-46a7-af92-d7a016659968" 201 - "PUT http://172.18.0.190:8080/v1/AUTH_30b7e0a215454ce0afeddd89cbf7c5dd/gnocchi.12368dc9-7bee-46a7-af92-d7a016659968" "tx980155f4c3334c0bbc3ab-006a292499" "proxy-server 20" 0.0188 "-" 20 0
Jun 10 08:47:21 np0000069409 object-server[122650]: 172.20.0.104 - - [10/Jun/2026:08:47:21 +0000] "GET /d1/229/AUTH_30b7e0a215454ce0afeddd89cbf7c5dd/gnocchi.29587ea7-2eb4-43c2-be6a-6a027bfb8b21/1780920000.0_mean_300.0_v3" 404 70 "GET http://172.18.0.190:8080/v1/AUTH_30b7e0a215454ce0afeddd89cbf7c5dd/gnocchi.29587ea7-2eb4-43c2-be6a-6a027bfb8b21/1780920000.0_mean_300.0_v3" "txbcf7e0ba92224a9783815-006a292499" "proxy-server 12" 0.0006 "-" 22 0
Jun 10 08:47:21 np0000069409 proxy-server[124073]: 172.18.0.190 172.18.0.104 10/Jun/2026/08/47/21 GET /v1/AUTH_30b7e0a215454ce0afeddd89cbf7c5dd/gnocchi.29587ea7-2eb4-43c2-be6a-6a027bfb8b21/1780920000.0_mean_300.0_v3 HTTP/1.0 404 - python-swiftclient-3.11.1 gAAAAABqKSNxtSJS... - 70 - txbcf7e0ba92224a9783815-006a292499 - 0.0212 - - 1781081241.345031738 1781081241.366211176 0
Jun 10 08:47:21 np0000069409 container-server[122321]: 172.20.0.103 - - [10/Jun/2026:08:47:21 +0000] "HEAD /d1/305/AUTH_30b7e0a215454ce0afeddd89cbf7c5dd/gnocchi.12368dc9-7bee-46a7-af92-d7a016659968" 204 - "HEAD http://172.18.0.190:8080/v1/AUTH_30b7e0a215454ce0afeddd89cbf7c5dd/gnocchi.12368dc9-7bee-46a7-af92-d7a016659968?format=json&states=listing" "txf85b215d81ac4953a7708-006a292499" "proxy-server 20" 0.0023 "-" 20 0
Jun 10 08:47:21 np0000069409 container-server[122321]: 172.20.0.104 - - [10/Jun/2026:08:47:21 +0000] "PUT /d1/69/AUTH_30b7e0a215454ce0afeddd89cbf7c5dd/gnocchi.29587ea7-2eb4-43c2-be6a-6a027bfb8b21/1780920000.0_mean_300.0_v3" 201 - "PUT http://172.18.0.190:8080/d1/229/AUTH_30b7e0a215454ce0afeddd89cbf7c5dd/gnocchi.29587ea7-2eb4-43c2-be6a-6a027bfb8b21/1780920000.0_mean_300.0_v3" "tx23ce356881754107badb1-006a292499" "object-server 25" 0.0008 "-" 20 0
Jun 10 08:47:21 np0000069409 object-server[122666]: 172.20.0.104 - - [10/Jun/2026:08:47:21 +0000] "PUT /d1/229/AUTH_30b7e0a215454ce0afeddd89cbf7c5dd/gnocchi.29587ea7-2eb4-43c2-be6a-6a027bfb8b21/1780920000.0_mean_300.0_v3" 201 - "PUT http://172.18.0.190:8080/v1/AUTH_30b7e0a215454ce0afeddd89cbf7c5dd/gnocchi.29587ea7-2eb4-43c2-be6a-6a027bfb8b21/1780920000.0_mean_300.0_v3" "tx23ce356881754107badb1-006a292499" "proxy-server 12" 0.0117 "-" 25 0
Jun 10 08:47:21 np0000069409 object-server[122657]: 172.20.0.103 - - [10/Jun/2026:08:47:21 +0000] "GET /d1/955/AUTH_30b7e0a215454ce0afeddd89cbf7c5dd/gnocchi.12368dc9-7bee-46a7-af92-d7a016659968/1780920000.0_mean_300.0_v3" 404 70 "GET http://172.18.0.190:8080/v1/AUTH_30b7e0a215454ce0afeddd89cbf7c5dd/gnocchi.12368dc9-7bee-46a7-af92-d7a016659968/1780920000.0_mean_300.0_v3" "tx029cd9414b9e4904832a1-006a292499" "proxy-server 20" 0.0005 "-" 23 0
Jun 10 08:47:21 np0000069409 proxy-server[124073]: 172.18.0.190 172.18.0.104 10/Jun/2026/08/47/21 PUT /v1/AUTH_30b7e0a215454ce0afeddd89cbf7c5dd/gnocchi.29587ea7-2eb4-43c2-be6a-6a027bfb8b21/1780920000.0_mean_300.0_v3 HTTP/1.0 201 - python-swiftclient-3.11.1 gAAAAABqKSNxtSJS... 16 - - tx23ce356881754107badb1-006a292499 - 0.0285 - - 1781081241.371515036 1781081241.400036812 0
Jun 10 08:47:21 np0000069409 container-server[122324]: 172.20.0.104 - - [10/Jun/2026:08:47:21 +0000] "PUT /d1/69/AUTH_30b7e0a215454ce0afeddd89cbf7c5dd/gnocchi.29587ea7-2eb4-43c2-be6a-6a027bfb8b21/none_v3" 201 - "PUT http://172.18.0.190:8080/d1/461/AUTH_30b7e0a215454ce0afeddd89cbf7c5dd/gnocchi.29587ea7-2eb4-43c2-be6a-6a027bfb8b21/none_v3" "txc9faf2dc4b944c979cc01-006a292499" "object-server 23" 0.0008 "-" 21 0
Jun 10 08:47:21 np0000069409 object-server[122657]: 172.20.0.104 - - [10/Jun/2026:08:47:21 +0000] "PUT /d1/461/AUTH_30b7e0a215454ce0afeddd89cbf7c5dd/gnocchi.29587ea7-2eb4-43c2-be6a-6a027bfb8b21/none_v3" 201 - "PUT http://172.18.0.190:8080/v1/AUTH_30b7e0a215454ce0afeddd89cbf7c5dd/gnocchi.29587ea7-2eb4-43c2-be6a-6a027bfb8b21/none_v3" "txc9faf2dc4b944c979cc01-006a292499" "proxy-server 12" 0.0143 "-" 23 0
Jun 10 08:47:21 np0000069409 proxy-server[124073]: 172.18.0.190 172.18.0.104 10/Jun/2026/08/47/21 PUT /v1/AUTH_30b7e0a215454ce0afeddd89cbf7c5dd/gnocchi.29587ea7-2eb4-43c2-be6a-6a027bfb8b21/none_v3 HTTP/1.0 201 - python-swiftclient-3.11.1 gAAAAABqKSNxtSJS... 22 - - txc9faf2dc4b944c979cc01-006a292499 - 0.0257 - - 1781081241.408132553 1781081241.433877707 0
Jun 10 08:47:21 np0000069409 container-server[122324]: 172.20.0.104 - - [10/Jun/2026:08:47:21 +0000] "PUT /d1/305/AUTH_30b7e0a215454ce0afeddd89cbf7c5dd/gnocchi.12368dc9-7bee-46a7-af92-d7a016659968/1780920000.0_mean_300.0_v3" 201 - "PUT http://172.18.0.190:8080/d1/955/AUTH_30b7e0a215454ce0afeddd89cbf7c5dd/gnocchi.12368dc9-7bee-46a7-af92-d7a016659968/1780920000.0_mean_300.0_v3" "txfda00f94b5c4468ca60c5-006a292499" "object-server 25" 0.0008 "-" 21 0
Jun 10 08:47:21 np0000069409 object-server[122666]: 172.20.0.103 - - [10/Jun/2026:08:47:21 +0000] "PUT /d1/955/AUTH_30b7e0a215454ce0afeddd89cbf7c5dd/gnocchi.12368dc9-7bee-46a7-af92-d7a016659968/1780920000.0_mean_300.0_v3" 201 - "PUT http://172.18.0.190:8080/v1/AUTH_30b7e0a215454ce0afeddd89cbf7c5dd/gnocchi.12368dc9-7bee-46a7-af92-d7a016659968/1780920000.0_mean_300.0_v3" "txfda00f94b5c4468ca60c5-006a292499" "proxy-server 20" 0.0221 "-" 25 0
Jun 10 08:47:21 np0000069409 object-server[122650]: 172.20.0.104 - - [10/Jun/2026:08:47:21 +0000] "PUT /d1/496/AUTH_30b7e0a215454ce0afeddd89cbf7c5dd/gnocchi.12368dc9-7bee-46a7-af92-d7a016659968/none_v3" 201 - "PUT http://172.18.0.190:8080/v1/AUTH_30b7e0a215454ce0afeddd89cbf7c5dd/gnocchi.12368dc9-7bee-46a7-af92-d7a016659968/none_v3" "tx3c92fb8de1c641b2bd31d-006a292499" "proxy-server 12" 0.0102 "-" 22 0
Jun 10 08:47:21 np0000069409 container-server[122321]: 172.20.0.105 - - [10/Jun/2026:08:47:21 +0000] "PUT /d1/305/AUTH_30b7e0a215454ce0afeddd89cbf7c5dd/gnocchi.12368dc9-7bee-46a7-af92-d7a016659968/none_v3" 201 - "PUT http://172.18.0.190:8080/d1/496/AUTH_30b7e0a215454ce0afeddd89cbf7c5dd/gnocchi.12368dc9-7bee-46a7-af92-d7a016659968/none_v3" "tx3c92fb8de1c641b2bd31d-006a292499" "object-server 23" 0.0009 "-" 20 0
Jun 10 08:47:21 np0000069409 proxy-server[124073]: 172.18.0.103 172.18.0.104 10/Jun/2026/08/47/21 PUT /v1/AUTH_30b7e0a215454ce0afeddd89cbf7c5dd/gnocchi.12368dc9-7bee-46a7-af92-d7a016659968/none_v3 HTTP/1.0 201 - python-swiftclient-3.11.1 gAAAAABqKSMnQkw3... 22 - - tx3c92fb8de1c641b2bd31d-006a292499 - 0.0202 - - 1781081241.443005085 1781081241.463192225 0
Jun 10 08:47:21 np0000069409 container-server[122363]: 172.20.0.103 - - [10/Jun/2026:08:47:21 +0000] "HEAD /d1/671/AUTH_30b7e0a215454ce0afeddd89cbf7c5dd/gnocchi.237a37de-1067-4a83-a00c-a88c9e6b0409" 404 - "HEAD http://172.18.0.190:8080/v1/AUTH_30b7e0a215454ce0afeddd89cbf7c5dd/gnocchi.237a37de-1067-4a83-a00c-a88c9e6b0409?format=json&states=listing" "txa0f35b3025f243b6a0dfb-006a292499" "proxy-server 20" 0.0006 "-" 23 0
Jun 10 08:47:21 np0000069409 object-server[122657]: 172.20.0.103 - - [10/Jun/2026:08:47:21 +0000] "GET /d1/159/AUTH_30b7e0a215454ce0afeddd89cbf7c5dd/gnocchi.237a37de-1067-4a83-a00c-a88c9e6b0409/none_v3" 404 70 "GET http://172.18.0.190:8080/v1/AUTH_30b7e0a215454ce0afeddd89cbf7c5dd/gnocchi.237a37de-1067-4a83-a00c-a88c9e6b0409/none_v3" "txa0f35b3025f243b6a0dfb-006a292499" "proxy-server 20" 0.0004 "-" 23 0
Jun 10 08:47:21 np0000069409 container-server[122338]: 172.20.0.104 - - [10/Jun/2026:08:47:21 +0000] "HEAD /d1/390/AUTH_30b7e0a215454ce0afeddd89cbf7c5dd/gnocchi.15bf3366-6f3f-4dcb-a936-903dc143430f" 404 - "HEAD http://172.18.0.190:8080/v1/AUTH_30b7e0a215454ce0afeddd89cbf7c5dd/gnocchi.15bf3366-6f3f-4dcb-a936-903dc143430f?format=json&states=listing" "tx4a07e9632ddf4a66a384c-006a292499" "proxy-server 12" 0.0006 "-" 22 0
Jun 10 08:47:21 np0000069409 object-server[122657]: 172.20.0.104 - - [10/Jun/2026:08:47:21 +0000] "GET /d1/284/AUTH_30b7e0a215454ce0afeddd89cbf7c5dd/gnocchi.15bf3366-6f3f-4dcb-a936-903dc143430f/none_v3" 404 70 "GET http://172.18.0.190:8080/v1/AUTH_30b7e0a215454ce0afeddd89cbf7c5dd/gnocchi.15bf3366-6f3f-4dcb-a936-903dc143430f/none_v3" "tx4a07e9632ddf4a66a384c-006a292499" "proxy-server 12" 0.0004 "-" 23 0
Jun 10 08:47:21 np0000069409 proxy-server[124073]: 172.18.0.103 172.18.0.104 10/Jun/2026/08/47/21 GET /v1/AUTH_30b7e0a215454ce0afeddd89cbf7c5dd/gnocchi.15bf3366-6f3f-4dcb-a936-903dc143430f/none_v3 HTTP/1.0 404 - python-swiftclient-3.11.1 gAAAAABqKSMnQkw3... - 70 - tx4a07e9632ddf4a66a384c-006a292499 - 0.0215 - - 1781081241.476327658 1781081241.497830629 0
Jun 10 08:47:21 np0000069409 account-server[121980]: 172.20.0.104 - - [10/Jun/2026:08:47:21 +0000] "PUT /d1/422/AUTH_30b7e0a215454ce0afeddd89cbf7c5dd/gnocchi.237a37de-1067-4a83-a00c-a88c9e6b0409" 201 - "PUT http://172.20.0.104:6001/d1/671/AUTH_30b7e0a215454ce0afeddd89cbf7c5dd/gnocchi.237a37de-1067-4a83-a00c-a88c9e6b0409" "txaa0e7772f61241e8a1fe0-006a292499" "container-server 22" 0.0059 "-" 23 0
Jun 10 08:47:21 np0000069409 container-server[122338]: 172.20.0.103 - - [10/Jun/2026:08:47:21 +0000] "PUT /d1/671/AUTH_30b7e0a215454ce0afeddd89cbf7c5dd/gnocchi.237a37de-1067-4a83-a00c-a88c9e6b0409" 201 - "PUT http://172.18.0.190:8080/v1/AUTH_30b7e0a215454ce0afeddd89cbf7c5dd/gnocchi.237a37de-1067-4a83-a00c-a88c9e6b0409" "txaa0e7772f61241e8a1fe0-006a292499" "proxy-server 20" 0.0183 "-" 22 0
Jun 10 08:47:21 np0000069409 account-server[121958]: 172.20.0.105 - - [10/Jun/2026:08:47:21 +0000] "PUT /d1/422/AUTH_30b7e0a215454ce0afeddd89cbf7c5dd/gnocchi.15bf3366-6f3f-4dcb-a936-903dc143430f" 201 - "PUT http://172.20.0.105:6001/d1/390/AUTH_30b7e0a215454ce0afeddd89cbf7c5dd/gnocchi.15bf3366-6f3f-4dcb-a936-903dc143430f" "tx20a1cfa857b74e7dacd58-006a292499" "container-server 21" 0.0063 "-" 22 0
Jun 10 08:47:21 np0000069409 container-server[122324]: 172.20.0.103 - - [10/Jun/2026:08:47:21 +0000] "HEAD /d1/671/AUTH_30b7e0a215454ce0afeddd89cbf7c5dd/gnocchi.237a37de-1067-4a83-a00c-a88c9e6b0409" 204 - "HEAD http://172.18.0.190:8080/v1/AUTH_30b7e0a215454ce0afeddd89cbf7c5dd/gnocchi.237a37de-1067-4a83-a00c-a88c9e6b0409?format=json&states=listing" "tx6adefebddb384168bba75-006a292499" "proxy-server 20" 0.0023 "-" 21 0
Jun 10 08:47:21 np0000069409 container-server[122363]: 172.20.0.104 - - [10/Jun/2026:08:47:21 +0000] "PUT /d1/390/AUTH_30b7e0a215454ce0afeddd89cbf7c5dd/gnocchi.15bf3366-6f3f-4dcb-a936-903dc143430f" 201 - "PUT http://172.18.0.190:8080/v1/AUTH_30b7e0a215454ce0afeddd89cbf7c5dd/gnocchi.15bf3366-6f3f-4dcb-a936-903dc143430f" "tx20a1cfa857b74e7dacd58-006a292499" "proxy-server 12" 0.0233 "-" 23 0
Jun 10 08:47:21 np0000069409 proxy-server[124073]: 172.18.0.103 172.18.0.104 10/Jun/2026/08/47/21 PUT /v1/AUTH_30b7e0a215454ce0afeddd89cbf7c5dd/gnocchi.15bf3366-6f3f-4dcb-a936-903dc143430f HTTP/1.0 201 - python-swiftclient-3.11.1 gAAAAABqKSMnQkw3... - - - tx20a1cfa857b74e7dacd58-006a292499 - 0.0319 - - 1781081241.501422644 1781081241.533327818 0
Jun 10 08:47:21 np0000069409 proxy-server[124073]: - - 10/Jun/2026/08/47/21 HEAD /v1/AUTH_30b7e0a215454ce0afeddd89cbf7c5dd/gnocchi.15bf3366-6f3f-4dcb-a936-903dc143430f%3Fformat%3Djson%26states%3Dlisting HTTP/1.0 204 - Swift - - - - tx6b6b80a5086f4c688902b-006a292499 - 0.0056 RL - 1781081241.538155794 1781081241.543715954 0
Jun 10 08:47:21 np0000069409 proxy-server[124073]: 172.18.0.103 172.18.0.104 10/Jun/2026/08/47/21 GET /v1/AUTH_30b7e0a215454ce0afeddd89cbf7c5dd/gnocchi.15bf3366-6f3f-4dcb-a936-903dc143430f%3Fformat%3Djson%26states%3Dlisting HTTP/1.0 200 - python-swiftclient-3.11.1 gAAAAABqKSMnQkw3... - 2 - tx6b6b80a5086f4c688902b-006a292499 - 0.0183 - - 1781081241.536490440 1781081241.554748774 0
Jun 10 08:47:21 np0000069409 object-server[122662]: 172.20.0.103 - - [10/Jun/2026:08:47:21 +0000] "GET /d1/52/AUTH_30b7e0a215454ce0afeddd89cbf7c5dd/gnocchi.237a37de-1067-4a83-a00c-a88c9e6b0409/1780920000.0_mean_300.0_v3" 404 70 "GET http://172.18.0.190:8080/v1/AUTH_30b7e0a215454ce0afeddd89cbf7c5dd/gnocchi.237a37de-1067-4a83-a00c-a88c9e6b0409/1780920000.0_mean_300.0_v3" "txab2ec98fb25748c8a9a20-006a292499" "proxy-server 20" 0.0004 "-" 24 0
Jun 10 08:47:21 np0000069409 object-server[122662]: 172.20.0.104 - - [10/Jun/2026:08:47:21 +0000] "GET /d1/153/AUTH_30b7e0a215454ce0afeddd89cbf7c5dd/gnocchi.15bf3366-6f3f-4dcb-a936-903dc143430f/1780920000.0_mean_300.0_v3" 404 70 "GET http://172.18.0.190:8080/v1/AUTH_30b7e0a215454ce0afeddd89cbf7c5dd/gnocchi.15bf3366-6f3f-4dcb-a936-903dc143430f/1780920000.0_mean_300.0_v3" "tx6040e9ab01df4479ada0c-006a292499" "proxy-server 12" 0.0006 "-" 24 0
Jun 10 08:47:21 np0000069409 proxy-server[124073]: 172.18.0.103 172.18.0.104 10/Jun/2026/08/47/21 GET /v1/AUTH_30b7e0a215454ce0afeddd89cbf7c5dd/gnocchi.15bf3366-6f3f-4dcb-a936-903dc143430f/1780920000.0_mean_300.0_v3 HTTP/1.0 404 - python-swiftclient-3.11.1 gAAAAABqKSMnQkw3... - 70 - tx6040e9ab01df4479ada0c-006a292499 - 0.0191 - - 1781081241.558130026 1781081241.577247381 0
Jun 10 08:47:21 np0000069409 container-server[122324]: 172.20.0.105 - - [10/Jun/2026:08:47:21 +0000] "PUT /d1/671/AUTH_30b7e0a215454ce0afeddd89cbf7c5dd/gnocchi.237a37de-1067-4a83-a00c-a88c9e6b0409/1780920000.0_mean_300.0_v3" 201 - "PUT http://172.18.0.190:8080/d1/52/AUTH_30b7e0a215454ce0afeddd89cbf7c5dd/gnocchi.237a37de-1067-4a83-a00c-a88c9e6b0409/1780920000.0_mean_300.0_v3" "txaf3ac270b776471393cd2-006a292499" "object-server 25" 0.0008 "-" 21 0
Jun 10 08:47:21 np0000069409 object-server[122650]: 172.20.0.103 - - [10/Jun/2026:08:47:21 +0000] "PUT /d1/52/AUTH_30b7e0a215454ce0afeddd89cbf7c5dd/gnocchi.237a37de-1067-4a83-a00c-a88c9e6b0409/1780920000.0_mean_300.0_v3" 201 - "PUT http://172.18.0.190:8080/v1/AUTH_30b7e0a215454ce0afeddd89cbf7c5dd/gnocchi.237a37de-1067-4a83-a00c-a88c9e6b0409/1780920000.0_mean_300.0_v3" "txaf3ac270b776471393cd2-006a292499" "proxy-server 20" 0.0141 "-" 22 0
Jun 10 08:47:21 np0000069409 object-server[122662]: 172.20.0.104 - - [10/Jun/2026:08:47:21 +0000] "PUT /d1/153/AUTH_30b7e0a215454ce0afeddd89cbf7c5dd/gnocchi.15bf3366-6f3f-4dcb-a936-903dc143430f/1780920000.0_mean_300.0_v3" 201 - "PUT http://172.18.0.190:8080/v1/AUTH_30b7e0a215454ce0afeddd89cbf7c5dd/gnocchi.15bf3366-6f3f-4dcb-a936-903dc143430f/1780920000.0_mean_300.0_v3" "txa1f2465efb304a03a4394-006a292499" "proxy-server 12" 0.0126 "-" 24 0
Jun 10 08:47:21 np0000069409 container-server[122338]: 172.20.0.105 - - [10/Jun/2026:08:47:21 +0000] "PUT /d1/390/AUTH_30b7e0a215454ce0afeddd89cbf7c5dd/gnocchi.15bf3366-6f3f-4dcb-a936-903dc143430f/1780920000.0_mean_300.0_v3" 201 - "PUT http://172.18.0.190:8080/d1/153/AUTH_30b7e0a215454ce0afeddd89cbf7c5dd/gnocchi.15bf3366-6f3f-4dcb-a936-903dc143430f/1780920000.0_mean_300.0_v3" "txa1f2465efb304a03a4394-006a292499" "object-server 23" 0.0008 "-" 22 0
Jun 10 08:47:21 np0000069409 proxy-server[124073]: 172.18.0.103 172.18.0.104 10/Jun/2026/08/47/21 PUT /v1/AUTH_30b7e0a215454ce0afeddd89cbf7c5dd/gnocchi.15bf3366-6f3f-4dcb-a936-903dc143430f/1780920000.0_mean_300.0_v3 HTTP/1.0 201 - python-swiftclient-3.11.1 gAAAAABqKSMnQkw3... 16 - - txa1f2465efb304a03a4394-006a292499 - 0.0232 - - 1781081241.580933332 1781081241.604163408 0
Jun 10 08:47:21 np0000069409 container-server[122363]: 172.20.0.103 - - [10/Jun/2026:08:47:21 +0000] "PUT /d1/671/AUTH_30b7e0a215454ce0afeddd89cbf7c5dd/gnocchi.237a37de-1067-4a83-a00c-a88c9e6b0409/none_v3" 201 - "PUT http://172.18.0.190:8080/d1/159/AUTH_30b7e0a215454ce0afeddd89cbf7c5dd/gnocchi.237a37de-1067-4a83-a00c-a88c9e6b0409/none_v3" "tx4b69e3df60014707b65d4-006a292499" "object-server 25" 0.0007 "-" 23 0
Jun 10 08:47:21 np0000069409 object-server[122662]: 172.20.0.103 - - [10/Jun/2026:08:47:21 +0000] "PUT /d1/159/AUTH_30b7e0a215454ce0afeddd89cbf7c5dd/gnocchi.237a37de-1067-4a83-a00c-a88c9e6b0409/none_v3" 201 - "PUT http://172.18.0.190:8080/v1/AUTH_30b7e0a215454ce0afeddd89cbf7c5dd/gnocchi.237a37de-1067-4a83-a00c-a88c9e6b0409/none_v3" "tx4b69e3df60014707b65d4-006a292499" "proxy-server 20" 0.0128 "-" 24 0
Jun 10 08:47:21 np0000069409 container-server[122324]: 172.20.0.105 - - [10/Jun/2026:08:47:21 +0000] "PUT /d1/390/AUTH_30b7e0a215454ce0afeddd89cbf7c5dd/gnocchi.15bf3366-6f3f-4dcb-a936-903dc143430f/none_v3" 201 - "PUT http://172.18.0.190:8080/d1/284/AUTH_30b7e0a215454ce0afeddd89cbf7c5dd/gnocchi.15bf3366-6f3f-4dcb-a936-903dc143430f/none_v3" "tx095feec7262144b487508-006a292499" "object-server 25" 0.0007 "-" 21 0
Jun 10 08:47:21 np0000069409 object-server[122657]: 172.20.0.104 - - [10/Jun/2026:08:47:21 +0000] "PUT /d1/284/AUTH_30b7e0a215454ce0afeddd89cbf7c5dd/gnocchi.15bf3366-6f3f-4dcb-a936-903dc143430f/none_v3" 201 - "PUT http://172.18.0.190:8080/v1/AUTH_30b7e0a215454ce0afeddd89cbf7c5dd/gnocchi.15bf3366-6f3f-4dcb-a936-903dc143430f/none_v3" "tx095feec7262144b487508-006a292499" "proxy-server 12" 0.0127 "-" 23 0
Jun 10 08:47:21 np0000069409 proxy-server[124073]: 172.18.0.103 172.18.0.104 10/Jun/2026/08/47/21 PUT /v1/AUTH_30b7e0a215454ce0afeddd89cbf7c5dd/gnocchi.15bf3366-6f3f-4dcb-a936-903dc143430f/none_v3 HTTP/1.0 201 - python-swiftclient-3.11.1 gAAAAABqKSMnQkw3... 22 - - tx095feec7262144b487508-006a292499 - 0.0244 - - 1781081241.609561205 1781081241.633949995 0
Jun 10 08:47:21 np0000069409 container-server[122338]: 172.20.0.103 - - [10/Jun/2026:08:47:21 +0000] "HEAD /d1/9/AUTH_30b7e0a215454ce0afeddd89cbf7c5dd/gnocchi.88960735-e3dd-4ba9-9682-a3e4a44ed2ea" 404 - "HEAD http://172.18.0.190:8080/v1/AUTH_30b7e0a215454ce0afeddd89cbf7c5dd/gnocchi.88960735-e3dd-4ba9-9682-a3e4a44ed2ea?format=json&states=listing" "tx9593960a23a946b6baf4e-006a292499" "proxy-server 20" 0.0005 "-" 22 0
Jun 10 08:47:21 np0000069409 container-server[122324]: 172.20.0.104 - - [10/Jun/2026:08:47:21 +0000] "HEAD /d1/580/AUTH_30b7e0a215454ce0afeddd89cbf7c5dd/gnocchi.d18dbd3c-c854-423e-b169-c36a773495b8" 404 - "HEAD http://172.18.0.190:8080/v1/AUTH_30b7e0a215454ce0afeddd89cbf7c5dd/gnocchi.d18dbd3c-c854-423e-b169-c36a773495b8?format=json&states=listing" "tx15a7ec71b3614d8081388-006a292499" "proxy-server 12" 0.0005 "-" 21 0
Jun 10 08:47:21 np0000069409 object-server[122650]: 172.20.0.103 - - [10/Jun/2026:08:47:21 +0000] "GET /d1/801/AUTH_30b7e0a215454ce0afeddd89cbf7c5dd/gnocchi.88960735-e3dd-4ba9-9682-a3e4a44ed2ea/none_v3" 404 70 "GET http://172.18.0.190:8080/v1/AUTH_30b7e0a215454ce0afeddd89cbf7c5dd/gnocchi.88960735-e3dd-4ba9-9682-a3e4a44ed2ea/none_v3" "tx9593960a23a946b6baf4e-006a292499" "proxy-server 20" 0.0008 "-" 22 0
Jun 10 08:47:21 np0000069409 object-server[122662]: 172.20.0.104 - - [10/Jun/2026:08:47:21 +0000] "GET /d1/916/AUTH_30b7e0a215454ce0afeddd89cbf7c5dd/gnocchi.d18dbd3c-c854-423e-b169-c36a773495b8/none_v3" 404 70 "GET http://172.18.0.190:8080/v1/AUTH_30b7e0a215454ce0afeddd89cbf7c5dd/gnocchi.d18dbd3c-c854-423e-b169-c36a773495b8/none_v3" "tx15a7ec71b3614d8081388-006a292499" "proxy-server 12" 0.0006 "-" 24 0
Jun 10 08:47:21 np0000069409 container-server[122324]: 172.20.0.105 - - [10/Jun/2026:08:47:21 +0000] "HEAD /d1/649/AUTH_30b7e0a215454ce0afeddd89cbf7c5dd/gnocchi.aad3348e-f25d-4938-96e3-8ea9814d88f4" 404 - "HEAD http://172.18.0.190:8080/v1/AUTH_30b7e0a215454ce0afeddd89cbf7c5dd/gnocchi.aad3348e-f25d-4938-96e3-8ea9814d88f4?format=json&states=listing" "tx38e3122970a04f6c91f55-006a292498" "proxy-server 20" 0.0004 "-" 21 0
Jun 10 08:47:21 np0000069409 proxy-server[124073]: 172.18.0.103 172.18.0.104 10/Jun/2026/08/47/21 GET /v1/AUTH_30b7e0a215454ce0afeddd89cbf7c5dd/gnocchi.d18dbd3c-c854-423e-b169-c36a773495b8/none_v3 HTTP/1.0 404 - python-swiftclient-3.11.1 gAAAAABqKSMnQkw3... - 70 - tx15a7ec71b3614d8081388-006a292499 - 0.0336 - - 1781081241.648317099 1781081241.681954384 0
Jun 10 08:47:21 np0000069409 object-server[122650]: 172.20.0.105 - - [10/Jun/2026:08:47:21 +0000] "GET /d1/473/AUTH_30b7e0a215454ce0afeddd89cbf7c5dd/gnocchi.aad3348e-f25d-4938-96e3-8ea9814d88f4/none_v3" 404 70 "GET http://172.18.0.190:8080/v1/AUTH_30b7e0a215454ce0afeddd89cbf7c5dd/gnocchi.aad3348e-f25d-4938-96e3-8ea9814d88f4/none_v3" "tx38e3122970a04f6c91f55-006a292498" "proxy-server 20" 0.0003 "-" 22 0
Jun 10 08:47:21 np0000069409 container-server[122321]: 172.20.0.103 - - [10/Jun/2026:08:47:21 +0000] "PUT /d1/9/AUTH_30b7e0a215454ce0afeddd89cbf7c5dd/gnocchi.88960735-e3dd-4ba9-9682-a3e4a44ed2ea" 201 - "PUT http://172.18.0.190:8080/v1/AUTH_30b7e0a215454ce0afeddd89cbf7c5dd/gnocchi.88960735-e3dd-4ba9-9682-a3e4a44ed2ea" "tx941d3d4f1fa1401ab04c1-006a292499" "proxy-server 20" 0.0146 "-" 20 0
Jun 10 08:47:21 np0000069409 account-server[121980]: 172.20.0.103 - - [10/Jun/2026:08:47:21 +0000] "PUT /d1/422/AUTH_30b7e0a215454ce0afeddd89cbf7c5dd/gnocchi.88960735-e3dd-4ba9-9682-a3e4a44ed2ea" 201 - "PUT http://172.20.0.103:6001/d1/9/AUTH_30b7e0a215454ce0afeddd89cbf7c5dd/gnocchi.88960735-e3dd-4ba9-9682-a3e4a44ed2ea" "tx941d3d4f1fa1401ab04c1-006a292499" "container-server 23" 0.0025 "-" 23 0
Jun 10 08:47:21 np0000069409 account-server[121958]: 172.20.0.104 - - [10/Jun/2026:08:47:21 +0000] "PUT /d1/422/AUTH_30b7e0a215454ce0afeddd89cbf7c5dd/gnocchi.d18dbd3c-c854-423e-b169-c36a773495b8" 201 - "PUT http://172.20.0.104:6001/d1/580/AUTH_30b7e0a215454ce0afeddd89cbf7c5dd/gnocchi.d18dbd3c-c854-423e-b169-c36a773495b8" "tx6ed24f9212574950b3a8a-006a292499" "container-server 22" 0.0055 "-" 22 0
Jun 10 08:47:21 np0000069409 container-server[122338]: 172.20.0.104 - - [10/Jun/2026:08:47:21 +0000] "PUT /d1/580/AUTH_30b7e0a215454ce0afeddd89cbf7c5dd/gnocchi.d18dbd3c-c854-423e-b169-c36a773495b8" 201 - "PUT http://172.18.0.190:8080/v1/AUTH_30b7e0a215454ce0afeddd89cbf7c5dd/gnocchi.d18dbd3c-c854-423e-b169-c36a773495b8" "tx6ed24f9212574950b3a8a-006a292499" "proxy-server 12" 0.0179 "-" 22 0
Jun 10 08:47:21 np0000069409 proxy-server[124073]: 172.18.0.103 172.18.0.104 10/Jun/2026/08/47/21 PUT /v1/AUTH_30b7e0a215454ce0afeddd89cbf7c5dd/gnocchi.d18dbd3c-c854-423e-b169-c36a773495b8 HTTP/1.0 201 - python-swiftclient-3.11.1 gAAAAABqKSMnQkw3... - - - tx6ed24f9212574950b3a8a-006a292499 - 0.0297 - - 1781081241.685675383 1781081241.715358496 0
Jun 10 08:47:21 np0000069409 proxy-server[124073]: - - 10/Jun/2026/08/47/21 HEAD /v1/AUTH_30b7e0a215454ce0afeddd89cbf7c5dd/gnocchi.d18dbd3c-c854-423e-b169-c36a773495b8%3Fformat%3Djson%26states%3Dlisting HTTP/1.0 204 - Swift - - - - tx19bb5614e8294989b6456-006a292499 - 0.0065 RL - 1781081241.723467112 1781081241.730013847 0
Jun 10 08:47:21 np0000069409 account-server[121958]: 172.20.0.103 - - [10/Jun/2026:08:47:21 +0000] "PUT /d1/422/AUTH_30b7e0a215454ce0afeddd89cbf7c5dd/gnocchi.aad3348e-f25d-4938-96e3-8ea9814d88f4" 201 - "PUT http://172.20.0.103:6001/d1/649/AUTH_30b7e0a215454ce0afeddd89cbf7c5dd/gnocchi.aad3348e-f25d-4938-96e3-8ea9814d88f4" "tx51efe27613934830aa5c9-006a292499" "container-server 22" 0.0061 "-" 22 0
Jun 10 08:47:21 np0000069409 container-server[122338]: 172.20.0.104 - - [10/Jun/2026:08:47:21 +0000] "GET /d1/580/AUTH_30b7e0a215454ce0afeddd89cbf7c5dd/gnocchi.d18dbd3c-c854-423e-b169-c36a773495b8" 200 2 "GET http://172.18.0.190:8080/v1/AUTH_30b7e0a215454ce0afeddd89cbf7c5dd/gnocchi.d18dbd3c-c854-423e-b169-c36a773495b8?format=json&states=listing" "tx19bb5614e8294989b6456-006a292499" "proxy-server 12" 0.0043 "-" 22 0
Jun 10 08:47:21 np0000069409 object-server[122662]: 172.20.0.103 - - [10/Jun/2026:08:47:21 +0000] "GET /d1/9/AUTH_30b7e0a215454ce0afeddd89cbf7c5dd/gnocchi.88960735-e3dd-4ba9-9682-a3e4a44ed2ea/1780920000.0_mean_300.0_v3" 404 70 "GET http://172.18.0.190:8080/v1/AUTH_30b7e0a215454ce0afeddd89cbf7c5dd/gnocchi.88960735-e3dd-4ba9-9682-a3e4a44ed2ea/1780920000.0_mean_300.0_v3" "tx42d7b615b0b148f082f2e-006a292499" "proxy-server 20" 0.0005 "-" 24 0
Jun 10 08:47:21 np0000069409 container-server[122321]: 172.20.0.105 - - [10/Jun/2026:08:47:21 +0000] "PUT /d1/649/AUTH_30b7e0a215454ce0afeddd89cbf7c5dd/gnocchi.aad3348e-f25d-4938-96e3-8ea9814d88f4" 201 - "PUT http://172.18.0.190:8080/v1/AUTH_30b7e0a215454ce0afeddd89cbf7c5dd/gnocchi.aad3348e-f25d-4938-96e3-8ea9814d88f4" "tx51efe27613934830aa5c9-006a292499" "proxy-server 20" 0.0251 "-" 20 0
Jun 10 08:47:21 np0000069409 proxy-server[124073]: 172.18.0.103 172.18.0.104 10/Jun/2026/08/47/21 GET /v1/AUTH_30b7e0a215454ce0afeddd89cbf7c5dd/gnocchi.d18dbd3c-c854-423e-b169-c36a773495b8%3Fformat%3Djson%26states%3Dlisting HTTP/1.0 200 - python-swiftclient-3.11.1 gAAAAABqKSMnQkw3... - 2 - tx19bb5614e8294989b6456-006a292499 - 0.0233 - - 1781081241.721373558 1781081241.744659901 0
Jun 10 08:47:21 np0000069409 object-server[122650]: 172.20.0.103 - - [10/Jun/2026:08:47:21 +0000] "PUT /d1/9/AUTH_30b7e0a215454ce0afeddd89cbf7c5dd/gnocchi.88960735-e3dd-4ba9-9682-a3e4a44ed2ea/1780920000.0_mean_300.0_v3" 201 - "PUT http://172.18.0.190:8080/v1/AUTH_30b7e0a215454ce0afeddd89cbf7c5dd/gnocchi.88960735-e3dd-4ba9-9682-a3e4a44ed2ea/1780920000.0_mean_300.0_v3" "txbacdc30793e5450da7b9d-006a292499" "proxy-server 20" 0.0103 "-" 22 0
Jun 10 08:47:21 np0000069409 container-server[122363]: 172.20.0.105 - - [10/Jun/2026:08:47:21 +0000] "PUT /d1/9/AUTH_30b7e0a215454ce0afeddd89cbf7c5dd/gnocchi.88960735-e3dd-4ba9-9682-a3e4a44ed2ea/1780920000.0_mean_300.0_v3" 201 - "PUT http://172.18.0.190:8080/d1/9/AUTH_30b7e0a215454ce0afeddd89cbf7c5dd/gnocchi.88960735-e3dd-4ba9-9682-a3e4a44ed2ea/1780920000.0_mean_300.0_v3" "txbacdc30793e5450da7b9d-006a292499" "object-server 25" 0.0009 "-" 23 0
Jun 10 08:47:21 np0000069409 object-server[122666]: 172.20.0.104 - - [10/Jun/2026:08:47:21 +0000] "GET /d1/91/AUTH_30b7e0a215454ce0afeddd89cbf7c5dd/gnocchi.d18dbd3c-c854-423e-b169-c36a773495b8/1780920000.0_mean_300.0_v3" 404 70 "GET http://172.18.0.190:8080/v1/AUTH_30b7e0a215454ce0afeddd89cbf7c5dd/gnocchi.d18dbd3c-c854-423e-b169-c36a773495b8/1780920000.0_mean_300.0_v3" "txdc977caaffd146e3b4947-006a292499" "proxy-server 12" 0.0005 "-" 25 0
Jun 10 08:47:21 np0000069409 proxy-server[124073]: 172.18.0.103 172.18.0.104 10/Jun/2026/08/47/21 GET /v1/AUTH_30b7e0a215454ce0afeddd89cbf7c5dd/gnocchi.d18dbd3c-c854-423e-b169-c36a773495b8/1780920000.0_mean_300.0_v3 HTTP/1.0 404 - python-swiftclient-3.11.1 gAAAAABqKSMnQkw3... - 70 - txdc977caaffd146e3b4947-006a292499 - 0.0179 - - 1781081241.750966549 1781081241.768834352 0
Jun 10 08:47:21 np0000069409 container-server[122363]: 172.20.0.105 - - [10/Jun/2026:08:47:21 +0000] "GET /d1/649/AUTH_30b7e0a215454ce0afeddd89cbf7c5dd/gnocchi.aad3348e-f25d-4938-96e3-8ea9814d88f4" 200 2 "GET http://172.18.0.190:8080/v1/AUTH_30b7e0a215454ce0afeddd89cbf7c5dd/gnocchi.aad3348e-f25d-4938-96e3-8ea9814d88f4?format=json&states=listing" "tx96e235cd941e42db8144a-006a292499" "proxy-server 20" 0.0048 "-" 23 0
Jun 10 08:47:21 np0000069409 container-server[122321]: 172.20.0.104 - - [10/Jun/2026:08:47:21 +0000] "PUT /d1/580/AUTH_30b7e0a215454ce0afeddd89cbf7c5dd/gnocchi.d18dbd3c-c854-423e-b169-c36a773495b8/1780920000.0_mean_300.0_v3" 201 - "PUT http://172.18.0.190:8080/d1/91/AUTH_30b7e0a215454ce0afeddd89cbf7c5dd/gnocchi.d18dbd3c-c854-423e-b169-c36a773495b8/1780920000.0_mean_300.0_v3" "tx85df41af28d648d693c75-006a292499" "object-server 23" 0.0011 "-" 20 0
Jun 10 08:47:21 np0000069409 object-server[122657]: 172.20.0.104 - - [10/Jun/2026:08:47:21 +0000] "PUT /d1/91/AUTH_30b7e0a215454ce0afeddd89cbf7c5dd/gnocchi.d18dbd3c-c854-423e-b169-c36a773495b8/1780920000.0_mean_300.0_v3" 201 - "PUT http://172.18.0.190:8080/v1/AUTH_30b7e0a215454ce0afeddd89cbf7c5dd/gnocchi.d18dbd3c-c854-423e-b169-c36a773495b8/1780920000.0_mean_300.0_v3" "tx85df41af28d648d693c75-006a292499" "proxy-server 12" 0.0106 "-" 23 0
Jun 10 08:47:21 np0000069409 container-server[122338]: 172.20.0.104 - - [10/Jun/2026:08:47:21 +0000] "PUT /d1/9/AUTH_30b7e0a215454ce0afeddd89cbf7c5dd/gnocchi.88960735-e3dd-4ba9-9682-a3e4a44ed2ea/none_v3" 201 - "PUT http://172.18.0.190:8080/d1/801/AUTH_30b7e0a215454ce0afeddd89cbf7c5dd/gnocchi.88960735-e3dd-4ba9-9682-a3e4a44ed2ea/none_v3" "txd8858ecb2e0a493abcda7-006a292499" "object-server 23" 0.0010 "-" 22 0
Jun 10 08:47:21 np0000069409 object-server[122657]: 172.20.0.103 - - [10/Jun/2026:08:47:21 +0000] "PUT /d1/801/AUTH_30b7e0a215454ce0afeddd89cbf7c5dd/gnocchi.88960735-e3dd-4ba9-9682-a3e4a44ed2ea/none_v3" 201 - "PUT http://172.18.0.190:8080/v1/AUTH_30b7e0a215454ce0afeddd89cbf7c5dd/gnocchi.88960735-e3dd-4ba9-9682-a3e4a44ed2ea/none_v3" "txd8858ecb2e0a493abcda7-006a292499" "proxy-server 20" 0.0103 "-" 23 0
Jun 10 08:47:21 np0000069409 proxy-server[124073]: 172.18.0.103 172.18.0.104 10/Jun/2026/08/47/21 PUT /v1/AUTH_30b7e0a215454ce0afeddd89cbf7c5dd/gnocchi.d18dbd3c-c854-423e-b169-c36a773495b8/1780920000.0_mean_300.0_v3 HTTP/1.0 201 - python-swiftclient-3.11.1 gAAAAABqKSMnQkw3... 16 - - tx85df41af28d648d693c75-006a292499 - 0.0261 - - 1781081241.774234533 1781081241.800370932 0
Jun 10 08:47:21 np0000069409 object-server[122657]: 172.20.0.105 - - [10/Jun/2026:08:47:21 +0000] "GET /d1/870/AUTH_30b7e0a215454ce0afeddd89cbf7c5dd/gnocchi.aad3348e-f25d-4938-96e3-8ea9814d88f4/1780920000.0_mean_300.0_v3" 404 70 "GET http://172.18.0.190:8080/v1/AUTH_30b7e0a215454ce0afeddd89cbf7c5dd/gnocchi.aad3348e-f25d-4938-96e3-8ea9814d88f4/1780920000.0_mean_300.0_v3" "tx2a298a6a70b04ce1b913f-006a292499" "proxy-server 20" 0.0002 "-" 23 0
Jun 10 08:47:21 np0000069409 container-server[122321]: 172.20.0.103 - - [10/Jun/2026:08:47:21 +0000] "PUT /d1/580/AUTH_30b7e0a215454ce0afeddd89cbf7c5dd/gnocchi.d18dbd3c-c854-423e-b169-c36a773495b8/none_v3" 201 - "PUT http://172.18.0.190:8080/d1/916/AUTH_30b7e0a215454ce0afeddd89cbf7c5dd/gnocchi.d18dbd3c-c854-423e-b169-c36a773495b8/none_v3" "txbe6a72d4d6b841af9824b-006a292499" "object-server 23" 0.0010 "-" 20 0
Jun 10 08:47:21 np0000069409 object-server[122662]: 172.20.0.104 - - [10/Jun/2026:08:47:21 +0000] "PUT /d1/916/AUTH_30b7e0a215454ce0afeddd89cbf7c5dd/gnocchi.d18dbd3c-c854-423e-b169-c36a773495b8/none_v3" 201 - "PUT http://172.18.0.190:8080/v1/AUTH_30b7e0a215454ce0afeddd89cbf7c5dd/gnocchi.d18dbd3c-c854-423e-b169-c36a773495b8/none_v3" "txbe6a72d4d6b841af9824b-006a292499" "proxy-server 12" 0.0132 "-" 24 0
Jun 10 08:47:21 np0000069409 proxy-server[124073]: 172.18.0.103 172.18.0.104 10/Jun/2026/08/47/21 PUT /v1/AUTH_30b7e0a215454ce0afeddd89cbf7c5dd/gnocchi.d18dbd3c-c854-423e-b169-c36a773495b8/none_v3 HTTP/1.0 201 - python-swiftclient-3.11.1 gAAAAABqKSMnQkw3... 22 - - txbe6a72d4d6b841af9824b-006a292499 - 0.0309 - - 1781081241.805835247 1781081241.836730480 0
Jun 10 08:47:21 np0000069409 container-server[122324]: 172.20.0.103 - - [10/Jun/2026:08:47:21 +0000] "PUT /d1/649/AUTH_30b7e0a215454ce0afeddd89cbf7c5dd/gnocchi.aad3348e-f25d-4938-96e3-8ea9814d88f4/1780920000.0_mean_300.0_v3" 201 - "PUT http://172.18.0.190:8080/d1/870/AUTH_30b7e0a215454ce0afeddd89cbf7c5dd/gnocchi.aad3348e-f25d-4938-96e3-8ea9814d88f4/1780920000.0_mean_300.0_v3" "tx745f5c1eec2241da9242a-006a292499" "object-server 24" 0.0010 "-" 21 0
Jun 10 08:47:21 np0000069409 object-server[122662]: 172.20.0.103 - - [10/Jun/2026:08:47:21 +0000] "PUT /d1/870/AUTH_30b7e0a215454ce0afeddd89cbf7c5dd/gnocchi.aad3348e-f25d-4938-96e3-8ea9814d88f4/1780920000.0_mean_300.0_v3" 201 - "PUT http://172.18.0.190:8080/v1/AUTH_30b7e0a215454ce0afeddd89cbf7c5dd/gnocchi.aad3348e-f25d-4938-96e3-8ea9814d88f4/1780920000.0_mean_300.0_v3" "tx745f5c1eec2241da9242a-006a292499" "proxy-server 20" 0.0139 "-" 24 0
Jun 10 08:47:21 np0000069409 container-server[122363]: 172.20.0.105 - - [10/Jun/2026:08:47:21 +0000] "HEAD /d1/234/AUTH_30b7e0a215454ce0afeddd89cbf7c5dd/gnocchi.dad0b3d0-3a81-4325-accc-e4158c2a319b" 404 - "HEAD http://172.18.0.190:8080/v1/AUTH_30b7e0a215454ce0afeddd89cbf7c5dd/gnocchi.dad0b3d0-3a81-4325-accc-e4158c2a319b?format=json&states=listing" "tx3eb29e4d5643422082256-006a292499" "proxy-server 20" 0.0007 "-" 23 0
Jun 10 08:47:21 np0000069409 object-server[122666]: 172.20.0.105 - - [10/Jun/2026:08:47:21 +0000] "GET /d1/757/AUTH_30b7e0a215454ce0afeddd89cbf7c5dd/gnocchi.dad0b3d0-3a81-4325-accc-e4158c2a319b/none_v3" 404 70 "GET http://172.18.0.190:8080/v1/AUTH_30b7e0a215454ce0afeddd89cbf7c5dd/gnocchi.dad0b3d0-3a81-4325-accc-e4158c2a319b/none_v3" "tx3eb29e4d5643422082256-006a292499" "proxy-server 20" 0.0005 "-" 25 0
Jun 10 08:47:21 np0000069409 container-server[122363]: 172.20.0.104 - - [10/Jun/2026:08:47:21 +0000] "PUT /d1/649/AUTH_30b7e0a215454ce0afeddd89cbf7c5dd/gnocchi.aad3348e-f25d-4938-96e3-8ea9814d88f4/none_v3" 201 - "PUT http://172.18.0.190:8080/d1/473/AUTH_30b7e0a215454ce0afeddd89cbf7c5dd/gnocchi.aad3348e-f25d-4938-96e3-8ea9814d88f4/none_v3" "tx17e72807184d4a378c198-006a292499" "object-server 25" 0.0008 "-" 23 0
Jun 10 08:47:21 np0000069409 object-server[122666]: 172.20.0.104 - - [10/Jun/2026:08:47:21 +0000] "PUT /d1/473/AUTH_30b7e0a215454ce0afeddd89cbf7c5dd/gnocchi.aad3348e-f25d-4938-96e3-8ea9814d88f4/none_v3" 201 - "PUT http://172.18.0.190:8080/v1/AUTH_30b7e0a215454ce0afeddd89cbf7c5dd/gnocchi.aad3348e-f25d-4938-96e3-8ea9814d88f4/none_v3" "tx17e72807184d4a378c198-006a292499" "proxy-server 12" 0.0133 "-" 25 0
Jun 10 08:47:21 np0000069409 proxy-server[124073]: 172.18.0.105 172.18.0.104 10/Jun/2026/08/47/21 PUT /v1/AUTH_30b7e0a215454ce0afeddd89cbf7c5dd/gnocchi.aad3348e-f25d-4938-96e3-8ea9814d88f4/none_v3 HTTP/1.0 201 - python-swiftclient-3.11.1 gAAAAABqKSNF4jTp... 22 - - tx17e72807184d4a378c198-006a292499 - 0.0260 - - 1781081241.849663973 1781081241.875681877 0
Jun 10 08:47:21 np0000069409 container-server[122324]: 172.20.0.103 - - [10/Jun/2026:08:47:21 +0000] "HEAD /d1/711/AUTH_30b7e0a215454ce0afeddd89cbf7c5dd/gnocchi.44358ecf-5b55-485d-a342-cbe66dc1fcd0" 404 - "HEAD http://172.18.0.190:8080/v1/AUTH_30b7e0a215454ce0afeddd89cbf7c5dd/gnocchi.44358ecf-5b55-485d-a342-cbe66dc1fcd0?format=json&states=listing" "tx1ae08e1135ec46cba0712-006a292499" "proxy-server 20" 0.0006 "-" 21 0
Jun 10 08:47:21 np0000069409 object-server[122666]: 172.20.0.103 - - [10/Jun/2026:08:47:21 +0000] "GET /d1/96/AUTH_30b7e0a215454ce0afeddd89cbf7c5dd/gnocchi.44358ecf-5b55-485d-a342-cbe66dc1fcd0/none_v3" 404 70 "GET http://172.18.0.190:8080/v1/AUTH_30b7e0a215454ce0afeddd89cbf7c5dd/gnocchi.44358ecf-5b55-485d-a342-cbe66dc1fcd0/none_v3" "tx1ae08e1135ec46cba0712-006a292499" "proxy-server 20" 0.0005 "-" 25 0
Jun 10 08:47:21 np0000069409 account-server[121958]: 172.20.0.105 - - [10/Jun/2026:08:47:21 +0000] "PUT /d1/422/AUTH_30b7e0a215454ce0afeddd89cbf7c5dd/gnocchi.dad0b3d0-3a81-4325-accc-e4158c2a319b" 201 - "PUT http://172.20.0.105:6001/d1/234/AUTH_30b7e0a215454ce0afeddd89cbf7c5dd/gnocchi.dad0b3d0-3a81-4325-accc-e4158c2a319b" "txaa860e3daaa54017a9a32-006a292499" "container-server 22" 0.0062 "-" 22 0
Jun 10 08:47:21 np0000069409 container-server[122363]: 172.20.0.105 - - [10/Jun/2026:08:47:21 +0000] "PUT /d1/234/AUTH_30b7e0a215454ce0afeddd89cbf7c5dd/gnocchi.dad0b3d0-3a81-4325-accc-e4158c2a319b" 201 - "PUT http://172.18.0.190:8080/v1/AUTH_30b7e0a215454ce0afeddd89cbf7c5dd/gnocchi.dad0b3d0-3a81-4325-accc-e4158c2a319b" "txaa860e3daaa54017a9a32-006a292499" "proxy-server 20" 0.0695 "-" 23 0
Jun 10 08:47:21 np0000069409 container-server[122363]: 172.20.0.103 - - [10/Jun/2026:08:47:21 +0000] "HEAD /d1/147/AUTH_30b7e0a215454ce0afeddd89cbf7c5dd/gnocchi.0c4722bd-a501-4967-a9fb-e4ca97f3d724" 404 - "HEAD http://172.18.0.190:8080/v1/AUTH_30b7e0a215454ce0afeddd89cbf7c5dd/gnocchi.0c4722bd-a501-4967-a9fb-e4ca97f3d724?format=json&states=listing" "tx5326f187f22d40f48a7c7-006a292499" "proxy-server 20" 0.0006 "-" 23 0
Jun 10 08:47:21 np0000069409 account-server[121945]: 172.20.0.103 - - [10/Jun/2026:08:47:21 +0000] "PUT /d1/422/AUTH_30b7e0a215454ce0afeddd89cbf7c5dd/gnocchi.44358ecf-5b55-485d-a342-cbe66dc1fcd0" 201 - "PUT http://172.20.0.103:6001/d1/711/AUTH_30b7e0a215454ce0afeddd89cbf7c5dd/gnocchi.44358ecf-5b55-485d-a342-cbe66dc1fcd0" "tx10254cc3f04d4f7e91bb6-006a292499" "container-server 23" 0.0078 "-" 20 0
Jun 10 08:47:21 np0000069409 container-server[122363]: 172.20.0.104 - - [10/Jun/2026:08:47:21 +0000] "PUT /d1/711/AUTH_30b7e0a215454ce0afeddd89cbf7c5dd/gnocchi.44358ecf-5b55-485d-a342-cbe66dc1fcd0" 201 - "PUT http://172.18.0.190:8080/v1/AUTH_30b7e0a215454ce0afeddd89cbf7c5dd/gnocchi.44358ecf-5b55-485d-a342-cbe66dc1fcd0" "tx10254cc3f04d4f7e91bb6-006a292499" "proxy-server 12" 0.0219 "-" 23 0
Jun 10 08:47:21 np0000069409 proxy-server[124073]: 172.18.0.103 172.18.0.104 10/Jun/2026/08/47/21 PUT /v1/AUTH_30b7e0a215454ce0afeddd89cbf7c5dd/gnocchi.44358ecf-5b55-485d-a342-cbe66dc1fcd0 HTTP/1.0 201 - python-swiftclient-3.11.1 gAAAAABqKSMnQkw3... - - - tx10254cc3f04d4f7e91bb6-006a292499 - 0.0579 - - 1781081241.903546810 1781081241.961423397 0
Jun 10 08:47:21 np0000069409 object-server[122666]: 172.20.0.103 - - [10/Jun/2026:08:47:21 +0000] "GET /d1/845/AUTH_30b7e0a215454ce0afeddd89cbf7c5dd/gnocchi.0c4722bd-a501-4967-a9fb-e4ca97f3d724/none_v3" 404 70 "GET http://172.18.0.190:8080/v1/AUTH_30b7e0a215454ce0afeddd89cbf7c5dd/gnocchi.0c4722bd-a501-4967-a9fb-e4ca97f3d724/none_v3" "tx5326f187f22d40f48a7c7-006a292499" "proxy-server 20" 0.0006 "-" 25 0
Jun 10 08:47:21 np0000069409 proxy-server[124073]: - - 10/Jun/2026/08/47/21 HEAD /v1/AUTH_30b7e0a215454ce0afeddd89cbf7c5dd/gnocchi.44358ecf-5b55-485d-a342-cbe66dc1fcd0%3Fformat%3Djson%26states%3Dlisting HTTP/1.0 204 - Swift - - - - tx8d30c6d9750e49c5ae134-006a292499 - 0.0059 RL - 1781081241.967117310 1781081241.973050833 0
Jun 10 08:47:21 np0000069409 container-server[122338]: 172.20.0.104 - - [10/Jun/2026:08:47:21 +0000] "GET /d1/711/AUTH_30b7e0a215454ce0afeddd89cbf7c5dd/gnocchi.44358ecf-5b55-485d-a342-cbe66dc1fcd0" 200 2 "GET http://172.18.0.190:8080/v1/AUTH_30b7e0a215454ce0afeddd89cbf7c5dd/gnocchi.44358ecf-5b55-485d-a342-cbe66dc1fcd0?format=json&states=listing" "tx8d30c6d9750e49c5ae134-006a292499" "proxy-server 12" 0.0040 "-" 22 0
Jun 10 08:47:21 np0000069409 proxy-server[124073]: 172.18.0.103 172.18.0.104 10/Jun/2026/08/47/21 GET /v1/AUTH_30b7e0a215454ce0afeddd89cbf7c5dd/gnocchi.44358ecf-5b55-485d-a342-cbe66dc1fcd0%3Fformat%3Djson%26states%3Dlisting HTTP/1.0 200 - python-swiftclient-3.11.1 gAAAAABqKSMnQkw3... - 2 - tx8d30c6d9750e49c5ae134-006a292499 - 0.0184 - - 1781081241.965652704 1781081241.984091997 0
