Jun 10 08:37:20 np0000069410 account-server[121460]: diff:0 diff_capped:0 empty:0 hashmatch:0 no_change:0 remote_merge:0 rsync:0 ts_repl:0
Jun 10 08:37:29 np0000069410 container-server[121827]: Beginning replication run
Jun 10 08:37:29 np0000069410 container-server[121827]: Replication run OVER
Jun 10 08:37:29 np0000069410 container-server[121827]: Attempted to replicate 0 dbs in 0.00093 seconds (0.00000/s)
Jun 10 08:37:29 np0000069410 container-server[121827]: Removed 0 dbs
Jun 10 08:37:29 np0000069410 container-server[121827]: 0 successes, 0 failures
Jun 10 08:37:29 np0000069410 container-server[121827]: diff:0 diff_capped:0 empty:0 hashmatch:0 no_change:0 remote_merge:0 rsync:0 ts_repl:0
Jun 10 08:37:44 np0000069410 container-server[122002]: Begin container update sweep
Jun 10 08:37:44 np0000069410 container-server[122002]: Container update sweep completed: 0.00s
Jun 10 08:37:48 np0000069410 object-server[122288]: Starting object replication pass.
Jun 10 08:37:48 np0000069410 object-server[122288]: Nothing replicated for 0.004321098327636719 seconds.
Jun 10 08:37:48 np0000069410 object-server[122288]: Object replication complete. (0.00 minutes)
Jun 10 08:37:49 np0000069410 object-server[191152]: Begin object audit "forever" mode (ZBF)
Jun 10 08:37:49 np0000069410 object-server[191152]: Object audit (ZBF) "forever" mode completed: 0.00s. Total quarantined: 0, Total errors: 0, Total files/sec: 0.00, Total bytes/sec: 0.00, Auditing time: 0.00, Rate: 0.00
Jun 10 08:37:50 np0000069410 account-server[121460]: Beginning replication run
Jun 10 08:37:50 np0000069410 account-server[121460]: Replication run OVER
Jun 10 08:37:50 np0000069410 account-server[121460]: Attempted to replicate 0 dbs in 0.00164 seconds (0.00000/s)
Jun 10 08:37:50 np0000069410 account-server[121460]: Removed 0 dbs
Jun 10 08:37:50 np0000069410 account-server[121460]: 0 successes, 0 failures
Jun 10 08:37:50 np0000069410 account-server[121460]: diff:0 diff_capped:0 empty:0 hashmatch:0 no_change:0 remote_merge:0 rsync:0 ts_repl:0
Jun 10 08:37:59 np0000069410 container-server[121827]: Beginning replication run
Jun 10 08:37:59 np0000069410 container-server[121827]: Replication run OVER
Jun 10 08:37:59 np0000069410 container-server[121827]: Attempted to replicate 0 dbs in 0.00199 seconds (0.00000/s)
Jun 10 08:37:59 np0000069410 container-server[121827]: Removed 0 dbs
Jun 10 08:37:59 np0000069410 container-server[121827]: 0 successes, 0 failures
Jun 10 08:37:59 np0000069410 container-server[121827]: diff:0 diff_capped:0 empty:0 hashmatch:0 no_change:0 remote_merge:0 rsync:0 ts_repl:0
Jun 10 08:38:06 np0000069410 account-server[121953]: 172.20.0.103 - - [10/Jun/2026:08:38:06 +0000] "HEAD /d1/791/.expiring_objects" 404 - "HEAD http://localhost/v1/.expiring_objects?format=json" "tx309c997461954f958b1b0-006a29226e" "proxy-server 2" 0.0005 "-" 21 -
Jun 10 08:38:18 np0000069410 object-server[122288]: Starting object replication pass.
Jun 10 08:38:18 np0000069410 object-server[122288]: Nothing replicated for 0.0030362606048583984 seconds.
Jun 10 08:38:18 np0000069410 object-server[122288]: Object replication complete. (0.00 minutes)
Jun 10 08:38:20 np0000069410 object-server[197094]: Begin object audit "forever" mode (ZBF)
Jun 10 08:38:20 np0000069410 object-server[197094]: Object audit (ZBF) "forever" mode completed: 0.00s. Total quarantined: 0, Total errors: 0, Total files/sec: 0.00, Total bytes/sec: 0.00, Auditing time: 0.00, Rate: 0.00
Jun 10 08:38:20 np0000069410 object-server[197095]: Begin object audit "forever" mode (ALL)
Jun 10 08:38:20 np0000069410 object-server[197095]: Object audit (ALL) "forever" mode completed: 0.00s. Total quarantined: 0, Total errors: 0, Total files/sec: 0.00, Total bytes/sec: 0.00, Auditing time: 0.00, Rate: 0.00
Jun 10 08:38:20 np0000069410 account-server[121460]: Beginning replication run
Jun 10 08:38:20 np0000069410 account-server[121460]: Replication run OVER
Jun 10 08:38:20 np0000069410 account-server[121460]: Attempted to replicate 0 dbs in 0.00191 seconds (0.00000/s)
Jun 10 08:38:20 np0000069410 account-server[121460]: Removed 0 dbs
Jun 10 08:38:20 np0000069410 account-server[121460]: 0 successes, 0 failures
Jun 10 08:38:20 np0000069410 account-server[121460]: diff:0 diff_capped:0 empty:0 hashmatch:0 no_change:0 remote_merge:0 rsync:0 ts_repl:0
Jun 10 08:38:29 np0000069410 container-server[121827]: Beginning replication run
Jun 10 08:38:29 np0000069410 container-server[121827]: Replication run OVER
Jun 10 08:38:29 np0000069410 container-server[121827]: Attempted to replicate 0 dbs in 0.00155 seconds (0.00000/s)
Jun 10 08:38:29 np0000069410 container-server[121827]: Removed 0 dbs
Jun 10 08:38:29 np0000069410 container-server[121827]: 0 successes, 0 failures
Jun 10 08:38:29 np0000069410 container-server[121827]: diff:0 diff_capped:0 empty:0 hashmatch:0 no_change:0 remote_merge:0 rsync:0 ts_repl:0
Jun 10 08:38:33 np0000069410 account-server[121959]: 172.20.0.105 - - [10/Jun/2026:08:38:33 +0000] "HEAD /d1/791/.expiring_objects" 404 - "HEAD http://localhost/v1/.expiring_objects?format=json" "txf9cf6e6d68a041849de28-006a292289" "proxy-server 2" 0.0009 "-" 22 -
Jun 10 08:38:33 np0000069410 object-expirer[122141]: Pass completed in 0s; 0 objects expired (txn: txf9cf6e6d68a041849de28-006a292289)
Jun 10 08:38:48 np0000069410 object-server[122288]: Starting object replication pass.
Jun 10 08:38:48 np0000069410 object-server[122288]: Nothing replicated for 0.003781557083129883 seconds.
Jun 10 08:38:48 np0000069410 object-server[122288]: Object replication complete. (0.00 minutes)
Jun 10 08:38:50 np0000069410 object-server[200135]: Begin object audit "forever" mode (ZBF)
Jun 10 08:38:50 np0000069410 object-server[200136]: Begin object audit "forever" mode (ALL)
Jun 10 08:38:50 np0000069410 object-server[200135]: Object audit (ZBF) "forever" mode completed: 0.00s. Total quarantined: 0, Total errors: 0, Total files/sec: 0.00, Total bytes/sec: 0.00, Auditing time: 0.00, Rate: 0.00
Jun 10 08:38:50 np0000069410 object-server[200136]: Object audit (ALL) "forever" mode completed: 0.00s. Total quarantined: 0, Total errors: 0, Total files/sec: 0.00, Total bytes/sec: 0.00, Auditing time: 0.00, Rate: 0.00
Jun 10 08:38:50 np0000069410 account-server[121460]: Beginning replication run
Jun 10 08:38:50 np0000069410 account-server[121460]: Replication run OVER
Jun 10 08:38:50 np0000069410 account-server[121460]: Attempted to replicate 0 dbs in 0.00152 seconds (0.00000/s)
Jun 10 08:38:50 np0000069410 account-server[121460]: Removed 0 dbs
Jun 10 08:38:50 np0000069410 account-server[121460]: 0 successes, 0 failures
Jun 10 08:38:50 np0000069410 account-server[121460]: diff:0 diff_capped:0 empty:0 hashmatch:0 no_change:0 remote_merge:0 rsync:0 ts_repl:0
Jun 10 08:38:59 np0000069410 container-server[121827]: Beginning replication run
Jun 10 08:38:59 np0000069410 container-server[121827]: Replication run OVER
Jun 10 08:38:59 np0000069410 container-server[121827]: Attempted to replicate 0 dbs in 0.00131 seconds (0.00000/s)
Jun 10 08:38:59 np0000069410 container-server[121827]: Removed 0 dbs
Jun 10 08:38:59 np0000069410 container-server[121827]: 0 successes, 0 failures
Jun 10 08:38:59 np0000069410 container-server[121827]: diff:0 diff_capped:0 empty:0 hashmatch:0 no_change:0 remote_merge:0 rsync:0 ts_repl:0
Jun 10 08:39:02 np0000069410 account-server[121426]: Begin account audit pass.
Jun 10 08:39:20 np0000069410 object-server[202485]: Begin object audit "forever" mode (ALL)
Jun 10 08:39:20 np0000069410 object-server[202485]: Object audit (ALL) "forever" mode completed: 0.00s. Total quarantined: 0, Total errors: 0, Total files/sec: 0.00, Total bytes/sec: 0.00, Auditing time: 0.00, Rate: 0.00
Jun 10 08:39:20 np0000069410 object-server[202484]: Begin object audit "forever" mode (ZBF)
Jun 10 08:39:20 np0000069410 object-server[202484]: Object audit (ZBF) "forever" mode completed: 0.00s. Total quarantined: 0, Total errors: 0, Total files/sec: 0.00, Total bytes/sec: 0.00, Auditing time: 0.00, Rate: 0.00
Jun 10 08:39:20 np0000069410 account-server[121460]: Beginning replication run
Jun 10 08:39:20 np0000069410 account-server[121460]: Replication run OVER
Jun 10 08:39:20 np0000069410 account-server[121460]: Attempted to replicate 0 dbs in 0.00114 seconds (0.00000/s)
Jun 10 08:39:20 np0000069410 account-server[121460]: Removed 0 dbs
Jun 10 08:39:20 np0000069410 account-server[121460]: 0 successes, 0 failures
Jun 10 08:39:20 np0000069410 account-server[121460]: diff:0 diff_capped:0 empty:0 hashmatch:0 no_change:0 remote_merge:0 rsync:0 ts_repl:0
Jun 10 08:39:22 np0000069410 object-server[122288]: Starting object replication pass.
Jun 10 08:39:22 np0000069410 object-server[122288]: Nothing replicated for 0.003256559371948242 seconds.
Jun 10 08:39:22 np0000069410 object-server[122288]: Object replication complete. (0.00 minutes)
Jun 10 08:39:29 np0000069410 container-server[121827]: Beginning replication run
Jun 10 08:39:29 np0000069410 container-server[121827]: Replication run OVER
Jun 10 08:39:29 np0000069410 container-server[121827]: Attempted to replicate 0 dbs in 0.00113 seconds (0.00000/s)
Jun 10 08:39:29 np0000069410 container-server[121827]: Removed 0 dbs
Jun 10 08:39:29 np0000069410 container-server[121827]: 0 successes, 0 failures
Jun 10 08:39:29 np0000069410 container-server[121827]: diff:0 diff_capped:0 empty:0 hashmatch:0 no_change:0 remote_merge:0 rsync:0 ts_repl:0
Jun 10 08:39:50 np0000069410 object-server[205047]: Begin object audit "forever" mode (ALL)
Jun 10 08:39:50 np0000069410 object-server[205046]: Begin object audit "forever" mode (ZBF)
Jun 10 08:39:50 np0000069410 object-server[205047]: Object audit (ALL) "forever" mode completed: 0.00s. Total quarantined: 0, Total errors: 0, Total files/sec: 0.00, Total bytes/sec: 0.00, Auditing time: 0.00, Rate: 0.00
Jun 10 08:39:50 np0000069410 object-server[205046]: Object audit (ZBF) "forever" mode completed: 0.00s. Total quarantined: 0, Total errors: 0, Total files/sec: 0.00, Total bytes/sec: 0.00, Auditing time: 0.00, Rate: 0.00
Jun 10 08:39:50 np0000069410 account-server[121460]: Beginning replication run
Jun 10 08:39:50 np0000069410 account-server[121460]: Replication run OVER
Jun 10 08:39:50 np0000069410 account-server[121460]: Attempted to replicate 0 dbs in 0.00194 seconds (0.00000/s)
Jun 10 08:39:50 np0000069410 account-server[121460]: Removed 0 dbs
Jun 10 08:39:50 np0000069410 account-server[121460]: 0 successes, 0 failures
Jun 10 08:39:50 np0000069410 account-server[121460]: diff:0 diff_capped:0 empty:0 hashmatch:0 no_change:0 remote_merge:0 rsync:0 ts_repl:0
Jun 10 08:39:52 np0000069410 object-server[122288]: Starting object replication pass.
Jun 10 08:39:52 np0000069410 object-server[122288]: Nothing replicated for 0.0037775039672851562 seconds.
Jun 10 08:39:52 np0000069410 object-server[122288]: Object replication complete. (0.00 minutes)
Jun 10 08:39:59 np0000069410 container-server[121827]: Beginning replication run
Jun 10 08:39:59 np0000069410 container-server[121827]: Replication run OVER
Jun 10 08:39:59 np0000069410 container-server[121827]: Attempted to replicate 0 dbs in 0.00173 seconds (0.00000/s)
Jun 10 08:39:59 np0000069410 container-server[121827]: Removed 0 dbs
Jun 10 08:39:59 np0000069410 container-server[121827]: 0 successes, 0 failures
Jun 10 08:39:59 np0000069410 container-server[121827]: diff:0 diff_capped:0 empty:0 hashmatch:0 no_change:0 remote_merge:0 rsync:0 ts_repl:0
Jun 10 08:40:12 np0000069410 account-server[121953]: 172.20.0.105 - - [10/Jun/2026:08:40:12 +0000] "HEAD /d1/791/.expiring_objects" 404 - "HEAD http://localhost/v1/.expiring_objects?format=json" "txacc78ab6ccaf4190be843-006a2922ec" "proxy-server 2" 0.0004 "-" 21 -
Jun 10 08:40:13 np0000069410 object-expirer[122141]: Pass completed in 0s; 0 objects expired (txn: txacc78ab6ccaf4190be843-006a2922ec)
Jun 10 08:40:20 np0000069410 object-server[207823]: Begin object audit "forever" mode (ZBF)
Jun 10 08:40:20 np0000069410 object-server[207823]: Object audit (ZBF) "forever" mode completed: 0.00s. Total quarantined: 0, Total errors: 0, Total files/sec: 0.00, Total bytes/sec: 0.00, Auditing time: 0.00, Rate: 0.00
Jun 10 08:40:20 np0000069410 object-server[207824]: Begin object audit "forever" mode (ALL)
Jun 10 08:40:20 np0000069410 object-server[207824]: Object audit (ALL) "forever" mode completed: 0.00s. Total quarantined: 0, Total errors: 0, Total files/sec: 0.00, Total bytes/sec: 0.00, Auditing time: 0.00, Rate: 0.00
Jun 10 08:40:20 np0000069410 account-server[121460]: Beginning replication run
Jun 10 08:40:20 np0000069410 account-server[121460]: Replication run OVER
Jun 10 08:40:20 np0000069410 account-server[121460]: Attempted to replicate 0 dbs in 0.00178 seconds (0.00000/s)
Jun 10 08:40:20 np0000069410 account-server[121460]: Removed 0 dbs
Jun 10 08:40:20 np0000069410 account-server[121460]: 0 successes, 0 failures
Jun 10 08:40:20 np0000069410 account-server[121460]: diff:0 diff_capped:0 empty:0 hashmatch:0 no_change:0 remote_merge:0 rsync:0 ts_repl:0
Jun 10 08:40:22 np0000069410 object-server[122288]: Starting object replication pass.
Jun 10 08:40:22 np0000069410 object-server[122288]: Nothing replicated for 0.002033233642578125 seconds.
Jun 10 08:40:22 np0000069410 object-server[122288]: Object replication complete. (0.00 minutes)
Jun 10 08:40:29 np0000069410 container-server[121827]: Beginning replication run
Jun 10 08:40:29 np0000069410 container-server[121827]: Replication run OVER
Jun 10 08:40:29 np0000069410 container-server[121827]: Attempted to replicate 0 dbs in 0.00133 seconds (0.00000/s)
Jun 10 08:40:29 np0000069410 container-server[121827]: Removed 0 dbs
Jun 10 08:40:29 np0000069410 container-server[121827]: 0 successes, 0 failures
Jun 10 08:40:29 np0000069410 container-server[121827]: diff:0 diff_capped:0 empty:0 hashmatch:0 no_change:0 remote_merge:0 rsync:0 ts_repl:0
Jun 10 08:40:38 np0000069410 account-server[121950]: 172.20.0.104 - - [10/Jun/2026:08:40:38 +0000] "HEAD /d1/791/.expiring_objects" 404 - "HEAD http://localhost/v1/.expiring_objects?format=json" "tx9555d84beffa4bd1a1fed-006a292306" "proxy-server 2" 0.0008 "-" 20 -
Jun 10 08:40:51 np0000069410 account-server[121460]: Beginning replication run
Jun 10 08:40:51 np0000069410 account-server[121460]: Replication run OVER
Jun 10 08:40:51 np0000069410 account-server[121460]: Attempted to replicate 0 dbs in 0.00109 seconds (0.00000/s)
Jun 10 08:40:51 np0000069410 account-server[121460]: Removed 0 dbs
Jun 10 08:40:51 np0000069410 account-server[121460]: 0 successes, 0 failures
Jun 10 08:40:51 np0000069410 account-server[121460]: diff:0 diff_capped:0 empty:0 hashmatch:0 no_change:0 remote_merge:0 rsync:0 ts_repl:0
Jun 10 08:40:51 np0000069410 object-server[207825]: Begin object audit "forever" mode (ZBF)
Jun 10 08:40:51 np0000069410 object-server[207825]: Object audit (ZBF) "forever" mode completed: 0.00s. Total quarantined: 0, Total errors: 0, Total files/sec: 0.00, Total bytes/sec: 0.00, Auditing time: 0.00, Rate: 0.00
Jun 10 08:40:52 np0000069410 object-server[122288]: Starting object replication pass.
Jun 10 08:40:52 np0000069410 object-server[122288]: Nothing replicated for 0.0025186538696289062 seconds.
Jun 10 08:40:52 np0000069410 object-server[122288]: Object replication complete. (0.00 minutes)
Jun 10 08:40:59 np0000069410 container-server[121827]: Beginning replication run
Jun 10 08:40:59 np0000069410 container-server[121827]: Replication run OVER
Jun 10 08:40:59 np0000069410 container-server[121827]: Attempted to replicate 0 dbs in 0.00210 seconds (0.00000/s)
Jun 10 08:40:59 np0000069410 container-server[121827]: Removed 0 dbs
Jun 10 08:40:59 np0000069410 container-server[121827]: 0 successes, 0 failures
Jun 10 08:40:59 np0000069410 container-server[121827]: diff:0 diff_capped:0 empty:0 hashmatch:0 no_change:0 remote_merge:0 rsync:0 ts_repl:0
Jun 10 08:41:11 np0000069410 account-server[121953]: 172.20.0.103 - - [10/Jun/2026:08:41:11 +0000] "HEAD /d1/422/AUTH_30b7e0a215454ce0afeddd89cbf7c5dd" 404 - "HEAD http://172.18.0.190:8080/v1/AUTH_30b7e0a215454ce0afeddd89cbf7c5dd?format=json" "tx86673f071edf4f94a4dd7-006a292327" "proxy-server 20" 0.0006 "-" 21 -
Jun 10 08:41:11 np0000069410 object-server[122544]: 172.20.0.103 - - [10/Jun/2026:08:41:11 +0000] "GET /d1/634/AUTH_30b7e0a215454ce0afeddd89cbf7c5dd/gnocchi.01c02913-9329-40e9-88de-54b3b9d567c2/none_v3" 404 70 "GET http://172.18.0.190:8080/v1/AUTH_30b7e0a215454ce0afeddd89cbf7c5dd/gnocchi.01c02913-9329-40e9-88de-54b3b9d567c2/none_v3" "tx86673f071edf4f94a4dd7-006a292327" "proxy-server 20" 0.0014 "-" 22 0
Jun 10 08:41:11 np0000069410 account-server[121959]: 172.20.0.104 - - [10/Jun/2026:08:41:11 +0000] "PUT /d1/422/AUTH_30b7e0a215454ce0afeddd89cbf7c5dd" 201 - "-" "tx3830870b23bb4b8ea0cb5-006a292327" "-" 0.0139 "-" 22 -
Jun 10 08:41:11 np0000069410 account-server[121959]: 172.20.0.104 - - [10/Jun/2026:08:41:11 +0000] "HEAD /d1/422/AUTH_30b7e0a215454ce0afeddd89cbf7c5dd" 204 - "HEAD http://172.18.0.190:8080/v1/AUTH_30b7e0a215454ce0afeddd89cbf7c5dd?format=json" "tx3830870b23bb4b8ea0cb5-006a292327" "proxy-server 12" 0.0016 "-" 22 -
Jun 10 08:41:11 np0000069410 container-server[122228]: 172.20.0.104 - - [10/Jun/2026:08:41:11 +0000] "PUT /d1/207/AUTH_30b7e0a215454ce0afeddd89cbf7c5dd/gnocchi.01c02913-9329-40e9-88de-54b3b9d567c2" 201 - "PUT http://172.18.0.190:8080/v1/AUTH_30b7e0a215454ce0afeddd89cbf7c5dd/gnocchi.01c02913-9329-40e9-88de-54b3b9d567c2" "tx3830870b23bb4b8ea0cb5-006a292327" "proxy-server 12" 0.0168 "-" 20 0
Jun 10 08:41:11 np0000069410 account-server[121950]: 172.20.0.104 - - [10/Jun/2026:08:41:11 +0000] "PUT /d1/422/AUTH_30b7e0a215454ce0afeddd89cbf7c5dd/gnocchi.01c02913-9329-40e9-88de-54b3b9d567c2" 201 - "PUT http://172.20.0.104:6001/d1/207/AUTH_30b7e0a215454ce0afeddd89cbf7c5dd/gnocchi.01c02913-9329-40e9-88de-54b3b9d567c2" "tx3830870b23bb4b8ea0cb5-006a292327" "container-server 21" 0.0040 "-" 20 0
Jun 10 08:41:11 np0000069410 proxy-server[123970]: - - 10/Jun/2026/08/41/11 HEAD /v1/AUTH_30b7e0a215454ce0afeddd89cbf7c5dd/gnocchi.01c02913-9329-40e9-88de-54b3b9d567c2%3Fformat%3Djson%26states%3Dlisting HTTP/1.0 204 - Swift - - - - txc7c050f12592436ab00e1-006a292327 - 0.0120 RL - 1781080871.772636652 1781080871.784600735 0
Jun 10 08:41:11 np0000069410 container-server[122238]: 172.20.0.105 - - [10/Jun/2026:08:41:11 +0000] "GET /d1/207/AUTH_30b7e0a215454ce0afeddd89cbf7c5dd/gnocchi.01c02913-9329-40e9-88de-54b3b9d567c2" 200 2 "GET http://172.18.0.190:8080/v1/AUTH_30b7e0a215454ce0afeddd89cbf7c5dd/gnocchi.01c02913-9329-40e9-88de-54b3b9d567c2?format=json&states=listing" "txc7c050f12592436ab00e1-006a292327" "proxy-server 20" 0.0040 "-" 21 0
Jun 10 08:41:11 np0000069410 proxy-server[123970]: 172.18.0.103 172.18.0.104 10/Jun/2026/08/41/11 GET /v1/AUTH_30b7e0a215454ce0afeddd89cbf7c5dd/gnocchi.01c02913-9329-40e9-88de-54b3b9d567c2%3Fformat%3Djson%26states%3Dlisting HTTP/1.0 200 - python-swiftclient-3.11.1 gAAAAABqKSMnQkw3... - 2 - txc7c050f12592436ab00e1-006a292327 - 0.0378 - - 1781080871.763287306 1781080871.801123142 0
Jun 10 08:41:11 np0000069410 object-server[122550]: 172.20.0.103 - - [10/Jun/2026:08:41:11 +0000] "GET /d1/691/AUTH_30b7e0a215454ce0afeddd89cbf7c5dd/gnocchi.01c02913-9329-40e9-88de-54b3b9d567c2/1780920000.0_mean_300.0_v3" 404 70 "GET http://172.18.0.190:8080/v1/AUTH_30b7e0a215454ce0afeddd89cbf7c5dd/gnocchi.01c02913-9329-40e9-88de-54b3b9d567c2/1780920000.0_mean_300.0_v3" "tx5fab41946552417682403-006a292327" "proxy-server 20" 0.0008 "-" 23 0
Jun 10 08:41:11 np0000069410 container-server[122240]: 172.20.0.105 - - [10/Jun/2026:08:41:11 +0000] "PUT /d1/207/AUTH_30b7e0a215454ce0afeddd89cbf7c5dd/gnocchi.01c02913-9329-40e9-88de-54b3b9d567c2/1780920000.0_mean_300.0_v3" 201 - "PUT http://172.18.0.190:8080/d1/691/AUTH_30b7e0a215454ce0afeddd89cbf7c5dd/gnocchi.01c02913-9329-40e9-88de-54b3b9d567c2/1780920000.0_mean_300.0_v3" "tx23ae34979ec04c609adcf-006a292327" "object-server 23" 0.0012 "-" 22 0
Jun 10 08:41:11 np0000069410 object-server[122550]: 172.20.0.104 - - [10/Jun/2026:08:41:11 +0000] "PUT /d1/691/AUTH_30b7e0a215454ce0afeddd89cbf7c5dd/gnocchi.01c02913-9329-40e9-88de-54b3b9d567c2/1780920000.0_mean_300.0_v3" 201 - "PUT http://172.18.0.190:8080/v1/AUTH_30b7e0a215454ce0afeddd89cbf7c5dd/gnocchi.01c02913-9329-40e9-88de-54b3b9d567c2/1780920000.0_mean_300.0_v3" "tx23ae34979ec04c609adcf-006a292327" "proxy-server 12" 0.0293 "-" 23 0
Jun 10 08:41:11 np0000069410 object-server[122550]: 172.20.0.105 - - [10/Jun/2026:08:41:11 +0000] "PUT /d1/634/AUTH_30b7e0a215454ce0afeddd89cbf7c5dd/gnocchi.01c02913-9329-40e9-88de-54b3b9d567c2/none_v3" 201 - "PUT http://172.18.0.190:8080/v1/AUTH_30b7e0a215454ce0afeddd89cbf7c5dd/gnocchi.01c02913-9329-40e9-88de-54b3b9d567c2/none_v3" "tx9a706e89151b4df1b7d4e-006a292327" "proxy-server 20" 0.0202 "-" 23 0
Jun 10 08:41:11 np0000069410 container-server[122228]: 172.20.0.103 - - [10/Jun/2026:08:41:11 +0000] "PUT /d1/207/AUTH_30b7e0a215454ce0afeddd89cbf7c5dd/gnocchi.01c02913-9329-40e9-88de-54b3b9d567c2/none_v3" 201 - "PUT http://172.18.0.190:8080/d1/634/AUTH_30b7e0a215454ce0afeddd89cbf7c5dd/gnocchi.01c02913-9329-40e9-88de-54b3b9d567c2/none_v3" "tx9a706e89151b4df1b7d4e-006a292327" "object-server 23" 0.0009 "-" 20 0
Jun 10 08:41:11 np0000069410 proxy-server[123970]: 172.18.0.103 172.18.0.104 10/Jun/2026/08/41/11 PUT /v1/AUTH_30b7e0a215454ce0afeddd89cbf7c5dd/gnocchi.01c02913-9329-40e9-88de-54b3b9d567c2/none_v3 HTTP/1.0 201 - python-swiftclient-3.11.1 gAAAAABqKSMnQkw3... 22 - - tx9a706e89151b4df1b7d4e-006a292327 - 0.0492 - - 1781080871.886476517 1781080871.935667753 0
Jun 10 08:41:21 np0000069410 account-server[121460]: Beginning replication run
Jun 10 08:41:21 np0000069410 account-server[121460]: Replication run OVER
Jun 10 08:41:21 np0000069410 account-server[121460]: Attempted to replicate 1 dbs in 0.02903 seconds (34.44775/s)
Jun 10 08:41:21 np0000069410 account-server[121460]: Removed 0 dbs
Jun 10 08:41:21 np0000069410 account-server[121460]: 2 successes, 0 failures
Jun 10 08:41:21 np0000069410 account-server[121460]: diff:0 diff_capped:0 empty:0 hashmatch:0 no_change:2 remote_merge:0 rsync:0 ts_repl:0
Jun 10 08:41:21 np0000069410 object-server[213415]: Begin object audit "forever" mode (ALL)
Jun 10 08:41:21 np0000069410 object-server[213414]: Begin object audit "forever" mode (ZBF)
Jun 10 08:41:21 np0000069410 object-server[213415]: Object audit (ALL). Since Wed Jun 10 08:41:21 2026: Locally: 1 passed, 0 quarantined, 0 errors, files/sec: 162.58, bytes/sec: 2601.32, Total time: 0.01, Auditing time: 0.00, Rate: 0.00
Jun 10 08:41:21 np0000069410 object-server[213415]: Object audit (ALL) "forever" mode completed: 0.01s. Total quarantined: 0, Total errors: 0, Total files/sec: 239.91, Total bytes/sec: 4558.37, Auditing time: 0.01, Rate: 0.77
Jun 10 08:41:21 np0000069410 object-server[213414]: Object audit (ZBF). Since Wed Jun 10 08:41:21 2026: Locally: 1 passed, 0 quarantined, 0 errors, files/sec: 472.12, bytes/sec: 0.00, Total time: 0.00, Auditing time: 0.00, Rate: 0.00
Jun 10 08:41:21 np0000069410 object-server[213414]: Object audit (ZBF) "forever" mode completed: 0.00s. Total quarantined: 0, Total errors: 0, Total files/sec: 400.81, Total bytes/sec: 0.00, Auditing time: 0.00, Rate: 0.31
Jun 10 08:41:22 np0000069410 object-server[122288]: Starting object replication pass.
Jun 10 08:41:22 np0000069410 object-server[122288]: 2/2 (100.00%) partitions replicated in 0.04s (48.29/sec, 0s remaining)
Jun 10 08:41:22 np0000069410 object-server[122288]: 4 successes, 0 failures
Jun 10 08:41:22 np0000069410 object-server[122288]: 2 suffixes checked - 0.00% hashed, 0.00% synced
Jun 10 08:41:22 np0000069410 object-server[122288]: Partition times: max 0.0214s, min 0.0155s, med 0.0214s
Jun 10 08:41:22 np0000069410 object-server[122288]: Object replication complete. (0.00 minutes)
Jun 10 08:41:29 np0000069410 container-server[121827]: Beginning replication run
Jun 10 08:41:29 np0000069410 container-server[121827]: Replication run OVER
Jun 10 08:41:29 np0000069410 container-server[121827]: Attempted to replicate 1 dbs in 0.08412 seconds (11.88803/s)
Jun 10 08:41:29 np0000069410 container-server[121827]: Removed 0 dbs
Jun 10 08:41:29 np0000069410 container-server[121827]: 2 successes, 0 failures
Jun 10 08:41:29 np0000069410 container-server[121827]: diff:0 diff_capped:0 empty:0 hashmatch:0 no_change:2 remote_merge:0 rsync:0 ts_repl:0
Jun 10 08:41:35 np0000069410 object-server[122449]: Begin object update sweep
Jun 10 08:41:35 np0000069410 object-server[214995]: Object update sweep starting on /srv/node/d1 (pid: 14)
Jun 10 08:41:35 np0000069410 object-server[214995]: Object update sweep completed on /srv/node/d1 in 0.00s seconds:, 0 successes, 0 failures, 0 quarantines, 0 unlinks, 0 errors, 0 redirects (pid: 14)
Jun 10 08:41:35 np0000069410 object-server[214995]: Object update sweep of d1 completed: 0.00s, 0 successes, 0 failures, 0 quarantines, 0 unlinks, 0 errors, 0 redirects
Jun 10 08:41:35 np0000069410 object-server[122449]: Object update sweep completed: 0.08s
Jun 10 08:41:41 np0000069410 proxy-server[123970]: 172.18.0.105 172.18.0.104 10/Jun/2026/08/41/41 GET /v1/AUTH_30b7e0a215454ce0afeddd89cbf7c5dd/gnocchi.01c02913-9329-40e9-88de-54b3b9d567c2%3Fformat%3Djson%26marker%3Dnone_v3%26states%3Dlisting HTTP/1.0 200 - python-swiftclient-3.11.1 gAAAAABqKSNF4jTp... - 2 - tx2133672396da4e1290c36-006a292345 - 0.0109 - - 1781080901.528460264 1781080901.539386511 0
Jun 10 08:41:41 np0000069410 container-server[122228]: 172.20.0.104 - - [10/Jun/2026:08:41:41 +0000] "PUT /d1/207/AUTH_30b7e0a215454ce0afeddd89cbf7c5dd/gnocchi.01c02913-9329-40e9-88de-54b3b9d567c2/1780920000.0_mean_300.0_v3" 201 - "PUT http://172.18.0.190:8080/d1/691/AUTH_30b7e0a215454ce0afeddd89cbf7c5dd/gnocchi.01c02913-9329-40e9-88de-54b3b9d567c2/1780920000.0_mean_300.0_v3" "tx6acd03661685419392132-006a292345" "object-server 22" 0.0013 "-" 20 0
Jun 10 08:41:41 np0000069410 object-server[122553]: 172.20.0.104 - - [10/Jun/2026:08:41:41 +0000] "PUT /d1/691/AUTH_30b7e0a215454ce0afeddd89cbf7c5dd/gnocchi.01c02913-9329-40e9-88de-54b3b9d567c2/1780920000.0_mean_300.0_v3" 201 - "PUT http://172.18.0.190:8080/v1/AUTH_30b7e0a215454ce0afeddd89cbf7c5dd/gnocchi.01c02913-9329-40e9-88de-54b3b9d567c2/1780920000.0_mean_300.0_v3" "tx6acd03661685419392132-006a292345" "proxy-server 12" 0.0336 "-" 24 0
Jun 10 08:41:41 np0000069410 object-server[122544]: 172.20.0.105 - - [10/Jun/2026:08:41:41 +0000] "PUT /d1/634/AUTH_30b7e0a215454ce0afeddd89cbf7c5dd/gnocchi.01c02913-9329-40e9-88de-54b3b9d567c2/none_v3" 201 - "PUT http://172.18.0.190:8080/v1/AUTH_30b7e0a215454ce0afeddd89cbf7c5dd/gnocchi.01c02913-9329-40e9-88de-54b3b9d567c2/none_v3" "txe39cb067bd414339b47c0-006a292345" "proxy-server 20" 0.0281 "-" 22 0
Jun 10 08:41:41 np0000069410 container-server[122228]: 172.20.0.103 - - [10/Jun/2026:08:41:41 +0000] "PUT /d1/207/AUTH_30b7e0a215454ce0afeddd89cbf7c5dd/gnocchi.01c02913-9329-40e9-88de-54b3b9d567c2/none_v3" 201 - "PUT http://172.18.0.190:8080/d1/634/AUTH_30b7e0a215454ce0afeddd89cbf7c5dd/gnocchi.01c02913-9329-40e9-88de-54b3b9d567c2/none_v3" "txe39cb067bd414339b47c0-006a292345" "object-server 25" 0.0007 "-" 20 0
Jun 10 08:41:41 np0000069410 proxy-server[123970]: 172.18.0.105 172.18.0.104 10/Jun/2026/08/41/41 PUT /v1/AUTH_30b7e0a215454ce0afeddd89cbf7c5dd/gnocchi.01c02913-9329-40e9-88de-54b3b9d567c2/none_v3 HTTP/1.0 201 - python-swiftclient-3.11.1 gAAAAABqKSNF4jTp... 32 - - txe39cb067bd414339b47c0-006a292345 - 0.0407 - - 1781080901.618053913 1781080901.658711433 0
Jun 10 08:41:51 np0000069410 account-server[121460]: Beginning replication run
Jun 10 08:41:51 np0000069410 account-server[121460]: Replication run OVER
Jun 10 08:41:51 np0000069410 account-server[121460]: Attempted to replicate 1 dbs in 0.01796 seconds (55.68097/s)
Jun 10 08:41:51 np0000069410 account-server[121460]: Removed 0 dbs
Jun 10 08:41:51 np0000069410 account-server[121460]: 2 successes, 0 failures
Jun 10 08:41:51 np0000069410 account-server[121460]: diff:0 diff_capped:0 empty:0 hashmatch:0 no_change:2 remote_merge:0 rsync:0 ts_repl:0
Jun 10 08:41:51 np0000069410 object-server[216426]: Begin object audit "forever" mode (ZBF)
Jun 10 08:41:51 np0000069410 object-server[216427]: Begin object audit "forever" mode (ALL)
Jun 10 08:41:51 np0000069410 object-server[216426]: Object audit (ZBF). Since Wed Jun 10 08:41:51 2026: Locally: 1 passed, 0 quarantined, 0 errors, files/sec: 439.52, bytes/sec: 0.00, Total time: 0.00, Auditing time: 0.00, Rate: 0.00
Jun 10 08:41:51 np0000069410 object-server[216426]: Object audit (ZBF) "forever" mode completed: 0.00s. Total quarantined: 0, Total errors: 0, Total files/sec: 405.91, Total bytes/sec: 0.00, Auditing time: 0.00, Rate: 0.35
Jun 10 08:41:51 np0000069410 object-server[216427]: Object audit (ALL). Since Wed Jun 10 08:41:51 2026: Locally: 1 passed, 0 quarantined, 0 errors, files/sec: 108.80, bytes/sec: 1740.83, Total time: 0.01, Auditing time: 0.00, Rate: 0.00
Jun 10 08:41:51 np0000069410 object-server[216427]: Object audit (ALL) "forever" mode completed: 0.01s. Total quarantined: 0, Total errors: 0, Total files/sec: 154.01, Total bytes/sec: 3696.30, Auditing time: 0.01, Rate: 0.74
Jun 10 08:41:52 np0000069410 object-server[122288]: Starting object replication pass.
Jun 10 08:41:52 np0000069410 object-server[122288]: 2/2 (100.00%) partitions replicated in 0.02s (85.32/sec, 0s remaining)
Jun 10 08:41:52 np0000069410 object-server[122288]: 4 successes, 0 failures
Jun 10 08:41:52 np0000069410 object-server[122288]: 2 suffixes checked - 0.00% hashed, 0.00% synced
Jun 10 08:41:52 np0000069410 object-server[122288]: Partition times: max 0.0106s, min 0.0096s, med 0.0106s
Jun 10 08:41:52 np0000069410 object-server[122288]: Object replication complete. (0.00 minutes)
Jun 10 08:41:56 np0000069410 account-server[121975]: 172.20.0.105 - - [10/Jun/2026:08:41:56 +0000] "HEAD /d1/791/.expiring_objects" 404 - "HEAD http://localhost/v1/.expiring_objects?format=json" "txbc2c5bf528454e1598769-006a292354" "proxy-server 2" 0.0003 "-" 23 -
Jun 10 08:41:56 np0000069410 object-expirer[122141]: Pass completed in 0s; 0 objects expired (txn: txbc2c5bf528454e1598769-006a292354)
Jun 10 08:41:59 np0000069410 container-server[121827]: Beginning replication run
Jun 10 08:41:59 np0000069410 container-server[121827]: Replication run OVER
Jun 10 08:41:59 np0000069410 container-server[121827]: Attempted to replicate 1 dbs in 0.05540 seconds (18.05210/s)
Jun 10 08:41:59 np0000069410 container-server[121827]: Removed 0 dbs
Jun 10 08:41:59 np0000069410 container-server[121827]: 2 successes, 0 failures
Jun 10 08:41:59 np0000069410 container-server[121827]: diff:0 diff_capped:0 empty:0 hashmatch:0 no_change:2 remote_merge:0 rsync:0 ts_repl:0
Jun 10 08:42:16 np0000069410 container-server[122228]: 172.20.0.104 - - [10/Jun/2026:08:42:16 +0000] "HEAD /d1/988/AUTH_30b7e0a215454ce0afeddd89cbf7c5dd/gnocchi.ecf42cf2-d6da-4269-853f-1bf7bbc93d03" 404 - "HEAD http://172.18.0.190:8080/v1/AUTH_30b7e0a215454ce0afeddd89cbf7c5dd/gnocchi.ecf42cf2-d6da-4269-853f-1bf7bbc93d03?format=json&states=listing" "txfd2ed061c35440498c01e-006a292368" "proxy-server 12" 0.0016 "-" 20 0
Jun 10 08:42:16 np0000069410 container-server[122240]: 172.20.0.103 - - [10/Jun/2026:08:42:16 +0000] "HEAD /d1/670/AUTH_30b7e0a215454ce0afeddd89cbf7c5dd/gnocchi.3f14beca-06e7-4f84-af97-173eab313356" 404 - "HEAD http://172.18.0.190:8080/v1/AUTH_30b7e0a215454ce0afeddd89cbf7c5dd/gnocchi.3f14beca-06e7-4f84-af97-173eab313356?format=json&states=listing" "tx0ce31349ae6d482f9df1f-006a292368" "proxy-server 20" 0.0010 "-" 22 0
Jun 10 08:42:16 np0000069410 object-server[122544]: 172.20.0.104 - - [10/Jun/2026:08:42:16 +0000] "GET /d1/841/AUTH_30b7e0a215454ce0afeddd89cbf7c5dd/gnocchi.ecf42cf2-d6da-4269-853f-1bf7bbc93d03/none_v3" 404 70 "GET http://172.18.0.190:8080/v1/AUTH_30b7e0a215454ce0afeddd89cbf7c5dd/gnocchi.ecf42cf2-d6da-4269-853f-1bf7bbc93d03/none_v3" "txfd2ed061c35440498c01e-006a292368" "proxy-server 12" 0.0005 "-" 22 0
Jun 10 08:42:16 np0000069410 object-server[122544]: 172.20.0.103 - - [10/Jun/2026:08:42:16 +0000] "GET /d1/498/AUTH_30b7e0a215454ce0afeddd89cbf7c5dd/gnocchi.3f14beca-06e7-4f84-af97-173eab313356/none_v3" 404 70 "GET http://172.18.0.190:8080/v1/AUTH_30b7e0a215454ce0afeddd89cbf7c5dd/gnocchi.3f14beca-06e7-4f84-af97-173eab313356/none_v3" "tx0ce31349ae6d482f9df1f-006a292368" "proxy-server 20" 0.0005 "-" 22 0
Jun 10 08:42:16 np0000069410 account-server[121959]: 172.20.0.104 - - [10/Jun/2026:08:42:16 +0000] "PUT /d1/422/AUTH_30b7e0a215454ce0afeddd89cbf7c5dd/gnocchi.ecf42cf2-d6da-4269-853f-1bf7bbc93d03" 201 - "PUT http://172.20.0.104:6001/d1/988/AUTH_30b7e0a215454ce0afeddd89cbf7c5dd/gnocchi.ecf42cf2-d6da-4269-853f-1bf7bbc93d03" "tx1cc09f21377b4860822c0-006a292368" "container-server 22" 0.0026 "-" 22 0
Jun 10 08:42:16 np0000069410 container-server[122238]: 172.20.0.105 - - [10/Jun/2026:08:42:16 +0000] "PUT /d1/988/AUTH_30b7e0a215454ce0afeddd89cbf7c5dd/gnocchi.ecf42cf2-d6da-4269-853f-1bf7bbc93d03" 201 - "PUT http://172.18.0.190:8080/v1/AUTH_30b7e0a215454ce0afeddd89cbf7c5dd/gnocchi.ecf42cf2-d6da-4269-853f-1bf7bbc93d03" "tx1cc09f21377b4860822c0-006a292368" "proxy-server 20" 0.0283 "-" 21 0
Jun 10 08:42:16 np0000069410 proxy-server[123970]: 172.18.0.105 172.18.0.104 10/Jun/2026/08/42/16 PUT /v1/AUTH_30b7e0a215454ce0afeddd89cbf7c5dd/gnocchi.ecf42cf2-d6da-4269-853f-1bf7bbc93d03 HTTP/1.0 201 - python-swiftclient-3.11.1 gAAAAABqKSNF4jTp... - - - tx1cc09f21377b4860822c0-006a292368 - 0.0403 - - 1781080936.665490389 1781080936.705760717 0
Jun 10 08:42:16 np0000069410 container-server[122251]: 172.20.0.104 - - [10/Jun/2026:08:42:16 +0000] "PUT /d1/670/AUTH_30b7e0a215454ce0afeddd89cbf7c5dd/gnocchi.3f14beca-06e7-4f84-af97-173eab313356" 201 - "PUT http://172.18.0.190:8080/v1/AUTH_30b7e0a215454ce0afeddd89cbf7c5dd/gnocchi.3f14beca-06e7-4f84-af97-173eab313356" "txe7dd188ce350442da92bf-006a292368" "proxy-server 12" 0.0234 "-" 23 0
Jun 10 08:42:16 np0000069410 account-server[121950]: 172.20.0.103 - - [10/Jun/2026:08:42:16 +0000] "PUT /d1/422/AUTH_30b7e0a215454ce0afeddd89cbf7c5dd/gnocchi.3f14beca-06e7-4f84-af97-173eab313356" 201 - "PUT http://172.20.0.103:6001/d1/670/AUTH_30b7e0a215454ce0afeddd89cbf7c5dd/gnocchi.3f14beca-06e7-4f84-af97-173eab313356" "txe7dd188ce350442da92bf-006a292368" "container-server 22" 0.0078 "-" 20 0
Jun 10 08:42:16 np0000069410 container-server[122240]: 172.20.0.103 - - [10/Jun/2026:08:42:16 +0000] "HEAD /d1/988/AUTH_30b7e0a215454ce0afeddd89cbf7c5dd/gnocchi.ecf42cf2-d6da-4269-853f-1bf7bbc93d03" 204 - "HEAD http://172.18.0.190:8080/v1/AUTH_30b7e0a215454ce0afeddd89cbf7c5dd/gnocchi.ecf42cf2-d6da-4269-853f-1bf7bbc93d03?format=json&states=listing" "tx579390d4954a4abdb4689-006a292368" "proxy-server 20" 0.0028 "-" 22 0
Jun 10 08:42:16 np0000069410 proxy-server[123970]: - - 10/Jun/2026/08/42/16 HEAD /v1/AUTH_30b7e0a215454ce0afeddd89cbf7c5dd/gnocchi.3f14beca-06e7-4f84-af97-173eab313356%3Fformat%3Djson%26states%3Dlisting HTTP/1.0 204 - Swift - - - - tx20a9120af6004ac2b066e-006a292368 - 0.0081 RL - 1781080936.721188068 1781080936.729243755 0
Jun 10 08:42:16 np0000069410 container-server[122240]: 172.20.0.105 - - [10/Jun/2026:08:42:16 +0000] "GET /d1/670/AUTH_30b7e0a215454ce0afeddd89cbf7c5dd/gnocchi.3f14beca-06e7-4f84-af97-173eab313356" 200 2 "GET http://172.18.0.190:8080/v1/AUTH_30b7e0a215454ce0afeddd89cbf7c5dd/gnocchi.3f14beca-06e7-4f84-af97-173eab313356?format=json&states=listing" "tx20a9120af6004ac2b066e-006a292368" "proxy-server 20" 0.0043 "-" 22 0
Jun 10 08:42:16 np0000069410 proxy-server[123970]: 172.18.0.103 172.18.0.104 10/Jun/2026/08/42/16 GET /v1/AUTH_30b7e0a215454ce0afeddd89cbf7c5dd/gnocchi.3f14beca-06e7-4f84-af97-173eab313356%3Fformat%3Djson%26states%3Dlisting HTTP/1.0 200 - python-swiftclient-3.11.1 gAAAAABqKSMnQkw3... - 2 - tx20a9120af6004ac2b066e-006a292368 - 0.0258 - - 1781080936.719281912 1781080936.745085239 0
Jun 10 08:42:16 np0000069410 object-server[122544]: 172.20.0.104 - - [10/Jun/2026:08:42:16 +0000] "GET /d1/629/AUTH_30b7e0a215454ce0afeddd89cbf7c5dd/gnocchi.ecf42cf2-d6da-4269-853f-1bf7bbc93d03/1780920000.0_mean_300.0_v3" 404 70 "GET http://172.18.0.190:8080/v1/AUTH_30b7e0a215454ce0afeddd89cbf7c5dd/gnocchi.ecf42cf2-d6da-4269-853f-1bf7bbc93d03/1780920000.0_mean_300.0_v3" "tx86494619e66e46c685996-006a292368" "proxy-server 12" 0.0004 "-" 22 0
Jun 10 08:42:16 np0000069410 object-server[122553]: 172.20.0.103 - - [10/Jun/2026:08:42:16 +0000] "GET /d1/479/AUTH_30b7e0a215454ce0afeddd89cbf7c5dd/gnocchi.3f14beca-06e7-4f84-af97-173eab313356/1780920000.0_mean_300.0_v3" 404 70 "GET http://172.18.0.190:8080/v1/AUTH_30b7e0a215454ce0afeddd89cbf7c5dd/gnocchi.3f14beca-06e7-4f84-af97-173eab313356/1780920000.0_mean_300.0_v3" "tx0339de28c5b341fd94742-006a292368" "proxy-server 20" 0.0006 "-" 24 0
Jun 10 08:42:16 np0000069410 container-server[122251]: 172.20.0.103 - - [10/Jun/2026:08:42:16 +0000] "PUT /d1/988/AUTH_30b7e0a215454ce0afeddd89cbf7c5dd/gnocchi.ecf42cf2-d6da-4269-853f-1bf7bbc93d03/1780920000.0_mean_300.0_v3" 201 - "PUT http://172.18.0.190:8080/d1/629/AUTH_30b7e0a215454ce0afeddd89cbf7c5dd/gnocchi.ecf42cf2-d6da-4269-853f-1bf7bbc93d03/1780920000.0_mean_300.0_v3" "tx691abdc3ece14a35868a8-006a292368" "object-server 25" 0.0014 "-" 23 0
Jun 10 08:42:16 np0000069410 object-server[122544]: 172.20.0.104 - - [10/Jun/2026:08:42:16 +0000] "PUT /d1/479/AUTH_30b7e0a215454ce0afeddd89cbf7c5dd/gnocchi.3f14beca-06e7-4f84-af97-173eab313356/1780920000.0_mean_300.0_v3" 201 - "PUT http://172.18.0.190:8080/v1/AUTH_30b7e0a215454ce0afeddd89cbf7c5dd/gnocchi.3f14beca-06e7-4f84-af97-173eab313356/1780920000.0_mean_300.0_v3" "tx096091effd24416b8208c-006a292368" "proxy-server 12" 0.0190 "-" 22 0
Jun 10 08:42:16 np0000069410 container-server[122251]: 172.20.0.103 - - [10/Jun/2026:08:42:16 +0000] "PUT /d1/670/AUTH_30b7e0a215454ce0afeddd89cbf7c5dd/gnocchi.3f14beca-06e7-4f84-af97-173eab313356/1780920000.0_mean_300.0_v3" 201 - "PUT http://172.18.0.190:8080/d1/479/AUTH_30b7e0a215454ce0afeddd89cbf7c5dd/gnocchi.3f14beca-06e7-4f84-af97-173eab313356/1780920000.0_mean_300.0_v3" "tx096091effd24416b8208c-006a292368" "object-server 23" 0.0010 "-" 23 0
Jun 10 08:42:16 np0000069410 object-server[122559]: 172.20.0.105 - - [10/Jun/2026:08:42:16 +0000] "PUT /d1/629/AUTH_30b7e0a215454ce0afeddd89cbf7c5dd/gnocchi.ecf42cf2-d6da-4269-853f-1bf7bbc93d03/1780920000.0_mean_300.0_v3" 201 - "PUT http://172.18.0.190:8080/v1/AUTH_30b7e0a215454ce0afeddd89cbf7c5dd/gnocchi.ecf42cf2-d6da-4269-853f-1bf7bbc93d03/1780920000.0_mean_300.0_v3" "tx691abdc3ece14a35868a8-006a292368" "proxy-server 20" 0.0338 "-" 25 0
Jun 10 08:42:16 np0000069410 proxy-server[123970]: 172.18.0.105 172.18.0.104 10/Jun/2026/08/42/16 PUT /v1/AUTH_30b7e0a215454ce0afeddd89cbf7c5dd/gnocchi.ecf42cf2-d6da-4269-853f-1bf7bbc93d03/1780920000.0_mean_300.0_v3 HTTP/1.0 201 - python-swiftclient-3.11.1 gAAAAABqKSNF4jTp... 16 - - tx691abdc3ece14a35868a8-006a292368 - 0.0476 - - 1781080936.769817114 1781080936.817434072 0
Jun 10 08:42:16 np0000069410 object-server[122550]: 172.20.0.104 - - [10/Jun/2026:08:42:16 +0000] "PUT /d1/841/AUTH_30b7e0a215454ce0afeddd89cbf7c5dd/gnocchi.ecf42cf2-d6da-4269-853f-1bf7bbc93d03/none_v3" 201 - "PUT http://172.18.0.190:8080/v1/AUTH_30b7e0a215454ce0afeddd89cbf7c5dd/gnocchi.ecf42cf2-d6da-4269-853f-1bf7bbc93d03/none_v3" "txf68f67b0cbcc4b6d8d9f3-006a292368" "proxy-server 12" 0.0142 "-" 23 0
Jun 10 08:42:16 np0000069410 container-server[122228]: 172.20.0.103 - - [10/Jun/2026:08:42:16 +0000] "PUT /d1/670/AUTH_30b7e0a215454ce0afeddd89cbf7c5dd/gnocchi.3f14beca-06e7-4f84-af97-173eab313356/none_v3" 201 - "PUT http://172.18.0.190:8080/d1/498/AUTH_30b7e0a215454ce0afeddd89cbf7c5dd/gnocchi.3f14beca-06e7-4f84-af97-173eab313356/none_v3" "tx52741c66b0ed4e1e8520a-006a292368" "object-server 22" 0.0013 "-" 20 0
Jun 10 08:42:16 np0000069410 container-server[122238]: 172.20.0.103 - - [10/Jun/2026:08:42:16 +0000] "PUT /d1/988/AUTH_30b7e0a215454ce0afeddd89cbf7c5dd/gnocchi.ecf42cf2-d6da-4269-853f-1bf7bbc93d03/none_v3" 201 - "PUT http://172.18.0.190:8080/d1/841/AUTH_30b7e0a215454ce0afeddd89cbf7c5dd/gnocchi.ecf42cf2-d6da-4269-853f-1bf7bbc93d03/none_v3" "txf68f67b0cbcc4b6d8d9f3-006a292368" "object-server 22" 0.0009 "-" 21 0
Jun 10 08:42:16 np0000069410 object-server[122550]: 172.20.0.103 - - [10/Jun/2026:08:42:16 +0000] "PUT /d1/498/AUTH_30b7e0a215454ce0afeddd89cbf7c5dd/gnocchi.3f14beca-06e7-4f84-af97-173eab313356/none_v3" 201 - "PUT http://172.18.0.190:8080/v1/AUTH_30b7e0a215454ce0afeddd89cbf7c5dd/gnocchi.3f14beca-06e7-4f84-af97-173eab313356/none_v3" "tx52741c66b0ed4e1e8520a-006a292368" "proxy-server 20" 0.0159 "-" 23 0
Jun 10 08:42:21 np0000069410 account-server[121460]: Beginning replication run
Jun 10 08:42:21 np0000069410 account-server[121460]: Replication run OVER
Jun 10 08:42:21 np0000069410 account-server[121460]: Attempted to replicate 1 dbs in 0.02435 seconds (41.06651/s)
Jun 10 08:42:21 np0000069410 account-server[121460]: Removed 0 dbs
Jun 10 08:42:21 np0000069410 account-server[121460]: 2 successes, 0 failures
Jun 10 08:42:21 np0000069410 account-server[121460]: diff:0 diff_capped:0 empty:0 hashmatch:0 no_change:2 remote_merge:0 rsync:0 ts_repl:0
Jun 10 08:42:21 np0000069410 object-server[216429]: Begin object audit "forever" mode (ZBF)
Jun 10 08:42:21 np0000069410 object-server[216429]: Object audit (ZBF). Since Wed Jun 10 08:42:21 2026: Locally: 1 passed, 0 quarantined, 0 errors, files/sec: 552.46, bytes/sec: 0.00, Total time: 0.00, Auditing time: 0.00, Rate: 0.00
Jun 10 08:42:21 np0000069410 object-server[216429]: Object audit (ZBF) "forever" mode completed: 0.08s. Total quarantined: 0, Total errors: 0, Total files/sec: 71.90, Total bytes/sec: 0.00, Auditing time: 0.08, Rate: 0.95
Jun 10 08:42:22 np0000069410 object-server[122288]: Starting object replication pass.
Jun 10 08:42:22 np0000069410 object-server[122288]: 6/6 (100.00%) partitions replicated in 0.17s (36.28/sec, 0s remaining)
Jun 10 08:42:22 np0000069410 object-server[122288]: 12 successes, 0 failures
Jun 10 08:42:22 np0000069410 object-server[122288]: 6 suffixes checked - 66.67% hashed, 0.00% synced
Jun 10 08:42:22 np0000069410 object-server[122288]: Partition times: max 0.0438s, min 0.0092s, med 0.0301s
Jun 10 08:42:22 np0000069410 object-server[122288]: Object replication complete. (0.00 minutes)
Jun 10 08:42:25 np0000069410 container-server[122240]: 172.20.0.105 - - [10/Jun/2026:08:42:25 +0000] "HEAD /d1/639/AUTH_30b7e0a215454ce0afeddd89cbf7c5dd/gnocchi.e9a6a22d-077d-4298-b27a-9cc19033d232" 404 - "HEAD http://172.18.0.190:8080/v1/AUTH_30b7e0a215454ce0afeddd89cbf7c5dd/gnocchi.e9a6a22d-077d-4298-b27a-9cc19033d232?format=json&states=listing" "txf3a6df4302834e94afa74-006a292371" "proxy-server 20" 0.0008 "-" 22 0
Jun 10 08:42:25 np0000069410 container-server[122240]: 172.20.0.104 - - [10/Jun/2026:08:42:25 +0000] "HEAD /d1/788/AUTH_30b7e0a215454ce0afeddd89cbf7c5dd/gnocchi.70de3730-df8d-4474-bbc7-f9dfd9698dce" 404 - "HEAD http://172.18.0.190:8080/v1/AUTH_30b7e0a215454ce0afeddd89cbf7c5dd/gnocchi.70de3730-df8d-4474-bbc7-f9dfd9698dce?format=json&states=listing" "txd415eeaa7a1e44ed8b89a-006a292371" "proxy-server 12" 0.0004 "-" 22 0
Jun 10 08:42:25 np0000069410 object-server[122553]: 172.20.0.104 - - [10/Jun/2026:08:42:25 +0000] "GET /d1/244/AUTH_30b7e0a215454ce0afeddd89cbf7c5dd/gnocchi.70de3730-df8d-4474-bbc7-f9dfd9698dce/none_v3" 404 70 "GET http://172.18.0.190:8080/v1/AUTH_30b7e0a215454ce0afeddd89cbf7c5dd/gnocchi.70de3730-df8d-4474-bbc7-f9dfd9698dce/none_v3" "txd415eeaa7a1e44ed8b89a-006a292371" "proxy-server 12" 0.0008 "-" 24 0
Jun 10 08:42:25 np0000069410 object-server[122553]: 172.20.0.105 - - [10/Jun/2026:08:42:25 +0000] "GET /d1/151/AUTH_30b7e0a215454ce0afeddd89cbf7c5dd/gnocchi.e9a6a22d-077d-4298-b27a-9cc19033d232/none_v3" 404 70 "GET http://172.18.0.190:8080/v1/AUTH_30b7e0a215454ce0afeddd89cbf7c5dd/gnocchi.e9a6a22d-077d-4298-b27a-9cc19033d232/none_v3" "txf3a6df4302834e94afa74-006a292371" "proxy-server 20" 0.0004 "-" 24 0
Jun 10 08:42:25 np0000069410 proxy-server[123970]: 172.18.0.103 172.18.0.104 10/Jun/2026/08/42/25 GET /v1/AUTH_30b7e0a215454ce0afeddd89cbf7c5dd/gnocchi.e9a6a22d-077d-4298-b27a-9cc19033d232/none_v3 HTTP/1.0 404 - python-swiftclient-3.11.1 gAAAAABqKSMnQkw3... - 70 - txf3a6df4302834e94afa74-006a292371 - 0.0372 - - 1781080945.524604321 1781080945.561805964 0
Jun 10 08:42:25 np0000069410 account-server[121953]: 172.20.0.105 - - [10/Jun/2026:08:42:25 +0000] "PUT /d1/422/AUTH_30b7e0a215454ce0afeddd89cbf7c5dd/gnocchi.70de3730-df8d-4474-bbc7-f9dfd9698dce" 201 - "PUT http://172.20.0.105:6001/d1/788/AUTH_30b7e0a215454ce0afeddd89cbf7c5dd/gnocchi.70de3730-df8d-4474-bbc7-f9dfd9698dce" "tx31f0894ae0d347a2874ad-006a292371" "container-server 22" 0.0020 "-" 21 0
Jun 10 08:42:25 np0000069410 container-server[122240]: 172.20.0.103 - - [10/Jun/2026:08:42:25 +0000] "PUT /d1/788/AUTH_30b7e0a215454ce0afeddd89cbf7c5dd/gnocchi.70de3730-df8d-4474-bbc7-f9dfd9698dce" 201 - "PUT http://172.18.0.190:8080/v1/AUTH_30b7e0a215454ce0afeddd89cbf7c5dd/gnocchi.70de3730-df8d-4474-bbc7-f9dfd9698dce" "tx31f0894ae0d347a2874ad-006a292371" "proxy-server 20" 0.0160 "-" 22 0
Jun 10 08:42:25 np0000069410 account-server[121975]: 172.20.0.103 - - [10/Jun/2026:08:42:25 +0000] "PUT /d1/422/AUTH_30b7e0a215454ce0afeddd89cbf7c5dd/gnocchi.e9a6a22d-077d-4298-b27a-9cc19033d232" 201 - "PUT http://172.20.0.103:6001/d1/639/AUTH_30b7e0a215454ce0afeddd89cbf7c5dd/gnocchi.e9a6a22d-077d-4298-b27a-9cc19033d232" "txe800e3c75f77446b84ad6-006a292371" "container-server 22" 0.0068 "-" 23 0
Jun 10 08:42:25 np0000069410 container-server[122251]: 172.20.0.104 - - [10/Jun/2026:08:42:25 +0000] "PUT /d1/639/AUTH_30b7e0a215454ce0afeddd89cbf7c5dd/gnocchi.e9a6a22d-077d-4298-b27a-9cc19033d232" 201 - "PUT http://172.18.0.190:8080/v1/AUTH_30b7e0a215454ce0afeddd89cbf7c5dd/gnocchi.e9a6a22d-077d-4298-b27a-9cc19033d232" "txe800e3c75f77446b84ad6-006a292371" "proxy-server 12" 0.0237 "-" 23 0
Jun 10 08:42:25 np0000069410 proxy-server[123970]: - - 10/Jun/2026/08/42/25 HEAD /v1/AUTH_30b7e0a215454ce0afeddd89cbf7c5dd/gnocchi.70de3730-df8d-4474-bbc7-f9dfd9698dce%3Fformat%3Djson%26states%3Dlisting HTTP/1.0 204 - Swift - - - - tx38d02497150d41c3a003e-006a292371 - 0.0078 RL - 1781080945.605076790 1781080945.612909079 0
Jun 10 08:42:25 np0000069410 container-server[122238]: 172.20.0.103 - - [10/Jun/2026:08:42:25 +0000] "HEAD /d1/639/AUTH_30b7e0a215454ce0afeddd89cbf7c5dd/gnocchi.e9a6a22d-077d-4298-b27a-9cc19033d232" 204 - "HEAD http://172.18.0.190:8080/v1/AUTH_30b7e0a215454ce0afeddd89cbf7c5dd/gnocchi.e9a6a22d-077d-4298-b27a-9cc19033d232?format=json&states=listing" "txa937a818db024770ad8ee-006a292371" "proxy-server 20" 0.0022 "-" 21 0
Jun 10 08:42:25 np0000069410 proxy-server[123970]: 172.18.0.105 172.18.0.104 10/Jun/2026/08/42/25 GET /v1/AUTH_30b7e0a215454ce0afeddd89cbf7c5dd/gnocchi.70de3730-df8d-4474-bbc7-f9dfd9698dce%3Fformat%3Djson%26states%3Dlisting HTTP/1.0 200 - python-swiftclient-3.11.1 gAAAAABqKSNF4jTp... - 2 - tx38d02497150d41c3a003e-006a292371 - 0.0263 - - 1781080945.603201628 1781080945.629462481 0
Jun 10 08:42:25 np0000069410 object-server[122553]: 172.20.0.104 - - [10/Jun/2026:08:42:25 +0000] "GET /d1/722/AUTH_30b7e0a215454ce0afeddd89cbf7c5dd/gnocchi.e9a6a22d-077d-4298-b27a-9cc19033d232/1780920000.0_mean_300.0_v3" 404 70 "GET http://172.18.0.190:8080/v1/AUTH_30b7e0a215454ce0afeddd89cbf7c5dd/gnocchi.e9a6a22d-077d-4298-b27a-9cc19033d232/1780920000.0_mean_300.0_v3" "txc8cb3b336a064c9292863-006a292371" "proxy-server 12" 0.0005 "-" 24 0
Jun 10 08:42:25 np0000069410 object-server[122559]: 172.20.0.103 - - [10/Jun/2026:08:42:25 +0000] "GET /d1/279/AUTH_30b7e0a215454ce0afeddd89cbf7c5dd/gnocchi.70de3730-df8d-4474-bbc7-f9dfd9698dce/1780920000.0_mean_300.0_v3" 404 70 "GET http://172.18.0.190:8080/v1/AUTH_30b7e0a215454ce0afeddd89cbf7c5dd/gnocchi.70de3730-df8d-4474-bbc7-f9dfd9698dce/1780920000.0_mean_300.0_v3" "txc817f75dacff434d8a0ff-006a292371" "proxy-server 20" 0.0007 "-" 25 0
Jun 10 08:42:25 np0000069410 object-server[122553]: 172.20.0.104 - - [10/Jun/2026:08:42:25 +0000] "PUT /d1/279/AUTH_30b7e0a215454ce0afeddd89cbf7c5dd/gnocchi.70de3730-df8d-4474-bbc7-f9dfd9698dce/1780920000.0_mean_300.0_v3" 201 - "PUT http://172.18.0.190:8080/v1/AUTH_30b7e0a215454ce0afeddd89cbf7c5dd/gnocchi.70de3730-df8d-4474-bbc7-f9dfd9698dce/1780920000.0_mean_300.0_v3" "tx42c4ba9a0d0043ada4f35-006a292371" "proxy-server 12" 0.0130 "-" 24 0
Jun 10 08:42:25 np0000069410 container-server[122238]: 172.20.0.103 - - [10/Jun/2026:08:42:25 +0000] "PUT /d1/788/AUTH_30b7e0a215454ce0afeddd89cbf7c5dd/gnocchi.70de3730-df8d-4474-bbc7-f9dfd9698dce/1780920000.0_mean_300.0_v3" 201 - "PUT http://172.18.0.190:8080/d1/279/AUTH_30b7e0a215454ce0afeddd89cbf7c5dd/gnocchi.70de3730-df8d-4474-bbc7-f9dfd9698dce/1780920000.0_mean_300.0_v3" "tx42c4ba9a0d0043ada4f35-006a292371" "object-server 22" 0.0009 "-" 21 0
Jun 10 08:42:25 np0000069410 object-server[122544]: 172.20.0.105 - - [10/Jun/2026:08:42:25 +0000] "PUT /d1/722/AUTH_30b7e0a215454ce0afeddd89cbf7c5dd/gnocchi.e9a6a22d-077d-4298-b27a-9cc19033d232/1780920000.0_mean_300.0_v3" 201 - "PUT http://172.18.0.190:8080/v1/AUTH_30b7e0a215454ce0afeddd89cbf7c5dd/gnocchi.e9a6a22d-077d-4298-b27a-9cc19033d232/1780920000.0_mean_300.0_v3" "tx40ac081204164c7bbe970-006a292371" "proxy-server 20" 0.0144 "-" 22 0
Jun 10 08:42:25 np0000069410 container-server[122251]: 172.20.0.104 - - [10/Jun/2026:08:42:25 +0000] "PUT /d1/639/AUTH_30b7e0a215454ce0afeddd89cbf7c5dd/gnocchi.e9a6a22d-077d-4298-b27a-9cc19033d232/1780920000.0_mean_300.0_v3" 201 - "PUT http://172.18.0.190:8080/d1/722/AUTH_30b7e0a215454ce0afeddd89cbf7c5dd/gnocchi.e9a6a22d-077d-4298-b27a-9cc19033d232/1780920000.0_mean_300.0_v3" "tx40ac081204164c7bbe970-006a292371" "object-server 23" 0.0008 "-" 23 0
Jun 10 08:42:25 np0000069410 proxy-server[123970]: 172.18.0.103 172.18.0.104 10/Jun/2026/08/42/25 PUT /v1/AUTH_30b7e0a215454ce0afeddd89cbf7c5dd/gnocchi.e9a6a22d-077d-4298-b27a-9cc19033d232/1780920000.0_mean_300.0_v3 HTTP/1.0 201 - python-swiftclient-3.11.1 gAAAAABqKSMnQkw3... 16 - - tx40ac081204164c7bbe970-006a292371 - 0.0292 - - 1781080945.651427984 1781080945.680658579 0
