Jun 10 08:47:21 np0000069410 account-server[121975]: 172.20.0.105 - - [10/Jun/2026:08:47:21 +0000] "PUT /d1/422/AUTH_30b7e0a215454ce0afeddd89cbf7c5dd/gnocchi.5cd9d7b8-c7c1-4413-851d-5c65006adb4e" 201 - "PUT http://172.20.0.105:6001/d1/493/AUTH_30b7e0a215454ce0afeddd89cbf7c5dd/gnocchi.5cd9d7b8-c7c1-4413-851d-5c65006adb4e" "tx6247821a76af468cac27b-006a292499" "container-server 21" 0.0019 "-" 23 0
Jun 10 08:47:21 np0000069410 container-server[122238]: 172.20.0.104 - - [10/Jun/2026:08:47:21 +0000] "PUT /d1/493/AUTH_30b7e0a215454ce0afeddd89cbf7c5dd/gnocchi.5cd9d7b8-c7c1-4413-851d-5c65006adb4e" 201 - "PUT http://172.18.0.190:8080/v1/AUTH_30b7e0a215454ce0afeddd89cbf7c5dd/gnocchi.5cd9d7b8-c7c1-4413-851d-5c65006adb4e" "tx6247821a76af468cac27b-006a292499" "proxy-server 12" 0.0188 "-" 21 0
Jun 10 08:47:21 np0000069410 container-server[122228]: 172.20.0.104 - - [10/Jun/2026:08:47:21 +0000] "GET /d1/493/AUTH_30b7e0a215454ce0afeddd89cbf7c5dd/gnocchi.5cd9d7b8-c7c1-4413-851d-5c65006adb4e" 200 2 "GET http://172.18.0.190:8080/v1/AUTH_30b7e0a215454ce0afeddd89cbf7c5dd/gnocchi.5cd9d7b8-c7c1-4413-851d-5c65006adb4e?format=json&states=listing" "txaecc1ead6b304ab88f087-006a292499" "proxy-server 12" 0.0039 "-" 20 0
Jun 10 08:47:21 np0000069410 object-server[122559]: 172.20.0.104 - - [10/Jun/2026:08:47:21 +0000] "GET /d1/931/AUTH_30b7e0a215454ce0afeddd89cbf7c5dd/gnocchi.5cd9d7b8-c7c1-4413-851d-5c65006adb4e/1780920000.0_mean_300.0_v3" 404 70 "GET http://172.18.0.190:8080/v1/AUTH_30b7e0a215454ce0afeddd89cbf7c5dd/gnocchi.5cd9d7b8-c7c1-4413-851d-5c65006adb4e/1780920000.0_mean_300.0_v3" "tx07c87ac542c841f28e83b-006a292499" "proxy-server 12" 0.0005 "-" 25 0
Jun 10 08:47:21 np0000069410 container-server[122251]: 172.20.0.104 - - [10/Jun/2026:08:47:21 +0000] "PUT /d1/493/AUTH_30b7e0a215454ce0afeddd89cbf7c5dd/gnocchi.5cd9d7b8-c7c1-4413-851d-5c65006adb4e/1780920000.0_mean_300.0_v3" 201 - "PUT http://172.18.0.190:8080/d1/931/AUTH_30b7e0a215454ce0afeddd89cbf7c5dd/gnocchi.5cd9d7b8-c7c1-4413-851d-5c65006adb4e/1780920000.0_mean_300.0_v3" "txe978e38d1b4b42ddb7e39-006a292499" "object-server 25" 0.0008 "-" 23 0
Jun 10 08:47:21 np0000069410 object-server[122553]: 172.20.0.104 - - [10/Jun/2026:08:47:21 +0000] "PUT /d1/931/AUTH_30b7e0a215454ce0afeddd89cbf7c5dd/gnocchi.5cd9d7b8-c7c1-4413-851d-5c65006adb4e/1780920000.0_mean_300.0_v3" 201 - "PUT http://172.18.0.190:8080/v1/AUTH_30b7e0a215454ce0afeddd89cbf7c5dd/gnocchi.5cd9d7b8-c7c1-4413-851d-5c65006adb4e/1780920000.0_mean_300.0_v3" "txe978e38d1b4b42ddb7e39-006a292499" "proxy-server 12" 0.0185 "-" 24 0
Jun 10 08:47:21 np0000069410 object-server[122544]: 172.20.0.104 - - [10/Jun/2026:08:47:21 +0000] "PUT /d1/230/AUTH_30b7e0a215454ce0afeddd89cbf7c5dd/gnocchi.5cd9d7b8-c7c1-4413-851d-5c65006adb4e/none_v3" 201 - "PUT http://172.18.0.190:8080/v1/AUTH_30b7e0a215454ce0afeddd89cbf7c5dd/gnocchi.5cd9d7b8-c7c1-4413-851d-5c65006adb4e/none_v3" "txfda321934cbd4f38b238e-006a292499" "proxy-server 12" 0.0145 "-" 22 0
Jun 10 08:47:21 np0000069410 container-server[122251]: 172.20.0.103 - - [10/Jun/2026:08:47:21 +0000] "PUT /d1/493/AUTH_30b7e0a215454ce0afeddd89cbf7c5dd/gnocchi.5cd9d7b8-c7c1-4413-851d-5c65006adb4e/none_v3" 201 - "PUT http://172.18.0.190:8080/d1/230/AUTH_30b7e0a215454ce0afeddd89cbf7c5dd/gnocchi.5cd9d7b8-c7c1-4413-851d-5c65006adb4e/none_v3" "txfda321934cbd4f38b238e-006a292499" "object-server 24" 0.0011 "-" 23 0
Jun 10 08:47:21 np0000069410 container-server[122228]: 172.20.0.104 - - [10/Jun/2026:08:47:21 +0000] "HEAD /d1/69/AUTH_30b7e0a215454ce0afeddd89cbf7c5dd/gnocchi.29587ea7-2eb4-43c2-be6a-6a027bfb8b21" 404 - "HEAD http://172.18.0.190:8080/v1/AUTH_30b7e0a215454ce0afeddd89cbf7c5dd/gnocchi.29587ea7-2eb4-43c2-be6a-6a027bfb8b21?format=json&states=listing" "tx3df09bab11924afba17be-006a292499" "proxy-server 12" 0.0005 "-" 20 0
Jun 10 08:47:21 np0000069410 object-server[122544]: 172.20.0.104 - - [10/Jun/2026:08:47:21 +0000] "GET /d1/461/AUTH_30b7e0a215454ce0afeddd89cbf7c5dd/gnocchi.29587ea7-2eb4-43c2-be6a-6a027bfb8b21/none_v3" 404 70 "GET http://172.18.0.190:8080/v1/AUTH_30b7e0a215454ce0afeddd89cbf7c5dd/gnocchi.29587ea7-2eb4-43c2-be6a-6a027bfb8b21/none_v3" "tx3df09bab11924afba17be-006a292499" "proxy-server 12" 0.0004 "-" 22 0
Jun 10 08:47:21 np0000069410 account-server[121950]: 172.20.0.103 - - [10/Jun/2026:08:47:21 +0000] "PUT /d1/422/AUTH_30b7e0a215454ce0afeddd89cbf7c5dd/gnocchi.29587ea7-2eb4-43c2-be6a-6a027bfb8b21" 201 - "PUT http://172.20.0.103:6001/d1/69/AUTH_30b7e0a215454ce0afeddd89cbf7c5dd/gnocchi.29587ea7-2eb4-43c2-be6a-6a027bfb8b21" "txd9982d8e90714bb7b724a-006a292499" "container-server 21" 0.0041 "-" 20 0
Jun 10 08:47:21 np0000069410 container-server[122238]: 172.20.0.104 - - [10/Jun/2026:08:47:21 +0000] "PUT /d1/69/AUTH_30b7e0a215454ce0afeddd89cbf7c5dd/gnocchi.29587ea7-2eb4-43c2-be6a-6a027bfb8b21" 201 - "PUT http://172.18.0.190:8080/v1/AUTH_30b7e0a215454ce0afeddd89cbf7c5dd/gnocchi.29587ea7-2eb4-43c2-be6a-6a027bfb8b21" "txd9982d8e90714bb7b724a-006a292499" "proxy-server 12" 0.0227 "-" 21 0
Jun 10 08:47:21 np0000069410 container-server[122251]: 172.20.0.103 - - [10/Jun/2026:08:47:21 +0000] "HEAD /d1/305/AUTH_30b7e0a215454ce0afeddd89cbf7c5dd/gnocchi.12368dc9-7bee-46a7-af92-d7a016659968" 404 - "HEAD http://172.18.0.190:8080/v1/AUTH_30b7e0a215454ce0afeddd89cbf7c5dd/gnocchi.12368dc9-7bee-46a7-af92-d7a016659968?format=json&states=listing" "txb47d8d1968344de3ae57b-006a292498" "proxy-server 20" 0.0005 "-" 23 0
Jun 10 08:47:21 np0000069410 container-server[122240]: 172.20.0.104 - - [10/Jun/2026:08:47:21 +0000] "HEAD /d1/69/AUTH_30b7e0a215454ce0afeddd89cbf7c5dd/gnocchi.29587ea7-2eb4-43c2-be6a-6a027bfb8b21" 204 - "HEAD http://172.18.0.190:8080/v1/AUTH_30b7e0a215454ce0afeddd89cbf7c5dd/gnocchi.29587ea7-2eb4-43c2-be6a-6a027bfb8b21?format=json&states=listing" "tx7b9acc9a593d4559bb103-006a292499" "proxy-server 12" 0.0023 "-" 22 0
Jun 10 08:47:21 np0000069410 object-server[122550]: 172.20.0.103 - - [10/Jun/2026:08:47:21 +0000] "GET /d1/496/AUTH_30b7e0a215454ce0afeddd89cbf7c5dd/gnocchi.12368dc9-7bee-46a7-af92-d7a016659968/none_v3" 404 70 "GET http://172.18.0.190:8080/v1/AUTH_30b7e0a215454ce0afeddd89cbf7c5dd/gnocchi.12368dc9-7bee-46a7-af92-d7a016659968/none_v3" "txb47d8d1968344de3ae57b-006a292498" "proxy-server 20" 0.0006 "-" 23 0
Jun 10 08:47:21 np0000069410 account-server[121975]: 172.20.0.104 - - [10/Jun/2026:08:47:21 +0000] "PUT /d1/422/AUTH_30b7e0a215454ce0afeddd89cbf7c5dd/gnocchi.12368dc9-7bee-46a7-af92-d7a016659968" 201 - "PUT http://172.20.0.104:6001/d1/305/AUTH_30b7e0a215454ce0afeddd89cbf7c5dd/gnocchi.12368dc9-7bee-46a7-af92-d7a016659968" "tx980155f4c3334c0bbc3ab-006a292499" "container-server 20" 0.0056 "-" 23 0
Jun 10 08:47:21 np0000069410 object-server[122544]: 172.20.0.104 - - [10/Jun/2026:08:47:21 +0000] "GET /d1/229/AUTH_30b7e0a215454ce0afeddd89cbf7c5dd/gnocchi.29587ea7-2eb4-43c2-be6a-6a027bfb8b21/1780920000.0_mean_300.0_v3" 404 70 "GET http://172.18.0.190:8080/v1/AUTH_30b7e0a215454ce0afeddd89cbf7c5dd/gnocchi.29587ea7-2eb4-43c2-be6a-6a027bfb8b21/1780920000.0_mean_300.0_v3" "txbcf7e0ba92224a9783815-006a292499" "proxy-server 12" 0.0005 "-" 22 0
Jun 10 08:47:21 np0000069410 container-server[122238]: 172.20.0.103 - - [10/Jun/2026:08:47:21 +0000] "PUT /d1/305/AUTH_30b7e0a215454ce0afeddd89cbf7c5dd/gnocchi.12368dc9-7bee-46a7-af92-d7a016659968" 201 - "PUT http://172.18.0.190:8080/v1/AUTH_30b7e0a215454ce0afeddd89cbf7c5dd/gnocchi.12368dc9-7bee-46a7-af92-d7a016659968" "tx980155f4c3334c0bbc3ab-006a292499" "proxy-server 20" 0.0193 "-" 21 0
Jun 10 08:47:21 np0000069410 object-server[122550]: 172.20.0.103 - - [10/Jun/2026:08:47:21 +0000] "GET /d1/955/AUTH_30b7e0a215454ce0afeddd89cbf7c5dd/gnocchi.12368dc9-7bee-46a7-af92-d7a016659968/1780920000.0_mean_300.0_v3" 404 70 "GET http://172.18.0.190:8080/v1/AUTH_30b7e0a215454ce0afeddd89cbf7c5dd/gnocchi.12368dc9-7bee-46a7-af92-d7a016659968/1780920000.0_mean_300.0_v3" "tx029cd9414b9e4904832a1-006a292499" "proxy-server 20" 0.0004 "-" 23 0
Jun 10 08:47:21 np0000069410 container-server[122240]: 172.20.0.105 - - [10/Jun/2026:08:47:21 +0000] "PUT /d1/69/AUTH_30b7e0a215454ce0afeddd89cbf7c5dd/gnocchi.29587ea7-2eb4-43c2-be6a-6a027bfb8b21/1780920000.0_mean_300.0_v3" 201 - "PUT http://172.18.0.190:8080/d1/229/AUTH_30b7e0a215454ce0afeddd89cbf7c5dd/gnocchi.29587ea7-2eb4-43c2-be6a-6a027bfb8b21/1780920000.0_mean_300.0_v3" "tx23ce356881754107badb1-006a292499" "object-server 23" 0.0009 "-" 22 0
Jun 10 08:47:21 np0000069410 object-server[122550]: 172.20.0.104 - - [10/Jun/2026:08:47:21 +0000] "PUT /d1/229/AUTH_30b7e0a215454ce0afeddd89cbf7c5dd/gnocchi.29587ea7-2eb4-43c2-be6a-6a027bfb8b21/1780920000.0_mean_300.0_v3" 201 - "PUT http://172.18.0.190:8080/v1/AUTH_30b7e0a215454ce0afeddd89cbf7c5dd/gnocchi.29587ea7-2eb4-43c2-be6a-6a027bfb8b21/1780920000.0_mean_300.0_v3" "tx23ce356881754107badb1-006a292499" "proxy-server 12" 0.0150 "-" 23 0
Jun 10 08:47:21 np0000069410 container-server[122228]: 172.20.0.105 - - [10/Jun/2026:08:47:21 +0000] "PUT /d1/69/AUTH_30b7e0a215454ce0afeddd89cbf7c5dd/gnocchi.29587ea7-2eb4-43c2-be6a-6a027bfb8b21/none_v3" 201 - "PUT http://172.18.0.190:8080/d1/461/AUTH_30b7e0a215454ce0afeddd89cbf7c5dd/gnocchi.29587ea7-2eb4-43c2-be6a-6a027bfb8b21/none_v3" "txc9faf2dc4b944c979cc01-006a292499" "object-server 22" 0.0004 "-" 20 0
Jun 10 08:47:21 np0000069410 object-server[122544]: 172.20.0.104 - - [10/Jun/2026:08:47:21 +0000] "PUT /d1/461/AUTH_30b7e0a215454ce0afeddd89cbf7c5dd/gnocchi.29587ea7-2eb4-43c2-be6a-6a027bfb8b21/none_v3" 201 - "PUT http://172.18.0.190:8080/v1/AUTH_30b7e0a215454ce0afeddd89cbf7c5dd/gnocchi.29587ea7-2eb4-43c2-be6a-6a027bfb8b21/none_v3" "txc9faf2dc4b944c979cc01-006a292499" "proxy-server 12" 0.0100 "-" 22 0
Jun 10 08:47:21 np0000069410 container-server[122240]: 172.20.0.105 - - [10/Jun/2026:08:47:21 +0000] "PUT /d1/305/AUTH_30b7e0a215454ce0afeddd89cbf7c5dd/gnocchi.12368dc9-7bee-46a7-af92-d7a016659968/1780920000.0_mean_300.0_v3" 201 - "PUT http://172.18.0.190:8080/d1/955/AUTH_30b7e0a215454ce0afeddd89cbf7c5dd/gnocchi.12368dc9-7bee-46a7-af92-d7a016659968/1780920000.0_mean_300.0_v3" "txfda00f94b5c4468ca60c5-006a292499" "object-server 23" 0.0006 "-" 22 0
Jun 10 08:47:21 np0000069410 object-server[122550]: 172.20.0.103 - - [10/Jun/2026:08:47:21 +0000] "PUT /d1/955/AUTH_30b7e0a215454ce0afeddd89cbf7c5dd/gnocchi.12368dc9-7bee-46a7-af92-d7a016659968/1780920000.0_mean_300.0_v3" 201 - "PUT http://172.18.0.190:8080/v1/AUTH_30b7e0a215454ce0afeddd89cbf7c5dd/gnocchi.12368dc9-7bee-46a7-af92-d7a016659968/1780920000.0_mean_300.0_v3" "txfda00f94b5c4468ca60c5-006a292499" "proxy-server 20" 0.0122 "-" 23 0
Jun 10 08:47:21 np0000069410 container-server[122240]: 172.20.0.104 - - [10/Jun/2026:08:47:21 +0000] "PUT /d1/305/AUTH_30b7e0a215454ce0afeddd89cbf7c5dd/gnocchi.12368dc9-7bee-46a7-af92-d7a016659968/none_v3" 201 - "PUT http://172.18.0.190:8080/d1/496/AUTH_30b7e0a215454ce0afeddd89cbf7c5dd/gnocchi.12368dc9-7bee-46a7-af92-d7a016659968/none_v3" "tx3c92fb8de1c641b2bd31d-006a292499" "object-server 22" 0.0004 "-" 22 0
Jun 10 08:47:21 np0000069410 container-server[122228]: 172.20.0.103 - - [10/Jun/2026:08:47:21 +0000] "HEAD /d1/671/AUTH_30b7e0a215454ce0afeddd89cbf7c5dd/gnocchi.237a37de-1067-4a83-a00c-a88c9e6b0409" 404 - "HEAD http://172.18.0.190:8080/v1/AUTH_30b7e0a215454ce0afeddd89cbf7c5dd/gnocchi.237a37de-1067-4a83-a00c-a88c9e6b0409?format=json&states=listing" "txa0f35b3025f243b6a0dfb-006a292499" "proxy-server 20" 0.0003 "-" 20 0
Jun 10 08:47:21 np0000069410 object-server[122550]: 172.20.0.104 - - [10/Jun/2026:08:47:21 +0000] "PUT /d1/496/AUTH_30b7e0a215454ce0afeddd89cbf7c5dd/gnocchi.12368dc9-7bee-46a7-af92-d7a016659968/none_v3" 201 - "PUT http://172.18.0.190:8080/v1/AUTH_30b7e0a215454ce0afeddd89cbf7c5dd/gnocchi.12368dc9-7bee-46a7-af92-d7a016659968/none_v3" "tx3c92fb8de1c641b2bd31d-006a292499" "proxy-server 12" 0.0121 "-" 23 0
Jun 10 08:47:21 np0000069410 object-server[122544]: 172.20.0.103 - - [10/Jun/2026:08:47:21 +0000] "GET /d1/159/AUTH_30b7e0a215454ce0afeddd89cbf7c5dd/gnocchi.237a37de-1067-4a83-a00c-a88c9e6b0409/none_v3" 404 70 "GET http://172.18.0.190:8080/v1/AUTH_30b7e0a215454ce0afeddd89cbf7c5dd/gnocchi.237a37de-1067-4a83-a00c-a88c9e6b0409/none_v3" "txa0f35b3025f243b6a0dfb-006a292499" "proxy-server 20" 0.0006 "-" 22 0
Jun 10 08:47:21 np0000069410 container-server[122240]: 172.20.0.104 - - [10/Jun/2026:08:47:21 +0000] "HEAD /d1/390/AUTH_30b7e0a215454ce0afeddd89cbf7c5dd/gnocchi.15bf3366-6f3f-4dcb-a936-903dc143430f" 404 - "HEAD http://172.18.0.190:8080/v1/AUTH_30b7e0a215454ce0afeddd89cbf7c5dd/gnocchi.15bf3366-6f3f-4dcb-a936-903dc143430f?format=json&states=listing" "tx4a07e9632ddf4a66a384c-006a292499" "proxy-server 12" 0.0004 "-" 22 0
Jun 10 08:47:21 np0000069410 object-server[122553]: 172.20.0.104 - - [10/Jun/2026:08:47:21 +0000] "GET /d1/284/AUTH_30b7e0a215454ce0afeddd89cbf7c5dd/gnocchi.15bf3366-6f3f-4dcb-a936-903dc143430f/none_v3" 404 70 "GET http://172.18.0.190:8080/v1/AUTH_30b7e0a215454ce0afeddd89cbf7c5dd/gnocchi.15bf3366-6f3f-4dcb-a936-903dc143430f/none_v3" "tx4a07e9632ddf4a66a384c-006a292499" "proxy-server 12" 0.0004 "-" 24 0
Jun 10 08:47:21 np0000069410 container-server[122240]: 172.20.0.103 - - [10/Jun/2026:08:47:21 +0000] "PUT /d1/671/AUTH_30b7e0a215454ce0afeddd89cbf7c5dd/gnocchi.237a37de-1067-4a83-a00c-a88c9e6b0409" 201 - "PUT http://172.18.0.190:8080/v1/AUTH_30b7e0a215454ce0afeddd89cbf7c5dd/gnocchi.237a37de-1067-4a83-a00c-a88c9e6b0409" "txaa0e7772f61241e8a1fe0-006a292499" "proxy-server 20" 0.0152 "-" 22 0
Jun 10 08:47:21 np0000069410 account-server[121950]: 172.20.0.103 - - [10/Jun/2026:08:47:21 +0000] "PUT /d1/422/AUTH_30b7e0a215454ce0afeddd89cbf7c5dd/gnocchi.237a37de-1067-4a83-a00c-a88c9e6b0409" 201 - "PUT http://172.20.0.103:6001/d1/671/AUTH_30b7e0a215454ce0afeddd89cbf7c5dd/gnocchi.237a37de-1067-4a83-a00c-a88c9e6b0409" "txaa0e7772f61241e8a1fe0-006a292499" "container-server 21" 0.0067 "-" 20 0
Jun 10 08:47:21 np0000069410 account-server[121950]: 172.20.0.103 - - [10/Jun/2026:08:47:21 +0000] "PUT /d1/422/AUTH_30b7e0a215454ce0afeddd89cbf7c5dd/gnocchi.15bf3366-6f3f-4dcb-a936-903dc143430f" 201 - "PUT http://172.20.0.103:6001/d1/390/AUTH_30b7e0a215454ce0afeddd89cbf7c5dd/gnocchi.15bf3366-6f3f-4dcb-a936-903dc143430f" "tx20a1cfa857b74e7dacd58-006a292499" "container-server 22" 0.0051 "-" 20 0
Jun 10 08:47:21 np0000069410 container-server[122238]: 172.20.0.104 - - [10/Jun/2026:08:47:21 +0000] "PUT /d1/390/AUTH_30b7e0a215454ce0afeddd89cbf7c5dd/gnocchi.15bf3366-6f3f-4dcb-a936-903dc143430f" 201 - "PUT http://172.18.0.190:8080/v1/AUTH_30b7e0a215454ce0afeddd89cbf7c5dd/gnocchi.15bf3366-6f3f-4dcb-a936-903dc143430f" "tx20a1cfa857b74e7dacd58-006a292499" "proxy-server 12" 0.0207 "-" 21 0
Jun 10 08:47:21 np0000069410 container-server[122240]: 172.20.0.104 - - [10/Jun/2026:08:47:21 +0000] "HEAD /d1/390/AUTH_30b7e0a215454ce0afeddd89cbf7c5dd/gnocchi.15bf3366-6f3f-4dcb-a936-903dc143430f" 204 - "HEAD http://172.18.0.190:8080/v1/AUTH_30b7e0a215454ce0afeddd89cbf7c5dd/gnocchi.15bf3366-6f3f-4dcb-a936-903dc143430f?format=json&states=listing" "tx6b6b80a5086f4c688902b-006a292499" "proxy-server 12" 0.0013 "-" 22 0
Jun 10 08:47:21 np0000069410 object-server[122559]: 172.20.0.103 - - [10/Jun/2026:08:47:21 +0000] "GET /d1/52/AUTH_30b7e0a215454ce0afeddd89cbf7c5dd/gnocchi.237a37de-1067-4a83-a00c-a88c9e6b0409/1780920000.0_mean_300.0_v3" 404 70 "GET http://172.18.0.190:8080/v1/AUTH_30b7e0a215454ce0afeddd89cbf7c5dd/gnocchi.237a37de-1067-4a83-a00c-a88c9e6b0409/1780920000.0_mean_300.0_v3" "txab2ec98fb25748c8a9a20-006a292499" "proxy-server 20" 0.0004 "-" 25 0
Jun 10 08:47:21 np0000069410 object-server[122544]: 172.20.0.104 - - [10/Jun/2026:08:47:21 +0000] "GET /d1/153/AUTH_30b7e0a215454ce0afeddd89cbf7c5dd/gnocchi.15bf3366-6f3f-4dcb-a936-903dc143430f/1780920000.0_mean_300.0_v3" 404 70 "GET http://172.18.0.190:8080/v1/AUTH_30b7e0a215454ce0afeddd89cbf7c5dd/gnocchi.15bf3366-6f3f-4dcb-a936-903dc143430f/1780920000.0_mean_300.0_v3" "tx6040e9ab01df4479ada0c-006a292499" "proxy-server 12" 0.0005 "-" 22 0
Jun 10 08:47:21 np0000069410 account-server[121460]: Beginning replication run
Jun 10 08:47:21 np0000069410 container-server[122251]: 172.20.0.104 - - [10/Jun/2026:08:47:21 +0000] "PUT /d1/671/AUTH_30b7e0a215454ce0afeddd89cbf7c5dd/gnocchi.237a37de-1067-4a83-a00c-a88c9e6b0409/1780920000.0_mean_300.0_v3" 201 - "PUT http://172.18.0.190:8080/d1/52/AUTH_30b7e0a215454ce0afeddd89cbf7c5dd/gnocchi.237a37de-1067-4a83-a00c-a88c9e6b0409/1780920000.0_mean_300.0_v3" "txaf3ac270b776471393cd2-006a292499" "object-server 22" 0.0008 "-" 23 0
Jun 10 08:47:21 np0000069410 object-server[122559]: 172.20.0.103 - - [10/Jun/2026:08:47:21 +0000] "PUT /d1/52/AUTH_30b7e0a215454ce0afeddd89cbf7c5dd/gnocchi.237a37de-1067-4a83-a00c-a88c9e6b0409/1780920000.0_mean_300.0_v3" 201 - "PUT http://172.18.0.190:8080/v1/AUTH_30b7e0a215454ce0afeddd89cbf7c5dd/gnocchi.237a37de-1067-4a83-a00c-a88c9e6b0409/1780920000.0_mean_300.0_v3" "txaf3ac270b776471393cd2-006a292499" "proxy-server 20" 0.0156 "-" 25 0
Jun 10 08:47:21 np0000069410 container-server[122228]: 172.20.0.104 - - [10/Jun/2026:08:47:21 +0000] "PUT /d1/390/AUTH_30b7e0a215454ce0afeddd89cbf7c5dd/gnocchi.15bf3366-6f3f-4dcb-a936-903dc143430f/1780920000.0_mean_300.0_v3" 201 - "PUT http://172.18.0.190:8080/d1/153/AUTH_30b7e0a215454ce0afeddd89cbf7c5dd/gnocchi.15bf3366-6f3f-4dcb-a936-903dc143430f/1780920000.0_mean_300.0_v3" "txa1f2465efb304a03a4394-006a292499" "object-server 24" 0.0005 "-" 20 0
Jun 10 08:47:21 np0000069410 object-server[122550]: 172.20.0.104 - - [10/Jun/2026:08:47:21 +0000] "PUT /d1/153/AUTH_30b7e0a215454ce0afeddd89cbf7c5dd/gnocchi.15bf3366-6f3f-4dcb-a936-903dc143430f/1780920000.0_mean_300.0_v3" 201 - "PUT http://172.18.0.190:8080/v1/AUTH_30b7e0a215454ce0afeddd89cbf7c5dd/gnocchi.15bf3366-6f3f-4dcb-a936-903dc143430f/1780920000.0_mean_300.0_v3" "txa1f2465efb304a03a4394-006a292499" "proxy-server 12" 0.0147 "-" 23 0
Jun 10 08:47:21 np0000069410 account-server[121460]: Replication run OVER
Jun 10 08:47:21 np0000069410 account-server[121460]: Attempted to replicate 1 dbs in 0.03211 seconds (31.14727/s)
Jun 10 08:47:21 np0000069410 account-server[121460]: Removed 0 dbs
Jun 10 08:47:21 np0000069410 account-server[121460]: 2 successes, 0 failures
Jun 10 08:47:21 np0000069410 account-server[121460]: diff:0 diff_capped:0 empty:0 hashmatch:0 no_change:2 remote_merge:0 rsync:0 ts_repl:0
Jun 10 08:47:21 np0000069410 container-server[122238]: 172.20.0.104 - - [10/Jun/2026:08:47:21 +0000] "PUT /d1/671/AUTH_30b7e0a215454ce0afeddd89cbf7c5dd/gnocchi.237a37de-1067-4a83-a00c-a88c9e6b0409/none_v3" 201 - "PUT http://172.18.0.190:8080/d1/159/AUTH_30b7e0a215454ce0afeddd89cbf7c5dd/gnocchi.237a37de-1067-4a83-a00c-a88c9e6b0409/none_v3" "tx4b69e3df60014707b65d4-006a292499" "object-server 24" 0.0008 "-" 21 0
Jun 10 08:47:21 np0000069410 object-server[122550]: 172.20.0.103 - - [10/Jun/2026:08:47:21 +0000] "PUT /d1/159/AUTH_30b7e0a215454ce0afeddd89cbf7c5dd/gnocchi.237a37de-1067-4a83-a00c-a88c9e6b0409/none_v3" 201 - "PUT http://172.18.0.190:8080/v1/AUTH_30b7e0a215454ce0afeddd89cbf7c5dd/gnocchi.237a37de-1067-4a83-a00c-a88c9e6b0409/none_v3" "tx4b69e3df60014707b65d4-006a292499" "proxy-server 20" 0.0127 "-" 23 0
Jun 10 08:47:21 np0000069410 container-server[122228]: 172.20.0.104 - - [10/Jun/2026:08:47:21 +0000] "PUT /d1/390/AUTH_30b7e0a215454ce0afeddd89cbf7c5dd/gnocchi.15bf3366-6f3f-4dcb-a936-903dc143430f/none_v3" 201 - "PUT http://172.18.0.190:8080/d1/284/AUTH_30b7e0a215454ce0afeddd89cbf7c5dd/gnocchi.15bf3366-6f3f-4dcb-a936-903dc143430f/none_v3" "tx095feec7262144b487508-006a292499" "object-server 23" 0.0004 "-" 20 0
Jun 10 08:47:21 np0000069410 object-server[122559]: 172.20.0.104 - - [10/Jun/2026:08:47:21 +0000] "PUT /d1/284/AUTH_30b7e0a215454ce0afeddd89cbf7c5dd/gnocchi.15bf3366-6f3f-4dcb-a936-903dc143430f/none_v3" 201 - "PUT http://172.18.0.190:8080/v1/AUTH_30b7e0a215454ce0afeddd89cbf7c5dd/gnocchi.15bf3366-6f3f-4dcb-a936-903dc143430f/none_v3" "tx095feec7262144b487508-006a292499" "proxy-server 12" 0.0125 "-" 25 0
Jun 10 08:47:21 np0000069410 container-server[122251]: 172.20.0.103 - - [10/Jun/2026:08:47:21 +0000] "HEAD /d1/9/AUTH_30b7e0a215454ce0afeddd89cbf7c5dd/gnocchi.88960735-e3dd-4ba9-9682-a3e4a44ed2ea" 404 - "HEAD http://172.18.0.190:8080/v1/AUTH_30b7e0a215454ce0afeddd89cbf7c5dd/gnocchi.88960735-e3dd-4ba9-9682-a3e4a44ed2ea?format=json&states=listing" "tx9593960a23a946b6baf4e-006a292499" "proxy-server 20" 0.0007 "-" 23 0
Jun 10 08:47:21 np0000069410 container-server[122238]: 172.20.0.104 - - [10/Jun/2026:08:47:21 +0000] "HEAD /d1/580/AUTH_30b7e0a215454ce0afeddd89cbf7c5dd/gnocchi.d18dbd3c-c854-423e-b169-c36a773495b8" 404 - "HEAD http://172.18.0.190:8080/v1/AUTH_30b7e0a215454ce0afeddd89cbf7c5dd/gnocchi.d18dbd3c-c854-423e-b169-c36a773495b8?format=json&states=listing" "tx15a7ec71b3614d8081388-006a292499" "proxy-server 12" 0.0006 "-" 21 0
Jun 10 08:47:21 np0000069410 object-server[122544]: 172.20.0.103 - - [10/Jun/2026:08:47:21 +0000] "GET /d1/801/AUTH_30b7e0a215454ce0afeddd89cbf7c5dd/gnocchi.88960735-e3dd-4ba9-9682-a3e4a44ed2ea/none_v3" 404 70 "GET http://172.18.0.190:8080/v1/AUTH_30b7e0a215454ce0afeddd89cbf7c5dd/gnocchi.88960735-e3dd-4ba9-9682-a3e4a44ed2ea/none_v3" "tx9593960a23a946b6baf4e-006a292499" "proxy-server 20" 0.0005 "-" 22 0
Jun 10 08:47:21 np0000069410 container-server[122238]: 172.20.0.105 - - [10/Jun/2026:08:47:21 +0000] "HEAD /d1/649/AUTH_30b7e0a215454ce0afeddd89cbf7c5dd/gnocchi.aad3348e-f25d-4938-96e3-8ea9814d88f4" 404 - "HEAD http://172.18.0.190:8080/v1/AUTH_30b7e0a215454ce0afeddd89cbf7c5dd/gnocchi.aad3348e-f25d-4938-96e3-8ea9814d88f4?format=json&states=listing" "tx38e3122970a04f6c91f55-006a292498" "proxy-server 20" 0.0005 "-" 21 0
Jun 10 08:47:21 np0000069410 object-server[122553]: 172.20.0.104 - - [10/Jun/2026:08:47:21 +0000] "GET /d1/916/AUTH_30b7e0a215454ce0afeddd89cbf7c5dd/gnocchi.d18dbd3c-c854-423e-b169-c36a773495b8/none_v3" 404 70 "GET http://172.18.0.190:8080/v1/AUTH_30b7e0a215454ce0afeddd89cbf7c5dd/gnocchi.d18dbd3c-c854-423e-b169-c36a773495b8/none_v3" "tx15a7ec71b3614d8081388-006a292499" "proxy-server 12" 0.0005 "-" 24 0
Jun 10 08:47:21 np0000069410 container-server[122240]: 172.20.0.103 - - [10/Jun/2026:08:47:21 +0000] "PUT /d1/9/AUTH_30b7e0a215454ce0afeddd89cbf7c5dd/gnocchi.88960735-e3dd-4ba9-9682-a3e4a44ed2ea" 201 - "PUT http://172.18.0.190:8080/v1/AUTH_30b7e0a215454ce0afeddd89cbf7c5dd/gnocchi.88960735-e3dd-4ba9-9682-a3e4a44ed2ea" "tx941d3d4f1fa1401ab04c1-006a292499" "proxy-server 20" 0.0114 "-" 22 0
Jun 10 08:47:21 np0000069410 account-server[121950]: 172.20.0.104 - - [10/Jun/2026:08:47:21 +0000] "PUT /d1/422/AUTH_30b7e0a215454ce0afeddd89cbf7c5dd/gnocchi.88960735-e3dd-4ba9-9682-a3e4a44ed2ea" 201 - "PUT http://172.20.0.104:6001/d1/9/AUTH_30b7e0a215454ce0afeddd89cbf7c5dd/gnocchi.88960735-e3dd-4ba9-9682-a3e4a44ed2ea" "tx941d3d4f1fa1401ab04c1-006a292499" "container-server 20" 0.0014 "-" 20 0
Jun 10 08:47:21 np0000069410 object-server[122553]: 172.20.0.105 - - [10/Jun/2026:08:47:21 +0000] "GET /d1/473/AUTH_30b7e0a215454ce0afeddd89cbf7c5dd/gnocchi.aad3348e-f25d-4938-96e3-8ea9814d88f4/none_v3" 404 70 "GET http://172.18.0.190:8080/v1/AUTH_30b7e0a215454ce0afeddd89cbf7c5dd/gnocchi.aad3348e-f25d-4938-96e3-8ea9814d88f4/none_v3" "tx38e3122970a04f6c91f55-006a292498" "proxy-server 20" 0.0004 "-" 24 0
Jun 10 08:47:21 np0000069410 proxy-server[123970]: 172.18.0.105 172.18.0.104 10/Jun/2026/08/47/21 GET /v1/AUTH_30b7e0a215454ce0afeddd89cbf7c5dd/gnocchi.aad3348e-f25d-4938-96e3-8ea9814d88f4/none_v3 HTTP/1.0 404 - python-swiftclient-3.11.1 gAAAAABqKSNF4jTp... - 70 - tx38e3122970a04f6c91f55-006a292498 - 0.7075 - - 1781081240.991439104 1781081241.698934793 0
Jun 10 08:47:21 np0000069410 container-server[122240]: 172.20.0.104 - - [10/Jun/2026:08:47:21 +0000] "PUT /d1/580/AUTH_30b7e0a215454ce0afeddd89cbf7c5dd/gnocchi.d18dbd3c-c854-423e-b169-c36a773495b8" 201 - "PUT http://172.18.0.190:8080/v1/AUTH_30b7e0a215454ce0afeddd89cbf7c5dd/gnocchi.d18dbd3c-c854-423e-b169-c36a773495b8" "tx6ed24f9212574950b3a8a-006a292499" "proxy-server 12" 0.0148 "-" 22 0
Jun 10 08:47:21 np0000069410 account-server[121975]: 172.20.0.103 - - [10/Jun/2026:08:47:21 +0000] "PUT /d1/422/AUTH_30b7e0a215454ce0afeddd89cbf7c5dd/gnocchi.d18dbd3c-c854-423e-b169-c36a773495b8" 201 - "PUT http://172.20.0.103:6001/d1/580/AUTH_30b7e0a215454ce0afeddd89cbf7c5dd/gnocchi.d18dbd3c-c854-423e-b169-c36a773495b8" "tx6ed24f9212574950b3a8a-006a292499" "container-server 20" 0.0065 "-" 23 0
Jun 10 08:47:21 np0000069410 container-server[122240]: 172.20.0.103 - - [10/Jun/2026:08:47:21 +0000] "HEAD /d1/9/AUTH_30b7e0a215454ce0afeddd89cbf7c5dd/gnocchi.88960735-e3dd-4ba9-9682-a3e4a44ed2ea" 204 - "HEAD http://172.18.0.190:8080/v1/AUTH_30b7e0a215454ce0afeddd89cbf7c5dd/gnocchi.88960735-e3dd-4ba9-9682-a3e4a44ed2ea?format=json&states=listing" "tx3df3c5a125434a5b99538-006a292499" "proxy-server 20" 0.0019 "-" 22 0
Jun 10 08:47:21 np0000069410 object-server[122553]: 172.20.0.103 - - [10/Jun/2026:08:47:21 +0000] "GET /d1/9/AUTH_30b7e0a215454ce0afeddd89cbf7c5dd/gnocchi.88960735-e3dd-4ba9-9682-a3e4a44ed2ea/1780920000.0_mean_300.0_v3" 404 70 "GET http://172.18.0.190:8080/v1/AUTH_30b7e0a215454ce0afeddd89cbf7c5dd/gnocchi.88960735-e3dd-4ba9-9682-a3e4a44ed2ea/1780920000.0_mean_300.0_v3" "tx42d7b615b0b148f082f2e-006a292499" "proxy-server 20" 0.0005 "-" 24 0
Jun 10 08:47:21 np0000069410 account-server[121975]: 172.20.0.105 - - [10/Jun/2026:08:47:21 +0000] "PUT /d1/422/AUTH_30b7e0a215454ce0afeddd89cbf7c5dd/gnocchi.aad3348e-f25d-4938-96e3-8ea9814d88f4" 201 - "PUT http://172.20.0.105:6001/d1/649/AUTH_30b7e0a215454ce0afeddd89cbf7c5dd/gnocchi.aad3348e-f25d-4938-96e3-8ea9814d88f4" "tx51efe27613934830aa5c9-006a292499" "container-server 21" 0.0067 "-" 23 0
Jun 10 08:47:21 np0000069410 container-server[122238]: 172.20.0.105 - - [10/Jun/2026:08:47:21 +0000] "PUT /d1/649/AUTH_30b7e0a215454ce0afeddd89cbf7c5dd/gnocchi.aad3348e-f25d-4938-96e3-8ea9814d88f4" 201 - "PUT http://172.18.0.190:8080/v1/AUTH_30b7e0a215454ce0afeddd89cbf7c5dd/gnocchi.aad3348e-f25d-4938-96e3-8ea9814d88f4" "tx51efe27613934830aa5c9-006a292499" "proxy-server 20" 0.0209 "-" 21 0
Jun 10 08:47:21 np0000069410 proxy-server[123970]: 172.18.0.105 172.18.0.104 10/Jun/2026/08/47/21 PUT /v1/AUTH_30b7e0a215454ce0afeddd89cbf7c5dd/gnocchi.aad3348e-f25d-4938-96e3-8ea9814d88f4 HTTP/1.0 201 - python-swiftclient-3.11.1 gAAAAABqKSNF4jTp... - - - tx51efe27613934830aa5c9-006a292499 - 0.0399 - - 1781081241.708155155 1781081241.748090506 0
Jun 10 08:47:21 np0000069410 object-server[122550]: 172.20.0.104 - - [10/Jun/2026:08:47:21 +0000] "GET /d1/91/AUTH_30b7e0a215454ce0afeddd89cbf7c5dd/gnocchi.d18dbd3c-c854-423e-b169-c36a773495b8/1780920000.0_mean_300.0_v3" 404 70 "GET http://172.18.0.190:8080/v1/AUTH_30b7e0a215454ce0afeddd89cbf7c5dd/gnocchi.d18dbd3c-c854-423e-b169-c36a773495b8/1780920000.0_mean_300.0_v3" "txdc977caaffd146e3b4947-006a292499" "proxy-server 12" 0.0005 "-" 23 0
Jun 10 08:47:21 np0000069410 container-server[122240]: 172.20.0.105 - - [10/Jun/2026:08:47:21 +0000] "HEAD /d1/649/AUTH_30b7e0a215454ce0afeddd89cbf7c5dd/gnocchi.aad3348e-f25d-4938-96e3-8ea9814d88f4" 204 - "HEAD http://172.18.0.190:8080/v1/AUTH_30b7e0a215454ce0afeddd89cbf7c5dd/gnocchi.aad3348e-f25d-4938-96e3-8ea9814d88f4?format=json&states=listing" "tx96e235cd941e42db8144a-006a292499" "proxy-server 20" 0.0011 "-" 22 0
Jun 10 08:47:21 np0000069410 proxy-server[123970]: - - 10/Jun/2026/08/47/21 HEAD /v1/AUTH_30b7e0a215454ce0afeddd89cbf7c5dd/gnocchi.aad3348e-f25d-4938-96e3-8ea9814d88f4%3Fformat%3Djson%26states%3Dlisting HTTP/1.0 204 - Swift - - - - tx96e235cd941e42db8144a-006a292499 - 0.0094 RL - 1781081241.756383657 1781081241.765740395 0
Jun 10 08:47:21 np0000069410 object-server[122559]: 172.20.0.103 - - [10/Jun/2026:08:47:21 +0000] "PUT /d1/9/AUTH_30b7e0a215454ce0afeddd89cbf7c5dd/gnocchi.88960735-e3dd-4ba9-9682-a3e4a44ed2ea/1780920000.0_mean_300.0_v3" 201 - "PUT http://172.18.0.190:8080/v1/AUTH_30b7e0a215454ce0afeddd89cbf7c5dd/gnocchi.88960735-e3dd-4ba9-9682-a3e4a44ed2ea/1780920000.0_mean_300.0_v3" "txbacdc30793e5450da7b9d-006a292499" "proxy-server 20" 0.0123 "-" 25 0
Jun 10 08:47:21 np0000069410 container-server[122238]: 172.20.0.103 - - [10/Jun/2026:08:47:21 +0000] "PUT /d1/9/AUTH_30b7e0a215454ce0afeddd89cbf7c5dd/gnocchi.88960735-e3dd-4ba9-9682-a3e4a44ed2ea/1780920000.0_mean_300.0_v3" 201 - "PUT http://172.18.0.190:8080/d1/9/AUTH_30b7e0a215454ce0afeddd89cbf7c5dd/gnocchi.88960735-e3dd-4ba9-9682-a3e4a44ed2ea/1780920000.0_mean_300.0_v3" "txbacdc30793e5450da7b9d-006a292499" "object-server 23" 0.0010 "-" 21 0
Jun 10 08:47:21 np0000069410 proxy-server[123970]: 172.18.0.105 172.18.0.104 10/Jun/2026/08/47/21 GET /v1/AUTH_30b7e0a215454ce0afeddd89cbf7c5dd/gnocchi.aad3348e-f25d-4938-96e3-8ea9814d88f4%3Fformat%3Djson%26states%3Dlisting HTTP/1.0 200 - python-swiftclient-3.11.1 gAAAAABqKSNF4jTp... - 2 - tx96e235cd941e42db8144a-006a292499 - 0.0277 - - 1781081241.754415989 1781081241.782164812 0
Jun 10 08:47:21 np0000069410 container-server[122238]: 172.20.0.103 - - [10/Jun/2026:08:47:21 +0000] "PUT /d1/580/AUTH_30b7e0a215454ce0afeddd89cbf7c5dd/gnocchi.d18dbd3c-c854-423e-b169-c36a773495b8/1780920000.0_mean_300.0_v3" 201 - "PUT http://172.18.0.190:8080/d1/91/AUTH_30b7e0a215454ce0afeddd89cbf7c5dd/gnocchi.d18dbd3c-c854-423e-b169-c36a773495b8/1780920000.0_mean_300.0_v3" "tx85df41af28d648d693c75-006a292499" "object-server 25" 0.0011 "-" 21 0
Jun 10 08:47:21 np0000069410 object-server[122550]: 172.20.0.104 - - [10/Jun/2026:08:47:21 +0000] "PUT /d1/91/AUTH_30b7e0a215454ce0afeddd89cbf7c5dd/gnocchi.d18dbd3c-c854-423e-b169-c36a773495b8/1780920000.0_mean_300.0_v3" 201 - "PUT http://172.18.0.190:8080/v1/AUTH_30b7e0a215454ce0afeddd89cbf7c5dd/gnocchi.d18dbd3c-c854-423e-b169-c36a773495b8/1780920000.0_mean_300.0_v3" "tx85df41af28d648d693c75-006a292499" "proxy-server 12" 0.0126 "-" 23 0
Jun 10 08:47:21 np0000069410 container-server[122251]: 172.20.0.103 - - [10/Jun/2026:08:47:21 +0000] "PUT /d1/9/AUTH_30b7e0a215454ce0afeddd89cbf7c5dd/gnocchi.88960735-e3dd-4ba9-9682-a3e4a44ed2ea/none_v3" 201 - "PUT http://172.18.0.190:8080/d1/801/AUTH_30b7e0a215454ce0afeddd89cbf7c5dd/gnocchi.88960735-e3dd-4ba9-9682-a3e4a44ed2ea/none_v3" "txd8858ecb2e0a493abcda7-006a292499" "object-server 22" 0.0009 "-" 23 0
Jun 10 08:47:21 np0000069410 object-server[122559]: 172.20.0.103 - - [10/Jun/2026:08:47:21 +0000] "PUT /d1/801/AUTH_30b7e0a215454ce0afeddd89cbf7c5dd/gnocchi.88960735-e3dd-4ba9-9682-a3e4a44ed2ea/none_v3" 201 - "PUT http://172.18.0.190:8080/v1/AUTH_30b7e0a215454ce0afeddd89cbf7c5dd/gnocchi.88960735-e3dd-4ba9-9682-a3e4a44ed2ea/none_v3" "txd8858ecb2e0a493abcda7-006a292499" "proxy-server 20" 0.0112 "-" 25 0
Jun 10 08:47:21 np0000069410 object-server[122553]: 172.20.0.105 - - [10/Jun/2026:08:47:21 +0000] "GET /d1/870/AUTH_30b7e0a215454ce0afeddd89cbf7c5dd/gnocchi.aad3348e-f25d-4938-96e3-8ea9814d88f4/1780920000.0_mean_300.0_v3" 404 70 "GET http://172.18.0.190:8080/v1/AUTH_30b7e0a215454ce0afeddd89cbf7c5dd/gnocchi.aad3348e-f25d-4938-96e3-8ea9814d88f4/1780920000.0_mean_300.0_v3" "tx2a298a6a70b04ce1b913f-006a292499" "proxy-server 20" 0.0006 "-" 24 0
Jun 10 08:47:21 np0000069410 proxy-server[123970]: 172.18.0.105 172.18.0.104 10/Jun/2026/08/47/21 GET /v1/AUTH_30b7e0a215454ce0afeddd89cbf7c5dd/gnocchi.aad3348e-f25d-4938-96e3-8ea9814d88f4/1780920000.0_mean_300.0_v3 HTTP/1.0 404 - python-swiftclient-3.11.1 gAAAAABqKSNF4jTp... - 70 - tx2a298a6a70b04ce1b913f-006a292499 - 0.0221 - - 1781081241.789379835 1781081241.811441422 0
Jun 10 08:47:21 np0000069410 container-server[122238]: 172.20.0.105 - - [10/Jun/2026:08:47:21 +0000] "PUT /d1/580/AUTH_30b7e0a215454ce0afeddd89cbf7c5dd/gnocchi.d18dbd3c-c854-423e-b169-c36a773495b8/none_v3" 201 - "PUT http://172.18.0.190:8080/d1/916/AUTH_30b7e0a215454ce0afeddd89cbf7c5dd/gnocchi.d18dbd3c-c854-423e-b169-c36a773495b8/none_v3" "txbe6a72d4d6b841af9824b-006a292499" "object-server 22" 0.0020 "-" 21 0
Jun 10 08:47:21 np0000069410 object-server[122544]: 172.20.0.104 - - [10/Jun/2026:08:47:21 +0000] "PUT /d1/916/AUTH_30b7e0a215454ce0afeddd89cbf7c5dd/gnocchi.d18dbd3c-c854-423e-b169-c36a773495b8/none_v3" 201 - "PUT http://172.18.0.190:8080/v1/AUTH_30b7e0a215454ce0afeddd89cbf7c5dd/gnocchi.d18dbd3c-c854-423e-b169-c36a773495b8/none_v3" "txbe6a72d4d6b841af9824b-006a292499" "proxy-server 12" 0.0166 "-" 22 0
Jun 10 08:47:21 np0000069410 container-server[122251]: 172.20.0.105 - - [10/Jun/2026:08:47:21 +0000] "HEAD /d1/234/AUTH_30b7e0a215454ce0afeddd89cbf7c5dd/gnocchi.dad0b3d0-3a81-4325-accc-e4158c2a319b" 404 - "HEAD http://172.18.0.190:8080/v1/AUTH_30b7e0a215454ce0afeddd89cbf7c5dd/gnocchi.dad0b3d0-3a81-4325-accc-e4158c2a319b?format=json&states=listing" "tx3eb29e4d5643422082256-006a292499" "proxy-server 20" 0.0006 "-" 23 0
Jun 10 08:47:21 np0000069410 container-server[122251]: 172.20.0.104 - - [10/Jun/2026:08:47:21 +0000] "PUT /d1/649/AUTH_30b7e0a215454ce0afeddd89cbf7c5dd/gnocchi.aad3348e-f25d-4938-96e3-8ea9814d88f4/1780920000.0_mean_300.0_v3" 201 - "PUT http://172.18.0.190:8080/d1/870/AUTH_30b7e0a215454ce0afeddd89cbf7c5dd/gnocchi.aad3348e-f25d-4938-96e3-8ea9814d88f4/1780920000.0_mean_300.0_v3" "tx745f5c1eec2241da9242a-006a292499" "object-server 24" 0.0007 "-" 23 0
Jun 10 08:47:21 np0000069410 object-server[122553]: 172.20.0.103 - - [10/Jun/2026:08:47:21 +0000] "PUT /d1/870/AUTH_30b7e0a215454ce0afeddd89cbf7c5dd/gnocchi.aad3348e-f25d-4938-96e3-8ea9814d88f4/1780920000.0_mean_300.0_v3" 201 - "PUT http://172.18.0.190:8080/v1/AUTH_30b7e0a215454ce0afeddd89cbf7c5dd/gnocchi.aad3348e-f25d-4938-96e3-8ea9814d88f4/1780920000.0_mean_300.0_v3" "tx745f5c1eec2241da9242a-006a292499" "proxy-server 20" 0.0137 "-" 24 0
Jun 10 08:47:21 np0000069410 object-server[122544]: 172.20.0.105 - - [10/Jun/2026:08:47:21 +0000] "GET /d1/757/AUTH_30b7e0a215454ce0afeddd89cbf7c5dd/gnocchi.dad0b3d0-3a81-4325-accc-e4158c2a319b/none_v3" 404 70 "GET http://172.18.0.190:8080/v1/AUTH_30b7e0a215454ce0afeddd89cbf7c5dd/gnocchi.dad0b3d0-3a81-4325-accc-e4158c2a319b/none_v3" "tx3eb29e4d5643422082256-006a292499" "proxy-server 20" 0.0005 "-" 22 0
Jun 10 08:47:21 np0000069410 proxy-server[123970]: 172.18.0.190 172.18.0.104 10/Jun/2026/08/47/21 GET /v1/AUTH_30b7e0a215454ce0afeddd89cbf7c5dd/gnocchi.dad0b3d0-3a81-4325-accc-e4158c2a319b/none_v3 HTTP/1.0 404 - python-swiftclient-3.11.1 gAAAAABqKSNxtSJS... - 70 - tx3eb29e4d5643422082256-006a292499 - 0.0362 - - 1781081241.828213692 1781081241.864366293 0
Jun 10 08:47:21 np0000069410 container-server[122251]: 172.20.0.105 - - [10/Jun/2026:08:47:21 +0000] "PUT /d1/649/AUTH_30b7e0a215454ce0afeddd89cbf7c5dd/gnocchi.aad3348e-f25d-4938-96e3-8ea9814d88f4/none_v3" 201 - "PUT http://172.18.0.190:8080/d1/473/AUTH_30b7e0a215454ce0afeddd89cbf7c5dd/gnocchi.aad3348e-f25d-4938-96e3-8ea9814d88f4/none_v3" "tx17e72807184d4a378c198-006a292499" "object-server 25" 0.0008 "-" 23 0
Jun 10 08:47:21 np0000069410 container-server[122238]: 172.20.0.103 - - [10/Jun/2026:08:47:21 +0000] "HEAD /d1/711/AUTH_30b7e0a215454ce0afeddd89cbf7c5dd/gnocchi.44358ecf-5b55-485d-a342-cbe66dc1fcd0" 404 - "HEAD http://172.18.0.190:8080/v1/AUTH_30b7e0a215454ce0afeddd89cbf7c5dd/gnocchi.44358ecf-5b55-485d-a342-cbe66dc1fcd0?format=json&states=listing" "tx1ae08e1135ec46cba0712-006a292499" "proxy-server 20" 0.0007 "-" 21 0
Jun 10 08:47:21 np0000069410 object-server[122559]: 172.20.0.104 - - [10/Jun/2026:08:47:21 +0000] "PUT /d1/473/AUTH_30b7e0a215454ce0afeddd89cbf7c5dd/gnocchi.aad3348e-f25d-4938-96e3-8ea9814d88f4/none_v3" 201 - "PUT http://172.18.0.190:8080/v1/AUTH_30b7e0a215454ce0afeddd89cbf7c5dd/gnocchi.aad3348e-f25d-4938-96e3-8ea9814d88f4/none_v3" "tx17e72807184d4a378c198-006a292499" "proxy-server 12" 0.0125 "-" 25 0
Jun 10 08:47:21 np0000069410 account-server[121975]: 172.20.0.103 - - [10/Jun/2026:08:47:21 +0000] "PUT /d1/422/AUTH_30b7e0a215454ce0afeddd89cbf7c5dd/gnocchi.dad0b3d0-3a81-4325-accc-e4158c2a319b" 201 - "PUT http://172.20.0.103:6001/d1/234/AUTH_30b7e0a215454ce0afeddd89cbf7c5dd/gnocchi.dad0b3d0-3a81-4325-accc-e4158c2a319b" "txaa860e3daaa54017a9a32-006a292499" "container-server 20" 0.0060 "-" 23 0
Jun 10 08:47:21 np0000069410 object-server[122544]: 172.20.0.103 - - [10/Jun/2026:08:47:21 +0000] "GET /d1/96/AUTH_30b7e0a215454ce0afeddd89cbf7c5dd/gnocchi.44358ecf-5b55-485d-a342-cbe66dc1fcd0/none_v3" 404 70 "GET http://172.18.0.190:8080/v1/AUTH_30b7e0a215454ce0afeddd89cbf7c5dd/gnocchi.44358ecf-5b55-485d-a342-cbe66dc1fcd0/none_v3" "tx1ae08e1135ec46cba0712-006a292499" "proxy-server 20" 0.0006 "-" 22 0
Jun 10 08:47:21 np0000069410 container-server[122240]: 172.20.0.105 - - [10/Jun/2026:08:47:21 +0000] "PUT /d1/234/AUTH_30b7e0a215454ce0afeddd89cbf7c5dd/gnocchi.dad0b3d0-3a81-4325-accc-e4158c2a319b" 201 - "PUT http://172.18.0.190:8080/v1/AUTH_30b7e0a215454ce0afeddd89cbf7c5dd/gnocchi.dad0b3d0-3a81-4325-accc-e4158c2a319b" "txaa860e3daaa54017a9a32-006a292499" "proxy-server 20" 0.0216 "-" 22 0
Jun 10 08:47:21 np0000069410 proxy-server[123970]: 172.18.0.190 172.18.0.104 10/Jun/2026/08/47/21 PUT /v1/AUTH_30b7e0a215454ce0afeddd89cbf7c5dd/gnocchi.dad0b3d0-3a81-4325-accc-e4158c2a319b HTTP/1.0 201 - python-swiftclient-3.11.1 gAAAAABqKSNxtSJS... - - - txaa860e3daaa54017a9a32-006a292499 - 0.0818 - - 1781081241.869760513 1781081241.951610327 0
Jun 10 08:47:21 np0000069410 account-server[121959]: 172.20.0.104 - - [10/Jun/2026:08:47:21 +0000] "PUT /d1/422/AUTH_30b7e0a215454ce0afeddd89cbf7c5dd/gnocchi.44358ecf-5b55-485d-a342-cbe66dc1fcd0" 201 - "PUT http://172.20.0.104:6001/d1/711/AUTH_30b7e0a215454ce0afeddd89cbf7c5dd/gnocchi.44358ecf-5b55-485d-a342-cbe66dc1fcd0" "tx10254cc3f04d4f7e91bb6-006a292499" "container-server 23" 0.0067 "-" 22 0
Jun 10 08:47:21 np0000069410 container-server[122238]: 172.20.0.103 - - [10/Jun/2026:08:47:21 +0000] "HEAD /d1/147/AUTH_30b7e0a215454ce0afeddd89cbf7c5dd/gnocchi.0c4722bd-a501-4967-a9fb-e4ca97f3d724" 404 - "HEAD http://172.18.0.190:8080/v1/AUTH_30b7e0a215454ce0afeddd89cbf7c5dd/gnocchi.0c4722bd-a501-4967-a9fb-e4ca97f3d724?format=json&states=listing" "tx5326f187f22d40f48a7c7-006a292499" "proxy-server 20" 0.0007 "-" 21 0
Jun 10 08:47:21 np0000069410 container-server[122251]: 172.20.0.104 - - [10/Jun/2026:08:47:21 +0000] "PUT /d1/711/AUTH_30b7e0a215454ce0afeddd89cbf7c5dd/gnocchi.44358ecf-5b55-485d-a342-cbe66dc1fcd0" 201 - "PUT http://172.18.0.190:8080/v1/AUTH_30b7e0a215454ce0afeddd89cbf7c5dd/gnocchi.44358ecf-5b55-485d-a342-cbe66dc1fcd0" "tx10254cc3f04d4f7e91bb6-006a292499" "proxy-server 12" 0.0218 "-" 23 0
Jun 10 08:47:21 np0000069410 object-server[122553]: 172.20.0.103 - - [10/Jun/2026:08:47:21 +0000] "GET /d1/845/AUTH_30b7e0a215454ce0afeddd89cbf7c5dd/gnocchi.0c4722bd-a501-4967-a9fb-e4ca97f3d724/none_v3" 404 70 "GET http://172.18.0.190:8080/v1/AUTH_30b7e0a215454ce0afeddd89cbf7c5dd/gnocchi.0c4722bd-a501-4967-a9fb-e4ca97f3d724/none_v3" "tx5326f187f22d40f48a7c7-006a292499" "proxy-server 20" 0.0005 "-" 24 0
Jun 10 08:47:21 np0000069410 proxy-server[123970]: - - 10/Jun/2026/08/47/21 HEAD /v1/AUTH_30b7e0a215454ce0afeddd89cbf7c5dd/gnocchi.dad0b3d0-3a81-4325-accc-e4158c2a319b%3Fformat%3Djson%26states%3Dlisting HTTP/1.0 204 - Swift - - - - tx5f4ca6d00660496d86d71-006a292499 - 0.0073 RL - 1781081241.962615490 1781081241.969914913 0
Jun 10 08:47:21 np0000069410 container-server[122228]: 172.20.0.105 - - [10/Jun/2026:08:47:21 +0000] "GET /d1/234/AUTH_30b7e0a215454ce0afeddd89cbf7c5dd/gnocchi.dad0b3d0-3a81-4325-accc-e4158c2a319b" 200 2 "GET http://172.18.0.190:8080/v1/AUTH_30b7e0a215454ce0afeddd89cbf7c5dd/gnocchi.dad0b3d0-3a81-4325-accc-e4158c2a319b?format=json&states=listing" "tx5f4ca6d00660496d86d71-006a292499" "proxy-server 20" 0.0037 "-" 20 0
Jun 10 08:47:21 np0000069410 proxy-server[123970]: 172.18.0.190 172.18.0.104 10/Jun/2026/08/47/21 GET /v1/AUTH_30b7e0a215454ce0afeddd89cbf7c5dd/gnocchi.dad0b3d0-3a81-4325-accc-e4158c2a319b%3Fformat%3Djson%26states%3Dlisting HTTP/1.0 200 - python-swiftclient-3.11.1 gAAAAABqKSNxtSJS... - 2 - tx5f4ca6d00660496d86d71-006a292499 - 0.0233 - - 1781081241.959832430 1781081241.983151674 0
Jun 10 08:47:22 np0000069410 object-server[122544]: 172.20.0.105 - - [10/Jun/2026:08:47:22 +0000] "GET /d1/251/AUTH_30b7e0a215454ce0afeddd89cbf7c5dd/gnocchi.dad0b3d0-3a81-4325-accc-e4158c2a319b/1780920000.0_mean_300.0_v3" 404 70 "GET http://172.18.0.190:8080/v1/AUTH_30b7e0a215454ce0afeddd89cbf7c5dd/gnocchi.dad0b3d0-3a81-4325-accc-e4158c2a319b/1780920000.0_mean_300.0_v3" "tx4b6903eb22b14be4b9a6f-006a292499" "proxy-server 20" 0.0005 "-" 22 0
Jun 10 08:47:22 np0000069410 proxy-server[123970]: 172.18.0.190 172.18.0.104 10/Jun/2026/08/47/22 GET /v1/AUTH_30b7e0a215454ce0afeddd89cbf7c5dd/gnocchi.dad0b3d0-3a81-4325-accc-e4158c2a319b/1780920000.0_mean_300.0_v3 HTTP/1.0 404 - python-swiftclient-3.11.1 gAAAAABqKSNxtSJS... - 70 - tx4b6903eb22b14be4b9a6f-006a292499 - 0.0152 - - 1781081241.986666203 1781081242.001897335 0
Jun 10 08:47:22 np0000069410 object-server[122544]: 172.20.0.104 - - [10/Jun/2026:08:47:22 +0000] "GET /d1/267/AUTH_30b7e0a215454ce0afeddd89cbf7c5dd/gnocchi.44358ecf-5b55-485d-a342-cbe66dc1fcd0/1780920000.0_mean_300.0_v3" 404 70 "GET http://172.18.0.190:8080/v1/AUTH_30b7e0a215454ce0afeddd89cbf7c5dd/gnocchi.44358ecf-5b55-485d-a342-cbe66dc1fcd0/1780920000.0_mean_300.0_v3" "tx931504ce2af14214b9a05-006a292499" "proxy-server 12" 0.0004 "-" 22 0
Jun 10 08:47:22 np0000069410 account-server[121975]: 172.20.0.105 - - [10/Jun/2026:08:47:22 +0000] "PUT /d1/422/AUTH_30b7e0a215454ce0afeddd89cbf7c5dd/gnocchi.0c4722bd-a501-4967-a9fb-e4ca97f3d724" 201 - "PUT http://172.20.0.105:6001/d1/147/AUTH_30b7e0a215454ce0afeddd89cbf7c5dd/gnocchi.0c4722bd-a501-4967-a9fb-e4ca97f3d724" "txce6fc35af77e4e27a4909-006a292499" "container-server 21" 0.0064 "-" 23 0
Jun 10 08:47:22 np0000069410 container-server[122238]: 172.20.0.103 - - [10/Jun/2026:08:47:22 +0000] "PUT /d1/147/AUTH_30b7e0a215454ce0afeddd89cbf7c5dd/gnocchi.0c4722bd-a501-4967-a9fb-e4ca97f3d724" 201 - "PUT http://172.18.0.190:8080/v1/AUTH_30b7e0a215454ce0afeddd89cbf7c5dd/gnocchi.0c4722bd-a501-4967-a9fb-e4ca97f3d724" "txce6fc35af77e4e27a4909-006a292499" "proxy-server 20" 0.0209 "-" 21 0
Jun 10 08:47:22 np0000069410 container-server[122238]: 172.20.0.104 - - [10/Jun/2026:08:47:22 +0000] "PUT /d1/711/AUTH_30b7e0a215454ce0afeddd89cbf7c5dd/gnocchi.44358ecf-5b55-485d-a342-cbe66dc1fcd0/1780920000.0_mean_300.0_v3" 201 - "PUT http://172.18.0.190:8080/d1/267/AUTH_30b7e0a215454ce0afeddd89cbf7c5dd/gnocchi.44358ecf-5b55-485d-a342-cbe66dc1fcd0/1780920000.0_mean_300.0_v3" "tx69e0136af39a4203863a9-006a29249a" "object-server 22" 0.0009 "-" 21 0
Jun 10 08:47:22 np0000069410 container-server[122228]: 172.20.0.104 - - [10/Jun/2026:08:47:22 +0000] "PUT /d1/234/AUTH_30b7e0a215454ce0afeddd89cbf7c5dd/gnocchi.dad0b3d0-3a81-4325-accc-e4158c2a319b/1780920000.0_mean_300.0_v3" 201 - "PUT http://172.18.0.190:8080/d1/251/AUTH_30b7e0a215454ce0afeddd89cbf7c5dd/gnocchi.dad0b3d0-3a81-4325-accc-e4158c2a319b/1780920000.0_mean_300.0_v3" "tx829ddad7e92a4335aeedf-006a29249a" "object-server 22" 0.0008 "-" 20 0
Jun 10 08:47:22 np0000069410 object-server[122550]: 172.20.0.104 - - [10/Jun/2026:08:47:22 +0000] "PUT /d1/267/AUTH_30b7e0a215454ce0afeddd89cbf7c5dd/gnocchi.44358ecf-5b55-485d-a342-cbe66dc1fcd0/1780920000.0_mean_300.0_v3" 201 - "PUT http://172.18.0.190:8080/v1/AUTH_30b7e0a215454ce0afeddd89cbf7c5dd/gnocchi.44358ecf-5b55-485d-a342-cbe66dc1fcd0/1780920000.0_mean_300.0_v3" "tx69e0136af39a4203863a9-006a29249a" "proxy-server 12" 0.0153 "-" 23 0
Jun 10 08:47:22 np0000069410 object-server[122550]: 172.20.0.105 - - [10/Jun/2026:08:47:22 +0000] "PUT /d1/251/AUTH_30b7e0a215454ce0afeddd89cbf7c5dd/gnocchi.dad0b3d0-3a81-4325-accc-e4158c2a319b/1780920000.0_mean_300.0_v3" 201 - "PUT http://172.18.0.190:8080/v1/AUTH_30b7e0a215454ce0afeddd89cbf7c5dd/gnocchi.dad0b3d0-3a81-4325-accc-e4158c2a319b/1780920000.0_mean_300.0_v3" "tx829ddad7e92a4335aeedf-006a29249a" "proxy-server 20" 0.0166 "-" 23 0
Jun 10 08:47:22 np0000069410 proxy-server[123970]: 172.18.0.190 172.18.0.104 10/Jun/2026/08/47/22 PUT /v1/AUTH_30b7e0a215454ce0afeddd89cbf7c5dd/gnocchi.dad0b3d0-3a81-4325-accc-e4158c2a319b/1780920000.0_mean_300.0_v3 HTTP/1.0 201 - python-swiftclient-3.11.1 gAAAAABqKSNxtSJS... 16 - - tx829ddad7e92a4335aeedf-006a29249a - 0.0297 - - 1781081242.006797314 1781081242.036482573 0
Jun 10 08:47:22 np0000069410 object-server[122553]: 172.20.0.105 - - [10/Jun/2026:08:47:22 +0000] "GET /d1/640/AUTH_30b7e0a215454ce0afeddd89cbf7c5dd/gnocchi.0c4722bd-a501-4967-a9fb-e4ca97f3d724/1780920000.0_mean_300.0_v3" 404 70 "GET http://172.18.0.190:8080/v1/AUTH_30b7e0a215454ce0afeddd89cbf7c5dd/gnocchi.0c4722bd-a501-4967-a9fb-e4ca97f3d724/1780920000.0_mean_300.0_v3" "txa971de67917c42f5bb138-006a29249a" "proxy-server 20" 0.0007 "-" 24 0
Jun 10 08:47:22 np0000069410 container-server[122240]: 172.20.0.104 - - [10/Jun/2026:08:47:22 +0000] "PUT /d1/234/AUTH_30b7e0a215454ce0afeddd89cbf7c5dd/gnocchi.dad0b3d0-3a81-4325-accc-e4158c2a319b/none_v3" 201 - "PUT http://172.18.0.190:8080/d1/757/AUTH_30b7e0a215454ce0afeddd89cbf7c5dd/gnocchi.dad0b3d0-3a81-4325-accc-e4158c2a319b/none_v3" "txf880789f5c9c46ceb0181-006a29249a" "object-server 22" 0.0008 "-" 22 0
Jun 10 08:47:22 np0000069410 object-server[122544]: 172.20.0.103 - - [10/Jun/2026:08:47:22 +0000] "PUT /d1/757/AUTH_30b7e0a215454ce0afeddd89cbf7c5dd/gnocchi.dad0b3d0-3a81-4325-accc-e4158c2a319b/none_v3" 201 - "PUT http://172.18.0.190:8080/v1/AUTH_30b7e0a215454ce0afeddd89cbf7c5dd/gnocchi.dad0b3d0-3a81-4325-accc-e4158c2a319b/none_v3" "txf880789f5c9c46ceb0181-006a29249a" "proxy-server 20" 0.0127 "-" 22 0
Jun 10 08:47:22 np0000069410 container-server[122228]: 172.20.0.104 - - [10/Jun/2026:08:47:22 +0000] "PUT /d1/711/AUTH_30b7e0a215454ce0afeddd89cbf7c5dd/gnocchi.44358ecf-5b55-485d-a342-cbe66dc1fcd0/none_v3" 201 - "PUT http://172.18.0.190:8080/d1/96/AUTH_30b7e0a215454ce0afeddd89cbf7c5dd/gnocchi.44358ecf-5b55-485d-a342-cbe66dc1fcd0/none_v3" "tx1d40bdd206bd4b88b8d63-006a29249a" "object-server 23" 0.0008 "-" 20 0
Jun 10 08:47:22 np0000069410 proxy-server[123970]: 172.18.0.105 172.18.0.104 10/Jun/2026/08/47/22 GET /v1/AUTH_30b7e0a215454ce0afeddd89cbf7c5dd/gnocchi.0c4722bd-a501-4967-a9fb-e4ca97f3d724/1780920000.0_mean_300.0_v3 HTTP/1.0 404 - python-swiftclient-3.11.1 gAAAAABqKSNF4jTp... - 70 - txa971de67917c42f5bb138-006a29249a - 0.0199 - - 1781081242.042772770 1781081242.062683821 0
Jun 10 08:47:22 np0000069410 object-server[122553]: 172.20.0.104 - - [10/Jun/2026:08:47:22 +0000] "PUT /d1/96/AUTH_30b7e0a215454ce0afeddd89cbf7c5dd/gnocchi.44358ecf-5b55-485d-a342-cbe66dc1fcd0/none_v3" 201 - "PUT http://172.18.0.190:8080/v1/AUTH_30b7e0a215454ce0afeddd89cbf7c5dd/gnocchi.44358ecf-5b55-485d-a342-cbe66dc1fcd0/none_v3" "tx1d40bdd206bd4b88b8d63-006a29249a" "proxy-server 12" 0.0556 "-" 24 0
Jun 10 08:47:22 np0000069410 container-server[122240]: 172.20.0.103 - - [10/Jun/2026:08:47:22 +0000] "HEAD /d1/929/AUTH_30b7e0a215454ce0afeddd89cbf7c5dd/gnocchi.0cd0dec5-c28d-46da-b723-122cb9a7210f" 404 - "HEAD http://172.18.0.190:8080/v1/AUTH_30b7e0a215454ce0afeddd89cbf7c5dd/gnocchi.0cd0dec5-c28d-46da-b723-122cb9a7210f?format=json&states=listing" "tx3e0e2f72b2e74f959b5ea-006a29249a" "proxy-server 20" 0.0004 "-" 22 0
Jun 10 08:47:22 np0000069410 container-server[122228]: 172.20.0.104 - - [10/Jun/2026:08:47:22 +0000] "PUT /d1/147/AUTH_30b7e0a215454ce0afeddd89cbf7c5dd/gnocchi.0c4722bd-a501-4967-a9fb-e4ca97f3d724/1780920000.0_mean_300.0_v3" 201 - "PUT http://172.18.0.190:8080/d1/640/AUTH_30b7e0a215454ce0afeddd89cbf7c5dd/gnocchi.0c4722bd-a501-4967-a9fb-e4ca97f3d724/1780920000.0_mean_300.0_v3" "tx6a90dff9ca304157a612c-006a29249a" "object-server 25" 0.0006 "-" 20 0
Jun 10 08:47:22 np0000069410 object-server[122550]: 172.20.0.105 - - [10/Jun/2026:08:47:22 +0000] "PUT /d1/640/AUTH_30b7e0a215454ce0afeddd89cbf7c5dd/gnocchi.0c4722bd-a501-4967-a9fb-e4ca97f3d724/1780920000.0_mean_300.0_v3" 201 - "PUT http://172.18.0.190:8080/v1/AUTH_30b7e0a215454ce0afeddd89cbf7c5dd/gnocchi.0c4722bd-a501-4967-a9fb-e4ca97f3d724/1780920000.0_mean_300.0_v3" "tx6a90dff9ca304157a612c-006a29249a" "proxy-server 20" 0.0106 "-" 23 0
Jun 10 08:47:22 np0000069410 proxy-server[123970]: 172.18.0.105 172.18.0.104 10/Jun/2026/08/47/22 PUT /v1/AUTH_30b7e0a215454ce0afeddd89cbf7c5dd/gnocchi.0c4722bd-a501-4967-a9fb-e4ca97f3d724/1780920000.0_mean_300.0_v3 HTTP/1.0 201 - python-swiftclient-3.11.1 gAAAAABqKSNF4jTp... 16 - - tx6a90dff9ca304157a612c-006a29249a - 0.0201 - - 1781081242.105186462 1781081242.125325680 0
Jun 10 08:47:22 np0000069410 container-server[122251]: 172.20.0.104 - - [10/Jun/2026:08:47:22 +0000] "HEAD /d1/593/AUTH_30b7e0a215454ce0afeddd89cbf7c5dd/gnocchi.ea1d92ee-5253-4a66-a648-5324b0e11d9e" 404 - "HEAD http://172.18.0.190:8080/v1/AUTH_30b7e0a215454ce0afeddd89cbf7c5dd/gnocchi.ea1d92ee-5253-4a66-a648-5324b0e11d9e?format=json&states=listing" "tx2d7e9ec355d7457a80f0a-006a29249a" "proxy-server 12" 0.0005 "-" 23 0
Jun 10 08:47:22 np0000069410 object-server[122544]: 172.20.0.103 - - [10/Jun/2026:08:47:22 +0000] "GET /d1/878/AUTH_30b7e0a215454ce0afeddd89cbf7c5dd/gnocchi.0cd0dec5-c28d-46da-b723-122cb9a7210f/none_v3" 404 70 "GET http://172.18.0.190:8080/v1/AUTH_30b7e0a215454ce0afeddd89cbf7c5dd/gnocchi.0cd0dec5-c28d-46da-b723-122cb9a7210f/none_v3" "tx3e0e2f72b2e74f959b5ea-006a29249a" "proxy-server 20" 0.0003 "-" 22 0
Jun 10 08:47:22 np0000069410 container-server[122251]: 172.20.0.103 - - [10/Jun/2026:08:47:22 +0000] "PUT /d1/147/AUTH_30b7e0a215454ce0afeddd89cbf7c5dd/gnocchi.0c4722bd-a501-4967-a9fb-e4ca97f3d724/none_v3" 201 - "PUT http://172.18.0.190:8080/d1/845/AUTH_30b7e0a215454ce0afeddd89cbf7c5dd/gnocchi.0c4722bd-a501-4967-a9fb-e4ca97f3d724/none_v3" "tx7e84d29bfb234f1e89667-006a29249a" "object-server 25" 0.0007 "-" 23 0
Jun 10 08:47:22 np0000069410 object-server[122550]: 172.20.0.105 - - [10/Jun/2026:08:47:22 +0000] "PUT /d1/845/AUTH_30b7e0a215454ce0afeddd89cbf7c5dd/gnocchi.0c4722bd-a501-4967-a9fb-e4ca97f3d724/none_v3" 201 - "PUT http://172.18.0.190:8080/v1/AUTH_30b7e0a215454ce0afeddd89cbf7c5dd/gnocchi.0c4722bd-a501-4967-a9fb-e4ca97f3d724/none_v3" "tx7e84d29bfb234f1e89667-006a29249a" "proxy-server 20" 0.0130 "-" 23 0
