Jun 9 09:59:56 standalone container-server[126536]: 172.20.0.100 - - [09/Jun/2026:09:59:56 +0000] "PUT /d1/801/AUTH_965784611b4942ca97c5d5124e699aa1/gnocchi.76991bff-ed96-4815-a996-ba783ce83266/none_v3" 201 - "PUT http://172.18.0.2:8080/d1/589/AUTH_965784611b4942ca97c5d5124e699aa1/gnocchi.76991bff-ed96-4815-a996-ba783ce83266/none_v3" "tx44d3fdceddb14919a99a6-006a27e41c" "object-server 25" 0.0008 "-" 21 0
Jun 9 09:59:56 standalone object-server[126681]: 172.20.0.100 - - [09/Jun/2026:09:59:56 +0000] "PUT /d1/589/AUTH_965784611b4942ca97c5d5124e699aa1/gnocchi.76991bff-ed96-4815-a996-ba783ce83266/none_v3" 201 - "PUT http://172.18.0.2:8080/v1/AUTH_965784611b4942ca97c5d5124e699aa1/gnocchi.76991bff-ed96-4815-a996-ba783ce83266/none_v3" "tx44d3fdceddb14919a99a6-006a27e41c" "proxy-server 20" 0.0098 "-" 25 0
Jun 9 09:59:56 standalone proxy-server[128538]: 172.18.0.2 172.18.0.100 09/Jun/2026/09/59/56 PUT /v1/AUTH_965784611b4942ca97c5d5124e699aa1/gnocchi.76991bff-ed96-4815-a996-ba783ce83266/none_v3 HTTP/1.0 201 - python-swiftclient-3.11.1 gAAAAABqJ-M9MHvo... 22 - - tx44d3fdceddb14919a99a6-006a27e41c - 0.0143 - - 1780999196.819942951 1780999196.834268570 0
Jun 9 10:00:17 standalone object-server[126558]: Begin object update sweep
Jun 9 10:00:17 standalone object-server[242117]: Object update sweep starting on /srv/node/d1 (pid: 15)
Jun 9 10:00:17 standalone object-server[242117]: Object update sweep completed on /srv/node/d1 in 0.00s seconds:, 0 successes, 0 failures, 0 quarantines, 0 unlinks, 0 errors, 0 redirects (pid: 15)
Jun 9 10:00:17 standalone object-server[242117]: Object update sweep of d1 completed: 0.00s, 0 successes, 0 failures, 0 quarantines, 0 unlinks, 0 errors, 0 redirects
Jun 9 10:00:17 standalone object-server[126558]: Object update sweep completed: 0.06s
Jun 9 10:00:24 standalone container-server[126536]: 172.20.0.100 - - [09/Jun/2026:10:00:24 +0000] "HEAD /d1/987/AUTH_965784611b4942ca97c5d5124e699aa1/gnocchi.3ff312b1-7a7a-4a39-b9e2-a477f850cc24" 404 - "HEAD http://172.18.0.2:8080/v1/AUTH_965784611b4942ca97c5d5124e699aa1/gnocchi.3ff312b1-7a7a-4a39-b9e2-a477f850cc24?format=json&states=listing" "txf3198db2dd634bc4a18f4-006a27e438" "proxy-server 20" 0.0007 "-" 21 0
Jun 9 10:00:24 standalone object-server[126656]: 172.20.0.100 - - [09/Jun/2026:10:00:24 +0000] "GET /d1/208/AUTH_965784611b4942ca97c5d5124e699aa1/gnocchi.3ff312b1-7a7a-4a39-b9e2-a477f850cc24/none_v3" 404 70 "GET http://172.18.0.2:8080/v1/AUTH_965784611b4942ca97c5d5124e699aa1/gnocchi.3ff312b1-7a7a-4a39-b9e2-a477f850cc24/none_v3" "txf3198db2dd634bc4a18f4-006a27e438" "proxy-server 20" 0.0012 "-" 23 0
Jun 9 10:00:24 standalone proxy-server[128538]: 172.18.0.2 172.18.0.100 09/Jun/2026/10/00/24 GET /v1/AUTH_965784611b4942ca97c5d5124e699aa1/gnocchi.3ff312b1-7a7a-4a39-b9e2-a477f850cc24/none_v3 HTTP/1.0 404 - python-swiftclient-3.11.1 gAAAAABqJ-M9MHvo... - 70 - txf3198db2dd634bc4a18f4-006a27e438 - 0.0177 - - 1780999224.720183611 1780999224.737849712 0
Jun 9 10:00:24 standalone account-server[126427]: 172.20.0.100 - - [09/Jun/2026:10:00:24 +0000] "PUT /d1/199/AUTH_965784611b4942ca97c5d5124e699aa1/gnocchi.3ff312b1-7a7a-4a39-b9e2-a477f850cc24" 201 - "PUT http://172.20.0.100:6001/d1/987/AUTH_965784611b4942ca97c5d5124e699aa1/gnocchi.3ff312b1-7a7a-4a39-b9e2-a477f850cc24" "tx8ad931b510d44cfc81058-006a27e438" "container-server 23" 0.0120 "-" 21 0
Jun 9 10:00:24 standalone container-server[126540]: 172.20.0.100 - - [09/Jun/2026:10:00:24 +0000] "PUT /d1/987/AUTH_965784611b4942ca97c5d5124e699aa1/gnocchi.3ff312b1-7a7a-4a39-b9e2-a477f850cc24" 201 - "PUT http://172.18.0.2:8080/v1/AUTH_965784611b4942ca97c5d5124e699aa1/gnocchi.3ff312b1-7a7a-4a39-b9e2-a477f850cc24" "tx8ad931b510d44cfc81058-006a27e438" "proxy-server 20" 0.0312 "-" 23 0
Jun 9 10:00:24 standalone proxy-server[128538]: 172.18.0.2 172.18.0.100 09/Jun/2026/10/00/24 PUT /v1/AUTH_965784611b4942ca97c5d5124e699aa1/gnocchi.3ff312b1-7a7a-4a39-b9e2-a477f850cc24 HTTP/1.0 201 - python-swiftclient-3.11.1 gAAAAABqJ-M9MHvo... - - - tx8ad931b510d44cfc81058-006a27e438 - 0.0391 - - 1780999224.742689371 1780999224.781819344 0
Jun 9 10:00:24 standalone container-server[126527]: 172.20.0.100 - - [09/Jun/2026:10:00:24 +0000] "HEAD /d1/987/AUTH_965784611b4942ca97c5d5124e699aa1/gnocchi.3ff312b1-7a7a-4a39-b9e2-a477f850cc24" 204 - "HEAD http://172.18.0.2:8080/v1/AUTH_965784611b4942ca97c5d5124e699aa1/gnocchi.3ff312b1-7a7a-4a39-b9e2-a477f850cc24?format=json&states=listing" "tx18b0caa378f745ecad1f9-006a27e438" "proxy-server 20" 0.0022 "-" 20 0
Jun 9 10:00:24 standalone proxy-server[128538]: - - 09/Jun/2026/10/00/24 HEAD /v1/AUTH_965784611b4942ca97c5d5124e699aa1/gnocchi.3ff312b1-7a7a-4a39-b9e2-a477f850cc24%3Fformat%3Djson%26states%3Dlisting HTTP/1.0 204 - Swift - - - - tx18b0caa378f745ecad1f9-006a27e438 - 0.0077 RL - 1780999224.787142754 1780999224.794833899 0
Jun 9 10:00:24 standalone container-server[126540]: 172.20.0.100 - - [09/Jun/2026:10:00:24 +0000] "GET /d1/987/AUTH_965784611b4942ca97c5d5124e699aa1/gnocchi.3ff312b1-7a7a-4a39-b9e2-a477f850cc24" 200 2 "GET http://172.18.0.2:8080/v1/AUTH_965784611b4942ca97c5d5124e699aa1/gnocchi.3ff312b1-7a7a-4a39-b9e2-a477f850cc24?format=json&states=listing" "tx18b0caa378f745ecad1f9-006a27e438" "proxy-server 20" 0.0037 "-" 23 0
Jun 9 10:00:24 standalone proxy-server[128538]: 172.18.0.2 172.18.0.100 09/Jun/2026/10/00/24 GET /v1/AUTH_965784611b4942ca97c5d5124e699aa1/gnocchi.3ff312b1-7a7a-4a39-b9e2-a477f850cc24%3Fformat%3Djson%26states%3Dlisting HTTP/1.0 200 - python-swiftclient-3.11.1 gAAAAABqJ-M9MHvo... - 2 - tx18b0caa378f745ecad1f9-006a27e438 - 0.0250 - - 1780999224.785623550 1780999224.810607433 0
Jun 9 10:00:24 standalone object-server[126656]: 172.20.0.100 - - [09/Jun/2026:10:00:24 +0000] "GET /d1/595/AUTH_965784611b4942ca97c5d5124e699aa1/gnocchi.3ff312b1-7a7a-4a39-b9e2-a477f850cc24/1780920000.0_mean_300.0_v3" 404 70 "GET http://172.18.0.2:8080/v1/AUTH_965784611b4942ca97c5d5124e699aa1/gnocchi.3ff312b1-7a7a-4a39-b9e2-a477f850cc24/1780920000.0_mean_300.0_v3" "tx9767fc7dd96d4fa387fea-006a27e438" "proxy-server 20" 0.0007 "-" 23 0
Jun 9 10:00:24 standalone proxy-server[128538]: 172.18.0.2 172.18.0.100 09/Jun/2026/10/00/24 GET /v1/AUTH_965784611b4942ca97c5d5124e699aa1/gnocchi.3ff312b1-7a7a-4a39-b9e2-a477f850cc24/1780920000.0_mean_300.0_v3 HTTP/1.0 404 - python-swiftclient-3.11.1 gAAAAABqJ-M9MHvo... - 70 - tx9767fc7dd96d4fa387fea-006a27e438 - 0.0095 - - 1780999224.816067219 1780999224.825573921 0
Jun 9 10:00:24 standalone container-server[126527]: 172.20.0.100 - - [09/Jun/2026:10:00:24 +0000] "PUT /d1/987/AUTH_965784611b4942ca97c5d5124e699aa1/gnocchi.3ff312b1-7a7a-4a39-b9e2-a477f850cc24/1780920000.0_mean_300.0_v3" 201 - "PUT http://172.18.0.2:8080/d1/595/AUTH_965784611b4942ca97c5d5124e699aa1/gnocchi.3ff312b1-7a7a-4a39-b9e2-a477f850cc24/1780920000.0_mean_300.0_v3" "txcaa2122e0ce8429ba0f00-006a27e438" "object-server 25" 0.0009 "-" 20 0
Jun 9 10:00:24 standalone object-server[126681]: 172.20.0.100 - - [09/Jun/2026:10:00:24 +0000] "PUT /d1/595/AUTH_965784611b4942ca97c5d5124e699aa1/gnocchi.3ff312b1-7a7a-4a39-b9e2-a477f850cc24/1780920000.0_mean_300.0_v3" 201 - "PUT http://172.18.0.2:8080/v1/AUTH_965784611b4942ca97c5d5124e699aa1/gnocchi.3ff312b1-7a7a-4a39-b9e2-a477f850cc24/1780920000.0_mean_300.0_v3" "txcaa2122e0ce8429ba0f00-006a27e438" "proxy-server 20" 0.0180 "-" 25 0
Jun 9 10:00:24 standalone proxy-server[128538]: 172.18.0.2 172.18.0.100 09/Jun/2026/10/00/24 PUT /v1/AUTH_965784611b4942ca97c5d5124e699aa1/gnocchi.3ff312b1-7a7a-4a39-b9e2-a477f850cc24/1780920000.0_mean_300.0_v3 HTTP/1.0 201 - python-swiftclient-3.11.1 gAAAAABqJ-M9MHvo... 16 - - txcaa2122e0ce8429ba0f00-006a27e438 - 0.0283 - - 1780999224.829589605 1780999224.857905865 0
Jun 9 10:00:24 standalone container-server[126540]: 172.20.0.100 - - [09/Jun/2026:10:00:24 +0000] "PUT /d1/987/AUTH_965784611b4942ca97c5d5124e699aa1/gnocchi.3ff312b1-7a7a-4a39-b9e2-a477f850cc24/none_v3" 201 - "PUT http://172.18.0.2:8080/d1/208/AUTH_965784611b4942ca97c5d5124e699aa1/gnocchi.3ff312b1-7a7a-4a39-b9e2-a477f850cc24/none_v3" "txc75c4f688cd44622945ac-006a27e438" "object-server 23" 0.0009 "-" 23 0
Jun 9 10:00:24 standalone object-server[126656]: 172.20.0.100 - - [09/Jun/2026:10:00:24 +0000] "PUT /d1/208/AUTH_965784611b4942ca97c5d5124e699aa1/gnocchi.3ff312b1-7a7a-4a39-b9e2-a477f850cc24/none_v3" 201 - "PUT http://172.18.0.2:8080/v1/AUTH_965784611b4942ca97c5d5124e699aa1/gnocchi.3ff312b1-7a7a-4a39-b9e2-a477f850cc24/none_v3" "txc75c4f688cd44622945ac-006a27e438" "proxy-server 20" 0.0130 "-" 23 0
Jun 9 10:00:24 standalone proxy-server[128538]: 172.18.0.2 172.18.0.100 09/Jun/2026/10/00/24 PUT /v1/AUTH_965784611b4942ca97c5d5124e699aa1/gnocchi.3ff312b1-7a7a-4a39-b9e2-a477f850cc24/none_v3 HTTP/1.0 201 - python-swiftclient-3.11.1 gAAAAABqJ-M9MHvo... 22 - - txc75c4f688cd44622945ac-006a27e438 - 0.0230 - - 1780999224.863744259 1780999224.886717558 0
Jun 9 10:00:42 standalone container-server[126527]: 172.20.0.100 - - [09/Jun/2026:10:00:42 +0000] "HEAD /d1/472/AUTH_965784611b4942ca97c5d5124e699aa1/gnocchi.cb11d1e8-3310-4e79-8623-ffd4be62cfd0" 204 - "HEAD http://172.18.0.2:8080/v1/AUTH_965784611b4942ca97c5d5124e699aa1/gnocchi.cb11d1e8-3310-4e79-8623-ffd4be62cfd0?format=json&states=listing" "txd74296196e0c4a00be8df-006a27e44a" "proxy-server 20" 0.0119 "-" 20 0
Jun 9 10:00:42 standalone object-server[126646]: 172.20.0.100 - - [09/Jun/2026:10:00:42 +0000] "GET /d1/85/AUTH_965784611b4942ca97c5d5124e699aa1/gnocchi.cb11d1e8-3310-4e79-8623-ffd4be62cfd0/none_v3" 200 22 "GET http://172.18.0.2:8080/v1/AUTH_965784611b4942ca97c5d5124e699aa1/gnocchi.cb11d1e8-3310-4e79-8623-ffd4be62cfd0/none_v3" "txd74296196e0c4a00be8df-006a27e44a" "proxy-server 20" 0.0011 "-" 21 0
Jun 9 10:00:42 standalone proxy-server[128538]: 172.18.0.2 172.18.0.100 09/Jun/2026/10/00/42 GET /v1/AUTH_965784611b4942ca97c5d5124e699aa1/gnocchi.cb11d1e8-3310-4e79-8623-ffd4be62cfd0/none_v3 HTTP/1.0 200 - python-swiftclient-3.11.1 gAAAAABqJ-M9MHvo... - 22 - txd74296196e0c4a00be8df-006a27e44a - 0.0273 - - 1780999242.059693098 1780999242.087039709 0
Jun 9 10:00:42 standalone container-server[126536]: 172.20.0.100 - - [09/Jun/2026:10:00:42 +0000] "GET /d1/472/AUTH_965784611b4942ca97c5d5124e699aa1/gnocchi.cb11d1e8-3310-4e79-8623-ffd4be62cfd0" 200 357 "GET http://172.18.0.2:8080/v1/AUTH_965784611b4942ca97c5d5124e699aa1/gnocchi.cb11d1e8-3310-4e79-8623-ffd4be62cfd0?format=json&states=listing" "tx764177a2b0474a81bed66-006a27e44a" "proxy-server 20" 0.0024 "-" 21 0
Jun 9 10:00:42 standalone proxy-server[128538]: 172.18.0.2 172.18.0.100 09/Jun/2026/10/00/42 GET /v1/AUTH_965784611b4942ca97c5d5124e699aa1/gnocchi.cb11d1e8-3310-4e79-8623-ffd4be62cfd0%3Fformat%3Djson%26states%3Dlisting HTTP/1.0 200 - python-swiftclient-3.11.1 gAAAAABqJ-M9MHvo... - 357 - tx764177a2b0474a81bed66-006a27e44a - 0.0118 - - 1780999242.094078064 1780999242.105852842 0
Jun 9 10:00:42 standalone container-server[126537]: 172.20.0.100 - - [09/Jun/2026:10:00:42 +0000] "GET /d1/472/AUTH_965784611b4942ca97c5d5124e699aa1/gnocchi.cb11d1e8-3310-4e79-8623-ffd4be62cfd0" 200 2 "GET http://172.18.0.2:8080/v1/AUTH_965784611b4942ca97c5d5124e699aa1/gnocchi.cb11d1e8-3310-4e79-8623-ffd4be62cfd0?format=json&marker=none_v3&states=listing" "tx7500e1a79f1d478aa9faf-006a27e44a" "proxy-server 20" 0.0048 "-" 22 0
Jun 9 10:00:42 standalone proxy-server[128538]: 172.18.0.2 172.18.0.100 09/Jun/2026/10/00/42 GET /v1/AUTH_965784611b4942ca97c5d5124e699aa1/gnocchi.cb11d1e8-3310-4e79-8623-ffd4be62cfd0%3Fformat%3Djson%26marker%3Dnone_v3%26states%3Dlisting HTTP/1.0 200 - python-swiftclient-3.11.1 gAAAAABqJ-M9MHvo... - 2 - tx7500e1a79f1d478aa9faf-006a27e44a - 0.0168 - - 1780999242.110526800 1780999242.127374411 0
Jun 9 10:00:42 standalone object-server[126681]: 172.20.0.100 - - [09/Jun/2026:10:00:42 +0000] "GET /d1/957/AUTH_965784611b4942ca97c5d5124e699aa1/gnocchi.cb11d1e8-3310-4e79-8623-ffd4be62cfd0/1780920000.0_mean_300.0_v3" 200 16 "GET http://172.18.0.2:8080/v1/AUTH_965784611b4942ca97c5d5124e699aa1/gnocchi.cb11d1e8-3310-4e79-8623-ffd4be62cfd0/1780920000.0_mean_300.0_v3" "tx3b91e2a9c8cc4774bdbcc-006a27e44a" "proxy-server 20" 0.0012 "-" 25 0
Jun 9 10:00:42 standalone proxy-server[128538]: 172.18.0.2 172.18.0.100 09/Jun/2026/10/00/42 GET /v1/AUTH_965784611b4942ca97c5d5124e699aa1/gnocchi.cb11d1e8-3310-4e79-8623-ffd4be62cfd0/1780920000.0_mean_300.0_v3 HTTP/1.0 200 - python-swiftclient-3.11.1 gAAAAABqJ-M9MHvo... - 16 - tx3b91e2a9c8cc4774bdbcc-006a27e44a - 0.0133 - - 1780999242.134095907 1780999242.147411346 0
Jun 9 10:00:42 standalone container-server[126540]: 172.20.0.100 - - [09/Jun/2026:10:00:42 +0000] "PUT /d1/472/AUTH_965784611b4942ca97c5d5124e699aa1/gnocchi.cb11d1e8-3310-4e79-8623-ffd4be62cfd0/1780920000.0_mean_300.0_v3" 201 - "PUT http://172.18.0.2:8080/d1/957/AUTH_965784611b4942ca97c5d5124e699aa1/gnocchi.cb11d1e8-3310-4e79-8623-ffd4be62cfd0/1780920000.0_mean_300.0_v3" "tx7f45d0421b8d4c9b8bed3-006a27e44a" "object-server 25" 0.0008 "-" 23 0
Jun 9 10:00:42 standalone object-server[126681]: 172.20.0.100 - - [09/Jun/2026:10:00:42 +0000] "PUT /d1/957/AUTH_965784611b4942ca97c5d5124e699aa1/gnocchi.cb11d1e8-3310-4e79-8623-ffd4be62cfd0/1780920000.0_mean_300.0_v3" 201 - "PUT http://172.18.0.2:8080/v1/AUTH_965784611b4942ca97c5d5124e699aa1/gnocchi.cb11d1e8-3310-4e79-8623-ffd4be62cfd0/1780920000.0_mean_300.0_v3" "tx7f45d0421b8d4c9b8bed3-006a27e44a" "proxy-server 20" 0.0109 "-" 25 0
Jun 9 10:00:42 standalone proxy-server[128538]: 172.18.0.2 172.18.0.100 09/Jun/2026/10/00/42 PUT /v1/AUTH_965784611b4942ca97c5d5124e699aa1/gnocchi.cb11d1e8-3310-4e79-8623-ffd4be62cfd0/1780920000.0_mean_300.0_v3 HTTP/1.0 201 - python-swiftclient-3.11.1 gAAAAABqJ-M9MHvo... 23 - - tx7f45d0421b8d4c9b8bed3-006a27e44a - 0.0255 - - 1780999242.159160852 1780999242.184651375 0
Jun 9 10:00:42 standalone container-server[126536]: 172.20.0.100 - - [09/Jun/2026:10:00:42 +0000] "PUT /d1/472/AUTH_965784611b4942ca97c5d5124e699aa1/gnocchi.cb11d1e8-3310-4e79-8623-ffd4be62cfd0/none_v3" 201 - "PUT http://172.18.0.2:8080/d1/85/AUTH_965784611b4942ca97c5d5124e699aa1/gnocchi.cb11d1e8-3310-4e79-8623-ffd4be62cfd0/none_v3" "tx917e0625a5f7434faf732-006a27e44a" "object-server 23" 0.0004 "-" 21 0
Jun 9 10:00:42 standalone object-server[126656]: 172.20.0.100 - - [09/Jun/2026:10:00:42 +0000] "PUT /d1/85/AUTH_965784611b4942ca97c5d5124e699aa1/gnocchi.cb11d1e8-3310-4e79-8623-ffd4be62cfd0/none_v3" 201 - "PUT http://172.18.0.2:8080/v1/AUTH_965784611b4942ca97c5d5124e699aa1/gnocchi.cb11d1e8-3310-4e79-8623-ffd4be62cfd0/none_v3" "tx917e0625a5f7434faf732-006a27e44a" "proxy-server 20" 0.0089 "-" 23 0
Jun 9 10:00:42 standalone proxy-server[128538]: 172.18.0.2 172.18.0.100 09/Jun/2026/10/00/42 PUT /v1/AUTH_965784611b4942ca97c5d5124e699aa1/gnocchi.cb11d1e8-3310-4e79-8623-ffd4be62cfd0/none_v3 HTTP/1.0 201 - python-swiftclient-3.11.1 gAAAAABqJ-M9MHvo... 22 - - tx917e0625a5f7434faf732-006a27e44a - 0.0157 - - 1780999242.188888073 1780999242.204588890 0
Jun 9 10:00:42 standalone container-server[126540]: 172.20.0.100 - - [09/Jun/2026:10:00:42 +0000] "HEAD /d1/730/AUTH_965784611b4942ca97c5d5124e699aa1/gnocchi.c08499e7-e2a7-479f-9f7e-44d5b9d957c2" 204 - "HEAD http://172.18.0.2:8080/v1/AUTH_965784611b4942ca97c5d5124e699aa1/gnocchi.c08499e7-e2a7-479f-9f7e-44d5b9d957c2?format=json&states=listing" "tx7bdbf4afa64647f29389d-006a27e44a" "proxy-server 20" 0.0055 "-" 23 0
Jun 9 10:00:42 standalone object-server[126681]: 172.20.0.100 - - [09/Jun/2026:10:00:42 +0000] "GET /d1/37/AUTH_965784611b4942ca97c5d5124e699aa1/gnocchi.c08499e7-e2a7-479f-9f7e-44d5b9d957c2/none_v3" 200 22 "GET http://172.18.0.2:8080/v1/AUTH_965784611b4942ca97c5d5124e699aa1/gnocchi.c08499e7-e2a7-479f-9f7e-44d5b9d957c2/none_v3" "tx7bdbf4afa64647f29389d-006a27e44a" "proxy-server 20" 0.0006 "-" 25 0
Jun 9 10:00:42 standalone proxy-server[128538]: 172.18.0.2 172.18.0.100 09/Jun/2026/10/00/42 GET /v1/AUTH_965784611b4942ca97c5d5124e699aa1/gnocchi.c08499e7-e2a7-479f-9f7e-44d5b9d957c2/none_v3 HTTP/1.0 200 - python-swiftclient-3.11.1 gAAAAABqJ-M9MHvo... - 22 - tx7bdbf4afa64647f29389d-006a27e44a - 0.0144 - - 1780999242.214304209 1780999242.228736162 0
Jun 9 10:00:42 standalone container-server[126537]: 172.20.0.100 - - [09/Jun/2026:10:00:42 +0000] "GET /d1/730/AUTH_965784611b4942ca97c5d5124e699aa1/gnocchi.c08499e7-e2a7-479f-9f7e-44d5b9d957c2" 200 357 "GET http://172.18.0.2:8080/v1/AUTH_965784611b4942ca97c5d5124e699aa1/gnocchi.c08499e7-e2a7-479f-9f7e-44d5b9d957c2?format=json&states=listing" "txf69e18b875524f438fd4b-006a27e44a" "proxy-server 20" 0.0019 "-" 22 0
Jun 9 10:00:42 standalone proxy-server[128538]: 172.18.0.2 172.18.0.100 09/Jun/2026/10/00/42 GET /v1/AUTH_965784611b4942ca97c5d5124e699aa1/gnocchi.c08499e7-e2a7-479f-9f7e-44d5b9d957c2%3Fformat%3Djson%26states%3Dlisting HTTP/1.0 200 - python-swiftclient-3.11.1 gAAAAABqJ-M9MHvo... - 357 - txf69e18b875524f438fd4b-006a27e44a - 0.0071 - - 1780999242.231637955 1780999242.238725424 0
Jun 9 10:00:42 standalone container-server[126536]: 172.20.0.100 - - [09/Jun/2026:10:00:42 +0000] "GET /d1/730/AUTH_965784611b4942ca97c5d5124e699aa1/gnocchi.c08499e7-e2a7-479f-9f7e-44d5b9d957c2" 200 2 "GET http://172.18.0.2:8080/v1/AUTH_965784611b4942ca97c5d5124e699aa1/gnocchi.c08499e7-e2a7-479f-9f7e-44d5b9d957c2?format=json&marker=none_v3&states=listing" "tx8f0faeb513aa4431be972-006a27e44a" "proxy-server 20" 0.0018 "-" 21 0
Jun 9 10:00:42 standalone proxy-server[128538]: 172.18.0.2 172.18.0.100 09/Jun/2026/10/00/42 GET /v1/AUTH_965784611b4942ca97c5d5124e699aa1/gnocchi.c08499e7-e2a7-479f-9f7e-44d5b9d957c2%3Fformat%3Djson%26marker%3Dnone_v3%26states%3Dlisting HTTP/1.0 200 - python-swiftclient-3.11.1 gAAAAABqJ-M9MHvo... - 2 - tx8f0faeb513aa4431be972-006a27e44a - 0.0067 - - 1780999242.241041183 1780999242.247737885 0
Jun 9 10:00:42 standalone object-server[126646]: 172.20.0.100 - - [09/Jun/2026:10:00:42 +0000] "GET /d1/786/AUTH_965784611b4942ca97c5d5124e699aa1/gnocchi.c08499e7-e2a7-479f-9f7e-44d5b9d957c2/1780920000.0_mean_300.0_v3" 200 16 "GET http://172.18.0.2:8080/v1/AUTH_965784611b4942ca97c5d5124e699aa1/gnocchi.c08499e7-e2a7-479f-9f7e-44d5b9d957c2/1780920000.0_mean_300.0_v3" "txe10c619855f743079e957-006a27e44a" "proxy-server 20" 0.0006 "-" 21 0
Jun 9 10:00:42 standalone proxy-server[128538]: 172.18.0.2 172.18.0.100 09/Jun/2026/10/00/42 GET /v1/AUTH_965784611b4942ca97c5d5124e699aa1/gnocchi.c08499e7-e2a7-479f-9f7e-44d5b9d957c2/1780920000.0_mean_300.0_v3 HTTP/1.0 200 - python-swiftclient-3.11.1 gAAAAABqJ-M9MHvo... - 16 - txe10c619855f743079e957-006a27e44a - 0.0053 - - 1780999242.250699759 1780999242.255989552 0
Jun 9 10:00:42 standalone container-server[126527]: 172.20.0.100 - - [09/Jun/2026:10:00:42 +0000] "PUT /d1/730/AUTH_965784611b4942ca97c5d5124e699aa1/gnocchi.c08499e7-e2a7-479f-9f7e-44d5b9d957c2/1780920000.0_mean_300.0_v3" 201 - "PUT http://172.18.0.2:8080/d1/786/AUTH_965784611b4942ca97c5d5124e699aa1/gnocchi.c08499e7-e2a7-479f-9f7e-44d5b9d957c2/1780920000.0_mean_300.0_v3" "tx30d38ea81eb94b6d94d6b-006a27e44a" "object-server 21" 0.0007 "-" 20 0
Jun 9 10:00:42 standalone object-server[126646]: 172.20.0.100 - - [09/Jun/2026:10:00:42 +0000] "PUT /d1/786/AUTH_965784611b4942ca97c5d5124e699aa1/gnocchi.c08499e7-e2a7-479f-9f7e-44d5b9d957c2/1780920000.0_mean_300.0_v3" 201 - "PUT http://172.18.0.2:8080/v1/AUTH_965784611b4942ca97c5d5124e699aa1/gnocchi.c08499e7-e2a7-479f-9f7e-44d5b9d957c2/1780920000.0_mean_300.0_v3" "tx30d38ea81eb94b6d94d6b-006a27e44a" "proxy-server 20" 0.0103 "-" 21 0
Jun 9 10:00:42 standalone proxy-server[128538]: 172.18.0.2 172.18.0.100 09/Jun/2026/10/00/42 PUT /v1/AUTH_965784611b4942ca97c5d5124e699aa1/gnocchi.c08499e7-e2a7-479f-9f7e-44d5b9d957c2/1780920000.0_mean_300.0_v3 HTTP/1.0 201 - python-swiftclient-3.11.1 gAAAAABqJ-M9MHvo... 23 - - tx30d38ea81eb94b6d94d6b-006a27e44a - 0.0204 - - 1780999242.258433819 1780999242.278802633 0
Jun 9 10:00:42 standalone container-server[126537]: 172.20.0.100 - - [09/Jun/2026:10:00:42 +0000] "PUT /d1/730/AUTH_965784611b4942ca97c5d5124e699aa1/gnocchi.c08499e7-e2a7-479f-9f7e-44d5b9d957c2/none_v3" 201 - "PUT http://172.18.0.2:8080/d1/37/AUTH_965784611b4942ca97c5d5124e699aa1/gnocchi.c08499e7-e2a7-479f-9f7e-44d5b9d957c2/none_v3" "tx8e116c95934b4536b9779-006a27e44a" "object-server 23" 0.0004 "-" 22 0
Jun 9 10:00:42 standalone object-server[126656]: 172.20.0.100 - - [09/Jun/2026:10:00:42 +0000] "PUT /d1/37/AUTH_965784611b4942ca97c5d5124e699aa1/gnocchi.c08499e7-e2a7-479f-9f7e-44d5b9d957c2/none_v3" 201 - "PUT http://172.18.0.2:8080/v1/AUTH_965784611b4942ca97c5d5124e699aa1/gnocchi.c08499e7-e2a7-479f-9f7e-44d5b9d957c2/none_v3" "tx8e116c95934b4536b9779-006a27e44a" "proxy-server 20" 0.0117 "-" 23 0
Jun 9 10:00:42 standalone proxy-server[128538]: 172.18.0.2 172.18.0.100 09/Jun/2026/10/00/42 PUT /v1/AUTH_965784611b4942ca97c5d5124e699aa1/gnocchi.c08499e7-e2a7-479f-9f7e-44d5b9d957c2/none_v3 HTTP/1.0 201 - python-swiftclient-3.11.1 gAAAAABqJ-M9MHvo... 22 - - tx8e116c95934b4536b9779-006a27e44a - 0.0168 - - 1780999242.284147263 1780999242.300988674 0
Jun 9 10:00:42 standalone container-server[126536]: 172.20.0.100 - - [09/Jun/2026:10:00:42 +0000] "HEAD /d1/1013/AUTH_965784611b4942ca97c5d5124e699aa1/gnocchi.5365dfea-e290-4345-8f66-c93fabfa8391" 204 - "HEAD http://172.18.0.2:8080/v1/AUTH_965784611b4942ca97c5d5124e699aa1/gnocchi.5365dfea-e290-4345-8f66-c93fabfa8391?format=json&states=listing" "tx49a28a89a1e74d7e8fd82-006a27e44a" "proxy-server 20" 0.0072 "-" 21 0
Jun 9 10:00:42 standalone object-server[126656]: 172.20.0.100 - - [09/Jun/2026:10:00:42 +0000] "GET /d1/142/AUTH_965784611b4942ca97c5d5124e699aa1/gnocchi.5365dfea-e290-4345-8f66-c93fabfa8391/none_v3" 200 22 "GET http://172.18.0.2:8080/v1/AUTH_965784611b4942ca97c5d5124e699aa1/gnocchi.5365dfea-e290-4345-8f66-c93fabfa8391/none_v3" "tx49a28a89a1e74d7e8fd82-006a27e44a" "proxy-server 20" 0.0006 "-" 23 0
Jun 9 10:00:42 standalone proxy-server[128538]: 172.18.0.2 172.18.0.100 09/Jun/2026/10/00/42 GET /v1/AUTH_965784611b4942ca97c5d5124e699aa1/gnocchi.5365dfea-e290-4345-8f66-c93fabfa8391/none_v3 HTTP/1.0 200 - python-swiftclient-3.11.1 gAAAAABqJ-M9MHvo... - 22 - tx49a28a89a1e74d7e8fd82-006a27e44a - 0.0176 - - 1780999242.319678545 1780999242.337275028 0
Jun 9 10:00:42 standalone container-server[126536]: 172.20.0.100 - - [09/Jun/2026:10:00:42 +0000] "GET /d1/1013/AUTH_965784611b4942ca97c5d5124e699aa1/gnocchi.5365dfea-e290-4345-8f66-c93fabfa8391" 200 357 "GET http://172.18.0.2:8080/v1/AUTH_965784611b4942ca97c5d5124e699aa1/gnocchi.5365dfea-e290-4345-8f66-c93fabfa8391?format=json&states=listing" "txbab3df8b81b2456897cdd-006a27e44a" "proxy-server 20" 0.0022 "-" 21 0
Jun 9 10:00:42 standalone proxy-server[128538]: 172.18.0.2 172.18.0.100 09/Jun/2026/10/00/42 GET /v1/AUTH_965784611b4942ca97c5d5124e699aa1/gnocchi.5365dfea-e290-4345-8f66-c93fabfa8391%3Fformat%3Djson%26states%3Dlisting HTTP/1.0 200 - python-swiftclient-3.11.1 gAAAAABqJ-M9MHvo... - 357 - txbab3df8b81b2456897cdd-006a27e44a - 0.0083 - - 1780999242.340839148 1780999242.349110603 0
Jun 9 10:00:42 standalone container-server[126527]: 172.20.0.100 - - [09/Jun/2026:10:00:42 +0000] "GET /d1/1013/AUTH_965784611b4942ca97c5d5124e699aa1/gnocchi.5365dfea-e290-4345-8f66-c93fabfa8391" 200 2 "GET http://172.18.0.2:8080/v1/AUTH_965784611b4942ca97c5d5124e699aa1/gnocchi.5365dfea-e290-4345-8f66-c93fabfa8391?format=json&marker=none_v3&states=listing" "tx67f140c54c6f4ffb8ec82-006a27e44a" "proxy-server 20" 0.0025 "-" 20 0
Jun 9 10:00:42 standalone proxy-server[128538]: 172.18.0.2 172.18.0.100 09/Jun/2026/10/00/42 GET /v1/AUTH_965784611b4942ca97c5d5124e699aa1/gnocchi.5365dfea-e290-4345-8f66-c93fabfa8391%3Fformat%3Djson%26marker%3Dnone_v3%26states%3Dlisting HTTP/1.0 200 - python-swiftclient-3.11.1 gAAAAABqJ-M9MHvo... - 2 - tx67f140c54c6f4ffb8ec82-006a27e44a - 0.0071 - - 1780999242.351233721 1780999242.358331919 0
Jun 9 10:00:42 standalone object-server[126646]: 172.20.0.100 - - [09/Jun/2026:10:00:42 +0000] "GET /d1/168/AUTH_965784611b4942ca97c5d5124e699aa1/gnocchi.5365dfea-e290-4345-8f66-c93fabfa8391/1780920000.0_mean_300.0_v3" 200 16 "GET http://172.18.0.2:8080/v1/AUTH_965784611b4942ca97c5d5124e699aa1/gnocchi.5365dfea-e290-4345-8f66-c93fabfa8391/1780920000.0_mean_300.0_v3" "tx925a17abd02f4242a80cd-006a27e44a" "proxy-server 20" 0.0006 "-" 21 0
Jun 9 10:00:42 standalone proxy-server[128538]: 172.18.0.2 172.18.0.100 09/Jun/2026/10/00/42 GET /v1/AUTH_965784611b4942ca97c5d5124e699aa1/gnocchi.5365dfea-e290-4345-8f66-c93fabfa8391/1780920000.0_mean_300.0_v3 HTTP/1.0 200 - python-swiftclient-3.11.1 gAAAAABqJ-M9MHvo... - 16 - tx925a17abd02f4242a80cd-006a27e44a - 0.0046 - - 1780999242.361670732 1780999242.366265535 0
Jun 9 10:00:42 standalone container-server[126527]: 172.20.0.100 - - [09/Jun/2026:10:00:42 +0000] "PUT /d1/1013/AUTH_965784611b4942ca97c5d5124e699aa1/gnocchi.5365dfea-e290-4345-8f66-c93fabfa8391/1780920000.0_mean_300.0_v3" 201 - "PUT http://172.18.0.2:8080/d1/168/AUTH_965784611b4942ca97c5d5124e699aa1/gnocchi.5365dfea-e290-4345-8f66-c93fabfa8391/1780920000.0_mean_300.0_v3" "tx665d0ffef1054fa4b761f-006a27e44a" "object-server 21" 0.0006 "-" 20 0
Jun 9 10:00:42 standalone object-server[126646]: 172.20.0.100 - - [09/Jun/2026:10:00:42 +0000] "PUT /d1/168/AUTH_965784611b4942ca97c5d5124e699aa1/gnocchi.5365dfea-e290-4345-8f66-c93fabfa8391/1780920000.0_mean_300.0_v3" 201 - "PUT http://172.18.0.2:8080/v1/AUTH_965784611b4942ca97c5d5124e699aa1/gnocchi.5365dfea-e290-4345-8f66-c93fabfa8391/1780920000.0_mean_300.0_v3" "tx665d0ffef1054fa4b761f-006a27e44a" "proxy-server 20" 0.0088 "-" 21 0
Jun 9 10:00:42 standalone proxy-server[128538]: 172.18.0.2 172.18.0.100 09/Jun/2026/10/00/42 PUT /v1/AUTH_965784611b4942ca97c5d5124e699aa1/gnocchi.5365dfea-e290-4345-8f66-c93fabfa8391/1780920000.0_mean_300.0_v3 HTTP/1.0 201 - python-swiftclient-3.11.1 gAAAAABqJ-M9MHvo... 23 - - tx665d0ffef1054fa4b761f-006a27e44a - 0.0152 - - 1780999242.369222164 1780999242.384377718 0
Jun 9 10:00:42 standalone container-server[126527]: 172.20.0.100 - - [09/Jun/2026:10:00:42 +0000] "PUT /d1/1013/AUTH_965784611b4942ca97c5d5124e699aa1/gnocchi.5365dfea-e290-4345-8f66-c93fabfa8391/none_v3" 201 - "PUT http://172.18.0.2:8080/d1/142/AUTH_965784611b4942ca97c5d5124e699aa1/gnocchi.5365dfea-e290-4345-8f66-c93fabfa8391/none_v3" "tx21738cd40408436cb0658-006a27e44a" "object-server 25" 0.0005 "-" 20 0
Jun 9 10:00:42 standalone object-server[126681]: 172.20.0.100 - - [09/Jun/2026:10:00:42 +0000] "PUT /d1/142/AUTH_965784611b4942ca97c5d5124e699aa1/gnocchi.5365dfea-e290-4345-8f66-c93fabfa8391/none_v3" 201 - "PUT http://172.18.0.2:8080/v1/AUTH_965784611b4942ca97c5d5124e699aa1/gnocchi.5365dfea-e290-4345-8f66-c93fabfa8391/none_v3" "tx21738cd40408436cb0658-006a27e44a" "proxy-server 20" 0.0112 "-" 25 0
Jun 9 10:00:42 standalone proxy-server[128538]: 172.18.0.2 172.18.0.100 09/Jun/2026/10/00/42 PUT /v1/AUTH_965784611b4942ca97c5d5124e699aa1/gnocchi.5365dfea-e290-4345-8f66-c93fabfa8391/none_v3 HTTP/1.0 201 - python-swiftclient-3.11.1 gAAAAABqJ-M9MHvo... 22 - - tx21738cd40408436cb0658-006a27e44a - 0.0159 - - 1780999242.387547255 1780999242.403431177 0
Jun 9 10:00:42 standalone container-server[126537]: 172.20.0.100 - - [09/Jun/2026:10:00:42 +0000] "HEAD /d1/303/AUTH_965784611b4942ca97c5d5124e699aa1/gnocchi.60dda4f8-90cf-4403-984d-84b552250c29" 204 - "HEAD http://172.18.0.2:8080/v1/AUTH_965784611b4942ca97c5d5124e699aa1/gnocchi.60dda4f8-90cf-4403-984d-84b552250c29?format=json&states=listing" "tx8f8018f4111947e399153-006a27e44a" "proxy-server 20" 0.0051 "-" 22 0
Jun 9 10:00:42 standalone object-server[126681]: 172.20.0.100 - - [09/Jun/2026:10:00:42 +0000] "GET /d1/575/AUTH_965784611b4942ca97c5d5124e699aa1/gnocchi.60dda4f8-90cf-4403-984d-84b552250c29/none_v3" 200 22 "GET http://172.18.0.2:8080/v1/AUTH_965784611b4942ca97c5d5124e699aa1/gnocchi.60dda4f8-90cf-4403-984d-84b552250c29/none_v3" "tx8f8018f4111947e399153-006a27e44a" "proxy-server 20" 0.0007 "-" 25 0
Jun 9 10:00:42 standalone proxy-server[128538]: 172.18.0.2 172.18.0.100 09/Jun/2026/10/00/42 GET /v1/AUTH_965784611b4942ca97c5d5124e699aa1/gnocchi.60dda4f8-90cf-4403-984d-84b552250c29/none_v3 HTTP/1.0 200 - python-swiftclient-3.11.1 gAAAAABqJ-M9MHvo... - 22 - tx8f8018f4111947e399153-006a27e44a - 0.0137 - - 1780999242.413390875 1780999242.427062988 0
Jun 9 10:00:42 standalone container-server[126537]: 172.20.0.100 - - [09/Jun/2026:10:00:42 +0000] "GET /d1/303/AUTH_965784611b4942ca97c5d5124e699aa1/gnocchi.60dda4f8-90cf-4403-984d-84b552250c29" 200 357 "GET http://172.18.0.2:8080/v1/AUTH_965784611b4942ca97c5d5124e699aa1/gnocchi.60dda4f8-90cf-4403-984d-84b552250c29?format=json&states=listing" "tx51483793d86b4c0fbde53-006a27e44a" "proxy-server 20" 0.0022 "-" 22 0
Jun 9 10:00:42 standalone proxy-server[128538]: 172.18.0.2 172.18.0.100 09/Jun/2026/10/00/42 GET /v1/AUTH_965784611b4942ca97c5d5124e699aa1/gnocchi.60dda4f8-90cf-4403-984d-84b552250c29%3Fformat%3Djson%26states%3Dlisting HTTP/1.0 200 - python-swiftclient-3.11.1 gAAAAABqJ-M9MHvo... - 357 - tx51483793d86b4c0fbde53-006a27e44a - 0.0134 - - 1780999242.429443359 1780999242.442883015 0
Jun 9 10:00:42 standalone container-server[126527]: 172.20.0.100 - - [09/Jun/2026:10:00:42 +0000] "GET /d1/303/AUTH_965784611b4942ca97c5d5124e699aa1/gnocchi.60dda4f8-90cf-4403-984d-84b552250c29" 200 2 "GET http://172.18.0.2:8080/v1/AUTH_965784611b4942ca97c5d5124e699aa1/gnocchi.60dda4f8-90cf-4403-984d-84b552250c29?format=json&marker=none_v3&states=listing" "txca1634f5f7a94904a74d2-006a27e44a" "proxy-server 20" 0.0026 "-" 20 0
Jun 9 10:00:42 standalone proxy-server[128538]: 172.18.0.2 172.18.0.100 09/Jun/2026/10/00/42 GET /v1/AUTH_965784611b4942ca97c5d5124e699aa1/gnocchi.60dda4f8-90cf-4403-984d-84b552250c29%3Fformat%3Djson%26marker%3Dnone_v3%26states%3Dlisting HTTP/1.0 200 - python-swiftclient-3.11.1 gAAAAABqJ-M9MHvo... - 2 - txca1634f5f7a94904a74d2-006a27e44a - 0.0070 - - 1780999242.445213556 1780999242.452217817 0
Jun 9 10:00:42 standalone object-server[126681]: 172.20.0.100 - - [09/Jun/2026:10:00:42 +0000] "GET /d1/119/AUTH_965784611b4942ca97c5d5124e699aa1/gnocchi.60dda4f8-90cf-4403-984d-84b552250c29/1780920000.0_mean_300.0_v3" 200 16 "GET http://172.18.0.2:8080/v1/AUTH_965784611b4942ca97c5d5124e699aa1/gnocchi.60dda4f8-90cf-4403-984d-84b552250c29/1780920000.0_mean_300.0_v3" "txe438c5554f9542af910be-006a27e44a" "proxy-server 20" 0.0006 "-" 25 0
Jun 9 10:00:42 standalone proxy-server[128538]: 172.18.0.2 172.18.0.100 09/Jun/2026/10/00/42 GET /v1/AUTH_965784611b4942ca97c5d5124e699aa1/gnocchi.60dda4f8-90cf-4403-984d-84b552250c29/1780920000.0_mean_300.0_v3 HTTP/1.0 200 - python-swiftclient-3.11.1 gAAAAABqJ-M9MHvo... - 16 - txe438c5554f9542af910be-006a27e44a - 0.0048 - - 1780999242.454366446 1780999242.459178925 0
Jun 9 10:00:42 standalone container-server[126527]: 172.20.0.100 - - [09/Jun/2026:10:00:42 +0000] "PUT /d1/303/AUTH_965784611b4942ca97c5d5124e699aa1/gnocchi.60dda4f8-90cf-4403-984d-84b552250c29/1780920000.0_mean_300.0_v3" 201 - "PUT http://172.18.0.2:8080/d1/119/AUTH_965784611b4942ca97c5d5124e699aa1/gnocchi.60dda4f8-90cf-4403-984d-84b552250c29/1780920000.0_mean_300.0_v3" "tx84ba5a6f62d14ead96085-006a27e44a" "object-server 21" 0.0005 "-" 20 0
Jun 9 10:00:42 standalone object-server[126646]: 172.20.0.100 - - [09/Jun/2026:10:00:42 +0000] "PUT /d1/119/AUTH_965784611b4942ca97c5d5124e699aa1/gnocchi.60dda4f8-90cf-4403-984d-84b552250c29/1780920000.0_mean_300.0_v3" 201 - "PUT http://172.18.0.2:8080/v1/AUTH_965784611b4942ca97c5d5124e699aa1/gnocchi.60dda4f8-90cf-4403-984d-84b552250c29/1780920000.0_mean_300.0_v3" "tx84ba5a6f62d14ead96085-006a27e44a" "proxy-server 20" 0.0070 "-" 21 0
Jun 9 10:00:42 standalone proxy-server[128538]: 172.18.0.2 172.18.0.100 09/Jun/2026/10/00/42 PUT /v1/AUTH_965784611b4942ca97c5d5124e699aa1/gnocchi.60dda4f8-90cf-4403-984d-84b552250c29/1780920000.0_mean_300.0_v3 HTTP/1.0 201 - python-swiftclient-3.11.1 gAAAAABqJ-M9MHvo... 23 - - tx84ba5a6f62d14ead96085-006a27e44a - 0.0114 - - 1780999242.460982561 1780999242.472428560 0
Jun 9 10:00:42 standalone container-server[126537]: 172.20.0.100 - - [09/Jun/2026:10:00:42 +0000] "PUT /d1/303/AUTH_965784611b4942ca97c5d5124e699aa1/gnocchi.60dda4f8-90cf-4403-984d-84b552250c29/none_v3" 201 - "PUT http://172.18.0.2:8080/d1/575/AUTH_965784611b4942ca97c5d5124e699aa1/gnocchi.60dda4f8-90cf-4403-984d-84b552250c29/none_v3" "tx1fbf6cfce7f2450eb0dd3-006a27e44a" "object-server 23" 0.0006 "-" 22 0
Jun 9 10:00:42 standalone object-server[126656]: 172.20.0.100 - - [09/Jun/2026:10:00:42 +0000] "PUT /d1/575/AUTH_965784611b4942ca97c5d5124e699aa1/gnocchi.60dda4f8-90cf-4403-984d-84b552250c29/none_v3" 201 - "PUT http://172.18.0.2:8080/v1/AUTH_965784611b4942ca97c5d5124e699aa1/gnocchi.60dda4f8-90cf-4403-984d-84b552250c29/none_v3" "tx1fbf6cfce7f2450eb0dd3-006a27e44a" "proxy-server 20" 0.0103 "-" 23 0
Jun 9 10:00:42 standalone proxy-server[128538]: 172.18.0.2 172.18.0.100 09/Jun/2026/10/00/42 PUT /v1/AUTH_965784611b4942ca97c5d5124e699aa1/gnocchi.60dda4f8-90cf-4403-984d-84b552250c29/none_v3 HTTP/1.0 201 - python-swiftclient-3.11.1 gAAAAABqJ-M9MHvo... 22 - - tx1fbf6cfce7f2450eb0dd3-006a27e44a - 0.0186 - - 1780999242.474346638 1780999242.492952347 0
Jun 9 10:00:42 standalone container-server[126540]: 172.20.0.100 - - [09/Jun/2026:10:00:42 +0000] "HEAD /d1/579/AUTH_965784611b4942ca97c5d5124e699aa1/gnocchi.b7ec6ed7-ab44-4b75-bfa8-928e011c9bf9" 204 - "HEAD http://172.18.0.2:8080/v1/AUTH_965784611b4942ca97c5d5124e699aa1/gnocchi.b7ec6ed7-ab44-4b75-bfa8-928e011c9bf9?format=json&states=listing" "tx376b94cfb64248bab4363-006a27e44a" "proxy-server 20" 0.0097 "-" 23 0
Jun 9 10:00:42 standalone object-server[126656]: 172.20.0.100 - - [09/Jun/2026:10:00:42 +0000] "GET /d1/294/AUTH_965784611b4942ca97c5d5124e699aa1/gnocchi.b7ec6ed7-ab44-4b75-bfa8-928e011c9bf9/none_v3" 200 32 "GET http://172.18.0.2:8080/v1/AUTH_965784611b4942ca97c5d5124e699aa1/gnocchi.b7ec6ed7-ab44-4b75-bfa8-928e011c9bf9/none_v3" "tx376b94cfb64248bab4363-006a27e44a" "proxy-server 20" 0.0008 "-" 23 0
Jun 9 10:00:42 standalone proxy-server[128538]: 172.18.0.2 172.18.0.100 09/Jun/2026/10/00/42 GET /v1/AUTH_965784611b4942ca97c5d5124e699aa1/gnocchi.b7ec6ed7-ab44-4b75-bfa8-928e011c9bf9/none_v3 HTTP/1.0 200 - python-swiftclient-3.11.1 gAAAAABqJ-M9MHvo... - 32 - tx376b94cfb64248bab4363-006a27e44a - 0.0192 - - 1780999242.505258322 1780999242.524474859 0
Jun 9 10:00:42 standalone container-server[126536]: 172.20.0.100 - - [09/Jun/2026:10:00:42 +0000] "GET /d1/579/AUTH_965784611b4942ca97c5d5124e699aa1/gnocchi.b7ec6ed7-ab44-4b75-bfa8-928e011c9bf9" 200 357 "GET http://172.18.0.2:8080/v1/AUTH_965784611b4942ca97c5d5124e699aa1/gnocchi.b7ec6ed7-ab44-4b75-bfa8-928e011c9bf9?format=json&states=listing" "tx5f3ef41529b6496b8b57b-006a27e44a" "proxy-server 20" 0.0024 "-" 21 0
Jun 9 10:00:42 standalone proxy-server[128538]: 172.18.0.2 172.18.0.100 09/Jun/2026/10/00/42 GET /v1/AUTH_965784611b4942ca97c5d5124e699aa1/gnocchi.b7ec6ed7-ab44-4b75-bfa8-928e011c9bf9%3Fformat%3Djson%26states%3Dlisting HTTP/1.0 200 - python-swiftclient-3.11.1 gAAAAABqJ-M9MHvo... - 357 - tx5f3ef41529b6496b8b57b-006a27e44a - 0.0100 - - 1780999242.530766487 1780999242.540774584 0
Jun 9 10:00:42 standalone container-server[126536]: 172.20.0.100 - - [09/Jun/2026:10:00:42 +0000] "GET /d1/579/AUTH_965784611b4942ca97c5d5124e699aa1/gnocchi.b7ec6ed7-ab44-4b75-bfa8-928e011c9bf9" 200 2 "GET http://172.18.0.2:8080/v1/AUTH_965784611b4942ca97c5d5124e699aa1/gnocchi.b7ec6ed7-ab44-4b75-bfa8-928e011c9bf9?format=json&marker=none_v3&states=listing" "tx2a3c724953d948d59b395-006a27e44a" "proxy-server 20" 0.0018 "-" 21 0
Jun 9 10:00:42 standalone proxy-server[128538]: 172.18.0.2 172.18.0.100 09/Jun/2026/10/00/42 GET /v1/AUTH_965784611b4942ca97c5d5124e699aa1/gnocchi.b7ec6ed7-ab44-4b75-bfa8-928e011c9bf9%3Fformat%3Djson%26marker%3Dnone_v3%26states%3Dlisting HTTP/1.0 200 - python-swiftclient-3.11.1 gAAAAABqJ-M9MHvo... - 2 - tx2a3c724953d948d59b395-006a27e44a - 0.0106 - - 1780999242.546702385 1780999242.557333708 0
Jun 9 10:00:42 standalone object-server[126646]: 172.20.0.100 - - [09/Jun/2026:10:00:42 +0000] "GET /d1/187/AUTH_965784611b4942ca97c5d5124e699aa1/gnocchi.b7ec6ed7-ab44-4b75-bfa8-928e011c9bf9/1780920000.0_mean_300.0_v3" 200 16 "GET http://172.18.0.2:8080/v1/AUTH_965784611b4942ca97c5d5124e699aa1/gnocchi.b7ec6ed7-ab44-4b75-bfa8-928e011c9bf9/1780920000.0_mean_300.0_v3" "tx7c47d6af5c5740a78bcfd-006a27e44a" "proxy-server 20" 0.0007 "-" 21 0
Jun 9 10:00:42 standalone proxy-server[128538]: 172.18.0.2 172.18.0.100 09/Jun/2026/10/00/42 GET /v1/AUTH_965784611b4942ca97c5d5124e699aa1/gnocchi.b7ec6ed7-ab44-4b75-bfa8-928e011c9bf9/1780920000.0_mean_300.0_v3 HTTP/1.0 200 - python-swiftclient-3.11.1 gAAAAABqJ-M9MHvo... - 16 - tx7c47d6af5c5740a78bcfd-006a27e44a - 0.0087 - - 1780999242.567275763 1780999242.576016188 0
Jun 9 10:00:42 standalone container-server[126537]: 172.20.0.100 - - [09/Jun/2026:10:00:42 +0000] "PUT /d1/579/AUTH_965784611b4942ca97c5d5124e699aa1/gnocchi.b7ec6ed7-ab44-4b75-bfa8-928e011c9bf9/1780920000.0_mean_300.0_v3" 201 - "PUT http://172.18.0.2:8080/d1/187/AUTH_965784611b4942ca97c5d5124e699aa1/gnocchi.b7ec6ed7-ab44-4b75-bfa8-928e011c9bf9/1780920000.0_mean_300.0_v3" "txcd7e5f615a4e4fab99416-006a27e44a" "object-server 25" 0.0021 "-" 22 0
Jun 9 10:00:42 standalone object-server[126681]: 172.20.0.100 - - [09/Jun/2026:10:00:42 +0000] "PUT /d1/187/AUTH_965784611b4942ca97c5d5124e699aa1/gnocchi.b7ec6ed7-ab44-4b75-bfa8-928e011c9bf9/1780920000.0_mean_300.0_v3" 201 - "PUT http://172.18.0.2:8080/v1/AUTH_965784611b4942ca97c5d5124e699aa1/gnocchi.b7ec6ed7-ab44-4b75-bfa8-928e011c9bf9/1780920000.0_mean_300.0_v3" "txcd7e5f615a4e4fab99416-006a27e44a" "proxy-server 20" 0.0149 "-" 25 0
Jun 9 10:00:42 standalone proxy-server[128538]: 172.18.0.2 172.18.0.100 09/Jun/2026/10/00/42 PUT /v1/AUTH_965784611b4942ca97c5d5124e699aa1/gnocchi.b7ec6ed7-ab44-4b75-bfa8-928e011c9bf9/1780920000.0_mean_300.0_v3 HTTP/1.0 201 - python-swiftclient-3.11.1 gAAAAABqJ-M9MHvo... 23 - - txcd7e5f615a4e4fab99416-006a27e44a - 0.0208 - - 1780999242.580142021 1780999242.600900650 0
Jun 9 10:00:42 standalone container-server[126527]: 172.20.0.100 - - [09/Jun/2026:10:00:42 +0000] "PUT /d1/579/AUTH_965784611b4942ca97c5d5124e699aa1/gnocchi.b7ec6ed7-ab44-4b75-bfa8-928e011c9bf9/none_v3" 201 - "PUT http://172.18.0.2:8080/d1/294/AUTH_965784611b4942ca97c5d5124e699aa1/gnocchi.b7ec6ed7-ab44-4b75-bfa8-928e011c9bf9/none_v3" "tx8897a0c1d3a84106ad543-006a27e44a" "object-server 25" 0.0007 "-" 20 0
Jun 9 10:00:42 standalone object-server[126681]: 172.20.0.100 - - [09/Jun/2026:10:00:42 +0000] "PUT /d1/294/AUTH_965784611b4942ca97c5d5124e699aa1/gnocchi.b7ec6ed7-ab44-4b75-bfa8-928e011c9bf9/none_v3" 201 - "PUT http://172.18.0.2:8080/v1/AUTH_965784611b4942ca97c5d5124e699aa1/gnocchi.b7ec6ed7-ab44-4b75-bfa8-928e011c9bf9/none_v3" "tx8897a0c1d3a84106ad543-006a27e44a" "proxy-server 20" 0.0118 "-" 25 0
Jun 9 10:00:42 standalone proxy-server[128538]: 172.18.0.2 172.18.0.100 09/Jun/2026/10/00/42 PUT /v1/AUTH_965784611b4942ca97c5d5124e699aa1/gnocchi.b7ec6ed7-ab44-4b75-bfa8-928e011c9bf9/none_v3 HTTP/1.0 201 - python-swiftclient-3.11.1 gAAAAABqJ-M9MHvo... 22 - - tx8897a0c1d3a84106ad543-006a27e44a - 0.0160 - - 1780999242.606628418 1780999242.622633457 0
Jun 9 10:00:42 standalone container-server[126540]: 172.20.0.100 - - [09/Jun/2026:10:00:42 +0000] "HEAD /d1/737/AUTH_965784611b4942ca97c5d5124e699aa1/gnocchi.a52d2241-2fa2-4321-a90e-944272441514" 204 - "HEAD http://172.18.0.2:8080/v1/AUTH_965784611b4942ca97c5d5124e699aa1/gnocchi.a52d2241-2fa2-4321-a90e-944272441514?format=json&states=listing" "txe66dcd7993374b4ba2708-006a27e44a" "proxy-server 20" 0.0075 "-" 23 0
Jun 9 10:00:42 standalone object-server[126656]: 172.20.0.100 - - [09/Jun/2026:10:00:42 +0000] "GET /d1/735/AUTH_965784611b4942ca97c5d5124e699aa1/gnocchi.a52d2241-2fa2-4321-a90e-944272441514/none_v3" 200 32 "GET http://172.18.0.2:8080/v1/AUTH_965784611b4942ca97c5d5124e699aa1/gnocchi.a52d2241-2fa2-4321-a90e-944272441514/none_v3" "txe66dcd7993374b4ba2708-006a27e44a" "proxy-server 20" 0.0018 "-" 23 0
Jun 9 10:00:42 standalone proxy-server[128538]: 172.18.0.2 172.18.0.100 09/Jun/2026/10/00/42 GET /v1/AUTH_965784611b4942ca97c5d5124e699aa1/gnocchi.a52d2241-2fa2-4321-a90e-944272441514/none_v3 HTTP/1.0 200 - python-swiftclient-3.11.1 gAAAAABqJ-M9MHvo... - 32 - txe66dcd7993374b4ba2708-006a27e44a - 0.0200 - - 1780999242.633683681 1780999242.653660774 0
Jun 9 10:00:42 standalone container-server[126540]: 172.20.0.100 - - [09/Jun/2026:10:00:42 +0000] "GET /d1/737/AUTH_965784611b4942ca97c5d5124e699aa1/gnocchi.a52d2241-2fa2-4321-a90e-944272441514" 200 357 "GET http://172.18.0.2:8080/v1/AUTH_965784611b4942ca97c5d5124e699aa1/gnocchi.a52d2241-2fa2-4321-a90e-944272441514?format=json&states=listing" "tx54ca0d2a5c204a0490acc-006a27e44a" "proxy-server 20" 0.0021 "-" 23 0
Jun 9 10:00:42 standalone proxy-server[128538]: 172.18.0.2 172.18.0.100 09/Jun/2026/10/00/42 GET /v1/AUTH_965784611b4942ca97c5d5124e699aa1/gnocchi.a52d2241-2fa2-4321-a90e-944272441514%3Fformat%3Djson%26states%3Dlisting HTTP/1.0 200 - python-swiftclient-3.11.1 gAAAAABqJ-M9MHvo... - 357 - tx54ca0d2a5c204a0490acc-006a27e44a - 0.0085 - - 1780999242.658301115 1780999242.666769743 0
Jun 9 10:00:42 standalone container-server[126527]: 172.20.0.100 - - [09/Jun/2026:10:00:42 +0000] "GET /d1/737/AUTH_965784611b4942ca97c5d5124e699aa1/gnocchi.a52d2241-2fa2-4321-a90e-944272441514" 200 2 "GET http://172.18.0.2:8080/v1/AUTH_965784611b4942ca97c5d5124e699aa1/gnocchi.a52d2241-2fa2-4321-a90e-944272441514?format=json&marker=none_v3&states=listing" "txeff573ea5f5c49a3bd696-006a27e44a" "proxy-server 20" 0.0031 "-" 20 0
Jun 9 10:00:42 standalone proxy-server[128538]: 172.18.0.2 172.18.0.100 09/Jun/2026/10/00/42 GET /v1/AUTH_965784611b4942ca97c5d5124e699aa1/gnocchi.a52d2241-2fa2-4321-a90e-944272441514%3Fformat%3Djson%26marker%3Dnone_v3%26states%3Dlisting HTTP/1.0 200 - python-swiftclient-3.11.1 gAAAAABqJ-M9MHvo... - 2 - txeff573ea5f5c49a3bd696-006a27e44a - 0.0087 - - 1780999242.669860125 1780999242.678514242 0
Jun 9 10:00:42 standalone object-server[126681]: 172.20.0.100 - - [09/Jun/2026:10:00:42 +0000] "GET /d1/172/AUTH_965784611b4942ca97c5d5124e699aa1/gnocchi.a52d2241-2fa2-4321-a90e-944272441514/1780920000.0_mean_300.0_v3" 200 16 "GET http://172.18.0.2:8080/v1/AUTH_965784611b4942ca97c5d5124e699aa1/gnocchi.a52d2241-2fa2-4321-a90e-944272441514/1780920000.0_mean_300.0_v3" "txe15895ae030d4a44b2955-006a27e44a" "proxy-server 20" 0.0008 "-" 25 0
Jun 9 10:00:42 standalone proxy-server[128538]: 172.18.0.2 172.18.0.100 09/Jun/2026/10/00/42 GET /v1/AUTH_965784611b4942ca97c5d5124e699aa1/gnocchi.a52d2241-2fa2-4321-a90e-944272441514/1780920000.0_mean_300.0_v3 HTTP/1.0 200 - python-swiftclient-3.11.1 gAAAAABqJ-M9MHvo... - 16 - txe15895ae030d4a44b2955-006a27e44a - 0.0091 - - 1780999242.687155485 1780999242.696261883 0
Jun 9 10:00:42 standalone container-server[126536]: 172.20.0.100 - - [09/Jun/2026:10:00:42 +0000] "PUT /d1/737/AUTH_965784611b4942ca97c5d5124e699aa1/gnocchi.a52d2241-2fa2-4321-a90e-944272441514/1780920000.0_mean_300.0_v3" 201 - "PUT http://172.18.0.2:8080/d1/172/AUTH_965784611b4942ca97c5d5124e699aa1/gnocchi.a52d2241-2fa2-4321-a90e-944272441514/1780920000.0_mean_300.0_v3" "txb76f2424f492482ab78c6-006a27e44a" "object-server 25" 0.0005 "-" 21 0
Jun 9 10:00:42 standalone object-server[126681]: 172.20.0.100 - - [09/Jun/2026:10:00:42 +0000] "PUT /d1/172/AUTH_965784611b4942ca97c5d5124e699aa1/gnocchi.a52d2241-2fa2-4321-a90e-944272441514/1780920000.0_mean_300.0_v3" 201 - "PUT http://172.18.0.2:8080/v1/AUTH_965784611b4942ca97c5d5124e699aa1/gnocchi.a52d2241-2fa2-4321-a90e-944272441514/1780920000.0_mean_300.0_v3" "txb76f2424f492482ab78c6-006a27e44a" "proxy-server 20" 0.0086 "-" 25 0
Jun 9 10:00:42 standalone proxy-server[128538]: 172.18.0.2 172.18.0.100 09/Jun/2026/10/00/42 PUT /v1/AUTH_965784611b4942ca97c5d5124e699aa1/gnocchi.a52d2241-2fa2-4321-a90e-944272441514/1780920000.0_mean_300.0_v3 HTTP/1.0 201 - python-swiftclient-3.11.1 gAAAAABqJ-M9MHvo... 23 - - txb76f2424f492482ab78c6-006a27e44a - 0.0131 - - 1780999242.699261189 1780999242.712407351 0
Jun 9 10:00:42 standalone container-server[126536]: 172.20.0.100 - - [09/Jun/2026:10:00:42 +0000] "PUT /d1/737/AUTH_965784611b4942ca97c5d5124e699aa1/gnocchi.a52d2241-2fa2-4321-a90e-944272441514/none_v3" 201 - "PUT http://172.18.0.2:8080/d1/735/AUTH_965784611b4942ca97c5d5124e699aa1/gnocchi.a52d2241-2fa2-4321-a90e-944272441514/none_v3" "txe9019592bef44b2db0b68-006a27e44a" "object-server 25" 0.0005 "-" 21 0
Jun 9 10:00:42 standalone object-server[126681]: 172.20.0.100 - - [09/Jun/2026:10:00:42 +0000] "PUT /d1/735/AUTH_965784611b4942ca97c5d5124e699aa1/gnocchi.a52d2241-2fa2-4321-a90e-944272441514/none_v3" 201 - "PUT http://172.18.0.2:8080/v1/AUTH_965784611b4942ca97c5d5124e699aa1/gnocchi.a52d2241-2fa2-4321-a90e-944272441514/none_v3" "txe9019592bef44b2db0b68-006a27e44a" "proxy-server 20" 0.0077 "-" 25 0
Jun 9 10:00:42 standalone proxy-server[128538]: 172.18.0.2 172.18.0.100 09/Jun/2026/10/00/42 PUT /v1/AUTH_965784611b4942ca97c5d5124e699aa1/gnocchi.a52d2241-2fa2-4321-a90e-944272441514/none_v3 HTTP/1.0 201 - python-swiftclient-3.11.1 gAAAAABqJ-M9MHvo... 22 - - txe9019592bef44b2db0b68-006a27e44a - 0.0126 - - 1780999242.715171576 1780999242.727814198 0
Jun 9 10:00:42 standalone container-server[126536]: 172.20.0.100 - - [09/Jun/2026:10:00:42 +0000] "HEAD /d1/44/AUTH_965784611b4942ca97c5d5124e699aa1/gnocchi.93d0bbfd-f27c-401b-96d3-a6d54649eda4" 204 - "HEAD http://172.18.0.2:8080/v1/AUTH_965784611b4942ca97c5d5124e699aa1/gnocchi.93d0bbfd-f27c-401b-96d3-a6d54649eda4?format=json&states=listing" "tx53839834358e4cadbd7e6-006a27e44a" "proxy-server 20" 0.0065 "-" 21 0
Jun 9 10:00:42 standalone object-server[126646]: 172.20.0.100 - - [09/Jun/2026:10:00:42 +0000] "GET /d1/527/AUTH_965784611b4942ca97c5d5124e699aa1/gnocchi.93d0bbfd-f27c-401b-96d3-a6d54649eda4/none_v3" 200 32 "GET http://172.18.0.2:8080/v1/AUTH_965784611b4942ca97c5d5124e699aa1/gnocchi.93d0bbfd-f27c-401b-96d3-a6d54649eda4/none_v3" "tx53839834358e4cadbd7e6-006a27e44a" "proxy-server 20" 0.0027 "-" 21 0
Jun 9 10:00:42 standalone proxy-server[128538]: 172.18.0.2 172.18.0.100 09/Jun/2026/10/00/42 GET /v1/AUTH_965784611b4942ca97c5d5124e699aa1/gnocchi.93d0bbfd-f27c-401b-96d3-a6d54649eda4/none_v3 HTTP/1.0 200 - python-swiftclient-3.11.1 gAAAAABqJ-M9MHvo... - 32 - tx53839834358e4cadbd7e6-006a27e44a - 0.0209 - - 1780999242.738923073 1780999242.759774685 0
Jun 9 10:00:42 standalone container-server[126540]: 172.20.0.100 - - [09/Jun/2026:10:00:42 +0000] "GET /d1/44/AUTH_965784611b4942ca97c5d5124e699aa1/gnocchi.93d0bbfd-f27c-401b-96d3-a6d54649eda4" 200 357 "GET http://172.18.0.2:8080/v1/AUTH_965784611b4942ca97c5d5124e699aa1/gnocchi.93d0bbfd-f27c-401b-96d3-a6d54649eda4?format=json&states=listing" "txcbb72bd251e74d659adb8-006a27e44a" "proxy-server 20" 0.0019 "-" 23 0
Jun 9 10:00:42 standalone proxy-server[128538]: 172.18.0.2 172.18.0.100 09/Jun/2026/10/00/42 GET /v1/AUTH_965784611b4942ca97c5d5124e699aa1/gnocchi.93d0bbfd-f27c-401b-96d3-a6d54649eda4%3Fformat%3Djson%26states%3Dlisting HTTP/1.0 200 - python-swiftclient-3.11.1 gAAAAABqJ-M9MHvo... - 357 - txcbb72bd251e74d659adb8-006a27e44a - 0.0079 - - 1780999242.763721228 1780999242.771663666 0
Jun 9 10:00:42 standalone container-server[126536]: 172.20.0.100 - - [09/Jun/2026:10:00:42 +0000] "GET /d1/44/AUTH_965784611b4942ca97c5d5124e699aa1/gnocchi.93d0bbfd-f27c-401b-96d3-a6d54649eda4" 200 2 "GET http://172.18.0.2:8080/v1/AUTH_965784611b4942ca97c5d5124e699aa1/gnocchi.93d0bbfd-f27c-401b-96d3-a6d54649eda4?format=json&marker=none_v3&states=listing" "tx10aa8e62b59e428f810fc-006a27e44a" "proxy-server 20" 0.0052 "-" 21 0
Jun 9 10:00:42 standalone proxy-server[128538]: 172.18.0.2 172.18.0.100 09/Jun/2026/10/00/42 GET /v1/AUTH_965784611b4942ca97c5d5124e699aa1/gnocchi.93d0bbfd-f27c-401b-96d3-a6d54649eda4%3Fformat%3Djson%26marker%3Dnone_v3%26states%3Dlisting HTTP/1.0 200 - python-swiftclient-3.11.1 gAAAAABqJ-M9MHvo... - 2 - tx10aa8e62b59e428f810fc-006a27e44a - 0.0117 - - 1780999242.774088621 1780999242.785747051 0
Jun 9 10:00:42 standalone object-server[126656]: 172.20.0.100 - - [09/Jun/2026:10:00:42 +0000] "GET /d1/462/AUTH_965784611b4942ca97c5d5124e699aa1/gnocchi.93d0bbfd-f27c-401b-96d3-a6d54649eda4/1780920000.0_mean_300.0_v3" 200 16 "GET http://172.18.0.2:8080/v1/AUTH_965784611b4942ca97c5d5124e699aa1/gnocchi.93d0bbfd-f27c-401b-96d3-a6d54649eda4/1780920000.0_mean_300.0_v3" "tx2e534ff9ac7349f9bdf03-006a27e44a" "proxy-server 20" 0.0011 "-" 23 0
Jun 9 10:00:42 standalone proxy-server[128538]: 172.18.0.2 172.18.0.100 09/Jun/2026/10/00/42 GET /v1/AUTH_965784611b4942ca97c5d5124e699aa1/gnocchi.93d0bbfd-f27c-401b-96d3-a6d54649eda4/1780920000.0_mean_300.0_v3 HTTP/1.0 200 - python-swiftclient-3.11.1 gAAAAABqJ-M9MHvo... - 16 - tx2e534ff9ac7349f9bdf03-006a27e44a - 0.0088 - - 1780999242.789354563 1780999242.798160076 0
Jun 9 10:00:42 standalone container-server[126536]: 172.20.0.100 - - [09/Jun/2026:10:00:42 +0000] "PUT /d1/44/AUTH_965784611b4942ca97c5d5124e699aa1/gnocchi.93d0bbfd-f27c-401b-96d3-a6d54649eda4/1780920000.0_mean_300.0_v3" 201 - "PUT http://172.18.0.2:8080/d1/462/AUTH_965784611b4942ca97c5d5124e699aa1/gnocchi.93d0bbfd-f27c-401b-96d3-a6d54649eda4/1780920000.0_mean_300.0_v3" "tx63bc907421274ca7b4f3e-006a27e44a" "object-server 23" 0.0007 "-" 21 0
Jun 9 10:00:42 standalone object-server[126656]: 172.20.0.100 - - [09/Jun/2026:10:00:42 +0000] "PUT /d1/462/AUTH_965784611b4942ca97c5d5124e699aa1/gnocchi.93d0bbfd-f27c-401b-96d3-a6d54649eda4/1780920000.0_mean_300.0_v3" 201 - "PUT http://172.18.0.2:8080/v1/AUTH_965784611b4942ca97c5d5124e699aa1/gnocchi.93d0bbfd-f27c-401b-96d3-a6d54649eda4/1780920000.0_mean_300.0_v3" "tx63bc907421274ca7b4f3e-006a27e44a" "proxy-server 20" 0.0110 "-" 23 0
Jun 9 10:00:42 standalone proxy-server[128538]: 172.18.0.2 172.18.0.100 09/Jun/2026/10/00/42 PUT /v1/AUTH_965784611b4942ca97c5d5124e699aa1/gnocchi.93d0bbfd-f27c-401b-96d3-a6d54649eda4/1780920000.0_mean_300.0_v3 HTTP/1.0 201 - python-swiftclient-3.11.1 gAAAAABqJ-M9MHvo... 23 - - tx63bc907421274ca7b4f3e-006a27e44a - 0.0171 - - 1780999242.800821543 1780999242.817906857 0
