Jun 9 09:59:54 standalone container-server[126540]: 172.20.0.100 - - [09/Jun/2026:09:59:54 +0000] "HEAD /d1/570/AUTH_965784611b4942ca97c5d5124e699aa1/gnocchi.f93672fd-5bbf-42a3-9909-66427e1a0445" 404 - "HEAD http://172.18.0.2:8080/v1/AUTH_965784611b4942ca97c5d5124e699aa1/gnocchi.f93672fd-5bbf-42a3-9909-66427e1a0445?format=json&states=listing" "tx924ceb66e6c346ac863a8-006a27e41a" "proxy-server 20" 0.0007 "-" 23 0
Jun 9 09:59:54 standalone object-server[126656]: 172.20.0.100 - - [09/Jun/2026:09:59:54 +0000] "GET /d1/907/AUTH_965784611b4942ca97c5d5124e699aa1/gnocchi.f93672fd-5bbf-42a3-9909-66427e1a0445/none_v3" 404 70 "GET http://172.18.0.2:8080/v1/AUTH_965784611b4942ca97c5d5124e699aa1/gnocchi.f93672fd-5bbf-42a3-9909-66427e1a0445/none_v3" "tx924ceb66e6c346ac863a8-006a27e41a" "proxy-server 20" 0.0005 "-" 23 0
Jun 9 09:59:54 standalone proxy-server[128538]: 172.18.0.2 172.18.0.100 09/Jun/2026/09/59/54 GET /v1/AUTH_965784611b4942ca97c5d5124e699aa1/gnocchi.f93672fd-5bbf-42a3-9909-66427e1a0445/none_v3 HTTP/1.0 404 - python-swiftclient-3.11.1 gAAAAABqJ-M9MHvo... - 70 - tx924ceb66e6c346ac863a8-006a27e41a - 0.0148 - - 1780999194.176587105 1780999194.191349030 0
Jun 9 09:59:54 standalone account-server[126427]: 172.20.0.100 - - [09/Jun/2026:09:59:54 +0000] "PUT /d1/199/AUTH_965784611b4942ca97c5d5124e699aa1/gnocchi.f93672fd-5bbf-42a3-9909-66427e1a0445" 201 - "PUT http://172.20.0.100:6001/d1/570/AUTH_965784611b4942ca97c5d5124e699aa1/gnocchi.f93672fd-5bbf-42a3-9909-66427e1a0445" "tx8a421d1b52ea4a2bbb223-006a27e41a" "container-server 22" 0.0065 "-" 21 0
Jun 9 09:59:54 standalone container-server[126537]: 172.20.0.100 - - [09/Jun/2026:09:59:54 +0000] "PUT /d1/570/AUTH_965784611b4942ca97c5d5124e699aa1/gnocchi.f93672fd-5bbf-42a3-9909-66427e1a0445" 201 - "PUT http://172.18.0.2:8080/v1/AUTH_965784611b4942ca97c5d5124e699aa1/gnocchi.f93672fd-5bbf-42a3-9909-66427e1a0445" "tx8a421d1b52ea4a2bbb223-006a27e41a" "proxy-server 20" 0.0213 "-" 22 0
Jun 9 09:59:54 standalone proxy-server[128538]: 172.18.0.2 172.18.0.100 09/Jun/2026/09/59/54 PUT /v1/AUTH_965784611b4942ca97c5d5124e699aa1/gnocchi.f93672fd-5bbf-42a3-9909-66427e1a0445 HTTP/1.0 201 - python-swiftclient-3.11.1 gAAAAABqJ-M9MHvo... - - - tx8a421d1b52ea4a2bbb223-006a27e41a - 0.0282 - - 1780999194.195112467 1780999194.223339796 0
Jun 9 09:59:54 standalone container-server[126527]: 172.20.0.100 - - [09/Jun/2026:09:59:54 +0000] "HEAD /d1/449/AUTH_965784611b4942ca97c5d5124e699aa1/gnocchi.b4e12d68-5d81-4afe-b064-63a456ee7c45" 204 - "HEAD http://172.18.0.2:8080/v1/AUTH_965784611b4942ca97c5d5124e699aa1/gnocchi.b4e12d68-5d81-4afe-b064-63a456ee7c45?format=json&states=listing" "txe43b08f823fe41b2882c6-006a27e41a" "proxy-server 20" 0.0023 "-" 20 0
Jun 9 09:59:54 standalone proxy-server[128538]: - - 09/Jun/2026/09/59/54 HEAD /v1/AUTH_965784611b4942ca97c5d5124e699aa1/gnocchi.b4e12d68-5d81-4afe-b064-63a456ee7c45%3Fformat%3Djson%26states%3Dlisting HTTP/1.0 204 - Swift - - - - txe43b08f823fe41b2882c6-006a27e41a - 0.0073 RL - 1780999194.229839087 1780999194.237134933 0
Jun 9 09:59:54 standalone container-server[126527]: 172.20.0.100 - - [09/Jun/2026:09:59:54 +0000] "GET /d1/449/AUTH_965784611b4942ca97c5d5124e699aa1/gnocchi.b4e12d68-5d81-4afe-b064-63a456ee7c45" 200 2 "GET http://172.18.0.2:8080/v1/AUTH_965784611b4942ca97c5d5124e699aa1/gnocchi.b4e12d68-5d81-4afe-b064-63a456ee7c45?format=json&states=listing" "txe43b08f823fe41b2882c6-006a27e41a" "proxy-server 20" 0.0034 "-" 20 0
Jun 9 09:59:54 standalone proxy-server[128538]: 172.18.0.2 172.18.0.100 09/Jun/2026/09/59/54 GET /v1/AUTH_965784611b4942ca97c5d5124e699aa1/gnocchi.b4e12d68-5d81-4afe-b064-63a456ee7c45%3Fformat%3Djson%26states%3Dlisting HTTP/1.0 200 - python-swiftclient-3.11.1 gAAAAABqJ-M9MHvo... - 2 - txe43b08f823fe41b2882c6-006a27e41a - 0.0203 - - 1780999194.228206158 1780999194.248533487 0
Jun 9 09:59:54 standalone container-server[126537]: 172.20.0.100 - - [09/Jun/2026:09:59:54 +0000] "HEAD /d1/619/AUTH_965784611b4942ca97c5d5124e699aa1/gnocchi.e9b5476c-657a-4c48-bf7e-4cad480bd0c5" 204 - "HEAD http://172.18.0.2:8080/v1/AUTH_965784611b4942ca97c5d5124e699aa1/gnocchi.e9b5476c-657a-4c48-bf7e-4cad480bd0c5?format=json&states=listing" "txdcba72be1b474a5f91801-006a27e41a" "proxy-server 20" 0.0022 "-" 22 0
Jun 9 09:59:54 standalone proxy-server[128538]: - - 09/Jun/2026/09/59/54 HEAD /v1/AUTH_965784611b4942ca97c5d5124e699aa1/gnocchi.e9b5476c-657a-4c48-bf7e-4cad480bd0c5%3Fformat%3Djson%26states%3Dlisting HTTP/1.0 204 - Swift - - - - txdcba72be1b474a5f91801-006a27e41a - 0.0075 RL - 1780999194.256325483 1780999194.263788223 0
Jun 9 09:59:54 standalone container-server[126537]: 172.20.0.100 - - [09/Jun/2026:09:59:54 +0000] "GET /d1/619/AUTH_965784611b4942ca97c5d5124e699aa1/gnocchi.e9b5476c-657a-4c48-bf7e-4cad480bd0c5" 200 2 "GET http://172.18.0.2:8080/v1/AUTH_965784611b4942ca97c5d5124e699aa1/gnocchi.e9b5476c-657a-4c48-bf7e-4cad480bd0c5?format=json&states=listing" "txdcba72be1b474a5f91801-006a27e41a" "proxy-server 20" 0.0033 "-" 22 0
Jun 9 09:59:54 standalone proxy-server[128538]: 172.18.0.2 172.18.0.100 09/Jun/2026/09/59/54 GET /v1/AUTH_965784611b4942ca97c5d5124e699aa1/gnocchi.e9b5476c-657a-4c48-bf7e-4cad480bd0c5%3Fformat%3Djson%26states%3Dlisting HTTP/1.0 200 - python-swiftclient-3.11.1 gAAAAABqJ-M9MHvo... - 2 - txdcba72be1b474a5f91801-006a27e41a - 0.0219 - - 1780999194.254292965 1780999194.276217937 0
Jun 9 09:59:54 standalone container-server[126537]: 172.20.0.100 - - [09/Jun/2026:09:59:54 +0000] "HEAD /d1/570/AUTH_965784611b4942ca97c5d5124e699aa1/gnocchi.f93672fd-5bbf-42a3-9909-66427e1a0445" 204 - "HEAD http://172.18.0.2:8080/v1/AUTH_965784611b4942ca97c5d5124e699aa1/gnocchi.f93672fd-5bbf-42a3-9909-66427e1a0445?format=json&states=listing" "tx7a784030822440d09365e-006a27e41a" "proxy-server 20" 0.0021 "-" 22 0
Jun 9 09:59:54 standalone proxy-server[128538]: - - 09/Jun/2026/09/59/54 HEAD /v1/AUTH_965784611b4942ca97c5d5124e699aa1/gnocchi.f93672fd-5bbf-42a3-9909-66427e1a0445%3Fformat%3Djson%26states%3Dlisting HTTP/1.0 204 - Swift - - - - tx7a784030822440d09365e-006a27e41a - 0.0065 RL - 1780999194.283248901 1780999194.289776325 0
Jun 9 09:59:54 standalone container-server[126540]: 172.20.0.100 - - [09/Jun/2026:09:59:54 +0000] "GET /d1/570/AUTH_965784611b4942ca97c5d5124e699aa1/gnocchi.f93672fd-5bbf-42a3-9909-66427e1a0445" 200 2 "GET http://172.18.0.2:8080/v1/AUTH_965784611b4942ca97c5d5124e699aa1/gnocchi.f93672fd-5bbf-42a3-9909-66427e1a0445?format=json&states=listing" "tx7a784030822440d09365e-006a27e41a" "proxy-server 20" 0.0037 "-" 23 0
Jun 9 09:59:54 standalone proxy-server[128538]: 172.18.0.2 172.18.0.100 09/Jun/2026/09/59/54 GET /v1/AUTH_965784611b4942ca97c5d5124e699aa1/gnocchi.f93672fd-5bbf-42a3-9909-66427e1a0445%3Fformat%3Djson%26states%3Dlisting HTTP/1.0 200 - python-swiftclient-3.11.1 gAAAAABqJ-M9MHvo... - 2 - tx7a784030822440d09365e-006a27e41a - 0.0213 - - 1780999194.281501293 1780999194.302813768 0
Jun 9 09:59:54 standalone object-server[126646]: 172.20.0.100 - - [09/Jun/2026:09:59:54 +0000] "GET /d1/215/AUTH_965784611b4942ca97c5d5124e699aa1/gnocchi.b4e12d68-5d81-4afe-b064-63a456ee7c45/1780920000.0_mean_300.0_v3" 404 70 "GET http://172.18.0.2:8080/v1/AUTH_965784611b4942ca97c5d5124e699aa1/gnocchi.b4e12d68-5d81-4afe-b064-63a456ee7c45/1780920000.0_mean_300.0_v3" "tx792fd3a4213b4f249949a-006a27e41a" "proxy-server 20" 0.0005 "-" 21 0
Jun 9 09:59:54 standalone proxy-server[128538]: 172.18.0.2 172.18.0.100 09/Jun/2026/09/59/54 GET /v1/AUTH_965784611b4942ca97c5d5124e699aa1/gnocchi.b4e12d68-5d81-4afe-b064-63a456ee7c45/1780920000.0_mean_300.0_v3 HTTP/1.0 404 - python-swiftclient-3.11.1 gAAAAABqJ-M9MHvo... - 70 - tx792fd3a4213b4f249949a-006a27e41a - 0.0087 - - 1780999194.307434559 1780999194.316103697 0
Jun 9 09:59:54 standalone object-server[126681]: 172.20.0.100 - - [09/Jun/2026:09:59:54 +0000] "GET /d1/863/AUTH_965784611b4942ca97c5d5124e699aa1/gnocchi.e9b5476c-657a-4c48-bf7e-4cad480bd0c5/1780920000.0_mean_300.0_v3" 404 70 "GET http://172.18.0.2:8080/v1/AUTH_965784611b4942ca97c5d5124e699aa1/gnocchi.e9b5476c-657a-4c48-bf7e-4cad480bd0c5/1780920000.0_mean_300.0_v3" "tx94cdd1975a1a4e7e8d8ee-006a27e41a" "proxy-server 20" 0.0005 "-" 25 0
Jun 9 09:59:54 standalone proxy-server[128538]: 172.18.0.2 172.18.0.100 09/Jun/2026/09/59/54 GET /v1/AUTH_965784611b4942ca97c5d5124e699aa1/gnocchi.e9b5476c-657a-4c48-bf7e-4cad480bd0c5/1780920000.0_mean_300.0_v3 HTTP/1.0 404 - python-swiftclient-3.11.1 gAAAAABqJ-M9MHvo... - 70 - tx94cdd1975a1a4e7e8d8ee-006a27e41a - 0.0085 - - 1780999194.319767714 1780999194.328290462 0
Jun 9 09:59:54 standalone object-server[126646]: 172.20.0.100 - - [09/Jun/2026:09:59:54 +0000] "GET /d1/170/AUTH_965784611b4942ca97c5d5124e699aa1/gnocchi.f93672fd-5bbf-42a3-9909-66427e1a0445/1780920000.0_mean_300.0_v3" 404 70 "GET http://172.18.0.2:8080/v1/AUTH_965784611b4942ca97c5d5124e699aa1/gnocchi.f93672fd-5bbf-42a3-9909-66427e1a0445/1780920000.0_mean_300.0_v3" "tx05ee93d3d68f40f3bc716-006a27e41a" "proxy-server 20" 0.0005 "-" 21 0
Jun 9 09:59:54 standalone proxy-server[128538]: 172.18.0.2 172.18.0.100 09/Jun/2026/09/59/54 GET /v1/AUTH_965784611b4942ca97c5d5124e699aa1/gnocchi.f93672fd-5bbf-42a3-9909-66427e1a0445/1780920000.0_mean_300.0_v3 HTTP/1.0 404 - python-swiftclient-3.11.1 gAAAAABqJ-M9MHvo... - 70 - tx05ee93d3d68f40f3bc716-006a27e41a - 0.0090 - - 1780999194.331938267 1780999194.340957642 0
Jun 9 09:59:54 standalone container-server[126540]: 172.20.0.100 - - [09/Jun/2026:09:59:54 +0000] "PUT /d1/449/AUTH_965784611b4942ca97c5d5124e699aa1/gnocchi.b4e12d68-5d81-4afe-b064-63a456ee7c45/1780920000.0_mean_300.0_v3" 201 - "PUT http://172.18.0.2:8080/d1/215/AUTH_965784611b4942ca97c5d5124e699aa1/gnocchi.b4e12d68-5d81-4afe-b064-63a456ee7c45/1780920000.0_mean_300.0_v3" "tx1fd967b86e8e447c9bf61-006a27e41a" "object-server 23" 0.0008 "-" 23 0
Jun 9 09:59:54 standalone object-server[126656]: 172.20.0.100 - - [09/Jun/2026:09:59:54 +0000] "PUT /d1/215/AUTH_965784611b4942ca97c5d5124e699aa1/gnocchi.b4e12d68-5d81-4afe-b064-63a456ee7c45/1780920000.0_mean_300.0_v3" 201 - "PUT http://172.18.0.2:8080/v1/AUTH_965784611b4942ca97c5d5124e699aa1/gnocchi.b4e12d68-5d81-4afe-b064-63a456ee7c45/1780920000.0_mean_300.0_v3" "tx1fd967b86e8e447c9bf61-006a27e41a" "proxy-server 20" 0.0102 "-" 23 0
Jun 9 09:59:54 standalone proxy-server[128538]: 172.18.0.2 172.18.0.100 09/Jun/2026/09/59/54 PUT /v1/AUTH_965784611b4942ca97c5d5124e699aa1/gnocchi.b4e12d68-5d81-4afe-b064-63a456ee7c45/1780920000.0_mean_300.0_v3 HTTP/1.0 201 - python-swiftclient-3.11.1 gAAAAABqJ-M9MHvo... 16 - - tx1fd967b86e8e447c9bf61-006a27e41a - 0.0196 - - 1780999194.345486879 1780999194.365135431 0
Jun 9 09:59:54 standalone container-server[126527]: 172.20.0.100 - - [09/Jun/2026:09:59:54 +0000] "PUT /d1/619/AUTH_965784611b4942ca97c5d5124e699aa1/gnocchi.e9b5476c-657a-4c48-bf7e-4cad480bd0c5/1780920000.0_mean_300.0_v3" 201 - "PUT http://172.18.0.2:8080/d1/863/AUTH_965784611b4942ca97c5d5124e699aa1/gnocchi.e9b5476c-657a-4c48-bf7e-4cad480bd0c5/1780920000.0_mean_300.0_v3" "txa7674c976f7c4d7bacf17-006a27e41a" "object-server 25" 0.0009 "-" 20 0
Jun 9 09:59:54 standalone object-server[126681]: 172.20.0.100 - - [09/Jun/2026:09:59:54 +0000] "PUT /d1/863/AUTH_965784611b4942ca97c5d5124e699aa1/gnocchi.e9b5476c-657a-4c48-bf7e-4cad480bd0c5/1780920000.0_mean_300.0_v3" 201 - "PUT http://172.18.0.2:8080/v1/AUTH_965784611b4942ca97c5d5124e699aa1/gnocchi.e9b5476c-657a-4c48-bf7e-4cad480bd0c5/1780920000.0_mean_300.0_v3" "txa7674c976f7c4d7bacf17-006a27e41a" "proxy-server 20" 0.0119 "-" 25 0
Jun 9 09:59:54 standalone proxy-server[128538]: 172.18.0.2 172.18.0.100 09/Jun/2026/09/59/54 PUT /v1/AUTH_965784611b4942ca97c5d5124e699aa1/gnocchi.e9b5476c-657a-4c48-bf7e-4cad480bd0c5/1780920000.0_mean_300.0_v3 HTTP/1.0 201 - python-swiftclient-3.11.1 gAAAAABqJ-M9MHvo... 16 - - txa7674c976f7c4d7bacf17-006a27e41a - 0.0208 - - 1780999194.369281769 1780999194.390100241 0
Jun 9 09:59:54 standalone container-server[126527]: 172.20.0.100 - - [09/Jun/2026:09:59:54 +0000] "PUT /d1/570/AUTH_965784611b4942ca97c5d5124e699aa1/gnocchi.f93672fd-5bbf-42a3-9909-66427e1a0445/1780920000.0_mean_300.0_v3" 201 - "PUT http://172.18.0.2:8080/d1/170/AUTH_965784611b4942ca97c5d5124e699aa1/gnocchi.f93672fd-5bbf-42a3-9909-66427e1a0445/1780920000.0_mean_300.0_v3" "txb5c650c28c3a4e22a7ac2-006a27e41a" "object-server 24" 0.0008 "-" 20 0
Jun 9 09:59:54 standalone object-server[126667]: 172.20.0.100 - - [09/Jun/2026:09:59:54 +0000] "PUT /d1/170/AUTH_965784611b4942ca97c5d5124e699aa1/gnocchi.f93672fd-5bbf-42a3-9909-66427e1a0445/1780920000.0_mean_300.0_v3" 201 - "PUT http://172.18.0.2:8080/v1/AUTH_965784611b4942ca97c5d5124e699aa1/gnocchi.f93672fd-5bbf-42a3-9909-66427e1a0445/1780920000.0_mean_300.0_v3" "txb5c650c28c3a4e22a7ac2-006a27e41a" "proxy-server 20" 0.0117 "-" 24 0
Jun 9 09:59:54 standalone proxy-server[128538]: 172.18.0.2 172.18.0.100 09/Jun/2026/09/59/54 PUT /v1/AUTH_965784611b4942ca97c5d5124e699aa1/gnocchi.f93672fd-5bbf-42a3-9909-66427e1a0445/1780920000.0_mean_300.0_v3 HTTP/1.0 201 - python-swiftclient-3.11.1 gAAAAABqJ-M9MHvo... 16 - - txb5c650c28c3a4e22a7ac2-006a27e41a - 0.0202 - - 1780999194.394719839 1780999194.414963007 0
Jun 9 09:59:54 standalone container-server[126540]: 172.20.0.100 - - [09/Jun/2026:09:59:54 +0000] "PUT /d1/449/AUTH_965784611b4942ca97c5d5124e699aa1/gnocchi.b4e12d68-5d81-4afe-b064-63a456ee7c45/none_v3" 201 - "PUT http://172.18.0.2:8080/d1/211/AUTH_965784611b4942ca97c5d5124e699aa1/gnocchi.b4e12d68-5d81-4afe-b064-63a456ee7c45/none_v3" "tx3065311c65df458ca7538-006a27e41a" "object-server 24" 0.0009 "-" 23 0
Jun 9 09:59:54 standalone object-server[126667]: 172.20.0.100 - - [09/Jun/2026:09:59:54 +0000] "PUT /d1/211/AUTH_965784611b4942ca97c5d5124e699aa1/gnocchi.b4e12d68-5d81-4afe-b064-63a456ee7c45/none_v3" 201 - "PUT http://172.18.0.2:8080/v1/AUTH_965784611b4942ca97c5d5124e699aa1/gnocchi.b4e12d68-5d81-4afe-b064-63a456ee7c45/none_v3" "tx3065311c65df458ca7538-006a27e41a" "proxy-server 20" 0.0101 "-" 24 0
Jun 9 09:59:54 standalone proxy-server[128538]: 172.18.0.2 172.18.0.100 09/Jun/2026/09/59/54 PUT /v1/AUTH_965784611b4942ca97c5d5124e699aa1/gnocchi.b4e12d68-5d81-4afe-b064-63a456ee7c45/none_v3 HTTP/1.0 201 - python-swiftclient-3.11.1 gAAAAABqJ-M9MHvo... 22 - - tx3065311c65df458ca7538-006a27e41a - 0.0181 - - 1780999194.419034004 1780999194.437132597 0
Jun 9 09:59:54 standalone container-server[126527]: 172.20.0.100 - - [09/Jun/2026:09:59:54 +0000] "PUT /d1/619/AUTH_965784611b4942ca97c5d5124e699aa1/gnocchi.e9b5476c-657a-4c48-bf7e-4cad480bd0c5/none_v3" 201 - "PUT http://172.18.0.2:8080/d1/546/AUTH_965784611b4942ca97c5d5124e699aa1/gnocchi.e9b5476c-657a-4c48-bf7e-4cad480bd0c5/none_v3" "txdddfd1e5a05f4560bbf6e-006a27e41a" "object-server 25" 0.0007 "-" 20 0
Jun 9 09:59:54 standalone object-server[126681]: 172.20.0.100 - - [09/Jun/2026:09:59:54 +0000] "PUT /d1/546/AUTH_965784611b4942ca97c5d5124e699aa1/gnocchi.e9b5476c-657a-4c48-bf7e-4cad480bd0c5/none_v3" 201 - "PUT http://172.18.0.2:8080/v1/AUTH_965784611b4942ca97c5d5124e699aa1/gnocchi.e9b5476c-657a-4c48-bf7e-4cad480bd0c5/none_v3" "txdddfd1e5a05f4560bbf6e-006a27e41a" "proxy-server 20" 0.0106 "-" 25 0
Jun 9 09:59:54 standalone proxy-server[128538]: 172.18.0.2 172.18.0.100 09/Jun/2026/09/59/54 PUT /v1/AUTH_965784611b4942ca97c5d5124e699aa1/gnocchi.e9b5476c-657a-4c48-bf7e-4cad480bd0c5/none_v3 HTTP/1.0 201 - python-swiftclient-3.11.1 gAAAAABqJ-M9MHvo... 22 - - txdddfd1e5a05f4560bbf6e-006a27e41a - 0.0191 - - 1780999194.442794800 1780999194.461913824 0
Jun 9 09:59:54 standalone container-server[126536]: 172.20.0.100 - - [09/Jun/2026:09:59:54 +0000] "PUT /d1/570/AUTH_965784611b4942ca97c5d5124e699aa1/gnocchi.f93672fd-5bbf-42a3-9909-66427e1a0445/none_v3" 201 - "PUT http://172.18.0.2:8080/d1/907/AUTH_965784611b4942ca97c5d5124e699aa1/gnocchi.f93672fd-5bbf-42a3-9909-66427e1a0445/none_v3" "txa09886ac1bd84b7ea7078-006a27e41a" "object-server 25" 0.0007 "-" 21 0
Jun 9 09:59:54 standalone object-server[126681]: 172.20.0.100 - - [09/Jun/2026:09:59:54 +0000] "PUT /d1/907/AUTH_965784611b4942ca97c5d5124e699aa1/gnocchi.f93672fd-5bbf-42a3-9909-66427e1a0445/none_v3" 201 - "PUT http://172.18.0.2:8080/v1/AUTH_965784611b4942ca97c5d5124e699aa1/gnocchi.f93672fd-5bbf-42a3-9909-66427e1a0445/none_v3" "txa09886ac1bd84b7ea7078-006a27e41a" "proxy-server 20" 0.0118 "-" 25 0
Jun 9 09:59:54 standalone proxy-server[128538]: 172.18.0.2 172.18.0.100 09/Jun/2026/09/59/54 PUT /v1/AUTH_965784611b4942ca97c5d5124e699aa1/gnocchi.f93672fd-5bbf-42a3-9909-66427e1a0445/none_v3 HTTP/1.0 201 - python-swiftclient-3.11.1 gAAAAABqJ-M9MHvo... 22 - - txa09886ac1bd84b7ea7078-006a27e41a - 0.0191 - - 1780999194.466231346 1780999194.485301971 0
Jun 9 09:59:54 standalone container-server[126536]: 172.20.0.100 - - [09/Jun/2026:09:59:54 +0000] "HEAD /d1/378/AUTH_965784611b4942ca97c5d5124e699aa1/gnocchi.682b5c8d-20db-4115-a4aa-a6e4ea24ee5c" 404 - "HEAD http://172.18.0.2:8080/v1/AUTH_965784611b4942ca97c5d5124e699aa1/gnocchi.682b5c8d-20db-4115-a4aa-a6e4ea24ee5c?format=json&states=listing" "tx6c87f9eb97244d54ab2dd-006a27e41a" "proxy-server 20" 0.0005 "-" 21 0
Jun 9 09:59:54 standalone object-server[126681]: 172.20.0.100 - - [09/Jun/2026:09:59:54 +0000] "GET /d1/41/AUTH_965784611b4942ca97c5d5124e699aa1/gnocchi.682b5c8d-20db-4115-a4aa-a6e4ea24ee5c/none_v3" 404 70 "GET http://172.18.0.2:8080/v1/AUTH_965784611b4942ca97c5d5124e699aa1/gnocchi.682b5c8d-20db-4115-a4aa-a6e4ea24ee5c/none_v3" "tx6c87f9eb97244d54ab2dd-006a27e41a" "proxy-server 20" 0.0005 "-" 25 0
Jun 9 09:59:54 standalone proxy-server[128538]: 172.18.0.2 172.18.0.100 09/Jun/2026/09/59/54 GET /v1/AUTH_965784611b4942ca97c5d5124e699aa1/gnocchi.682b5c8d-20db-4115-a4aa-a6e4ea24ee5c/none_v3 HTTP/1.0 404 - python-swiftclient-3.11.1 gAAAAABqJ-M9MHvo... - 70 - tx6c87f9eb97244d54ab2dd-006a27e41a - 0.0126 - - 1780999194.502475023 1780999194.515029669 0
Jun 9 09:59:54 standalone account-server[126435]: 172.20.0.100 - - [09/Jun/2026:09:59:54 +0000] "PUT /d1/199/AUTH_965784611b4942ca97c5d5124e699aa1/gnocchi.682b5c8d-20db-4115-a4aa-a6e4ea24ee5c" 201 - "PUT http://172.20.0.100:6001/d1/378/AUTH_965784611b4942ca97c5d5124e699aa1/gnocchi.682b5c8d-20db-4115-a4aa-a6e4ea24ee5c" "tx39d14acea30546048e1d0-006a27e41a" "container-server 23" 0.0061 "-" 22 0
Jun 9 09:59:54 standalone container-server[126540]: 172.20.0.100 - - [09/Jun/2026:09:59:54 +0000] "PUT /d1/378/AUTH_965784611b4942ca97c5d5124e699aa1/gnocchi.682b5c8d-20db-4115-a4aa-a6e4ea24ee5c" 201 - "PUT http://172.18.0.2:8080/v1/AUTH_965784611b4942ca97c5d5124e699aa1/gnocchi.682b5c8d-20db-4115-a4aa-a6e4ea24ee5c" "tx39d14acea30546048e1d0-006a27e41a" "proxy-server 20" 0.0217 "-" 23 0
Jun 9 09:59:54 standalone proxy-server[128538]: 172.18.0.2 172.18.0.100 09/Jun/2026/09/59/54 PUT /v1/AUTH_965784611b4942ca97c5d5124e699aa1/gnocchi.682b5c8d-20db-4115-a4aa-a6e4ea24ee5c HTTP/1.0 201 - python-swiftclient-3.11.1 gAAAAABqJ-M9MHvo... - - - tx39d14acea30546048e1d0-006a27e41a - 0.0288 - - 1780999194.518568754 1780999194.547410011 0
Jun 9 09:59:54 standalone container-server[126537]: 172.20.0.100 - - [09/Jun/2026:09:59:54 +0000] "HEAD /d1/378/AUTH_965784611b4942ca97c5d5124e699aa1/gnocchi.682b5c8d-20db-4115-a4aa-a6e4ea24ee5c" 204 - "HEAD http://172.18.0.2:8080/v1/AUTH_965784611b4942ca97c5d5124e699aa1/gnocchi.682b5c8d-20db-4115-a4aa-a6e4ea24ee5c?format=json&states=listing" "tx7304b8c9ea6e4d63a67e4-006a27e41a" "proxy-server 20" 0.0021 "-" 22 0
Jun 9 09:59:54 standalone proxy-server[128538]: - - 09/Jun/2026/09/59/54 HEAD /v1/AUTH_965784611b4942ca97c5d5124e699aa1/gnocchi.682b5c8d-20db-4115-a4aa-a6e4ea24ee5c%3Fformat%3Djson%26states%3Dlisting HTTP/1.0 204 - Swift - - - - tx7304b8c9ea6e4d63a67e4-006a27e41a - 0.0067 RL - 1780999194.554354668 1780999194.561074972 0
Jun 9 09:59:54 standalone container-server[126536]: 172.20.0.100 - - [09/Jun/2026:09:59:54 +0000] "GET /d1/378/AUTH_965784611b4942ca97c5d5124e699aa1/gnocchi.682b5c8d-20db-4115-a4aa-a6e4ea24ee5c" 200 2 "GET http://172.18.0.2:8080/v1/AUTH_965784611b4942ca97c5d5124e699aa1/gnocchi.682b5c8d-20db-4115-a4aa-a6e4ea24ee5c?format=json&states=listing" "tx7304b8c9ea6e4d63a67e4-006a27e41a" "proxy-server 20" 0.0035 "-" 21 0
Jun 9 09:59:54 standalone proxy-server[128538]: 172.18.0.2 172.18.0.100 09/Jun/2026/09/59/54 GET /v1/AUTH_965784611b4942ca97c5d5124e699aa1/gnocchi.682b5c8d-20db-4115-a4aa-a6e4ea24ee5c%3Fformat%3Djson%26states%3Dlisting HTTP/1.0 200 - python-swiftclient-3.11.1 gAAAAABqJ-M9MHvo... - 2 - tx7304b8c9ea6e4d63a67e4-006a27e41a - 0.0248 - - 1780999194.552680492 1780999194.577451706 0
Jun 9 09:59:54 standalone object-server[126646]: 172.20.0.100 - - [09/Jun/2026:09:59:54 +0000] "GET /d1/826/AUTH_965784611b4942ca97c5d5124e699aa1/gnocchi.682b5c8d-20db-4115-a4aa-a6e4ea24ee5c/1780920000.0_mean_300.0_v3" 404 70 "GET http://172.18.0.2:8080/v1/AUTH_965784611b4942ca97c5d5124e699aa1/gnocchi.682b5c8d-20db-4115-a4aa-a6e4ea24ee5c/1780920000.0_mean_300.0_v3" "tx7c4c489c3a9c4caab33d4-006a27e41a" "proxy-server 20" 0.0005 "-" 21 0
Jun 9 09:59:54 standalone proxy-server[128538]: 172.18.0.2 172.18.0.100 09/Jun/2026/09/59/54 GET /v1/AUTH_965784611b4942ca97c5d5124e699aa1/gnocchi.682b5c8d-20db-4115-a4aa-a6e4ea24ee5c/1780920000.0_mean_300.0_v3 HTTP/1.0 404 - python-swiftclient-3.11.1 gAAAAABqJ-M9MHvo... - 70 - tx7c4c489c3a9c4caab33d4-006a27e41a - 0.0098 - - 1780999194.583274126 1780999194.593120098 0
Jun 9 09:59:54 standalone container-server[126527]: 172.20.0.100 - - [09/Jun/2026:09:59:54 +0000] "PUT /d1/378/AUTH_965784611b4942ca97c5d5124e699aa1/gnocchi.682b5c8d-20db-4115-a4aa-a6e4ea24ee5c/1780920000.0_mean_300.0_v3" 201 - "PUT http://172.18.0.2:8080/d1/826/AUTH_965784611b4942ca97c5d5124e699aa1/gnocchi.682b5c8d-20db-4115-a4aa-a6e4ea24ee5c/1780920000.0_mean_300.0_v3" "tx44439adf671d4a6cb57ee-006a27e41a" "object-server 25" 0.0008 "-" 20 0
Jun 9 09:59:54 standalone object-server[126681]: 172.20.0.100 - - [09/Jun/2026:09:59:54 +0000] "PUT /d1/826/AUTH_965784611b4942ca97c5d5124e699aa1/gnocchi.682b5c8d-20db-4115-a4aa-a6e4ea24ee5c/1780920000.0_mean_300.0_v3" 201 - "PUT http://172.18.0.2:8080/v1/AUTH_965784611b4942ca97c5d5124e699aa1/gnocchi.682b5c8d-20db-4115-a4aa-a6e4ea24ee5c/1780920000.0_mean_300.0_v3" "tx44439adf671d4a6cb57ee-006a27e41a" "proxy-server 20" 0.0125 "-" 25 0
Jun 9 09:59:54 standalone proxy-server[128538]: 172.18.0.2 172.18.0.100 09/Jun/2026/09/59/54 PUT /v1/AUTH_965784611b4942ca97c5d5124e699aa1/gnocchi.682b5c8d-20db-4115-a4aa-a6e4ea24ee5c/1780920000.0_mean_300.0_v3 HTTP/1.0 201 - python-swiftclient-3.11.1 gAAAAABqJ-M9MHvo... 16 - - tx44439adf671d4a6cb57ee-006a27e41a - 0.0213 - - 1780999194.597759724 1780999194.619043112 0
Jun 9 09:59:54 standalone container-server[126527]: 172.20.0.100 - - [09/Jun/2026:09:59:54 +0000] "PUT /d1/378/AUTH_965784611b4942ca97c5d5124e699aa1/gnocchi.682b5c8d-20db-4115-a4aa-a6e4ea24ee5c/none_v3" 201 - "PUT http://172.18.0.2:8080/d1/41/AUTH_965784611b4942ca97c5d5124e699aa1/gnocchi.682b5c8d-20db-4115-a4aa-a6e4ea24ee5c/none_v3" "tx280403ca14a043a6be55e-006a27e41a" "object-server 25" 0.0005 "-" 20 0
Jun 9 09:59:54 standalone object-server[126681]: 172.20.0.100 - - [09/Jun/2026:09:59:54 +0000] "PUT /d1/41/AUTH_965784611b4942ca97c5d5124e699aa1/gnocchi.682b5c8d-20db-4115-a4aa-a6e4ea24ee5c/none_v3" 201 - "PUT http://172.18.0.2:8080/v1/AUTH_965784611b4942ca97c5d5124e699aa1/gnocchi.682b5c8d-20db-4115-a4aa-a6e4ea24ee5c/none_v3" "tx280403ca14a043a6be55e-006a27e41a" "proxy-server 20" 0.0127 "-" 25 0
Jun 9 09:59:54 standalone proxy-server[128538]: 172.18.0.2 172.18.0.100 09/Jun/2026/09/59/54 PUT /v1/AUTH_965784611b4942ca97c5d5124e699aa1/gnocchi.682b5c8d-20db-4115-a4aa-a6e4ea24ee5c/none_v3 HTTP/1.0 201 - python-swiftclient-3.11.1 gAAAAABqJ-M9MHvo... 22 - - tx280403ca14a043a6be55e-006a27e41a - 0.0249 - - 1780999194.623844624 1780999194.648781776 0
Jun 9 09:59:54 standalone container-server[126537]: 172.20.0.100 - - [09/Jun/2026:09:59:54 +0000] "HEAD /d1/249/AUTH_965784611b4942ca97c5d5124e699aa1/gnocchi.77b901c0-e106-43a9-843b-a1fa36be167b" 404 - "HEAD http://172.18.0.2:8080/v1/AUTH_965784611b4942ca97c5d5124e699aa1/gnocchi.77b901c0-e106-43a9-843b-a1fa36be167b?format=json&states=listing" "txf431a1eda7f04ebc9db61-006a27e41a" "proxy-server 20" 0.0004 "-" 22 0
Jun 9 09:59:54 standalone object-server[126656]: 172.20.0.100 - - [09/Jun/2026:09:59:54 +0000] "GET /d1/218/AUTH_965784611b4942ca97c5d5124e699aa1/gnocchi.77b901c0-e106-43a9-843b-a1fa36be167b/none_v3" 404 70 "GET http://172.18.0.2:8080/v1/AUTH_965784611b4942ca97c5d5124e699aa1/gnocchi.77b901c0-e106-43a9-843b-a1fa36be167b/none_v3" "txf431a1eda7f04ebc9db61-006a27e41a" "proxy-server 20" 0.0005 "-" 23 0
Jun 9 09:59:54 standalone proxy-server[128538]: 172.18.0.2 172.18.0.100 09/Jun/2026/09/59/54 GET /v1/AUTH_965784611b4942ca97c5d5124e699aa1/gnocchi.77b901c0-e106-43a9-843b-a1fa36be167b/none_v3 HTTP/1.0 404 - python-swiftclient-3.11.1 gAAAAABqJ-M9MHvo... - 70 - txf431a1eda7f04ebc9db61-006a27e41a - 0.0122 - - 1780999194.664547682 1780999194.676700592 0
Jun 9 09:59:54 standalone account-server[126427]: 172.20.0.100 - - [09/Jun/2026:09:59:54 +0000] "PUT /d1/199/AUTH_965784611b4942ca97c5d5124e699aa1/gnocchi.77b901c0-e106-43a9-843b-a1fa36be167b" 201 - "PUT http://172.20.0.100:6001/d1/249/AUTH_965784611b4942ca97c5d5124e699aa1/gnocchi.77b901c0-e106-43a9-843b-a1fa36be167b" "tx60dd5c63390e49c1b2fab-006a27e41a" "container-server 23" 0.0054 "-" 21 0
Jun 9 09:59:54 standalone container-server[126540]: 172.20.0.100 - - [09/Jun/2026:09:59:54 +0000] "PUT /d1/249/AUTH_965784611b4942ca97c5d5124e699aa1/gnocchi.77b901c0-e106-43a9-843b-a1fa36be167b" 201 - "PUT http://172.18.0.2:8080/v1/AUTH_965784611b4942ca97c5d5124e699aa1/gnocchi.77b901c0-e106-43a9-843b-a1fa36be167b" "tx60dd5c63390e49c1b2fab-006a27e41a" "proxy-server 20" 0.0163 "-" 23 0
Jun 9 09:59:54 standalone proxy-server[128538]: 172.18.0.2 172.18.0.100 09/Jun/2026/09/59/54 PUT /v1/AUTH_965784611b4942ca97c5d5124e699aa1/gnocchi.77b901c0-e106-43a9-843b-a1fa36be167b HTTP/1.0 201 - python-swiftclient-3.11.1 gAAAAABqJ-M9MHvo... - - - tx60dd5c63390e49c1b2fab-006a27e41a - 0.0222 - - 1780999194.680709839 1780999194.702887774 0
Jun 9 09:59:54 standalone container-server[126536]: 172.20.0.100 - - [09/Jun/2026:09:59:54 +0000] "HEAD /d1/249/AUTH_965784611b4942ca97c5d5124e699aa1/gnocchi.77b901c0-e106-43a9-843b-a1fa36be167b" 204 - "HEAD http://172.18.0.2:8080/v1/AUTH_965784611b4942ca97c5d5124e699aa1/gnocchi.77b901c0-e106-43a9-843b-a1fa36be167b?format=json&states=listing" "tx0940734cb0a64cf28854e-006a27e41a" "proxy-server 20" 0.0023 "-" 21 0
Jun 9 09:59:54 standalone proxy-server[128538]: - - 09/Jun/2026/09/59/54 HEAD /v1/AUTH_965784611b4942ca97c5d5124e699aa1/gnocchi.77b901c0-e106-43a9-843b-a1fa36be167b%3Fformat%3Djson%26states%3Dlisting HTTP/1.0 204 - Swift - - - - tx0940734cb0a64cf28854e-006a27e41a - 0.0062 RL - 1780999194.710777044 1780999194.717023134 0
Jun 9 09:59:54 standalone container-server[126540]: 172.20.0.100 - - [09/Jun/2026:09:59:54 +0000] "GET /d1/249/AUTH_965784611b4942ca97c5d5124e699aa1/gnocchi.77b901c0-e106-43a9-843b-a1fa36be167b" 200 2 "GET http://172.18.0.2:8080/v1/AUTH_965784611b4942ca97c5d5124e699aa1/gnocchi.77b901c0-e106-43a9-843b-a1fa36be167b?format=json&states=listing" "tx0940734cb0a64cf28854e-006a27e41a" "proxy-server 20" 0.0044 "-" 23 0
Jun 9 09:59:54 standalone proxy-server[128538]: 172.18.0.2 172.18.0.100 09/Jun/2026/09/59/54 GET /v1/AUTH_965784611b4942ca97c5d5124e699aa1/gnocchi.77b901c0-e106-43a9-843b-a1fa36be167b%3Fformat%3Djson%26states%3Dlisting HTTP/1.0 200 - python-swiftclient-3.11.1 gAAAAABqJ-M9MHvo... - 2 - tx0940734cb0a64cf28854e-006a27e41a - 0.0180 - - 1780999194.709648371 1780999194.727636814 0
Jun 9 09:59:54 standalone object-server[126646]: 172.20.0.100 - - [09/Jun/2026:09:59:54 +0000] "GET /d1/876/AUTH_965784611b4942ca97c5d5124e699aa1/gnocchi.77b901c0-e106-43a9-843b-a1fa36be167b/1780920000.0_mean_300.0_v3" 404 70 "GET http://172.18.0.2:8080/v1/AUTH_965784611b4942ca97c5d5124e699aa1/gnocchi.77b901c0-e106-43a9-843b-a1fa36be167b/1780920000.0_mean_300.0_v3" "txe0317d277be64f12a5fa4-006a27e41a" "proxy-server 20" 0.0005 "-" 21 0
Jun 9 09:59:54 standalone proxy-server[128538]: 172.18.0.2 172.18.0.100 09/Jun/2026/09/59/54 GET /v1/AUTH_965784611b4942ca97c5d5124e699aa1/gnocchi.77b901c0-e106-43a9-843b-a1fa36be167b/1780920000.0_mean_300.0_v3 HTTP/1.0 404 - python-swiftclient-3.11.1 gAAAAABqJ-M9MHvo... - 70 - txe0317d277be64f12a5fa4-006a27e41a - 0.0064 - - 1780999194.732831955 1780999194.739273310 0
Jun 9 09:59:54 standalone container-server[126537]: 172.20.0.100 - - [09/Jun/2026:09:59:54 +0000] "PUT /d1/249/AUTH_965784611b4942ca97c5d5124e699aa1/gnocchi.77b901c0-e106-43a9-843b-a1fa36be167b/1780920000.0_mean_300.0_v3" 201 - "PUT http://172.18.0.2:8080/d1/876/AUTH_965784611b4942ca97c5d5124e699aa1/gnocchi.77b901c0-e106-43a9-843b-a1fa36be167b/1780920000.0_mean_300.0_v3" "tx06ba30bf587f41038601c-006a27e41a" "object-server 25" 0.0005 "-" 22 0
Jun 9 09:59:54 standalone object-server[126681]: 172.20.0.100 - - [09/Jun/2026:09:59:54 +0000] "PUT /d1/876/AUTH_965784611b4942ca97c5d5124e699aa1/gnocchi.77b901c0-e106-43a9-843b-a1fa36be167b/1780920000.0_mean_300.0_v3" 201 - "PUT http://172.18.0.2:8080/v1/AUTH_965784611b4942ca97c5d5124e699aa1/gnocchi.77b901c0-e106-43a9-843b-a1fa36be167b/1780920000.0_mean_300.0_v3" "tx06ba30bf587f41038601c-006a27e41a" "proxy-server 20" 0.0094 "-" 25 0
Jun 9 09:59:54 standalone proxy-server[128538]: 172.18.0.2 172.18.0.100 09/Jun/2026/09/59/54 PUT /v1/AUTH_965784611b4942ca97c5d5124e699aa1/gnocchi.77b901c0-e106-43a9-843b-a1fa36be167b/1780920000.0_mean_300.0_v3 HTTP/1.0 201 - python-swiftclient-3.11.1 gAAAAABqJ-M9MHvo... 16 - - tx06ba30bf587f41038601c-006a27e41a - 0.0145 - - 1780999194.743155479 1780999194.757664204 0
Jun 9 09:59:54 standalone container-server[126537]: 172.20.0.100 - - [09/Jun/2026:09:59:54 +0000] "PUT /d1/249/AUTH_965784611b4942ca97c5d5124e699aa1/gnocchi.77b901c0-e106-43a9-843b-a1fa36be167b/none_v3" 201 - "PUT http://172.18.0.2:8080/d1/218/AUTH_965784611b4942ca97c5d5124e699aa1/gnocchi.77b901c0-e106-43a9-843b-a1fa36be167b/none_v3" "tx9816869b06b14a819dbd8-006a27e41a" "object-server 21" 0.0006 "-" 22 0
Jun 9 09:59:54 standalone object-server[126646]: 172.20.0.100 - - [09/Jun/2026:09:59:54 +0000] "PUT /d1/218/AUTH_965784611b4942ca97c5d5124e699aa1/gnocchi.77b901c0-e106-43a9-843b-a1fa36be167b/none_v3" 201 - "PUT http://172.18.0.2:8080/v1/AUTH_965784611b4942ca97c5d5124e699aa1/gnocchi.77b901c0-e106-43a9-843b-a1fa36be167b/none_v3" "tx9816869b06b14a819dbd8-006a27e41a" "proxy-server 20" 0.0115 "-" 21 0
Jun 9 09:59:54 standalone proxy-server[128538]: 172.18.0.2 172.18.0.100 09/Jun/2026/09/59/54 PUT /v1/AUTH_965784611b4942ca97c5d5124e699aa1/gnocchi.77b901c0-e106-43a9-843b-a1fa36be167b/none_v3 HTTP/1.0 201 - python-swiftclient-3.11.1 gAAAAABqJ-M9MHvo... 22 - - tx9816869b06b14a819dbd8-006a27e41a - 0.0196 - - 1780999194.760895729 1780999194.780493975 0
Jun 9 09:59:54 standalone container-server[126527]: 172.20.0.100 - - [09/Jun/2026:09:59:54 +0000] "HEAD /d1/103/AUTH_965784611b4942ca97c5d5124e699aa1/gnocchi.7a2dbeb9-da94-485d-b391-5081a7de831c" 404 - "HEAD http://172.18.0.2:8080/v1/AUTH_965784611b4942ca97c5d5124e699aa1/gnocchi.7a2dbeb9-da94-485d-b391-5081a7de831c?format=json&states=listing" "tx5c466414e083455a9d2c6-006a27e41a" "proxy-server 20" 0.0006 "-" 20 0
Jun 9 09:59:54 standalone object-server[126656]: 172.20.0.100 - - [09/Jun/2026:09:59:54 +0000] "GET /d1/492/AUTH_965784611b4942ca97c5d5124e699aa1/gnocchi.7a2dbeb9-da94-485d-b391-5081a7de831c/none_v3" 404 70 "GET http://172.18.0.2:8080/v1/AUTH_965784611b4942ca97c5d5124e699aa1/gnocchi.7a2dbeb9-da94-485d-b391-5081a7de831c/none_v3" "tx5c466414e083455a9d2c6-006a27e41a" "proxy-server 20" 0.0004 "-" 23 0
Jun 9 09:59:54 standalone proxy-server[128538]: 172.18.0.2 172.18.0.100 09/Jun/2026/09/59/54 GET /v1/AUTH_965784611b4942ca97c5d5124e699aa1/gnocchi.7a2dbeb9-da94-485d-b391-5081a7de831c/none_v3 HTTP/1.0 404 - python-swiftclient-3.11.1 gAAAAABqJ-M9MHvo... - 70 - tx5c466414e083455a9d2c6-006a27e41a - 0.0098 - - 1780999194.796610832 1780999194.806410551 0
Jun 9 09:59:54 standalone account-server[126445]: 172.20.0.100 - - [09/Jun/2026:09:59:54 +0000] "PUT /d1/199/AUTH_965784611b4942ca97c5d5124e699aa1/gnocchi.7a2dbeb9-da94-485d-b391-5081a7de831c" 201 - "PUT http://172.20.0.100:6001/d1/103/AUTH_965784611b4942ca97c5d5124e699aa1/gnocchi.7a2dbeb9-da94-485d-b391-5081a7de831c" "tx17d626afdac0431cbcb4d-006a27e41a" "container-server 23" 0.0041 "-" 23 0
Jun 9 09:59:54 standalone container-server[126540]: 172.20.0.100 - - [09/Jun/2026:09:59:54 +0000] "PUT /d1/103/AUTH_965784611b4942ca97c5d5124e699aa1/gnocchi.7a2dbeb9-da94-485d-b391-5081a7de831c" 201 - "PUT http://172.18.0.2:8080/v1/AUTH_965784611b4942ca97c5d5124e699aa1/gnocchi.7a2dbeb9-da94-485d-b391-5081a7de831c" "tx17d626afdac0431cbcb4d-006a27e41a" "proxy-server 20" 0.0149 "-" 23 0
Jun 9 09:59:54 standalone proxy-server[128538]: 172.18.0.2 172.18.0.100 09/Jun/2026/09/59/54 PUT /v1/AUTH_965784611b4942ca97c5d5124e699aa1/gnocchi.7a2dbeb9-da94-485d-b391-5081a7de831c HTTP/1.0 201 - python-swiftclient-3.11.1 gAAAAABqJ-M9MHvo... - - - tx17d626afdac0431cbcb4d-006a27e41a - 0.0202 - - 1780999194.811052084 1780999194.831225634 0
Jun 9 09:59:54 standalone container-server[126540]: 172.20.0.100 - - [09/Jun/2026:09:59:54 +0000] "HEAD /d1/103/AUTH_965784611b4942ca97c5d5124e699aa1/gnocchi.7a2dbeb9-da94-485d-b391-5081a7de831c" 204 - "HEAD http://172.18.0.2:8080/v1/AUTH_965784611b4942ca97c5d5124e699aa1/gnocchi.7a2dbeb9-da94-485d-b391-5081a7de831c?format=json&states=listing" "tx308e79965d37478baa244-006a27e41a" "proxy-server 20" 0.0013 "-" 23 0
Jun 9 09:59:54 standalone proxy-server[128538]: - - 09/Jun/2026/09/59/54 HEAD /v1/AUTH_965784611b4942ca97c5d5124e699aa1/gnocchi.7a2dbeb9-da94-485d-b391-5081a7de831c%3Fformat%3Djson%26states%3Dlisting HTTP/1.0 204 - Swift - - - - tx308e79965d37478baa244-006a27e41a - 0.0046 RL - 1780999194.838294744 1780999194.842921734 0
Jun 9 09:59:54 standalone container-server[126536]: 172.20.0.100 - - [09/Jun/2026:09:59:54 +0000] "GET /d1/103/AUTH_965784611b4942ca97c5d5124e699aa1/gnocchi.7a2dbeb9-da94-485d-b391-5081a7de831c" 200 2 "GET http://172.18.0.2:8080/v1/AUTH_965784611b4942ca97c5d5124e699aa1/gnocchi.7a2dbeb9-da94-485d-b391-5081a7de831c?format=json&states=listing" "tx308e79965d37478baa244-006a27e41a" "proxy-server 20" 0.0030 "-" 21 0
Jun 9 09:59:54 standalone proxy-server[128538]: 172.18.0.2 172.18.0.100 09/Jun/2026/09/59/54 GET /v1/AUTH_965784611b4942ca97c5d5124e699aa1/gnocchi.7a2dbeb9-da94-485d-b391-5081a7de831c%3Fformat%3Djson%26states%3Dlisting HTTP/1.0 200 - python-swiftclient-3.11.1 gAAAAABqJ-M9MHvo... - 2 - tx308e79965d37478baa244-006a27e41a - 0.0150 - - 1780999194.837169886 1780999194.852145433 0
Jun 9 09:59:54 standalone object-server[126681]: 172.20.0.100 - - [09/Jun/2026:09:59:54 +0000] "GET /d1/912/AUTH_965784611b4942ca97c5d5124e699aa1/gnocchi.7a2dbeb9-da94-485d-b391-5081a7de831c/1780920000.0_mean_300.0_v3" 404 70 "GET http://172.18.0.2:8080/v1/AUTH_965784611b4942ca97c5d5124e699aa1/gnocchi.7a2dbeb9-da94-485d-b391-5081a7de831c/1780920000.0_mean_300.0_v3" "tx1c9d1c53fe574bc4bd6ea-006a27e41a" "proxy-server 20" 0.0003 "-" 25 0
Jun 9 09:59:54 standalone proxy-server[128538]: 172.18.0.2 172.18.0.100 09/Jun/2026/09/59/54 GET /v1/AUTH_965784611b4942ca97c5d5124e699aa1/gnocchi.7a2dbeb9-da94-485d-b391-5081a7de831c/1780920000.0_mean_300.0_v3 HTTP/1.0 404 - python-swiftclient-3.11.1 gAAAAABqJ-M9MHvo... - 70 - tx1c9d1c53fe574bc4bd6ea-006a27e41a - 0.0081 - - 1780999194.859155655 1780999194.867244005 0
Jun 9 09:59:54 standalone container-server[126536]: 172.20.0.100 - - [09/Jun/2026:09:59:54 +0000] "PUT /d1/103/AUTH_965784611b4942ca97c5d5124e699aa1/gnocchi.7a2dbeb9-da94-485d-b391-5081a7de831c/1780920000.0_mean_300.0_v3" 201 - "PUT http://172.18.0.2:8080/d1/912/AUTH_965784611b4942ca97c5d5124e699aa1/gnocchi.7a2dbeb9-da94-485d-b391-5081a7de831c/1780920000.0_mean_300.0_v3" "tx7465d66b47804600ad95f-006a27e41a" "object-server 24" 0.0009 "-" 21 0
Jun 9 09:59:54 standalone object-server[126667]: 172.20.0.100 - - [09/Jun/2026:09:59:54 +0000] "PUT /d1/912/AUTH_965784611b4942ca97c5d5124e699aa1/gnocchi.7a2dbeb9-da94-485d-b391-5081a7de831c/1780920000.0_mean_300.0_v3" 201 - "PUT http://172.18.0.2:8080/v1/AUTH_965784611b4942ca97c5d5124e699aa1/gnocchi.7a2dbeb9-da94-485d-b391-5081a7de831c/1780920000.0_mean_300.0_v3" "tx7465d66b47804600ad95f-006a27e41a" "proxy-server 20" 0.0134 "-" 24 0
Jun 9 09:59:54 standalone proxy-server[128538]: 172.18.0.2 172.18.0.100 09/Jun/2026/09/59/54 PUT /v1/AUTH_965784611b4942ca97c5d5124e699aa1/gnocchi.7a2dbeb9-da94-485d-b391-5081a7de831c/1780920000.0_mean_300.0_v3 HTTP/1.0 201 - python-swiftclient-3.11.1 gAAAAABqJ-M9MHvo... 16 - - tx7465d66b47804600ad95f-006a27e41a - 0.0201 - - 1780999194.871733427 1780999194.891808271 0
Jun 9 09:59:54 standalone container-server[126537]: 172.20.0.100 - - [09/Jun/2026:09:59:54 +0000] "PUT /d1/103/AUTH_965784611b4942ca97c5d5124e699aa1/gnocchi.7a2dbeb9-da94-485d-b391-5081a7de831c/none_v3" 201 - "PUT http://172.18.0.2:8080/d1/492/AUTH_965784611b4942ca97c5d5124e699aa1/gnocchi.7a2dbeb9-da94-485d-b391-5081a7de831c/none_v3" "tx331d44c7759a4dc4b73c6-006a27e41a" "object-server 21" 0.0005 "-" 22 0
Jun 9 09:59:54 standalone object-server[126646]: 172.20.0.100 - - [09/Jun/2026:09:59:54 +0000] "PUT /d1/492/AUTH_965784611b4942ca97c5d5124e699aa1/gnocchi.7a2dbeb9-da94-485d-b391-5081a7de831c/none_v3" 201 - "PUT http://172.18.0.2:8080/v1/AUTH_965784611b4942ca97c5d5124e699aa1/gnocchi.7a2dbeb9-da94-485d-b391-5081a7de831c/none_v3" "tx331d44c7759a4dc4b73c6-006a27e41a" "proxy-server 20" 0.0096 "-" 21 0
Jun 9 09:59:54 standalone proxy-server[128538]: 172.18.0.2 172.18.0.100 09/Jun/2026/09/59/54 PUT /v1/AUTH_965784611b4942ca97c5d5124e699aa1/gnocchi.7a2dbeb9-da94-485d-b391-5081a7de831c/none_v3 HTTP/1.0 201 - python-swiftclient-3.11.1 gAAAAABqJ-M9MHvo... 22 - - tx331d44c7759a4dc4b73c6-006a27e41a - 0.0144 - - 1780999194.894630432 1780999194.909050703 0
Jun 9 09:59:54 standalone container-server[126540]: 172.20.0.100 - - [09/Jun/2026:09:59:54 +0000] "HEAD /d1/677/AUTH_965784611b4942ca97c5d5124e699aa1/gnocchi.4a559ae2-2e5e-4e35-abdf-94f385678b76" 404 - "HEAD http://172.18.0.2:8080/v1/AUTH_965784611b4942ca97c5d5124e699aa1/gnocchi.4a559ae2-2e5e-4e35-abdf-94f385678b76?format=json&states=listing" "txea1ddb6fc3404edeb774a-006a27e41a" "proxy-server 20" 0.0006 "-" 23 0
Jun 9 09:59:54 standalone object-server[126646]: 172.20.0.100 - - [09/Jun/2026:09:59:54 +0000] "GET /d1/229/AUTH_965784611b4942ca97c5d5124e699aa1/gnocchi.4a559ae2-2e5e-4e35-abdf-94f385678b76/none_v3" 404 70 "GET http://172.18.0.2:8080/v1/AUTH_965784611b4942ca97c5d5124e699aa1/gnocchi.4a559ae2-2e5e-4e35-abdf-94f385678b76/none_v3" "txea1ddb6fc3404edeb774a-006a27e41a" "proxy-server 20" 0.0004 "-" 21 0
Jun 9 09:59:54 standalone proxy-server[128538]: 172.18.0.2 172.18.0.100 09/Jun/2026/09/59/54 GET /v1/AUTH_965784611b4942ca97c5d5124e699aa1/gnocchi.4a559ae2-2e5e-4e35-abdf-94f385678b76/none_v3 HTTP/1.0 404 - python-swiftclient-3.11.1 gAAAAABqJ-M9MHvo... - 70 - txea1ddb6fc3404edeb774a-006a27e41a - 0.0084 - - 1780999194.918523073 1780999194.926891565 0
Jun 9 09:59:54 standalone account-server[126427]: 172.20.0.100 - - [09/Jun/2026:09:59:54 +0000] "PUT /d1/199/AUTH_965784611b4942ca97c5d5124e699aa1/gnocchi.4a559ae2-2e5e-4e35-abdf-94f385678b76" 201 - "PUT http://172.20.0.100:6001/d1/677/AUTH_965784611b4942ca97c5d5124e699aa1/gnocchi.4a559ae2-2e5e-4e35-abdf-94f385678b76" "txf71d91b5db9540d6901f5-006a27e41a" "container-server 21" 0.0048 "-" 21 0
Jun 9 09:59:54 standalone container-server[126536]: 172.20.0.100 - - [09/Jun/2026:09:59:54 +0000] "PUT /d1/677/AUTH_965784611b4942ca97c5d5124e699aa1/gnocchi.4a559ae2-2e5e-4e35-abdf-94f385678b76" 201 - "PUT http://172.18.0.2:8080/v1/AUTH_965784611b4942ca97c5d5124e699aa1/gnocchi.4a559ae2-2e5e-4e35-abdf-94f385678b76" "txf71d91b5db9540d6901f5-006a27e41a" "proxy-server 20" 0.0140 "-" 21 0
Jun 9 09:59:54 standalone proxy-server[128538]: 172.18.0.2 172.18.0.100 09/Jun/2026/09/59/54 PUT /v1/AUTH_965784611b4942ca97c5d5124e699aa1/gnocchi.4a559ae2-2e5e-4e35-abdf-94f385678b76 HTTP/1.0 201 - python-swiftclient-3.11.1 gAAAAABqJ-M9MHvo... - - - txf71d91b5db9540d6901f5-006a27e41a - 0.0188 - - 1780999194.929038048 1780999194.947844028 0
Jun 9 09:59:54 standalone container-server[126537]: 172.20.0.100 - - [09/Jun/2026:09:59:54 +0000] "HEAD /d1/677/AUTH_965784611b4942ca97c5d5124e699aa1/gnocchi.4a559ae2-2e5e-4e35-abdf-94f385678b76" 204 - "HEAD http://172.18.0.2:8080/v1/AUTH_965784611b4942ca97c5d5124e699aa1/gnocchi.4a559ae2-2e5e-4e35-abdf-94f385678b76?format=json&states=listing" "tx9b78b3242a0a47d7a9441-006a27e41a" "proxy-server 20" 0.0023 "-" 22 0
Jun 9 09:59:54 standalone proxy-server[128538]: - - 09/Jun/2026/09/59/54 HEAD /v1/AUTH_965784611b4942ca97c5d5124e699aa1/gnocchi.4a559ae2-2e5e-4e35-abdf-94f385678b76%3Fformat%3Djson%26states%3Dlisting HTTP/1.0 204 - Swift - - - - tx9b78b3242a0a47d7a9441-006a27e41a - 0.0079 RL - 1780999194.952867746 1780999194.960743189 0
Jun 9 09:59:54 standalone container-server[126527]: 172.20.0.100 - - [09/Jun/2026:09:59:54 +0000] "GET /d1/677/AUTH_965784611b4942ca97c5d5124e699aa1/gnocchi.4a559ae2-2e5e-4e35-abdf-94f385678b76" 200 2 "GET http://172.18.0.2:8080/v1/AUTH_965784611b4942ca97c5d5124e699aa1/gnocchi.4a559ae2-2e5e-4e35-abdf-94f385678b76?format=json&states=listing" "tx9b78b3242a0a47d7a9441-006a27e41a" "proxy-server 20" 0.0022 "-" 20 0
Jun 9 09:59:54 standalone proxy-server[128538]: 172.18.0.2 172.18.0.100 09/Jun/2026/09/59/54 GET /v1/AUTH_965784611b4942ca97c5d5124e699aa1/gnocchi.4a559ae2-2e5e-4e35-abdf-94f385678b76%3Fformat%3Djson%26states%3Dlisting HTTP/1.0 200 - python-swiftclient-3.11.1 gAAAAABqJ-M9MHvo... - 2 - tx9b78b3242a0a47d7a9441-006a27e41a - 0.0209 - - 1780999194.951261997 1780999194.972192049 0
Jun 9 09:59:54 standalone object-server[126656]: 172.20.0.100 - - [09/Jun/2026:09:59:54 +0000] "GET /d1/795/AUTH_965784611b4942ca97c5d5124e699aa1/gnocchi.4a559ae2-2e5e-4e35-abdf-94f385678b76/1780920000.0_mean_300.0_v3" 404 70 "GET http://172.18.0.2:8080/v1/AUTH_965784611b4942ca97c5d5124e699aa1/gnocchi.4a559ae2-2e5e-4e35-abdf-94f385678b76/1780920000.0_mean_300.0_v3" "txec32bff0dcde43b799924-006a27e41a" "proxy-server 20" 0.0005 "-" 23 0
Jun 9 09:59:54 standalone proxy-server[128538]: 172.18.0.2 172.18.0.100 09/Jun/2026/09/59/54 GET /v1/AUTH_965784611b4942ca97c5d5124e699aa1/gnocchi.4a559ae2-2e5e-4e35-abdf-94f385678b76/1780920000.0_mean_300.0_v3 HTTP/1.0 404 - python-swiftclient-3.11.1 gAAAAABqJ-M9MHvo... - 70 - txec32bff0dcde43b799924-006a27e41a - 0.0059 - - 1780999194.974979639 1780999194.980833769 0
Jun 9 09:59:54 standalone container-server[126540]: 172.20.0.100 - - [09/Jun/2026:09:59:54 +0000] "PUT /d1/677/AUTH_965784611b4942ca97c5d5124e699aa1/gnocchi.4a559ae2-2e5e-4e35-abdf-94f385678b76/1780920000.0_mean_300.0_v3" 201 - "PUT http://172.18.0.2:8080/d1/795/AUTH_965784611b4942ca97c5d5124e699aa1/gnocchi.4a559ae2-2e5e-4e35-abdf-94f385678b76/1780920000.0_mean_300.0_v3" "tx0a2742f410e4450da06d7-006a27e41a" "object-server 23" 0.0008 "-" 23 0
Jun 9 09:59:54 standalone object-server[126656]: 172.20.0.100 - - [09/Jun/2026:09:59:54 +0000] "PUT /d1/795/AUTH_965784611b4942ca97c5d5124e699aa1/gnocchi.4a559ae2-2e5e-4e35-abdf-94f385678b76/1780920000.0_mean_300.0_v3" 201 - "PUT http://172.18.0.2:8080/v1/AUTH_965784611b4942ca97c5d5124e699aa1/gnocchi.4a559ae2-2e5e-4e35-abdf-94f385678b76/1780920000.0_mean_300.0_v3" "tx0a2742f410e4450da06d7-006a27e41a" "proxy-server 20" 0.0108 "-" 23 0
Jun 9 09:59:54 standalone proxy-server[128538]: 172.18.0.2 172.18.0.100 09/Jun/2026/09/59/54 PUT /v1/AUTH_965784611b4942ca97c5d5124e699aa1/gnocchi.4a559ae2-2e5e-4e35-abdf-94f385678b76/1780920000.0_mean_300.0_v3 HTTP/1.0 201 - python-swiftclient-3.11.1 gAAAAABqJ-M9MHvo... 16 - - tx0a2742f410e4450da06d7-006a27e41a - 0.0153 - - 1780999194.982744694 1780999194.998024464 0
Jun 9 09:59:55 standalone container-server[126537]: 172.20.0.100 - - [09/Jun/2026:09:59:55 +0000] "PUT /d1/677/AUTH_965784611b4942ca97c5d5124e699aa1/gnocchi.4a559ae2-2e5e-4e35-abdf-94f385678b76/none_v3" 201 - "PUT http://172.18.0.2:8080/d1/229/AUTH_965784611b4942ca97c5d5124e699aa1/gnocchi.4a559ae2-2e5e-4e35-abdf-94f385678b76/none_v3" "tx978a92ddcb0d4b739144f-006a27e41a" "object-server 25" 0.0006 "-" 22 0
Jun 9 09:59:55 standalone object-server[126681]: 172.20.0.100 - - [09/Jun/2026:09:59:55 +0000] "PUT /d1/229/AUTH_965784611b4942ca97c5d5124e699aa1/gnocchi.4a559ae2-2e5e-4e35-abdf-94f385678b76/none_v3" 201 - "PUT http://172.18.0.2:8080/v1/AUTH_965784611b4942ca97c5d5124e699aa1/gnocchi.4a559ae2-2e5e-4e35-abdf-94f385678b76/none_v3" "tx978a92ddcb0d4b739144f-006a27e41a" "proxy-server 20" 0.0106 "-" 25 0
Jun 9 09:59:55 standalone proxy-server[128538]: 172.18.0.2 172.18.0.100 09/Jun/2026/09/59/55 PUT /v1/AUTH_965784611b4942ca97c5d5124e699aa1/gnocchi.4a559ae2-2e5e-4e35-abdf-94f385678b76/none_v3 HTTP/1.0 201 - python-swiftclient-3.11.1 gAAAAABqJ-M9MHvo... 22 - - tx978a92ddcb0d4b739144f-006a27e41a - 0.0153 - - 1780999194.999819994 1780999195.015121937 0
Jun 9 09:59:55 standalone container-server[126527]: 172.20.0.100 - - [09/Jun/2026:09:59:55 +0000] "HEAD /d1/38/AUTH_965784611b4942ca97c5d5124e699aa1/gnocchi.afe83746-361e-4315-bd15-ab7d284bb08e" 404 - "HEAD http://172.18.0.2:8080/v1/AUTH_965784611b4942ca97c5d5124e699aa1/gnocchi.afe83746-361e-4315-bd15-ab7d284bb08e?format=json&states=listing" "tx281cff9f4e7b4a6298b79-006a27e41b" "proxy-server 20" 0.0004 "-" 20 0
Jun 9 09:59:55 standalone object-server[126646]: 172.20.0.100 - - [09/Jun/2026:09:59:55 +0000] "GET /d1/1013/AUTH_965784611b4942ca97c5d5124e699aa1/gnocchi.afe83746-361e-4315-bd15-ab7d284bb08e/none_v3" 404 70 "GET http://172.18.0.2:8080/v1/AUTH_965784611b4942ca97c5d5124e699aa1/gnocchi.afe83746-361e-4315-bd15-ab7d284bb08e/none_v3" "tx281cff9f4e7b4a6298b79-006a27e41b" "proxy-server 20" 0.0003 "-" 21 0
Jun 9 09:59:55 standalone proxy-server[128538]: 172.18.0.2 172.18.0.100 09/Jun/2026/09/59/55 GET /v1/AUTH_965784611b4942ca97c5d5124e699aa1/gnocchi.afe83746-361e-4315-bd15-ab7d284bb08e/none_v3 HTTP/1.0 404 - python-swiftclient-3.11.1 gAAAAABqJ-M9MHvo... - 70 - tx281cff9f4e7b4a6298b79-006a27e41b - 0.0074 - - 1780999195.025254965 1780999195.032666683 0
Jun 9 09:59:55 standalone account-server[126427]: 172.20.0.100 - - [09/Jun/2026:09:59:55 +0000] "PUT /d1/199/AUTH_965784611b4942ca97c5d5124e699aa1/gnocchi.afe83746-361e-4315-bd15-ab7d284bb08e" 201 - "PUT http://172.20.0.100:6001/d1/38/AUTH_965784611b4942ca97c5d5124e699aa1/gnocchi.afe83746-361e-4315-bd15-ab7d284bb08e" "tx5779ac73484142aeadd16-006a27e41b" "container-server 21" 0.0043 "-" 21 0
Jun 9 09:59:55 standalone container-server[126536]: 172.20.0.100 - - [09/Jun/2026:09:59:55 +0000] "PUT /d1/38/AUTH_965784611b4942ca97c5d5124e699aa1/gnocchi.afe83746-361e-4315-bd15-ab7d284bb08e" 201 - "PUT http://172.18.0.2:8080/v1/AUTH_965784611b4942ca97c5d5124e699aa1/gnocchi.afe83746-361e-4315-bd15-ab7d284bb08e" "tx5779ac73484142aeadd16-006a27e41b" "proxy-server 20" 0.0137 "-" 21 0
Jun 9 09:59:55 standalone proxy-server[128538]: 172.18.0.2 172.18.0.100 09/Jun/2026/09/59/55 PUT /v1/AUTH_965784611b4942ca97c5d5124e699aa1/gnocchi.afe83746-361e-4315-bd15-ab7d284bb08e HTTP/1.0 201 - python-swiftclient-3.11.1 gAAAAABqJ-M9MHvo... - - - tx5779ac73484142aeadd16-006a27e41b - 0.0188 - - 1780999195.034732819 1780999195.053552628 0
Jun 9 09:59:55 standalone container-server[126536]: 172.20.0.100 - - [09/Jun/2026:09:59:55 +0000] "HEAD /d1/38/AUTH_965784611b4942ca97c5d5124e699aa1/gnocchi.afe83746-361e-4315-bd15-ab7d284bb08e" 204 - "HEAD http://172.18.0.2:8080/v1/AUTH_965784611b4942ca97c5d5124e699aa1/gnocchi.afe83746-361e-4315-bd15-ab7d284bb08e?format=json&states=listing" "txcb51a645cee743b7850b3-006a27e41b" "proxy-server 20" 0.0019 "-" 21 0
Jun 9 09:59:55 standalone proxy-server[128538]: - - 09/Jun/2026/09/59/55 HEAD /v1/AUTH_965784611b4942ca97c5d5124e699aa1/gnocchi.afe83746-361e-4315-bd15-ab7d284bb08e%3Fformat%3Djson%26states%3Dlisting HTTP/1.0 204 - Swift - - - - txcb51a645cee743b7850b3-006a27e41b - 0.0045 RL - 1780999195.057626486 1780999195.062095881 0
Jun 9 09:59:55 standalone container-server[126537]: 172.20.0.100 - - [09/Jun/2026:09:59:55 +0000] "GET /d1/38/AUTH_965784611b4942ca97c5d5124e699aa1/gnocchi.afe83746-361e-4315-bd15-ab7d284bb08e" 200 2 "GET http://172.18.0.2:8080/v1/AUTH_965784611b4942ca97c5d5124e699aa1/gnocchi.afe83746-361e-4315-bd15-ab7d284bb08e?format=json&states=listing" "txcb51a645cee743b7850b3-006a27e41b" "proxy-server 20" 0.0022 "-" 22 0
Jun 9 09:59:55 standalone proxy-server[128538]: 172.18.0.2 172.18.0.100 09/Jun/2026/09/59/55 GET /v1/AUTH_965784611b4942ca97c5d5124e699aa1/gnocchi.afe83746-361e-4315-bd15-ab7d284bb08e%3Fformat%3Djson%26states%3Dlisting HTTP/1.0 200 - python-swiftclient-3.11.1 gAAAAABqJ-M9MHvo... - 2 - txcb51a645cee743b7850b3-006a27e41b - 0.0119 - - 1780999195.056615591 1780999195.068534613 0
Jun 9 09:59:55 standalone object-server[126646]: 172.20.0.100 - - [09/Jun/2026:09:59:55 +0000] "GET /d1/421/AUTH_965784611b4942ca97c5d5124e699aa1/gnocchi.afe83746-361e-4315-bd15-ab7d284bb08e/1780920000.0_mean_300.0_v3" 404 70 "GET http://172.18.0.2:8080/v1/AUTH_965784611b4942ca97c5d5124e699aa1/gnocchi.afe83746-361e-4315-bd15-ab7d284bb08e/1780920000.0_mean_300.0_v3" "tx87851c7bf0794f83934d2-006a27e41b" "proxy-server 20" 0.0004 "-" 21 0
Jun 9 09:59:55 standalone proxy-server[128538]: 172.18.0.2 172.18.0.100 09/Jun/2026/09/59/55 GET /v1/AUTH_965784611b4942ca97c5d5124e699aa1/gnocchi.afe83746-361e-4315-bd15-ab7d284bb08e/1780920000.0_mean_300.0_v3 HTTP/1.0 404 - python-swiftclient-3.11.1 gAAAAABqJ-M9MHvo... - 70 - tx87851c7bf0794f83934d2-006a27e41b - 0.0044 - - 1780999195.071515560 1780999195.075931311 0
Jun 9 09:59:55 standalone container-server[126527]: 172.20.0.100 - - [09/Jun/2026:09:59:55 +0000] "PUT /d1/38/AUTH_965784611b4942ca97c5d5124e699aa1/gnocchi.afe83746-361e-4315-bd15-ab7d284bb08e/1780920000.0_mean_300.0_v3" 201 - "PUT http://172.18.0.2:8080/d1/421/AUTH_965784611b4942ca97c5d5124e699aa1/gnocchi.afe83746-361e-4315-bd15-ab7d284bb08e/1780920000.0_mean_300.0_v3" "txac3f574bbd74469092bd1-006a27e41b" "object-server 25" 0.0006 "-" 20 0
