Jun 9 09:58:22 standalone proxy-server[128538]: 172.18.0.2 172.18.0.100 09/Jun/2026/09/58/22 GET /v1/AUTH_965784611b4942ca97c5d5124e699aa1/gnocchi.d60087b4-69e2-4a15-afe2-a563f7c4dcf5%3Fformat%3Djson%26states%3Dlisting HTTP/1.0 200 - python-swiftclient-3.11.1 gAAAAABqJ-M9MHvo... - 2 - txbaf71b214cbb452190038-006a27e3be - 0.0120 - - 1780999102.105820894 1780999102.117854118 0
Jun 9 09:58:22 standalone object-server[126681]: 172.20.0.100 - - [09/Jun/2026:09:58:22 +0000] "GET /d1/471/AUTH_965784611b4942ca97c5d5124e699aa1/gnocchi.d60087b4-69e2-4a15-afe2-a563f7c4dcf5/1780920000.0_mean_300.0_v3" 404 70 "GET http://172.18.0.2:8080/v1/AUTH_965784611b4942ca97c5d5124e699aa1/gnocchi.d60087b4-69e2-4a15-afe2-a563f7c4dcf5/1780920000.0_mean_300.0_v3" "tx3e67b9ab9709453c913df-006a27e3be" "proxy-server 20" 0.0005 "-" 25 0
Jun 9 09:58:22 standalone proxy-server[128538]: 172.18.0.2 172.18.0.100 09/Jun/2026/09/58/22 GET /v1/AUTH_965784611b4942ca97c5d5124e699aa1/gnocchi.d60087b4-69e2-4a15-afe2-a563f7c4dcf5/1780920000.0_mean_300.0_v3 HTTP/1.0 404 - python-swiftclient-3.11.1 gAAAAABqJ-M9MHvo... - 70 - tx3e67b9ab9709453c913df-006a27e3be - 0.0051 - - 1780999102.121107340 1780999102.126251221 0
Jun 9 09:58:22 standalone account-server[126435]: 172.20.0.100 - - [09/Jun/2026:09:58:22 +0000] "HEAD /d1/199/AUTH_965784611b4942ca97c5d5124e699aa1" 204 - "HEAD http://172.18.0.2:8080/v1/AUTH_965784611b4942ca97c5d5124e699aa1?format=json" "tx35505319aa6a4769a35d8-006a27e3be" "proxy-server 20" 0.0048 "-" 22 -
Jun 9 09:58:22 standalone proxy-server[128538]: - - 09/Jun/2026/09/58/22 HEAD /v1/AUTH_965784611b4942ca97c5d5124e699aa1%3Fformat%3Djson HTTP/1.0 204 - Swift - - - - tx35505319aa6a4769a35d8-006a27e3be - 0.0071 RL - 1780999102.129517794 1780999102.136633635 -
Jun 9 09:58:22 standalone container-server[126536]: 172.20.0.100 - - [09/Jun/2026:09:58:22 +0000] "PUT /d1/73/AUTH_965784611b4942ca97c5d5124e699aa1/gnocchi.d60087b4-69e2-4a15-afe2-a563f7c4dcf5/1780920000.0_mean_300.0_v3" 201 - "PUT http://172.18.0.2:8080/d1/471/AUTH_965784611b4942ca97c5d5124e699aa1/gnocchi.d60087b4-69e2-4a15-afe2-a563f7c4dcf5/1780920000.0_mean_300.0_v3" "tx35505319aa6a4769a35d8-006a27e3be" "object-server 23" 0.0008 "-" 21 0
Jun 9 09:58:22 standalone object-server[126656]: 172.20.0.100 - - [09/Jun/2026:09:58:22 +0000] "PUT /d1/471/AUTH_965784611b4942ca97c5d5124e699aa1/gnocchi.d60087b4-69e2-4a15-afe2-a563f7c4dcf5/1780920000.0_mean_300.0_v3" 201 - "PUT http://172.18.0.2:8080/v1/AUTH_965784611b4942ca97c5d5124e699aa1/gnocchi.d60087b4-69e2-4a15-afe2-a563f7c4dcf5/1780920000.0_mean_300.0_v3" "tx35505319aa6a4769a35d8-006a27e3be" "proxy-server 20" 0.0091 "-" 23 0
Jun 9 09:58:22 standalone proxy-server[128538]: 172.18.0.2 172.18.0.100 09/Jun/2026/09/58/22 PUT /v1/AUTH_965784611b4942ca97c5d5124e699aa1/gnocchi.d60087b4-69e2-4a15-afe2-a563f7c4dcf5/1780920000.0_mean_300.0_v3 HTTP/1.0 201 - python-swiftclient-3.11.1 gAAAAABqJ-M9MHvo... 16 - - tx35505319aa6a4769a35d8-006a27e3be - 0.0217 - - 1780999102.129037380 1780999102.150707245 0
Jun 9 09:58:22 standalone container-server[126537]: 172.20.0.100 - - [09/Jun/2026:09:58:22 +0000] "PUT /d1/73/AUTH_965784611b4942ca97c5d5124e699aa1/gnocchi.d60087b4-69e2-4a15-afe2-a563f7c4dcf5/none_v3" 201 - "PUT http://172.18.0.2:8080/d1/0/AUTH_965784611b4942ca97c5d5124e699aa1/gnocchi.d60087b4-69e2-4a15-afe2-a563f7c4dcf5/none_v3" "txc6143a09a68f4abda2ee1-006a27e3be" "object-server 24" 0.0005 "-" 22 0
Jun 9 09:58:22 standalone object-server[126667]: 172.20.0.100 - - [09/Jun/2026:09:58:22 +0000] "PUT /d1/0/AUTH_965784611b4942ca97c5d5124e699aa1/gnocchi.d60087b4-69e2-4a15-afe2-a563f7c4dcf5/none_v3" 201 - "PUT http://172.18.0.2:8080/v1/AUTH_965784611b4942ca97c5d5124e699aa1/gnocchi.d60087b4-69e2-4a15-afe2-a563f7c4dcf5/none_v3" "txc6143a09a68f4abda2ee1-006a27e3be" "proxy-server 20" 0.0076 "-" 24 0
Jun 9 09:58:22 standalone proxy-server[128538]: 172.18.0.2 172.18.0.100 09/Jun/2026/09/58/22 PUT /v1/AUTH_965784611b4942ca97c5d5124e699aa1/gnocchi.d60087b4-69e2-4a15-afe2-a563f7c4dcf5/none_v3 HTTP/1.0 201 - python-swiftclient-3.11.1 gAAAAABqJ-M9MHvo... 22 - - txc6143a09a68f4abda2ee1-006a27e3be - 0.0113 - - 1780999102.152992010 1780999102.164303541 0
Jun 9 09:58:22 standalone object-server[126681]: 172.20.0.100 - - [09/Jun/2026:09:58:22 +0000] "GET /d1/300/AUTH_965784611b4942ca97c5d5124e699aa1/gnocchi.8af1a25a-25f6-4a80-a79b-3df5f46b12b7/none_v3" 200 33 "GET http://172.18.0.2:8080/v1/AUTH_965784611b4942ca97c5d5124e699aa1/gnocchi.8af1a25a-25f6-4a80-a79b-3df5f46b12b7/none_v3" "txfa97e84b0d1d46669a7ff-006a27e3be" "proxy-server 20" 0.0013 "-" 25 0
Jun 9 09:58:22 standalone proxy-server[128538]: 172.18.0.2 172.18.0.100 09/Jun/2026/09/58/22 GET /v1/AUTH_965784611b4942ca97c5d5124e699aa1/gnocchi.8af1a25a-25f6-4a80-a79b-3df5f46b12b7/none_v3 HTTP/1.0 200 - python-swiftclient-3.11.1 gAAAAABqJ-M9MHvo... - 33 - txfa97e84b0d1d46669a7ff-006a27e3be - 0.0075 - - 1780999102.268671989 1780999102.276181459 0
Jun 9 09:58:22 standalone container-server[126540]: 172.20.0.100 - - [09/Jun/2026:09:58:22 +0000] "GET /d1/526/AUTH_965784611b4942ca97c5d5124e699aa1/gnocchi.8af1a25a-25f6-4a80-a79b-3df5f46b12b7" 200 357 "GET http://172.18.0.2:8080/v1/AUTH_965784611b4942ca97c5d5124e699aa1/gnocchi.8af1a25a-25f6-4a80-a79b-3df5f46b12b7?format=json&states=listing" "tx4745d1848c0e491591740-006a27e3be" "proxy-server 20" 0.0038 "-" 23 0
Jun 9 09:58:22 standalone proxy-server[128538]: 172.18.0.2 172.18.0.100 09/Jun/2026/09/58/22 GET /v1/AUTH_965784611b4942ca97c5d5124e699aa1/gnocchi.8af1a25a-25f6-4a80-a79b-3df5f46b12b7%3Fformat%3Djson%26states%3Dlisting HTTP/1.0 200 - python-swiftclient-3.11.1 gAAAAABqJ-M9MHvo... - 357 - tx4745d1848c0e491591740-006a27e3be - 0.0092 - - 1780999102.278902531 1780999102.288103580 0
Jun 9 09:58:22 standalone container-server[126536]: 172.20.0.100 - - [09/Jun/2026:09:58:22 +0000] "GET /d1/526/AUTH_965784611b4942ca97c5d5124e699aa1/gnocchi.8af1a25a-25f6-4a80-a79b-3df5f46b12b7" 200 2 "GET http://172.18.0.2:8080/v1/AUTH_965784611b4942ca97c5d5124e699aa1/gnocchi.8af1a25a-25f6-4a80-a79b-3df5f46b12b7?format=json&marker=none_v3&states=listing" "tx85ba477bf89a48b8b286c-006a27e3be" "proxy-server 20" 0.0035 "-" 21 0
Jun 9 09:58:22 standalone proxy-server[128538]: 172.18.0.2 172.18.0.100 09/Jun/2026/09/58/22 GET /v1/AUTH_965784611b4942ca97c5d5124e699aa1/gnocchi.8af1a25a-25f6-4a80-a79b-3df5f46b12b7%3Fformat%3Djson%26marker%3Dnone_v3%26states%3Dlisting HTTP/1.0 200 - python-swiftclient-3.11.1 gAAAAABqJ-M9MHvo... - 2 - tx85ba477bf89a48b8b286c-006a27e3be - 0.0094 - - 1780999102.291248798 1780999102.300657034 0
Jun 9 09:58:22 standalone object-server[126681]: 172.20.0.100 - - [09/Jun/2026:09:58:22 +0000] "GET /d1/940/AUTH_965784611b4942ca97c5d5124e699aa1/gnocchi.8af1a25a-25f6-4a80-a79b-3df5f46b12b7/1780920000.0_mean_300.0_v3" 200 16 "GET http://172.18.0.2:8080/v1/AUTH_965784611b4942ca97c5d5124e699aa1/gnocchi.8af1a25a-25f6-4a80-a79b-3df5f46b12b7/1780920000.0_mean_300.0_v3" "tx951111fdd9d3492684ec8-006a27e3be" "proxy-server 20" 0.0019 "-" 25 0
Jun 9 09:58:22 standalone proxy-server[128538]: 172.18.0.2 172.18.0.100 09/Jun/2026/09/58/22 GET /v1/AUTH_965784611b4942ca97c5d5124e699aa1/gnocchi.8af1a25a-25f6-4a80-a79b-3df5f46b12b7/1780920000.0_mean_300.0_v3 HTTP/1.0 200 - python-swiftclient-3.11.1 gAAAAABqJ-M9MHvo... - 16 - tx951111fdd9d3492684ec8-006a27e3be - 0.1460 - - 1780999102.304294586 1780999102.450265646 0
Jun 9 09:58:22 standalone container-server[126540]: 172.20.0.100 - - [09/Jun/2026:09:58:22 +0000] "PUT /d1/526/AUTH_965784611b4942ca97c5d5124e699aa1/gnocchi.8af1a25a-25f6-4a80-a79b-3df5f46b12b7/1780920000.0_mean_300.0_v3" 201 - "PUT http://172.18.0.2:8080/d1/940/AUTH_965784611b4942ca97c5d5124e699aa1/gnocchi.8af1a25a-25f6-4a80-a79b-3df5f46b12b7/1780920000.0_mean_300.0_v3" "tx98247a64517e44aa9f3c0-006a27e3be" "object-server 23" 0.0025 "-" 23 0
Jun 9 09:58:22 standalone object-server[126656]: 172.20.0.100 - - [09/Jun/2026:09:58:22 +0000] "PUT /d1/940/AUTH_965784611b4942ca97c5d5124e699aa1/gnocchi.8af1a25a-25f6-4a80-a79b-3df5f46b12b7/1780920000.0_mean_300.0_v3" 201 - "PUT http://172.18.0.2:8080/v1/AUTH_965784611b4942ca97c5d5124e699aa1/gnocchi.8af1a25a-25f6-4a80-a79b-3df5f46b12b7/1780920000.0_mean_300.0_v3" "tx98247a64517e44aa9f3c0-006a27e3be" "proxy-server 20" 0.2516 "-" 23 0
Jun 9 09:58:22 standalone proxy-server[128538]: 172.18.0.2 172.18.0.100 09/Jun/2026/09/58/22 PUT /v1/AUTH_965784611b4942ca97c5d5124e699aa1/gnocchi.8af1a25a-25f6-4a80-a79b-3df5f46b12b7/1780920000.0_mean_300.0_v3 HTTP/1.0 201 - python-swiftclient-3.11.1 gAAAAABqJ-M9MHvo... 16 - - tx98247a64517e44aa9f3c0-006a27e3be - 0.2580 - - 1780999102.453181267 1780999102.711216927 0
Jun 9 09:58:22 standalone container-server[126527]: 172.20.0.100 - - [09/Jun/2026:09:58:22 +0000] "PUT /d1/526/AUTH_965784611b4942ca97c5d5124e699aa1/gnocchi.8af1a25a-25f6-4a80-a79b-3df5f46b12b7/none_v3" 201 - "PUT http://172.18.0.2:8080/d1/300/AUTH_965784611b4942ca97c5d5124e699aa1/gnocchi.8af1a25a-25f6-4a80-a79b-3df5f46b12b7/none_v3" "tx09c800447fa143e89f34f-006a27e3be" "object-server 24" 0.0008 "-" 20 0
Jun 9 09:58:22 standalone object-server[126667]: 172.20.0.100 - - [09/Jun/2026:09:58:22 +0000] "PUT /d1/300/AUTH_965784611b4942ca97c5d5124e699aa1/gnocchi.8af1a25a-25f6-4a80-a79b-3df5f46b12b7/none_v3" 201 - "PUT http://172.18.0.2:8080/v1/AUTH_965784611b4942ca97c5d5124e699aa1/gnocchi.8af1a25a-25f6-4a80-a79b-3df5f46b12b7/none_v3" "tx09c800447fa143e89f34f-006a27e3be" "proxy-server 20" 0.0565 "-" 24 0
Jun 9 09:58:22 standalone proxy-server[128538]: 172.18.0.2 172.18.0.100 09/Jun/2026/09/58/22 PUT /v1/AUTH_965784611b4942ca97c5d5124e699aa1/gnocchi.8af1a25a-25f6-4a80-a79b-3df5f46b12b7/none_v3 HTTP/1.0 201 - python-swiftclient-3.11.1 gAAAAABqJ-M9MHvo... 48 - - tx09c800447fa143e89f34f-006a27e3be - 0.0654 - - 1780999102.716556787 1780999102.781964064 0
Jun 9 09:58:22 standalone object-server[126656]: 172.20.0.100 - - [09/Jun/2026:09:58:22 +0000] "GET /d1/61/AUTH_965784611b4942ca97c5d5124e699aa1/gnocchi.4fabe8c5-df66-43cc-845f-9be88d37282b/none_v3" 200 33 "GET http://172.18.0.2:8080/v1/AUTH_965784611b4942ca97c5d5124e699aa1/gnocchi.4fabe8c5-df66-43cc-845f-9be88d37282b/none_v3" "txe833be7293b448a7b7492-006a27e3be" "proxy-server 20" 0.0009 "-" 23 0
Jun 9 09:58:22 standalone proxy-server[128538]: 172.18.0.2 172.18.0.100 09/Jun/2026/09/58/22 GET /v1/AUTH_965784611b4942ca97c5d5124e699aa1/gnocchi.4fabe8c5-df66-43cc-845f-9be88d37282b/none_v3 HTTP/1.0 200 - python-swiftclient-3.11.1 gAAAAABqJ-M9MHvo... - 33 - txe833be7293b448a7b7492-006a27e3be - 0.0143 - - 1780999102.815085888 1780999102.829404831 0
Jun 9 09:58:22 standalone container-server[126537]: 172.20.0.100 - - [09/Jun/2026:09:58:22 +0000] "GET /d1/912/AUTH_965784611b4942ca97c5d5124e699aa1/gnocchi.4fabe8c5-df66-43cc-845f-9be88d37282b" 200 357 "GET http://172.18.0.2:8080/v1/AUTH_965784611b4942ca97c5d5124e699aa1/gnocchi.4fabe8c5-df66-43cc-845f-9be88d37282b?format=json&states=listing" "tx3cc50ebe501e45e4a0909-006a27e3be" "proxy-server 20" 0.0024 "-" 22 0
Jun 9 09:58:22 standalone proxy-server[128538]: 172.18.0.2 172.18.0.100 09/Jun/2026/09/58/22 GET /v1/AUTH_965784611b4942ca97c5d5124e699aa1/gnocchi.4fabe8c5-df66-43cc-845f-9be88d37282b%3Fformat%3Djson%26states%3Dlisting HTTP/1.0 200 - python-swiftclient-3.11.1 gAAAAABqJ-M9MHvo... - 357 - tx3cc50ebe501e45e4a0909-006a27e3be - 0.0107 - - 1780999102.841782570 1780999102.852454662 0
Jun 9 09:58:22 standalone container-server[126536]: 172.20.0.100 - - [09/Jun/2026:09:58:22 +0000] "GET /d1/912/AUTH_965784611b4942ca97c5d5124e699aa1/gnocchi.4fabe8c5-df66-43cc-845f-9be88d37282b" 200 2 "GET http://172.18.0.2:8080/v1/AUTH_965784611b4942ca97c5d5124e699aa1/gnocchi.4fabe8c5-df66-43cc-845f-9be88d37282b?format=json&marker=none_v3&states=listing" "txa959518097414ba4bb0ff-006a27e3be" "proxy-server 20" 0.0019 "-" 21 0
Jun 9 09:58:22 standalone proxy-server[128538]: 172.18.0.2 172.18.0.100 09/Jun/2026/09/58/22 GET /v1/AUTH_965784611b4942ca97c5d5124e699aa1/gnocchi.4fabe8c5-df66-43cc-845f-9be88d37282b%3Fformat%3Djson%26marker%3Dnone_v3%26states%3Dlisting HTTP/1.0 200 - python-swiftclient-3.11.1 gAAAAABqJ-M9MHvo... - 2 - txa959518097414ba4bb0ff-006a27e3be - 0.0102 - - 1780999102.855687380 1780999102.865899801 0
Jun 9 09:58:22 standalone object-server[126681]: 172.20.0.100 - - [09/Jun/2026:09:58:22 +0000] "GET /d1/408/AUTH_965784611b4942ca97c5d5124e699aa1/gnocchi.4fabe8c5-df66-43cc-845f-9be88d37282b/1780920000.0_mean_300.0_v3" 200 16 "GET http://172.18.0.2:8080/v1/AUTH_965784611b4942ca97c5d5124e699aa1/gnocchi.4fabe8c5-df66-43cc-845f-9be88d37282b/1780920000.0_mean_300.0_v3" "tx2ecef95f66894075ad9a1-006a27e3be" "proxy-server 20" 0.0007 "-" 25 0
Jun 9 09:58:22 standalone proxy-server[128538]: 172.18.0.2 172.18.0.100 09/Jun/2026/09/58/22 GET /v1/AUTH_965784611b4942ca97c5d5124e699aa1/gnocchi.4fabe8c5-df66-43cc-845f-9be88d37282b/1780920000.0_mean_300.0_v3 HTTP/1.0 200 - python-swiftclient-3.11.1 gAAAAABqJ-M9MHvo... - 16 - tx2ecef95f66894075ad9a1-006a27e3be - 0.0101 - - 1780999102.871506929 1780999102.881593227 0
Jun 9 09:58:22 standalone container-server[126527]: 172.20.0.100 - - [09/Jun/2026:09:58:22 +0000] "PUT /d1/912/AUTH_965784611b4942ca97c5d5124e699aa1/gnocchi.4fabe8c5-df66-43cc-845f-9be88d37282b/1780920000.0_mean_300.0_v3" 201 - "PUT http://172.18.0.2:8080/d1/408/AUTH_965784611b4942ca97c5d5124e699aa1/gnocchi.4fabe8c5-df66-43cc-845f-9be88d37282b/1780920000.0_mean_300.0_v3" "txba01eb7cdd0d425fad4f4-006a27e3be" "object-server 23" 0.0009 "-" 20 0
Jun 9 09:58:22 standalone object-server[126656]: 172.20.0.100 - - [09/Jun/2026:09:58:22 +0000] "PUT /d1/408/AUTH_965784611b4942ca97c5d5124e699aa1/gnocchi.4fabe8c5-df66-43cc-845f-9be88d37282b/1780920000.0_mean_300.0_v3" 201 - "PUT http://172.18.0.2:8080/v1/AUTH_965784611b4942ca97c5d5124e699aa1/gnocchi.4fabe8c5-df66-43cc-845f-9be88d37282b/1780920000.0_mean_300.0_v3" "txba01eb7cdd0d425fad4f4-006a27e3be" "proxy-server 20" 0.0268 "-" 23 0
Jun 9 09:58:22 standalone proxy-server[128538]: 172.18.0.2 172.18.0.100 09/Jun/2026/09/58/22 PUT /v1/AUTH_965784611b4942ca97c5d5124e699aa1/gnocchi.4fabe8c5-df66-43cc-845f-9be88d37282b/1780920000.0_mean_300.0_v3 HTTP/1.0 201 - python-swiftclient-3.11.1 gAAAAABqJ-M9MHvo... 16 - - txba01eb7cdd0d425fad4f4-006a27e3be - 0.0351 - - 1780999102.886112213 1780999102.921177387 0
Jun 9 09:58:22 standalone container-server[126537]: 172.20.0.100 - - [09/Jun/2026:09:58:22 +0000] "PUT /d1/912/AUTH_965784611b4942ca97c5d5124e699aa1/gnocchi.4fabe8c5-df66-43cc-845f-9be88d37282b/none_v3" 201 - "PUT http://172.18.0.2:8080/d1/61/AUTH_965784611b4942ca97c5d5124e699aa1/gnocchi.4fabe8c5-df66-43cc-845f-9be88d37282b/none_v3" "txf39019ceed9d4c35be83a-006a27e3be" "object-server 21" 0.0011 "-" 22 0
Jun 9 09:58:22 standalone object-server[126646]: 172.20.0.100 - - [09/Jun/2026:09:58:22 +0000] "PUT /d1/61/AUTH_965784611b4942ca97c5d5124e699aa1/gnocchi.4fabe8c5-df66-43cc-845f-9be88d37282b/none_v3" 201 - "PUT http://172.18.0.2:8080/v1/AUTH_965784611b4942ca97c5d5124e699aa1/gnocchi.4fabe8c5-df66-43cc-845f-9be88d37282b/none_v3" "txf39019ceed9d4c35be83a-006a27e3be" "proxy-server 20" 0.0122 "-" 21 0
Jun 9 09:58:22 standalone proxy-server[128538]: 172.18.0.2 172.18.0.100 09/Jun/2026/09/58/22 PUT /v1/AUTH_965784611b4942ca97c5d5124e699aa1/gnocchi.4fabe8c5-df66-43cc-845f-9be88d37282b/none_v3 HTTP/1.0 201 - python-swiftclient-3.11.1 gAAAAABqJ-M9MHvo... 48 - - txf39019ceed9d4c35be83a-006a27e3be - 0.0217 - - 1780999102.926161766 1780999102.947895050 0
Jun 9 09:58:24 standalone object-server[126656]: 172.20.0.100 - - [09/Jun/2026:09:58:24 +0000] "GET /d1/0/AUTH_965784611b4942ca97c5d5124e699aa1/gnocchi.d60087b4-69e2-4a15-afe2-a563f7c4dcf5/none_v3" 200 22 "GET http://172.18.0.2:8080/v1/AUTH_965784611b4942ca97c5d5124e699aa1/gnocchi.d60087b4-69e2-4a15-afe2-a563f7c4dcf5/none_v3" "txc3284ab4861f494ab3f5a-006a27e3c0" "proxy-server 20" 0.0014 "-" 23 0
Jun 9 09:58:24 standalone proxy-server[128538]: 172.18.0.2 172.18.0.100 09/Jun/2026/09/58/24 GET /v1/AUTH_965784611b4942ca97c5d5124e699aa1/gnocchi.d60087b4-69e2-4a15-afe2-a563f7c4dcf5/none_v3 HTTP/1.0 200 - python-swiftclient-3.11.1 gAAAAABqJ-M9MHvo... - 22 - txc3284ab4861f494ab3f5a-006a27e3c0 - 0.0101 - - 1780999104.170699596 1780999104.180779457 0
Jun 9 09:58:24 standalone container-server[126537]: 172.20.0.100 - - [09/Jun/2026:09:58:24 +0000] "GET /d1/73/AUTH_965784611b4942ca97c5d5124e699aa1/gnocchi.d60087b4-69e2-4a15-afe2-a563f7c4dcf5" 200 357 "GET http://172.18.0.2:8080/v1/AUTH_965784611b4942ca97c5d5124e699aa1/gnocchi.d60087b4-69e2-4a15-afe2-a563f7c4dcf5?format=json&states=listing" "tx128f5edd111c4d87b055a-006a27e3c0" "proxy-server 20" 0.0098 "-" 22 0
Jun 9 09:58:24 standalone proxy-server[128538]: 172.18.0.2 172.18.0.100 09/Jun/2026/09/58/24 GET /v1/AUTH_965784611b4942ca97c5d5124e699aa1/gnocchi.d60087b4-69e2-4a15-afe2-a563f7c4dcf5%3Fformat%3Djson%26states%3Dlisting HTTP/1.0 200 - python-swiftclient-3.11.1 gAAAAABqJ-M9MHvo... - 357 - tx128f5edd111c4d87b055a-006a27e3c0 - 0.0156 - - 1780999104.183494806 1780999104.199056387 0
Jun 9 09:58:24 standalone container-server[126536]: 172.20.0.100 - - [09/Jun/2026:09:58:24 +0000] "GET /d1/73/AUTH_965784611b4942ca97c5d5124e699aa1/gnocchi.d60087b4-69e2-4a15-afe2-a563f7c4dcf5" 200 2 "GET http://172.18.0.2:8080/v1/AUTH_965784611b4942ca97c5d5124e699aa1/gnocchi.d60087b4-69e2-4a15-afe2-a563f7c4dcf5?format=json&marker=none_v3&states=listing" "tx73ca0a2bd1a24d2ebd6b4-006a27e3c0" "proxy-server 20" 0.0018 "-" 21 0
Jun 9 09:58:24 standalone proxy-server[128538]: 172.18.0.2 172.18.0.100 09/Jun/2026/09/58/24 GET /v1/AUTH_965784611b4942ca97c5d5124e699aa1/gnocchi.d60087b4-69e2-4a15-afe2-a563f7c4dcf5%3Fformat%3Djson%26marker%3Dnone_v3%26states%3Dlisting HTTP/1.0 200 - python-swiftclient-3.11.1 gAAAAABqJ-M9MHvo... - 2 - tx73ca0a2bd1a24d2ebd6b4-006a27e3c0 - 0.0062 - - 1780999104.200707912 1780999104.206920862 0
Jun 9 09:58:24 standalone object-server[126667]: 172.20.0.100 - - [09/Jun/2026:09:58:24 +0000] "GET /d1/471/AUTH_965784611b4942ca97c5d5124e699aa1/gnocchi.d60087b4-69e2-4a15-afe2-a563f7c4dcf5/1780920000.0_mean_300.0_v3" 200 16 "GET http://172.18.0.2:8080/v1/AUTH_965784611b4942ca97c5d5124e699aa1/gnocchi.d60087b4-69e2-4a15-afe2-a563f7c4dcf5/1780920000.0_mean_300.0_v3" "txd2fa099c31f04f68ab069-006a27e3c0" "proxy-server 20" 0.0011 "-" 24 0
Jun 9 09:58:24 standalone proxy-server[128538]: 172.18.0.2 172.18.0.100 09/Jun/2026/09/58/24 GET /v1/AUTH_965784611b4942ca97c5d5124e699aa1/gnocchi.d60087b4-69e2-4a15-afe2-a563f7c4dcf5/1780920000.0_mean_300.0_v3 HTTP/1.0 200 - python-swiftclient-3.11.1 gAAAAABqJ-M9MHvo... - 16 - txd2fa099c31f04f68ab069-006a27e3c0 - 0.0072 - - 1780999104.209306955 1780999104.216540098 0
Jun 9 09:58:24 standalone container-server[126540]: 172.20.0.100 - - [09/Jun/2026:09:58:24 +0000] "PUT /d1/73/AUTH_965784611b4942ca97c5d5124e699aa1/gnocchi.d60087b4-69e2-4a15-afe2-a563f7c4dcf5/1780920000.0_mean_300.0_v3" 201 - "PUT http://172.18.0.2:8080/d1/471/AUTH_965784611b4942ca97c5d5124e699aa1/gnocchi.d60087b4-69e2-4a15-afe2-a563f7c4dcf5/1780920000.0_mean_300.0_v3" "txe87200053c2a47008ec1f-006a27e3c0" "object-server 21" 0.0009 "-" 23 0
Jun 9 09:58:24 standalone object-server[126646]: 172.20.0.100 - - [09/Jun/2026:09:58:24 +0000] "PUT /d1/471/AUTH_965784611b4942ca97c5d5124e699aa1/gnocchi.d60087b4-69e2-4a15-afe2-a563f7c4dcf5/1780920000.0_mean_300.0_v3" 201 - "PUT http://172.18.0.2:8080/v1/AUTH_965784611b4942ca97c5d5124e699aa1/gnocchi.d60087b4-69e2-4a15-afe2-a563f7c4dcf5/1780920000.0_mean_300.0_v3" "txe87200053c2a47008ec1f-006a27e3c0" "proxy-server 20" 0.0102 "-" 21 0
Jun 9 09:58:24 standalone proxy-server[128538]: 172.18.0.2 172.18.0.100 09/Jun/2026/09/58/24 PUT /v1/AUTH_965784611b4942ca97c5d5124e699aa1/gnocchi.d60087b4-69e2-4a15-afe2-a563f7c4dcf5/1780920000.0_mean_300.0_v3 HTTP/1.0 201 - python-swiftclient-3.11.1 gAAAAABqJ-M9MHvo... 16 - - txe87200053c2a47008ec1f-006a27e3c0 - 0.0142 - - 1780999104.218374729 1780999104.232574701 0
Jun 9 09:58:24 standalone container-server[126527]: 172.20.0.100 - - [09/Jun/2026:09:58:24 +0000] "PUT /d1/73/AUTH_965784611b4942ca97c5d5124e699aa1/gnocchi.d60087b4-69e2-4a15-afe2-a563f7c4dcf5/none_v3" 201 - "PUT http://172.18.0.2:8080/d1/0/AUTH_965784611b4942ca97c5d5124e699aa1/gnocchi.d60087b4-69e2-4a15-afe2-a563f7c4dcf5/none_v3" "tx40300470266c4e62ac85e-006a27e3c0" "object-server 23" 0.0007 "-" 20 0
Jun 9 09:58:24 standalone object-server[126656]: 172.20.0.100 - - [09/Jun/2026:09:58:24 +0000] "PUT /d1/0/AUTH_965784611b4942ca97c5d5124e699aa1/gnocchi.d60087b4-69e2-4a15-afe2-a563f7c4dcf5/none_v3" 201 - "PUT http://172.18.0.2:8080/v1/AUTH_965784611b4942ca97c5d5124e699aa1/gnocchi.d60087b4-69e2-4a15-afe2-a563f7c4dcf5/none_v3" "tx40300470266c4e62ac85e-006a27e3c0" "proxy-server 20" 0.0143 "-" 23 0
Jun 9 09:58:24 standalone proxy-server[128538]: 172.18.0.2 172.18.0.100 09/Jun/2026/09/58/24 PUT /v1/AUTH_965784611b4942ca97c5d5124e699aa1/gnocchi.d60087b4-69e2-4a15-afe2-a563f7c4dcf5/none_v3 HTTP/1.0 201 - python-swiftclient-3.11.1 gAAAAABqJ-M9MHvo... 31 - - tx40300470266c4e62ac85e-006a27e3c0 - 0.0190 - - 1780999104.234095812 1780999104.253056765 0
Jun 9 09:58:32 standalone object-server[126656]: 172.20.0.100 - - [09/Jun/2026:09:58:32 +0000] "GET /d1/0/AUTH_965784611b4942ca97c5d5124e699aa1/gnocchi.d60087b4-69e2-4a15-afe2-a563f7c4dcf5/none_v3" 200 31 "GET http://172.18.0.2:8080/v1/AUTH_965784611b4942ca97c5d5124e699aa1/gnocchi.d60087b4-69e2-4a15-afe2-a563f7c4dcf5/none_v3" "txa54416afb97f475a92c2f-006a27e3c8" "proxy-server 20" 0.0014 "-" 23 0
Jun 9 09:58:32 standalone proxy-server[128538]: 172.18.0.2 172.18.0.100 09/Jun/2026/09/58/32 GET /v1/AUTH_965784611b4942ca97c5d5124e699aa1/gnocchi.d60087b4-69e2-4a15-afe2-a563f7c4dcf5/none_v3 HTTP/1.0 200 - python-swiftclient-3.11.1 gAAAAABqJ-M9MHvo... - 31 - txa54416afb97f475a92c2f-006a27e3c8 - 0.0107 - - 1780999112.610440969 1780999112.621167898 0
Jun 9 09:58:32 standalone container-server[126540]: 172.20.0.100 - - [09/Jun/2026:09:58:32 +0000] "GET /d1/73/AUTH_965784611b4942ca97c5d5124e699aa1/gnocchi.d60087b4-69e2-4a15-afe2-a563f7c4dcf5" 200 357 "GET http://172.18.0.2:8080/v1/AUTH_965784611b4942ca97c5d5124e699aa1/gnocchi.d60087b4-69e2-4a15-afe2-a563f7c4dcf5?format=json&states=listing" "tx5fbdf7242ee246e5b7e06-006a27e3c8" "proxy-server 20" 0.0091 "-" 23 0
Jun 9 09:58:32 standalone proxy-server[128538]: 172.18.0.2 172.18.0.100 09/Jun/2026/09/58/32 GET /v1/AUTH_965784611b4942ca97c5d5124e699aa1/gnocchi.d60087b4-69e2-4a15-afe2-a563f7c4dcf5%3Fformat%3Djson%26states%3Dlisting HTTP/1.0 200 - python-swiftclient-3.11.1 gAAAAABqJ-M9MHvo... - 357 - tx5fbdf7242ee246e5b7e06-006a27e3c8 - 0.0184 - - 1780999112.625219345 1780999112.643635035 0
Jun 9 09:58:32 standalone container-server[126537]: 172.20.0.100 - - [09/Jun/2026:09:58:32 +0000] "GET /d1/73/AUTH_965784611b4942ca97c5d5124e699aa1/gnocchi.d60087b4-69e2-4a15-afe2-a563f7c4dcf5" 200 2 "GET http://172.18.0.2:8080/v1/AUTH_965784611b4942ca97c5d5124e699aa1/gnocchi.d60087b4-69e2-4a15-afe2-a563f7c4dcf5?format=json&marker=none_v3&states=listing" "tx95629ae185454aaf898b1-006a27e3c8" "proxy-server 20" 0.0039 "-" 22 0
Jun 9 09:58:32 standalone proxy-server[128538]: 172.18.0.2 172.18.0.100 09/Jun/2026/09/58/32 GET /v1/AUTH_965784611b4942ca97c5d5124e699aa1/gnocchi.d60087b4-69e2-4a15-afe2-a563f7c4dcf5%3Fformat%3Djson%26marker%3Dnone_v3%26states%3Dlisting HTTP/1.0 200 - python-swiftclient-3.11.1 gAAAAABqJ-M9MHvo... - 2 - tx95629ae185454aaf898b1-006a27e3c8 - 0.0132 - - 1780999112.646677017 1780999112.659879684 0
Jun 9 09:58:32 standalone object-server[126656]: 172.20.0.100 - - [09/Jun/2026:09:58:32 +0000] "GET /d1/471/AUTH_965784611b4942ca97c5d5124e699aa1/gnocchi.d60087b4-69e2-4a15-afe2-a563f7c4dcf5/1780920000.0_mean_300.0_v3" 200 16 "GET http://172.18.0.2:8080/v1/AUTH_965784611b4942ca97c5d5124e699aa1/gnocchi.d60087b4-69e2-4a15-afe2-a563f7c4dcf5/1780920000.0_mean_300.0_v3" "tx41d31707bd0e44889b45d-006a27e3c8" "proxy-server 20" 0.0008 "-" 23 0
Jun 9 09:58:32 standalone proxy-server[128538]: 172.18.0.2 172.18.0.100 09/Jun/2026/09/58/32 GET /v1/AUTH_965784611b4942ca97c5d5124e699aa1/gnocchi.d60087b4-69e2-4a15-afe2-a563f7c4dcf5/1780920000.0_mean_300.0_v3 HTTP/1.0 200 - python-swiftclient-3.11.1 gAAAAABqJ-M9MHvo... - 16 - tx41d31707bd0e44889b45d-006a27e3c8 - 0.0087 - - 1780999112.663508892 1780999112.672241926 0
Jun 9 09:58:32 standalone container-server[126536]: 172.20.0.100 - - [09/Jun/2026:09:58:32 +0000] "PUT /d1/73/AUTH_965784611b4942ca97c5d5124e699aa1/gnocchi.d60087b4-69e2-4a15-afe2-a563f7c4dcf5/1780920000.0_mean_300.0_v3" 201 - "PUT http://172.18.0.2:8080/d1/471/AUTH_965784611b4942ca97c5d5124e699aa1/gnocchi.d60087b4-69e2-4a15-afe2-a563f7c4dcf5/1780920000.0_mean_300.0_v3" "tx6f33f10b5cfe49ad8d002-006a27e3c8" "object-server 21" 0.0012 "-" 21 0
Jun 9 09:58:32 standalone object-server[126646]: 172.20.0.100 - - [09/Jun/2026:09:58:32 +0000] "PUT /d1/471/AUTH_965784611b4942ca97c5d5124e699aa1/gnocchi.d60087b4-69e2-4a15-afe2-a563f7c4dcf5/1780920000.0_mean_300.0_v3" 201 - "PUT http://172.18.0.2:8080/v1/AUTH_965784611b4942ca97c5d5124e699aa1/gnocchi.d60087b4-69e2-4a15-afe2-a563f7c4dcf5/1780920000.0_mean_300.0_v3" "tx6f33f10b5cfe49ad8d002-006a27e3c8" "proxy-server 20" 0.0136 "-" 21 0
Jun 9 09:58:32 standalone proxy-server[128538]: 172.18.0.2 172.18.0.100 09/Jun/2026/09/58/32 PUT /v1/AUTH_965784611b4942ca97c5d5124e699aa1/gnocchi.d60087b4-69e2-4a15-afe2-a563f7c4dcf5/1780920000.0_mean_300.0_v3 HTTP/1.0 201 - python-swiftclient-3.11.1 gAAAAABqJ-M9MHvo... 16 - - tx6f33f10b5cfe49ad8d002-006a27e3c8 - 0.0232 - - 1780999112.674903631 1780999112.698117495 0
Jun 9 09:58:32 standalone container-server[126540]: 172.20.0.100 - - [09/Jun/2026:09:58:32 +0000] "PUT /d1/73/AUTH_965784611b4942ca97c5d5124e699aa1/gnocchi.d60087b4-69e2-4a15-afe2-a563f7c4dcf5/none_v3" 201 - "PUT http://172.18.0.2:8080/d1/0/AUTH_965784611b4942ca97c5d5124e699aa1/gnocchi.d60087b4-69e2-4a15-afe2-a563f7c4dcf5/none_v3" "txa9c83f49e2894055bf6c0-006a27e3c8" "object-server 21" 0.0012 "-" 23 0
Jun 9 09:58:32 standalone object-server[126646]: 172.20.0.100 - - [09/Jun/2026:09:58:32 +0000] "PUT /d1/0/AUTH_965784611b4942ca97c5d5124e699aa1/gnocchi.d60087b4-69e2-4a15-afe2-a563f7c4dcf5/none_v3" 201 - "PUT http://172.18.0.2:8080/v1/AUTH_965784611b4942ca97c5d5124e699aa1/gnocchi.d60087b4-69e2-4a15-afe2-a563f7c4dcf5/none_v3" "txa9c83f49e2894055bf6c0-006a27e3c8" "proxy-server 20" 0.0151 "-" 21 0
Jun 9 09:58:32 standalone proxy-server[128538]: 172.18.0.2 172.18.0.100 09/Jun/2026/09/58/32 PUT /v1/AUTH_965784611b4942ca97c5d5124e699aa1/gnocchi.d60087b4-69e2-4a15-afe2-a563f7c4dcf5/none_v3 HTTP/1.0 201 - python-swiftclient-3.11.1 gAAAAABqJ-M9MHvo... 46 - - txa9c83f49e2894055bf6c0-006a27e3c8 - 0.0267 - - 1780999112.704867601 1780999112.731616735 0
Jun 9 09:58:33 standalone object-server[126667]: 172.20.0.100 - - [09/Jun/2026:09:58:33 +0000] "GET /d1/0/AUTH_965784611b4942ca97c5d5124e699aa1/gnocchi.d60087b4-69e2-4a15-afe2-a563f7c4dcf5/none_v3" 200 46 "GET http://172.18.0.2:8080/v1/AUTH_965784611b4942ca97c5d5124e699aa1/gnocchi.d60087b4-69e2-4a15-afe2-a563f7c4dcf5/none_v3" "tx1d184445a3d646559e3ac-006a27e3c9" "proxy-server 20" 0.0007 "-" 24 0
Jun 9 09:58:33 standalone proxy-server[128538]: 172.18.0.2 172.18.0.100 09/Jun/2026/09/58/33 GET /v1/AUTH_965784611b4942ca97c5d5124e699aa1/gnocchi.d60087b4-69e2-4a15-afe2-a563f7c4dcf5/none_v3 HTTP/1.0 200 - python-swiftclient-3.11.1 gAAAAABqJ-M9MHvo... - 46 - tx1d184445a3d646559e3ac-006a27e3c9 - 0.0090 - - 1780999113.367781162 1780999113.376762629 0
Jun 9 09:58:33 standalone container-server[126537]: 172.20.0.100 - - [09/Jun/2026:09:58:33 +0000] "GET /d1/73/AUTH_965784611b4942ca97c5d5124e699aa1/gnocchi.d60087b4-69e2-4a15-afe2-a563f7c4dcf5" 200 357 "GET http://172.18.0.2:8080/v1/AUTH_965784611b4942ca97c5d5124e699aa1/gnocchi.d60087b4-69e2-4a15-afe2-a563f7c4dcf5?format=json&states=listing" "txc81eadc5ce704d6d8c3b1-006a27e3c9" "proxy-server 20" 0.0095 "-" 22 0
Jun 9 09:58:33 standalone proxy-server[128538]: 172.18.0.2 172.18.0.100 09/Jun/2026/09/58/33 GET /v1/AUTH_965784611b4942ca97c5d5124e699aa1/gnocchi.d60087b4-69e2-4a15-afe2-a563f7c4dcf5%3Fformat%3Djson%26states%3Dlisting HTTP/1.0 200 - python-swiftclient-3.11.1 gAAAAABqJ-M9MHvo... - 357 - txc81eadc5ce704d6d8c3b1-006a27e3c9 - 0.0175 - - 1780999113.383906603 1780999113.401376009 0
Jun 9 09:58:33 standalone container-server[126527]: 172.20.0.100 - - [09/Jun/2026:09:58:33 +0000] "GET /d1/73/AUTH_965784611b4942ca97c5d5124e699aa1/gnocchi.d60087b4-69e2-4a15-afe2-a563f7c4dcf5" 200 2 "GET http://172.18.0.2:8080/v1/AUTH_965784611b4942ca97c5d5124e699aa1/gnocchi.d60087b4-69e2-4a15-afe2-a563f7c4dcf5?format=json&marker=none_v3&states=listing" "txeaf6bcd90f914cdabacaf-006a27e3c9" "proxy-server 20" 0.0027 "-" 20 0
Jun 9 09:58:33 standalone proxy-server[128538]: 172.18.0.2 172.18.0.100 09/Jun/2026/09/58/33 GET /v1/AUTH_965784611b4942ca97c5d5124e699aa1/gnocchi.d60087b4-69e2-4a15-afe2-a563f7c4dcf5%3Fformat%3Djson%26marker%3Dnone_v3%26states%3Dlisting HTTP/1.0 200 - python-swiftclient-3.11.1 gAAAAABqJ-M9MHvo... - 2 - txeaf6bcd90f914cdabacaf-006a27e3c9 - 0.0100 - - 1780999113.405381918 1780999113.415417194 0
Jun 9 09:58:33 standalone object-server[126681]: 172.20.0.100 - - [09/Jun/2026:09:58:33 +0000] "GET /d1/471/AUTH_965784611b4942ca97c5d5124e699aa1/gnocchi.d60087b4-69e2-4a15-afe2-a563f7c4dcf5/1780920000.0_mean_300.0_v3" 200 16 "GET http://172.18.0.2:8080/v1/AUTH_965784611b4942ca97c5d5124e699aa1/gnocchi.d60087b4-69e2-4a15-afe2-a563f7c4dcf5/1780920000.0_mean_300.0_v3" "tx222452e4d63546739f670-006a27e3c9" "proxy-server 20" 0.0011 "-" 25 0
Jun 9 09:58:33 standalone proxy-server[128538]: 172.18.0.2 172.18.0.100 09/Jun/2026/09/58/33 GET /v1/AUTH_965784611b4942ca97c5d5124e699aa1/gnocchi.d60087b4-69e2-4a15-afe2-a563f7c4dcf5/1780920000.0_mean_300.0_v3 HTTP/1.0 200 - python-swiftclient-3.11.1 gAAAAABqJ-M9MHvo... - 16 - tx222452e4d63546739f670-006a27e3c9 - 0.0102 - - 1780999113.423196316 1780999113.433402777 0
Jun 9 09:58:33 standalone container-server[126527]: 172.20.0.100 - - [09/Jun/2026:09:58:33 +0000] "PUT /d1/73/AUTH_965784611b4942ca97c5d5124e699aa1/gnocchi.d60087b4-69e2-4a15-afe2-a563f7c4dcf5/1780920000.0_mean_300.0_v3" 201 - "PUT http://172.18.0.2:8080/d1/471/AUTH_965784611b4942ca97c5d5124e699aa1/gnocchi.d60087b4-69e2-4a15-afe2-a563f7c4dcf5/1780920000.0_mean_300.0_v3" "txe9a30066e2bf479ca6f3b-006a27e3c9" "object-server 23" 0.0007 "-" 20 0
Jun 9 09:58:33 standalone object-server[126656]: 172.20.0.100 - - [09/Jun/2026:09:58:33 +0000] "PUT /d1/471/AUTH_965784611b4942ca97c5d5124e699aa1/gnocchi.d60087b4-69e2-4a15-afe2-a563f7c4dcf5/1780920000.0_mean_300.0_v3" 201 - "PUT http://172.18.0.2:8080/v1/AUTH_965784611b4942ca97c5d5124e699aa1/gnocchi.d60087b4-69e2-4a15-afe2-a563f7c4dcf5/1780920000.0_mean_300.0_v3" "txe9a30066e2bf479ca6f3b-006a27e3c9" "proxy-server 20" 0.0164 "-" 23 0
Jun 9 09:58:33 standalone proxy-server[128538]: 172.18.0.2 172.18.0.100 09/Jun/2026/09/58/33 PUT /v1/AUTH_965784611b4942ca97c5d5124e699aa1/gnocchi.d60087b4-69e2-4a15-afe2-a563f7c4dcf5/1780920000.0_mean_300.0_v3 HTTP/1.0 201 - python-swiftclient-3.11.1 gAAAAABqJ-M9MHvo... 16 - - txe9a30066e2bf479ca6f3b-006a27e3c9 - 0.0252 - - 1780999113.438212872 1780999113.463371754 0
Jun 9 09:58:33 standalone container-server[126527]: 172.20.0.100 - - [09/Jun/2026:09:58:33 +0000] "PUT /d1/73/AUTH_965784611b4942ca97c5d5124e699aa1/gnocchi.d60087b4-69e2-4a15-afe2-a563f7c4dcf5/none_v3" 201 - "PUT http://172.18.0.2:8080/d1/0/AUTH_965784611b4942ca97c5d5124e699aa1/gnocchi.d60087b4-69e2-4a15-afe2-a563f7c4dcf5/none_v3" "txecfa668226e747d597197-006a27e3c9" "object-server 24" 0.0005 "-" 20 0
Jun 9 09:58:33 standalone object-server[126667]: 172.20.0.100 - - [09/Jun/2026:09:58:33 +0000] "PUT /d1/0/AUTH_965784611b4942ca97c5d5124e699aa1/gnocchi.d60087b4-69e2-4a15-afe2-a563f7c4dcf5/none_v3" 201 - "PUT http://172.18.0.2:8080/v1/AUTH_965784611b4942ca97c5d5124e699aa1/gnocchi.d60087b4-69e2-4a15-afe2-a563f7c4dcf5/none_v3" "txecfa668226e747d597197-006a27e3c9" "proxy-server 20" 0.0165 "-" 24 0
Jun 9 09:58:33 standalone proxy-server[128538]: 172.18.0.2 172.18.0.100 09/Jun/2026/09/58/33 PUT /v1/AUTH_965784611b4942ca97c5d5124e699aa1/gnocchi.d60087b4-69e2-4a15-afe2-a563f7c4dcf5/none_v3 HTTP/1.0 201 - python-swiftclient-3.11.1 gAAAAABqJ-M9MHvo... 51 - - txecfa668226e747d597197-006a27e3c9 - 0.0228 - - 1780999113.466716766 1780999113.489527225 0
Jun 9 09:58:36 standalone container-server[126537]: 172.20.0.100 - - [09/Jun/2026:09:58:36 +0000] "HEAD /d1/472/AUTH_965784611b4942ca97c5d5124e699aa1/gnocchi.cb11d1e8-3310-4e79-8623-ffd4be62cfd0" 404 - "HEAD http://172.18.0.2:8080/v1/AUTH_965784611b4942ca97c5d5124e699aa1/gnocchi.cb11d1e8-3310-4e79-8623-ffd4be62cfd0?format=json&states=listing" "tx33ebfa9a64034b22b3bc4-006a27e3cc" "proxy-server 20" 0.0007 "-" 22 0
Jun 9 09:58:36 standalone object-server[126646]: 172.20.0.100 - - [09/Jun/2026:09:58:36 +0000] "GET /d1/85/AUTH_965784611b4942ca97c5d5124e699aa1/gnocchi.cb11d1e8-3310-4e79-8623-ffd4be62cfd0/none_v3" 404 70 "GET http://172.18.0.2:8080/v1/AUTH_965784611b4942ca97c5d5124e699aa1/gnocchi.cb11d1e8-3310-4e79-8623-ffd4be62cfd0/none_v3" "tx33ebfa9a64034b22b3bc4-006a27e3cc" "proxy-server 20" 0.0004 "-" 21 0
Jun 9 09:58:36 standalone proxy-server[128538]: 172.18.0.2 172.18.0.100 09/Jun/2026/09/58/36 GET /v1/AUTH_965784611b4942ca97c5d5124e699aa1/gnocchi.cb11d1e8-3310-4e79-8623-ffd4be62cfd0/none_v3 HTTP/1.0 404 - python-swiftclient-3.11.1 gAAAAABqJ-M9MHvo... - 70 - tx33ebfa9a64034b22b3bc4-006a27e3cc - 0.0171 - - 1780999116.135102272 1780999116.152245522 0
Jun 9 09:58:36 standalone account-server[126427]: 172.20.0.100 - - [09/Jun/2026:09:58:36 +0000] "PUT /d1/199/AUTH_965784611b4942ca97c5d5124e699aa1/gnocchi.cb11d1e8-3310-4e79-8623-ffd4be62cfd0" 201 - "PUT http://172.20.0.100:6001/d1/472/AUTH_965784611b4942ca97c5d5124e699aa1/gnocchi.cb11d1e8-3310-4e79-8623-ffd4be62cfd0" "tx21f9c79d3edc4f5dae1d0-006a27e3cc" "container-server 20" 0.0023 "-" 21 0
Jun 9 09:58:36 standalone container-server[126527]: 172.20.0.100 - - [09/Jun/2026:09:58:36 +0000] "PUT /d1/472/AUTH_965784611b4942ca97c5d5124e699aa1/gnocchi.cb11d1e8-3310-4e79-8623-ffd4be62cfd0" 201 - "PUT http://172.18.0.2:8080/v1/AUTH_965784611b4942ca97c5d5124e699aa1/gnocchi.cb11d1e8-3310-4e79-8623-ffd4be62cfd0" "tx21f9c79d3edc4f5dae1d0-006a27e3cc" "proxy-server 20" 0.0142 "-" 20 0
Jun 9 09:58:36 standalone proxy-server[128538]: 172.18.0.2 172.18.0.100 09/Jun/2026/09/58/36 PUT /v1/AUTH_965784611b4942ca97c5d5124e699aa1/gnocchi.cb11d1e8-3310-4e79-8623-ffd4be62cfd0 HTTP/1.0 201 - python-swiftclient-3.11.1 gAAAAABqJ-M9MHvo... - - - tx21f9c79d3edc4f5dae1d0-006a27e3cc - 0.0210 - - 1780999116.155571461 1780999116.176535845 0
Jun 9 09:58:36 standalone container-server[126527]: 172.20.0.100 - - [09/Jun/2026:09:58:36 +0000] "HEAD /d1/472/AUTH_965784611b4942ca97c5d5124e699aa1/gnocchi.cb11d1e8-3310-4e79-8623-ffd4be62cfd0" 204 - "HEAD http://172.18.0.2:8080/v1/AUTH_965784611b4942ca97c5d5124e699aa1/gnocchi.cb11d1e8-3310-4e79-8623-ffd4be62cfd0?format=json&states=listing" "tx775943ae7d764fb99e748-006a27e3cc" "proxy-server 20" 0.0019 "-" 20 0
Jun 9 09:58:36 standalone proxy-server[128538]: - - 09/Jun/2026/09/58/36 HEAD /v1/AUTH_965784611b4942ca97c5d5124e699aa1/gnocchi.cb11d1e8-3310-4e79-8623-ffd4be62cfd0%3Fformat%3Djson%26states%3Dlisting HTTP/1.0 204 - Swift - - - - tx775943ae7d764fb99e748-006a27e3cc - 0.0065 RL - 1780999116.181213617 1780999116.187669754 0
Jun 9 09:58:36 standalone container-server[126536]: 172.20.0.100 - - [09/Jun/2026:09:58:36 +0000] "GET /d1/472/AUTH_965784611b4942ca97c5d5124e699aa1/gnocchi.cb11d1e8-3310-4e79-8623-ffd4be62cfd0" 200 2 "GET http://172.18.0.2:8080/v1/AUTH_965784611b4942ca97c5d5124e699aa1/gnocchi.cb11d1e8-3310-4e79-8623-ffd4be62cfd0?format=json&states=listing" "tx775943ae7d764fb99e748-006a27e3cc" "proxy-server 20" 0.0018 "-" 21 0
Jun 9 09:58:36 standalone proxy-server[128538]: 172.18.0.2 172.18.0.100 09/Jun/2026/09/58/36 GET /v1/AUTH_965784611b4942ca97c5d5124e699aa1/gnocchi.cb11d1e8-3310-4e79-8623-ffd4be62cfd0%3Fformat%3Djson%26states%3Dlisting HTTP/1.0 200 - python-swiftclient-3.11.1 gAAAAABqJ-M9MHvo... - 2 - tx775943ae7d764fb99e748-006a27e3cc - 0.0173 - - 1780999116.179779530 1780999116.197049618 0
Jun 9 09:58:36 standalone object-server[126667]: 172.20.0.100 - - [09/Jun/2026:09:58:36 +0000] "GET /d1/957/AUTH_965784611b4942ca97c5d5124e699aa1/gnocchi.cb11d1e8-3310-4e79-8623-ffd4be62cfd0/1780920000.0_mean_300.0_v3" 404 70 "GET http://172.18.0.2:8080/v1/AUTH_965784611b4942ca97c5d5124e699aa1/gnocchi.cb11d1e8-3310-4e79-8623-ffd4be62cfd0/1780920000.0_mean_300.0_v3" "tx52d7e72b7d9e4576baee5-006a27e3cc" "proxy-server 20" 0.0004 "-" 24 0
Jun 9 09:58:36 standalone proxy-server[128538]: 172.18.0.2 172.18.0.100 09/Jun/2026/09/58/36 GET /v1/AUTH_965784611b4942ca97c5d5124e699aa1/gnocchi.cb11d1e8-3310-4e79-8623-ffd4be62cfd0/1780920000.0_mean_300.0_v3 HTTP/1.0 404 - python-swiftclient-3.11.1 gAAAAABqJ-M9MHvo... - 70 - tx52d7e72b7d9e4576baee5-006a27e3cc - 0.0062 - - 1780999116.200620174 1780999116.206848860 0
Jun 9 09:58:36 standalone container-server[126540]: 172.20.0.100 - - [09/Jun/2026:09:58:36 +0000] "PUT /d1/472/AUTH_965784611b4942ca97c5d5124e699aa1/gnocchi.cb11d1e8-3310-4e79-8623-ffd4be62cfd0/1780920000.0_mean_300.0_v3" 201 - "PUT http://172.18.0.2:8080/d1/957/AUTH_965784611b4942ca97c5d5124e699aa1/gnocchi.cb11d1e8-3310-4e79-8623-ffd4be62cfd0/1780920000.0_mean_300.0_v3" "tx86338d16fa5b4d569fe00-006a27e3cc" "object-server 23" 0.0008 "-" 23 0
Jun 9 09:58:36 standalone object-server[126656]: 172.20.0.100 - - [09/Jun/2026:09:58:36 +0000] "PUT /d1/957/AUTH_965784611b4942ca97c5d5124e699aa1/gnocchi.cb11d1e8-3310-4e79-8623-ffd4be62cfd0/1780920000.0_mean_300.0_v3" 201 - "PUT http://172.18.0.2:8080/v1/AUTH_965784611b4942ca97c5d5124e699aa1/gnocchi.cb11d1e8-3310-4e79-8623-ffd4be62cfd0/1780920000.0_mean_300.0_v3" "tx86338d16fa5b4d569fe00-006a27e3cc" "proxy-server 20" 0.0116 "-" 23 0
Jun 9 09:58:36 standalone proxy-server[128538]: 172.18.0.2 172.18.0.100 09/Jun/2026/09/58/36 PUT /v1/AUTH_965784611b4942ca97c5d5124e699aa1/gnocchi.cb11d1e8-3310-4e79-8623-ffd4be62cfd0/1780920000.0_mean_300.0_v3 HTTP/1.0 201 - python-swiftclient-3.11.1 gAAAAABqJ-M9MHvo... 16 - - tx86338d16fa5b4d569fe00-006a27e3cc - 0.0188 - - 1780999116.210160494 1780999116.228912592 0
Jun 9 09:58:36 standalone container-server[126527]: 172.20.0.100 - - [09/Jun/2026:09:58:36 +0000] "PUT /d1/472/AUTH_965784611b4942ca97c5d5124e699aa1/gnocchi.cb11d1e8-3310-4e79-8623-ffd4be62cfd0/none_v3" 201 - "PUT http://172.18.0.2:8080/d1/85/AUTH_965784611b4942ca97c5d5124e699aa1/gnocchi.cb11d1e8-3310-4e79-8623-ffd4be62cfd0/none_v3" "tx6a2bebda099549d1b670c-006a27e3cc" "object-server 21" 0.0010 "-" 20 0
Jun 9 09:58:36 standalone object-server[126646]: 172.20.0.100 - - [09/Jun/2026:09:58:36 +0000] "PUT /d1/85/AUTH_965784611b4942ca97c5d5124e699aa1/gnocchi.cb11d1e8-3310-4e79-8623-ffd4be62cfd0/none_v3" 201 - "PUT http://172.18.0.2:8080/v1/AUTH_965784611b4942ca97c5d5124e699aa1/gnocchi.cb11d1e8-3310-4e79-8623-ffd4be62cfd0/none_v3" "tx6a2bebda099549d1b670c-006a27e3cc" "proxy-server 20" 0.0098 "-" 21 0
Jun 9 09:58:36 standalone proxy-server[128538]: 172.18.0.2 172.18.0.100 09/Jun/2026/09/58/36 PUT /v1/AUTH_965784611b4942ca97c5d5124e699aa1/gnocchi.cb11d1e8-3310-4e79-8623-ffd4be62cfd0/none_v3 HTTP/1.0 201 - python-swiftclient-3.11.1 gAAAAABqJ-M9MHvo... 22 - - tx6a2bebda099549d1b670c-006a27e3cc - 0.0185 - - 1780999116.231773376 1780999116.250264406 0
Jun 9 09:58:36 standalone container-server[126537]: 172.20.0.100 - - [09/Jun/2026:09:58:36 +0000] "HEAD /d1/303/AUTH_965784611b4942ca97c5d5124e699aa1/gnocchi.60dda4f8-90cf-4403-984d-84b552250c29" 404 - "HEAD http://172.18.0.2:8080/v1/AUTH_965784611b4942ca97c5d5124e699aa1/gnocchi.60dda4f8-90cf-4403-984d-84b552250c29?format=json&states=listing" "tx75b1a346d74340f0a3679-006a27e3cc" "proxy-server 20" 0.0004 "-" 22 0
Jun 9 09:58:36 standalone object-server[126681]: 172.20.0.100 - - [09/Jun/2026:09:58:36 +0000] "GET /d1/575/AUTH_965784611b4942ca97c5d5124e699aa1/gnocchi.60dda4f8-90cf-4403-984d-84b552250c29/none_v3" 404 70 "GET http://172.18.0.2:8080/v1/AUTH_965784611b4942ca97c5d5124e699aa1/gnocchi.60dda4f8-90cf-4403-984d-84b552250c29/none_v3" "tx75b1a346d74340f0a3679-006a27e3cc" "proxy-server 20" 0.0005 "-" 25 0
Jun 9 09:58:36 standalone proxy-server[128538]: 172.18.0.2 172.18.0.100 09/Jun/2026/09/58/36 GET /v1/AUTH_965784611b4942ca97c5d5124e699aa1/gnocchi.60dda4f8-90cf-4403-984d-84b552250c29/none_v3 HTTP/1.0 404 - python-swiftclient-3.11.1 gAAAAABqJ-M9MHvo... - 70 - tx75b1a346d74340f0a3679-006a27e3cc - 0.0167 - - 1780999116.262185812 1780999116.278932333 0
Jun 9 09:58:36 standalone account-server[126435]: 172.20.0.100 - - [09/Jun/2026:09:58:36 +0000] "PUT /d1/199/AUTH_965784611b4942ca97c5d5124e699aa1/gnocchi.60dda4f8-90cf-4403-984d-84b552250c29" 201 - "PUT http://172.20.0.100:6001/d1/303/AUTH_965784611b4942ca97c5d5124e699aa1/gnocchi.60dda4f8-90cf-4403-984d-84b552250c29" "tx4d09e88a1db54cfa9c08d-006a27e3cc" "container-server 21" 0.0045 "-" 22 0
Jun 9 09:58:36 standalone container-server[126536]: 172.20.0.100 - - [09/Jun/2026:09:58:36 +0000] "PUT /d1/303/AUTH_965784611b4942ca97c5d5124e699aa1/gnocchi.60dda4f8-90cf-4403-984d-84b552250c29" 201 - "PUT http://172.18.0.2:8080/v1/AUTH_965784611b4942ca97c5d5124e699aa1/gnocchi.60dda4f8-90cf-4403-984d-84b552250c29" "tx4d09e88a1db54cfa9c08d-006a27e3cc" "proxy-server 20" 0.0160 "-" 21 0
Jun 9 09:58:36 standalone proxy-server[128538]: 172.18.0.2 172.18.0.100 09/Jun/2026/09/58/36 PUT /v1/AUTH_965784611b4942ca97c5d5124e699aa1/gnocchi.60dda4f8-90cf-4403-984d-84b552250c29 HTTP/1.0 201 - python-swiftclient-3.11.1 gAAAAABqJ-M9MHvo... - - - tx4d09e88a1db54cfa9c08d-006a27e3cc - 0.0231 - - 1780999116.282521248 1780999116.305631399 0
Jun 9 09:58:36 standalone container-server[126527]: 172.20.0.100 - - [09/Jun/2026:09:58:36 +0000] "HEAD /d1/303/AUTH_965784611b4942ca97c5d5124e699aa1/gnocchi.60dda4f8-90cf-4403-984d-84b552250c29" 204 - "HEAD http://172.18.0.2:8080/v1/AUTH_965784611b4942ca97c5d5124e699aa1/gnocchi.60dda4f8-90cf-4403-984d-84b552250c29?format=json&states=listing" "tx4f8f327c10e04f63876d9-006a27e3cc" "proxy-server 20" 0.0027 "-" 20 0
Jun 9 09:58:36 standalone proxy-server[128538]: - - 09/Jun/2026/09/58/36 HEAD /v1/AUTH_965784611b4942ca97c5d5124e699aa1/gnocchi.60dda4f8-90cf-4403-984d-84b552250c29%3Fformat%3Djson%26states%3Dlisting HTTP/1.0 204 - Swift - - - - tx4f8f327c10e04f63876d9-006a27e3cc - 0.0081 RL - 1780999116.311294794 1780999116.319352627 0
Jun 9 09:58:36 standalone container-server[126537]: 172.20.0.100 - - [09/Jun/2026:09:58:36 +0000] "GET /d1/303/AUTH_965784611b4942ca97c5d5124e699aa1/gnocchi.60dda4f8-90cf-4403-984d-84b552250c29" 200 2 "GET http://172.18.0.2:8080/v1/AUTH_965784611b4942ca97c5d5124e699aa1/gnocchi.60dda4f8-90cf-4403-984d-84b552250c29?format=json&states=listing" "tx4f8f327c10e04f63876d9-006a27e3cc" "proxy-server 20" 0.0049 "-" 22 0
Jun 9 09:58:36 standalone proxy-server[128538]: 172.18.0.2 172.18.0.100 09/Jun/2026/09/58/36 GET /v1/AUTH_965784611b4942ca97c5d5124e699aa1/gnocchi.60dda4f8-90cf-4403-984d-84b552250c29%3Fformat%3Djson%26states%3Dlisting HTTP/1.0 200 - python-swiftclient-3.11.1 gAAAAABqJ-M9MHvo... - 2 - tx4f8f327c10e04f63876d9-006a27e3cc - 0.0239 - - 1780999116.309688091 1780999116.333596706 0
Jun 9 09:58:36 standalone object-server[126667]: 172.20.0.100 - - [09/Jun/2026:09:58:36 +0000] "GET /d1/119/AUTH_965784611b4942ca97c5d5124e699aa1/gnocchi.60dda4f8-90cf-4403-984d-84b552250c29/1780920000.0_mean_300.0_v3" 404 70 "GET http://172.18.0.2:8080/v1/AUTH_965784611b4942ca97c5d5124e699aa1/gnocchi.60dda4f8-90cf-4403-984d-84b552250c29/1780920000.0_mean_300.0_v3" "txbfb3708ca7314ee29cb53-006a27e3cc" "proxy-server 20" 0.0003 "-" 24 0
Jun 9 09:58:36 standalone proxy-server[128538]: 172.18.0.2 172.18.0.100 09/Jun/2026/09/58/36 GET /v1/AUTH_965784611b4942ca97c5d5124e699aa1/gnocchi.60dda4f8-90cf-4403-984d-84b552250c29/1780920000.0_mean_300.0_v3 HTTP/1.0 404 - python-swiftclient-3.11.1 gAAAAABqJ-M9MHvo... - 70 - txbfb3708ca7314ee29cb53-006a27e3cc - 0.0101 - - 1780999116.338612556 1780999116.348741055 0
Jun 9 09:58:36 standalone container-server[126536]: 172.20.0.100 - - [09/Jun/2026:09:58:36 +0000] "PUT /d1/303/AUTH_965784611b4942ca97c5d5124e699aa1/gnocchi.60dda4f8-90cf-4403-984d-84b552250c29/1780920000.0_mean_300.0_v3" 201 - "PUT http://172.18.0.2:8080/d1/119/AUTH_965784611b4942ca97c5d5124e699aa1/gnocchi.60dda4f8-90cf-4403-984d-84b552250c29/1780920000.0_mean_300.0_v3" "tx3cdb8d27207b4f809fe70-006a27e3cc" "object-server 25" 0.0010 "-" 21 0
Jun 9 09:58:36 standalone object-server[126681]: 172.20.0.100 - - [09/Jun/2026:09:58:36 +0000] "PUT /d1/119/AUTH_965784611b4942ca97c5d5124e699aa1/gnocchi.60dda4f8-90cf-4403-984d-84b552250c29/1780920000.0_mean_300.0_v3" 201 - "PUT http://172.18.0.2:8080/v1/AUTH_965784611b4942ca97c5d5124e699aa1/gnocchi.60dda4f8-90cf-4403-984d-84b552250c29/1780920000.0_mean_300.0_v3" "tx3cdb8d27207b4f809fe70-006a27e3cc" "proxy-server 20" 0.0126 "-" 25 0
Jun 9 09:58:36 standalone proxy-server[128538]: 172.18.0.2 172.18.0.100 09/Jun/2026/09/58/36 PUT /v1/AUTH_965784611b4942ca97c5d5124e699aa1/gnocchi.60dda4f8-90cf-4403-984d-84b552250c29/1780920000.0_mean_300.0_v3 HTTP/1.0 201 - python-swiftclient-3.11.1 gAAAAABqJ-M9MHvo... 16 - - tx3cdb8d27207b4f809fe70-006a27e3cc - 0.0239 - - 1780999116.352712154 1780999116.376643181 0
Jun 9 09:58:36 standalone container-server[126527]: 172.20.0.100 - - [09/Jun/2026:09:58:36 +0000] "PUT /d1/303/AUTH_965784611b4942ca97c5d5124e699aa1/gnocchi.60dda4f8-90cf-4403-984d-84b552250c29/none_v3" 201 - "PUT http://172.18.0.2:8080/d1/575/AUTH_965784611b4942ca97c5d5124e699aa1/gnocchi.60dda4f8-90cf-4403-984d-84b552250c29/none_v3" "tx6ccb38a604c0481fad84d-006a27e3cc" "object-server 25" 0.0008 "-" 20 0
Jun 9 09:58:36 standalone object-server[126681]: 172.20.0.100 - - [09/Jun/2026:09:58:36 +0000] "PUT /d1/575/AUTH_965784611b4942ca97c5d5124e699aa1/gnocchi.60dda4f8-90cf-4403-984d-84b552250c29/none_v3" 201 - "PUT http://172.18.0.2:8080/v1/AUTH_965784611b4942ca97c5d5124e699aa1/gnocchi.60dda4f8-90cf-4403-984d-84b552250c29/none_v3" "tx6ccb38a604c0481fad84d-006a27e3cc" "proxy-server 20" 0.0142 "-" 25 0
Jun 9 09:58:36 standalone proxy-server[128538]: 172.18.0.2 172.18.0.100 09/Jun/2026/09/58/36 PUT /v1/AUTH_965784611b4942ca97c5d5124e699aa1/gnocchi.60dda4f8-90cf-4403-984d-84b552250c29/none_v3 HTTP/1.0 201 - python-swiftclient-3.11.1 gAAAAABqJ-M9MHvo... 22 - - tx6ccb38a604c0481fad84d-006a27e3cc - 0.0280 - - 1780999116.381790161 1780999116.409827948 0
Jun 9 09:58:36 standalone container-server[126540]: 172.20.0.100 - - [09/Jun/2026:09:58:36 +0000] "HEAD /d1/443/AUTH_965784611b4942ca97c5d5124e699aa1/gnocchi.a93806a1-d004-424f-9a66-792f1df88296" 404 - "HEAD http://172.18.0.2:8080/v1/AUTH_965784611b4942ca97c5d5124e699aa1/gnocchi.a93806a1-d004-424f-9a66-792f1df88296?format=json&states=listing" "txae93aeb361ab443fa2bef-006a27e3cc" "proxy-server 20" 0.0003 "-" 23 0
Jun 9 09:58:36 standalone object-server[126646]: 172.20.0.100 - - [09/Jun/2026:09:58:36 +0000] "GET /d1/686/AUTH_965784611b4942ca97c5d5124e699aa1/gnocchi.a93806a1-d004-424f-9a66-792f1df88296/none_v3" 404 70 "GET http://172.18.0.2:8080/v1/AUTH_965784611b4942ca97c5d5124e699aa1/gnocchi.a93806a1-d004-424f-9a66-792f1df88296/none_v3" "txae93aeb361ab443fa2bef-006a27e3cc" "proxy-server 20" 0.0003 "-" 21 0
Jun 9 09:58:36 standalone proxy-server[128538]: 172.18.0.2 172.18.0.100 09/Jun/2026/09/58/36 GET /v1/AUTH_965784611b4942ca97c5d5124e699aa1/gnocchi.a93806a1-d004-424f-9a66-792f1df88296/none_v3 HTTP/1.0 404 - python-swiftclient-3.11.1 gAAAAABqJ-M9MHvo... - 70 - txae93aeb361ab443fa2bef-006a27e3cc - 0.0183 - - 1780999116.421658039 1780999116.439923286 0
Jun 9 09:58:36 standalone account-server[126427]: 172.20.0.100 - - [09/Jun/2026:09:58:36 +0000] "PUT /d1/199/AUTH_965784611b4942ca97c5d5124e699aa1/gnocchi.a93806a1-d004-424f-9a66-792f1df88296" 201 - "PUT http://172.20.0.100:6001/d1/443/AUTH_965784611b4942ca97c5d5124e699aa1/gnocchi.a93806a1-d004-424f-9a66-792f1df88296" "txe80c589065074c99833f1-006a27e3cc" "container-server 21" 0.0043 "-" 21 0
Jun 9 09:58:36 standalone container-server[126536]: 172.20.0.100 - - [09/Jun/2026:09:58:36 +0000] "PUT /d1/443/AUTH_965784611b4942ca97c5d5124e699aa1/gnocchi.a93806a1-d004-424f-9a66-792f1df88296" 201 - "PUT http://172.18.0.2:8080/v1/AUTH_965784611b4942ca97c5d5124e699aa1/gnocchi.a93806a1-d004-424f-9a66-792f1df88296" "txe80c589065074c99833f1-006a27e3cc" "proxy-server 20" 0.0177 "-" 21 0
Jun 9 09:58:36 standalone proxy-server[128538]: 172.18.0.2 172.18.0.100 09/Jun/2026/09/58/36 PUT /v1/AUTH_965784611b4942ca97c5d5124e699aa1/gnocchi.a93806a1-d004-424f-9a66-792f1df88296 HTTP/1.0 201 - python-swiftclient-3.11.1 gAAAAABqJ-M9MHvo... - - - txe80c589065074c99833f1-006a27e3cc - 0.0270 - - 1780999116.443726063 1780999116.470689774 0
Jun 9 09:58:36 standalone container-server[126527]: 172.20.0.100 - - [09/Jun/2026:09:58:36 +0000] "HEAD /d1/443/AUTH_965784611b4942ca97c5d5124e699aa1/gnocchi.a93806a1-d004-424f-9a66-792f1df88296" 204 - "HEAD http://172.18.0.2:8080/v1/AUTH_965784611b4942ca97c5d5124e699aa1/gnocchi.a93806a1-d004-424f-9a66-792f1df88296?format=json&states=listing" "txc3ad2cbf5e37459c8c0e2-006a27e3cc" "proxy-server 20" 0.0015 "-" 20 0
Jun 9 09:58:36 standalone proxy-server[128538]: - - 09/Jun/2026/09/58/36 HEAD /v1/AUTH_965784611b4942ca97c5d5124e699aa1/gnocchi.a93806a1-d004-424f-9a66-792f1df88296%3Fformat%3Djson%26states%3Dlisting HTTP/1.0 204 - Swift - - - - txc3ad2cbf5e37459c8c0e2-006a27e3cc - 0.0073 RL - 1780999116.476609230 1780999116.483861923 0
Jun 9 09:58:36 standalone container-server[126540]: 172.20.0.100 - - [09/Jun/2026:09:58:36 +0000] "GET /d1/443/AUTH_965784611b4942ca97c5d5124e699aa1/gnocchi.a93806a1-d004-424f-9a66-792f1df88296" 200 2 "GET http://172.18.0.2:8080/v1/AUTH_965784611b4942ca97c5d5124e699aa1/gnocchi.a93806a1-d004-424f-9a66-792f1df88296?format=json&states=listing" "txc3ad2cbf5e37459c8c0e2-006a27e3cc" "proxy-server 20" 0.0018 "-" 23 0
