Jun 9 09:44:54 standalone account-server[125741]: Starting 2
Jun 9 09:44:55 standalone account-server[126033]: Started child 20 from parent 2
Jun 9 09:44:55 standalone account-server[126033]: Started child 21 from parent 2
Jun 9 09:44:55 standalone account-server[126033]: Started child 22 from parent 2
Jun 9 09:44:55 standalone account-server[126033]: Started child 23 from parent 2
Jun 9 09:44:56 standalone object-expirer[126214]: Starting 2
Jun 9 09:44:56 standalone object-expirer[126214]: Option auto_create_account_prefix is deprecated. Configure auto_create_account_prefix under the swift-constraints section of swift.conf. This option will be ignored in a future release.
Jun 9 09:44:56 standalone container-server[126261]: Starting 2
Jun 9 09:44:56 standalone container-server[126199]: Option allow_versions is deprecated. Configure the versioned_writes middleware in the proxy-server instead. This option will be ignored in a future release.
Jun 9 09:44:56 standalone container-server[126527]: Option allow_versions is deprecated. Configure the versioned_writes middleware in the proxy-server instead. This option will be ignored in a future release.
Jun 9 09:44:56 standalone container-server[126199]: Started child 20 from parent 2
Jun 9 09:44:56 standalone container-server[126536]: Option allow_versions is deprecated. Configure the versioned_writes middleware in the proxy-server instead. This option will be ignored in a future release.
Jun 9 09:44:56 standalone container-server[126199]: Started child 21 from parent 2
Jun 9 09:44:56 standalone container-server[126537]: Option allow_versions is deprecated. Configure the versioned_writes middleware in the proxy-server instead. This option will be ignored in a future release.
Jun 9 09:44:56 standalone container-server[126199]: Started child 22 from parent 2
Jun 9 09:44:56 standalone container-server[126540]: Option allow_versions is deprecated. Configure the versioned_writes middleware in the proxy-server instead. This option will be ignored in a future release.
Jun 9 09:44:56 standalone container-server[126199]: Started child 23 from parent 2
Jun 9 09:44:56 standalone object-server[126504]: Started child 21 from parent 2
Jun 9 09:44:56 standalone object-server[126504]: Started child 23 from parent 2
Jun 9 09:44:56 standalone object-server[126504]: Started child 24 from parent 2
Jun 9 09:44:56 standalone object-server[126504]: Started child 25 from parent 2
Jun 9 09:44:56 standalone object-server[126558]: Starting 2
Jun 9 09:45:02 standalone proxy-server[128363]: Starting Keystone auth_token middleware
Jun 9 09:45:02 standalone proxy-server[128363]: AuthToken middleware is set with keystone_authtoken.service_token_roles_required set to False. This is backwards compatible but deprecated behaviour. Please set this to True.
Jun 9 09:45:02 standalone proxy-server[128538]: Starting Keystone auth_token middleware
Jun 9 09:45:02 standalone proxy-server[128538]: STDERR: The option "bind_port" is not known to keystonemiddleware
Jun 9 09:45:02 standalone proxy-server[128538]: STDERR: The option "workers" is not known to keystonemiddleware
Jun 9 09:45:02 standalone proxy-server[128538]: STDERR: The option "user" is not known to keystonemiddleware
Jun 9 09:45:02 standalone proxy-server[128538]: STDERR: The option "bind_ip" is not known to keystonemiddleware
Jun 9 09:45:02 standalone proxy-server[128538]: STDERR: The option "log_name" is not known to keystonemiddleware
Jun 9 09:45:02 standalone proxy-server[128538]: STDERR: The option "log_facility" is not known to keystonemiddleware
Jun 9 09:45:02 standalone proxy-server[128538]: STDERR: The option "log_level" is not known to keystonemiddleware
Jun 9 09:45:02 standalone proxy-server[128538]: STDERR: The option "log_headers" is not known to keystonemiddleware
Jun 9 09:45:02 standalone proxy-server[128538]: STDERR: The option "log_address" is not known to keystonemiddleware
Jun 9 09:45:02 standalone proxy-server[128538]: STDERR: The option "project_name" is not known to keystonemiddleware
Jun 9 09:45:02 standalone proxy-server[128538]: STDERR: The option "username" is not known to keystonemiddleware
Jun 9 09:45:02 standalone proxy-server[128538]: STDERR: The option "password" is not known to keystonemiddleware
Jun 9 09:45:02 standalone proxy-server[128538]: STDERR: The option "auth_url" is not known to keystonemiddleware
Jun 9 09:45:02 standalone proxy-server[128538]: STDERR: The option "signing_dir" is not known to keystonemiddleware
Jun 9 09:45:02 standalone proxy-server[128538]: STDERR: The option "project_domain_id" is not known to keystonemiddleware
Jun 9 09:45:02 standalone proxy-server[128538]: STDERR: The option "user_domain_id" is not known to keystonemiddleware
Jun 9 09:45:02 standalone proxy-server[128538]: STDERR: The option "__name__" is not known to keystonemiddleware
Jun 9 09:45:02 standalone proxy-server[128538]: AuthToken middleware is set with keystone_authtoken.service_token_roles_required set to False. This is backwards compatible but deprecated behaviour. Please set this to True.
Jun 9 09:45:02 standalone proxy-server[128363]: Started child 20 from parent 2
Jun 9 09:45:17 standalone object-server[126558]: Begin object update sweep
Jun 9 09:45:17 standalone object-server[130212]: Object update sweep starting on /srv/node/d1 (pid: 11)
Jun 9 09:45:17 standalone object-server[130212]: Object update sweep completed on /srv/node/d1 in 0.00s seconds:, 0 successes, 0 failures, 0 quarantines, 0 unlinks, 0 errors, 0 redirects (pid: 11)
Jun 9 09:45:17 standalone object-server[130212]: Object update sweep of d1 completed: 0.00s, 0 successes, 0 failures, 0 quarantines, 0 unlinks, 0 errors, 0 redirects
Jun 9 09:45:17 standalone object-server[126558]: Object update sweep completed: 0.08s
Jun 9 09:45:26 standalone account-server[126414]: 172.20.0.100 - - [09/Jun/2026:09:45:26 +0000] "HEAD /d1/813/.expiring_objects" 404 - "HEAD http://localhost/v1/.expiring_objects?format=json" "txa0d017c1c041466a9c908-006a27e0b6" "proxy-server 2" 0.0015 "-" 20 -
Jun 9 09:45:26 standalone object-expirer[126214]: Pass completed in 0s; 0 objects expired (txn: txa0d017c1c041466a9c908-006a27e0b6)
Jun 9 09:46:12 standalone account-server[126427]: 172.20.0.100 - - [09/Jun/2026:09:46:12 +0000] "HEAD /d1/813/.expiring_objects" 404 - "HEAD http://localhost/v1/.expiring_objects?format=json" "tx0c771dbdc9744511917fd-006a27e0e4" "proxy-server 2" 0.0018 "-" 21 -
Jun 9 09:46:12 standalone object-expirer[126214]: Pass completed in 0s; 0 objects expired (txn: tx0c771dbdc9744511917fd-006a27e0e4)
Jun 9 09:46:37 standalone account-server[126427]: 172.20.0.100 - - [09/Jun/2026:09:46:37 +0000] "HEAD /d1/813/.expiring_objects" 404 - "HEAD http://localhost/v1/.expiring_objects?format=json" "tx73721fc95a144225a9be5-006a27e0fd" "proxy-server 2" 0.0007 "-" 21 -
Jun 9 09:46:37 standalone object-expirer[126214]: Pass completed in 0s; 0 objects expired (txn: tx73721fc95a144225a9be5-006a27e0fd)
Jun 9 09:46:52 standalone account-server[126427]: 172.20.0.100 - - [09/Jun/2026:09:46:52 +0000] "HEAD /d1/813/.expiring_objects" 404 - "HEAD http://localhost/v1/.expiring_objects?format=json" "txfd940b4b8b674a21b63e9-006a27e10c" "proxy-server 2" 0.0008 "-" 21 -
Jun 9 09:46:52 standalone object-expirer[126214]: Pass completed in 0s; 0 objects expired (txn: txfd940b4b8b674a21b63e9-006a27e10c)
Jun 9 09:48:05 standalone container-server[126261]: Begin container update sweep
Jun 9 09:48:05 standalone container-server[126261]: Container update sweep completed: 0.00s
Jun 9 09:50:17 standalone object-server[126558]: Begin object update sweep
Jun 9 09:50:17 standalone object-server[166289]: Object update sweep starting on /srv/node/d1 (pid: 13)
Jun 9 09:50:17 standalone object-server[166289]: Object update sweep completed on /srv/node/d1 in 0.00s seconds:, 0 successes, 0 failures, 0 quarantines, 0 unlinks, 0 errors, 0 redirects (pid: 13)
Jun 9 09:50:17 standalone object-server[166289]: Object update sweep of d1 completed: 0.00s, 0 successes, 0 failures, 0 quarantines, 0 unlinks, 0 errors, 0 redirects
Jun 9 09:50:17 standalone object-server[126558]: Object update sweep completed: 0.07s
Jun 9 09:51:47 standalone account-server[126427]: 172.20.0.100 - - [09/Jun/2026:09:51:47 +0000] "HEAD /d1/813/.expiring_objects" 404 - "HEAD http://localhost/v1/.expiring_objects?format=json" "tx2de95760f22845c587547-006a27e233" "proxy-server 2" 0.0007 "-" 21 -
Jun 9 09:51:47 standalone object-expirer[126214]: Pass completed in 0s; 0 objects expired (txn: tx2de95760f22845c587547-006a27e233)
Jun 9 09:52:25 standalone account-server[125741]: Devices pass completed: 0.00s
Jun 9 09:53:05 standalone container-server[126261]: Begin container update sweep
Jun 9 09:53:05 standalone container-server[126261]: Container update sweep completed: 0.00s
Jun 9 09:55:10 standalone account-server[126445]: 172.20.0.100 - - [09/Jun/2026:09:55:10 +0000] "HEAD /d1/813/.expiring_objects" 404 - "HEAD http://localhost/v1/.expiring_objects?format=json" "txea6e916a3a4e47d5a5915-006a27e2fe" "proxy-server 2" 0.0013 "-" 23 -
Jun 9 09:55:10 standalone object-expirer[126214]: Pass completed in 0s; 0 objects expired (txn: txea6e916a3a4e47d5a5915-006a27e2fe)
Jun 9 09:55:17 standalone object-server[126558]: Begin object update sweep
Jun 9 09:55:17 standalone object-server[208331]: Object update sweep starting on /srv/node/d1 (pid: 14)
Jun 9 09:55:17 standalone object-server[208331]: Object update sweep completed on /srv/node/d1 in 0.00s seconds:, 0 successes, 0 failures, 0 quarantines, 0 unlinks, 0 errors, 0 redirects (pid: 14)
Jun 9 09:55:17 standalone object-server[208331]: Object update sweep of d1 completed: 0.00s, 0 successes, 0 failures, 0 quarantines, 0 unlinks, 0 errors, 0 redirects
Jun 9 09:55:17 standalone object-server[126558]: Object update sweep completed: 0.07s
Jun 9 09:56:13 standalone account-server[126435]: 172.20.0.100 - - [09/Jun/2026:09:56:13 +0000] "HEAD /d1/199/AUTH_965784611b4942ca97c5d5124e699aa1" 404 - "HEAD http://172.18.0.2:8080/v1/AUTH_965784611b4942ca97c5d5124e699aa1?format=json" "tx45fe0ac335af44bcabb6e-006a27e33d" "proxy-server 20" 0.0017 "-" 22 -
Jun 9 09:56:13 standalone proxy-server[128538]: - - 09/Jun/2026/09/56/13 HEAD /v1/AUTH_965784611b4942ca97c5d5124e699aa1%3Fformat%3Djson HTTP/1.0 200 - Swift - - - - tx45fe0ac335af44bcabb6e-006a27e33d - 0.0093 RL - 1780998973.818074703 1780998973.827336073 -
Jun 9 09:56:14 standalone object-server[126681]: 172.20.0.100 - - [09/Jun/2026:09:56:14 +0000] "GET /d1/516/AUTH_965784611b4942ca97c5d5124e699aa1/gnocchi.09e75388-3936-41f0-abba-e562376d237a/none_v3" 404 70 "GET http://172.18.0.2:8080/v1/AUTH_965784611b4942ca97c5d5124e699aa1/gnocchi.09e75388-3936-41f0-abba-e562376d237a/none_v3" "tx45fe0ac335af44bcabb6e-006a27e33d" "proxy-server 20" 0.0010 "-" 25 0
Jun 9 09:56:14 standalone proxy-server[128538]: 172.18.0.2 172.18.0.100 09/Jun/2026/09/56/14 GET /v1/AUTH_965784611b4942ca97c5d5124e699aa1/gnocchi.09e75388-3936-41f0-abba-e562376d237a/none_v3 HTTP/1.0 404 - python-swiftclient-3.11.1 gAAAAABqJ-M9MHvo... - 70 - tx45fe0ac335af44bcabb6e-006a27e33d - 0.3949 - - 1780998973.814046621 1780998974.208939791 0
Jun 9 09:56:14 standalone account-server[126427]: 172.20.0.100 - - [09/Jun/2026:09:56:14 +0000] "PUT /d1/199/AUTH_965784611b4942ca97c5d5124e699aa1" 201 - "-" "txf99240ce9ff14af2b2cac-006a27e33e" "-" 0.0184 "-" 21 -
Jun 9 09:56:14 standalone proxy-server[128538]: autocreate account '/AUTH_965784611b4942ca97c5d5124e699aa1' (txn: txf99240ce9ff14af2b2cac-006a27e33e)
Jun 9 09:56:14 standalone account-server[126427]: 172.20.0.100 - - [09/Jun/2026:09:56:14 +0000] "HEAD /d1/199/AUTH_965784611b4942ca97c5d5124e699aa1" 204 - "HEAD http://172.18.0.2:8080/v1/AUTH_965784611b4942ca97c5d5124e699aa1?format=json" "txf99240ce9ff14af2b2cac-006a27e33e" "proxy-server 20" 0.0018 "-" 21 -
Jun 9 09:56:14 standalone account-server[126445]: 172.20.0.100 - - [09/Jun/2026:09:56:14 +0000] "PUT /d1/199/AUTH_965784611b4942ca97c5d5124e699aa1/gnocchi.09e75388-3936-41f0-abba-e562376d237a" 201 - "PUT http://172.20.0.100:6001/d1/584/AUTH_965784611b4942ca97c5d5124e699aa1/gnocchi.09e75388-3936-41f0-abba-e562376d237a" "txf99240ce9ff14af2b2cac-006a27e33e" "container-server 21" 0.0015 "-" 23 0
Jun 9 09:56:14 standalone container-server[126536]: 172.20.0.100 - - [09/Jun/2026:09:56:14 +0000] "PUT /d1/584/AUTH_965784611b4942ca97c5d5124e699aa1/gnocchi.09e75388-3936-41f0-abba-e562376d237a" 201 - "PUT http://172.18.0.2:8080/v1/AUTH_965784611b4942ca97c5d5124e699aa1/gnocchi.09e75388-3936-41f0-abba-e562376d237a" "txf99240ce9ff14af2b2cac-006a27e33e" "proxy-server 20" 0.0135 "-" 21 0
Jun 9 09:56:14 standalone proxy-server[128538]: 172.18.0.2 172.18.0.100 09/Jun/2026/09/56/14 PUT /v1/AUTH_965784611b4942ca97c5d5124e699aa1/gnocchi.09e75388-3936-41f0-abba-e562376d237a HTTP/1.0 201 - python-swiftclient-3.11.1 gAAAAABqJ-M9MHvo... - - - txf99240ce9ff14af2b2cac-006a27e33e - 0.0537 - - 1780998974.213674784 1780998974.267421007 0
Jun 9 09:56:14 standalone container-server[126527]: 172.20.0.100 - - [09/Jun/2026:09:56:14 +0000] "HEAD /d1/584/AUTH_965784611b4942ca97c5d5124e699aa1/gnocchi.09e75388-3936-41f0-abba-e562376d237a" 204 - "HEAD http://172.18.0.2:8080/v1/AUTH_965784611b4942ca97c5d5124e699aa1/gnocchi.09e75388-3936-41f0-abba-e562376d237a?format=json&states=listing" "tx7ac9acae0bdd46dd93754-006a27e33e" "proxy-server 20" 0.0041 "-" 20 0
Jun 9 09:56:14 standalone proxy-server[128538]: - - 09/Jun/2026/09/56/14 HEAD /v1/AUTH_965784611b4942ca97c5d5124e699aa1/gnocchi.09e75388-3936-41f0-abba-e562376d237a%3Fformat%3Djson%26states%3Dlisting HTTP/1.0 204 - Swift - - - - tx7ac9acae0bdd46dd93754-006a27e33e - 0.0108 RL - 1780998974.276616812 1780998974.287406445 0
Jun 9 09:56:14 standalone container-server[126537]: 172.20.0.100 - - [09/Jun/2026:09:56:14 +0000] "GET /d1/584/AUTH_965784611b4942ca97c5d5124e699aa1/gnocchi.09e75388-3936-41f0-abba-e562376d237a" 200 2 "GET http://172.18.0.2:8080/v1/AUTH_965784611b4942ca97c5d5124e699aa1/gnocchi.09e75388-3936-41f0-abba-e562376d237a?format=json&states=listing" "tx7ac9acae0bdd46dd93754-006a27e33e" "proxy-server 20" 0.0039 "-" 22 0
Jun 9 09:56:14 standalone proxy-server[128538]: 172.18.0.2 172.18.0.100 09/Jun/2026/09/56/14 GET /v1/AUTH_965784611b4942ca97c5d5124e699aa1/gnocchi.09e75388-3936-41f0-abba-e562376d237a%3Fformat%3Djson%26states%3Dlisting HTTP/1.0 200 - python-swiftclient-3.11.1 gAAAAABqJ-M9MHvo... - 2 - tx7ac9acae0bdd46dd93754-006a27e33e - 0.0284 - - 1780998974.273395538 1780998974.301752090 0
Jun 9 09:56:14 standalone object-server[126646]: 172.20.0.100 - - [09/Jun/2026:09:56:14 +0000] "GET /d1/875/AUTH_965784611b4942ca97c5d5124e699aa1/gnocchi.09e75388-3936-41f0-abba-e562376d237a/1780920000.0_mean_300.0_v3" 404 70 "GET http://172.18.0.2:8080/v1/AUTH_965784611b4942ca97c5d5124e699aa1/gnocchi.09e75388-3936-41f0-abba-e562376d237a/1780920000.0_mean_300.0_v3" "tx46b47dcc0e9a4f54866d5-006a27e33e" "proxy-server 20" 0.0008 "-" 21 0
Jun 9 09:56:14 standalone proxy-server[128538]: 172.18.0.2 172.18.0.100 09/Jun/2026/09/56/14 GET /v1/AUTH_965784611b4942ca97c5d5124e699aa1/gnocchi.09e75388-3936-41f0-abba-e562376d237a/1780920000.0_mean_300.0_v3 HTTP/1.0 404 - python-swiftclient-3.11.1 gAAAAABqJ-M9MHvo... - 70 - tx46b47dcc0e9a4f54866d5-006a27e33e - 0.0088 - - 1780998974.307674646 1780998974.316497564 0
Jun 9 09:56:14 standalone container-server[126540]: 172.20.0.100 - - [09/Jun/2026:09:56:14 +0000] "PUT /d1/584/AUTH_965784611b4942ca97c5d5124e699aa1/gnocchi.09e75388-3936-41f0-abba-e562376d237a/1780920000.0_mean_300.0_v3" 201 - "PUT http://172.18.0.2:8080/d1/875/AUTH_965784611b4942ca97c5d5124e699aa1/gnocchi.09e75388-3936-41f0-abba-e562376d237a/1780920000.0_mean_300.0_v3" "tx43af957d43b34011a640c-006a27e33e" "object-server 25" 0.0010 "-" 23 0
Jun 9 09:56:14 standalone object-server[126681]: 172.20.0.100 - - [09/Jun/2026:09:56:14 +0000] "PUT /d1/875/AUTH_965784611b4942ca97c5d5124e699aa1/gnocchi.09e75388-3936-41f0-abba-e562376d237a/1780920000.0_mean_300.0_v3" 201 - "PUT http://172.18.0.2:8080/v1/AUTH_965784611b4942ca97c5d5124e699aa1/gnocchi.09e75388-3936-41f0-abba-e562376d237a/1780920000.0_mean_300.0_v3" "tx43af957d43b34011a640c-006a27e33e" "proxy-server 20" 0.0291 "-" 25 0
Jun 9 09:56:14 standalone proxy-server[128538]: 172.18.0.2 172.18.0.100 09/Jun/2026/09/56/14 PUT /v1/AUTH_965784611b4942ca97c5d5124e699aa1/gnocchi.09e75388-3936-41f0-abba-e562376d237a/1780920000.0_mean_300.0_v3 HTTP/1.0 201 - python-swiftclient-3.11.1 gAAAAABqJ-M9MHvo... 16 - - tx43af957d43b34011a640c-006a27e33e - 0.0380 - - 1780998974.320621967 1780998974.358582258 0
Jun 9 09:56:14 standalone container-server[126537]: 172.20.0.100 - - [09/Jun/2026:09:56:14 +0000] "PUT /d1/584/AUTH_965784611b4942ca97c5d5124e699aa1/gnocchi.09e75388-3936-41f0-abba-e562376d237a/none_v3" 201 - "PUT http://172.18.0.2:8080/d1/516/AUTH_965784611b4942ca97c5d5124e699aa1/gnocchi.09e75388-3936-41f0-abba-e562376d237a/none_v3" "txf6b6ef7ff2fc4001b455d-006a27e33e" "object-server 25" 0.0006 "-" 22 0
Jun 9 09:56:14 standalone object-server[126681]: 172.20.0.100 - - [09/Jun/2026:09:56:14 +0000] "PUT /d1/516/AUTH_965784611b4942ca97c5d5124e699aa1/gnocchi.09e75388-3936-41f0-abba-e562376d237a/none_v3" 201 - "PUT http://172.18.0.2:8080/v1/AUTH_965784611b4942ca97c5d5124e699aa1/gnocchi.09e75388-3936-41f0-abba-e562376d237a/none_v3" "txf6b6ef7ff2fc4001b455d-006a27e33e" "proxy-server 20" 0.0080 "-" 25 0
Jun 9 09:56:14 standalone proxy-server[128538]: 172.18.0.2 172.18.0.100 09/Jun/2026/09/56/14 PUT /v1/AUTH_965784611b4942ca97c5d5124e699aa1/gnocchi.09e75388-3936-41f0-abba-e562376d237a/none_v3 HTTP/1.0 201 - python-swiftclient-3.11.1 gAAAAABqJ-M9MHvo... 22 - - txf6b6ef7ff2fc4001b455d-006a27e33e - 0.0157 - - 1780998974.362818003 1780998974.378524780 0
Jun 9 09:56:43 standalone object-server[126681]: 172.20.0.100 - - [09/Jun/2026:09:56:43 +0000] "GET /d1/516/AUTH_965784611b4942ca97c5d5124e699aa1/gnocchi.09e75388-3936-41f0-abba-e562376d237a/none_v3" 200 22 "GET http://172.18.0.2:8080/v1/AUTH_965784611b4942ca97c5d5124e699aa1/gnocchi.09e75388-3936-41f0-abba-e562376d237a/none_v3" "txf394077c58e14bf790f64-006a27e35b" "proxy-server 20" 0.0013 "-" 25 0
Jun 9 09:56:43 standalone proxy-server[128538]: 172.18.0.2 172.18.0.100 09/Jun/2026/09/56/43 GET /v1/AUTH_965784611b4942ca97c5d5124e699aa1/gnocchi.09e75388-3936-41f0-abba-e562376d237a/none_v3 HTTP/1.0 200 - python-swiftclient-3.11.1 gAAAAABqJ-M9MHvo... - 22 - txf394077c58e14bf790f64-006a27e35b - 0.0078 - - 1780999003.653564692 1780999003.661338091 0
Jun 9 09:56:43 standalone container-server[126537]: 172.20.0.100 - - [09/Jun/2026:09:56:43 +0000] "GET /d1/584/AUTH_965784611b4942ca97c5d5124e699aa1/gnocchi.09e75388-3936-41f0-abba-e562376d237a" 200 357 "GET http://172.18.0.2:8080/v1/AUTH_965784611b4942ca97c5d5124e699aa1/gnocchi.09e75388-3936-41f0-abba-e562376d237a?format=json&states=listing" "tx37a75aa4ad61423d94ef1-006a27e35b" "proxy-server 20" 0.0292 "-" 22 0
Jun 9 09:56:43 standalone proxy-server[128538]: 172.18.0.2 172.18.0.100 09/Jun/2026/09/56/43 GET /v1/AUTH_965784611b4942ca97c5d5124e699aa1/gnocchi.09e75388-3936-41f0-abba-e562376d237a%3Fformat%3Djson%26states%3Dlisting HTTP/1.0 200 - python-swiftclient-3.11.1 gAAAAABqJ-M9MHvo... - 357 - tx37a75aa4ad61423d94ef1-006a27e35b - 0.0406 - - 1780999003.664908886 1780999003.705480814 0
Jun 9 09:56:43 standalone container-server[126536]: 172.20.0.100 - - [09/Jun/2026:09:56:43 +0000] "GET /d1/584/AUTH_965784611b4942ca97c5d5124e699aa1/gnocchi.09e75388-3936-41f0-abba-e562376d237a" 200 2 "GET http://172.18.0.2:8080/v1/AUTH_965784611b4942ca97c5d5124e699aa1/gnocchi.09e75388-3936-41f0-abba-e562376d237a?format=json&marker=none_v3&states=listing" "txcd22f61a7c7a4878ab341-006a27e35b" "proxy-server 20" 0.0026 "-" 21 0
Jun 9 09:56:43 standalone proxy-server[128538]: 172.18.0.2 172.18.0.100 09/Jun/2026/09/56/43 GET /v1/AUTH_965784611b4942ca97c5d5124e699aa1/gnocchi.09e75388-3936-41f0-abba-e562376d237a%3Fformat%3Djson%26marker%3Dnone_v3%26states%3Dlisting HTTP/1.0 200 - python-swiftclient-3.11.1 gAAAAABqJ-M9MHvo... - 2 - txcd22f61a7c7a4878ab341-006a27e35b - 0.0073 - - 1780999003.708430052 1780999003.715717793 0
Jun 9 09:56:43 standalone object-server[126667]: 172.20.0.100 - - [09/Jun/2026:09:56:43 +0000] "GET /d1/875/AUTH_965784611b4942ca97c5d5124e699aa1/gnocchi.09e75388-3936-41f0-abba-e562376d237a/1780920000.0_mean_300.0_v3" 200 16 "GET http://172.18.0.2:8080/v1/AUTH_965784611b4942ca97c5d5124e699aa1/gnocchi.09e75388-3936-41f0-abba-e562376d237a/1780920000.0_mean_300.0_v3" "txab7c5f607d9c4acbb387e-006a27e35b" "proxy-server 20" 0.0030 "-" 24 0
Jun 9 09:56:43 standalone proxy-server[128538]: 172.18.0.2 172.18.0.100 09/Jun/2026/09/56/43 GET /v1/AUTH_965784611b4942ca97c5d5124e699aa1/gnocchi.09e75388-3936-41f0-abba-e562376d237a/1780920000.0_mean_300.0_v3 HTTP/1.0 200 - python-swiftclient-3.11.1 gAAAAABqJ-M9MHvo... - 16 - txab7c5f607d9c4acbb387e-006a27e35b - 0.0151 - - 1780999003.718274117 1780999003.733372211 0
Jun 9 09:56:43 standalone container-server[126527]: 172.20.0.100 - - [09/Jun/2026:09:56:43 +0000] "PUT /d1/584/AUTH_965784611b4942ca97c5d5124e699aa1/gnocchi.09e75388-3936-41f0-abba-e562376d237a/1780920000.0_mean_300.0_v3" 201 - "PUT http://172.18.0.2:8080/d1/875/AUTH_965784611b4942ca97c5d5124e699aa1/gnocchi.09e75388-3936-41f0-abba-e562376d237a/1780920000.0_mean_300.0_v3" "txa22d9355275e4f5ea8a0e-006a27e35b" "object-server 25" 0.0009 "-" 20 0
Jun 9 09:56:43 standalone object-server[126681]: 172.20.0.100 - - [09/Jun/2026:09:56:43 +0000] "PUT /d1/875/AUTH_965784611b4942ca97c5d5124e699aa1/gnocchi.09e75388-3936-41f0-abba-e562376d237a/1780920000.0_mean_300.0_v3" 201 - "PUT http://172.18.0.2:8080/v1/AUTH_965784611b4942ca97c5d5124e699aa1/gnocchi.09e75388-3936-41f0-abba-e562376d237a/1780920000.0_mean_300.0_v3" "txa22d9355275e4f5ea8a0e-006a27e35b" "proxy-server 20" 0.0086 "-" 25 0
Jun 9 09:56:43 standalone proxy-server[128538]: 172.18.0.2 172.18.0.100 09/Jun/2026/09/56/43 PUT /v1/AUTH_965784611b4942ca97c5d5124e699aa1/gnocchi.09e75388-3936-41f0-abba-e562376d237a/1780920000.0_mean_300.0_v3 HTTP/1.0 201 - python-swiftclient-3.11.1 gAAAAABqJ-M9MHvo... 16 - - txa22d9355275e4f5ea8a0e-006a27e35b - 0.0135 - - 1780999003.735369921 1780999003.748845100 0
Jun 9 09:56:43 standalone container-server[126540]: 172.20.0.100 - - [09/Jun/2026:09:56:43 +0000] "PUT /d1/584/AUTH_965784611b4942ca97c5d5124e699aa1/gnocchi.09e75388-3936-41f0-abba-e562376d237a/none_v3" 201 - "PUT http://172.18.0.2:8080/d1/516/AUTH_965784611b4942ca97c5d5124e699aa1/gnocchi.09e75388-3936-41f0-abba-e562376d237a/none_v3" "txeaf5f4fbbd22405fafdde-006a27e35b" "object-server 23" 0.0008 "-" 23 0
Jun 9 09:56:43 standalone object-server[126656]: 172.20.0.100 - - [09/Jun/2026:09:56:43 +0000] "PUT /d1/516/AUTH_965784611b4942ca97c5d5124e699aa1/gnocchi.09e75388-3936-41f0-abba-e562376d237a/none_v3" 201 - "PUT http://172.18.0.2:8080/v1/AUTH_965784611b4942ca97c5d5124e699aa1/gnocchi.09e75388-3936-41f0-abba-e562376d237a/none_v3" "txeaf5f4fbbd22405fafdde-006a27e35b" "proxy-server 20" 0.0262 "-" 23 0
Jun 9 09:56:43 standalone proxy-server[128538]: 172.18.0.2 172.18.0.100 09/Jun/2026/09/56/43 PUT /v1/AUTH_965784611b4942ca97c5d5124e699aa1/gnocchi.09e75388-3936-41f0-abba-e562376d237a/none_v3 HTTP/1.0 201 - python-swiftclient-3.11.1 gAAAAABqJ-M9MHvo... 32 - - txeaf5f4fbbd22405fafdde-006a27e35b - 0.0319 - - 1780999003.750957966 1780999003.782822132 0
Jun 9 09:57:13 standalone container-server[126527]: 172.20.0.100 - - [09/Jun/2026:09:57:13 +0000] "HEAD /d1/526/AUTH_965784611b4942ca97c5d5124e699aa1/gnocchi.8af1a25a-25f6-4a80-a79b-3df5f46b12b7" 404 - "HEAD http://172.18.0.2:8080/v1/AUTH_965784611b4942ca97c5d5124e699aa1/gnocchi.8af1a25a-25f6-4a80-a79b-3df5f46b12b7?format=json&states=listing" "tx3ad2c3dc30174fff98a04-006a27e379" "proxy-server 20" 0.0010 "-" 20 0
Jun 9 09:57:13 standalone object-server[126656]: 172.20.0.100 - - [09/Jun/2026:09:57:13 +0000] "GET /d1/300/AUTH_965784611b4942ca97c5d5124e699aa1/gnocchi.8af1a25a-25f6-4a80-a79b-3df5f46b12b7/none_v3" 404 70 "GET http://172.18.0.2:8080/v1/AUTH_965784611b4942ca97c5d5124e699aa1/gnocchi.8af1a25a-25f6-4a80-a79b-3df5f46b12b7/none_v3" "tx3ad2c3dc30174fff98a04-006a27e379" "proxy-server 20" 0.0005 "-" 23 0
Jun 9 09:57:13 standalone proxy-server[128538]: 172.18.0.2 172.18.0.100 09/Jun/2026/09/57/13 GET /v1/AUTH_965784611b4942ca97c5d5124e699aa1/gnocchi.8af1a25a-25f6-4a80-a79b-3df5f46b12b7/none_v3 HTTP/1.0 404 - python-swiftclient-3.11.1 gAAAAABqJ-M9MHvo... - 70 - tx3ad2c3dc30174fff98a04-006a27e379 - 0.0149 - - 1780999033.728518724 1780999033.743406773 0
Jun 9 09:57:13 standalone account-server[126427]: 172.20.0.100 - - [09/Jun/2026:09:57:13 +0000] "PUT /d1/199/AUTH_965784611b4942ca97c5d5124e699aa1/gnocchi.8af1a25a-25f6-4a80-a79b-3df5f46b12b7" 201 - "PUT http://172.20.0.100:6001/d1/526/AUTH_965784611b4942ca97c5d5124e699aa1/gnocchi.8af1a25a-25f6-4a80-a79b-3df5f46b12b7" "txdce777ef01db4428b8c48-006a27e379" "container-server 23" 0.0069 "-" 21 0
Jun 9 09:57:13 standalone container-server[126540]: 172.20.0.100 - - [09/Jun/2026:09:57:13 +0000] "PUT /d1/526/AUTH_965784611b4942ca97c5d5124e699aa1/gnocchi.8af1a25a-25f6-4a80-a79b-3df5f46b12b7" 201 - "PUT http://172.18.0.2:8080/v1/AUTH_965784611b4942ca97c5d5124e699aa1/gnocchi.8af1a25a-25f6-4a80-a79b-3df5f46b12b7" "txdce777ef01db4428b8c48-006a27e379" "proxy-server 20" 0.0244 "-" 23 0
Jun 9 09:57:13 standalone proxy-server[128538]: 172.18.0.2 172.18.0.100 09/Jun/2026/09/57/13 PUT /v1/AUTH_965784611b4942ca97c5d5124e699aa1/gnocchi.8af1a25a-25f6-4a80-a79b-3df5f46b12b7 HTTP/1.0 201 - python-swiftclient-3.11.1 gAAAAABqJ-M9MHvo... - - - txdce777ef01db4428b8c48-006a27e379 - 0.0335 - - 1780999033.747607231 1780999033.781085730 0
Jun 9 09:57:13 standalone container-server[126536]: 172.20.0.100 - - [09/Jun/2026:09:57:13 +0000] "HEAD /d1/526/AUTH_965784611b4942ca97c5d5124e699aa1/gnocchi.8af1a25a-25f6-4a80-a79b-3df5f46b12b7" 204 - "HEAD http://172.18.0.2:8080/v1/AUTH_965784611b4942ca97c5d5124e699aa1/gnocchi.8af1a25a-25f6-4a80-a79b-3df5f46b12b7?format=json&states=listing" "txe99fe255c95d4d1d9225e-006a27e379" "proxy-server 20" 0.0030 "-" 21 0
Jun 9 09:57:13 standalone proxy-server[128538]: - - 09/Jun/2026/09/57/13 HEAD /v1/AUTH_965784611b4942ca97c5d5124e699aa1/gnocchi.8af1a25a-25f6-4a80-a79b-3df5f46b12b7%3Fformat%3Djson%26states%3Dlisting HTTP/1.0 204 - Swift - - - - txe99fe255c95d4d1d9225e-006a27e379 - 0.0082 RL - 1780999033.788067341 1780999033.796221256 0
Jun 9 09:57:13 standalone container-server[126540]: 172.20.0.100 - - [09/Jun/2026:09:57:13 +0000] "GET /d1/526/AUTH_965784611b4942ca97c5d5124e699aa1/gnocchi.8af1a25a-25f6-4a80-a79b-3df5f46b12b7" 200 2 "GET http://172.18.0.2:8080/v1/AUTH_965784611b4942ca97c5d5124e699aa1/gnocchi.8af1a25a-25f6-4a80-a79b-3df5f46b12b7?format=json&states=listing" "txe99fe255c95d4d1d9225e-006a27e379" "proxy-server 20" 0.0029 "-" 23 0
Jun 9 09:57:13 standalone proxy-server[128538]: 172.18.0.2 172.18.0.100 09/Jun/2026/09/57/13 GET /v1/AUTH_965784611b4942ca97c5d5124e699aa1/gnocchi.8af1a25a-25f6-4a80-a79b-3df5f46b12b7%3Fformat%3Djson%26states%3Dlisting HTTP/1.0 200 - python-swiftclient-3.11.1 gAAAAABqJ-M9MHvo... - 2 - txe99fe255c95d4d1d9225e-006a27e379 - 0.0198 - - 1780999033.786324501 1780999033.806116343 0
Jun 9 09:57:13 standalone object-server[126681]: 172.20.0.100 - - [09/Jun/2026:09:57:13 +0000] "GET /d1/940/AUTH_965784611b4942ca97c5d5124e699aa1/gnocchi.8af1a25a-25f6-4a80-a79b-3df5f46b12b7/1780920000.0_mean_300.0_v3" 404 70 "GET http://172.18.0.2:8080/v1/AUTH_965784611b4942ca97c5d5124e699aa1/gnocchi.8af1a25a-25f6-4a80-a79b-3df5f46b12b7/1780920000.0_mean_300.0_v3" "tx6c784a11aef146dd8601c-006a27e379" "proxy-server 20" 0.0006 "-" 25 0
Jun 9 09:57:13 standalone proxy-server[128538]: 172.18.0.2 172.18.0.100 09/Jun/2026/09/57/13 GET /v1/AUTH_965784611b4942ca97c5d5124e699aa1/gnocchi.8af1a25a-25f6-4a80-a79b-3df5f46b12b7/1780920000.0_mean_300.0_v3 HTTP/1.0 404 - python-swiftclient-3.11.1 gAAAAABqJ-M9MHvo... - 70 - tx6c784a11aef146dd8601c-006a27e379 - 0.0061 - - 1780999033.810262442 1780999033.816395760 0
Jun 9 09:57:13 standalone container-server[126527]: 172.20.0.100 - - [09/Jun/2026:09:57:13 +0000] "PUT /d1/526/AUTH_965784611b4942ca97c5d5124e699aa1/gnocchi.8af1a25a-25f6-4a80-a79b-3df5f46b12b7/1780920000.0_mean_300.0_v3" 201 - "PUT http://172.18.0.2:8080/d1/940/AUTH_965784611b4942ca97c5d5124e699aa1/gnocchi.8af1a25a-25f6-4a80-a79b-3df5f46b12b7/1780920000.0_mean_300.0_v3" "txc19682f979ef4f51bb899-006a27e379" "object-server 21" 0.0009 "-" 20 0
Jun 9 09:57:13 standalone object-server[126646]: 172.20.0.100 - - [09/Jun/2026:09:57:13 +0000] "PUT /d1/940/AUTH_965784611b4942ca97c5d5124e699aa1/gnocchi.8af1a25a-25f6-4a80-a79b-3df5f46b12b7/1780920000.0_mean_300.0_v3" 201 - "PUT http://172.18.0.2:8080/v1/AUTH_965784611b4942ca97c5d5124e699aa1/gnocchi.8af1a25a-25f6-4a80-a79b-3df5f46b12b7/1780920000.0_mean_300.0_v3" "txc19682f979ef4f51bb899-006a27e379" "proxy-server 20" 0.0294 "-" 21 0
Jun 9 09:57:13 standalone proxy-server[128538]: 172.18.0.2 172.18.0.100 09/Jun/2026/09/57/13 PUT /v1/AUTH_965784611b4942ca97c5d5124e699aa1/gnocchi.8af1a25a-25f6-4a80-a79b-3df5f46b12b7/1780920000.0_mean_300.0_v3 HTTP/1.0 201 - python-swiftclient-3.11.1 gAAAAABqJ-M9MHvo... 16 - - txc19682f979ef4f51bb899-006a27e379 - 0.0353 - - 1780999033.819761753 1780999033.855103970 0
Jun 9 09:57:13 standalone container-server[126536]: 172.20.0.100 - - [09/Jun/2026:09:57:13 +0000] "PUT /d1/526/AUTH_965784611b4942ca97c5d5124e699aa1/gnocchi.8af1a25a-25f6-4a80-a79b-3df5f46b12b7/none_v3" 201 - "PUT http://172.18.0.2:8080/d1/300/AUTH_965784611b4942ca97c5d5124e699aa1/gnocchi.8af1a25a-25f6-4a80-a79b-3df5f46b12b7/none_v3" "tx8a5a305aaccd42f0b81df-006a27e379" "object-server 25" 0.0006 "-" 21 0
Jun 9 09:57:13 standalone object-server[126681]: 172.20.0.100 - - [09/Jun/2026:09:57:13 +0000] "PUT /d1/300/AUTH_965784611b4942ca97c5d5124e699aa1/gnocchi.8af1a25a-25f6-4a80-a79b-3df5f46b12b7/none_v3" 201 - "PUT http://172.18.0.2:8080/v1/AUTH_965784611b4942ca97c5d5124e699aa1/gnocchi.8af1a25a-25f6-4a80-a79b-3df5f46b12b7/none_v3" "tx8a5a305aaccd42f0b81df-006a27e379" "proxy-server 20" 0.0136 "-" 25 0
Jun 9 09:57:13 standalone proxy-server[128538]: 172.18.0.2 172.18.0.100 09/Jun/2026/09/57/13 PUT /v1/AUTH_965784611b4942ca97c5d5124e699aa1/gnocchi.8af1a25a-25f6-4a80-a79b-3df5f46b12b7/none_v3 HTTP/1.0 201 - python-swiftclient-3.11.1 gAAAAABqJ-M9MHvo... 22 - - tx8a5a305aaccd42f0b81df-006a27e379 - 0.0262 - - 1780999033.859204769 1780999033.885452271 0
Jun 9 09:57:13 standalone container-server[126540]: 172.20.0.100 - - [09/Jun/2026:09:57:13 +0000] "HEAD /d1/912/AUTH_965784611b4942ca97c5d5124e699aa1/gnocchi.4fabe8c5-df66-43cc-845f-9be88d37282b" 404 - "HEAD http://172.18.0.2:8080/v1/AUTH_965784611b4942ca97c5d5124e699aa1/gnocchi.4fabe8c5-df66-43cc-845f-9be88d37282b?format=json&states=listing" "tx9b92246694f04e47906d5-006a27e379" "proxy-server 20" 0.0006 "-" 23 0
Jun 9 09:57:13 standalone object-server[126646]: 172.20.0.100 - - [09/Jun/2026:09:57:13 +0000] "GET /d1/61/AUTH_965784611b4942ca97c5d5124e699aa1/gnocchi.4fabe8c5-df66-43cc-845f-9be88d37282b/none_v3" 404 70 "GET http://172.18.0.2:8080/v1/AUTH_965784611b4942ca97c5d5124e699aa1/gnocchi.4fabe8c5-df66-43cc-845f-9be88d37282b/none_v3" "tx9b92246694f04e47906d5-006a27e379" "proxy-server 20" 0.0010 "-" 21 0
Jun 9 09:57:13 standalone proxy-server[128538]: 172.18.0.2 172.18.0.100 09/Jun/2026/09/57/13 GET /v1/AUTH_965784611b4942ca97c5d5124e699aa1/gnocchi.4fabe8c5-df66-43cc-845f-9be88d37282b/none_v3 HTTP/1.0 404 - python-swiftclient-3.11.1 gAAAAABqJ-M9MHvo... - 70 - tx9b92246694f04e47906d5-006a27e379 - 0.0162 - - 1780999033.899152279 1780999033.915310144 0
Jun 9 09:57:13 standalone account-server[126445]: 172.20.0.100 - - [09/Jun/2026:09:57:13 +0000] "PUT /d1/199/AUTH_965784611b4942ca97c5d5124e699aa1/gnocchi.4fabe8c5-df66-43cc-845f-9be88d37282b" 201 - "PUT http://172.20.0.100:6001/d1/912/AUTH_965784611b4942ca97c5d5124e699aa1/gnocchi.4fabe8c5-df66-43cc-845f-9be88d37282b" "txcab1703c1eb342e8882ce-006a27e379" "container-server 20" 0.0136 "-" 23 0
Jun 9 09:57:13 standalone container-server[126527]: 172.20.0.100 - - [09/Jun/2026:09:57:13 +0000] "PUT /d1/912/AUTH_965784611b4942ca97c5d5124e699aa1/gnocchi.4fabe8c5-df66-43cc-845f-9be88d37282b" 201 - "PUT http://172.18.0.2:8080/v1/AUTH_965784611b4942ca97c5d5124e699aa1/gnocchi.4fabe8c5-df66-43cc-845f-9be88d37282b" "txcab1703c1eb342e8882ce-006a27e379" "proxy-server 20" 0.0456 "-" 20 0
Jun 9 09:57:13 standalone proxy-server[128538]: 172.18.0.2 172.18.0.100 09/Jun/2026/09/57/13 PUT /v1/AUTH_965784611b4942ca97c5d5124e699aa1/gnocchi.4fabe8c5-df66-43cc-845f-9be88d37282b HTTP/1.0 201 - python-swiftclient-3.11.1 gAAAAABqJ-M9MHvo... - - - txcab1703c1eb342e8882ce-006a27e379 - 0.0536 - - 1780999033.924527884 1780999033.978154421 0
Jun 9 09:57:13 standalone container-server[126536]: 172.20.0.100 - - [09/Jun/2026:09:57:13 +0000] "HEAD /d1/912/AUTH_965784611b4942ca97c5d5124e699aa1/gnocchi.4fabe8c5-df66-43cc-845f-9be88d37282b" 204 - "HEAD http://172.18.0.2:8080/v1/AUTH_965784611b4942ca97c5d5124e699aa1/gnocchi.4fabe8c5-df66-43cc-845f-9be88d37282b?format=json&states=listing" "txcfaac197551143d48ae61-006a27e379" "proxy-server 20" 0.0026 "-" 21 0
Jun 9 09:57:13 standalone proxy-server[128538]: - - 09/Jun/2026/09/57/13 HEAD /v1/AUTH_965784611b4942ca97c5d5124e699aa1/gnocchi.4fabe8c5-df66-43cc-845f-9be88d37282b%3Fformat%3Djson%26states%3Dlisting HTTP/1.0 204 - Swift - - - - txcfaac197551143d48ae61-006a27e379 - 0.0072 RL - 1780999033.985740900 1780999033.992968559 0
Jun 9 09:57:14 standalone container-server[126537]: 172.20.0.100 - - [09/Jun/2026:09:57:13 +0000] "GET /d1/912/AUTH_965784611b4942ca97c5d5124e699aa1/gnocchi.4fabe8c5-df66-43cc-845f-9be88d37282b" 200 2 "GET http://172.18.0.2:8080/v1/AUTH_965784611b4942ca97c5d5124e699aa1/gnocchi.4fabe8c5-df66-43cc-845f-9be88d37282b?format=json&states=listing" "txcfaac197551143d48ae61-006a27e379" "proxy-server 20" 0.0017 "-" 22 0
Jun 9 09:57:14 standalone proxy-server[128538]: 172.18.0.2 172.18.0.100 09/Jun/2026/09/57/14 GET /v1/AUTH_965784611b4942ca97c5d5124e699aa1/gnocchi.4fabe8c5-df66-43cc-845f-9be88d37282b%3Fformat%3Djson%26states%3Dlisting HTTP/1.0 200 - python-swiftclient-3.11.1 gAAAAABqJ-M9MHvo... - 2 - txcfaac197551143d48ae61-006a27e379 - 0.0189 - - 1780999033.983861208 1780999034.002735853 0
Jun 9 09:57:14 standalone object-server[126646]: 172.20.0.100 - - [09/Jun/2026:09:57:14 +0000] "GET /d1/408/AUTH_965784611b4942ca97c5d5124e699aa1/gnocchi.4fabe8c5-df66-43cc-845f-9be88d37282b/1780920000.0_mean_300.0_v3" 404 70 "GET http://172.18.0.2:8080/v1/AUTH_965784611b4942ca97c5d5124e699aa1/gnocchi.4fabe8c5-df66-43cc-845f-9be88d37282b/1780920000.0_mean_300.0_v3" "txe0e3134322654dc9a5952-006a27e37a" "proxy-server 20" 0.0004 "-" 21 0
Jun 9 09:57:14 standalone proxy-server[128538]: 172.18.0.2 172.18.0.100 09/Jun/2026/09/57/14 GET /v1/AUTH_965784611b4942ca97c5d5124e699aa1/gnocchi.4fabe8c5-df66-43cc-845f-9be88d37282b/1780920000.0_mean_300.0_v3 HTTP/1.0 404 - python-swiftclient-3.11.1 gAAAAABqJ-M9MHvo... - 70 - txe0e3134322654dc9a5952-006a27e37a - 0.0054 - - 1780999034.012331247 1780999034.017725706 0
Jun 9 09:57:14 standalone container-server[126536]: 172.20.0.100 - - [09/Jun/2026:09:57:14 +0000] "PUT /d1/912/AUTH_965784611b4942ca97c5d5124e699aa1/gnocchi.4fabe8c5-df66-43cc-845f-9be88d37282b/1780920000.0_mean_300.0_v3" 201 - "PUT http://172.18.0.2:8080/d1/408/AUTH_965784611b4942ca97c5d5124e699aa1/gnocchi.4fabe8c5-df66-43cc-845f-9be88d37282b/1780920000.0_mean_300.0_v3" "tx4e1b588127294241909fc-006a27e37a" "object-server 25" 0.0006 "-" 21 0
Jun 9 09:57:14 standalone object-server[126681]: 172.20.0.100 - - [09/Jun/2026:09:57:14 +0000] "PUT /d1/408/AUTH_965784611b4942ca97c5d5124e699aa1/gnocchi.4fabe8c5-df66-43cc-845f-9be88d37282b/1780920000.0_mean_300.0_v3" 201 - "PUT http://172.18.0.2:8080/v1/AUTH_965784611b4942ca97c5d5124e699aa1/gnocchi.4fabe8c5-df66-43cc-845f-9be88d37282b/1780920000.0_mean_300.0_v3" "tx4e1b588127294241909fc-006a27e37a" "proxy-server 20" 0.0176 "-" 25 0
Jun 9 09:57:14 standalone proxy-server[128538]: 172.18.0.2 172.18.0.100 09/Jun/2026/09/57/14 PUT /v1/AUTH_965784611b4942ca97c5d5124e699aa1/gnocchi.4fabe8c5-df66-43cc-845f-9be88d37282b/1780920000.0_mean_300.0_v3 HTTP/1.0 201 - python-swiftclient-3.11.1 gAAAAABqJ-M9MHvo... 16 - - tx4e1b588127294241909fc-006a27e37a - 0.0307 - - 1780999034.022462606 1780999034.053123951 0
Jun 9 09:57:14 standalone container-server[126536]: 172.20.0.100 - - [09/Jun/2026:09:57:14 +0000] "PUT /d1/912/AUTH_965784611b4942ca97c5d5124e699aa1/gnocchi.4fabe8c5-df66-43cc-845f-9be88d37282b/none_v3" 201 - "PUT http://172.18.0.2:8080/d1/61/AUTH_965784611b4942ca97c5d5124e699aa1/gnocchi.4fabe8c5-df66-43cc-845f-9be88d37282b/none_v3" "tx25669cade8324eea87de3-006a27e37a" "object-server 24" 0.0010 "-" 21 0
Jun 9 09:57:14 standalone object-server[126667]: 172.20.0.100 - - [09/Jun/2026:09:57:14 +0000] "PUT /d1/61/AUTH_965784611b4942ca97c5d5124e699aa1/gnocchi.4fabe8c5-df66-43cc-845f-9be88d37282b/none_v3" 201 - "PUT http://172.18.0.2:8080/v1/AUTH_965784611b4942ca97c5d5124e699aa1/gnocchi.4fabe8c5-df66-43cc-845f-9be88d37282b/none_v3" "tx25669cade8324eea87de3-006a27e37a" "proxy-server 20" 0.0323 "-" 24 0
Jun 9 09:57:14 standalone proxy-server[128538]: 172.18.0.2 172.18.0.100 09/Jun/2026/09/57/14 PUT /v1/AUTH_965784611b4942ca97c5d5124e699aa1/gnocchi.4fabe8c5-df66-43cc-845f-9be88d37282b/none_v3 HTTP/1.0 201 - python-swiftclient-3.11.1 gAAAAABqJ-M9MHvo... 22 - - tx25669cade8324eea87de3-006a27e37a - 0.0414 - - 1780999034.058063507 1780999034.099508524 0
Jun 9 09:57:23 standalone account-server[126445]: 172.20.0.100 - - [09/Jun/2026:09:57:23 +0000] "HEAD /d1/199/AUTH_965784611b4942ca97c5d5124e699aa1" 204 - "HEAD http://172.18.0.2:8080/v1/AUTH_965784611b4942ca97c5d5124e699aa1?format=json" "tx499123d7a5a64874b5737-006a27e383" "proxy-server 20" 0.0052 "-" 23 -
Jun 9 09:57:23 standalone proxy-server[128538]: - - 09/Jun/2026/09/57/23 HEAD /v1/AUTH_965784611b4942ca97c5d5124e699aa1%3Fformat%3Djson HTTP/1.0 204 - Swift - - - - tx499123d7a5a64874b5737-006a27e383 - 0.0123 RL - 1780999043.059565783 1780999043.071825981 -
Jun 9 09:57:23 standalone container-server[126527]: 172.20.0.100 - - [09/Jun/2026:09:57:23 +0000] "HEAD /d1/737/AUTH_965784611b4942ca97c5d5124e699aa1/gnocchi.a52d2241-2fa2-4321-a90e-944272441514" 404 - "HEAD http://172.18.0.2:8080/v1/AUTH_965784611b4942ca97c5d5124e699aa1/gnocchi.a52d2241-2fa2-4321-a90e-944272441514?format=json&states=listing" "tx499123d7a5a64874b5737-006a27e383" "proxy-server 20" 0.0011 "-" 20 0
Jun 9 09:57:23 standalone object-server[126667]: 172.20.0.100 - - [09/Jun/2026:09:57:23 +0000] "GET /d1/735/AUTH_965784611b4942ca97c5d5124e699aa1/gnocchi.a52d2241-2fa2-4321-a90e-944272441514/none_v3" 404 70 "GET http://172.18.0.2:8080/v1/AUTH_965784611b4942ca97c5d5124e699aa1/gnocchi.a52d2241-2fa2-4321-a90e-944272441514/none_v3" "tx499123d7a5a64874b5737-006a27e383" "proxy-server 20" 0.0013 "-" 24 0
Jun 9 09:57:23 standalone proxy-server[128538]: 172.18.0.2 172.18.0.100 09/Jun/2026/09/57/23 GET /v1/AUTH_965784611b4942ca97c5d5124e699aa1/gnocchi.a52d2241-2fa2-4321-a90e-944272441514/none_v3 HTTP/1.0 404 - python-swiftclient-3.11.1 gAAAAABqJ-M9MHvo... - 70 - tx499123d7a5a64874b5737-006a27e383 - 0.0358 - - 1780999043.057505131 1780999043.093326807 0
Jun 9 09:57:23 standalone account-server[126427]: 172.20.0.100 - - [09/Jun/2026:09:57:23 +0000] "PUT /d1/199/AUTH_965784611b4942ca97c5d5124e699aa1/gnocchi.a52d2241-2fa2-4321-a90e-944272441514" 201 - "PUT http://172.20.0.100:6001/d1/737/AUTH_965784611b4942ca97c5d5124e699aa1/gnocchi.a52d2241-2fa2-4321-a90e-944272441514" "tx97d36fade45c4c25a3228-006a27e383" "container-server 23" 0.0039 "-" 21 0
Jun 9 09:57:23 standalone container-server[126540]: 172.20.0.100 - - [09/Jun/2026:09:57:23 +0000] "PUT /d1/737/AUTH_965784611b4942ca97c5d5124e699aa1/gnocchi.a52d2241-2fa2-4321-a90e-944272441514" 201 - "PUT http://172.18.0.2:8080/v1/AUTH_965784611b4942ca97c5d5124e699aa1/gnocchi.a52d2241-2fa2-4321-a90e-944272441514" "tx97d36fade45c4c25a3228-006a27e383" "proxy-server 20" 0.0203 "-" 23 0
Jun 9 09:57:23 standalone proxy-server[128538]: 172.18.0.2 172.18.0.100 09/Jun/2026/09/57/23 PUT /v1/AUTH_965784611b4942ca97c5d5124e699aa1/gnocchi.a52d2241-2fa2-4321-a90e-944272441514 HTTP/1.0 201 - python-swiftclient-3.11.1 gAAAAABqJ-M9MHvo... - - - tx97d36fade45c4c25a3228-006a27e383 - 0.0281 - - 1780999043.098754883 1780999043.126817465 0
Jun 9 09:57:23 standalone container-server[126540]: 172.20.0.100 - - [09/Jun/2026:09:57:23 +0000] "HEAD /d1/737/AUTH_965784611b4942ca97c5d5124e699aa1/gnocchi.a52d2241-2fa2-4321-a90e-944272441514" 204 - "HEAD http://172.18.0.2:8080/v1/AUTH_965784611b4942ca97c5d5124e699aa1/gnocchi.a52d2241-2fa2-4321-a90e-944272441514?format=json&states=listing" "tx1c11cea158554c0491fe1-006a27e383" "proxy-server 20" 0.0020 "-" 23 0
Jun 9 09:57:23 standalone proxy-server[128538]: - - 09/Jun/2026/09/57/23 HEAD /v1/AUTH_965784611b4942ca97c5d5124e699aa1/gnocchi.a52d2241-2fa2-4321-a90e-944272441514%3Fformat%3Djson%26states%3Dlisting HTTP/1.0 204 - Swift - - - - tx1c11cea158554c0491fe1-006a27e383 - 0.0068 RL - 1780999043.134899139 1780999043.141684532 0
Jun 9 09:57:23 standalone container-server[126537]: 172.20.0.100 - - [09/Jun/2026:09:57:23 +0000] "GET /d1/737/AUTH_965784611b4942ca97c5d5124e699aa1/gnocchi.a52d2241-2fa2-4321-a90e-944272441514" 200 2 "GET http://172.18.0.2:8080/v1/AUTH_965784611b4942ca97c5d5124e699aa1/gnocchi.a52d2241-2fa2-4321-a90e-944272441514?format=json&states=listing" "tx1c11cea158554c0491fe1-006a27e383" "proxy-server 20" 0.0028 "-" 22 0
Jun 9 09:57:23 standalone proxy-server[128538]: 172.18.0.2 172.18.0.100 09/Jun/2026/09/57/23 GET /v1/AUTH_965784611b4942ca97c5d5124e699aa1/gnocchi.a52d2241-2fa2-4321-a90e-944272441514%3Fformat%3Djson%26states%3Dlisting HTTP/1.0 200 - python-swiftclient-3.11.1 gAAAAABqJ-M9MHvo... - 2 - tx1c11cea158554c0491fe1-006a27e383 - 0.0191 - - 1780999043.133426905 1780999043.152512074 0
Jun 9 09:57:23 standalone object-server[126667]: 172.20.0.100 - - [09/Jun/2026:09:57:23 +0000] "GET /d1/172/AUTH_965784611b4942ca97c5d5124e699aa1/gnocchi.a52d2241-2fa2-4321-a90e-944272441514/1780920000.0_mean_300.0_v3" 404 70 "GET http://172.18.0.2:8080/v1/AUTH_965784611b4942ca97c5d5124e699aa1/gnocchi.a52d2241-2fa2-4321-a90e-944272441514/1780920000.0_mean_300.0_v3" "tx1931e83a59504b5e8c185-006a27e383" "proxy-server 20" 0.0007 "-" 24 0
Jun 9 09:57:23 standalone proxy-server[128538]: 172.18.0.2 172.18.0.100 09/Jun/2026/09/57/23 GET /v1/AUTH_965784611b4942ca97c5d5124e699aa1/gnocchi.a52d2241-2fa2-4321-a90e-944272441514/1780920000.0_mean_300.0_v3 HTTP/1.0 404 - python-swiftclient-3.11.1 gAAAAABqJ-M9MHvo... - 70 - tx1931e83a59504b5e8c185-006a27e383 - 0.0084 - - 1780999043.159207106 1780999043.167620420 0
Jun 9 09:57:23 standalone container-server[126537]: 172.20.0.100 - - [09/Jun/2026:09:57:23 +0000] "PUT /d1/737/AUTH_965784611b4942ca97c5d5124e699aa1/gnocchi.a52d2241-2fa2-4321-a90e-944272441514/1780920000.0_mean_300.0_v3" 201 - "PUT http://172.18.0.2:8080/d1/172/AUTH_965784611b4942ca97c5d5124e699aa1/gnocchi.a52d2241-2fa2-4321-a90e-944272441514/1780920000.0_mean_300.0_v3" "tx404cd8a05e1c46f786b35-006a27e383" "object-server 21" 0.0009 "-" 22 0
Jun 9 09:57:23 standalone object-server[126646]: 172.20.0.100 - - [09/Jun/2026:09:57:23 +0000] "PUT /d1/172/AUTH_965784611b4942ca97c5d5124e699aa1/gnocchi.a52d2241-2fa2-4321-a90e-944272441514/1780920000.0_mean_300.0_v3" 201 - "PUT http://172.18.0.2:8080/v1/AUTH_965784611b4942ca97c5d5124e699aa1/gnocchi.a52d2241-2fa2-4321-a90e-944272441514/1780920000.0_mean_300.0_v3" "tx404cd8a05e1c46f786b35-006a27e383" "proxy-server 20" 0.0171 "-" 21 0
Jun 9 09:57:23 standalone proxy-server[128538]: 172.18.0.2 172.18.0.100 09/Jun/2026/09/57/23 PUT /v1/AUTH_965784611b4942ca97c5d5124e699aa1/gnocchi.a52d2241-2fa2-4321-a90e-944272441514/1780920000.0_mean_300.0_v3 HTTP/1.0 201 - python-swiftclient-3.11.1 gAAAAABqJ-M9MHvo... 16 - - tx404cd8a05e1c46f786b35-006a27e383 - 0.0340 - - 1780999043.173912764 1780999043.207925320 0
Jun 9 09:57:23 standalone container-server[126540]: 172.20.0.100 - - [09/Jun/2026:09:57:23 +0000] "PUT /d1/737/AUTH_965784611b4942ca97c5d5124e699aa1/gnocchi.a52d2241-2fa2-4321-a90e-944272441514/none_v3" 201 - "PUT http://172.18.0.2:8080/d1/735/AUTH_965784611b4942ca97c5d5124e699aa1/gnocchi.a52d2241-2fa2-4321-a90e-944272441514/none_v3" "tx59ee936c874f4189979e1-006a27e383" "object-server 25" 0.0013 "-" 23 0
Jun 9 09:57:23 standalone object-server[126681]: 172.20.0.100 - - [09/Jun/2026:09:57:23 +0000] "PUT /d1/735/AUTH_965784611b4942ca97c5d5124e699aa1/gnocchi.a52d2241-2fa2-4321-a90e-944272441514/none_v3" 201 - "PUT http://172.18.0.2:8080/v1/AUTH_965784611b4942ca97c5d5124e699aa1/gnocchi.a52d2241-2fa2-4321-a90e-944272441514/none_v3" "tx59ee936c874f4189979e1-006a27e383" "proxy-server 20" 0.0113 "-" 25 0
Jun 9 09:57:23 standalone proxy-server[128538]: 172.18.0.2 172.18.0.100 09/Jun/2026/09/57/23 PUT /v1/AUTH_965784611b4942ca97c5d5124e699aa1/gnocchi.a52d2241-2fa2-4321-a90e-944272441514/none_v3 HTTP/1.0 201 - python-swiftclient-3.11.1 gAAAAABqJ-M9MHvo... 22 - - tx59ee936c874f4189979e1-006a27e383 - 0.0195 - - 1780999043.230337381 1780999043.249880314 0
Jun 9 09:57:23 standalone container-server[126540]: 172.20.0.100 - - [09/Jun/2026:09:57:23 +0000] "HEAD /d1/579/AUTH_965784611b4942ca97c5d5124e699aa1/gnocchi.b7ec6ed7-ab44-4b75-bfa8-928e011c9bf9" 404 - "HEAD http://172.18.0.2:8080/v1/AUTH_965784611b4942ca97c5d5124e699aa1/gnocchi.b7ec6ed7-ab44-4b75-bfa8-928e011c9bf9?format=json&states=listing" "tx8e1d8108442d4b408860f-006a27e383" "proxy-server 20" 0.0006 "-" 23 0
Jun 9 09:57:23 standalone object-server[126646]: 172.20.0.100 - - [09/Jun/2026:09:57:23 +0000] "GET /d1/294/AUTH_965784611b4942ca97c5d5124e699aa1/gnocchi.b7ec6ed7-ab44-4b75-bfa8-928e011c9bf9/none_v3" 404 70 "GET http://172.18.0.2:8080/v1/AUTH_965784611b4942ca97c5d5124e699aa1/gnocchi.b7ec6ed7-ab44-4b75-bfa8-928e011c9bf9/none_v3" "tx8e1d8108442d4b408860f-006a27e383" "proxy-server 20" 0.0007 "-" 21 0
Jun 9 09:57:23 standalone proxy-server[128538]: 172.18.0.2 172.18.0.100 09/Jun/2026/09/57/23 GET /v1/AUTH_965784611b4942ca97c5d5124e699aa1/gnocchi.b7ec6ed7-ab44-4b75-bfa8-928e011c9bf9/none_v3 HTTP/1.0 404 - python-swiftclient-3.11.1 gAAAAABqJ-M9MHvo... - 70 - tx8e1d8108442d4b408860f-006a27e383 - 0.0158 - - 1780999043.281375647 1780999043.297165871 0
Jun 9 09:57:23 standalone account-server[126414]: 172.20.0.100 - - [09/Jun/2026:09:57:23 +0000] "PUT /d1/199/AUTH_965784611b4942ca97c5d5124e699aa1/gnocchi.b7ec6ed7-ab44-4b75-bfa8-928e011c9bf9" 201 - "PUT http://172.20.0.100:6001/d1/579/AUTH_965784611b4942ca97c5d5124e699aa1/gnocchi.b7ec6ed7-ab44-4b75-bfa8-928e011c9bf9" "tx172d49ed763641f19f3f8-006a27e383" "container-server 21" 0.0084 "-" 20 0
Jun 9 09:57:23 standalone container-server[126536]: 172.20.0.100 - - [09/Jun/2026:09:57:23 +0000] "PUT /d1/579/AUTH_965784611b4942ca97c5d5124e699aa1/gnocchi.b7ec6ed7-ab44-4b75-bfa8-928e011c9bf9" 201 - "PUT http://172.18.0.2:8080/v1/AUTH_965784611b4942ca97c5d5124e699aa1/gnocchi.b7ec6ed7-ab44-4b75-bfa8-928e011c9bf9" "tx172d49ed763641f19f3f8-006a27e383" "proxy-server 20" 0.0291 "-" 21 0
Jun 9 09:57:23 standalone proxy-server[128538]: 172.18.0.2 172.18.0.100 09/Jun/2026/09/57/23 PUT /v1/AUTH_965784611b4942ca97c5d5124e699aa1/gnocchi.b7ec6ed7-ab44-4b75-bfa8-928e011c9bf9 HTTP/1.0 201 - python-swiftclient-3.11.1 gAAAAABqJ-M9MHvo... - - - tx172d49ed763641f19f3f8-006a27e383 - 0.0391 - - 1780999043.302488565 1780999043.341595173 0
Jun 9 09:57:23 standalone container-server[126537]: 172.20.0.100 - - [09/Jun/2026:09:57:23 +0000] "HEAD /d1/579/AUTH_965784611b4942ca97c5d5124e699aa1/gnocchi.b7ec6ed7-ab44-4b75-bfa8-928e011c9bf9" 204 - "HEAD http://172.18.0.2:8080/v1/AUTH_965784611b4942ca97c5d5124e699aa1/gnocchi.b7ec6ed7-ab44-4b75-bfa8-928e011c9bf9?format=json&states=listing" "tx92e36f46e2e843e6a48e6-006a27e383" "proxy-server 20" 0.0015 "-" 22 0
Jun 9 09:57:23 standalone proxy-server[128538]: - - 09/Jun/2026/09/57/23 HEAD /v1/AUTH_965784611b4942ca97c5d5124e699aa1/gnocchi.b7ec6ed7-ab44-4b75-bfa8-928e011c9bf9%3Fformat%3Djson%26states%3Dlisting HTTP/1.0 204 - Swift - - - - tx92e36f46e2e843e6a48e6-006a27e383 - 0.0129 RL - 1780999043.348979712 1780999043.361868382 0
Jun 9 09:57:23 standalone container-server[126527]: 172.20.0.100 - - [09/Jun/2026:09:57:23 +0000] "GET /d1/579/AUTH_965784611b4942ca97c5d5124e699aa1/gnocchi.b7ec6ed7-ab44-4b75-bfa8-928e011c9bf9" 200 2 "GET http://172.18.0.2:8080/v1/AUTH_965784611b4942ca97c5d5124e699aa1/gnocchi.b7ec6ed7-ab44-4b75-bfa8-928e011c9bf9?format=json&states=listing" "tx92e36f46e2e843e6a48e6-006a27e383" "proxy-server 20" 0.0021 "-" 20 0
Jun 9 09:57:23 standalone proxy-server[128538]: 172.18.0.2 172.18.0.100 09/Jun/2026/09/57/23 GET /v1/AUTH_965784611b4942ca97c5d5124e699aa1/gnocchi.b7ec6ed7-ab44-4b75-bfa8-928e011c9bf9%3Fformat%3Djson%26states%3Dlisting HTTP/1.0 200 - python-swiftclient-3.11.1 gAAAAABqJ-M9MHvo... - 2 - tx92e36f46e2e843e6a48e6-006a27e383 - 0.0945 - - 1780999043.347243071 1780999043.441709995 0
Jun 9 09:57:23 standalone object-server[126646]: 172.20.0.100 - - [09/Jun/2026:09:57:23 +0000] "GET /d1/187/AUTH_965784611b4942ca97c5d5124e699aa1/gnocchi.b7ec6ed7-ab44-4b75-bfa8-928e011c9bf9/1780920000.0_mean_300.0_v3" 404 70 "GET http://172.18.0.2:8080/v1/AUTH_965784611b4942ca97c5d5124e699aa1/gnocchi.b7ec6ed7-ab44-4b75-bfa8-928e011c9bf9/1780920000.0_mean_300.0_v3" "tx34f079ebc0c1450288ad7-006a27e383" "proxy-server 20" 0.0003 "-" 21 0
Jun 9 09:57:23 standalone proxy-server[128538]: 172.18.0.2 172.18.0.100 09/Jun/2026/09/57/23 GET /v1/AUTH_965784611b4942ca97c5d5124e699aa1/gnocchi.b7ec6ed7-ab44-4b75-bfa8-928e011c9bf9/1780920000.0_mean_300.0_v3 HTTP/1.0 404 - python-swiftclient-3.11.1 gAAAAABqJ-M9MHvo... - 70 - tx34f079ebc0c1450288ad7-006a27e383 - 0.0064 - - 1780999043.449362755 1780999043.455762625 0
