Jun 9 09:57:23 standalone container-server[126527]: 172.20.0.100 - - [09/Jun/2026:09:57:23 +0000] "PUT /d1/579/AUTH_965784611b4942ca97c5d5124e699aa1/gnocchi.b7ec6ed7-ab44-4b75-bfa8-928e011c9bf9/1780920000.0_mean_300.0_v3" 201 - "PUT http://172.18.0.2:8080/d1/187/AUTH_965784611b4942ca97c5d5124e699aa1/gnocchi.b7ec6ed7-ab44-4b75-bfa8-928e011c9bf9/1780920000.0_mean_300.0_v3" "txb72c6e706f42495eb4727-006a27e383" "object-server 24" 0.0013 "-" 20 0
Jun 9 09:57:23 standalone object-server[126667]: 172.20.0.100 - - [09/Jun/2026:09:57:23 +0000] "PUT /d1/187/AUTH_965784611b4942ca97c5d5124e699aa1/gnocchi.b7ec6ed7-ab44-4b75-bfa8-928e011c9bf9/1780920000.0_mean_300.0_v3" 201 - "PUT http://172.18.0.2:8080/v1/AUTH_965784611b4942ca97c5d5124e699aa1/gnocchi.b7ec6ed7-ab44-4b75-bfa8-928e011c9bf9/1780920000.0_mean_300.0_v3" "txb72c6e706f42495eb4727-006a27e383" "proxy-server 20" 0.0107 "-" 24 0
Jun 9 09:57:23 standalone proxy-server[128538]: 172.18.0.2 172.18.0.100 09/Jun/2026/09/57/23 PUT /v1/AUTH_965784611b4942ca97c5d5124e699aa1/gnocchi.b7ec6ed7-ab44-4b75-bfa8-928e011c9bf9/1780920000.0_mean_300.0_v3 HTTP/1.0 201 - python-swiftclient-3.11.1 gAAAAABqJ-M9MHvo... 16 - - txb72c6e706f42495eb4727-006a27e383 - 0.0165 - - 1780999043.460510254 1780999043.476989269 0
Jun 9 09:57:23 standalone container-server[126537]: 172.20.0.100 - - [09/Jun/2026:09:57:23 +0000] "PUT /d1/579/AUTH_965784611b4942ca97c5d5124e699aa1/gnocchi.b7ec6ed7-ab44-4b75-bfa8-928e011c9bf9/none_v3" 201 - "PUT http://172.18.0.2:8080/d1/294/AUTH_965784611b4942ca97c5d5124e699aa1/gnocchi.b7ec6ed7-ab44-4b75-bfa8-928e011c9bf9/none_v3" "txb80feb92bca646c5a35ac-006a27e383" "object-server 23" 0.0008 "-" 22 0
Jun 9 09:57:23 standalone object-server[126656]: 172.20.0.100 - - [09/Jun/2026:09:57:23 +0000] "PUT /d1/294/AUTH_965784611b4942ca97c5d5124e699aa1/gnocchi.b7ec6ed7-ab44-4b75-bfa8-928e011c9bf9/none_v3" 201 - "PUT http://172.18.0.2:8080/v1/AUTH_965784611b4942ca97c5d5124e699aa1/gnocchi.b7ec6ed7-ab44-4b75-bfa8-928e011c9bf9/none_v3" "txb80feb92bca646c5a35ac-006a27e383" "proxy-server 20" 0.0191 "-" 23 0
Jun 9 09:57:23 standalone proxy-server[128538]: 172.18.0.2 172.18.0.100 09/Jun/2026/09/57/23 PUT /v1/AUTH_965784611b4942ca97c5d5124e699aa1/gnocchi.b7ec6ed7-ab44-4b75-bfa8-928e011c9bf9/none_v3 HTTP/1.0 201 - python-swiftclient-3.11.1 gAAAAABqJ-M9MHvo... 22 - - txb80feb92bca646c5a35ac-006a27e383 - 0.0288 - - 1780999043.481523514 1780999043.510302782 0
Jun 9 09:57:23 standalone container-server[126540]: 172.20.0.100 - - [09/Jun/2026:09:57:23 +0000] "HEAD /d1/589/AUTH_965784611b4942ca97c5d5124e699aa1/gnocchi.d1aae862-b5ef-42f9-a630-eeec2c74f0eb" 404 - "HEAD http://172.18.0.2:8080/v1/AUTH_965784611b4942ca97c5d5124e699aa1/gnocchi.d1aae862-b5ef-42f9-a630-eeec2c74f0eb?format=json&states=listing" "tx900c2654dd29429e9f4d7-006a27e383" "proxy-server 20" 0.0007 "-" 23 0
Jun 9 09:57:23 standalone object-server[126656]: 172.20.0.100 - - [09/Jun/2026:09:57:23 +0000] "GET /d1/220/AUTH_965784611b4942ca97c5d5124e699aa1/gnocchi.d1aae862-b5ef-42f9-a630-eeec2c74f0eb/none_v3" 404 70 "GET http://172.18.0.2:8080/v1/AUTH_965784611b4942ca97c5d5124e699aa1/gnocchi.d1aae862-b5ef-42f9-a630-eeec2c74f0eb/none_v3" "tx900c2654dd29429e9f4d7-006a27e383" "proxy-server 20" 0.0008 "-" 23 0
Jun 9 09:57:23 standalone proxy-server[128538]: 172.18.0.2 172.18.0.100 09/Jun/2026/09/57/23 GET /v1/AUTH_965784611b4942ca97c5d5124e699aa1/gnocchi.d1aae862-b5ef-42f9-a630-eeec2c74f0eb/none_v3 HTTP/1.0 404 - python-swiftclient-3.11.1 gAAAAABqJ-M9MHvo... - 70 - tx900c2654dd29429e9f4d7-006a27e383 - 0.0134 - - 1780999043.532844305 1780999043.546205759 0
Jun 9 09:57:23 standalone account-server[126427]: 172.20.0.100 - - [09/Jun/2026:09:57:23 +0000] "PUT /d1/199/AUTH_965784611b4942ca97c5d5124e699aa1/gnocchi.d1aae862-b5ef-42f9-a630-eeec2c74f0eb" 201 - "PUT http://172.20.0.100:6001/d1/589/AUTH_965784611b4942ca97c5d5124e699aa1/gnocchi.d1aae862-b5ef-42f9-a630-eeec2c74f0eb" "txc7baf37718584b75ad5df-006a27e383" "container-server 20" 0.0056 "-" 21 0
Jun 9 09:57:23 standalone container-server[126527]: 172.20.0.100 - - [09/Jun/2026:09:57:23 +0000] "PUT /d1/589/AUTH_965784611b4942ca97c5d5124e699aa1/gnocchi.d1aae862-b5ef-42f9-a630-eeec2c74f0eb" 201 - "PUT http://172.18.0.2:8080/v1/AUTH_965784611b4942ca97c5d5124e699aa1/gnocchi.d1aae862-b5ef-42f9-a630-eeec2c74f0eb" "txc7baf37718584b75ad5df-006a27e383" "proxy-server 20" 0.0192 "-" 20 0
Jun 9 09:57:23 standalone proxy-server[128538]: 172.18.0.2 172.18.0.100 09/Jun/2026/09/57/23 PUT /v1/AUTH_965784611b4942ca97c5d5124e699aa1/gnocchi.d1aae862-b5ef-42f9-a630-eeec2c74f0eb HTTP/1.0 201 - python-swiftclient-3.11.1 gAAAAABqJ-M9MHvo... - - - txc7baf37718584b75ad5df-006a27e383 - 0.0243 - - 1780999043.551549911 1780999043.575833559 0
Jun 9 09:57:23 standalone container-server[126537]: 172.20.0.100 - - [09/Jun/2026:09:57:23 +0000] "HEAD /d1/589/AUTH_965784611b4942ca97c5d5124e699aa1/gnocchi.d1aae862-b5ef-42f9-a630-eeec2c74f0eb" 204 - "HEAD http://172.18.0.2:8080/v1/AUTH_965784611b4942ca97c5d5124e699aa1/gnocchi.d1aae862-b5ef-42f9-a630-eeec2c74f0eb?format=json&states=listing" "tx0c26b9de6cd342169003d-006a27e383" "proxy-server 20" 0.0020 "-" 22 0
Jun 9 09:57:23 standalone proxy-server[128538]: - - 09/Jun/2026/09/57/23 HEAD /v1/AUTH_965784611b4942ca97c5d5124e699aa1/gnocchi.d1aae862-b5ef-42f9-a630-eeec2c74f0eb%3Fformat%3Djson%26states%3Dlisting HTTP/1.0 204 - Swift - - - - tx0c26b9de6cd342169003d-006a27e383 - 0.0114 RL - 1780999043.582822800 1780999043.594177723 0
Jun 9 09:57:23 standalone container-server[126527]: 172.20.0.100 - - [09/Jun/2026:09:57:23 +0000] "GET /d1/589/AUTH_965784611b4942ca97c5d5124e699aa1/gnocchi.d1aae862-b5ef-42f9-a630-eeec2c74f0eb" 200 2 "GET http://172.18.0.2:8080/v1/AUTH_965784611b4942ca97c5d5124e699aa1/gnocchi.d1aae862-b5ef-42f9-a630-eeec2c74f0eb?format=json&states=listing" "tx0c26b9de6cd342169003d-006a27e383" "proxy-server 20" 0.0035 "-" 20 0
Jun 9 09:57:23 standalone proxy-server[128538]: 172.18.0.2 172.18.0.100 09/Jun/2026/09/57/23 GET /v1/AUTH_965784611b4942ca97c5d5124e699aa1/gnocchi.d1aae862-b5ef-42f9-a630-eeec2c74f0eb%3Fformat%3Djson%26states%3Dlisting HTTP/1.0 200 - python-swiftclient-3.11.1 gAAAAABqJ-M9MHvo... - 2 - tx0c26b9de6cd342169003d-006a27e383 - 0.0252 - - 1780999043.581671000 1780999043.606846094 0
Jun 9 09:57:23 standalone object-server[126656]: 172.20.0.100 - - [09/Jun/2026:09:57:23 +0000] "GET /d1/175/AUTH_965784611b4942ca97c5d5124e699aa1/gnocchi.d1aae862-b5ef-42f9-a630-eeec2c74f0eb/1780920000.0_mean_300.0_v3" 404 70 "GET http://172.18.0.2:8080/v1/AUTH_965784611b4942ca97c5d5124e699aa1/gnocchi.d1aae862-b5ef-42f9-a630-eeec2c74f0eb/1780920000.0_mean_300.0_v3" "tx5e10621652ed4d16a503e-006a27e383" "proxy-server 20" 0.0008 "-" 23 0
Jun 9 09:57:23 standalone proxy-server[128538]: 172.18.0.2 172.18.0.100 09/Jun/2026/09/57/23 GET /v1/AUTH_965784611b4942ca97c5d5124e699aa1/gnocchi.d1aae862-b5ef-42f9-a630-eeec2c74f0eb/1780920000.0_mean_300.0_v3 HTTP/1.0 404 - python-swiftclient-3.11.1 gAAAAABqJ-M9MHvo... - 70 - tx5e10621652ed4d16a503e-006a27e383 - 0.0086 - - 1780999043.612950563 1780999043.621564388 0
Jun 9 09:57:23 standalone container-server[126540]: 172.20.0.100 - - [09/Jun/2026:09:57:23 +0000] "PUT /d1/589/AUTH_965784611b4942ca97c5d5124e699aa1/gnocchi.d1aae862-b5ef-42f9-a630-eeec2c74f0eb/1780920000.0_mean_300.0_v3" 201 - "PUT http://172.18.0.2:8080/d1/175/AUTH_965784611b4942ca97c5d5124e699aa1/gnocchi.d1aae862-b5ef-42f9-a630-eeec2c74f0eb/1780920000.0_mean_300.0_v3" "tx0ec31fd42fab469780e04-006a27e383" "object-server 23" 0.0012 "-" 23 0
Jun 9 09:57:23 standalone object-server[126656]: 172.20.0.100 - - [09/Jun/2026:09:57:23 +0000] "PUT /d1/175/AUTH_965784611b4942ca97c5d5124e699aa1/gnocchi.d1aae862-b5ef-42f9-a630-eeec2c74f0eb/1780920000.0_mean_300.0_v3" 201 - "PUT http://172.18.0.2:8080/v1/AUTH_965784611b4942ca97c5d5124e699aa1/gnocchi.d1aae862-b5ef-42f9-a630-eeec2c74f0eb/1780920000.0_mean_300.0_v3" "tx0ec31fd42fab469780e04-006a27e383" "proxy-server 20" 0.0151 "-" 23 0
Jun 9 09:57:23 standalone proxy-server[128538]: 172.18.0.2 172.18.0.100 09/Jun/2026/09/57/23 PUT /v1/AUTH_965784611b4942ca97c5d5124e699aa1/gnocchi.d1aae862-b5ef-42f9-a630-eeec2c74f0eb/1780920000.0_mean_300.0_v3 HTTP/1.0 201 - python-swiftclient-3.11.1 gAAAAABqJ-M9MHvo... 16 - - tx0ec31fd42fab469780e04-006a27e383 - 0.0220 - - 1780999043.626669407 1780999043.648652315 0
Jun 9 09:57:23 standalone container-server[126536]: 172.20.0.100 - - [09/Jun/2026:09:57:23 +0000] "PUT /d1/589/AUTH_965784611b4942ca97c5d5124e699aa1/gnocchi.d1aae862-b5ef-42f9-a630-eeec2c74f0eb/none_v3" 201 - "PUT http://172.18.0.2:8080/d1/220/AUTH_965784611b4942ca97c5d5124e699aa1/gnocchi.d1aae862-b5ef-42f9-a630-eeec2c74f0eb/none_v3" "tx37720e6b07584d2baeaa4-006a27e383" "object-server 23" 0.0019 "-" 21 0
Jun 9 09:57:23 standalone object-server[126656]: 172.20.0.100 - - [09/Jun/2026:09:57:23 +0000] "PUT /d1/220/AUTH_965784611b4942ca97c5d5124e699aa1/gnocchi.d1aae862-b5ef-42f9-a630-eeec2c74f0eb/none_v3" 201 - "PUT http://172.18.0.2:8080/v1/AUTH_965784611b4942ca97c5d5124e699aa1/gnocchi.d1aae862-b5ef-42f9-a630-eeec2c74f0eb/none_v3" "tx37720e6b07584d2baeaa4-006a27e383" "proxy-server 20" 0.0188 "-" 23 0
Jun 9 09:57:23 standalone proxy-server[128538]: 172.18.0.2 172.18.0.100 09/Jun/2026/09/57/23 PUT /v1/AUTH_965784611b4942ca97c5d5124e699aa1/gnocchi.d1aae862-b5ef-42f9-a630-eeec2c74f0eb/none_v3 HTTP/1.0 201 - python-swiftclient-3.11.1 gAAAAABqJ-M9MHvo... 22 - - tx37720e6b07584d2baeaa4-006a27e383 - 0.0328 - - 1780999043.655677557 1780999043.688450813 0
Jun 9 09:57:23 standalone container-server[126536]: 172.20.0.100 - - [09/Jun/2026:09:57:23 +0000] "HEAD /d1/44/AUTH_965784611b4942ca97c5d5124e699aa1/gnocchi.93d0bbfd-f27c-401b-96d3-a6d54649eda4" 404 - "HEAD http://172.18.0.2:8080/v1/AUTH_965784611b4942ca97c5d5124e699aa1/gnocchi.93d0bbfd-f27c-401b-96d3-a6d54649eda4?format=json&states=listing" "tx0553f9927b5849849daa0-006a27e383" "proxy-server 20" 0.0004 "-" 21 0
Jun 9 09:57:23 standalone object-server[126681]: 172.20.0.100 - - [09/Jun/2026:09:57:23 +0000] "GET /d1/527/AUTH_965784611b4942ca97c5d5124e699aa1/gnocchi.93d0bbfd-f27c-401b-96d3-a6d54649eda4/none_v3" 404 70 "GET http://172.18.0.2:8080/v1/AUTH_965784611b4942ca97c5d5124e699aa1/gnocchi.93d0bbfd-f27c-401b-96d3-a6d54649eda4/none_v3" "tx0553f9927b5849849daa0-006a27e383" "proxy-server 20" 0.0004 "-" 25 0
Jun 9 09:57:23 standalone proxy-server[128538]: 172.18.0.2 172.18.0.100 09/Jun/2026/09/57/23 GET /v1/AUTH_965784611b4942ca97c5d5124e699aa1/gnocchi.93d0bbfd-f27c-401b-96d3-a6d54649eda4/none_v3 HTTP/1.0 404 - python-swiftclient-3.11.1 gAAAAABqJ-M9MHvo... - 70 - tx0553f9927b5849849daa0-006a27e383 - 0.0143 - - 1780999043.710860252 1780999043.725197077 0
Jun 9 09:57:23 standalone account-server[126435]: 172.20.0.100 - - [09/Jun/2026:09:57:23 +0000] "PUT /d1/199/AUTH_965784611b4942ca97c5d5124e699aa1/gnocchi.93d0bbfd-f27c-401b-96d3-a6d54649eda4" 201 - "PUT http://172.20.0.100:6001/d1/44/AUTH_965784611b4942ca97c5d5124e699aa1/gnocchi.93d0bbfd-f27c-401b-96d3-a6d54649eda4" "txd88259a99e6643ccafa19-006a27e383" "container-server 20" 0.0083 "-" 22 0
Jun 9 09:57:23 standalone container-server[126527]: 172.20.0.100 - - [09/Jun/2026:09:57:23 +0000] "PUT /d1/44/AUTH_965784611b4942ca97c5d5124e699aa1/gnocchi.93d0bbfd-f27c-401b-96d3-a6d54649eda4" 201 - "PUT http://172.18.0.2:8080/v1/AUTH_965784611b4942ca97c5d5124e699aa1/gnocchi.93d0bbfd-f27c-401b-96d3-a6d54649eda4" "txd88259a99e6643ccafa19-006a27e383" "proxy-server 20" 0.0249 "-" 20 0
Jun 9 09:57:23 standalone proxy-server[128538]: 172.18.0.2 172.18.0.100 09/Jun/2026/09/57/23 PUT /v1/AUTH_965784611b4942ca97c5d5124e699aa1/gnocchi.93d0bbfd-f27c-401b-96d3-a6d54649eda4 HTTP/1.0 201 - python-swiftclient-3.11.1 gAAAAABqJ-M9MHvo... - - - txd88259a99e6643ccafa19-006a27e383 - 0.0325 - - 1780999043.734408379 1780999043.766887188 0
Jun 9 09:57:23 standalone container-server[126536]: 172.20.0.100 - - [09/Jun/2026:09:57:23 +0000] "HEAD /d1/44/AUTH_965784611b4942ca97c5d5124e699aa1/gnocchi.93d0bbfd-f27c-401b-96d3-a6d54649eda4" 204 - "HEAD http://172.18.0.2:8080/v1/AUTH_965784611b4942ca97c5d5124e699aa1/gnocchi.93d0bbfd-f27c-401b-96d3-a6d54649eda4?format=json&states=listing" "tx4c227c3c966f4ecc96918-006a27e383" "proxy-server 20" 0.0034 "-" 21 0
Jun 9 09:57:23 standalone proxy-server[128538]: - - 09/Jun/2026/09/57/23 HEAD /v1/AUTH_965784611b4942ca97c5d5124e699aa1/gnocchi.93d0bbfd-f27c-401b-96d3-a6d54649eda4%3Fformat%3Djson%26states%3Dlisting HTTP/1.0 204 - Swift - - - - tx4c227c3c966f4ecc96918-006a27e383 - 0.0138 RL - 1780999043.775807381 1780999043.789559603 0
Jun 9 09:57:23 standalone container-server[126537]: 172.20.0.100 - - [09/Jun/2026:09:57:23 +0000] "GET /d1/44/AUTH_965784611b4942ca97c5d5124e699aa1/gnocchi.93d0bbfd-f27c-401b-96d3-a6d54649eda4" 200 2 "GET http://172.18.0.2:8080/v1/AUTH_965784611b4942ca97c5d5124e699aa1/gnocchi.93d0bbfd-f27c-401b-96d3-a6d54649eda4?format=json&states=listing" "tx4c227c3c966f4ecc96918-006a27e383" "proxy-server 20" 0.0051 "-" 22 0
Jun 9 09:57:23 standalone proxy-server[128538]: 172.18.0.2 172.18.0.100 09/Jun/2026/09/57/23 GET /v1/AUTH_965784611b4942ca97c5d5124e699aa1/gnocchi.93d0bbfd-f27c-401b-96d3-a6d54649eda4%3Fformat%3Djson%26states%3Dlisting HTTP/1.0 200 - python-swiftclient-3.11.1 gAAAAABqJ-M9MHvo... - 2 - tx4c227c3c966f4ecc96918-006a27e383 - 0.0333 - - 1780999043.773354530 1780999043.806620359 0
Jun 9 09:57:23 standalone object-server[126646]: 172.20.0.100 - - [09/Jun/2026:09:57:23 +0000] "GET /d1/462/AUTH_965784611b4942ca97c5d5124e699aa1/gnocchi.93d0bbfd-f27c-401b-96d3-a6d54649eda4/1780920000.0_mean_300.0_v3" 404 70 "GET http://172.18.0.2:8080/v1/AUTH_965784611b4942ca97c5d5124e699aa1/gnocchi.93d0bbfd-f27c-401b-96d3-a6d54649eda4/1780920000.0_mean_300.0_v3" "tx9f300a1be73d4eda9f21b-006a27e383" "proxy-server 20" 0.0004 "-" 21 0
Jun 9 09:57:23 standalone proxy-server[128538]: 172.18.0.2 172.18.0.100 09/Jun/2026/09/57/23 GET /v1/AUTH_965784611b4942ca97c5d5124e699aa1/gnocchi.93d0bbfd-f27c-401b-96d3-a6d54649eda4/1780920000.0_mean_300.0_v3 HTTP/1.0 404 - python-swiftclient-3.11.1 gAAAAABqJ-M9MHvo... - 70 - tx9f300a1be73d4eda9f21b-006a27e383 - 0.0097 - - 1780999043.814807892 1780999043.824467182 0
Jun 9 09:57:23 standalone container-server[126527]: 172.20.0.100 - - [09/Jun/2026:09:57:23 +0000] "PUT /d1/44/AUTH_965784611b4942ca97c5d5124e699aa1/gnocchi.93d0bbfd-f27c-401b-96d3-a6d54649eda4/1780920000.0_mean_300.0_v3" 201 - "PUT http://172.18.0.2:8080/d1/462/AUTH_965784611b4942ca97c5d5124e699aa1/gnocchi.93d0bbfd-f27c-401b-96d3-a6d54649eda4/1780920000.0_mean_300.0_v3" "tx3d36396b1a0245618f8d3-006a27e383" "object-server 24" 0.0014 "-" 20 0
Jun 9 09:57:23 standalone object-server[126667]: 172.20.0.100 - - [09/Jun/2026:09:57:23 +0000] "PUT /d1/462/AUTH_965784611b4942ca97c5d5124e699aa1/gnocchi.93d0bbfd-f27c-401b-96d3-a6d54649eda4/1780920000.0_mean_300.0_v3" 201 - "PUT http://172.18.0.2:8080/v1/AUTH_965784611b4942ca97c5d5124e699aa1/gnocchi.93d0bbfd-f27c-401b-96d3-a6d54649eda4/1780920000.0_mean_300.0_v3" "tx3d36396b1a0245618f8d3-006a27e383" "proxy-server 20" 0.0121 "-" 24 0
Jun 9 09:57:23 standalone proxy-server[128538]: 172.18.0.2 172.18.0.100 09/Jun/2026/09/57/23 PUT /v1/AUTH_965784611b4942ca97c5d5124e699aa1/gnocchi.93d0bbfd-f27c-401b-96d3-a6d54649eda4/1780920000.0_mean_300.0_v3 HTTP/1.0 201 - python-swiftclient-3.11.1 gAAAAABqJ-M9MHvo... 16 - - tx3d36396b1a0245618f8d3-006a27e383 - 0.0207 - - 1780999043.829674244 1780999043.850373983 0
Jun 9 09:57:23 standalone container-server[126537]: 172.20.0.100 - - [09/Jun/2026:09:57:23 +0000] "PUT /d1/44/AUTH_965784611b4942ca97c5d5124e699aa1/gnocchi.93d0bbfd-f27c-401b-96d3-a6d54649eda4/none_v3" 201 - "PUT http://172.18.0.2:8080/d1/527/AUTH_965784611b4942ca97c5d5124e699aa1/gnocchi.93d0bbfd-f27c-401b-96d3-a6d54649eda4/none_v3" "txde2912967aed4bcebf81f-006a27e383" "object-server 25" 0.0009 "-" 22 0
Jun 9 09:57:23 standalone object-server[126681]: 172.20.0.100 - - [09/Jun/2026:09:57:23 +0000] "PUT /d1/527/AUTH_965784611b4942ca97c5d5124e699aa1/gnocchi.93d0bbfd-f27c-401b-96d3-a6d54649eda4/none_v3" 201 - "PUT http://172.18.0.2:8080/v1/AUTH_965784611b4942ca97c5d5124e699aa1/gnocchi.93d0bbfd-f27c-401b-96d3-a6d54649eda4/none_v3" "txde2912967aed4bcebf81f-006a27e383" "proxy-server 20" 0.0160 "-" 25 0
Jun 9 09:57:23 standalone proxy-server[128538]: 172.18.0.2 172.18.0.100 09/Jun/2026/09/57/23 PUT /v1/AUTH_965784611b4942ca97c5d5124e699aa1/gnocchi.93d0bbfd-f27c-401b-96d3-a6d54649eda4/none_v3 HTTP/1.0 201 - python-swiftclient-3.11.1 gAAAAABqJ-M9MHvo... 22 - - txde2912967aed4bcebf81f-006a27e383 - 0.0254 - - 1780999043.856224298 1780999043.881631374 0
Jun 9 09:57:23 standalone container-server[126537]: 172.20.0.100 - - [09/Jun/2026:09:57:23 +0000] "HEAD /d1/237/AUTH_965784611b4942ca97c5d5124e699aa1/gnocchi.106bc8c1-d01f-4fbf-b8e9-0b3047fdea8c" 404 - "HEAD http://172.18.0.2:8080/v1/AUTH_965784611b4942ca97c5d5124e699aa1/gnocchi.106bc8c1-d01f-4fbf-b8e9-0b3047fdea8c?format=json&states=listing" "tx4f055f0036c84f6c9bb97-006a27e383" "proxy-server 20" 0.0004 "-" 22 0
Jun 9 09:57:23 standalone object-server[126667]: 172.20.0.100 - - [09/Jun/2026:09:57:23 +0000] "GET /d1/846/AUTH_965784611b4942ca97c5d5124e699aa1/gnocchi.106bc8c1-d01f-4fbf-b8e9-0b3047fdea8c/none_v3" 404 70 "GET http://172.18.0.2:8080/v1/AUTH_965784611b4942ca97c5d5124e699aa1/gnocchi.106bc8c1-d01f-4fbf-b8e9-0b3047fdea8c/none_v3" "tx4f055f0036c84f6c9bb97-006a27e383" "proxy-server 20" 0.0003 "-" 24 0
Jun 9 09:57:23 standalone proxy-server[128538]: 172.18.0.2 172.18.0.100 09/Jun/2026/09/57/23 GET /v1/AUTH_965784611b4942ca97c5d5124e699aa1/gnocchi.106bc8c1-d01f-4fbf-b8e9-0b3047fdea8c/none_v3 HTTP/1.0 404 - python-swiftclient-3.11.1 gAAAAABqJ-M9MHvo... - 70 - tx4f055f0036c84f6c9bb97-006a27e383 - 0.0118 - - 1780999043.910408258 1780999043.922207832 0
Jun 9 09:57:23 standalone account-server[126435]: 172.20.0.100 - - [09/Jun/2026:09:57:23 +0000] "PUT /d1/199/AUTH_965784611b4942ca97c5d5124e699aa1/gnocchi.106bc8c1-d01f-4fbf-b8e9-0b3047fdea8c" 201 - "PUT http://172.20.0.100:6001/d1/237/AUTH_965784611b4942ca97c5d5124e699aa1/gnocchi.106bc8c1-d01f-4fbf-b8e9-0b3047fdea8c" "tx13291edd07b34c598ee66-006a27e383" "container-server 20" 0.0060 "-" 22 0
Jun 9 09:57:23 standalone container-server[126527]: 172.20.0.100 - - [09/Jun/2026:09:57:23 +0000] "PUT /d1/237/AUTH_965784611b4942ca97c5d5124e699aa1/gnocchi.106bc8c1-d01f-4fbf-b8e9-0b3047fdea8c" 201 - "PUT http://172.18.0.2:8080/v1/AUTH_965784611b4942ca97c5d5124e699aa1/gnocchi.106bc8c1-d01f-4fbf-b8e9-0b3047fdea8c" "tx13291edd07b34c598ee66-006a27e383" "proxy-server 20" 0.0217 "-" 20 0
Jun 9 09:57:23 standalone proxy-server[128538]: 172.18.0.2 172.18.0.100 09/Jun/2026/09/57/23 PUT /v1/AUTH_965784611b4942ca97c5d5124e699aa1/gnocchi.106bc8c1-d01f-4fbf-b8e9-0b3047fdea8c HTTP/1.0 201 - python-swiftclient-3.11.1 gAAAAABqJ-M9MHvo... - - - tx13291edd07b34c598ee66-006a27e383 - 0.0307 - - 1780999043.928237200 1780999043.958983898 0
Jun 9 09:57:23 standalone container-server[126537]: 172.20.0.100 - - [09/Jun/2026:09:57:23 +0000] "HEAD /d1/237/AUTH_965784611b4942ca97c5d5124e699aa1/gnocchi.106bc8c1-d01f-4fbf-b8e9-0b3047fdea8c" 204 - "HEAD http://172.18.0.2:8080/v1/AUTH_965784611b4942ca97c5d5124e699aa1/gnocchi.106bc8c1-d01f-4fbf-b8e9-0b3047fdea8c?format=json&states=listing" "txc6511b77c8864706bbd56-006a27e383" "proxy-server 20" 0.0022 "-" 22 0
Jun 9 09:57:23 standalone proxy-server[128538]: - - 09/Jun/2026/09/57/23 HEAD /v1/AUTH_965784611b4942ca97c5d5124e699aa1/gnocchi.106bc8c1-d01f-4fbf-b8e9-0b3047fdea8c%3Fformat%3Djson%26states%3Dlisting HTTP/1.0 204 - Swift - - - - txc6511b77c8864706bbd56-006a27e383 - 0.0074 RL - 1780999043.966920614 1780999043.974277020 0
Jun 9 09:57:23 standalone container-server[126536]: 172.20.0.100 - - [09/Jun/2026:09:57:23 +0000] "GET /d1/237/AUTH_965784611b4942ca97c5d5124e699aa1/gnocchi.106bc8c1-d01f-4fbf-b8e9-0b3047fdea8c" 200 2 "GET http://172.18.0.2:8080/v1/AUTH_965784611b4942ca97c5d5124e699aa1/gnocchi.106bc8c1-d01f-4fbf-b8e9-0b3047fdea8c?format=json&states=listing" "txc6511b77c8864706bbd56-006a27e383" "proxy-server 20" 0.0048 "-" 21 0
Jun 9 09:57:23 standalone proxy-server[128538]: 172.18.0.2 172.18.0.100 09/Jun/2026/09/57/23 GET /v1/AUTH_965784611b4942ca97c5d5124e699aa1/gnocchi.106bc8c1-d01f-4fbf-b8e9-0b3047fdea8c%3Fformat%3Djson%26states%3Dlisting HTTP/1.0 200 - python-swiftclient-3.11.1 gAAAAABqJ-M9MHvo... - 2 - txc6511b77c8864706bbd56-006a27e383 - 0.0245 - - 1780999043.965265036 1780999043.989729643 0
Jun 9 09:57:24 standalone object-server[126667]: 172.20.0.100 - - [09/Jun/2026:09:57:24 +0000] "GET /d1/375/AUTH_965784611b4942ca97c5d5124e699aa1/gnocchi.106bc8c1-d01f-4fbf-b8e9-0b3047fdea8c/1780920000.0_mean_300.0_v3" 404 70 "GET http://172.18.0.2:8080/v1/AUTH_965784611b4942ca97c5d5124e699aa1/gnocchi.106bc8c1-d01f-4fbf-b8e9-0b3047fdea8c/1780920000.0_mean_300.0_v3" "txe3a77836232a4146a2ccc-006a27e383" "proxy-server 20" 0.0003 "-" 24 0
Jun 9 09:57:24 standalone proxy-server[128538]: 172.18.0.2 172.18.0.100 09/Jun/2026/09/57/24 GET /v1/AUTH_965784611b4942ca97c5d5124e699aa1/gnocchi.106bc8c1-d01f-4fbf-b8e9-0b3047fdea8c/1780920000.0_mean_300.0_v3 HTTP/1.0 404 - python-swiftclient-3.11.1 gAAAAABqJ-M9MHvo... - 70 - txe3a77836232a4146a2ccc-006a27e383 - 0.0088 - - 1780999043.996823549 1780999044.005596399 0
Jun 9 09:57:24 standalone container-server[126540]: 172.20.0.100 - - [09/Jun/2026:09:57:24 +0000] "PUT /d1/237/AUTH_965784611b4942ca97c5d5124e699aa1/gnocchi.106bc8c1-d01f-4fbf-b8e9-0b3047fdea8c/1780920000.0_mean_300.0_v3" 201 - "PUT http://172.18.0.2:8080/d1/375/AUTH_965784611b4942ca97c5d5124e699aa1/gnocchi.106bc8c1-d01f-4fbf-b8e9-0b3047fdea8c/1780920000.0_mean_300.0_v3" "txa214778ea54b4350a4093-006a27e384" "object-server 23" 0.0016 "-" 23 0
Jun 9 09:57:24 standalone object-server[126656]: 172.20.0.100 - - [09/Jun/2026:09:57:24 +0000] "PUT /d1/375/AUTH_965784611b4942ca97c5d5124e699aa1/gnocchi.106bc8c1-d01f-4fbf-b8e9-0b3047fdea8c/1780920000.0_mean_300.0_v3" 201 - "PUT http://172.18.0.2:8080/v1/AUTH_965784611b4942ca97c5d5124e699aa1/gnocchi.106bc8c1-d01f-4fbf-b8e9-0b3047fdea8c/1780920000.0_mean_300.0_v3" "txa214778ea54b4350a4093-006a27e384" "proxy-server 20" 0.0150 "-" 23 0
Jun 9 09:57:24 standalone proxy-server[128538]: 172.18.0.2 172.18.0.100 09/Jun/2026/09/57/24 PUT /v1/AUTH_965784611b4942ca97c5d5124e699aa1/gnocchi.106bc8c1-d01f-4fbf-b8e9-0b3047fdea8c/1780920000.0_mean_300.0_v3 HTTP/1.0 201 - python-swiftclient-3.11.1 gAAAAABqJ-M9MHvo... 16 - - txa214778ea54b4350a4093-006a27e384 - 0.0255 - - 1780999044.009963036 1780999044.035432100 0
Jun 9 09:57:24 standalone container-server[126536]: 172.20.0.100 - - [09/Jun/2026:09:57:24 +0000] "PUT /d1/237/AUTH_965784611b4942ca97c5d5124e699aa1/gnocchi.106bc8c1-d01f-4fbf-b8e9-0b3047fdea8c/none_v3" 201 - "PUT http://172.18.0.2:8080/d1/846/AUTH_965784611b4942ca97c5d5124e699aa1/gnocchi.106bc8c1-d01f-4fbf-b8e9-0b3047fdea8c/none_v3" "tx198eb42686a3441bb5add-006a27e384" "object-server 23" 0.0006 "-" 21 0
Jun 9 09:57:24 standalone object-server[126656]: 172.20.0.100 - - [09/Jun/2026:09:57:24 +0000] "PUT /d1/846/AUTH_965784611b4942ca97c5d5124e699aa1/gnocchi.106bc8c1-d01f-4fbf-b8e9-0b3047fdea8c/none_v3" 201 - "PUT http://172.18.0.2:8080/v1/AUTH_965784611b4942ca97c5d5124e699aa1/gnocchi.106bc8c1-d01f-4fbf-b8e9-0b3047fdea8c/none_v3" "tx198eb42686a3441bb5add-006a27e384" "proxy-server 20" 0.0126 "-" 23 0
Jun 9 09:57:24 standalone proxy-server[128538]: 172.18.0.2 172.18.0.100 09/Jun/2026/09/57/24 PUT /v1/AUTH_965784611b4942ca97c5d5124e699aa1/gnocchi.106bc8c1-d01f-4fbf-b8e9-0b3047fdea8c/none_v3 HTTP/1.0 201 - python-swiftclient-3.11.1 gAAAAABqJ-M9MHvo... 22 - - tx198eb42686a3441bb5add-006a27e384 - 0.0215 - - 1780999044.040003538 1780999044.061455011 0
Jun 9 09:57:52 standalone container-server[126540]: 172.20.0.100 - - [09/Jun/2026:09:57:52 +0000] "HEAD /d1/6/AUTH_965784611b4942ca97c5d5124e699aa1/gnocchi.b326e4be-83ca-4c4d-a7a0-1142d285fef3" 404 - "HEAD http://172.18.0.2:8080/v1/AUTH_965784611b4942ca97c5d5124e699aa1/gnocchi.b326e4be-83ca-4c4d-a7a0-1142d285fef3?format=json&states=listing" "txce6aa28126d64cd290f04-006a27e3a0" "proxy-server 20" 0.0008 "-" 23 0
Jun 9 09:57:52 standalone object-server[126681]: 172.20.0.100 - - [09/Jun/2026:09:57:52 +0000] "GET /d1/978/AUTH_965784611b4942ca97c5d5124e699aa1/gnocchi.b326e4be-83ca-4c4d-a7a0-1142d285fef3/none_v3" 404 70 "GET http://172.18.0.2:8080/v1/AUTH_965784611b4942ca97c5d5124e699aa1/gnocchi.b326e4be-83ca-4c4d-a7a0-1142d285fef3/none_v3" "txce6aa28126d64cd290f04-006a27e3a0" "proxy-server 20" 0.0009 "-" 25 0
Jun 9 09:57:52 standalone proxy-server[128538]: 172.18.0.2 172.18.0.100 09/Jun/2026/09/57/52 GET /v1/AUTH_965784611b4942ca97c5d5124e699aa1/gnocchi.b326e4be-83ca-4c4d-a7a0-1142d285fef3/none_v3 HTTP/1.0 404 - python-swiftclient-3.11.1 gAAAAABqJ-M9MHvo... - 70 - txce6aa28126d64cd290f04-006a27e3a0 - 0.0173 - - 1780999072.733294249 1780999072.750631094 0
Jun 9 09:57:52 standalone account-server[126445]: 172.20.0.100 - - [09/Jun/2026:09:57:52 +0000] "PUT /d1/199/AUTH_965784611b4942ca97c5d5124e699aa1/gnocchi.b326e4be-83ca-4c4d-a7a0-1142d285fef3" 201 - "PUT http://172.20.0.100:6001/d1/6/AUTH_965784611b4942ca97c5d5124e699aa1/gnocchi.b326e4be-83ca-4c4d-a7a0-1142d285fef3" "tx1c25602307a14035b955d-006a27e3a0" "container-server 21" 0.0057 "-" 23 0
Jun 9 09:57:52 standalone container-server[126536]: 172.20.0.100 - - [09/Jun/2026:09:57:52 +0000] "PUT /d1/6/AUTH_965784611b4942ca97c5d5124e699aa1/gnocchi.b326e4be-83ca-4c4d-a7a0-1142d285fef3" 201 - "PUT http://172.18.0.2:8080/v1/AUTH_965784611b4942ca97c5d5124e699aa1/gnocchi.b326e4be-83ca-4c4d-a7a0-1142d285fef3" "tx1c25602307a14035b955d-006a27e3a0" "proxy-server 20" 0.0185 "-" 21 0
Jun 9 09:57:52 standalone proxy-server[128538]: 172.18.0.2 172.18.0.100 09/Jun/2026/09/57/52 PUT /v1/AUTH_965784611b4942ca97c5d5124e699aa1/gnocchi.b326e4be-83ca-4c4d-a7a0-1142d285fef3 HTTP/1.0 201 - python-swiftclient-3.11.1 gAAAAABqJ-M9MHvo... - - - tx1c25602307a14035b955d-006a27e3a0 - 0.0294 - - 1780999072.755252361 1780999072.784682274 0
Jun 9 09:57:52 standalone container-server[126536]: 172.20.0.100 - - [09/Jun/2026:09:57:52 +0000] "HEAD /d1/6/AUTH_965784611b4942ca97c5d5124e699aa1/gnocchi.b326e4be-83ca-4c4d-a7a0-1142d285fef3" 204 - "HEAD http://172.18.0.2:8080/v1/AUTH_965784611b4942ca97c5d5124e699aa1/gnocchi.b326e4be-83ca-4c4d-a7a0-1142d285fef3?format=json&states=listing" "txf3e81ea86c5b4a39b8a8e-006a27e3a0" "proxy-server 20" 0.0015 "-" 21 0
Jun 9 09:57:52 standalone proxy-server[128538]: - - 09/Jun/2026/09/57/52 HEAD /v1/AUTH_965784611b4942ca97c5d5124e699aa1/gnocchi.b326e4be-83ca-4c4d-a7a0-1142d285fef3%3Fformat%3Djson%26states%3Dlisting HTTP/1.0 204 - Swift - - - - txf3e81ea86c5b4a39b8a8e-006a27e3a0 - 0.0061 RL - 1780999072.792953968 1780999072.799028635 0
Jun 9 09:57:52 standalone container-server[126536]: 172.20.0.100 - - [09/Jun/2026:09:57:52 +0000] "GET /d1/6/AUTH_965784611b4942ca97c5d5124e699aa1/gnocchi.b326e4be-83ca-4c4d-a7a0-1142d285fef3" 200 2 "GET http://172.18.0.2:8080/v1/AUTH_965784611b4942ca97c5d5124e699aa1/gnocchi.b326e4be-83ca-4c4d-a7a0-1142d285fef3?format=json&states=listing" "txf3e81ea86c5b4a39b8a8e-006a27e3a0" "proxy-server 20" 0.0022 "-" 21 0
Jun 9 09:57:52 standalone proxy-server[128538]: 172.18.0.2 172.18.0.100 09/Jun/2026/09/57/52 GET /v1/AUTH_965784611b4942ca97c5d5124e699aa1/gnocchi.b326e4be-83ca-4c4d-a7a0-1142d285fef3%3Fformat%3Djson%26states%3Dlisting HTTP/1.0 200 - python-swiftclient-3.11.1 gAAAAABqJ-M9MHvo... - 2 - txf3e81ea86c5b4a39b8a8e-006a27e3a0 - 0.0198 - - 1780999072.789715767 1780999072.809528112 0
Jun 9 09:57:52 standalone object-server[126681]: 172.20.0.100 - - [09/Jun/2026:09:57:52 +0000] "GET /d1/852/AUTH_965784611b4942ca97c5d5124e699aa1/gnocchi.b326e4be-83ca-4c4d-a7a0-1142d285fef3/1780920000.0_mean_300.0_v3" 404 70 "GET http://172.18.0.2:8080/v1/AUTH_965784611b4942ca97c5d5124e699aa1/gnocchi.b326e4be-83ca-4c4d-a7a0-1142d285fef3/1780920000.0_mean_300.0_v3" "tx3401343f3b03453f87a0e-006a27e3a0" "proxy-server 20" 0.0005 "-" 25 0
Jun 9 09:57:52 standalone proxy-server[128538]: 172.18.0.2 172.18.0.100 09/Jun/2026/09/57/52 GET /v1/AUTH_965784611b4942ca97c5d5124e699aa1/gnocchi.b326e4be-83ca-4c4d-a7a0-1142d285fef3/1780920000.0_mean_300.0_v3 HTTP/1.0 404 - python-swiftclient-3.11.1 gAAAAABqJ-M9MHvo... - 70 - tx3401343f3b03453f87a0e-006a27e3a0 - 0.0081 - - 1780999072.814919710 1780999072.822985888 0
Jun 9 09:57:52 standalone container-server[126536]: 172.20.0.100 - - [09/Jun/2026:09:57:52 +0000] "PUT /d1/6/AUTH_965784611b4942ca97c5d5124e699aa1/gnocchi.b326e4be-83ca-4c4d-a7a0-1142d285fef3/1780920000.0_mean_300.0_v3" 201 - "PUT http://172.18.0.2:8080/d1/852/AUTH_965784611b4942ca97c5d5124e699aa1/gnocchi.b326e4be-83ca-4c4d-a7a0-1142d285fef3/1780920000.0_mean_300.0_v3" "tx3388926ef4034cc48112d-006a27e3a0" "object-server 24" 0.0006 "-" 21 0
Jun 9 09:57:52 standalone object-server[126667]: 172.20.0.100 - - [09/Jun/2026:09:57:52 +0000] "PUT /d1/852/AUTH_965784611b4942ca97c5d5124e699aa1/gnocchi.b326e4be-83ca-4c4d-a7a0-1142d285fef3/1780920000.0_mean_300.0_v3" 201 - "PUT http://172.18.0.2:8080/v1/AUTH_965784611b4942ca97c5d5124e699aa1/gnocchi.b326e4be-83ca-4c4d-a7a0-1142d285fef3/1780920000.0_mean_300.0_v3" "tx3388926ef4034cc48112d-006a27e3a0" "proxy-server 20" 0.0115 "-" 24 0
Jun 9 09:57:52 standalone proxy-server[128538]: 172.18.0.2 172.18.0.100 09/Jun/2026/09/57/52 PUT /v1/AUTH_965784611b4942ca97c5d5124e699aa1/gnocchi.b326e4be-83ca-4c4d-a7a0-1142d285fef3/1780920000.0_mean_300.0_v3 HTTP/1.0 201 - python-swiftclient-3.11.1 gAAAAABqJ-M9MHvo... 16 - - tx3388926ef4034cc48112d-006a27e3a0 - 0.0212 - - 1780999072.828332901 1780999072.849523544 0
Jun 9 09:57:52 standalone container-server[126527]: 172.20.0.100 - - [09/Jun/2026:09:57:52 +0000] "PUT /d1/6/AUTH_965784611b4942ca97c5d5124e699aa1/gnocchi.b326e4be-83ca-4c4d-a7a0-1142d285fef3/none_v3" 201 - "PUT http://172.18.0.2:8080/d1/978/AUTH_965784611b4942ca97c5d5124e699aa1/gnocchi.b326e4be-83ca-4c4d-a7a0-1142d285fef3/none_v3" "tx5b357d4f0fe24fb895336-006a27e3a0" "object-server 21" 0.0008 "-" 20 0
Jun 9 09:57:52 standalone object-server[126646]: 172.20.0.100 - - [09/Jun/2026:09:57:52 +0000] "PUT /d1/978/AUTH_965784611b4942ca97c5d5124e699aa1/gnocchi.b326e4be-83ca-4c4d-a7a0-1142d285fef3/none_v3" 201 - "PUT http://172.18.0.2:8080/v1/AUTH_965784611b4942ca97c5d5124e699aa1/gnocchi.b326e4be-83ca-4c4d-a7a0-1142d285fef3/none_v3" "tx5b357d4f0fe24fb895336-006a27e3a0" "proxy-server 20" 0.0123 "-" 21 0
Jun 9 09:57:52 standalone proxy-server[128538]: 172.18.0.2 172.18.0.100 09/Jun/2026/09/57/52 PUT /v1/AUTH_965784611b4942ca97c5d5124e699aa1/gnocchi.b326e4be-83ca-4c4d-a7a0-1142d285fef3/none_v3 HTTP/1.0 201 - python-swiftclient-3.11.1 gAAAAABqJ-M9MHvo... 22 - - tx5b357d4f0fe24fb895336-006a27e3a0 - 0.0206 - - 1780999072.855020761 1780999072.875595093 0
Jun 9 09:57:52 standalone object-server[126667]: 172.20.0.100 - - [09/Jun/2026:09:57:52 +0000] "GET /d1/300/AUTH_965784611b4942ca97c5d5124e699aa1/gnocchi.8af1a25a-25f6-4a80-a79b-3df5f46b12b7/none_v3" 200 22 "GET http://172.18.0.2:8080/v1/AUTH_965784611b4942ca97c5d5124e699aa1/gnocchi.8af1a25a-25f6-4a80-a79b-3df5f46b12b7/none_v3" "tx9c97fa3ef3d94ab3a6454-006a27e3a0" "proxy-server 20" 0.0015 "-" 24 0
Jun 9 09:57:52 standalone proxy-server[128538]: 172.18.0.2 172.18.0.100 09/Jun/2026/09/57/52 GET /v1/AUTH_965784611b4942ca97c5d5124e699aa1/gnocchi.8af1a25a-25f6-4a80-a79b-3df5f46b12b7/none_v3 HTTP/1.0 200 - python-swiftclient-3.11.1 gAAAAABqJ-M9MHvo... - 22 - tx9c97fa3ef3d94ab3a6454-006a27e3a0 - 0.0105 - - 1780999072.915763140 1780999072.926219225 0
Jun 9 09:57:52 standalone container-server[126527]: 172.20.0.100 - - [09/Jun/2026:09:57:52 +0000] "GET /d1/526/AUTH_965784611b4942ca97c5d5124e699aa1/gnocchi.8af1a25a-25f6-4a80-a79b-3df5f46b12b7" 200 357 "GET http://172.18.0.2:8080/v1/AUTH_965784611b4942ca97c5d5124e699aa1/gnocchi.8af1a25a-25f6-4a80-a79b-3df5f46b12b7?format=json&states=listing" "tx38a6149bf6124009b0ae6-006a27e3a0" "proxy-server 20" 0.0219 "-" 20 0
Jun 9 09:57:52 standalone proxy-server[128538]: 172.18.0.2 172.18.0.100 09/Jun/2026/09/57/52 GET /v1/AUTH_965784611b4942ca97c5d5124e699aa1/gnocchi.8af1a25a-25f6-4a80-a79b-3df5f46b12b7%3Fformat%3Djson%26states%3Dlisting HTTP/1.0 200 - python-swiftclient-3.11.1 gAAAAABqJ-M9MHvo... - 357 - tx38a6149bf6124009b0ae6-006a27e3a0 - 0.0313 - - 1780999072.931179285 1780999072.962503195 0
Jun 9 09:57:52 standalone container-server[126527]: 172.20.0.100 - - [09/Jun/2026:09:57:52 +0000] "GET /d1/526/AUTH_965784611b4942ca97c5d5124e699aa1/gnocchi.8af1a25a-25f6-4a80-a79b-3df5f46b12b7" 200 2 "GET http://172.18.0.2:8080/v1/AUTH_965784611b4942ca97c5d5124e699aa1/gnocchi.8af1a25a-25f6-4a80-a79b-3df5f46b12b7?format=json&marker=none_v3&states=listing" "tx5c36a2382bb64c0382197-006a27e3a0" "proxy-server 20" 0.0027 "-" 20 0
Jun 9 09:57:52 standalone proxy-server[128538]: 172.18.0.2 172.18.0.100 09/Jun/2026/09/57/52 GET /v1/AUTH_965784611b4942ca97c5d5124e699aa1/gnocchi.8af1a25a-25f6-4a80-a79b-3df5f46b12b7%3Fformat%3Djson%26marker%3Dnone_v3%26states%3Dlisting HTTP/1.0 200 - python-swiftclient-3.11.1 gAAAAABqJ-M9MHvo... - 2 - tx5c36a2382bb64c0382197-006a27e3a0 - 0.0090 - - 1780999072.965699911 1780999072.974654198 0
Jun 9 09:57:52 standalone object-server[126681]: 172.20.0.100 - - [09/Jun/2026:09:57:52 +0000] "GET /d1/940/AUTH_965784611b4942ca97c5d5124e699aa1/gnocchi.8af1a25a-25f6-4a80-a79b-3df5f46b12b7/1780920000.0_mean_300.0_v3" 200 16 "GET http://172.18.0.2:8080/v1/AUTH_965784611b4942ca97c5d5124e699aa1/gnocchi.8af1a25a-25f6-4a80-a79b-3df5f46b12b7/1780920000.0_mean_300.0_v3" "txc44aa7cb87b54a79b2abd-006a27e3a0" "proxy-server 20" 0.0011 "-" 25 0
Jun 9 09:57:52 standalone proxy-server[128538]: 172.18.0.2 172.18.0.100 09/Jun/2026/09/57/52 GET /v1/AUTH_965784611b4942ca97c5d5124e699aa1/gnocchi.8af1a25a-25f6-4a80-a79b-3df5f46b12b7/1780920000.0_mean_300.0_v3 HTTP/1.0 200 - python-swiftclient-3.11.1 gAAAAABqJ-M9MHvo... - 16 - txc44aa7cb87b54a79b2abd-006a27e3a0 - 0.0069 - - 1780999072.977721453 1780999072.984607697 0
Jun 9 09:57:53 standalone container-server[126540]: 172.20.0.100 - - [09/Jun/2026:09:57:53 +0000] "PUT /d1/526/AUTH_965784611b4942ca97c5d5124e699aa1/gnocchi.8af1a25a-25f6-4a80-a79b-3df5f46b12b7/1780920000.0_mean_300.0_v3" 201 - "PUT http://172.18.0.2:8080/d1/940/AUTH_965784611b4942ca97c5d5124e699aa1/gnocchi.8af1a25a-25f6-4a80-a79b-3df5f46b12b7/1780920000.0_mean_300.0_v3" "tx900c844865f94686aea5c-006a27e3a0" "object-server 24" 0.0008 "-" 23 0
Jun 9 09:57:53 standalone object-server[126667]: 172.20.0.100 - - [09/Jun/2026:09:57:53 +0000] "PUT /d1/940/AUTH_965784611b4942ca97c5d5124e699aa1/gnocchi.8af1a25a-25f6-4a80-a79b-3df5f46b12b7/1780920000.0_mean_300.0_v3" 201 - "PUT http://172.18.0.2:8080/v1/AUTH_965784611b4942ca97c5d5124e699aa1/gnocchi.8af1a25a-25f6-4a80-a79b-3df5f46b12b7/1780920000.0_mean_300.0_v3" "tx900c844865f94686aea5c-006a27e3a0" "proxy-server 20" 0.0104 "-" 24 0
Jun 9 09:57:53 standalone proxy-server[128538]: 172.18.0.2 172.18.0.100 09/Jun/2026/09/57/53 PUT /v1/AUTH_965784611b4942ca97c5d5124e699aa1/gnocchi.8af1a25a-25f6-4a80-a79b-3df5f46b12b7/1780920000.0_mean_300.0_v3 HTTP/1.0 201 - python-swiftclient-3.11.1 gAAAAABqJ-M9MHvo... 16 - - tx900c844865f94686aea5c-006a27e3a0 - 0.0161 - - 1780999072.987082481 1780999073.003208160 0
Jun 9 09:57:53 standalone container-server[126527]: 172.20.0.100 - - [09/Jun/2026:09:57:53 +0000] "PUT /d1/526/AUTH_965784611b4942ca97c5d5124e699aa1/gnocchi.8af1a25a-25f6-4a80-a79b-3df5f46b12b7/none_v3" 201 - "PUT http://172.18.0.2:8080/d1/300/AUTH_965784611b4942ca97c5d5124e699aa1/gnocchi.8af1a25a-25f6-4a80-a79b-3df5f46b12b7/none_v3" "txc768552047a8474eb1a4e-006a27e3a1" "object-server 25" 0.0005 "-" 20 0
Jun 9 09:57:53 standalone object-server[126681]: 172.20.0.100 - - [09/Jun/2026:09:57:53 +0000] "PUT /d1/300/AUTH_965784611b4942ca97c5d5124e699aa1/gnocchi.8af1a25a-25f6-4a80-a79b-3df5f46b12b7/none_v3" 201 - "PUT http://172.18.0.2:8080/v1/AUTH_965784611b4942ca97c5d5124e699aa1/gnocchi.8af1a25a-25f6-4a80-a79b-3df5f46b12b7/none_v3" "txc768552047a8474eb1a4e-006a27e3a1" "proxy-server 20" 0.0096 "-" 25 0
Jun 9 09:57:53 standalone proxy-server[128538]: 172.18.0.2 172.18.0.100 09/Jun/2026/09/57/53 PUT /v1/AUTH_965784611b4942ca97c5d5124e699aa1/gnocchi.8af1a25a-25f6-4a80-a79b-3df5f46b12b7/none_v3 HTTP/1.0 201 - python-swiftclient-3.11.1 gAAAAABqJ-M9MHvo... 33 - - txc768552047a8474eb1a4e-006a27e3a1 - 0.0149 - - 1780999073.005671978 1780999073.020615578 0
Jun 9 09:57:53 standalone object-server[126667]: 172.20.0.100 - - [09/Jun/2026:09:57:53 +0000] "GET /d1/61/AUTH_965784611b4942ca97c5d5124e699aa1/gnocchi.4fabe8c5-df66-43cc-845f-9be88d37282b/none_v3" 200 22 "GET http://172.18.0.2:8080/v1/AUTH_965784611b4942ca97c5d5124e699aa1/gnocchi.4fabe8c5-df66-43cc-845f-9be88d37282b/none_v3" "tx9a41c07b27f8460a83a48-006a27e3a1" "proxy-server 20" 0.0011 "-" 24 0
Jun 9 09:57:53 standalone proxy-server[128538]: 172.18.0.2 172.18.0.100 09/Jun/2026/09/57/53 GET /v1/AUTH_965784611b4942ca97c5d5124e699aa1/gnocchi.4fabe8c5-df66-43cc-845f-9be88d37282b/none_v3 HTTP/1.0 200 - python-swiftclient-3.11.1 gAAAAABqJ-M9MHvo... - 22 - tx9a41c07b27f8460a83a48-006a27e3a1 - 0.0075 - - 1780999073.029592514 1780999073.037081242 0
Jun 9 09:57:53 standalone container-server[126537]: 172.20.0.100 - - [09/Jun/2026:09:57:53 +0000] "GET /d1/912/AUTH_965784611b4942ca97c5d5124e699aa1/gnocchi.4fabe8c5-df66-43cc-845f-9be88d37282b" 200 357 "GET http://172.18.0.2:8080/v1/AUTH_965784611b4942ca97c5d5124e699aa1/gnocchi.4fabe8c5-df66-43cc-845f-9be88d37282b?format=json&states=listing" "tx366a2b907fd54eb1bf8a3-006a27e3a1" "proxy-server 20" 0.0092 "-" 22 0
Jun 9 09:57:53 standalone proxy-server[128538]: 172.18.0.2 172.18.0.100 09/Jun/2026/09/57/53 GET /v1/AUTH_965784611b4942ca97c5d5124e699aa1/gnocchi.4fabe8c5-df66-43cc-845f-9be88d37282b%3Fformat%3Djson%26states%3Dlisting HTTP/1.0 200 - python-swiftclient-3.11.1 gAAAAABqJ-M9MHvo... - 357 - tx366a2b907fd54eb1bf8a3-006a27e3a1 - 0.0156 - - 1780999073.040588617 1780999073.056151628 0
Jun 9 09:57:53 standalone container-server[126540]: 172.20.0.100 - - [09/Jun/2026:09:57:53 +0000] "GET /d1/912/AUTH_965784611b4942ca97c5d5124e699aa1/gnocchi.4fabe8c5-df66-43cc-845f-9be88d37282b" 200 2 "GET http://172.18.0.2:8080/v1/AUTH_965784611b4942ca97c5d5124e699aa1/gnocchi.4fabe8c5-df66-43cc-845f-9be88d37282b?format=json&marker=none_v3&states=listing" "tx75a3370c2d1543689eab6-006a27e3a1" "proxy-server 20" 0.0018 "-" 23 0
Jun 9 09:57:53 standalone proxy-server[128538]: 172.18.0.2 172.18.0.100 09/Jun/2026/09/57/53 GET /v1/AUTH_965784611b4942ca97c5d5124e699aa1/gnocchi.4fabe8c5-df66-43cc-845f-9be88d37282b%3Fformat%3Djson%26marker%3Dnone_v3%26states%3Dlisting HTTP/1.0 200 - python-swiftclient-3.11.1 gAAAAABqJ-M9MHvo... - 2 - tx75a3370c2d1543689eab6-006a27e3a1 - 0.0070 - - 1780999073.058616161 1780999073.065633297 0
Jun 9 09:57:53 standalone object-server[126656]: 172.20.0.100 - - [09/Jun/2026:09:57:53 +0000] "GET /d1/408/AUTH_965784611b4942ca97c5d5124e699aa1/gnocchi.4fabe8c5-df66-43cc-845f-9be88d37282b/1780920000.0_mean_300.0_v3" 200 16 "GET http://172.18.0.2:8080/v1/AUTH_965784611b4942ca97c5d5124e699aa1/gnocchi.4fabe8c5-df66-43cc-845f-9be88d37282b/1780920000.0_mean_300.0_v3" "tx25f5a1f8c0344c539fdb4-006a27e3a1" "proxy-server 20" 0.0017 "-" 23 0
Jun 9 09:57:53 standalone proxy-server[128538]: 172.18.0.2 172.18.0.100 09/Jun/2026/09/57/53 GET /v1/AUTH_965784611b4942ca97c5d5124e699aa1/gnocchi.4fabe8c5-df66-43cc-845f-9be88d37282b/1780920000.0_mean_300.0_v3 HTTP/1.0 200 - python-swiftclient-3.11.1 gAAAAABqJ-M9MHvo... - 16 - tx25f5a1f8c0344c539fdb4-006a27e3a1 - 0.0079 - - 1780999073.068831682 1780999073.076720953 0
Jun 9 09:57:53 standalone container-server[126527]: 172.20.0.100 - - [09/Jun/2026:09:57:53 +0000] "PUT /d1/912/AUTH_965784611b4942ca97c5d5124e699aa1/gnocchi.4fabe8c5-df66-43cc-845f-9be88d37282b/1780920000.0_mean_300.0_v3" 201 - "PUT http://172.18.0.2:8080/d1/408/AUTH_965784611b4942ca97c5d5124e699aa1/gnocchi.4fabe8c5-df66-43cc-845f-9be88d37282b/1780920000.0_mean_300.0_v3" "tx495906560bb2439b8885e-006a27e3a1" "object-server 24" 0.0007 "-" 20 0
Jun 9 09:57:53 standalone object-server[126667]: 172.20.0.100 - - [09/Jun/2026:09:57:53 +0000] "PUT /d1/408/AUTH_965784611b4942ca97c5d5124e699aa1/gnocchi.4fabe8c5-df66-43cc-845f-9be88d37282b/1780920000.0_mean_300.0_v3" 201 - "PUT http://172.18.0.2:8080/v1/AUTH_965784611b4942ca97c5d5124e699aa1/gnocchi.4fabe8c5-df66-43cc-845f-9be88d37282b/1780920000.0_mean_300.0_v3" "tx495906560bb2439b8885e-006a27e3a1" "proxy-server 20" 0.0141 "-" 24 0
Jun 9 09:57:53 standalone proxy-server[128538]: 172.18.0.2 172.18.0.100 09/Jun/2026/09/57/53 PUT /v1/AUTH_965784611b4942ca97c5d5124e699aa1/gnocchi.4fabe8c5-df66-43cc-845f-9be88d37282b/1780920000.0_mean_300.0_v3 HTTP/1.0 201 - python-swiftclient-3.11.1 gAAAAABqJ-M9MHvo... 16 - - tx495906560bb2439b8885e-006a27e3a1 - 0.0203 - - 1780999073.079409838 1780999073.099725962 0
Jun 9 09:57:53 standalone container-server[126537]: 172.20.0.100 - - [09/Jun/2026:09:57:53 +0000] "PUT /d1/912/AUTH_965784611b4942ca97c5d5124e699aa1/gnocchi.4fabe8c5-df66-43cc-845f-9be88d37282b/none_v3" 201 - "PUT http://172.18.0.2:8080/d1/61/AUTH_965784611b4942ca97c5d5124e699aa1/gnocchi.4fabe8c5-df66-43cc-845f-9be88d37282b/none_v3" "tx26d1190322374f91bd842-006a27e3a1" "object-server 24" 0.0009 "-" 22 0
Jun 9 09:57:53 standalone object-server[126667]: 172.20.0.100 - - [09/Jun/2026:09:57:53 +0000] "PUT /d1/61/AUTH_965784611b4942ca97c5d5124e699aa1/gnocchi.4fabe8c5-df66-43cc-845f-9be88d37282b/none_v3" 201 - "PUT http://172.18.0.2:8080/v1/AUTH_965784611b4942ca97c5d5124e699aa1/gnocchi.4fabe8c5-df66-43cc-845f-9be88d37282b/none_v3" "tx26d1190322374f91bd842-006a27e3a1" "proxy-server 20" 0.0171 "-" 24 0
Jun 9 09:57:53 standalone proxy-server[128538]: 172.18.0.2 172.18.0.100 09/Jun/2026/09/57/53 PUT /v1/AUTH_965784611b4942ca97c5d5124e699aa1/gnocchi.4fabe8c5-df66-43cc-845f-9be88d37282b/none_v3 HTTP/1.0 201 - python-swiftclient-3.11.1 gAAAAABqJ-M9MHvo... 33 - - tx26d1190322374f91bd842-006a27e3a1 - 0.0239 - - 1780999073.103438139 1780999073.127306223 0
Jun 9 09:57:56 standalone object-server[126667]: 172.20.0.100 - - [09/Jun/2026:09:57:56 +0000] "GET /d1/978/AUTH_965784611b4942ca97c5d5124e699aa1/gnocchi.b326e4be-83ca-4c4d-a7a0-1142d285fef3/none_v3" 200 22 "GET http://172.18.0.2:8080/v1/AUTH_965784611b4942ca97c5d5124e699aa1/gnocchi.b326e4be-83ca-4c4d-a7a0-1142d285fef3/none_v3" "tx0b38216e83d84aaf8f8ca-006a27e3a4" "proxy-server 20" 0.0014 "-" 24 0
Jun 9 09:57:56 standalone proxy-server[128538]: 172.18.0.2 172.18.0.100 09/Jun/2026/09/57/56 GET /v1/AUTH_965784611b4942ca97c5d5124e699aa1/gnocchi.b326e4be-83ca-4c4d-a7a0-1142d285fef3/none_v3 HTTP/1.0 200 - python-swiftclient-3.11.1 gAAAAABqJ-M9MHvo... - 22 - tx0b38216e83d84aaf8f8ca-006a27e3a4 - 0.0083 - - 1780999076.589344501 1780999076.597617626 0
Jun 9 09:57:56 standalone container-server[126537]: 172.20.0.100 - - [09/Jun/2026:09:57:56 +0000] "GET /d1/6/AUTH_965784611b4942ca97c5d5124e699aa1/gnocchi.b326e4be-83ca-4c4d-a7a0-1142d285fef3" 200 357 "GET http://172.18.0.2:8080/v1/AUTH_965784611b4942ca97c5d5124e699aa1/gnocchi.b326e4be-83ca-4c4d-a7a0-1142d285fef3?format=json&states=listing" "tx21eb752ac5514fc499cb7-006a27e3a4" "proxy-server 20" 0.0124 "-" 22 0
Jun 9 09:57:56 standalone proxy-server[128538]: 172.18.0.2 172.18.0.100 09/Jun/2026/09/57/56 GET /v1/AUTH_965784611b4942ca97c5d5124e699aa1/gnocchi.b326e4be-83ca-4c4d-a7a0-1142d285fef3%3Fformat%3Djson%26states%3Dlisting HTTP/1.0 200 - python-swiftclient-3.11.1 gAAAAABqJ-M9MHvo... - 357 - tx21eb752ac5514fc499cb7-006a27e3a4 - 0.0209 - - 1780999076.601288557 1780999076.622190475 0
Jun 9 09:57:56 standalone container-server[126540]: 172.20.0.100 - - [09/Jun/2026:09:57:56 +0000] "GET /d1/6/AUTH_965784611b4942ca97c5d5124e699aa1/gnocchi.b326e4be-83ca-4c4d-a7a0-1142d285fef3" 200 2 "GET http://172.18.0.2:8080/v1/AUTH_965784611b4942ca97c5d5124e699aa1/gnocchi.b326e4be-83ca-4c4d-a7a0-1142d285fef3?format=json&marker=none_v3&states=listing" "txd059b2df0b7544c4a048f-006a27e3a4" "proxy-server 20" 0.0027 "-" 23 0
Jun 9 09:57:56 standalone proxy-server[128538]: 172.18.0.2 172.18.0.100 09/Jun/2026/09/57/56 GET /v1/AUTH_965784611b4942ca97c5d5124e699aa1/gnocchi.b326e4be-83ca-4c4d-a7a0-1142d285fef3%3Fformat%3Djson%26marker%3Dnone_v3%26states%3Dlisting HTTP/1.0 200 - python-swiftclient-3.11.1 gAAAAABqJ-M9MHvo... - 2 - txd059b2df0b7544c4a048f-006a27e3a4 - 0.0112 - - 1780999076.625928879 1780999076.637086630 0
Jun 9 09:57:56 standalone object-server[126667]: 172.20.0.100 - - [09/Jun/2026:09:57:56 +0000] "GET /d1/852/AUTH_965784611b4942ca97c5d5124e699aa1/gnocchi.b326e4be-83ca-4c4d-a7a0-1142d285fef3/1780920000.0_mean_300.0_v3" 200 16 "GET http://172.18.0.2:8080/v1/AUTH_965784611b4942ca97c5d5124e699aa1/gnocchi.b326e4be-83ca-4c4d-a7a0-1142d285fef3/1780920000.0_mean_300.0_v3" "tx024da4db3c8048c88d4a7-006a27e3a4" "proxy-server 20" 0.0008 "-" 24 0
Jun 9 09:57:56 standalone proxy-server[128538]: 172.18.0.2 172.18.0.100 09/Jun/2026/09/57/56 GET /v1/AUTH_965784611b4942ca97c5d5124e699aa1/gnocchi.b326e4be-83ca-4c4d-a7a0-1142d285fef3/1780920000.0_mean_300.0_v3 HTTP/1.0 200 - python-swiftclient-3.11.1 gAAAAABqJ-M9MHvo... - 16 - tx024da4db3c8048c88d4a7-006a27e3a4 - 0.0089 - - 1780999076.641242027 1780999076.650114536 0
Jun 9 09:57:56 standalone container-server[126537]: 172.20.0.100 - - [09/Jun/2026:09:57:56 +0000] "PUT /d1/6/AUTH_965784611b4942ca97c5d5124e699aa1/gnocchi.b326e4be-83ca-4c4d-a7a0-1142d285fef3/1780920000.0_mean_300.0_v3" 201 - "PUT http://172.18.0.2:8080/d1/852/AUTH_965784611b4942ca97c5d5124e699aa1/gnocchi.b326e4be-83ca-4c4d-a7a0-1142d285fef3/1780920000.0_mean_300.0_v3" "txf44e5319cd6b44d7ba0ef-006a27e3a4" "object-server 23" 0.0008 "-" 22 0
Jun 9 09:57:56 standalone object-server[126656]: 172.20.0.100 - - [09/Jun/2026:09:57:56 +0000] "PUT /d1/852/AUTH_965784611b4942ca97c5d5124e699aa1/gnocchi.b326e4be-83ca-4c4d-a7a0-1142d285fef3/1780920000.0_mean_300.0_v3" 201 - "PUT http://172.18.0.2:8080/v1/AUTH_965784611b4942ca97c5d5124e699aa1/gnocchi.b326e4be-83ca-4c4d-a7a0-1142d285fef3/1780920000.0_mean_300.0_v3" "txf44e5319cd6b44d7ba0ef-006a27e3a4" "proxy-server 20" 0.0124 "-" 23 0
Jun 9 09:57:56 standalone proxy-server[128538]: 172.18.0.2 172.18.0.100 09/Jun/2026/09/57/56 PUT /v1/AUTH_965784611b4942ca97c5d5124e699aa1/gnocchi.b326e4be-83ca-4c4d-a7a0-1142d285fef3/1780920000.0_mean_300.0_v3 HTTP/1.0 201 - python-swiftclient-3.11.1 gAAAAABqJ-M9MHvo... 16 - - txf44e5319cd6b44d7ba0ef-006a27e3a4 - 0.0206 - - 1780999076.653989077 1780999076.674614429 0
Jun 9 09:57:56 standalone container-server[126537]: 172.20.0.100 - - [09/Jun/2026:09:57:56 +0000] "PUT /d1/6/AUTH_965784611b4942ca97c5d5124e699aa1/gnocchi.b326e4be-83ca-4c4d-a7a0-1142d285fef3/none_v3" 201 - "PUT http://172.18.0.2:8080/d1/978/AUTH_965784611b4942ca97c5d5124e699aa1/gnocchi.b326e4be-83ca-4c4d-a7a0-1142d285fef3/none_v3" "txcc9c30674d9e42b0a0954-006a27e3a4" "object-server 25" 0.0007 "-" 22 0
Jun 9 09:57:56 standalone object-server[126681]: 172.20.0.100 - - [09/Jun/2026:09:57:56 +0000] "PUT /d1/978/AUTH_965784611b4942ca97c5d5124e699aa1/gnocchi.b326e4be-83ca-4c4d-a7a0-1142d285fef3/none_v3" 201 - "PUT http://172.18.0.2:8080/v1/AUTH_965784611b4942ca97c5d5124e699aa1/gnocchi.b326e4be-83ca-4c4d-a7a0-1142d285fef3/none_v3" "txcc9c30674d9e42b0a0954-006a27e3a4" "proxy-server 20" 0.0105 "-" 25 0
Jun 9 09:57:56 standalone proxy-server[128538]: 172.18.0.2 172.18.0.100 09/Jun/2026/09/57/56 PUT /v1/AUTH_965784611b4942ca97c5d5124e699aa1/gnocchi.b326e4be-83ca-4c4d-a7a0-1142d285fef3/none_v3 HTTP/1.0 201 - python-swiftclient-3.11.1 gAAAAABqJ-M9MHvo... 31 - - txcc9c30674d9e42b0a0954-006a27e3a4 - 0.0197 - - 1780999076.679205418 1780999076.698865175 0
Jun 9 09:58:05 standalone container-server[126261]: Begin container update sweep
Jun 9 09:58:05 standalone account-server[126435]: 172.20.0.100 - - [09/Jun/2026:09:58:05 +0000] "PUT /d1/199/AUTH_965784611b4942ca97c5d5124e699aa1/gnocchi.d1aae862-b5ef-42f9-a630-eeec2c74f0eb" 201 - "-" "-" "container-updater 2" 0.0011 "-" 22 0
Jun 9 09:58:05 standalone account-server[126414]: 172.20.0.100 - - [09/Jun/2026:09:58:05 +0000] "PUT /d1/199/AUTH_965784611b4942ca97c5d5124e699aa1/gnocchi.8af1a25a-25f6-4a80-a79b-3df5f46b12b7" 201 - "-" "-" "container-updater 2" 0.0008 "-" 20 0
Jun 9 09:58:05 standalone account-server[126435]: 172.20.0.100 - - [09/Jun/2026:09:58:05 +0000] "PUT /d1/199/AUTH_965784611b4942ca97c5d5124e699aa1/gnocchi.b7ec6ed7-ab44-4b75-bfa8-928e011c9bf9" 201 - "-" "-" "container-updater 2" 0.0006 "-" 22 0
Jun 9 09:58:05 standalone account-server[126414]: 172.20.0.100 - - [09/Jun/2026:09:58:05 +0000] "PUT /d1/199/AUTH_965784611b4942ca97c5d5124e699aa1/gnocchi.4fabe8c5-df66-43cc-845f-9be88d37282b" 201 - "-" "-" "container-updater 2" 0.0006 "-" 20 0
Jun 9 09:58:05 standalone account-server[126427]: 172.20.0.100 - - [09/Jun/2026:09:58:05 +0000] "PUT /d1/199/AUTH_965784611b4942ca97c5d5124e699aa1/gnocchi.b326e4be-83ca-4c4d-a7a0-1142d285fef3" 201 - "-" "-" "container-updater 2" 0.0004 "-" 21 0
Jun 9 09:58:05 standalone account-server[126445]: 172.20.0.100 - - [09/Jun/2026:09:58:05 +0000] "PUT /d1/199/AUTH_965784611b4942ca97c5d5124e699aa1/gnocchi.93d0bbfd-f27c-401b-96d3-a6d54649eda4" 201 - "-" "-" "container-updater 2" 0.0007 "-" 23 0
Jun 9 09:58:05 standalone account-server[126414]: 172.20.0.100 - - [09/Jun/2026:09:58:05 +0000] "PUT /d1/199/AUTH_965784611b4942ca97c5d5124e699aa1/gnocchi.106bc8c1-d01f-4fbf-b8e9-0b3047fdea8c" 201 - "-" "-" "container-updater 2" 0.0007 "-" 20 0
Jun 9 09:58:05 standalone account-server[126445]: 172.20.0.100 - - [09/Jun/2026:09:58:05 +0000] "PUT /d1/199/AUTH_965784611b4942ca97c5d5124e699aa1/gnocchi.a52d2241-2fa2-4321-a90e-944272441514" 201 - "-" "-" "container-updater 2" 0.0009 "-" 23 0
Jun 9 09:58:06 standalone account-server[126414]: 172.20.0.100 - - [09/Jun/2026:09:58:06 +0000] "PUT /d1/199/AUTH_965784611b4942ca97c5d5124e699aa1/gnocchi.09e75388-3936-41f0-abba-e562376d237a" 201 - "-" "-" "container-updater 2" 0.0007 "-" 20 0
Jun 9 09:58:06 standalone container-server[126261]: Container update sweep completed: 0.68s
