Jun 9 09:59:53 standalone proxy-server[128538]: 172.18.0.2 172.18.0.100 09/Jun/2026/09/59/53 GET /v1/AUTH_965784611b4942ca97c5d5124e699aa1/gnocchi.219c78d0-ac94-40b7-90b6-b941d89c8e24/1780920000.0_mean_300.0_v3 HTTP/1.0 404 - python-swiftclient-3.11.1 gAAAAABqJ-M9MHvo... - 70 - tx83656189a7df4e3cb6827-006a27e419 - 0.0055 - - 1780999193.134867907 1780999193.140344381 0
Jun 9 09:59:53 standalone container-server[126537]: 172.20.0.100 - - [09/Jun/2026:09:59:53 +0000] "PUT /d1/717/AUTH_965784611b4942ca97c5d5124e699aa1/gnocchi.219c78d0-ac94-40b7-90b6-b941d89c8e24/1780920000.0_mean_300.0_v3" 201 - "PUT http://172.18.0.2:8080/d1/818/AUTH_965784611b4942ca97c5d5124e699aa1/gnocchi.219c78d0-ac94-40b7-90b6-b941d89c8e24/1780920000.0_mean_300.0_v3" "txf574ce17bc0b4d32a081e-006a27e419" "object-server 24" 0.0006 "-" 22 0
Jun 9 09:59:53 standalone object-server[126667]: 172.20.0.100 - - [09/Jun/2026:09:59:53 +0000] "PUT /d1/818/AUTH_965784611b4942ca97c5d5124e699aa1/gnocchi.219c78d0-ac94-40b7-90b6-b941d89c8e24/1780920000.0_mean_300.0_v3" 201 - "PUT http://172.18.0.2:8080/v1/AUTH_965784611b4942ca97c5d5124e699aa1/gnocchi.219c78d0-ac94-40b7-90b6-b941d89c8e24/1780920000.0_mean_300.0_v3" "txf574ce17bc0b4d32a081e-006a27e419" "proxy-server 20" 0.0078 "-" 24 0
Jun 9 09:59:53 standalone proxy-server[128538]: 172.18.0.2 172.18.0.100 09/Jun/2026/09/59/53 PUT /v1/AUTH_965784611b4942ca97c5d5124e699aa1/gnocchi.219c78d0-ac94-40b7-90b6-b941d89c8e24/1780920000.0_mean_300.0_v3 HTTP/1.0 201 - python-swiftclient-3.11.1 gAAAAABqJ-M9MHvo... 16 - - txf574ce17bc0b4d32a081e-006a27e419 - 0.0129 - - 1780999193.143972635 1780999193.156827688 0
Jun 9 09:59:53 standalone container-server[126537]: 172.20.0.100 - - [09/Jun/2026:09:59:53 +0000] "PUT /d1/717/AUTH_965784611b4942ca97c5d5124e699aa1/gnocchi.219c78d0-ac94-40b7-90b6-b941d89c8e24/none_v3" 201 - "PUT http://172.18.0.2:8080/d1/407/AUTH_965784611b4942ca97c5d5124e699aa1/gnocchi.219c78d0-ac94-40b7-90b6-b941d89c8e24/none_v3" "txc9034b7d915444ef98bb5-006a27e419" "object-server 24" 0.0004 "-" 22 0
Jun 9 09:59:53 standalone object-server[126667]: 172.20.0.100 - - [09/Jun/2026:09:59:53 +0000] "PUT /d1/407/AUTH_965784611b4942ca97c5d5124e699aa1/gnocchi.219c78d0-ac94-40b7-90b6-b941d89c8e24/none_v3" 201 - "PUT http://172.18.0.2:8080/v1/AUTH_965784611b4942ca97c5d5124e699aa1/gnocchi.219c78d0-ac94-40b7-90b6-b941d89c8e24/none_v3" "txc9034b7d915444ef98bb5-006a27e419" "proxy-server 20" 0.0071 "-" 24 0
Jun 9 09:59:53 standalone proxy-server[128538]: 172.18.0.2 172.18.0.100 09/Jun/2026/09/59/53 PUT /v1/AUTH_965784611b4942ca97c5d5124e699aa1/gnocchi.219c78d0-ac94-40b7-90b6-b941d89c8e24/none_v3 HTTP/1.0 201 - python-swiftclient-3.11.1 gAAAAABqJ-M9MHvo... 22 - - txc9034b7d915444ef98bb5-006a27e419 - 0.0125 - - 1780999193.159634590 1780999193.172098637 0
Jun 9 09:59:53 standalone container-server[126527]: 172.20.0.100 - - [09/Jun/2026:09:59:53 +0000] "HEAD /d1/673/AUTH_965784611b4942ca97c5d5124e699aa1/gnocchi.cb7c4b93-44c8-4d05-94de-ac4dd9d73e93" 404 - "HEAD http://172.18.0.2:8080/v1/AUTH_965784611b4942ca97c5d5124e699aa1/gnocchi.cb7c4b93-44c8-4d05-94de-ac4dd9d73e93?format=json&states=listing" "tx545ef66de6f54ecfaddd8-006a27e419" "proxy-server 20" 0.0005 "-" 20 0
Jun 9 09:59:53 standalone object-server[126656]: 172.20.0.100 - - [09/Jun/2026:09:59:53 +0000] "GET /d1/572/AUTH_965784611b4942ca97c5d5124e699aa1/gnocchi.cb7c4b93-44c8-4d05-94de-ac4dd9d73e93/none_v3" 404 70 "GET http://172.18.0.2:8080/v1/AUTH_965784611b4942ca97c5d5124e699aa1/gnocchi.cb7c4b93-44c8-4d05-94de-ac4dd9d73e93/none_v3" "tx545ef66de6f54ecfaddd8-006a27e419" "proxy-server 20" 0.0004 "-" 23 0
Jun 9 09:59:53 standalone proxy-server[128538]: 172.18.0.2 172.18.0.100 09/Jun/2026/09/59/53 GET /v1/AUTH_965784611b4942ca97c5d5124e699aa1/gnocchi.cb7c4b93-44c8-4d05-94de-ac4dd9d73e93/none_v3 HTTP/1.0 404 - python-swiftclient-3.11.1 gAAAAABqJ-M9MHvo... - 70 - tx545ef66de6f54ecfaddd8-006a27e419 - 0.0103 - - 1780999193.182266474 1780999193.192552567 0
Jun 9 09:59:53 standalone account-server[126445]: 172.20.0.100 - - [09/Jun/2026:09:59:53 +0000] "PUT /d1/199/AUTH_965784611b4942ca97c5d5124e699aa1/gnocchi.cb7c4b93-44c8-4d05-94de-ac4dd9d73e93" 201 - "PUT http://172.20.0.100:6001/d1/673/AUTH_965784611b4942ca97c5d5124e699aa1/gnocchi.cb7c4b93-44c8-4d05-94de-ac4dd9d73e93" "txe2ed280063fc465abd3f3-006a27e419" "container-server 22" 0.0038 "-" 23 0
Jun 9 09:59:53 standalone container-server[126537]: 172.20.0.100 - - [09/Jun/2026:09:59:53 +0000] "PUT /d1/673/AUTH_965784611b4942ca97c5d5124e699aa1/gnocchi.cb7c4b93-44c8-4d05-94de-ac4dd9d73e93" 201 - "PUT http://172.18.0.2:8080/v1/AUTH_965784611b4942ca97c5d5124e699aa1/gnocchi.cb7c4b93-44c8-4d05-94de-ac4dd9d73e93" "txe2ed280063fc465abd3f3-006a27e419" "proxy-server 20" 0.0128 "-" 22 0
Jun 9 09:59:53 standalone proxy-server[128538]: 172.18.0.2 172.18.0.100 09/Jun/2026/09/59/53 PUT /v1/AUTH_965784611b4942ca97c5d5124e699aa1/gnocchi.cb7c4b93-44c8-4d05-94de-ac4dd9d73e93 HTTP/1.0 201 - python-swiftclient-3.11.1 gAAAAABqJ-M9MHvo... - - - txe2ed280063fc465abd3f3-006a27e419 - 0.0172 - - 1780999193.195747852 1780999193.212945938 0
Jun 9 09:59:53 standalone container-server[126527]: 172.20.0.100 - - [09/Jun/2026:09:59:53 +0000] "HEAD /d1/673/AUTH_965784611b4942ca97c5d5124e699aa1/gnocchi.cb7c4b93-44c8-4d05-94de-ac4dd9d73e93" 204 - "HEAD http://172.18.0.2:8080/v1/AUTH_965784611b4942ca97c5d5124e699aa1/gnocchi.cb7c4b93-44c8-4d05-94de-ac4dd9d73e93?format=json&states=listing" "txc7912ff0b7c64f2bbe70c-006a27e419" "proxy-server 20" 0.0017 "-" 20 0
Jun 9 09:59:53 standalone proxy-server[128538]: - - 09/Jun/2026/09/59/53 HEAD /v1/AUTH_965784611b4942ca97c5d5124e699aa1/gnocchi.cb7c4b93-44c8-4d05-94de-ac4dd9d73e93%3Fformat%3Djson%26states%3Dlisting HTTP/1.0 204 - Swift - - - - txc7912ff0b7c64f2bbe70c-006a27e419 - 0.0071 RL - 1780999193.261084080 1780999193.268186331 0
Jun 9 09:59:53 standalone container-server[126537]: 172.20.0.100 - - [09/Jun/2026:09:59:53 +0000] "GET /d1/673/AUTH_965784611b4942ca97c5d5124e699aa1/gnocchi.cb7c4b93-44c8-4d05-94de-ac4dd9d73e93" 200 2 "GET http://172.18.0.2:8080/v1/AUTH_965784611b4942ca97c5d5124e699aa1/gnocchi.cb7c4b93-44c8-4d05-94de-ac4dd9d73e93?format=json&states=listing" "txc7912ff0b7c64f2bbe70c-006a27e419" "proxy-server 20" 0.0022 "-" 22 0
Jun 9 09:59:53 standalone proxy-server[128538]: 172.18.0.2 172.18.0.100 09/Jun/2026/09/59/53 GET /v1/AUTH_965784611b4942ca97c5d5124e699aa1/gnocchi.cb7c4b93-44c8-4d05-94de-ac4dd9d73e93%3Fformat%3Djson%26states%3Dlisting HTTP/1.0 200 - python-swiftclient-3.11.1 gAAAAABqJ-M9MHvo... - 2 - txc7912ff0b7c64f2bbe70c-006a27e419 - 0.0633 - - 1780999193.216266870 1780999193.279613018 0
Jun 9 09:59:53 standalone object-server[126681]: 172.20.0.100 - - [09/Jun/2026:09:59:53 +0000] "GET /d1/47/AUTH_965784611b4942ca97c5d5124e699aa1/gnocchi.cb7c4b93-44c8-4d05-94de-ac4dd9d73e93/1780920000.0_mean_300.0_v3" 404 70 "GET http://172.18.0.2:8080/v1/AUTH_965784611b4942ca97c5d5124e699aa1/gnocchi.cb7c4b93-44c8-4d05-94de-ac4dd9d73e93/1780920000.0_mean_300.0_v3" "tx75aaca1fe25c456bba9b7-006a27e419" "proxy-server 20" 0.0004 "-" 25 0
Jun 9 09:59:53 standalone proxy-server[128538]: 172.18.0.2 172.18.0.100 09/Jun/2026/09/59/53 GET /v1/AUTH_965784611b4942ca97c5d5124e699aa1/gnocchi.cb7c4b93-44c8-4d05-94de-ac4dd9d73e93/1780920000.0_mean_300.0_v3 HTTP/1.0 404 - python-swiftclient-3.11.1 gAAAAABqJ-M9MHvo... - 70 - tx75aaca1fe25c456bba9b7-006a27e419 - 0.0074 - - 1780999193.285903692 1780999193.293310404 0
Jun 9 09:59:53 standalone container-server[126527]: 172.20.0.100 - - [09/Jun/2026:09:59:53 +0000] "PUT /d1/673/AUTH_965784611b4942ca97c5d5124e699aa1/gnocchi.cb7c4b93-44c8-4d05-94de-ac4dd9d73e93/1780920000.0_mean_300.0_v3" 201 - "PUT http://172.18.0.2:8080/d1/47/AUTH_965784611b4942ca97c5d5124e699aa1/gnocchi.cb7c4b93-44c8-4d05-94de-ac4dd9d73e93/1780920000.0_mean_300.0_v3" "tx8184e4b5407f46e6a516a-006a27e419" "object-server 25" 0.0007 "-" 20 0
Jun 9 09:59:53 standalone object-server[126681]: 172.20.0.100 - - [09/Jun/2026:09:59:53 +0000] "PUT /d1/47/AUTH_965784611b4942ca97c5d5124e699aa1/gnocchi.cb7c4b93-44c8-4d05-94de-ac4dd9d73e93/1780920000.0_mean_300.0_v3" 201 - "PUT http://172.18.0.2:8080/v1/AUTH_965784611b4942ca97c5d5124e699aa1/gnocchi.cb7c4b93-44c8-4d05-94de-ac4dd9d73e93/1780920000.0_mean_300.0_v3" "tx8184e4b5407f46e6a516a-006a27e419" "proxy-server 20" 0.0104 "-" 25 0
Jun 9 09:59:53 standalone proxy-server[128538]: 172.18.0.2 172.18.0.100 09/Jun/2026/09/59/53 PUT /v1/AUTH_965784611b4942ca97c5d5124e699aa1/gnocchi.cb7c4b93-44c8-4d05-94de-ac4dd9d73e93/1780920000.0_mean_300.0_v3 HTTP/1.0 201 - python-swiftclient-3.11.1 gAAAAABqJ-M9MHvo... 16 - - tx8184e4b5407f46e6a516a-006a27e419 - 0.0152 - - 1780999193.297480345 1780999193.312665701 0
Jun 9 09:59:53 standalone container-server[126527]: 172.20.0.100 - - [09/Jun/2026:09:59:53 +0000] "PUT /d1/673/AUTH_965784611b4942ca97c5d5124e699aa1/gnocchi.cb7c4b93-44c8-4d05-94de-ac4dd9d73e93/none_v3" 201 - "PUT http://172.18.0.2:8080/d1/572/AUTH_965784611b4942ca97c5d5124e699aa1/gnocchi.cb7c4b93-44c8-4d05-94de-ac4dd9d73e93/none_v3" "tx9845cbdb3d1a4538925e1-006a27e419" "object-server 21" 0.0005 "-" 20 0
Jun 9 09:59:53 standalone object-server[126646]: 172.20.0.100 - - [09/Jun/2026:09:59:53 +0000] "PUT /d1/572/AUTH_965784611b4942ca97c5d5124e699aa1/gnocchi.cb7c4b93-44c8-4d05-94de-ac4dd9d73e93/none_v3" 201 - "PUT http://172.18.0.2:8080/v1/AUTH_965784611b4942ca97c5d5124e699aa1/gnocchi.cb7c4b93-44c8-4d05-94de-ac4dd9d73e93/none_v3" "tx9845cbdb3d1a4538925e1-006a27e419" "proxy-server 20" 0.0098 "-" 21 0
Jun 9 09:59:53 standalone proxy-server[128538]: 172.18.0.2 172.18.0.100 09/Jun/2026/09/59/53 PUT /v1/AUTH_965784611b4942ca97c5d5124e699aa1/gnocchi.cb7c4b93-44c8-4d05-94de-ac4dd9d73e93/none_v3 HTTP/1.0 201 - python-swiftclient-3.11.1 gAAAAABqJ-M9MHvo... 22 - - tx9845cbdb3d1a4538925e1-006a27e419 - 0.0151 - - 1780999193.315920830 1780999193.331019878 0
Jun 9 09:59:53 standalone container-server[126536]: 172.20.0.100 - - [09/Jun/2026:09:59:53 +0000] "HEAD /d1/897/AUTH_965784611b4942ca97c5d5124e699aa1/gnocchi.45efb6b1-894f-4e81-a962-27086aa84122" 404 - "HEAD http://172.18.0.2:8080/v1/AUTH_965784611b4942ca97c5d5124e699aa1/gnocchi.45efb6b1-894f-4e81-a962-27086aa84122?format=json&states=listing" "tx23eff8d822054ac99d3f6-006a27e419" "proxy-server 20" 0.0006 "-" 21 0
Jun 9 09:59:53 standalone object-server[126667]: 172.20.0.100 - - [09/Jun/2026:09:59:53 +0000] "GET /d1/162/AUTH_965784611b4942ca97c5d5124e699aa1/gnocchi.45efb6b1-894f-4e81-a962-27086aa84122/none_v3" 404 70 "GET http://172.18.0.2:8080/v1/AUTH_965784611b4942ca97c5d5124e699aa1/gnocchi.45efb6b1-894f-4e81-a962-27086aa84122/none_v3" "tx23eff8d822054ac99d3f6-006a27e419" "proxy-server 20" 0.0007 "-" 24 0
Jun 9 09:59:53 standalone proxy-server[128538]: 172.18.0.2 172.18.0.100 09/Jun/2026/09/59/53 GET /v1/AUTH_965784611b4942ca97c5d5124e699aa1/gnocchi.45efb6b1-894f-4e81-a962-27086aa84122/none_v3 HTTP/1.0 404 - python-swiftclient-3.11.1 gAAAAABqJ-M9MHvo... - 70 - tx23eff8d822054ac99d3f6-006a27e419 - 0.0115 - - 1780999193.344059944 1780999193.355553865 0
Jun 9 09:59:53 standalone account-server[126435]: 172.20.0.100 - - [09/Jun/2026:09:59:53 +0000] "PUT /d1/199/AUTH_965784611b4942ca97c5d5124e699aa1/gnocchi.45efb6b1-894f-4e81-a962-27086aa84122" 201 - "PUT http://172.20.0.100:6001/d1/897/AUTH_965784611b4942ca97c5d5124e699aa1/gnocchi.45efb6b1-894f-4e81-a962-27086aa84122" "tx3cb489ae4d224e5296bc0-006a27e419" "container-server 20" 0.0059 "-" 22 0
Jun 9 09:59:53 standalone container-server[126527]: 172.20.0.100 - - [09/Jun/2026:09:59:53 +0000] "PUT /d1/897/AUTH_965784611b4942ca97c5d5124e699aa1/gnocchi.45efb6b1-894f-4e81-a962-27086aa84122" 201 - "PUT http://172.18.0.2:8080/v1/AUTH_965784611b4942ca97c5d5124e699aa1/gnocchi.45efb6b1-894f-4e81-a962-27086aa84122" "tx3cb489ae4d224e5296bc0-006a27e419" "proxy-server 20" 0.0164 "-" 20 0
Jun 9 09:59:53 standalone proxy-server[128538]: 172.18.0.2 172.18.0.100 09/Jun/2026/09/59/53 PUT /v1/AUTH_965784611b4942ca97c5d5124e699aa1/gnocchi.45efb6b1-894f-4e81-a962-27086aa84122 HTTP/1.0 201 - python-swiftclient-3.11.1 gAAAAABqJ-M9MHvo... - - - tx3cb489ae4d224e5296bc0-006a27e419 - 0.0213 - - 1780999193.359647751 1780999193.380916834 0
Jun 9 09:59:53 standalone container-server[126540]: 172.20.0.100 - - [09/Jun/2026:09:59:53 +0000] "HEAD /d1/897/AUTH_965784611b4942ca97c5d5124e699aa1/gnocchi.45efb6b1-894f-4e81-a962-27086aa84122" 204 - "HEAD http://172.18.0.2:8080/v1/AUTH_965784611b4942ca97c5d5124e699aa1/gnocchi.45efb6b1-894f-4e81-a962-27086aa84122?format=json&states=listing" "tx14b0f408b5a44c62b946f-006a27e419" "proxy-server 20" 0.0029 "-" 23 0
Jun 9 09:59:53 standalone proxy-server[128538]: - - 09/Jun/2026/09/59/53 HEAD /v1/AUTH_965784611b4942ca97c5d5124e699aa1/gnocchi.45efb6b1-894f-4e81-a962-27086aa84122%3Fformat%3Djson%26states%3Dlisting HTTP/1.0 204 - Swift - - - - tx14b0f408b5a44c62b946f-006a27e419 - 0.0092 RL - 1780999193.388246536 1780999193.397451162 0
Jun 9 09:59:53 standalone container-server[126536]: 172.20.0.100 - - [09/Jun/2026:09:59:53 +0000] "GET /d1/897/AUTH_965784611b4942ca97c5d5124e699aa1/gnocchi.45efb6b1-894f-4e81-a962-27086aa84122" 200 2 "GET http://172.18.0.2:8080/v1/AUTH_965784611b4942ca97c5d5124e699aa1/gnocchi.45efb6b1-894f-4e81-a962-27086aa84122?format=json&states=listing" "tx14b0f408b5a44c62b946f-006a27e419" "proxy-server 20" 0.0039 "-" 21 0
Jun 9 09:59:53 standalone proxy-server[128538]: 172.18.0.2 172.18.0.100 09/Jun/2026/09/59/53 GET /v1/AUTH_965784611b4942ca97c5d5124e699aa1/gnocchi.45efb6b1-894f-4e81-a962-27086aa84122%3Fformat%3Djson%26states%3Dlisting HTTP/1.0 200 - python-swiftclient-3.11.1 gAAAAABqJ-M9MHvo... - 2 - tx14b0f408b5a44c62b946f-006a27e419 - 0.0268 - - 1780999193.386422634 1780999193.413233757 0
Jun 9 09:59:53 standalone object-server[126656]: 172.20.0.100 - - [09/Jun/2026:09:59:53 +0000] "GET /d1/482/AUTH_965784611b4942ca97c5d5124e699aa1/gnocchi.45efb6b1-894f-4e81-a962-27086aa84122/1780920000.0_mean_300.0_v3" 404 70 "GET http://172.18.0.2:8080/v1/AUTH_965784611b4942ca97c5d5124e699aa1/gnocchi.45efb6b1-894f-4e81-a962-27086aa84122/1780920000.0_mean_300.0_v3" "txe2a0d67203b44474a6124-006a27e419" "proxy-server 20" 0.0003 "-" 23 0
Jun 9 09:59:53 standalone proxy-server[128538]: 172.18.0.2 172.18.0.100 09/Jun/2026/09/59/53 GET /v1/AUTH_965784611b4942ca97c5d5124e699aa1/gnocchi.45efb6b1-894f-4e81-a962-27086aa84122/1780920000.0_mean_300.0_v3 HTTP/1.0 404 - python-swiftclient-3.11.1 gAAAAABqJ-M9MHvo... - 70 - txe2a0d67203b44474a6124-006a27e419 - 0.0096 - - 1780999193.421369314 1780999193.430938721 0
Jun 9 09:59:53 standalone container-server[126536]: 172.20.0.100 - - [09/Jun/2026:09:59:53 +0000] "PUT /d1/897/AUTH_965784611b4942ca97c5d5124e699aa1/gnocchi.45efb6b1-894f-4e81-a962-27086aa84122/1780920000.0_mean_300.0_v3" 201 - "PUT http://172.18.0.2:8080/d1/482/AUTH_965784611b4942ca97c5d5124e699aa1/gnocchi.45efb6b1-894f-4e81-a962-27086aa84122/1780920000.0_mean_300.0_v3" "tx3523496df9ac429da9923-006a27e419" "object-server 24" 0.0009 "-" 21 0
Jun 9 09:59:53 standalone object-server[126667]: 172.20.0.100 - - [09/Jun/2026:09:59:53 +0000] "PUT /d1/482/AUTH_965784611b4942ca97c5d5124e699aa1/gnocchi.45efb6b1-894f-4e81-a962-27086aa84122/1780920000.0_mean_300.0_v3" 201 - "PUT http://172.18.0.2:8080/v1/AUTH_965784611b4942ca97c5d5124e699aa1/gnocchi.45efb6b1-894f-4e81-a962-27086aa84122/1780920000.0_mean_300.0_v3" "tx3523496df9ac429da9923-006a27e419" "proxy-server 20" 0.0115 "-" 24 0
Jun 9 09:59:53 standalone proxy-server[128538]: 172.18.0.2 172.18.0.100 09/Jun/2026/09/59/53 PUT /v1/AUTH_965784611b4942ca97c5d5124e699aa1/gnocchi.45efb6b1-894f-4e81-a962-27086aa84122/1780920000.0_mean_300.0_v3 HTTP/1.0 201 - python-swiftclient-3.11.1 gAAAAABqJ-M9MHvo... 16 - - tx3523496df9ac429da9923-006a27e419 - 0.0184 - - 1780999193.435884953 1780999193.454316854 0
Jun 9 09:59:53 standalone container-server[126540]: 172.20.0.100 - - [09/Jun/2026:09:59:53 +0000] "PUT /d1/897/AUTH_965784611b4942ca97c5d5124e699aa1/gnocchi.45efb6b1-894f-4e81-a962-27086aa84122/none_v3" 201 - "PUT http://172.18.0.2:8080/d1/162/AUTH_965784611b4942ca97c5d5124e699aa1/gnocchi.45efb6b1-894f-4e81-a962-27086aa84122/none_v3" "tx10d68359d6aa4357a7acd-006a27e419" "object-server 25" 0.0010 "-" 23 0
Jun 9 09:59:53 standalone object-server[126681]: 172.20.0.100 - - [09/Jun/2026:09:59:53 +0000] "PUT /d1/162/AUTH_965784611b4942ca97c5d5124e699aa1/gnocchi.45efb6b1-894f-4e81-a962-27086aa84122/none_v3" 201 - "PUT http://172.18.0.2:8080/v1/AUTH_965784611b4942ca97c5d5124e699aa1/gnocchi.45efb6b1-894f-4e81-a962-27086aa84122/none_v3" "tx10d68359d6aa4357a7acd-006a27e419" "proxy-server 20" 0.0101 "-" 25 0
Jun 9 09:59:53 standalone proxy-server[128538]: 172.18.0.2 172.18.0.100 09/Jun/2026/09/59/53 PUT /v1/AUTH_965784611b4942ca97c5d5124e699aa1/gnocchi.45efb6b1-894f-4e81-a962-27086aa84122/none_v3 HTTP/1.0 201 - python-swiftclient-3.11.1 gAAAAABqJ-M9MHvo... 22 - - tx10d68359d6aa4357a7acd-006a27e419 - 0.0159 - - 1780999193.458799362 1780999193.474666595 0
Jun 9 09:59:53 standalone container-server[126540]: 172.20.0.100 - - [09/Jun/2026:09:59:53 +0000] "HEAD /d1/71/AUTH_965784611b4942ca97c5d5124e699aa1/gnocchi.e7a048ae-a3f3-485d-84aa-2259d68ed626" 404 - "HEAD http://172.18.0.2:8080/v1/AUTH_965784611b4942ca97c5d5124e699aa1/gnocchi.e7a048ae-a3f3-485d-84aa-2259d68ed626?format=json&states=listing" "txef58d08ba51241b3a2880-006a27e419" "proxy-server 20" 0.0006 "-" 23 0
Jun 9 09:59:53 standalone object-server[126681]: 172.20.0.100 - - [09/Jun/2026:09:59:53 +0000] "GET /d1/66/AUTH_965784611b4942ca97c5d5124e699aa1/gnocchi.e7a048ae-a3f3-485d-84aa-2259d68ed626/none_v3" 404 70 "GET http://172.18.0.2:8080/v1/AUTH_965784611b4942ca97c5d5124e699aa1/gnocchi.e7a048ae-a3f3-485d-84aa-2259d68ed626/none_v3" "txef58d08ba51241b3a2880-006a27e419" "proxy-server 20" 0.0004 "-" 25 0
Jun 9 09:59:53 standalone proxy-server[128538]: 172.18.0.2 172.18.0.100 09/Jun/2026/09/59/53 GET /v1/AUTH_965784611b4942ca97c5d5124e699aa1/gnocchi.e7a048ae-a3f3-485d-84aa-2259d68ed626/none_v3 HTTP/1.0 404 - python-swiftclient-3.11.1 gAAAAABqJ-M9MHvo... - 70 - txef58d08ba51241b3a2880-006a27e419 - 0.0101 - - 1780999193.489238739 1780999193.499290943 0
Jun 9 09:59:53 standalone account-server[126435]: 172.20.0.100 - - [09/Jun/2026:09:59:53 +0000] "PUT /d1/199/AUTH_965784611b4942ca97c5d5124e699aa1/gnocchi.e7a048ae-a3f3-485d-84aa-2259d68ed626" 201 - "PUT http://172.20.0.100:6001/d1/71/AUTH_965784611b4942ca97c5d5124e699aa1/gnocchi.e7a048ae-a3f3-485d-84aa-2259d68ed626" "tx1594246449714f8e8f716-006a27e419" "container-server 20" 0.0062 "-" 22 0
Jun 9 09:59:53 standalone container-server[126527]: 172.20.0.100 - - [09/Jun/2026:09:59:53 +0000] "PUT /d1/71/AUTH_965784611b4942ca97c5d5124e699aa1/gnocchi.e7a048ae-a3f3-485d-84aa-2259d68ed626" 201 - "PUT http://172.18.0.2:8080/v1/AUTH_965784611b4942ca97c5d5124e699aa1/gnocchi.e7a048ae-a3f3-485d-84aa-2259d68ed626" "tx1594246449714f8e8f716-006a27e419" "proxy-server 20" 0.0203 "-" 20 0
Jun 9 09:59:53 standalone proxy-server[128538]: 172.18.0.2 172.18.0.100 09/Jun/2026/09/59/53 PUT /v1/AUTH_965784611b4942ca97c5d5124e699aa1/gnocchi.e7a048ae-a3f3-485d-84aa-2259d68ed626 HTTP/1.0 201 - python-swiftclient-3.11.1 gAAAAABqJ-M9MHvo... - - - tx1594246449714f8e8f716-006a27e419 - 0.0278 - - 1780999193.503777504 1780999193.531601191 0
Jun 9 09:59:53 standalone container-server[126527]: 172.20.0.100 - - [09/Jun/2026:09:59:53 +0000] "HEAD /d1/71/AUTH_965784611b4942ca97c5d5124e699aa1/gnocchi.e7a048ae-a3f3-485d-84aa-2259d68ed626" 204 - "HEAD http://172.18.0.2:8080/v1/AUTH_965784611b4942ca97c5d5124e699aa1/gnocchi.e7a048ae-a3f3-485d-84aa-2259d68ed626?format=json&states=listing" "tx995c8a746d434628b4fd7-006a27e419" "proxy-server 20" 0.0017 "-" 20 0
Jun 9 09:59:53 standalone proxy-server[128538]: - - 09/Jun/2026/09/59/53 HEAD /v1/AUTH_965784611b4942ca97c5d5124e699aa1/gnocchi.e7a048ae-a3f3-485d-84aa-2259d68ed626%3Fformat%3Djson%26states%3Dlisting HTTP/1.0 204 - Swift - - - - tx995c8a746d434628b4fd7-006a27e419 - 0.0063 RL - 1780999193.538791180 1780999193.545091152 0
Jun 9 09:59:53 standalone container-server[126537]: 172.20.0.100 - - [09/Jun/2026:09:59:53 +0000] "GET /d1/71/AUTH_965784611b4942ca97c5d5124e699aa1/gnocchi.e7a048ae-a3f3-485d-84aa-2259d68ed626" 200 2 "GET http://172.18.0.2:8080/v1/AUTH_965784611b4942ca97c5d5124e699aa1/gnocchi.e7a048ae-a3f3-485d-84aa-2259d68ed626?format=json&states=listing" "tx995c8a746d434628b4fd7-006a27e419" "proxy-server 20" 0.0026 "-" 22 0
Jun 9 09:59:53 standalone proxy-server[128538]: 172.18.0.2 172.18.0.100 09/Jun/2026/09/59/53 GET /v1/AUTH_965784611b4942ca97c5d5124e699aa1/gnocchi.e7a048ae-a3f3-485d-84aa-2259d68ed626%3Fformat%3Djson%26states%3Dlisting HTTP/1.0 200 - python-swiftclient-3.11.1 gAAAAABqJ-M9MHvo... - 2 - tx995c8a746d434628b4fd7-006a27e419 - 0.0193 - - 1780999193.537139177 1780999193.556398630 0
Jun 9 09:59:53 standalone object-server[126646]: 172.20.0.100 - - [09/Jun/2026:09:59:53 +0000] "GET /d1/944/AUTH_965784611b4942ca97c5d5124e699aa1/gnocchi.e7a048ae-a3f3-485d-84aa-2259d68ed626/1780920000.0_mean_300.0_v3" 404 70 "GET http://172.18.0.2:8080/v1/AUTH_965784611b4942ca97c5d5124e699aa1/gnocchi.e7a048ae-a3f3-485d-84aa-2259d68ed626/1780920000.0_mean_300.0_v3" "txe145601f6fb046548b45e-006a27e419" "proxy-server 20" 0.0006 "-" 21 0
Jun 9 09:59:53 standalone proxy-server[128538]: 172.18.0.2 172.18.0.100 09/Jun/2026/09/59/53 GET /v1/AUTH_965784611b4942ca97c5d5124e699aa1/gnocchi.e7a048ae-a3f3-485d-84aa-2259d68ed626/1780920000.0_mean_300.0_v3 HTTP/1.0 404 - python-swiftclient-3.11.1 gAAAAABqJ-M9MHvo... - 70 - txe145601f6fb046548b45e-006a27e419 - 0.0086 - - 1780999193.562813759 1780999193.571459532 0
Jun 9 09:59:53 standalone container-server[126537]: 172.20.0.100 - - [09/Jun/2026:09:59:53 +0000] "PUT /d1/71/AUTH_965784611b4942ca97c5d5124e699aa1/gnocchi.e7a048ae-a3f3-485d-84aa-2259d68ed626/1780920000.0_mean_300.0_v3" 201 - "PUT http://172.18.0.2:8080/d1/944/AUTH_965784611b4942ca97c5d5124e699aa1/gnocchi.e7a048ae-a3f3-485d-84aa-2259d68ed626/1780920000.0_mean_300.0_v3" "txa302a4416f3f4496bdcdd-006a27e419" "object-server 21" 0.0006 "-" 22 0
Jun 9 09:59:53 standalone object-server[126646]: 172.20.0.100 - - [09/Jun/2026:09:59:53 +0000] "PUT /d1/944/AUTH_965784611b4942ca97c5d5124e699aa1/gnocchi.e7a048ae-a3f3-485d-84aa-2259d68ed626/1780920000.0_mean_300.0_v3" 201 - "PUT http://172.18.0.2:8080/v1/AUTH_965784611b4942ca97c5d5124e699aa1/gnocchi.e7a048ae-a3f3-485d-84aa-2259d68ed626/1780920000.0_mean_300.0_v3" "txa302a4416f3f4496bdcdd-006a27e419" "proxy-server 20" 0.0099 "-" 21 0
Jun 9 09:59:53 standalone proxy-server[128538]: 172.18.0.2 172.18.0.100 09/Jun/2026/09/59/53 PUT /v1/AUTH_965784611b4942ca97c5d5124e699aa1/gnocchi.e7a048ae-a3f3-485d-84aa-2259d68ed626/1780920000.0_mean_300.0_v3 HTTP/1.0 201 - python-swiftclient-3.11.1 gAAAAABqJ-M9MHvo... 16 - - txa302a4416f3f4496bdcdd-006a27e419 - 0.0176 - - 1780999193.576034546 1780999193.593608856 0
Jun 9 09:59:53 standalone container-server[126540]: 172.20.0.100 - - [09/Jun/2026:09:59:53 +0000] "PUT /d1/71/AUTH_965784611b4942ca97c5d5124e699aa1/gnocchi.e7a048ae-a3f3-485d-84aa-2259d68ed626/none_v3" 201 - "PUT http://172.18.0.2:8080/d1/66/AUTH_965784611b4942ca97c5d5124e699aa1/gnocchi.e7a048ae-a3f3-485d-84aa-2259d68ed626/none_v3" "tx369eb4d1713f4ca6b5610-006a27e419" "object-server 23" 0.0009 "-" 23 0
Jun 9 09:59:53 standalone object-server[126656]: 172.20.0.100 - - [09/Jun/2026:09:59:53 +0000] "PUT /d1/66/AUTH_965784611b4942ca97c5d5124e699aa1/gnocchi.e7a048ae-a3f3-485d-84aa-2259d68ed626/none_v3" 201 - "PUT http://172.18.0.2:8080/v1/AUTH_965784611b4942ca97c5d5124e699aa1/gnocchi.e7a048ae-a3f3-485d-84aa-2259d68ed626/none_v3" "tx369eb4d1713f4ca6b5610-006a27e419" "proxy-server 20" 0.0112 "-" 23 0
Jun 9 09:59:53 standalone proxy-server[128538]: 172.18.0.2 172.18.0.100 09/Jun/2026/09/59/53 PUT /v1/AUTH_965784611b4942ca97c5d5124e699aa1/gnocchi.e7a048ae-a3f3-485d-84aa-2259d68ed626/none_v3 HTTP/1.0 201 - python-swiftclient-3.11.1 gAAAAABqJ-M9MHvo... 22 - - tx369eb4d1713f4ca6b5610-006a27e419 - 0.0191 - - 1780999193.597687483 1780999193.616777658 0
Jun 9 09:59:53 standalone container-server[126536]: 172.20.0.100 - - [09/Jun/2026:09:59:53 +0000] "HEAD /d1/716/AUTH_965784611b4942ca97c5d5124e699aa1/gnocchi.1abf57c9-dceb-44ff-83cb-afcc2ce5f14b" 404 - "HEAD http://172.18.0.2:8080/v1/AUTH_965784611b4942ca97c5d5124e699aa1/gnocchi.1abf57c9-dceb-44ff-83cb-afcc2ce5f14b?format=json&states=listing" "tx178c315f12ea4b7bb7648-006a27e419" "proxy-server 20" 0.0008 "-" 21 0
Jun 9 09:59:53 standalone object-server[126681]: 172.20.0.100 - - [09/Jun/2026:09:59:53 +0000] "GET /d1/737/AUTH_965784611b4942ca97c5d5124e699aa1/gnocchi.1abf57c9-dceb-44ff-83cb-afcc2ce5f14b/none_v3" 404 70 "GET http://172.18.0.2:8080/v1/AUTH_965784611b4942ca97c5d5124e699aa1/gnocchi.1abf57c9-dceb-44ff-83cb-afcc2ce5f14b/none_v3" "tx178c315f12ea4b7bb7648-006a27e419" "proxy-server 20" 0.0006 "-" 25 0
Jun 9 09:59:53 standalone proxy-server[128538]: 172.18.0.2 172.18.0.100 09/Jun/2026/09/59/53 GET /v1/AUTH_965784611b4942ca97c5d5124e699aa1/gnocchi.1abf57c9-dceb-44ff-83cb-afcc2ce5f14b/none_v3 HTTP/1.0 404 - python-swiftclient-3.11.1 gAAAAABqJ-M9MHvo... - 70 - tx178c315f12ea4b7bb7648-006a27e419 - 0.0169 - - 1780999193.635104179 1780999193.652030706 0
Jun 9 09:59:53 standalone account-server[126445]: 172.20.0.100 - - [09/Jun/2026:09:59:53 +0000] "PUT /d1/199/AUTH_965784611b4942ca97c5d5124e699aa1/gnocchi.1abf57c9-dceb-44ff-83cb-afcc2ce5f14b" 201 - "PUT http://172.20.0.100:6001/d1/716/AUTH_965784611b4942ca97c5d5124e699aa1/gnocchi.1abf57c9-dceb-44ff-83cb-afcc2ce5f14b" "txc4c47f12a5cd4178bc203-006a27e419" "container-server 21" 0.0055 "-" 23 0
Jun 9 09:59:53 standalone container-server[126536]: 172.20.0.100 - - [09/Jun/2026:09:59:53 +0000] "PUT /d1/716/AUTH_965784611b4942ca97c5d5124e699aa1/gnocchi.1abf57c9-dceb-44ff-83cb-afcc2ce5f14b" 201 - "PUT http://172.18.0.2:8080/v1/AUTH_965784611b4942ca97c5d5124e699aa1/gnocchi.1abf57c9-dceb-44ff-83cb-afcc2ce5f14b" "txc4c47f12a5cd4178bc203-006a27e419" "proxy-server 20" 0.0194 "-" 21 0
Jun 9 09:59:53 standalone proxy-server[128538]: 172.18.0.2 172.18.0.100 09/Jun/2026/09/59/53 PUT /v1/AUTH_965784611b4942ca97c5d5124e699aa1/gnocchi.1abf57c9-dceb-44ff-83cb-afcc2ce5f14b HTTP/1.0 201 - python-swiftclient-3.11.1 gAAAAABqJ-M9MHvo... - - - txc4c47f12a5cd4178bc203-006a27e419 - 0.0255 - - 1780999193.657554626 1780999193.683037758 0
Jun 9 09:59:53 standalone container-server[126540]: 172.20.0.100 - - [09/Jun/2026:09:59:53 +0000] "HEAD /d1/716/AUTH_965784611b4942ca97c5d5124e699aa1/gnocchi.1abf57c9-dceb-44ff-83cb-afcc2ce5f14b" 204 - "HEAD http://172.18.0.2:8080/v1/AUTH_965784611b4942ca97c5d5124e699aa1/gnocchi.1abf57c9-dceb-44ff-83cb-afcc2ce5f14b?format=json&states=listing" "tx0198bbc5534847c4983bf-006a27e419" "proxy-server 20" 0.0021 "-" 23 0
Jun 9 09:59:53 standalone proxy-server[128538]: - - 09/Jun/2026/09/59/53 HEAD /v1/AUTH_965784611b4942ca97c5d5124e699aa1/gnocchi.1abf57c9-dceb-44ff-83cb-afcc2ce5f14b%3Fformat%3Djson%26states%3Dlisting HTTP/1.0 204 - Swift - - - - tx0198bbc5534847c4983bf-006a27e419 - 0.0069 RL - 1780999193.690486193 1780999193.697405100 0
Jun 9 09:59:53 standalone container-server[126527]: 172.20.0.100 - - [09/Jun/2026:09:59:53 +0000] "GET /d1/716/AUTH_965784611b4942ca97c5d5124e699aa1/gnocchi.1abf57c9-dceb-44ff-83cb-afcc2ce5f14b" 200 2 "GET http://172.18.0.2:8080/v1/AUTH_965784611b4942ca97c5d5124e699aa1/gnocchi.1abf57c9-dceb-44ff-83cb-afcc2ce5f14b?format=json&states=listing" "tx0198bbc5534847c4983bf-006a27e419" "proxy-server 20" 0.0035 "-" 20 0
Jun 9 09:59:53 standalone proxy-server[128538]: 172.18.0.2 172.18.0.100 09/Jun/2026/09/59/53 GET /v1/AUTH_965784611b4942ca97c5d5124e699aa1/gnocchi.1abf57c9-dceb-44ff-83cb-afcc2ce5f14b%3Fformat%3Djson%26states%3Dlisting HTTP/1.0 200 - python-swiftclient-3.11.1 gAAAAABqJ-M9MHvo... - 2 - tx0198bbc5534847c4983bf-006a27e419 - 0.0211 - - 1780999193.688258410 1780999193.709368229 0
Jun 9 09:59:53 standalone object-server[126667]: 172.20.0.100 - - [09/Jun/2026:09:59:53 +0000] "GET /d1/340/AUTH_965784611b4942ca97c5d5124e699aa1/gnocchi.1abf57c9-dceb-44ff-83cb-afcc2ce5f14b/1780920000.0_mean_300.0_v3" 404 70 "GET http://172.18.0.2:8080/v1/AUTH_965784611b4942ca97c5d5124e699aa1/gnocchi.1abf57c9-dceb-44ff-83cb-afcc2ce5f14b/1780920000.0_mean_300.0_v3" "tx05dad4baee344c19bfd16-006a27e419" "proxy-server 20" 0.0005 "-" 24 0
Jun 9 09:59:53 standalone proxy-server[128538]: 172.18.0.2 172.18.0.100 09/Jun/2026/09/59/53 GET /v1/AUTH_965784611b4942ca97c5d5124e699aa1/gnocchi.1abf57c9-dceb-44ff-83cb-afcc2ce5f14b/1780920000.0_mean_300.0_v3 HTTP/1.0 404 - python-swiftclient-3.11.1 gAAAAABqJ-M9MHvo... - 70 - tx05dad4baee344c19bfd16-006a27e419 - 0.0076 - - 1780999193.714313030 1780999193.721917391 0
Jun 9 09:59:53 standalone container-server[126537]: 172.20.0.100 - - [09/Jun/2026:09:59:53 +0000] "PUT /d1/716/AUTH_965784611b4942ca97c5d5124e699aa1/gnocchi.1abf57c9-dceb-44ff-83cb-afcc2ce5f14b/1780920000.0_mean_300.0_v3" 201 - "PUT http://172.18.0.2:8080/d1/340/AUTH_965784611b4942ca97c5d5124e699aa1/gnocchi.1abf57c9-dceb-44ff-83cb-afcc2ce5f14b/1780920000.0_mean_300.0_v3" "txc6a97a0fb8ee401a93f95-006a27e419" "object-server 24" 0.0009 "-" 22 0
Jun 9 09:59:53 standalone object-server[126667]: 172.20.0.100 - - [09/Jun/2026:09:59:53 +0000] "PUT /d1/340/AUTH_965784611b4942ca97c5d5124e699aa1/gnocchi.1abf57c9-dceb-44ff-83cb-afcc2ce5f14b/1780920000.0_mean_300.0_v3" 201 - "PUT http://172.18.0.2:8080/v1/AUTH_965784611b4942ca97c5d5124e699aa1/gnocchi.1abf57c9-dceb-44ff-83cb-afcc2ce5f14b/1780920000.0_mean_300.0_v3" "txc6a97a0fb8ee401a93f95-006a27e419" "proxy-server 20" 0.0121 "-" 24 0
Jun 9 09:59:53 standalone proxy-server[128538]: 172.18.0.2 172.18.0.100 09/Jun/2026/09/59/53 PUT /v1/AUTH_965784611b4942ca97c5d5124e699aa1/gnocchi.1abf57c9-dceb-44ff-83cb-afcc2ce5f14b/1780920000.0_mean_300.0_v3 HTTP/1.0 201 - python-swiftclient-3.11.1 gAAAAABqJ-M9MHvo... 16 - - txc6a97a0fb8ee401a93f95-006a27e419 - 0.0199 - - 1780999193.725804329 1780999193.745679140 0
Jun 9 09:59:53 standalone container-server[126536]: 172.20.0.100 - - [09/Jun/2026:09:59:53 +0000] "PUT /d1/716/AUTH_965784611b4942ca97c5d5124e699aa1/gnocchi.1abf57c9-dceb-44ff-83cb-afcc2ce5f14b/none_v3" 201 - "PUT http://172.18.0.2:8080/d1/737/AUTH_965784611b4942ca97c5d5124e699aa1/gnocchi.1abf57c9-dceb-44ff-83cb-afcc2ce5f14b/none_v3" "txa86ea9a14e4e4c1091306-006a27e419" "object-server 23" 0.0007 "-" 21 0
Jun 9 09:59:53 standalone object-server[126656]: 172.20.0.100 - - [09/Jun/2026:09:59:53 +0000] "PUT /d1/737/AUTH_965784611b4942ca97c5d5124e699aa1/gnocchi.1abf57c9-dceb-44ff-83cb-afcc2ce5f14b/none_v3" 201 - "PUT http://172.18.0.2:8080/v1/AUTH_965784611b4942ca97c5d5124e699aa1/gnocchi.1abf57c9-dceb-44ff-83cb-afcc2ce5f14b/none_v3" "txa86ea9a14e4e4c1091306-006a27e419" "proxy-server 20" 0.0114 "-" 23 0
Jun 9 09:59:53 standalone proxy-server[128538]: 172.18.0.2 172.18.0.100 09/Jun/2026/09/59/53 PUT /v1/AUTH_965784611b4942ca97c5d5124e699aa1/gnocchi.1abf57c9-dceb-44ff-83cb-afcc2ce5f14b/none_v3 HTTP/1.0 201 - python-swiftclient-3.11.1 gAAAAABqJ-M9MHvo... 22 - - txa86ea9a14e4e4c1091306-006a27e419 - 0.0191 - - 1780999193.749579430 1780999193.768645525 0
Jun 9 09:59:53 standalone container-server[126537]: 172.20.0.100 - - [09/Jun/2026:09:59:53 +0000] "HEAD /d1/718/AUTH_965784611b4942ca97c5d5124e699aa1/gnocchi.9983fab9-7b85-4937-b80b-ff5f4d9f409e" 404 - "HEAD http://172.18.0.2:8080/v1/AUTH_965784611b4942ca97c5d5124e699aa1/gnocchi.9983fab9-7b85-4937-b80b-ff5f4d9f409e?format=json&states=listing" "tx5ad98dd886df44fea4766-006a27e419" "proxy-server 20" 0.0009 "-" 22 0
Jun 9 09:59:53 standalone object-server[126646]: 172.20.0.100 - - [09/Jun/2026:09:59:53 +0000] "GET /d1/324/AUTH_965784611b4942ca97c5d5124e699aa1/gnocchi.9983fab9-7b85-4937-b80b-ff5f4d9f409e/none_v3" 404 70 "GET http://172.18.0.2:8080/v1/AUTH_965784611b4942ca97c5d5124e699aa1/gnocchi.9983fab9-7b85-4937-b80b-ff5f4d9f409e/none_v3" "tx5ad98dd886df44fea4766-006a27e419" "proxy-server 20" 0.0005 "-" 21 0
Jun 9 09:59:53 standalone proxy-server[128538]: 172.18.0.2 172.18.0.100 09/Jun/2026/09/59/53 GET /v1/AUTH_965784611b4942ca97c5d5124e699aa1/gnocchi.9983fab9-7b85-4937-b80b-ff5f4d9f409e/none_v3 HTTP/1.0 404 - python-swiftclient-3.11.1 gAAAAABqJ-M9MHvo... - 70 - tx5ad98dd886df44fea4766-006a27e419 - 0.0163 - - 1780999193.784350157 1780999193.800618649 0
Jun 9 09:59:53 standalone account-server[126435]: 172.20.0.100 - - [09/Jun/2026:09:59:53 +0000] "PUT /d1/199/AUTH_965784611b4942ca97c5d5124e699aa1/gnocchi.9983fab9-7b85-4937-b80b-ff5f4d9f409e" 201 - "PUT http://172.20.0.100:6001/d1/718/AUTH_965784611b4942ca97c5d5124e699aa1/gnocchi.9983fab9-7b85-4937-b80b-ff5f4d9f409e" "txce562c92f74a4146a880e-006a27e419" "container-server 23" 0.0061 "-" 22 0
Jun 9 09:59:53 standalone container-server[126540]: 172.20.0.100 - - [09/Jun/2026:09:59:53 +0000] "PUT /d1/718/AUTH_965784611b4942ca97c5d5124e699aa1/gnocchi.9983fab9-7b85-4937-b80b-ff5f4d9f409e" 201 - "PUT http://172.18.0.2:8080/v1/AUTH_965784611b4942ca97c5d5124e699aa1/gnocchi.9983fab9-7b85-4937-b80b-ff5f4d9f409e" "txce562c92f74a4146a880e-006a27e419" "proxy-server 20" 0.0205 "-" 23 0
Jun 9 09:59:53 standalone proxy-server[128538]: 172.18.0.2 172.18.0.100 09/Jun/2026/09/59/53 PUT /v1/AUTH_965784611b4942ca97c5d5124e699aa1/gnocchi.9983fab9-7b85-4937-b80b-ff5f4d9f409e HTTP/1.0 201 - python-swiftclient-3.11.1 gAAAAABqJ-M9MHvo... - - - txce562c92f74a4146a880e-006a27e419 - 0.0287 - - 1780999193.804723740 1780999193.833408117 0
Jun 9 09:59:53 standalone container-server[126540]: 172.20.0.100 - - [09/Jun/2026:09:59:53 +0000] "HEAD /d1/893/AUTH_965784611b4942ca97c5d5124e699aa1/gnocchi.bea68a64-bda1-440d-9525-41455ea7331e" 404 - "HEAD http://172.18.0.2:8080/v1/AUTH_965784611b4942ca97c5d5124e699aa1/gnocchi.bea68a64-bda1-440d-9525-41455ea7331e?format=json&states=listing" "tx5908e64e88c9425084b54-006a27e419" "proxy-server 20" 0.0005 "-" 23 0
Jun 9 09:59:53 standalone object-server[126656]: 172.20.0.100 - - [09/Jun/2026:09:59:53 +0000] "GET /d1/677/AUTH_965784611b4942ca97c5d5124e699aa1/gnocchi.bea68a64-bda1-440d-9525-41455ea7331e/none_v3" 404 70 "GET http://172.18.0.2:8080/v1/AUTH_965784611b4942ca97c5d5124e699aa1/gnocchi.bea68a64-bda1-440d-9525-41455ea7331e/none_v3" "tx5908e64e88c9425084b54-006a27e419" "proxy-server 20" 0.0005 "-" 23 0
Jun 9 09:59:53 standalone proxy-server[128538]: 172.18.0.2 172.18.0.100 09/Jun/2026/09/59/53 GET /v1/AUTH_965784611b4942ca97c5d5124e699aa1/gnocchi.bea68a64-bda1-440d-9525-41455ea7331e/none_v3 HTTP/1.0 404 - python-swiftclient-3.11.1 gAAAAABqJ-M9MHvo... - 70 - tx5908e64e88c9425084b54-006a27e419 - 0.0147 - - 1780999193.838152170 1780999193.852818012 0
Jun 9 09:59:53 standalone account-server[126427]: 172.20.0.100 - - [09/Jun/2026:09:59:53 +0000] "PUT /d1/199/AUTH_965784611b4942ca97c5d5124e699aa1/gnocchi.bea68a64-bda1-440d-9525-41455ea7331e" 201 - "PUT http://172.20.0.100:6001/d1/893/AUTH_965784611b4942ca97c5d5124e699aa1/gnocchi.bea68a64-bda1-440d-9525-41455ea7331e" "tx748c84116b3d4058ac83c-006a27e419" "container-server 20" 0.0061 "-" 21 0
Jun 9 09:59:53 standalone container-server[126527]: 172.20.0.100 - - [09/Jun/2026:09:59:53 +0000] "PUT /d1/893/AUTH_965784611b4942ca97c5d5124e699aa1/gnocchi.bea68a64-bda1-440d-9525-41455ea7331e" 201 - "PUT http://172.18.0.2:8080/v1/AUTH_965784611b4942ca97c5d5124e699aa1/gnocchi.bea68a64-bda1-440d-9525-41455ea7331e" "tx748c84116b3d4058ac83c-006a27e419" "proxy-server 20" 0.0213 "-" 20 0
Jun 9 09:59:53 standalone proxy-server[128538]: 172.18.0.2 172.18.0.100 09/Jun/2026/09/59/53 PUT /v1/AUTH_965784611b4942ca97c5d5124e699aa1/gnocchi.bea68a64-bda1-440d-9525-41455ea7331e HTTP/1.0 201 - python-swiftclient-3.11.1 gAAAAABqJ-M9MHvo... - - - tx748c84116b3d4058ac83c-006a27e419 - 0.0294 - - 1780999193.856945992 1780999193.886307955 0
Jun 9 09:59:53 standalone container-server[126536]: 172.20.0.100 - - [09/Jun/2026:09:59:53 +0000] "HEAD /d1/718/AUTH_965784611b4942ca97c5d5124e699aa1/gnocchi.9983fab9-7b85-4937-b80b-ff5f4d9f409e" 204 - "HEAD http://172.18.0.2:8080/v1/AUTH_965784611b4942ca97c5d5124e699aa1/gnocchi.9983fab9-7b85-4937-b80b-ff5f4d9f409e?format=json&states=listing" "tx54606a8b80e64fc088d04-006a27e419" "proxy-server 20" 0.0017 "-" 21 0
Jun 9 09:59:53 standalone proxy-server[128538]: - - 09/Jun/2026/09/59/53 HEAD /v1/AUTH_965784611b4942ca97c5d5124e699aa1/gnocchi.9983fab9-7b85-4937-b80b-ff5f4d9f409e%3Fformat%3Djson%26states%3Dlisting HTTP/1.0 204 - Swift - - - - tx54606a8b80e64fc088d04-006a27e419 - 0.0065 RL - 1780999193.893054724 1780999193.899519205 0
Jun 9 09:59:53 standalone container-server[126537]: 172.20.0.100 - - [09/Jun/2026:09:59:53 +0000] "GET /d1/718/AUTH_965784611b4942ca97c5d5124e699aa1/gnocchi.9983fab9-7b85-4937-b80b-ff5f4d9f409e" 200 2 "GET http://172.18.0.2:8080/v1/AUTH_965784611b4942ca97c5d5124e699aa1/gnocchi.9983fab9-7b85-4937-b80b-ff5f4d9f409e?format=json&states=listing" "tx54606a8b80e64fc088d04-006a27e419" "proxy-server 20" 0.0037 "-" 22 0
Jun 9 09:59:53 standalone proxy-server[128538]: 172.18.0.2 172.18.0.100 09/Jun/2026/09/59/53 GET /v1/AUTH_965784611b4942ca97c5d5124e699aa1/gnocchi.9983fab9-7b85-4937-b80b-ff5f4d9f409e%3Fformat%3Djson%26states%3Dlisting HTTP/1.0 200 - python-swiftclient-3.11.1 gAAAAABqJ-M9MHvo... - 2 - tx54606a8b80e64fc088d04-006a27e419 - 0.0236 - - 1780999193.891326189 1780999193.914972782 0
Jun 9 09:59:53 standalone container-server[126527]: 172.20.0.100 - - [09/Jun/2026:09:59:53 +0000] "HEAD /d1/893/AUTH_965784611b4942ca97c5d5124e699aa1/gnocchi.bea68a64-bda1-440d-9525-41455ea7331e" 204 - "HEAD http://172.18.0.2:8080/v1/AUTH_965784611b4942ca97c5d5124e699aa1/gnocchi.bea68a64-bda1-440d-9525-41455ea7331e?format=json&states=listing" "txc58ddee7ae894337ac665-006a27e419" "proxy-server 20" 0.0025 "-" 20 0
Jun 9 09:59:53 standalone proxy-server[128538]: - - 09/Jun/2026/09/59/53 HEAD /v1/AUTH_965784611b4942ca97c5d5124e699aa1/gnocchi.bea68a64-bda1-440d-9525-41455ea7331e%3Fformat%3Djson%26states%3Dlisting HTTP/1.0 204 - Swift - - - - txc58ddee7ae894337ac665-006a27e419 - 0.0081 RL - 1780999193.922666073 1780999193.930751085 0
Jun 9 09:59:53 standalone container-server[126537]: 172.20.0.100 - - [09/Jun/2026:09:59:53 +0000] "GET /d1/893/AUTH_965784611b4942ca97c5d5124e699aa1/gnocchi.bea68a64-bda1-440d-9525-41455ea7331e" 200 2 "GET http://172.18.0.2:8080/v1/AUTH_965784611b4942ca97c5d5124e699aa1/gnocchi.bea68a64-bda1-440d-9525-41455ea7331e?format=json&states=listing" "txc58ddee7ae894337ac665-006a27e419" "proxy-server 20" 0.0036 "-" 22 0
Jun 9 09:59:53 standalone proxy-server[128538]: 172.18.0.2 172.18.0.100 09/Jun/2026/09/59/53 GET /v1/AUTH_965784611b4942ca97c5d5124e699aa1/gnocchi.bea68a64-bda1-440d-9525-41455ea7331e%3Fformat%3Djson%26states%3Dlisting HTTP/1.0 200 - python-swiftclient-3.11.1 gAAAAABqJ-M9MHvo... - 2 - txc58ddee7ae894337ac665-006a27e419 - 0.0249 - - 1780999193.920204878 1780999193.945130587 0
Jun 9 09:59:53 standalone object-server[126681]: 172.20.0.100 - - [09/Jun/2026:09:59:53 +0000] "GET /d1/367/AUTH_965784611b4942ca97c5d5124e699aa1/gnocchi.9983fab9-7b85-4937-b80b-ff5f4d9f409e/1780920000.0_mean_300.0_v3" 404 70 "GET http://172.18.0.2:8080/v1/AUTH_965784611b4942ca97c5d5124e699aa1/gnocchi.9983fab9-7b85-4937-b80b-ff5f4d9f409e/1780920000.0_mean_300.0_v3" "txa1d3e3486c0a4592b6b90-006a27e419" "proxy-server 20" 0.0007 "-" 25 0
Jun 9 09:59:53 standalone proxy-server[128538]: 172.18.0.2 172.18.0.100 09/Jun/2026/09/59/53 GET /v1/AUTH_965784611b4942ca97c5d5124e699aa1/gnocchi.9983fab9-7b85-4937-b80b-ff5f4d9f409e/1780920000.0_mean_300.0_v3 HTTP/1.0 404 - python-swiftclient-3.11.1 gAAAAABqJ-M9MHvo... - 70 - txa1d3e3486c0a4592b6b90-006a27e419 - 0.0087 - - 1780999193.949082136 1780999193.957787752 0
Jun 9 09:59:53 standalone object-server[126681]: 172.20.0.100 - - [09/Jun/2026:09:59:53 +0000] "GET /d1/575/AUTH_965784611b4942ca97c5d5124e699aa1/gnocchi.bea68a64-bda1-440d-9525-41455ea7331e/1780920000.0_mean_300.0_v3" 404 70 "GET http://172.18.0.2:8080/v1/AUTH_965784611b4942ca97c5d5124e699aa1/gnocchi.bea68a64-bda1-440d-9525-41455ea7331e/1780920000.0_mean_300.0_v3" "txa9db797aea514de68ea34-006a27e419" "proxy-server 20" 0.0005 "-" 25 0
Jun 9 09:59:53 standalone proxy-server[128538]: 172.18.0.2 172.18.0.100 09/Jun/2026/09/59/53 GET /v1/AUTH_965784611b4942ca97c5d5124e699aa1/gnocchi.bea68a64-bda1-440d-9525-41455ea7331e/1780920000.0_mean_300.0_v3 HTTP/1.0 404 - python-swiftclient-3.11.1 gAAAAABqJ-M9MHvo... - 70 - txa9db797aea514de68ea34-006a27e419 - 0.0093 - - 1780999193.961364985 1780999193.970619202 0
Jun 9 09:59:53 standalone container-server[126537]: 172.20.0.100 - - [09/Jun/2026:09:59:53 +0000] "PUT /d1/718/AUTH_965784611b4942ca97c5d5124e699aa1/gnocchi.9983fab9-7b85-4937-b80b-ff5f4d9f409e/1780920000.0_mean_300.0_v3" 201 - "PUT http://172.18.0.2:8080/d1/367/AUTH_965784611b4942ca97c5d5124e699aa1/gnocchi.9983fab9-7b85-4937-b80b-ff5f4d9f409e/1780920000.0_mean_300.0_v3" "txb05cc23dfb46472eaa721-006a27e419" "object-server 21" 0.0010 "-" 22 0
Jun 9 09:59:53 standalone object-server[126646]: 172.20.0.100 - - [09/Jun/2026:09:59:53 +0000] "PUT /d1/367/AUTH_965784611b4942ca97c5d5124e699aa1/gnocchi.9983fab9-7b85-4937-b80b-ff5f4d9f409e/1780920000.0_mean_300.0_v3" 201 - "PUT http://172.18.0.2:8080/v1/AUTH_965784611b4942ca97c5d5124e699aa1/gnocchi.9983fab9-7b85-4937-b80b-ff5f4d9f409e/1780920000.0_mean_300.0_v3" "txb05cc23dfb46472eaa721-006a27e419" "proxy-server 20" 0.0141 "-" 21 0
Jun 9 09:59:53 standalone proxy-server[128538]: 172.18.0.2 172.18.0.100 09/Jun/2026/09/59/53 PUT /v1/AUTH_965784611b4942ca97c5d5124e699aa1/gnocchi.9983fab9-7b85-4937-b80b-ff5f4d9f409e/1780920000.0_mean_300.0_v3 HTTP/1.0 201 - python-swiftclient-3.11.1 gAAAAABqJ-M9MHvo... 16 - - txb05cc23dfb46472eaa721-006a27e419 - 0.0227 - - 1780999193.973910332 1780999193.996653557 0
Jun 9 09:59:54 standalone container-server[126537]: 172.20.0.100 - - [09/Jun/2026:09:59:54 +0000] "PUT /d1/893/AUTH_965784611b4942ca97c5d5124e699aa1/gnocchi.bea68a64-bda1-440d-9525-41455ea7331e/1780920000.0_mean_300.0_v3" 201 - "PUT http://172.18.0.2:8080/d1/575/AUTH_965784611b4942ca97c5d5124e699aa1/gnocchi.bea68a64-bda1-440d-9525-41455ea7331e/1780920000.0_mean_300.0_v3" "tx7125fcfe1a714ed78c5d4-006a27e419" "object-server 21" 0.0007 "-" 22 0
Jun 9 09:59:54 standalone object-server[126646]: 172.20.0.100 - - [09/Jun/2026:09:59:54 +0000] "PUT /d1/575/AUTH_965784611b4942ca97c5d5124e699aa1/gnocchi.bea68a64-bda1-440d-9525-41455ea7331e/1780920000.0_mean_300.0_v3" 201 - "PUT http://172.18.0.2:8080/v1/AUTH_965784611b4942ca97c5d5124e699aa1/gnocchi.bea68a64-bda1-440d-9525-41455ea7331e/1780920000.0_mean_300.0_v3" "tx7125fcfe1a714ed78c5d4-006a27e419" "proxy-server 20" 0.0127 "-" 21 0
Jun 9 09:59:54 standalone proxy-server[128538]: 172.18.0.2 172.18.0.100 09/Jun/2026/09/59/54 PUT /v1/AUTH_965784611b4942ca97c5d5124e699aa1/gnocchi.bea68a64-bda1-440d-9525-41455ea7331e/1780920000.0_mean_300.0_v3 HTTP/1.0 201 - python-swiftclient-3.11.1 gAAAAABqJ-M9MHvo... 16 - - tx7125fcfe1a714ed78c5d4-006a27e419 - 0.0207 - - 1780999193.999736547 1780999194.020452023 0
Jun 9 09:59:54 standalone container-server[126527]: 172.20.0.100 - - [09/Jun/2026:09:59:54 +0000] "PUT /d1/718/AUTH_965784611b4942ca97c5d5124e699aa1/gnocchi.9983fab9-7b85-4937-b80b-ff5f4d9f409e/none_v3" 201 - "PUT http://172.18.0.2:8080/d1/324/AUTH_965784611b4942ca97c5d5124e699aa1/gnocchi.9983fab9-7b85-4937-b80b-ff5f4d9f409e/none_v3" "txa6b3255c50a74c94b549b-006a27e41a" "object-server 24" 0.0007 "-" 20 0
Jun 9 09:59:54 standalone object-server[126667]: 172.20.0.100 - - [09/Jun/2026:09:59:54 +0000] "PUT /d1/324/AUTH_965784611b4942ca97c5d5124e699aa1/gnocchi.9983fab9-7b85-4937-b80b-ff5f4d9f409e/none_v3" 201 - "PUT http://172.18.0.2:8080/v1/AUTH_965784611b4942ca97c5d5124e699aa1/gnocchi.9983fab9-7b85-4937-b80b-ff5f4d9f409e/none_v3" "txa6b3255c50a74c94b549b-006a27e41a" "proxy-server 20" 0.0117 "-" 24 0
Jun 9 09:59:54 standalone proxy-server[128538]: 172.18.0.2 172.18.0.100 09/Jun/2026/09/59/54 PUT /v1/AUTH_965784611b4942ca97c5d5124e699aa1/gnocchi.9983fab9-7b85-4937-b80b-ff5f4d9f409e/none_v3 HTTP/1.0 201 - python-swiftclient-3.11.1 gAAAAABqJ-M9MHvo... 22 - - txa6b3255c50a74c94b549b-006a27e41a - 0.0202 - - 1780999194.023525238 1780999194.043731689 0
Jun 9 09:59:54 standalone container-server[126540]: 172.20.0.100 - - [09/Jun/2026:09:59:54 +0000] "PUT /d1/893/AUTH_965784611b4942ca97c5d5124e699aa1/gnocchi.bea68a64-bda1-440d-9525-41455ea7331e/none_v3" 201 - "PUT http://172.18.0.2:8080/d1/677/AUTH_965784611b4942ca97c5d5124e699aa1/gnocchi.bea68a64-bda1-440d-9525-41455ea7331e/none_v3" "tx7cd9ebfb2012476695d49-006a27e41a" "object-server 21" 0.0008 "-" 23 0
Jun 9 09:59:54 standalone object-server[126646]: 172.20.0.100 - - [09/Jun/2026:09:59:54 +0000] "PUT /d1/677/AUTH_965784611b4942ca97c5d5124e699aa1/gnocchi.bea68a64-bda1-440d-9525-41455ea7331e/none_v3" 201 - "PUT http://172.18.0.2:8080/v1/AUTH_965784611b4942ca97c5d5124e699aa1/gnocchi.bea68a64-bda1-440d-9525-41455ea7331e/none_v3" "tx7cd9ebfb2012476695d49-006a27e41a" "proxy-server 20" 0.0142 "-" 21 0
Jun 9 09:59:54 standalone proxy-server[128538]: 172.18.0.2 172.18.0.100 09/Jun/2026/09/59/54 PUT /v1/AUTH_965784611b4942ca97c5d5124e699aa1/gnocchi.bea68a64-bda1-440d-9525-41455ea7331e/none_v3 HTTP/1.0 201 - python-swiftclient-3.11.1 gAAAAABqJ-M9MHvo... 22 - - tx7cd9ebfb2012476695d49-006a27e41a - 0.0240 - - 1780999194.046785355 1780999194.070752859 0
Jun 9 09:59:54 standalone container-server[126527]: 172.20.0.100 - - [09/Jun/2026:09:59:54 +0000] "HEAD /d1/449/AUTH_965784611b4942ca97c5d5124e699aa1/gnocchi.b4e12d68-5d81-4afe-b064-63a456ee7c45" 404 - "HEAD http://172.18.0.2:8080/v1/AUTH_965784611b4942ca97c5d5124e699aa1/gnocchi.b4e12d68-5d81-4afe-b064-63a456ee7c45?format=json&states=listing" "tx6482e394a2b14e7f93fbd-006a27e41a" "proxy-server 20" 0.0005 "-" 20 0
Jun 9 09:59:54 standalone object-server[126681]: 172.20.0.100 - - [09/Jun/2026:09:59:54 +0000] "GET /d1/211/AUTH_965784611b4942ca97c5d5124e699aa1/gnocchi.b4e12d68-5d81-4afe-b064-63a456ee7c45/none_v3" 404 70 "GET http://172.18.0.2:8080/v1/AUTH_965784611b4942ca97c5d5124e699aa1/gnocchi.b4e12d68-5d81-4afe-b064-63a456ee7c45/none_v3" "tx6482e394a2b14e7f93fbd-006a27e41a" "proxy-server 20" 0.0004 "-" 25 0
Jun 9 09:59:54 standalone proxy-server[128538]: 172.18.0.2 172.18.0.100 09/Jun/2026/09/59/54 GET /v1/AUTH_965784611b4942ca97c5d5124e699aa1/gnocchi.b4e12d68-5d81-4afe-b064-63a456ee7c45/none_v3 HTTP/1.0 404 - python-swiftclient-3.11.1 gAAAAABqJ-M9MHvo... - 70 - tx6482e394a2b14e7f93fbd-006a27e41a - 0.0133 - - 1780999194.082583189 1780999194.095895529 0
Jun 9 09:59:54 standalone account-server[126427]: 172.20.0.100 - - [09/Jun/2026:09:59:54 +0000] "PUT /d1/199/AUTH_965784611b4942ca97c5d5124e699aa1/gnocchi.b4e12d68-5d81-4afe-b064-63a456ee7c45" 201 - "PUT http://172.20.0.100:6001/d1/449/AUTH_965784611b4942ca97c5d5124e699aa1/gnocchi.b4e12d68-5d81-4afe-b064-63a456ee7c45" "tx2f002f4bb7834729a7365-006a27e41a" "container-server 20" 0.0061 "-" 21 0
Jun 9 09:59:54 standalone container-server[126527]: 172.20.0.100 - - [09/Jun/2026:09:59:54 +0000] "PUT /d1/449/AUTH_965784611b4942ca97c5d5124e699aa1/gnocchi.b4e12d68-5d81-4afe-b064-63a456ee7c45" 201 - "PUT http://172.18.0.2:8080/v1/AUTH_965784611b4942ca97c5d5124e699aa1/gnocchi.b4e12d68-5d81-4afe-b064-63a456ee7c45" "tx2f002f4bb7834729a7365-006a27e41a" "proxy-server 20" 0.0186 "-" 20 0
Jun 9 09:59:54 standalone proxy-server[128538]: 172.18.0.2 172.18.0.100 09/Jun/2026/09/59/54 PUT /v1/AUTH_965784611b4942ca97c5d5124e699aa1/gnocchi.b4e12d68-5d81-4afe-b064-63a456ee7c45 HTTP/1.0 201 - python-swiftclient-3.11.1 gAAAAABqJ-M9MHvo... - - - tx2f002f4bb7834729a7365-006a27e41a - 0.0257 - - 1780999194.098923683 1780999194.124583006 0
Jun 9 09:59:54 standalone container-server[126537]: 172.20.0.100 - - [09/Jun/2026:09:59:54 +0000] "HEAD /d1/619/AUTH_965784611b4942ca97c5d5124e699aa1/gnocchi.e9b5476c-657a-4c48-bf7e-4cad480bd0c5" 404 - "HEAD http://172.18.0.2:8080/v1/AUTH_965784611b4942ca97c5d5124e699aa1/gnocchi.e9b5476c-657a-4c48-bf7e-4cad480bd0c5?format=json&states=listing" "txe3c25a15551142cca2a6b-006a27e41a" "proxy-server 20" 0.0007 "-" 22 0
Jun 9 09:59:54 standalone object-server[126667]: 172.20.0.100 - - [09/Jun/2026:09:59:54 +0000] "GET /d1/546/AUTH_965784611b4942ca97c5d5124e699aa1/gnocchi.e9b5476c-657a-4c48-bf7e-4cad480bd0c5/none_v3" 404 70 "GET http://172.18.0.2:8080/v1/AUTH_965784611b4942ca97c5d5124e699aa1/gnocchi.e9b5476c-657a-4c48-bf7e-4cad480bd0c5/none_v3" "txe3c25a15551142cca2a6b-006a27e41a" "proxy-server 20" 0.0005 "-" 24 0
Jun 9 09:59:54 standalone proxy-server[128538]: 172.18.0.2 172.18.0.100 09/Jun/2026/09/59/54 GET /v1/AUTH_965784611b4942ca97c5d5124e699aa1/gnocchi.e9b5476c-657a-4c48-bf7e-4cad480bd0c5/none_v3 HTTP/1.0 404 - python-swiftclient-3.11.1 gAAAAABqJ-M9MHvo... - 70 - txe3c25a15551142cca2a6b-006a27e41a - 0.0143 - - 1780999194.128703117 1780999194.142966747 0
Jun 9 09:59:54 standalone account-server[126445]: 172.20.0.100 - - [09/Jun/2026:09:59:54 +0000] "PUT /d1/199/AUTH_965784611b4942ca97c5d5124e699aa1/gnocchi.e9b5476c-657a-4c48-bf7e-4cad480bd0c5" 201 - "PUT http://172.20.0.100:6001/d1/619/AUTH_965784611b4942ca97c5d5124e699aa1/gnocchi.e9b5476c-657a-4c48-bf7e-4cad480bd0c5" "tx2ce94351dd334701aaafe-006a27e41a" "container-server 22" 0.0058 "-" 23 0
Jun 9 09:59:54 standalone container-server[126537]: 172.20.0.100 - - [09/Jun/2026:09:59:54 +0000] "PUT /d1/619/AUTH_965784611b4942ca97c5d5124e699aa1/gnocchi.e9b5476c-657a-4c48-bf7e-4cad480bd0c5" 201 - "PUT http://172.18.0.2:8080/v1/AUTH_965784611b4942ca97c5d5124e699aa1/gnocchi.e9b5476c-657a-4c48-bf7e-4cad480bd0c5" "tx2ce94351dd334701aaafe-006a27e41a" "proxy-server 20" 0.0186 "-" 22 0
Jun 9 09:59:54 standalone proxy-server[128538]: 172.18.0.2 172.18.0.100 09/Jun/2026/09/59/54 PUT /v1/AUTH_965784611b4942ca97c5d5124e699aa1/gnocchi.e9b5476c-657a-4c48-bf7e-4cad480bd0c5 HTTP/1.0 201 - python-swiftclient-3.11.1 gAAAAABqJ-M9MHvo... - - - tx2ce94351dd334701aaafe-006a27e41a - 0.0253 - - 1780999194.147397280 1780999194.172723770 0
