Jun 9 09:58:36 standalone proxy-server[128538]: 172.18.0.2 172.18.0.100 09/Jun/2026/09/58/36 GET /v1/AUTH_965784611b4942ca97c5d5124e699aa1/gnocchi.a93806a1-d004-424f-9a66-792f1df88296%3Fformat%3Djson%26states%3Dlisting HTTP/1.0 200 - python-swiftclient-3.11.1 gAAAAABqJ-M9MHvo... - 2 - txc3ad2cbf5e37459c8c0e2-006a27e3cc - 0.0238 - - 1780999116.475064039 1780999116.498911858 0
Jun 9 09:58:36 standalone object-server[126656]: 172.20.0.100 - - [09/Jun/2026:09:58:36 +0000] "GET /d1/245/AUTH_965784611b4942ca97c5d5124e699aa1/gnocchi.a93806a1-d004-424f-9a66-792f1df88296/1780920000.0_mean_300.0_v3" 404 70 "GET http://172.18.0.2:8080/v1/AUTH_965784611b4942ca97c5d5124e699aa1/gnocchi.a93806a1-d004-424f-9a66-792f1df88296/1780920000.0_mean_300.0_v3" "tx0f98bd130124484aa0e50-006a27e3cc" "proxy-server 20" 0.0003 "-" 23 0
Jun 9 09:58:36 standalone proxy-server[128538]: 172.18.0.2 172.18.0.100 09/Jun/2026/09/58/36 GET /v1/AUTH_965784611b4942ca97c5d5124e699aa1/gnocchi.a93806a1-d004-424f-9a66-792f1df88296/1780920000.0_mean_300.0_v3 HTTP/1.0 404 - python-swiftclient-3.11.1 gAAAAABqJ-M9MHvo... - 70 - tx0f98bd130124484aa0e50-006a27e3cc - 0.0136 - - 1780999116.503688335 1780999116.517311811 0
Jun 9 09:58:36 standalone container-server[126536]: 172.20.0.100 - - [09/Jun/2026:09:58:36 +0000] "PUT /d1/443/AUTH_965784611b4942ca97c5d5124e699aa1/gnocchi.a93806a1-d004-424f-9a66-792f1df88296/1780920000.0_mean_300.0_v3" 201 - "PUT http://172.18.0.2:8080/d1/245/AUTH_965784611b4942ca97c5d5124e699aa1/gnocchi.a93806a1-d004-424f-9a66-792f1df88296/1780920000.0_mean_300.0_v3" "tx13427343289d46fe958ef-006a27e3cc" "object-server 21" 0.0006 "-" 21 0
Jun 9 09:58:36 standalone object-server[126646]: 172.20.0.100 - - [09/Jun/2026:09:58:36 +0000] "PUT /d1/245/AUTH_965784611b4942ca97c5d5124e699aa1/gnocchi.a93806a1-d004-424f-9a66-792f1df88296/1780920000.0_mean_300.0_v3" 201 - "PUT http://172.18.0.2:8080/v1/AUTH_965784611b4942ca97c5d5124e699aa1/gnocchi.a93806a1-d004-424f-9a66-792f1df88296/1780920000.0_mean_300.0_v3" "tx13427343289d46fe958ef-006a27e3cc" "proxy-server 20" 0.0104 "-" 21 0
Jun 9 09:58:36 standalone proxy-server[128538]: 172.18.0.2 172.18.0.100 09/Jun/2026/09/58/36 PUT /v1/AUTH_965784611b4942ca97c5d5124e699aa1/gnocchi.a93806a1-d004-424f-9a66-792f1df88296/1780920000.0_mean_300.0_v3 HTTP/1.0 201 - python-swiftclient-3.11.1 gAAAAABqJ-M9MHvo... 16 - - tx13427343289d46fe958ef-006a27e3cc - 0.0253 - - 1780999116.533111334 1780999116.558374882 0
Jun 9 09:58:36 standalone container-server[126536]: 172.20.0.100 - - [09/Jun/2026:09:58:36 +0000] "PUT /d1/443/AUTH_965784611b4942ca97c5d5124e699aa1/gnocchi.a93806a1-d004-424f-9a66-792f1df88296/none_v3" 201 - "PUT http://172.18.0.2:8080/d1/686/AUTH_965784611b4942ca97c5d5124e699aa1/gnocchi.a93806a1-d004-424f-9a66-792f1df88296/none_v3" "tx26705f6df4b04732aebe8-006a27e3cc" "object-server 21" 0.0006 "-" 21 0
Jun 9 09:58:36 standalone object-server[126646]: 172.20.0.100 - - [09/Jun/2026:09:58:36 +0000] "PUT /d1/686/AUTH_965784611b4942ca97c5d5124e699aa1/gnocchi.a93806a1-d004-424f-9a66-792f1df88296/none_v3" 201 - "PUT http://172.18.0.2:8080/v1/AUTH_965784611b4942ca97c5d5124e699aa1/gnocchi.a93806a1-d004-424f-9a66-792f1df88296/none_v3" "tx26705f6df4b04732aebe8-006a27e3cc" "proxy-server 20" 0.0140 "-" 21 0
Jun 9 09:58:36 standalone proxy-server[128538]: 172.18.0.2 172.18.0.100 09/Jun/2026/09/58/36 PUT /v1/AUTH_965784611b4942ca97c5d5124e699aa1/gnocchi.a93806a1-d004-424f-9a66-792f1df88296/none_v3 HTTP/1.0 201 - python-swiftclient-3.11.1 gAAAAABqJ-M9MHvo... 22 - - tx26705f6df4b04732aebe8-006a27e3cc - 0.0212 - - 1780999116.561667681 1780999116.582902431 0
Jun 9 09:58:36 standalone container-server[126527]: 172.20.0.100 - - [09/Jun/2026:09:58:36 +0000] "HEAD /d1/730/AUTH_965784611b4942ca97c5d5124e699aa1/gnocchi.c08499e7-e2a7-479f-9f7e-44d5b9d957c2" 404 - "HEAD http://172.18.0.2:8080/v1/AUTH_965784611b4942ca97c5d5124e699aa1/gnocchi.c08499e7-e2a7-479f-9f7e-44d5b9d957c2?format=json&states=listing" "txf8177759cc9d4ce39cc00-006a27e3cc" "proxy-server 20" 0.0005 "-" 20 0
Jun 9 09:58:36 standalone object-server[126681]: 172.20.0.100 - - [09/Jun/2026:09:58:36 +0000] "GET /d1/37/AUTH_965784611b4942ca97c5d5124e699aa1/gnocchi.c08499e7-e2a7-479f-9f7e-44d5b9d957c2/none_v3" 404 70 "GET http://172.18.0.2:8080/v1/AUTH_965784611b4942ca97c5d5124e699aa1/gnocchi.c08499e7-e2a7-479f-9f7e-44d5b9d957c2/none_v3" "txf8177759cc9d4ce39cc00-006a27e3cc" "proxy-server 20" 0.0005 "-" 25 0
Jun 9 09:58:36 standalone proxy-server[128538]: 172.18.0.2 172.18.0.100 09/Jun/2026/09/58/36 GET /v1/AUTH_965784611b4942ca97c5d5124e699aa1/gnocchi.c08499e7-e2a7-479f-9f7e-44d5b9d957c2/none_v3 HTTP/1.0 404 - python-swiftclient-3.11.1 gAAAAABqJ-M9MHvo... - 70 - txf8177759cc9d4ce39cc00-006a27e3cc - 0.0159 - - 1780999116.593728304 1780999116.609648466 0
Jun 9 09:58:36 standalone account-server[126445]: 172.20.0.100 - - [09/Jun/2026:09:58:36 +0000] "PUT /d1/199/AUTH_965784611b4942ca97c5d5124e699aa1/gnocchi.c08499e7-e2a7-479f-9f7e-44d5b9d957c2" 201 - "PUT http://172.20.0.100:6001/d1/730/AUTH_965784611b4942ca97c5d5124e699aa1/gnocchi.c08499e7-e2a7-479f-9f7e-44d5b9d957c2" "tx2a462eba34664fe5a543a-006a27e3cc" "container-server 21" 0.0063 "-" 23 0
Jun 9 09:58:36 standalone container-server[126536]: 172.20.0.100 - - [09/Jun/2026:09:58:36 +0000] "PUT /d1/730/AUTH_965784611b4942ca97c5d5124e699aa1/gnocchi.c08499e7-e2a7-479f-9f7e-44d5b9d957c2" 201 - "PUT http://172.18.0.2:8080/v1/AUTH_965784611b4942ca97c5d5124e699aa1/gnocchi.c08499e7-e2a7-479f-9f7e-44d5b9d957c2" "tx2a462eba34664fe5a543a-006a27e3cc" "proxy-server 20" 0.0238 "-" 21 0
Jun 9 09:58:36 standalone proxy-server[128538]: 172.18.0.2 172.18.0.100 09/Jun/2026/09/58/36 PUT /v1/AUTH_965784611b4942ca97c5d5124e699aa1/gnocchi.c08499e7-e2a7-479f-9f7e-44d5b9d957c2 HTTP/1.0 201 - python-swiftclient-3.11.1 gAAAAABqJ-M9MHvo... - - - tx2a462eba34664fe5a543a-006a27e3cc - 0.0347 - - 1780999116.612818956 1780999116.647524357 0
Jun 9 09:58:36 standalone container-server[126527]: 172.20.0.100 - - [09/Jun/2026:09:58:36 +0000] "HEAD /d1/730/AUTH_965784611b4942ca97c5d5124e699aa1/gnocchi.c08499e7-e2a7-479f-9f7e-44d5b9d957c2" 204 - "HEAD http://172.18.0.2:8080/v1/AUTH_965784611b4942ca97c5d5124e699aa1/gnocchi.c08499e7-e2a7-479f-9f7e-44d5b9d957c2?format=json&states=listing" "txfb8fa440c12842089b636-006a27e3cc" "proxy-server 20" 0.0013 "-" 20 0
Jun 9 09:58:36 standalone proxy-server[128538]: - - 09/Jun/2026/09/58/36 HEAD /v1/AUTH_965784611b4942ca97c5d5124e699aa1/gnocchi.c08499e7-e2a7-479f-9f7e-44d5b9d957c2%3Fformat%3Djson%26states%3Dlisting HTTP/1.0 204 - Swift - - - - txfb8fa440c12842089b636-006a27e3cc - 0.0045 RL - 1780999116.652677536 1780999116.657136202 0
Jun 9 09:58:36 standalone container-server[126527]: 172.20.0.100 - - [09/Jun/2026:09:58:36 +0000] "GET /d1/730/AUTH_965784611b4942ca97c5d5124e699aa1/gnocchi.c08499e7-e2a7-479f-9f7e-44d5b9d957c2" 200 2 "GET http://172.18.0.2:8080/v1/AUTH_965784611b4942ca97c5d5124e699aa1/gnocchi.c08499e7-e2a7-479f-9f7e-44d5b9d957c2?format=json&states=listing" "txfb8fa440c12842089b636-006a27e3cc" "proxy-server 20" 0.0020 "-" 20 0
Jun 9 09:58:36 standalone proxy-server[128538]: 172.18.0.2 172.18.0.100 09/Jun/2026/09/58/36 GET /v1/AUTH_965784611b4942ca97c5d5124e699aa1/gnocchi.c08499e7-e2a7-479f-9f7e-44d5b9d957c2%3Fformat%3Djson%26states%3Dlisting HTTP/1.0 200 - python-swiftclient-3.11.1 gAAAAABqJ-M9MHvo... - 2 - txfb8fa440c12842089b636-006a27e3cc - 0.0126 - - 1780999116.651490211 1780999116.664045811 0
Jun 9 09:58:36 standalone object-server[126646]: 172.20.0.100 - - [09/Jun/2026:09:58:36 +0000] "GET /d1/786/AUTH_965784611b4942ca97c5d5124e699aa1/gnocchi.c08499e7-e2a7-479f-9f7e-44d5b9d957c2/1780920000.0_mean_300.0_v3" 404 70 "GET http://172.18.0.2:8080/v1/AUTH_965784611b4942ca97c5d5124e699aa1/gnocchi.c08499e7-e2a7-479f-9f7e-44d5b9d957c2/1780920000.0_mean_300.0_v3" "txa6c520dee1d34ee590c25-006a27e3cc" "proxy-server 20" 0.0003 "-" 21 0
Jun 9 09:58:36 standalone proxy-server[128538]: 172.18.0.2 172.18.0.100 09/Jun/2026/09/58/36 GET /v1/AUTH_965784611b4942ca97c5d5124e699aa1/gnocchi.c08499e7-e2a7-479f-9f7e-44d5b9d957c2/1780920000.0_mean_300.0_v3 HTTP/1.0 404 - python-swiftclient-3.11.1 gAAAAABqJ-M9MHvo... - 70 - txa6c520dee1d34ee590c25-006a27e3cc - 0.0053 - - 1780999116.667341709 1780999116.672687292 0
Jun 9 09:58:36 standalone container-server[126536]: 172.20.0.100 - - [09/Jun/2026:09:58:36 +0000] "PUT /d1/730/AUTH_965784611b4942ca97c5d5124e699aa1/gnocchi.c08499e7-e2a7-479f-9f7e-44d5b9d957c2/1780920000.0_mean_300.0_v3" 201 - "PUT http://172.18.0.2:8080/d1/786/AUTH_965784611b4942ca97c5d5124e699aa1/gnocchi.c08499e7-e2a7-479f-9f7e-44d5b9d957c2/1780920000.0_mean_300.0_v3" "txe7a8ca9df3424bc887890-006a27e3cc" "object-server 23" 0.0006 "-" 21 0
Jun 9 09:58:36 standalone object-server[126656]: 172.20.0.100 - - [09/Jun/2026:09:58:36 +0000] "PUT /d1/786/AUTH_965784611b4942ca97c5d5124e699aa1/gnocchi.c08499e7-e2a7-479f-9f7e-44d5b9d957c2/1780920000.0_mean_300.0_v3" 201 - "PUT http://172.18.0.2:8080/v1/AUTH_965784611b4942ca97c5d5124e699aa1/gnocchi.c08499e7-e2a7-479f-9f7e-44d5b9d957c2/1780920000.0_mean_300.0_v3" "txe7a8ca9df3424bc887890-006a27e3cc" "proxy-server 20" 0.0107 "-" 23 0
Jun 9 09:58:36 standalone proxy-server[128538]: 172.18.0.2 172.18.0.100 09/Jun/2026/09/58/36 PUT /v1/AUTH_965784611b4942ca97c5d5124e699aa1/gnocchi.c08499e7-e2a7-479f-9f7e-44d5b9d957c2/1780920000.0_mean_300.0_v3 HTTP/1.0 201 - python-swiftclient-3.11.1 gAAAAABqJ-M9MHvo... 16 - - txe7a8ca9df3424bc887890-006a27e3cc - 0.0165 - - 1780999116.675976276 1780999116.692446470 0
Jun 9 09:58:36 standalone container-server[126527]: 172.20.0.100 - - [09/Jun/2026:09:58:36 +0000] "PUT /d1/730/AUTH_965784611b4942ca97c5d5124e699aa1/gnocchi.c08499e7-e2a7-479f-9f7e-44d5b9d957c2/none_v3" 201 - "PUT http://172.18.0.2:8080/d1/37/AUTH_965784611b4942ca97c5d5124e699aa1/gnocchi.c08499e7-e2a7-479f-9f7e-44d5b9d957c2/none_v3" "txa60bf62baf3b459eab2ec-006a27e3cc" "object-server 25" 0.0005 "-" 20 0
Jun 9 09:58:36 standalone object-server[126681]: 172.20.0.100 - - [09/Jun/2026:09:58:36 +0000] "PUT /d1/37/AUTH_965784611b4942ca97c5d5124e699aa1/gnocchi.c08499e7-e2a7-479f-9f7e-44d5b9d957c2/none_v3" 201 - "PUT http://172.18.0.2:8080/v1/AUTH_965784611b4942ca97c5d5124e699aa1/gnocchi.c08499e7-e2a7-479f-9f7e-44d5b9d957c2/none_v3" "txa60bf62baf3b459eab2ec-006a27e3cc" "proxy-server 20" 0.0097 "-" 25 0
Jun 9 09:58:36 standalone proxy-server[128538]: 172.18.0.2 172.18.0.100 09/Jun/2026/09/58/36 PUT /v1/AUTH_965784611b4942ca97c5d5124e699aa1/gnocchi.c08499e7-e2a7-479f-9f7e-44d5b9d957c2/none_v3 HTTP/1.0 201 - python-swiftclient-3.11.1 gAAAAABqJ-M9MHvo... 22 - - txa60bf62baf3b459eab2ec-006a27e3cc - 0.0195 - - 1780999116.695391655 1780999116.714849472 0
Jun 9 09:58:36 standalone container-server[126527]: 172.20.0.100 - - [09/Jun/2026:09:58:36 +0000] "HEAD /d1/1013/AUTH_965784611b4942ca97c5d5124e699aa1/gnocchi.5365dfea-e290-4345-8f66-c93fabfa8391" 404 - "HEAD http://172.18.0.2:8080/v1/AUTH_965784611b4942ca97c5d5124e699aa1/gnocchi.5365dfea-e290-4345-8f66-c93fabfa8391?format=json&states=listing" "tx0d5132f50e524ca7bdb16-006a27e3cc" "proxy-server 20" 0.0004 "-" 20 0
Jun 9 09:58:36 standalone object-server[126667]: 172.20.0.100 - - [09/Jun/2026:09:58:36 +0000] "GET /d1/142/AUTH_965784611b4942ca97c5d5124e699aa1/gnocchi.5365dfea-e290-4345-8f66-c93fabfa8391/none_v3" 404 70 "GET http://172.18.0.2:8080/v1/AUTH_965784611b4942ca97c5d5124e699aa1/gnocchi.5365dfea-e290-4345-8f66-c93fabfa8391/none_v3" "tx0d5132f50e524ca7bdb16-006a27e3cc" "proxy-server 20" 0.0004 "-" 24 0
Jun 9 09:58:36 standalone proxy-server[128538]: 172.18.0.2 172.18.0.100 09/Jun/2026/09/58/36 GET /v1/AUTH_965784611b4942ca97c5d5124e699aa1/gnocchi.5365dfea-e290-4345-8f66-c93fabfa8391/none_v3 HTTP/1.0 404 - python-swiftclient-3.11.1 gAAAAABqJ-M9MHvo... - 70 - tx0d5132f50e524ca7bdb16-006a27e3cc - 0.0094 - - 1780999116.721789122 1780999116.731217384 0
Jun 9 09:58:36 standalone account-server[126427]: 172.20.0.100 - - [09/Jun/2026:09:58:36 +0000] "PUT /d1/199/AUTH_965784611b4942ca97c5d5124e699aa1/gnocchi.5365dfea-e290-4345-8f66-c93fabfa8391" 201 - "PUT http://172.20.0.100:6001/d1/1013/AUTH_965784611b4942ca97c5d5124e699aa1/gnocchi.5365dfea-e290-4345-8f66-c93fabfa8391" "tx8a521e8df7ec4c569223a-006a27e3cc" "container-server 21" 0.0062 "-" 21 0
Jun 9 09:58:36 standalone container-server[126536]: 172.20.0.100 - - [09/Jun/2026:09:58:36 +0000] "PUT /d1/1013/AUTH_965784611b4942ca97c5d5124e699aa1/gnocchi.5365dfea-e290-4345-8f66-c93fabfa8391" 201 - "PUT http://172.18.0.2:8080/v1/AUTH_965784611b4942ca97c5d5124e699aa1/gnocchi.5365dfea-e290-4345-8f66-c93fabfa8391" "tx8a521e8df7ec4c569223a-006a27e3cc" "proxy-server 20" 0.0151 "-" 21 0
Jun 9 09:58:36 standalone proxy-server[128538]: 172.18.0.2 172.18.0.100 09/Jun/2026/09/58/36 PUT /v1/AUTH_965784611b4942ca97c5d5124e699aa1/gnocchi.5365dfea-e290-4345-8f66-c93fabfa8391 HTTP/1.0 201 - python-swiftclient-3.11.1 gAAAAABqJ-M9MHvo... - - - tx8a521e8df7ec4c569223a-006a27e3cc - 0.0194 - - 1780999116.733211756 1780999116.752564192 0
Jun 9 09:58:36 standalone container-server[126536]: 172.20.0.100 - - [09/Jun/2026:09:58:36 +0000] "HEAD /d1/1013/AUTH_965784611b4942ca97c5d5124e699aa1/gnocchi.5365dfea-e290-4345-8f66-c93fabfa8391" 204 - "HEAD http://172.18.0.2:8080/v1/AUTH_965784611b4942ca97c5d5124e699aa1/gnocchi.5365dfea-e290-4345-8f66-c93fabfa8391?format=json&states=listing" "tx5c29d43bcf094696971d9-006a27e3cc" "proxy-server 20" 0.0013 "-" 21 0
Jun 9 09:58:36 standalone proxy-server[128538]: - - 09/Jun/2026/09/58/36 HEAD /v1/AUTH_965784611b4942ca97c5d5124e699aa1/gnocchi.5365dfea-e290-4345-8f66-c93fabfa8391%3Fformat%3Djson%26states%3Dlisting HTTP/1.0 204 - Swift - - - - tx5c29d43bcf094696971d9-006a27e3cc - 0.0052 RL - 1780999116.756894827 1780999116.762045860 0
Jun 9 09:58:36 standalone container-server[126537]: 172.20.0.100 - - [09/Jun/2026:09:58:36 +0000] "GET /d1/1013/AUTH_965784611b4942ca97c5d5124e699aa1/gnocchi.5365dfea-e290-4345-8f66-c93fabfa8391" 200 2 "GET http://172.18.0.2:8080/v1/AUTH_965784611b4942ca97c5d5124e699aa1/gnocchi.5365dfea-e290-4345-8f66-c93fabfa8391?format=json&states=listing" "tx5c29d43bcf094696971d9-006a27e3cc" "proxy-server 20" 0.0031 "-" 22 0
Jun 9 09:58:36 standalone proxy-server[128538]: 172.18.0.2 172.18.0.100 09/Jun/2026/09/58/36 GET /v1/AUTH_965784611b4942ca97c5d5124e699aa1/gnocchi.5365dfea-e290-4345-8f66-c93fabfa8391%3Fformat%3Djson%26states%3Dlisting HTTP/1.0 200 - python-swiftclient-3.11.1 gAAAAABqJ-M9MHvo... - 2 - tx5c29d43bcf094696971d9-006a27e3cc - 0.0163 - - 1780999116.755486012 1780999116.771757364 0
Jun 9 09:58:36 standalone object-server[126681]: 172.20.0.100 - - [09/Jun/2026:09:58:36 +0000] "GET /d1/168/AUTH_965784611b4942ca97c5d5124e699aa1/gnocchi.5365dfea-e290-4345-8f66-c93fabfa8391/1780920000.0_mean_300.0_v3" 404 70 "GET http://172.18.0.2:8080/v1/AUTH_965784611b4942ca97c5d5124e699aa1/gnocchi.5365dfea-e290-4345-8f66-c93fabfa8391/1780920000.0_mean_300.0_v3" "txf3dbeec744e0491f92152-006a27e3cc" "proxy-server 20" 0.0004 "-" 25 0
Jun 9 09:58:36 standalone proxy-server[128538]: 172.18.0.2 172.18.0.100 09/Jun/2026/09/58/36 GET /v1/AUTH_965784611b4942ca97c5d5124e699aa1/gnocchi.5365dfea-e290-4345-8f66-c93fabfa8391/1780920000.0_mean_300.0_v3 HTTP/1.0 404 - python-swiftclient-3.11.1 gAAAAABqJ-M9MHvo... - 70 - txf3dbeec744e0491f92152-006a27e3cc - 0.0071 - - 1780999116.775476694 1780999116.782535315 0
Jun 9 09:58:36 standalone container-server[126527]: 172.20.0.100 - - [09/Jun/2026:09:58:36 +0000] "PUT /d1/1013/AUTH_965784611b4942ca97c5d5124e699aa1/gnocchi.5365dfea-e290-4345-8f66-c93fabfa8391/1780920000.0_mean_300.0_v3" 201 - "PUT http://172.18.0.2:8080/d1/168/AUTH_965784611b4942ca97c5d5124e699aa1/gnocchi.5365dfea-e290-4345-8f66-c93fabfa8391/1780920000.0_mean_300.0_v3" "txcbfe6fb17f6746109b8cf-006a27e3cc" "object-server 24" 0.0007 "-" 20 0
Jun 9 09:58:36 standalone object-server[126667]: 172.20.0.100 - - [09/Jun/2026:09:58:36 +0000] "PUT /d1/168/AUTH_965784611b4942ca97c5d5124e699aa1/gnocchi.5365dfea-e290-4345-8f66-c93fabfa8391/1780920000.0_mean_300.0_v3" 201 - "PUT http://172.18.0.2:8080/v1/AUTH_965784611b4942ca97c5d5124e699aa1/gnocchi.5365dfea-e290-4345-8f66-c93fabfa8391/1780920000.0_mean_300.0_v3" "txcbfe6fb17f6746109b8cf-006a27e3cc" "proxy-server 20" 0.0113 "-" 24 0
Jun 9 09:58:36 standalone proxy-server[128538]: 172.18.0.2 172.18.0.100 09/Jun/2026/09/58/36 PUT /v1/AUTH_965784611b4942ca97c5d5124e699aa1/gnocchi.5365dfea-e290-4345-8f66-c93fabfa8391/1780920000.0_mean_300.0_v3 HTTP/1.0 201 - python-swiftclient-3.11.1 gAAAAABqJ-M9MHvo... 16 - - txcbfe6fb17f6746109b8cf-006a27e3cc - 0.0170 - - 1780999116.785508156 1780999116.802547932 0
Jun 9 09:58:36 standalone container-server[126527]: 172.20.0.100 - - [09/Jun/2026:09:58:36 +0000] "PUT /d1/1013/AUTH_965784611b4942ca97c5d5124e699aa1/gnocchi.5365dfea-e290-4345-8f66-c93fabfa8391/none_v3" 201 - "PUT http://172.18.0.2:8080/d1/142/AUTH_965784611b4942ca97c5d5124e699aa1/gnocchi.5365dfea-e290-4345-8f66-c93fabfa8391/none_v3" "txd54f16311895496984cce-006a27e3cc" "object-server 24" 0.0007 "-" 20 0
Jun 9 09:58:36 standalone object-server[126667]: 172.20.0.100 - - [09/Jun/2026:09:58:36 +0000] "PUT /d1/142/AUTH_965784611b4942ca97c5d5124e699aa1/gnocchi.5365dfea-e290-4345-8f66-c93fabfa8391/none_v3" 201 - "PUT http://172.18.0.2:8080/v1/AUTH_965784611b4942ca97c5d5124e699aa1/gnocchi.5365dfea-e290-4345-8f66-c93fabfa8391/none_v3" "txd54f16311895496984cce-006a27e3cc" "proxy-server 20" 0.0113 "-" 24 0
Jun 9 09:58:36 standalone proxy-server[128538]: 172.18.0.2 172.18.0.100 09/Jun/2026/09/58/36 PUT /v1/AUTH_965784611b4942ca97c5d5124e699aa1/gnocchi.5365dfea-e290-4345-8f66-c93fabfa8391/none_v3 HTTP/1.0 201 - python-swiftclient-3.11.1 gAAAAABqJ-M9MHvo... 22 - - txd54f16311895496984cce-006a27e3cc - 0.0177 - - 1780999116.804947615 1780999116.822659016 0
Jun 9 09:58:42 standalone container-server[126540]: 172.20.0.100 - - [09/Jun/2026:09:58:42 +0000] "HEAD /d1/990/AUTH_965784611b4942ca97c5d5124e699aa1/gnocchi.babc3da0-d25a-45b8-9106-f8f60c6a0dca" 404 - "HEAD http://172.18.0.2:8080/v1/AUTH_965784611b4942ca97c5d5124e699aa1/gnocchi.babc3da0-d25a-45b8-9106-f8f60c6a0dca?format=json&states=listing" "tx90546e33601d4e69b4694-006a27e3d2" "proxy-server 20" 0.0008 "-" 23 0
Jun 9 09:58:42 standalone object-server[126667]: 172.20.0.100 - - [09/Jun/2026:09:58:42 +0000] "GET /d1/945/AUTH_965784611b4942ca97c5d5124e699aa1/gnocchi.babc3da0-d25a-45b8-9106-f8f60c6a0dca/none_v3" 404 70 "GET http://172.18.0.2:8080/v1/AUTH_965784611b4942ca97c5d5124e699aa1/gnocchi.babc3da0-d25a-45b8-9106-f8f60c6a0dca/none_v3" "tx90546e33601d4e69b4694-006a27e3d2" "proxy-server 20" 0.0004 "-" 24 0
Jun 9 09:58:42 standalone proxy-server[128538]: 172.18.0.2 172.18.0.100 09/Jun/2026/09/58/42 GET /v1/AUTH_965784611b4942ca97c5d5124e699aa1/gnocchi.babc3da0-d25a-45b8-9106-f8f60c6a0dca/none_v3 HTTP/1.0 404 - python-swiftclient-3.11.1 gAAAAABqJ-M9MHvo... - 70 - tx90546e33601d4e69b4694-006a27e3d2 - 0.0152 - - 1780999122.674984455 1780999122.690172195 0
Jun 9 09:58:42 standalone account-server[126445]: 172.20.0.100 - - [09/Jun/2026:09:58:42 +0000] "PUT /d1/199/AUTH_965784611b4942ca97c5d5124e699aa1/gnocchi.babc3da0-d25a-45b8-9106-f8f60c6a0dca" 201 - "PUT http://172.20.0.100:6001/d1/990/AUTH_965784611b4942ca97c5d5124e699aa1/gnocchi.babc3da0-d25a-45b8-9106-f8f60c6a0dca" "tx970921a46c1c438c87ff4-006a27e3d2" "container-server 22" 0.0047 "-" 23 0
Jun 9 09:58:42 standalone container-server[126537]: 172.20.0.100 - - [09/Jun/2026:09:58:42 +0000] "PUT /d1/990/AUTH_965784611b4942ca97c5d5124e699aa1/gnocchi.babc3da0-d25a-45b8-9106-f8f60c6a0dca" 201 - "PUT http://172.18.0.2:8080/v1/AUTH_965784611b4942ca97c5d5124e699aa1/gnocchi.babc3da0-d25a-45b8-9106-f8f60c6a0dca" "tx970921a46c1c438c87ff4-006a27e3d2" "proxy-server 20" 0.0187 "-" 22 0
Jun 9 09:58:42 standalone proxy-server[128538]: 172.18.0.2 172.18.0.100 09/Jun/2026/09/58/42 PUT /v1/AUTH_965784611b4942ca97c5d5124e699aa1/gnocchi.babc3da0-d25a-45b8-9106-f8f60c6a0dca HTTP/1.0 201 - python-swiftclient-3.11.1 gAAAAABqJ-M9MHvo... - - - tx970921a46c1c438c87ff4-006a27e3d2 - 0.0255 - - 1780999122.694499731 1780999122.719952822 0
Jun 9 09:58:42 standalone container-server[126540]: 172.20.0.100 - - [09/Jun/2026:09:58:42 +0000] "HEAD /d1/990/AUTH_965784611b4942ca97c5d5124e699aa1/gnocchi.babc3da0-d25a-45b8-9106-f8f60c6a0dca" 204 - "HEAD http://172.18.0.2:8080/v1/AUTH_965784611b4942ca97c5d5124e699aa1/gnocchi.babc3da0-d25a-45b8-9106-f8f60c6a0dca?format=json&states=listing" "tx72099ff17ec84f07bbea0-006a27e3d2" "proxy-server 20" 0.0024 "-" 23 0
Jun 9 09:58:42 standalone proxy-server[128538]: - - 09/Jun/2026/09/58/42 HEAD /v1/AUTH_965784611b4942ca97c5d5124e699aa1/gnocchi.babc3da0-d25a-45b8-9106-f8f60c6a0dca%3Fformat%3Djson%26states%3Dlisting HTTP/1.0 204 - Swift - - - - tx72099ff17ec84f07bbea0-006a27e3d2 - 0.0083 RL - 1780999122.728396654 1780999122.736699104 0
Jun 9 09:58:42 standalone container-server[126537]: 172.20.0.100 - - [09/Jun/2026:09:58:42 +0000] "GET /d1/990/AUTH_965784611b4942ca97c5d5124e699aa1/gnocchi.babc3da0-d25a-45b8-9106-f8f60c6a0dca" 200 2 "GET http://172.18.0.2:8080/v1/AUTH_965784611b4942ca97c5d5124e699aa1/gnocchi.babc3da0-d25a-45b8-9106-f8f60c6a0dca?format=json&states=listing" "tx72099ff17ec84f07bbea0-006a27e3d2" "proxy-server 20" 0.0039 "-" 22 0
Jun 9 09:58:42 standalone proxy-server[128538]: 172.18.0.2 172.18.0.100 09/Jun/2026/09/58/42 GET /v1/AUTH_965784611b4942ca97c5d5124e699aa1/gnocchi.babc3da0-d25a-45b8-9106-f8f60c6a0dca%3Fformat%3Djson%26states%3Dlisting HTTP/1.0 200 - python-swiftclient-3.11.1 gAAAAABqJ-M9MHvo... - 2 - tx72099ff17ec84f07bbea0-006a27e3d2 - 0.0284 - - 1780999122.726541042 1780999122.754899263 0
Jun 9 09:58:42 standalone object-server[126646]: 172.20.0.100 - - [09/Jun/2026:09:58:42 +0000] "GET /d1/847/AUTH_965784611b4942ca97c5d5124e699aa1/gnocchi.babc3da0-d25a-45b8-9106-f8f60c6a0dca/1780920000.0_mean_300.0_v3" 404 70 "GET http://172.18.0.2:8080/v1/AUTH_965784611b4942ca97c5d5124e699aa1/gnocchi.babc3da0-d25a-45b8-9106-f8f60c6a0dca/1780920000.0_mean_300.0_v3" "tx7a0faef5fc5e41ee9e018-006a27e3d2" "proxy-server 20" 0.0005 "-" 21 0
Jun 9 09:58:42 standalone proxy-server[128538]: 172.18.0.2 172.18.0.100 09/Jun/2026/09/58/42 GET /v1/AUTH_965784611b4942ca97c5d5124e699aa1/gnocchi.babc3da0-d25a-45b8-9106-f8f60c6a0dca/1780920000.0_mean_300.0_v3 HTTP/1.0 404 - python-swiftclient-3.11.1 gAAAAABqJ-M9MHvo... - 70 - tx7a0faef5fc5e41ee9e018-006a27e3d2 - 0.0149 - - 1780999122.759574413 1780999122.774481773 0
Jun 9 09:58:42 standalone container-server[126540]: 172.20.0.100 - - [09/Jun/2026:09:58:42 +0000] "PUT /d1/990/AUTH_965784611b4942ca97c5d5124e699aa1/gnocchi.babc3da0-d25a-45b8-9106-f8f60c6a0dca/1780920000.0_mean_300.0_v3" 201 - "PUT http://172.18.0.2:8080/d1/847/AUTH_965784611b4942ca97c5d5124e699aa1/gnocchi.babc3da0-d25a-45b8-9106-f8f60c6a0dca/1780920000.0_mean_300.0_v3" "tx906a62b06b354bd8a3fa7-006a27e3d2" "object-server 21" 0.0014 "-" 23 0
Jun 9 09:58:42 standalone object-server[126646]: 172.20.0.100 - - [09/Jun/2026:09:58:42 +0000] "PUT /d1/847/AUTH_965784611b4942ca97c5d5124e699aa1/gnocchi.babc3da0-d25a-45b8-9106-f8f60c6a0dca/1780920000.0_mean_300.0_v3" 201 - "PUT http://172.18.0.2:8080/v1/AUTH_965784611b4942ca97c5d5124e699aa1/gnocchi.babc3da0-d25a-45b8-9106-f8f60c6a0dca/1780920000.0_mean_300.0_v3" "tx906a62b06b354bd8a3fa7-006a27e3d2" "proxy-server 20" 0.0229 "-" 21 0
Jun 9 09:58:42 standalone proxy-server[128538]: 172.18.0.2 172.18.0.100 09/Jun/2026/09/58/42 PUT /v1/AUTH_965784611b4942ca97c5d5124e699aa1/gnocchi.babc3da0-d25a-45b8-9106-f8f60c6a0dca/1780920000.0_mean_300.0_v3 HTTP/1.0 201 - python-swiftclient-3.11.1 gAAAAABqJ-M9MHvo... 16 - - tx906a62b06b354bd8a3fa7-006a27e3d2 - 0.0314 - - 1780999122.781327248 1780999122.812705755 0
Jun 9 09:58:42 standalone container-server[126537]: 172.20.0.100 - - [09/Jun/2026:09:58:42 +0000] "PUT /d1/990/AUTH_965784611b4942ca97c5d5124e699aa1/gnocchi.babc3da0-d25a-45b8-9106-f8f60c6a0dca/none_v3" 201 - "PUT http://172.18.0.2:8080/d1/945/AUTH_965784611b4942ca97c5d5124e699aa1/gnocchi.babc3da0-d25a-45b8-9106-f8f60c6a0dca/none_v3" "txb2305cd0ecab4ac8870af-006a27e3d2" "object-server 24" 0.0009 "-" 22 0
Jun 9 09:58:42 standalone object-server[126667]: 172.20.0.100 - - [09/Jun/2026:09:58:42 +0000] "PUT /d1/945/AUTH_965784611b4942ca97c5d5124e699aa1/gnocchi.babc3da0-d25a-45b8-9106-f8f60c6a0dca/none_v3" 201 - "PUT http://172.18.0.2:8080/v1/AUTH_965784611b4942ca97c5d5124e699aa1/gnocchi.babc3da0-d25a-45b8-9106-f8f60c6a0dca/none_v3" "txb2305cd0ecab4ac8870af-006a27e3d2" "proxy-server 20" 0.0178 "-" 24 0
Jun 9 09:58:42 standalone proxy-server[128538]: 172.18.0.2 172.18.0.100 09/Jun/2026/09/58/42 PUT /v1/AUTH_965784611b4942ca97c5d5124e699aa1/gnocchi.babc3da0-d25a-45b8-9106-f8f60c6a0dca/none_v3 HTTP/1.0 201 - python-swiftclient-3.11.1 gAAAAABqJ-M9MHvo... 22 - - txb2305cd0ecab4ac8870af-006a27e3d2 - 0.0323 - - 1780999122.816397905 1780999122.848709345 0
Jun 9 09:58:48 standalone object-server[126667]: 172.20.0.100 - - [09/Jun/2026:09:58:48 +0000] "GET /d1/945/AUTH_965784611b4942ca97c5d5124e699aa1/gnocchi.babc3da0-d25a-45b8-9106-f8f60c6a0dca/none_v3" 200 22 "GET http://172.18.0.2:8080/v1/AUTH_965784611b4942ca97c5d5124e699aa1/gnocchi.babc3da0-d25a-45b8-9106-f8f60c6a0dca/none_v3" "tx83fe2ae7848f4bdfbb5d5-006a27e3d8" "proxy-server 20" 0.0015 "-" 24 0
Jun 9 09:58:48 standalone proxy-server[128538]: 172.18.0.2 172.18.0.100 09/Jun/2026/09/58/48 GET /v1/AUTH_965784611b4942ca97c5d5124e699aa1/gnocchi.babc3da0-d25a-45b8-9106-f8f60c6a0dca/none_v3 HTTP/1.0 200 - python-swiftclient-3.11.1 gAAAAABqJ-M9MHvo... - 22 - tx83fe2ae7848f4bdfbb5d5-006a27e3d8 - 0.0111 - - 1780999128.240699530 1780999128.251833200 0
Jun 9 09:58:48 standalone container-server[126536]: 172.20.0.100 - - [09/Jun/2026:09:58:48 +0000] "GET /d1/990/AUTH_965784611b4942ca97c5d5124e699aa1/gnocchi.babc3da0-d25a-45b8-9106-f8f60c6a0dca" 200 357 "GET http://172.18.0.2:8080/v1/AUTH_965784611b4942ca97c5d5124e699aa1/gnocchi.babc3da0-d25a-45b8-9106-f8f60c6a0dca?format=json&states=listing" "txe654e77bc6724814bcc64-006a27e3d8" "proxy-server 20" 0.0169 "-" 21 0
Jun 9 09:58:48 standalone proxy-server[128538]: 172.18.0.2 172.18.0.100 09/Jun/2026/09/58/48 GET /v1/AUTH_965784611b4942ca97c5d5124e699aa1/gnocchi.babc3da0-d25a-45b8-9106-f8f60c6a0dca%3Fformat%3Djson%26states%3Dlisting HTTP/1.0 200 - python-swiftclient-3.11.1 gAAAAABqJ-M9MHvo... - 357 - txe654e77bc6724814bcc64-006a27e3d8 - 0.0274 - - 1780999128.258046627 1780999128.285440445 0
Jun 9 09:58:48 standalone container-server[126537]: 172.20.0.100 - - [09/Jun/2026:09:58:48 +0000] "GET /d1/990/AUTH_965784611b4942ca97c5d5124e699aa1/gnocchi.babc3da0-d25a-45b8-9106-f8f60c6a0dca" 200 2 "GET http://172.18.0.2:8080/v1/AUTH_965784611b4942ca97c5d5124e699aa1/gnocchi.babc3da0-d25a-45b8-9106-f8f60c6a0dca?format=json&marker=none_v3&states=listing" "tx0c89baa5f1bf493a8a2e6-006a27e3d8" "proxy-server 20" 0.0018 "-" 22 0
Jun 9 09:58:48 standalone proxy-server[128538]: 172.18.0.2 172.18.0.100 09/Jun/2026/09/58/48 GET /v1/AUTH_965784611b4942ca97c5d5124e699aa1/gnocchi.babc3da0-d25a-45b8-9106-f8f60c6a0dca%3Fformat%3Djson%26marker%3Dnone_v3%26states%3Dlisting HTTP/1.0 200 - python-swiftclient-3.11.1 gAAAAABqJ-M9MHvo... - 2 - tx0c89baa5f1bf493a8a2e6-006a27e3d8 - 0.0102 - - 1780999128.290644646 1780999128.300860405 0
Jun 9 09:58:48 standalone object-server[126646]: 172.20.0.100 - - [09/Jun/2026:09:58:48 +0000] "GET /d1/847/AUTH_965784611b4942ca97c5d5124e699aa1/gnocchi.babc3da0-d25a-45b8-9106-f8f60c6a0dca/1780920000.0_mean_300.0_v3" 200 16 "GET http://172.18.0.2:8080/v1/AUTH_965784611b4942ca97c5d5124e699aa1/gnocchi.babc3da0-d25a-45b8-9106-f8f60c6a0dca/1780920000.0_mean_300.0_v3" "txa6eaf405155d4c40a336c-006a27e3d8" "proxy-server 20" 0.0008 "-" 21 0
Jun 9 09:58:48 standalone proxy-server[128538]: 172.18.0.2 172.18.0.100 09/Jun/2026/09/58/48 GET /v1/AUTH_965784611b4942ca97c5d5124e699aa1/gnocchi.babc3da0-d25a-45b8-9106-f8f60c6a0dca/1780920000.0_mean_300.0_v3 HTTP/1.0 200 - python-swiftclient-3.11.1 gAAAAABqJ-M9MHvo... - 16 - txa6eaf405155d4c40a336c-006a27e3d8 - 0.0086 - - 1780999128.306608200 1780999128.315161943 0
Jun 9 09:58:48 standalone container-server[126540]: 172.20.0.100 - - [09/Jun/2026:09:58:48 +0000] "PUT /d1/990/AUTH_965784611b4942ca97c5d5124e699aa1/gnocchi.babc3da0-d25a-45b8-9106-f8f60c6a0dca/1780920000.0_mean_300.0_v3" 201 - "PUT http://172.18.0.2:8080/d1/847/AUTH_965784611b4942ca97c5d5124e699aa1/gnocchi.babc3da0-d25a-45b8-9106-f8f60c6a0dca/1780920000.0_mean_300.0_v3" "tx5ff34ef3b2e64443aecb8-006a27e3d8" "object-server 25" 0.0005 "-" 23 0
Jun 9 09:58:48 standalone object-server[126681]: 172.20.0.100 - - [09/Jun/2026:09:58:48 +0000] "PUT /d1/847/AUTH_965784611b4942ca97c5d5124e699aa1/gnocchi.babc3da0-d25a-45b8-9106-f8f60c6a0dca/1780920000.0_mean_300.0_v3" 201 - "PUT http://172.18.0.2:8080/v1/AUTH_965784611b4942ca97c5d5124e699aa1/gnocchi.babc3da0-d25a-45b8-9106-f8f60c6a0dca/1780920000.0_mean_300.0_v3" "tx5ff34ef3b2e64443aecb8-006a27e3d8" "proxy-server 20" 0.0114 "-" 25 0
Jun 9 09:58:48 standalone proxy-server[128538]: 172.18.0.2 172.18.0.100 09/Jun/2026/09/58/48 PUT /v1/AUTH_965784611b4942ca97c5d5124e699aa1/gnocchi.babc3da0-d25a-45b8-9106-f8f60c6a0dca/1780920000.0_mean_300.0_v3 HTTP/1.0 201 - python-swiftclient-3.11.1 gAAAAABqJ-M9MHvo... 16 - - tx5ff34ef3b2e64443aecb8-006a27e3d8 - 0.0192 - - 1780999128.319581747 1780999128.338768482 0
Jun 9 09:58:48 standalone container-server[126540]: 172.20.0.100 - - [09/Jun/2026:09:58:48 +0000] "PUT /d1/990/AUTH_965784611b4942ca97c5d5124e699aa1/gnocchi.babc3da0-d25a-45b8-9106-f8f60c6a0dca/none_v3" 201 - "PUT http://172.18.0.2:8080/d1/945/AUTH_965784611b4942ca97c5d5124e699aa1/gnocchi.babc3da0-d25a-45b8-9106-f8f60c6a0dca/none_v3" "tx974db9707d034ac898c7a-006a27e3d8" "object-server 23" 0.0009 "-" 23 0
Jun 9 09:58:48 standalone object-server[126656]: 172.20.0.100 - - [09/Jun/2026:09:58:48 +0000] "PUT /d1/945/AUTH_965784611b4942ca97c5d5124e699aa1/gnocchi.babc3da0-d25a-45b8-9106-f8f60c6a0dca/none_v3" 201 - "PUT http://172.18.0.2:8080/v1/AUTH_965784611b4942ca97c5d5124e699aa1/gnocchi.babc3da0-d25a-45b8-9106-f8f60c6a0dca/none_v3" "tx974db9707d034ac898c7a-006a27e3d8" "proxy-server 20" 0.0103 "-" 23 0
Jun 9 09:58:48 standalone proxy-server[128538]: 172.18.0.2 172.18.0.100 09/Jun/2026/09/58/48 PUT /v1/AUTH_965784611b4942ca97c5d5124e699aa1/gnocchi.babc3da0-d25a-45b8-9106-f8f60c6a0dca/none_v3 HTTP/1.0 201 - python-swiftclient-3.11.1 gAAAAABqJ-M9MHvo... 32 - - tx974db9707d034ac898c7a-006a27e3d8 - 0.0178 - - 1780999128.343132496 1780999128.360904455 0
Jun 9 09:59:45 standalone account-server[126445]: 172.20.0.100 - - [09/Jun/2026:09:59:45 +0000] "HEAD /d1/813/.expiring_objects" 404 - "HEAD http://localhost/v1/.expiring_objects?format=json" "tx2703d68ceee94fd3953e6-006a27e411" "proxy-server 2" 0.0006 "-" 23 -
Jun 9 09:59:45 standalone object-expirer[126214]: Pass completed in 0s; 0 objects expired (txn: tx2703d68ceee94fd3953e6-006a27e411)
Jun 9 09:59:52 standalone account-server[126435]: 172.20.0.100 - - [09/Jun/2026:09:59:52 +0000] "HEAD /d1/199/AUTH_965784611b4942ca97c5d5124e699aa1" 204 - "HEAD http://172.18.0.2:8080/v1/AUTH_965784611b4942ca97c5d5124e699aa1?format=json" "tx3cdafd64c0cf4bf1b9f3e-006a27e418" "proxy-server 20" 0.0049 "-" 22 -
Jun 9 09:59:52 standalone proxy-server[128538]: - - 09/Jun/2026/09/59/52 HEAD /v1/AUTH_965784611b4942ca97c5d5124e699aa1%3Fformat%3Djson HTTP/1.0 204 - Swift - - - - tx3cdafd64c0cf4bf1b9f3e-006a27e418 - 0.0106 RL - 1780999192.826320648 1780999192.836908340 -
Jun 9 09:59:52 standalone container-server[126527]: 172.20.0.100 - - [09/Jun/2026:09:59:52 +0000] "HEAD /d1/743/AUTH_965784611b4942ca97c5d5124e699aa1/gnocchi.423b8616-0ae9-4f0f-8bdc-6eadaa22cbfb" 404 - "HEAD http://172.18.0.2:8080/v1/AUTH_965784611b4942ca97c5d5124e699aa1/gnocchi.423b8616-0ae9-4f0f-8bdc-6eadaa22cbfb?format=json&states=listing" "tx3cdafd64c0cf4bf1b9f3e-006a27e418" "proxy-server 20" 0.0010 "-" 20 0
Jun 9 09:59:52 standalone object-server[126667]: 172.20.0.100 - - [09/Jun/2026:09:59:52 +0000] "GET /d1/523/AUTH_965784611b4942ca97c5d5124e699aa1/gnocchi.423b8616-0ae9-4f0f-8bdc-6eadaa22cbfb/none_v3" 404 70 "GET http://172.18.0.2:8080/v1/AUTH_965784611b4942ca97c5d5124e699aa1/gnocchi.423b8616-0ae9-4f0f-8bdc-6eadaa22cbfb/none_v3" "tx3cdafd64c0cf4bf1b9f3e-006a27e418" "proxy-server 20" 0.0004 "-" 24 0
Jun 9 09:59:52 standalone proxy-server[128538]: 172.18.0.2 172.18.0.100 09/Jun/2026/09/59/52 GET /v1/AUTH_965784611b4942ca97c5d5124e699aa1/gnocchi.423b8616-0ae9-4f0f-8bdc-6eadaa22cbfb/none_v3 HTTP/1.0 404 - python-swiftclient-3.11.1 gAAAAABqJ-M9MHvo... - 70 - tx3cdafd64c0cf4bf1b9f3e-006a27e418 - 0.0302 - - 1780999192.825083494 1780999192.855321169 0
Jun 9 09:59:52 standalone account-server[126445]: 172.20.0.100 - - [09/Jun/2026:09:59:52 +0000] "PUT /d1/199/AUTH_965784611b4942ca97c5d5124e699aa1/gnocchi.423b8616-0ae9-4f0f-8bdc-6eadaa22cbfb" 201 - "PUT http://172.20.0.100:6001/d1/743/AUTH_965784611b4942ca97c5d5124e699aa1/gnocchi.423b8616-0ae9-4f0f-8bdc-6eadaa22cbfb" "tx31f30f3dcc2e476e8419f-006a27e418" "container-server 22" 0.0018 "-" 23 0
Jun 9 09:59:52 standalone container-server[126537]: 172.20.0.100 - - [09/Jun/2026:09:59:52 +0000] "PUT /d1/743/AUTH_965784611b4942ca97c5d5124e699aa1/gnocchi.423b8616-0ae9-4f0f-8bdc-6eadaa22cbfb" 201 - "PUT http://172.18.0.2:8080/v1/AUTH_965784611b4942ca97c5d5124e699aa1/gnocchi.423b8616-0ae9-4f0f-8bdc-6eadaa22cbfb" "tx31f30f3dcc2e476e8419f-006a27e418" "proxy-server 20" 0.0184 "-" 22 0
Jun 9 09:59:52 standalone proxy-server[128538]: 172.18.0.2 172.18.0.100 09/Jun/2026/09/59/52 PUT /v1/AUTH_965784611b4942ca97c5d5124e699aa1/gnocchi.423b8616-0ae9-4f0f-8bdc-6eadaa22cbfb HTTP/1.0 201 - python-swiftclient-3.11.1 gAAAAABqJ-M9MHvo... - - - tx31f30f3dcc2e476e8419f-006a27e418 - 0.0261 - - 1780999192.863420010 1780999192.889519215 0
Jun 9 09:59:52 standalone container-server[126540]: 172.20.0.100 - - [09/Jun/2026:09:59:52 +0000] "HEAD /d1/743/AUTH_965784611b4942ca97c5d5124e699aa1/gnocchi.423b8616-0ae9-4f0f-8bdc-6eadaa22cbfb" 204 - "HEAD http://172.18.0.2:8080/v1/AUTH_965784611b4942ca97c5d5124e699aa1/gnocchi.423b8616-0ae9-4f0f-8bdc-6eadaa22cbfb?format=json&states=listing" "tx1b89bed747da4a00adc8b-006a27e418" "proxy-server 20" 0.0024 "-" 23 0
Jun 9 09:59:52 standalone proxy-server[128538]: - - 09/Jun/2026/09/59/52 HEAD /v1/AUTH_965784611b4942ca97c5d5124e699aa1/gnocchi.423b8616-0ae9-4f0f-8bdc-6eadaa22cbfb%3Fformat%3Djson%26states%3Dlisting HTTP/1.0 204 - Swift - - - - tx1b89bed747da4a00adc8b-006a27e418 - 0.0070 RL - 1780999192.897266865 1780999192.904225349 0
Jun 9 09:59:52 standalone container-server[126536]: 172.20.0.100 - - [09/Jun/2026:09:59:52 +0000] "GET /d1/743/AUTH_965784611b4942ca97c5d5124e699aa1/gnocchi.423b8616-0ae9-4f0f-8bdc-6eadaa22cbfb" 200 2 "GET http://172.18.0.2:8080/v1/AUTH_965784611b4942ca97c5d5124e699aa1/gnocchi.423b8616-0ae9-4f0f-8bdc-6eadaa22cbfb?format=json&states=listing" "tx1b89bed747da4a00adc8b-006a27e418" "proxy-server 20" 0.0023 "-" 21 0
Jun 9 09:59:52 standalone proxy-server[128538]: 172.18.0.2 172.18.0.100 09/Jun/2026/09/59/52 GET /v1/AUTH_965784611b4942ca97c5d5124e699aa1/gnocchi.423b8616-0ae9-4f0f-8bdc-6eadaa22cbfb%3Fformat%3Djson%26states%3Dlisting HTTP/1.0 200 - python-swiftclient-3.11.1 gAAAAABqJ-M9MHvo... - 2 - tx1b89bed747da4a00adc8b-006a27e418 - 0.0185 - - 1780999192.893761635 1780999192.912302256 0
Jun 9 09:59:52 standalone object-server[126646]: 172.20.0.100 - - [09/Jun/2026:09:59:52 +0000] "GET /d1/168/AUTH_965784611b4942ca97c5d5124e699aa1/gnocchi.423b8616-0ae9-4f0f-8bdc-6eadaa22cbfb/1780920000.0_mean_300.0_v3" 404 70 "GET http://172.18.0.2:8080/v1/AUTH_965784611b4942ca97c5d5124e699aa1/gnocchi.423b8616-0ae9-4f0f-8bdc-6eadaa22cbfb/1780920000.0_mean_300.0_v3" "tx5612d42567104d05b1fda-006a27e418" "proxy-server 20" 0.0006 "-" 21 0
Jun 9 09:59:52 standalone proxy-server[128538]: 172.18.0.2 172.18.0.100 09/Jun/2026/09/59/52 GET /v1/AUTH_965784611b4942ca97c5d5124e699aa1/gnocchi.423b8616-0ae9-4f0f-8bdc-6eadaa22cbfb/1780920000.0_mean_300.0_v3 HTTP/1.0 404 - python-swiftclient-3.11.1 gAAAAABqJ-M9MHvo... - 70 - tx5612d42567104d05b1fda-006a27e418 - 0.0062 - - 1780999192.915607452 1780999192.921825171 0
Jun 9 09:59:52 standalone container-server[126537]: 172.20.0.100 - - [09/Jun/2026:09:59:52 +0000] "PUT /d1/743/AUTH_965784611b4942ca97c5d5124e699aa1/gnocchi.423b8616-0ae9-4f0f-8bdc-6eadaa22cbfb/1780920000.0_mean_300.0_v3" 201 - "PUT http://172.18.0.2:8080/d1/168/AUTH_965784611b4942ca97c5d5124e699aa1/gnocchi.423b8616-0ae9-4f0f-8bdc-6eadaa22cbfb/1780920000.0_mean_300.0_v3" "txc726a0bcca3d4ea3a9fa1-006a27e418" "object-server 24" 0.0009 "-" 22 0
Jun 9 09:59:52 standalone object-server[126667]: 172.20.0.100 - - [09/Jun/2026:09:59:52 +0000] "PUT /d1/168/AUTH_965784611b4942ca97c5d5124e699aa1/gnocchi.423b8616-0ae9-4f0f-8bdc-6eadaa22cbfb/1780920000.0_mean_300.0_v3" 201 - "PUT http://172.18.0.2:8080/v1/AUTH_965784611b4942ca97c5d5124e699aa1/gnocchi.423b8616-0ae9-4f0f-8bdc-6eadaa22cbfb/1780920000.0_mean_300.0_v3" "txc726a0bcca3d4ea3a9fa1-006a27e418" "proxy-server 20" 0.0090 "-" 24 0
Jun 9 09:59:52 standalone proxy-server[128538]: 172.18.0.2 172.18.0.100 09/Jun/2026/09/59/52 PUT /v1/AUTH_965784611b4942ca97c5d5124e699aa1/gnocchi.423b8616-0ae9-4f0f-8bdc-6eadaa22cbfb/1780920000.0_mean_300.0_v3 HTTP/1.0 201 - python-swiftclient-3.11.1 gAAAAABqJ-M9MHvo... 16 - - txc726a0bcca3d4ea3a9fa1-006a27e418 - 0.0139 - - 1780999192.924975157 1780999192.938892126 0
Jun 9 09:59:52 standalone container-server[126537]: 172.20.0.100 - - [09/Jun/2026:09:59:52 +0000] "PUT /d1/743/AUTH_965784611b4942ca97c5d5124e699aa1/gnocchi.423b8616-0ae9-4f0f-8bdc-6eadaa22cbfb/none_v3" 201 - "PUT http://172.18.0.2:8080/d1/523/AUTH_965784611b4942ca97c5d5124e699aa1/gnocchi.423b8616-0ae9-4f0f-8bdc-6eadaa22cbfb/none_v3" "txf703800bb87240afba420-006a27e418" "object-server 25" 0.0006 "-" 22 0
Jun 9 09:59:52 standalone object-server[126681]: 172.20.0.100 - - [09/Jun/2026:09:59:52 +0000] "PUT /d1/523/AUTH_965784611b4942ca97c5d5124e699aa1/gnocchi.423b8616-0ae9-4f0f-8bdc-6eadaa22cbfb/none_v3" 201 - "PUT http://172.18.0.2:8080/v1/AUTH_965784611b4942ca97c5d5124e699aa1/gnocchi.423b8616-0ae9-4f0f-8bdc-6eadaa22cbfb/none_v3" "txf703800bb87240afba420-006a27e418" "proxy-server 20" 0.0099 "-" 25 0
Jun 9 09:59:52 standalone proxy-server[128538]: 172.18.0.2 172.18.0.100 09/Jun/2026/09/59/52 PUT /v1/AUTH_965784611b4942ca97c5d5124e699aa1/gnocchi.423b8616-0ae9-4f0f-8bdc-6eadaa22cbfb/none_v3 HTTP/1.0 201 - python-swiftclient-3.11.1 gAAAAABqJ-M9MHvo... 22 - - txf703800bb87240afba420-006a27e418 - 0.0152 - - 1780999192.941231012 1780999192.956455708 0
Jun 9 09:59:52 standalone container-server[126527]: 172.20.0.100 - - [09/Jun/2026:09:59:52 +0000] "HEAD /d1/113/AUTH_965784611b4942ca97c5d5124e699aa1/gnocchi.6041fc11-89a0-485b-b30c-a7aebbc71803" 404 - "HEAD http://172.18.0.2:8080/v1/AUTH_965784611b4942ca97c5d5124e699aa1/gnocchi.6041fc11-89a0-485b-b30c-a7aebbc71803?format=json&states=listing" "tx0ee0761ab2bb4173a79d7-006a27e418" "proxy-server 20" 0.0007 "-" 20 0
Jun 9 09:59:52 standalone object-server[126667]: 172.20.0.100 - - [09/Jun/2026:09:59:52 +0000] "GET /d1/550/AUTH_965784611b4942ca97c5d5124e699aa1/gnocchi.6041fc11-89a0-485b-b30c-a7aebbc71803/none_v3" 404 70 "GET http://172.18.0.2:8080/v1/AUTH_965784611b4942ca97c5d5124e699aa1/gnocchi.6041fc11-89a0-485b-b30c-a7aebbc71803/none_v3" "tx0ee0761ab2bb4173a79d7-006a27e418" "proxy-server 20" 0.0003 "-" 24 0
Jun 9 09:59:52 standalone proxy-server[128538]: 172.18.0.2 172.18.0.100 09/Jun/2026/09/59/52 GET /v1/AUTH_965784611b4942ca97c5d5124e699aa1/gnocchi.6041fc11-89a0-485b-b30c-a7aebbc71803/none_v3 HTTP/1.0 404 - python-swiftclient-3.11.1 gAAAAABqJ-M9MHvo... - 70 - tx0ee0761ab2bb4173a79d7-006a27e418 - 0.0107 - - 1780999192.965140581 1780999192.975848198 0
Jun 9 09:59:52 standalone account-server[126445]: 172.20.0.100 - - [09/Jun/2026:09:59:52 +0000] "PUT /d1/199/AUTH_965784611b4942ca97c5d5124e699aa1/gnocchi.6041fc11-89a0-485b-b30c-a7aebbc71803" 201 - "PUT http://172.20.0.100:6001/d1/113/AUTH_965784611b4942ca97c5d5124e699aa1/gnocchi.6041fc11-89a0-485b-b30c-a7aebbc71803" "tx46b082573be243a7acb18-006a27e418" "container-server 23" 0.0054 "-" 23 0
Jun 9 09:59:52 standalone container-server[126540]: 172.20.0.100 - - [09/Jun/2026:09:59:52 +0000] "PUT /d1/113/AUTH_965784611b4942ca97c5d5124e699aa1/gnocchi.6041fc11-89a0-485b-b30c-a7aebbc71803" 201 - "PUT http://172.18.0.2:8080/v1/AUTH_965784611b4942ca97c5d5124e699aa1/gnocchi.6041fc11-89a0-485b-b30c-a7aebbc71803" "tx46b082573be243a7acb18-006a27e418" "proxy-server 20" 0.0159 "-" 23 0
Jun 9 09:59:53 standalone proxy-server[128538]: 172.18.0.2 172.18.0.100 09/Jun/2026/09/59/53 PUT /v1/AUTH_965784611b4942ca97c5d5124e699aa1/gnocchi.6041fc11-89a0-485b-b30c-a7aebbc71803 HTTP/1.0 201 - python-swiftclient-3.11.1 gAAAAABqJ-M9MHvo... - - - tx46b082573be243a7acb18-006a27e418 - 0.0225 - - 1780999192.978779078 1780999193.001283646 0
Jun 9 09:59:53 standalone container-server[126536]: 172.20.0.100 - - [09/Jun/2026:09:59:53 +0000] "HEAD /d1/113/AUTH_965784611b4942ca97c5d5124e699aa1/gnocchi.6041fc11-89a0-485b-b30c-a7aebbc71803" 204 - "HEAD http://172.18.0.2:8080/v1/AUTH_965784611b4942ca97c5d5124e699aa1/gnocchi.6041fc11-89a0-485b-b30c-a7aebbc71803?format=json&states=listing" "txb30a86c5ea3745d58c949-006a27e419" "proxy-server 20" 0.0015 "-" 21 0
Jun 9 09:59:53 standalone proxy-server[128538]: - - 09/Jun/2026/09/59/53 HEAD /v1/AUTH_965784611b4942ca97c5d5124e699aa1/gnocchi.6041fc11-89a0-485b-b30c-a7aebbc71803%3Fformat%3Djson%26states%3Dlisting HTTP/1.0 204 - Swift - - - - txb30a86c5ea3745d58c949-006a27e419 - 0.0044 RL - 1780999193.005893230 1780999193.010299444 0
Jun 9 09:59:53 standalone container-server[126537]: 172.20.0.100 - - [09/Jun/2026:09:59:53 +0000] "GET /d1/113/AUTH_965784611b4942ca97c5d5124e699aa1/gnocchi.6041fc11-89a0-485b-b30c-a7aebbc71803" 200 2 "GET http://172.18.0.2:8080/v1/AUTH_965784611b4942ca97c5d5124e699aa1/gnocchi.6041fc11-89a0-485b-b30c-a7aebbc71803?format=json&states=listing" "txb30a86c5ea3745d58c949-006a27e419" "proxy-server 20" 0.0034 "-" 22 0
Jun 9 09:59:53 standalone proxy-server[128538]: 172.18.0.2 172.18.0.100 09/Jun/2026/09/59/53 GET /v1/AUTH_965784611b4942ca97c5d5124e699aa1/gnocchi.6041fc11-89a0-485b-b30c-a7aebbc71803%3Fformat%3Djson%26states%3Dlisting HTTP/1.0 200 - python-swiftclient-3.11.1 gAAAAABqJ-M9MHvo... - 2 - txb30a86c5ea3745d58c949-006a27e419 - 0.0148 - - 1780999193.004892826 1780999193.019717216 0
Jun 9 09:59:53 standalone object-server[126656]: 172.20.0.100 - - [09/Jun/2026:09:59:53 +0000] "GET /d1/533/AUTH_965784611b4942ca97c5d5124e699aa1/gnocchi.6041fc11-89a0-485b-b30c-a7aebbc71803/1780920000.0_mean_300.0_v3" 404 70 "GET http://172.18.0.2:8080/v1/AUTH_965784611b4942ca97c5d5124e699aa1/gnocchi.6041fc11-89a0-485b-b30c-a7aebbc71803/1780920000.0_mean_300.0_v3" "txc8de9881150c4537a4e53-006a27e419" "proxy-server 20" 0.0003 "-" 23 0
Jun 9 09:59:53 standalone proxy-server[128538]: 172.18.0.2 172.18.0.100 09/Jun/2026/09/59/53 GET /v1/AUTH_965784611b4942ca97c5d5124e699aa1/gnocchi.6041fc11-89a0-485b-b30c-a7aebbc71803/1780920000.0_mean_300.0_v3 HTTP/1.0 404 - python-swiftclient-3.11.1 gAAAAABqJ-M9MHvo... - 70 - txc8de9881150c4537a4e53-006a27e419 - 0.0045 - - 1780999193.023502588 1780999193.028035402 0
Jun 9 09:59:53 standalone container-server[126540]: 172.20.0.100 - - [09/Jun/2026:09:59:53 +0000] "PUT /d1/113/AUTH_965784611b4942ca97c5d5124e699aa1/gnocchi.6041fc11-89a0-485b-b30c-a7aebbc71803/1780920000.0_mean_300.0_v3" 201 - "PUT http://172.18.0.2:8080/d1/533/AUTH_965784611b4942ca97c5d5124e699aa1/gnocchi.6041fc11-89a0-485b-b30c-a7aebbc71803/1780920000.0_mean_300.0_v3" "tx22d2c55cb6e649299ce9b-006a27e419" "object-server 21" 0.0009 "-" 23 0
Jun 9 09:59:53 standalone object-server[126646]: 172.20.0.100 - - [09/Jun/2026:09:59:53 +0000] "PUT /d1/533/AUTH_965784611b4942ca97c5d5124e699aa1/gnocchi.6041fc11-89a0-485b-b30c-a7aebbc71803/1780920000.0_mean_300.0_v3" 201 - "PUT http://172.18.0.2:8080/v1/AUTH_965784611b4942ca97c5d5124e699aa1/gnocchi.6041fc11-89a0-485b-b30c-a7aebbc71803/1780920000.0_mean_300.0_v3" "tx22d2c55cb6e649299ce9b-006a27e419" "proxy-server 20" 0.0092 "-" 21 0
Jun 9 09:59:53 standalone proxy-server[128538]: 172.18.0.2 172.18.0.100 09/Jun/2026/09/59/53 PUT /v1/AUTH_965784611b4942ca97c5d5124e699aa1/gnocchi.6041fc11-89a0-485b-b30c-a7aebbc71803/1780920000.0_mean_300.0_v3 HTTP/1.0 201 - python-swiftclient-3.11.1 gAAAAABqJ-M9MHvo... 16 - - tx22d2c55cb6e649299ce9b-006a27e419 - 0.0166 - - 1780999193.030842066 1780999193.047456503 0
Jun 9 09:59:53 standalone container-server[126540]: 172.20.0.100 - - [09/Jun/2026:09:59:53 +0000] "PUT /d1/113/AUTH_965784611b4942ca97c5d5124e699aa1/gnocchi.6041fc11-89a0-485b-b30c-a7aebbc71803/none_v3" 201 - "PUT http://172.18.0.2:8080/d1/550/AUTH_965784611b4942ca97c5d5124e699aa1/gnocchi.6041fc11-89a0-485b-b30c-a7aebbc71803/none_v3" "txe22a8106de854d3f8ccc7-006a27e419" "object-server 25" 0.0006 "-" 23 0
Jun 9 09:59:53 standalone object-server[126681]: 172.20.0.100 - - [09/Jun/2026:09:59:53 +0000] "PUT /d1/550/AUTH_965784611b4942ca97c5d5124e699aa1/gnocchi.6041fc11-89a0-485b-b30c-a7aebbc71803/none_v3" 201 - "PUT http://172.18.0.2:8080/v1/AUTH_965784611b4942ca97c5d5124e699aa1/gnocchi.6041fc11-89a0-485b-b30c-a7aebbc71803/none_v3" "txe22a8106de854d3f8ccc7-006a27e419" "proxy-server 20" 0.0079 "-" 25 0
Jun 9 09:59:53 standalone proxy-server[128538]: 172.18.0.2 172.18.0.100 09/Jun/2026/09/59/53 PUT /v1/AUTH_965784611b4942ca97c5d5124e699aa1/gnocchi.6041fc11-89a0-485b-b30c-a7aebbc71803/none_v3 HTTP/1.0 201 - python-swiftclient-3.11.1 gAAAAABqJ-M9MHvo... 22 - - txe22a8106de854d3f8ccc7-006a27e419 - 0.0152 - - 1780999193.049554825 1780999193.064801455 0
Jun 9 09:59:53 standalone container-server[126527]: 172.20.0.100 - - [09/Jun/2026:09:59:53 +0000] "HEAD /d1/717/AUTH_965784611b4942ca97c5d5124e699aa1/gnocchi.219c78d0-ac94-40b7-90b6-b941d89c8e24" 404 - "HEAD http://172.18.0.2:8080/v1/AUTH_965784611b4942ca97c5d5124e699aa1/gnocchi.219c78d0-ac94-40b7-90b6-b941d89c8e24?format=json&states=listing" "txf79661f2877c4dce889b5-006a27e419" "proxy-server 20" 0.0004 "-" 20 0
Jun 9 09:59:53 standalone object-server[126667]: 172.20.0.100 - - [09/Jun/2026:09:59:53 +0000] "GET /d1/407/AUTH_965784611b4942ca97c5d5124e699aa1/gnocchi.219c78d0-ac94-40b7-90b6-b941d89c8e24/none_v3" 404 70 "GET http://172.18.0.2:8080/v1/AUTH_965784611b4942ca97c5d5124e699aa1/gnocchi.219c78d0-ac94-40b7-90b6-b941d89c8e24/none_v3" "txf79661f2877c4dce889b5-006a27e419" "proxy-server 20" 0.0004 "-" 24 0
Jun 9 09:59:53 standalone proxy-server[128538]: 172.18.0.2 172.18.0.100 09/Jun/2026/09/59/53 GET /v1/AUTH_965784611b4942ca97c5d5124e699aa1/gnocchi.219c78d0-ac94-40b7-90b6-b941d89c8e24/none_v3 HTTP/1.0 404 - python-swiftclient-3.11.1 gAAAAABqJ-M9MHvo... - 70 - txf79661f2877c4dce889b5-006a27e419 - 0.0103 - - 1780999193.077230453 1780999193.087563276 0
Jun 9 09:59:53 standalone account-server[126435]: 172.20.0.100 - - [09/Jun/2026:09:59:53 +0000] "PUT /d1/199/AUTH_965784611b4942ca97c5d5124e699aa1/gnocchi.219c78d0-ac94-40b7-90b6-b941d89c8e24" 201 - "PUT http://172.20.0.100:6001/d1/717/AUTH_965784611b4942ca97c5d5124e699aa1/gnocchi.219c78d0-ac94-40b7-90b6-b941d89c8e24" "tx01c70e8e55b94c4cb34a9-006a27e419" "container-server 22" 0.0049 "-" 22 0
Jun 9 09:59:53 standalone container-server[126537]: 172.20.0.100 - - [09/Jun/2026:09:59:53 +0000] "PUT /d1/717/AUTH_965784611b4942ca97c5d5124e699aa1/gnocchi.219c78d0-ac94-40b7-90b6-b941d89c8e24" 201 - "PUT http://172.18.0.2:8080/v1/AUTH_965784611b4942ca97c5d5124e699aa1/gnocchi.219c78d0-ac94-40b7-90b6-b941d89c8e24" "tx01c70e8e55b94c4cb34a9-006a27e419" "proxy-server 20" 0.0183 "-" 22 0
Jun 9 09:59:53 standalone proxy-server[128538]: 172.18.0.2 172.18.0.100 09/Jun/2026/09/59/53 PUT /v1/AUTH_965784611b4942ca97c5d5124e699aa1/gnocchi.219c78d0-ac94-40b7-90b6-b941d89c8e24 HTTP/1.0 201 - python-swiftclient-3.11.1 gAAAAABqJ-M9MHvo... - - - tx01c70e8e55b94c4cb34a9-006a27e419 - 0.0237 - - 1780999193.089919567 1780999193.113597393 0
Jun 9 09:59:53 standalone container-server[126540]: 172.20.0.100 - - [09/Jun/2026:09:59:53 +0000] "HEAD /d1/717/AUTH_965784611b4942ca97c5d5124e699aa1/gnocchi.219c78d0-ac94-40b7-90b6-b941d89c8e24" 204 - "HEAD http://172.18.0.2:8080/v1/AUTH_965784611b4942ca97c5d5124e699aa1/gnocchi.219c78d0-ac94-40b7-90b6-b941d89c8e24?format=json&states=listing" "txbc6fc707ac19443fa8f15-006a27e419" "proxy-server 20" 0.0023 "-" 23 0
Jun 9 09:59:53 standalone proxy-server[128538]: - - 09/Jun/2026/09/59/53 HEAD /v1/AUTH_965784611b4942ca97c5d5124e699aa1/gnocchi.219c78d0-ac94-40b7-90b6-b941d89c8e24%3Fformat%3Djson%26states%3Dlisting HTTP/1.0 204 - Swift - - - - txbc6fc707ac19443fa8f15-006a27e419 - 0.0061 RL - 1780999193.117676497 1780999193.123770952 0
Jun 9 09:59:53 standalone container-server[126537]: 172.20.0.100 - - [09/Jun/2026:09:59:53 +0000] "GET /d1/717/AUTH_965784611b4942ca97c5d5124e699aa1/gnocchi.219c78d0-ac94-40b7-90b6-b941d89c8e24" 200 2 "GET http://172.18.0.2:8080/v1/AUTH_965784611b4942ca97c5d5124e699aa1/gnocchi.219c78d0-ac94-40b7-90b6-b941d89c8e24?format=json&states=listing" "txbc6fc707ac19443fa8f15-006a27e419" "proxy-server 20" 0.0023 "-" 22 0
Jun 9 09:59:53 standalone proxy-server[128538]: 172.18.0.2 172.18.0.100 09/Jun/2026/09/59/53 GET /v1/AUTH_965784611b4942ca97c5d5124e699aa1/gnocchi.219c78d0-ac94-40b7-90b6-b941d89c8e24%3Fformat%3Djson%26states%3Dlisting HTTP/1.0 200 - python-swiftclient-3.11.1 gAAAAABqJ-M9MHvo... - 2 - txbc6fc707ac19443fa8f15-006a27e419 - 0.0150 - - 1780999193.116682053 1780999193.131703377 0
Jun 9 09:59:53 standalone object-server[126646]: 172.20.0.100 - - [09/Jun/2026:09:59:53 +0000] "GET /d1/818/AUTH_965784611b4942ca97c5d5124e699aa1/gnocchi.219c78d0-ac94-40b7-90b6-b941d89c8e24/1780920000.0_mean_300.0_v3" 404 70 "GET http://172.18.0.2:8080/v1/AUTH_965784611b4942ca97c5d5124e699aa1/gnocchi.219c78d0-ac94-40b7-90b6-b941d89c8e24/1780920000.0_mean_300.0_v3" "tx83656189a7df4e3cb6827-006a27e419" "proxy-server 20" 0.0003 "-" 21 0
