Jun 19 13:35:08 standalone object-server[129015]: 172.20.0.100 - - [19/Jun/2026:13:35:08 +0000] "PUT /d1/818/AUTH_211c322d753947e4b9c2de7ea51ce833/gnocchi.a03991fb-60e8-423b-8172-1378349b6d38/none_v3" 201 - "PUT http://172.18.0.2:8080/v1/AUTH_211c322d753947e4b9c2de7ea51ce833/gnocchi.a03991fb-60e8-423b-8172-1378349b6d38/none_v3" "tx10de5fd6345f42f89d64b-006a35458c" "proxy-server 20" 0.0123 "-" 24 0
Jun 19 13:35:08 standalone proxy-server[131064]: 172.18.0.2 172.18.0.100 19/Jun/2026/13/35/08 PUT /v1/AUTH_211c322d753947e4b9c2de7ea51ce833/gnocchi.a03991fb-60e8-423b-8172-1378349b6d38/none_v3 HTTP/1.0 201 - python-swiftclient-3.11.1 gAAAAABqNUUBbKBV... 22 - - tx10de5fd6345f42f89d64b-006a35458c - 0.0196 - - 1781876108.253750086 1781876108.273324966 0
Jun 19 13:35:08 standalone container-server[128916]: 172.20.0.100 - - [19/Jun/2026:13:35:08 +0000] "HEAD /d1/452/AUTH_211c322d753947e4b9c2de7ea51ce833/gnocchi.c534232e-1aa3-4c5d-a113-d055b8b3b99e" 404 - "HEAD http://172.18.0.2:8080/v1/AUTH_211c322d753947e4b9c2de7ea51ce833/gnocchi.c534232e-1aa3-4c5d-a113-d055b8b3b99e?format=json&states=listing" "txe2c50013cda34570a2996-006a35458c" "proxy-server 20" 0.0008 "-" 21 0
Jun 19 13:35:08 standalone object-server[129015]: 172.20.0.100 - - [19/Jun/2026:13:35:08 +0000] "GET /d1/700/AUTH_211c322d753947e4b9c2de7ea51ce833/gnocchi.c534232e-1aa3-4c5d-a113-d055b8b3b99e/none_v3" 404 70 "GET http://172.18.0.2:8080/v1/AUTH_211c322d753947e4b9c2de7ea51ce833/gnocchi.c534232e-1aa3-4c5d-a113-d055b8b3b99e/none_v3" "txe2c50013cda34570a2996-006a35458c" "proxy-server 20" 0.0003 "-" 24 0
Jun 19 13:35:08 standalone proxy-server[131064]: 172.18.0.2 172.18.0.100 19/Jun/2026/13/35/08 GET /v1/AUTH_211c322d753947e4b9c2de7ea51ce833/gnocchi.c534232e-1aa3-4c5d-a113-d055b8b3b99e/none_v3 HTTP/1.0 404 - python-swiftclient-3.11.1 gAAAAABqNUUBbKBV... - 70 - txe2c50013cda34570a2996-006a35458c - 0.0130 - - 1781876108.292334795 1781876108.305324078 0
Jun 19 13:35:08 standalone account-server[128777]: 172.20.0.100 - - [19/Jun/2026:13:35:08 +0000] "PUT /d1/628/AUTH_211c322d753947e4b9c2de7ea51ce833/gnocchi.c534232e-1aa3-4c5d-a113-d055b8b3b99e" 201 - "PUT http://172.20.0.100:6001/d1/452/AUTH_211c322d753947e4b9c2de7ea51ce833/gnocchi.c534232e-1aa3-4c5d-a113-d055b8b3b99e" "tx38d06d4f4041491686721-006a35458c" "container-server 23" 0.0051 "-" 20 0
Jun 19 13:35:08 standalone container-server[128934]: 172.20.0.100 - - [19/Jun/2026:13:35:08 +0000] "PUT /d1/452/AUTH_211c322d753947e4b9c2de7ea51ce833/gnocchi.c534232e-1aa3-4c5d-a113-d055b8b3b99e" 201 - "PUT http://172.18.0.2:8080/v1/AUTH_211c322d753947e4b9c2de7ea51ce833/gnocchi.c534232e-1aa3-4c5d-a113-d055b8b3b99e" "tx38d06d4f4041491686721-006a35458c" "proxy-server 20" 0.0185 "-" 23 0
Jun 19 13:35:08 standalone proxy-server[131064]: 172.18.0.2 172.18.0.100 19/Jun/2026/13/35/08 PUT /v1/AUTH_211c322d753947e4b9c2de7ea51ce833/gnocchi.c534232e-1aa3-4c5d-a113-d055b8b3b99e HTTP/1.0 201 - python-swiftclient-3.11.1 gAAAAABqNUUBbKBV... - - - tx38d06d4f4041491686721-006a35458c - 0.0255 - - 1781876108.309067249 1781876108.334570408 0
Jun 19 13:35:08 standalone container-server[128934]: 172.20.0.100 - - [19/Jun/2026:13:35:08 +0000] "HEAD /d1/452/AUTH_211c322d753947e4b9c2de7ea51ce833/gnocchi.c534232e-1aa3-4c5d-a113-d055b8b3b99e" 204 - "HEAD http://172.18.0.2:8080/v1/AUTH_211c322d753947e4b9c2de7ea51ce833/gnocchi.c534232e-1aa3-4c5d-a113-d055b8b3b99e?format=json&states=listing" "txcc68e2dc9927430c8c76f-006a35458c" "proxy-server 20" 0.0020 "-" 23 0
Jun 19 13:35:08 standalone proxy-server[131064]: - - 19/Jun/2026/13/35/08 HEAD /v1/AUTH_211c322d753947e4b9c2de7ea51ce833/gnocchi.c534232e-1aa3-4c5d-a113-d055b8b3b99e%3Fformat%3Djson%26states%3Dlisting HTTP/1.0 204 - Swift - - - - txcc68e2dc9927430c8c76f-006a35458c - 0.0054 RL - 1781876108.341191530 1781876108.346586227 0
Jun 19 13:35:08 standalone container-server[128912]: 172.20.0.100 - - [19/Jun/2026:13:35:08 +0000] "GET /d1/452/AUTH_211c322d753947e4b9c2de7ea51ce833/gnocchi.c534232e-1aa3-4c5d-a113-d055b8b3b99e" 200 2 "GET http://172.18.0.2:8080/v1/AUTH_211c322d753947e4b9c2de7ea51ce833/gnocchi.c534232e-1aa3-4c5d-a113-d055b8b3b99e?format=json&states=listing" "txcc68e2dc9927430c8c76f-006a35458c" "proxy-server 20" 0.0029 "-" 20 0
Jun 19 13:35:08 standalone proxy-server[131064]: 172.18.0.2 172.18.0.100 19/Jun/2026/13/35/08 GET /v1/AUTH_211c322d753947e4b9c2de7ea51ce833/gnocchi.c534232e-1aa3-4c5d-a113-d055b8b3b99e%3Fformat%3Djson%26states%3Dlisting HTTP/1.0 200 - python-swiftclient-3.11.1 gAAAAABqNUUBbKBV... - 2 - txcc68e2dc9927430c8c76f-006a35458c - 0.0170 - - 1781876108.340060234 1781876108.357032299 0
Jun 19 13:35:08 standalone object-server[129015]: 172.20.0.100 - - [19/Jun/2026:13:35:08 +0000] "GET /d1/648/AUTH_211c322d753947e4b9c2de7ea51ce833/gnocchi.c534232e-1aa3-4c5d-a113-d055b8b3b99e/1780920000.0_mean_300.0_v3" 404 70 "GET http://172.18.0.2:8080/v1/AUTH_211c322d753947e4b9c2de7ea51ce833/gnocchi.c534232e-1aa3-4c5d-a113-d055b8b3b99e/1780920000.0_mean_300.0_v3" "tx0216ac521bb54cb6b6943-006a35458c" "proxy-server 20" 0.0005 "-" 24 0
Jun 19 13:35:08 standalone proxy-server[131064]: 172.18.0.2 172.18.0.100 19/Jun/2026/13/35/08 GET /v1/AUTH_211c322d753947e4b9c2de7ea51ce833/gnocchi.c534232e-1aa3-4c5d-a113-d055b8b3b99e/1780920000.0_mean_300.0_v3 HTTP/1.0 404 - python-swiftclient-3.11.1 gAAAAABqNUUBbKBV... - 70 - tx0216ac521bb54cb6b6943-006a35458c - 0.0075 - - 1781876108.363567591 1781876108.371075869 0
Jun 19 13:35:08 standalone container-server[128912]: 172.20.0.100 - - [19/Jun/2026:13:35:08 +0000] "PUT /d1/452/AUTH_211c322d753947e4b9c2de7ea51ce833/gnocchi.c534232e-1aa3-4c5d-a113-d055b8b3b99e/1780920000.0_mean_300.0_v3" 201 - "PUT http://172.18.0.2:8080/d1/648/AUTH_211c322d753947e4b9c2de7ea51ce833/gnocchi.c534232e-1aa3-4c5d-a113-d055b8b3b99e/1780920000.0_mean_300.0_v3" "tx6cbfe2773ee14fc6b84e4-006a35458c" "object-server 23" 0.0009 "-" 20 0
Jun 19 13:35:08 standalone object-server[129014]: 172.20.0.100 - - [19/Jun/2026:13:35:08 +0000] "PUT /d1/648/AUTH_211c322d753947e4b9c2de7ea51ce833/gnocchi.c534232e-1aa3-4c5d-a113-d055b8b3b99e/1780920000.0_mean_300.0_v3" 201 - "PUT http://172.18.0.2:8080/v1/AUTH_211c322d753947e4b9c2de7ea51ce833/gnocchi.c534232e-1aa3-4c5d-a113-d055b8b3b99e/1780920000.0_mean_300.0_v3" "tx6cbfe2773ee14fc6b84e4-006a35458c" "proxy-server 20" 0.0154 "-" 23 0
Jun 19 13:35:08 standalone proxy-server[131064]: 172.18.0.2 172.18.0.100 19/Jun/2026/13/35/08 PUT /v1/AUTH_211c322d753947e4b9c2de7ea51ce833/gnocchi.c534232e-1aa3-4c5d-a113-d055b8b3b99e/1780920000.0_mean_300.0_v3 HTTP/1.0 201 - python-swiftclient-3.11.1 gAAAAABqNUUBbKBV... 16 - - tx6cbfe2773ee14fc6b84e4-006a35458c - 0.0226 - - 1781876108.375354767 1781876108.397994757 0
Jun 19 13:35:08 standalone container-server[128934]: 172.20.0.100 - - [19/Jun/2026:13:35:08 +0000] "PUT /d1/452/AUTH_211c322d753947e4b9c2de7ea51ce833/gnocchi.c534232e-1aa3-4c5d-a113-d055b8b3b99e/none_v3" 201 - "PUT http://172.18.0.2:8080/d1/700/AUTH_211c322d753947e4b9c2de7ea51ce833/gnocchi.c534232e-1aa3-4c5d-a113-d055b8b3b99e/none_v3" "txa608e78a1e324d7f98c0f-006a35458c" "object-server 25" 0.0012 "-" 23 0
Jun 19 13:35:08 standalone object-server[129016]: 172.20.0.100 - - [19/Jun/2026:13:35:08 +0000] "PUT /d1/700/AUTH_211c322d753947e4b9c2de7ea51ce833/gnocchi.c534232e-1aa3-4c5d-a113-d055b8b3b99e/none_v3" 201 - "PUT http://172.18.0.2:8080/v1/AUTH_211c322d753947e4b9c2de7ea51ce833/gnocchi.c534232e-1aa3-4c5d-a113-d055b8b3b99e/none_v3" "txa608e78a1e324d7f98c0f-006a35458c" "proxy-server 20" 0.0214 "-" 25 0
Jun 19 13:35:08 standalone proxy-server[131064]: 172.18.0.2 172.18.0.100 19/Jun/2026/13/35/08 PUT /v1/AUTH_211c322d753947e4b9c2de7ea51ce833/gnocchi.c534232e-1aa3-4c5d-a113-d055b8b3b99e/none_v3 HTTP/1.0 201 - python-swiftclient-3.11.1 gAAAAABqNUUBbKBV... 22 - - txa608e78a1e324d7f98c0f-006a35458c - 0.0293 - - 1781876108.402390242 1781876108.431731701 0
Jun 19 13:35:08 standalone container-server[128916]: 172.20.0.100 - - [19/Jun/2026:13:35:08 +0000] "HEAD /d1/670/AUTH_211c322d753947e4b9c2de7ea51ce833/gnocchi.1b5746bf-1466-4f02-aaf1-626391616735" 404 - "HEAD http://172.18.0.2:8080/v1/AUTH_211c322d753947e4b9c2de7ea51ce833/gnocchi.1b5746bf-1466-4f02-aaf1-626391616735?format=json&states=listing" "tx31d66bf2495c4f0cad98b-006a35458c" "proxy-server 20" 0.0011 "-" 21 0
Jun 19 13:35:08 standalone object-server[129015]: 172.20.0.100 - - [19/Jun/2026:13:35:08 +0000] "GET /d1/660/AUTH_211c322d753947e4b9c2de7ea51ce833/gnocchi.1b5746bf-1466-4f02-aaf1-626391616735/none_v3" 404 70 "GET http://172.18.0.2:8080/v1/AUTH_211c322d753947e4b9c2de7ea51ce833/gnocchi.1b5746bf-1466-4f02-aaf1-626391616735/none_v3" "tx31d66bf2495c4f0cad98b-006a35458c" "proxy-server 20" 0.0004 "-" 24 0
Jun 19 13:35:08 standalone proxy-server[131064]: 172.18.0.2 172.18.0.100 19/Jun/2026/13/35/08 GET /v1/AUTH_211c322d753947e4b9c2de7ea51ce833/gnocchi.1b5746bf-1466-4f02-aaf1-626391616735/none_v3 HTTP/1.0 404 - python-swiftclient-3.11.1 gAAAAABqNUUBbKBV... - 70 - tx31d66bf2495c4f0cad98b-006a35458c - 0.0140 - - 1781876108.451828241 1781876108.465816975 0
Jun 19 13:35:08 standalone account-server[128786]: 172.20.0.100 - - [19/Jun/2026:13:35:08 +0000] "PUT /d1/628/AUTH_211c322d753947e4b9c2de7ea51ce833/gnocchi.1b5746bf-1466-4f02-aaf1-626391616735" 201 - "PUT http://172.20.0.100:6001/d1/670/AUTH_211c322d753947e4b9c2de7ea51ce833/gnocchi.1b5746bf-1466-4f02-aaf1-626391616735" "txc90b2159cf5b41c1955dd-006a35458c" "container-server 23" 0.0042 "-" 22 0
Jun 19 13:35:08 standalone container-server[128934]: 172.20.0.100 - - [19/Jun/2026:13:35:08 +0000] "PUT /d1/670/AUTH_211c322d753947e4b9c2de7ea51ce833/gnocchi.1b5746bf-1466-4f02-aaf1-626391616735" 201 - "PUT http://172.18.0.2:8080/v1/AUTH_211c322d753947e4b9c2de7ea51ce833/gnocchi.1b5746bf-1466-4f02-aaf1-626391616735" "txc90b2159cf5b41c1955dd-006a35458c" "proxy-server 20" 0.0180 "-" 23 0
Jun 19 13:35:08 standalone proxy-server[131064]: 172.18.0.2 172.18.0.100 19/Jun/2026/13/35/08 PUT /v1/AUTH_211c322d753947e4b9c2de7ea51ce833/gnocchi.1b5746bf-1466-4f02-aaf1-626391616735 HTTP/1.0 201 - python-swiftclient-3.11.1 gAAAAABqNUUBbKBV... - - - txc90b2159cf5b41c1955dd-006a35458c - 0.0241 - - 1781876108.470674753 1781876108.494818926 0
Jun 19 13:35:08 standalone container-server[128916]: 172.20.0.100 - - [19/Jun/2026:13:35:08 +0000] "HEAD /d1/670/AUTH_211c322d753947e4b9c2de7ea51ce833/gnocchi.1b5746bf-1466-4f02-aaf1-626391616735" 204 - "HEAD http://172.18.0.2:8080/v1/AUTH_211c322d753947e4b9c2de7ea51ce833/gnocchi.1b5746bf-1466-4f02-aaf1-626391616735?format=json&states=listing" "txd0174b3de6184e1baff84-006a35458c" "proxy-server 20" 0.0037 "-" 21 0
Jun 19 13:35:08 standalone proxy-server[131064]: - - 19/Jun/2026/13/35/08 HEAD /v1/AUTH_211c322d753947e4b9c2de7ea51ce833/gnocchi.1b5746bf-1466-4f02-aaf1-626391616735%3Fformat%3Djson%26states%3Dlisting HTTP/1.0 204 - Swift - - - - txd0174b3de6184e1baff84-006a35458c - 0.0087 RL - 1781876108.502749205 1781876108.511453390 0
Jun 19 13:35:08 standalone container-server[128916]: 172.20.0.100 - - [19/Jun/2026:13:35:08 +0000] "GET /d1/670/AUTH_211c322d753947e4b9c2de7ea51ce833/gnocchi.1b5746bf-1466-4f02-aaf1-626391616735" 200 2 "GET http://172.18.0.2:8080/v1/AUTH_211c322d753947e4b9c2de7ea51ce833/gnocchi.1b5746bf-1466-4f02-aaf1-626391616735?format=json&states=listing" "txd0174b3de6184e1baff84-006a35458c" "proxy-server 20" 0.0033 "-" 21 0
Jun 19 13:35:08 standalone proxy-server[131064]: 172.18.0.2 172.18.0.100 19/Jun/2026/13/35/08 GET /v1/AUTH_211c322d753947e4b9c2de7ea51ce833/gnocchi.1b5746bf-1466-4f02-aaf1-626391616735%3Fformat%3Djson%26states%3Dlisting HTTP/1.0 200 - python-swiftclient-3.11.1 gAAAAABqNUUBbKBV... - 2 - txd0174b3de6184e1baff84-006a35458c - 0.0205 - - 1781876108.501281738 1781876108.521770239 0
Jun 19 13:35:08 standalone object-server[129015]: 172.20.0.100 - - [19/Jun/2026:13:35:08 +0000] "GET /d1/970/AUTH_211c322d753947e4b9c2de7ea51ce833/gnocchi.1b5746bf-1466-4f02-aaf1-626391616735/1780920000.0_mean_300.0_v3" 404 70 "GET http://172.18.0.2:8080/v1/AUTH_211c322d753947e4b9c2de7ea51ce833/gnocchi.1b5746bf-1466-4f02-aaf1-626391616735/1780920000.0_mean_300.0_v3" "tx87864ed62393493c92da2-006a35458c" "proxy-server 20" 0.0003 "-" 24 0
Jun 19 13:35:08 standalone proxy-server[131064]: 172.18.0.2 172.18.0.100 19/Jun/2026/13/35/08 GET /v1/AUTH_211c322d753947e4b9c2de7ea51ce833/gnocchi.1b5746bf-1466-4f02-aaf1-626391616735/1780920000.0_mean_300.0_v3 HTTP/1.0 404 - python-swiftclient-3.11.1 gAAAAABqNUUBbKBV... - 70 - tx87864ed62393493c92da2-006a35458c - 0.0067 - - 1781876108.527993441 1781876108.534672737 0
Jun 19 13:35:08 standalone container-server[128912]: 172.20.0.100 - - [19/Jun/2026:13:35:08 +0000] "PUT /d1/670/AUTH_211c322d753947e4b9c2de7ea51ce833/gnocchi.1b5746bf-1466-4f02-aaf1-626391616735/1780920000.0_mean_300.0_v3" 201 - "PUT http://172.18.0.2:8080/d1/970/AUTH_211c322d753947e4b9c2de7ea51ce833/gnocchi.1b5746bf-1466-4f02-aaf1-626391616735/1780920000.0_mean_300.0_v3" "tx5fa7b026fc904531983a5-006a35458c" "object-server 24" 0.0008 "-" 20 0
Jun 19 13:35:08 standalone object-server[129015]: 172.20.0.100 - - [19/Jun/2026:13:35:08 +0000] "PUT /d1/970/AUTH_211c322d753947e4b9c2de7ea51ce833/gnocchi.1b5746bf-1466-4f02-aaf1-626391616735/1780920000.0_mean_300.0_v3" 201 - "PUT http://172.18.0.2:8080/v1/AUTH_211c322d753947e4b9c2de7ea51ce833/gnocchi.1b5746bf-1466-4f02-aaf1-626391616735/1780920000.0_mean_300.0_v3" "tx5fa7b026fc904531983a5-006a35458c" "proxy-server 20" 0.0139 "-" 24 0
Jun 19 13:35:08 standalone proxy-server[131064]: 172.18.0.2 172.18.0.100 19/Jun/2026/13/35/08 PUT /v1/AUTH_211c322d753947e4b9c2de7ea51ce833/gnocchi.1b5746bf-1466-4f02-aaf1-626391616735/1780920000.0_mean_300.0_v3 HTTP/1.0 201 - python-swiftclient-3.11.1 gAAAAABqNUUBbKBV... 16 - - tx5fa7b026fc904531983a5-006a35458c - 0.0207 - - 1781876108.541483164 1781876108.562172890 0
Jun 19 13:35:08 standalone container-server[128934]: 172.20.0.100 - - [19/Jun/2026:13:35:08 +0000] "PUT /d1/670/AUTH_211c322d753947e4b9c2de7ea51ce833/gnocchi.1b5746bf-1466-4f02-aaf1-626391616735/none_v3" 201 - "PUT http://172.18.0.2:8080/d1/660/AUTH_211c322d753947e4b9c2de7ea51ce833/gnocchi.1b5746bf-1466-4f02-aaf1-626391616735/none_v3" "tx9fbb545eedde423d81b1f-006a35458c" "object-server 25" 0.0011 "-" 23 0
Jun 19 13:35:08 standalone object-server[129016]: 172.20.0.100 - - [19/Jun/2026:13:35:08 +0000] "PUT /d1/660/AUTH_211c322d753947e4b9c2de7ea51ce833/gnocchi.1b5746bf-1466-4f02-aaf1-626391616735/none_v3" 201 - "PUT http://172.18.0.2:8080/v1/AUTH_211c322d753947e4b9c2de7ea51ce833/gnocchi.1b5746bf-1466-4f02-aaf1-626391616735/none_v3" "tx9fbb545eedde423d81b1f-006a35458c" "proxy-server 20" 0.0143 "-" 25 0
Jun 19 13:35:08 standalone proxy-server[131064]: 172.18.0.2 172.18.0.100 19/Jun/2026/13/35/08 PUT /v1/AUTH_211c322d753947e4b9c2de7ea51ce833/gnocchi.1b5746bf-1466-4f02-aaf1-626391616735/none_v3 HTTP/1.0 201 - python-swiftclient-3.11.1 gAAAAABqNUUBbKBV... 22 - - tx9fbb545eedde423d81b1f-006a35458c - 0.0229 - - 1781876108.567104340 1781876108.590025902 0
Jun 19 13:35:18 standalone container-server[128934]: 172.20.0.100 - - [19/Jun/2026:13:35:18 +0000] "HEAD /d1/880/AUTH_211c322d753947e4b9c2de7ea51ce833/gnocchi.236d8a24-791b-411f-b457-7fa8cad3fd69" 404 - "HEAD http://172.18.0.2:8080/v1/AUTH_211c322d753947e4b9c2de7ea51ce833/gnocchi.236d8a24-791b-411f-b457-7fa8cad3fd69?format=json&states=listing" "tx5b4f08a7256041a8a0464-006a354596" "proxy-server 20" 0.0008 "-" 23 0
Jun 19 13:35:18 standalone object-server[129006]: 172.20.0.100 - - [19/Jun/2026:13:35:18 +0000] "GET /d1/787/AUTH_211c322d753947e4b9c2de7ea51ce833/gnocchi.236d8a24-791b-411f-b457-7fa8cad3fd69/none_v3" 404 70 "GET http://172.18.0.2:8080/v1/AUTH_211c322d753947e4b9c2de7ea51ce833/gnocchi.236d8a24-791b-411f-b457-7fa8cad3fd69/none_v3" "tx5b4f08a7256041a8a0464-006a354596" "proxy-server 20" 0.0008 "-" 22 0
Jun 19 13:35:18 standalone proxy-server[131064]: 172.18.0.2 172.18.0.100 19/Jun/2026/13/35/18 GET /v1/AUTH_211c322d753947e4b9c2de7ea51ce833/gnocchi.236d8a24-791b-411f-b457-7fa8cad3fd69/none_v3 HTTP/1.0 404 - python-swiftclient-3.11.1 gAAAAABqNUUBbKBV... - 70 - tx5b4f08a7256041a8a0464-006a354596 - 0.0132 - - 1781876118.867608070 1781876118.880785227 0
Jun 19 13:35:18 standalone account-server[128791]: 172.20.0.100 - - [19/Jun/2026:13:35:18 +0000] "PUT /d1/628/AUTH_211c322d753947e4b9c2de7ea51ce833/gnocchi.236d8a24-791b-411f-b457-7fa8cad3fd69" 201 - "PUT http://172.20.0.100:6001/d1/880/AUTH_211c322d753947e4b9c2de7ea51ce833/gnocchi.236d8a24-791b-411f-b457-7fa8cad3fd69" "tx93ee5252c95e4b3bbf06e-006a354596" "container-server 23" 0.0059 "-" 23 0
Jun 19 13:35:18 standalone container-server[128934]: 172.20.0.100 - - [19/Jun/2026:13:35:18 +0000] "PUT /d1/880/AUTH_211c322d753947e4b9c2de7ea51ce833/gnocchi.236d8a24-791b-411f-b457-7fa8cad3fd69" 201 - "PUT http://172.18.0.2:8080/v1/AUTH_211c322d753947e4b9c2de7ea51ce833/gnocchi.236d8a24-791b-411f-b457-7fa8cad3fd69" "tx93ee5252c95e4b3bbf06e-006a354596" "proxy-server 20" 0.0252 "-" 23 0
Jun 19 13:35:18 standalone proxy-server[131064]: 172.18.0.2 172.18.0.100 19/Jun/2026/13/35/18 PUT /v1/AUTH_211c322d753947e4b9c2de7ea51ce833/gnocchi.236d8a24-791b-411f-b457-7fa8cad3fd69 HTTP/1.0 201 - python-swiftclient-3.11.1 gAAAAABqNUUBbKBV... - - - tx93ee5252c95e4b3bbf06e-006a354596 - 0.0316 - - 1781876118.888378859 1781876118.919987679 0
Jun 19 13:35:18 standalone container-server[128916]: 172.20.0.100 - - [19/Jun/2026:13:35:18 +0000] "HEAD /d1/880/AUTH_211c322d753947e4b9c2de7ea51ce833/gnocchi.236d8a24-791b-411f-b457-7fa8cad3fd69" 204 - "HEAD http://172.18.0.2:8080/v1/AUTH_211c322d753947e4b9c2de7ea51ce833/gnocchi.236d8a24-791b-411f-b457-7fa8cad3fd69?format=json&states=listing" "tx7eabeec30d5544e08efa8-006a354596" "proxy-server 20" 0.0027 "-" 21 0
Jun 19 13:35:18 standalone proxy-server[131064]: - - 19/Jun/2026/13/35/18 HEAD /v1/AUTH_211c322d753947e4b9c2de7ea51ce833/gnocchi.236d8a24-791b-411f-b457-7fa8cad3fd69%3Fformat%3Djson%26states%3Dlisting HTTP/1.0 204 - Swift - - - - tx7eabeec30d5544e08efa8-006a354596 - 0.0067 RL - 1781876118.925503492 1781876118.932166338 0
Jun 19 13:35:18 standalone container-server[128923]: 172.20.0.100 - - [19/Jun/2026:13:35:18 +0000] "GET /d1/880/AUTH_211c322d753947e4b9c2de7ea51ce833/gnocchi.236d8a24-791b-411f-b457-7fa8cad3fd69" 200 2 "GET http://172.18.0.2:8080/v1/AUTH_211c322d753947e4b9c2de7ea51ce833/gnocchi.236d8a24-791b-411f-b457-7fa8cad3fd69?format=json&states=listing" "tx7eabeec30d5544e08efa8-006a354596" "proxy-server 20" 0.0029 "-" 22 0
Jun 19 13:35:18 standalone proxy-server[131064]: 172.18.0.2 172.18.0.100 19/Jun/2026/13/35/18 GET /v1/AUTH_211c322d753947e4b9c2de7ea51ce833/gnocchi.236d8a24-791b-411f-b457-7fa8cad3fd69%3Fformat%3Djson%26states%3Dlisting HTTP/1.0 200 - python-swiftclient-3.11.1 gAAAAABqNUUBbKBV... - 2 - tx7eabeec30d5544e08efa8-006a354596 - 0.0181 - - 1781876118.924400568 1781876118.942480803 0
Jun 19 13:35:18 standalone object-server[129006]: 172.20.0.100 - - [19/Jun/2026:13:35:18 +0000] "GET /d1/1003/AUTH_211c322d753947e4b9c2de7ea51ce833/gnocchi.236d8a24-791b-411f-b457-7fa8cad3fd69/1780920000.0_mean_300.0_v3" 404 70 "GET http://172.18.0.2:8080/v1/AUTH_211c322d753947e4b9c2de7ea51ce833/gnocchi.236d8a24-791b-411f-b457-7fa8cad3fd69/1780920000.0_mean_300.0_v3" "tx64f639366a3a4501b65ab-006a354596" "proxy-server 20" 0.0005 "-" 22 0
Jun 19 13:35:18 standalone proxy-server[131064]: 172.18.0.2 172.18.0.100 19/Jun/2026/13/35/18 GET /v1/AUTH_211c322d753947e4b9c2de7ea51ce833/gnocchi.236d8a24-791b-411f-b457-7fa8cad3fd69/1780920000.0_mean_300.0_v3 HTTP/1.0 404 - python-swiftclient-3.11.1 gAAAAABqNUUBbKBV... - 70 - tx64f639366a3a4501b65ab-006a354596 - 0.0050 - - 1781876118.946957111 1781876118.951961994 0
Jun 19 13:35:18 standalone container-server[128916]: 172.20.0.100 - - [19/Jun/2026:13:35:18 +0000] "PUT /d1/880/AUTH_211c322d753947e4b9c2de7ea51ce833/gnocchi.236d8a24-791b-411f-b457-7fa8cad3fd69/1780920000.0_mean_300.0_v3" 201 - "PUT http://172.18.0.2:8080/d1/1003/AUTH_211c322d753947e4b9c2de7ea51ce833/gnocchi.236d8a24-791b-411f-b457-7fa8cad3fd69/1780920000.0_mean_300.0_v3" "tx77d0a9fb78c246cfa2374-006a354596" "object-server 23" 0.0010 "-" 21 0
Jun 19 13:35:18 standalone object-server[129014]: 172.20.0.100 - - [19/Jun/2026:13:35:18 +0000] "PUT /d1/1003/AUTH_211c322d753947e4b9c2de7ea51ce833/gnocchi.236d8a24-791b-411f-b457-7fa8cad3fd69/1780920000.0_mean_300.0_v3" 201 - "PUT http://172.18.0.2:8080/v1/AUTH_211c322d753947e4b9c2de7ea51ce833/gnocchi.236d8a24-791b-411f-b457-7fa8cad3fd69/1780920000.0_mean_300.0_v3" "tx77d0a9fb78c246cfa2374-006a354596" "proxy-server 20" 0.0192 "-" 23 0
Jun 19 13:35:18 standalone proxy-server[131064]: 172.18.0.2 172.18.0.100 19/Jun/2026/13/35/18 PUT /v1/AUTH_211c322d753947e4b9c2de7ea51ce833/gnocchi.236d8a24-791b-411f-b457-7fa8cad3fd69/1780920000.0_mean_300.0_v3 HTTP/1.0 201 - python-swiftclient-3.11.1 gAAAAABqNUUBbKBV... 16 - - tx77d0a9fb78c246cfa2374-006a354596 - 0.0244 - - 1781876118.955400944 1781876118.979761600 0
Jun 19 13:35:18 standalone container-server[128912]: 172.20.0.100 - - [19/Jun/2026:13:35:18 +0000] "PUT /d1/880/AUTH_211c322d753947e4b9c2de7ea51ce833/gnocchi.236d8a24-791b-411f-b457-7fa8cad3fd69/none_v3" 201 - "PUT http://172.18.0.2:8080/d1/787/AUTH_211c322d753947e4b9c2de7ea51ce833/gnocchi.236d8a24-791b-411f-b457-7fa8cad3fd69/none_v3" "tx23e6bb26c9474618baebb-006a354596" "object-server 22" 0.0008 "-" 20 0
Jun 19 13:35:19 standalone object-server[129006]: 172.20.0.100 - - [19/Jun/2026:13:35:19 +0000] "PUT /d1/787/AUTH_211c322d753947e4b9c2de7ea51ce833/gnocchi.236d8a24-791b-411f-b457-7fa8cad3fd69/none_v3" 201 - "PUT http://172.18.0.2:8080/v1/AUTH_211c322d753947e4b9c2de7ea51ce833/gnocchi.236d8a24-791b-411f-b457-7fa8cad3fd69/none_v3" "tx23e6bb26c9474618baebb-006a354596" "proxy-server 20" 0.0131 "-" 22 0
Jun 19 13:35:19 standalone proxy-server[131064]: 172.18.0.2 172.18.0.100 19/Jun/2026/13/35/19 PUT /v1/AUTH_211c322d753947e4b9c2de7ea51ce833/gnocchi.236d8a24-791b-411f-b457-7fa8cad3fd69/none_v3 HTTP/1.0 201 - python-swiftclient-3.11.1 gAAAAABqNUUBbKBV... 22 - - tx23e6bb26c9474618baebb-006a354596 - 0.0173 - - 1781876118.983569384 1781876119.000894308 0
Jun 19 13:35:25 standalone object-server[129015]: 172.20.0.100 - - [19/Jun/2026:13:35:25 +0000] "GET /d1/787/AUTH_211c322d753947e4b9c2de7ea51ce833/gnocchi.236d8a24-791b-411f-b457-7fa8cad3fd69/none_v3" 200 22 "GET http://172.18.0.2:8080/v1/AUTH_211c322d753947e4b9c2de7ea51ce833/gnocchi.236d8a24-791b-411f-b457-7fa8cad3fd69/none_v3" "txe0e6940e25ea49e083bf2-006a35459d" "proxy-server 20" 0.0016 "-" 24 0
Jun 19 13:35:25 standalone proxy-server[131064]: 172.18.0.2 172.18.0.100 19/Jun/2026/13/35/25 GET /v1/AUTH_211c322d753947e4b9c2de7ea51ce833/gnocchi.236d8a24-791b-411f-b457-7fa8cad3fd69/none_v3 HTTP/1.0 200 - python-swiftclient-3.11.1 gAAAAABqNUUBbKBV... - 22 - txe0e6940e25ea49e083bf2-006a35459d - 0.0122 - - 1781876125.043288946 1781876125.055523157 0
Jun 19 13:35:25 standalone container-server[128916]: 172.20.0.100 - - [19/Jun/2026:13:35:25 +0000] "GET /d1/880/AUTH_211c322d753947e4b9c2de7ea51ce833/gnocchi.236d8a24-791b-411f-b457-7fa8cad3fd69" 200 357 "GET http://172.18.0.2:8080/v1/AUTH_211c322d753947e4b9c2de7ea51ce833/gnocchi.236d8a24-791b-411f-b457-7fa8cad3fd69?format=json&states=listing" "txda7d4ed4d69b414e91ab3-006a35459d" "proxy-server 20" 0.0115 "-" 21 0
Jun 19 13:35:25 standalone proxy-server[131064]: 172.18.0.2 172.18.0.100 19/Jun/2026/13/35/25 GET /v1/AUTH_211c322d753947e4b9c2de7ea51ce833/gnocchi.236d8a24-791b-411f-b457-7fa8cad3fd69%3Fformat%3Djson%26states%3Dlisting HTTP/1.0 200 - python-swiftclient-3.11.1 gAAAAABqNUUBbKBV... - 357 - txda7d4ed4d69b414e91ab3-006a35459d - 0.0216 - - 1781876125.059467793 1781876125.081071138 0
Jun 19 13:35:25 standalone container-server[128934]: 172.20.0.100 - - [19/Jun/2026:13:35:25 +0000] "GET /d1/880/AUTH_211c322d753947e4b9c2de7ea51ce833/gnocchi.236d8a24-791b-411f-b457-7fa8cad3fd69" 200 2 "GET http://172.18.0.2:8080/v1/AUTH_211c322d753947e4b9c2de7ea51ce833/gnocchi.236d8a24-791b-411f-b457-7fa8cad3fd69?format=json&marker=none_v3&states=listing" "txc37a455e816a4e808ea98-006a35459d" "proxy-server 20" 0.0036 "-" 23 0
Jun 19 13:35:25 standalone proxy-server[131064]: 172.18.0.2 172.18.0.100 19/Jun/2026/13/35/25 GET /v1/AUTH_211c322d753947e4b9c2de7ea51ce833/gnocchi.236d8a24-791b-411f-b457-7fa8cad3fd69%3Fformat%3Djson%26marker%3Dnone_v3%26states%3Dlisting HTTP/1.0 200 - python-swiftclient-3.11.1 gAAAAABqNUUBbKBV... - 2 - txc37a455e816a4e808ea98-006a35459d - 0.0127 - - 1781876125.084022284 1781876125.096675158 0
Jun 19 13:35:25 standalone object-server[129015]: 172.20.0.100 - - [19/Jun/2026:13:35:25 +0000] "GET /d1/1003/AUTH_211c322d753947e4b9c2de7ea51ce833/gnocchi.236d8a24-791b-411f-b457-7fa8cad3fd69/1780920000.0_mean_300.0_v3" 200 16 "GET http://172.18.0.2:8080/v1/AUTH_211c322d753947e4b9c2de7ea51ce833/gnocchi.236d8a24-791b-411f-b457-7fa8cad3fd69/1780920000.0_mean_300.0_v3" "txad352f7ee06c416099b85-006a35459d" "proxy-server 20" 0.0008 "-" 24 0
Jun 19 13:35:25 standalone proxy-server[131064]: 172.18.0.2 172.18.0.100 19/Jun/2026/13/35/25 GET /v1/AUTH_211c322d753947e4b9c2de7ea51ce833/gnocchi.236d8a24-791b-411f-b457-7fa8cad3fd69/1780920000.0_mean_300.0_v3 HTTP/1.0 200 - python-swiftclient-3.11.1 gAAAAABqNUUBbKBV... - 16 - txad352f7ee06c416099b85-006a35459d - 0.0097 - - 1781876125.101184607 1781876125.110849142 0
Jun 19 13:35:25 standalone container-server[128923]: 172.20.0.100 - - [19/Jun/2026:13:35:25 +0000] "PUT /d1/880/AUTH_211c322d753947e4b9c2de7ea51ce833/gnocchi.236d8a24-791b-411f-b457-7fa8cad3fd69/1780920000.0_mean_300.0_v3" 201 - "PUT http://172.18.0.2:8080/d1/1003/AUTH_211c322d753947e4b9c2de7ea51ce833/gnocchi.236d8a24-791b-411f-b457-7fa8cad3fd69/1780920000.0_mean_300.0_v3" "tx72366b9cf32944518dc22-006a35459d" "object-server 25" 0.0006 "-" 22 0
Jun 19 13:35:25 standalone object-server[129016]: 172.20.0.100 - - [19/Jun/2026:13:35:25 +0000] "PUT /d1/1003/AUTH_211c322d753947e4b9c2de7ea51ce833/gnocchi.236d8a24-791b-411f-b457-7fa8cad3fd69/1780920000.0_mean_300.0_v3" 201 - "PUT http://172.18.0.2:8080/v1/AUTH_211c322d753947e4b9c2de7ea51ce833/gnocchi.236d8a24-791b-411f-b457-7fa8cad3fd69/1780920000.0_mean_300.0_v3" "tx72366b9cf32944518dc22-006a35459d" "proxy-server 20" 0.0120 "-" 25 0
Jun 19 13:35:25 standalone proxy-server[131064]: 172.18.0.2 172.18.0.100 19/Jun/2026/13/35/25 PUT /v1/AUTH_211c322d753947e4b9c2de7ea51ce833/gnocchi.236d8a24-791b-411f-b457-7fa8cad3fd69/1780920000.0_mean_300.0_v3 HTTP/1.0 201 - python-swiftclient-3.11.1 gAAAAABqNUUBbKBV... 16 - - tx72366b9cf32944518dc22-006a35459d - 0.0201 - - 1781876125.113939524 1781876125.133993626 0
Jun 19 13:35:25 standalone container-server[128912]: 172.20.0.100 - - [19/Jun/2026:13:35:25 +0000] "PUT /d1/880/AUTH_211c322d753947e4b9c2de7ea51ce833/gnocchi.236d8a24-791b-411f-b457-7fa8cad3fd69/none_v3" 201 - "PUT http://172.18.0.2:8080/d1/787/AUTH_211c322d753947e4b9c2de7ea51ce833/gnocchi.236d8a24-791b-411f-b457-7fa8cad3fd69/none_v3" "tx0abec59d4b424c4cb560e-006a35459d" "object-server 22" 0.0008 "-" 20 0
Jun 19 13:35:25 standalone object-server[129006]: 172.20.0.100 - - [19/Jun/2026:13:35:25 +0000] "PUT /d1/787/AUTH_211c322d753947e4b9c2de7ea51ce833/gnocchi.236d8a24-791b-411f-b457-7fa8cad3fd69/none_v3" 201 - "PUT http://172.18.0.2:8080/v1/AUTH_211c322d753947e4b9c2de7ea51ce833/gnocchi.236d8a24-791b-411f-b457-7fa8cad3fd69/none_v3" "tx0abec59d4b424c4cb560e-006a35459d" "proxy-server 20" 0.0106 "-" 22 0
Jun 19 13:35:25 standalone proxy-server[131064]: 172.18.0.2 172.18.0.100 19/Jun/2026/13/35/25 PUT /v1/AUTH_211c322d753947e4b9c2de7ea51ce833/gnocchi.236d8a24-791b-411f-b457-7fa8cad3fd69/none_v3 HTTP/1.0 201 - python-swiftclient-3.11.1 gAAAAABqNUUBbKBV... 32 - - tx0abec59d4b424c4cb560e-006a35459d - 0.0185 - - 1781876125.137775660 1781876125.156314850 0
Jun 19 13:35:57 standalone container-server[128713]: Begin container update sweep
Jun 19 13:35:57 standalone account-server[128791]: 172.20.0.100 - - [19/Jun/2026:13:35:57 +0000] "PUT /d1/628/AUTH_211c322d753947e4b9c2de7ea51ce833/gnocchi.236d8a24-791b-411f-b457-7fa8cad3fd69" 201 - "-" "-" "container-updater 2" 0.0009 "-" 23 0
Jun 19 13:35:58 standalone account-server[128786]: 172.20.0.100 - - [19/Jun/2026:13:35:58 +0000] "PUT /d1/628/AUTH_211c322d753947e4b9c2de7ea51ce833/gnocchi.65638e75-d134-4ce1-bdee-48d9be7083f2" 201 - "-" "-" "container-updater 2" 0.0007 "-" 22 0
Jun 19 13:35:58 standalone account-server[128777]: 172.20.0.100 - - [19/Jun/2026:13:35:58 +0000] "PUT /d1/628/AUTH_211c322d753947e4b9c2de7ea51ce833/gnocchi.e917bd0a-ce1f-49ad-94e5-fcc6e3be14f4" 201 - "-" "-" "container-updater 2" 0.0006 "-" 20 0
Jun 19 13:35:58 standalone account-server[128786]: 172.20.0.100 - - [19/Jun/2026:13:35:58 +0000] "PUT /d1/628/AUTH_211c322d753947e4b9c2de7ea51ce833/gnocchi.63558fd7-b299-46ca-9dfc-3f0c44f6d3c9" 201 - "-" "-" "container-updater 2" 0.0007 "-" 22 0
Jun 19 13:35:58 standalone account-server[128777]: 172.20.0.100 - - [19/Jun/2026:13:35:58 +0000] "PUT /d1/628/AUTH_211c322d753947e4b9c2de7ea51ce833/gnocchi.7ac19625-5e4c-4d32-ba4e-3fa3774c86a5" 201 - "-" "-" "container-updater 2" 0.0007 "-" 20 0
Jun 19 13:35:58 standalone account-server[128777]: 172.20.0.100 - - [19/Jun/2026:13:35:58 +0000] "PUT /d1/628/AUTH_211c322d753947e4b9c2de7ea51ce833/gnocchi.2d658c8e-b806-4b8b-b698-09f23b66af46" 201 - "-" "-" "container-updater 2" 0.0007 "-" 20 0
Jun 19 13:35:58 standalone account-server[128791]: 172.20.0.100 - - [19/Jun/2026:13:35:58 +0000] "PUT /d1/628/AUTH_211c322d753947e4b9c2de7ea51ce833/gnocchi.1207d941-620d-4d90-9c6d-2f60a4ea8a08" 201 - "-" "-" "container-updater 2" 0.0007 "-" 23 0
Jun 19 13:35:58 standalone account-server[128786]: 172.20.0.100 - - [19/Jun/2026:13:35:58 +0000] "PUT /d1/628/AUTH_211c322d753947e4b9c2de7ea51ce833/gnocchi.c534232e-1aa3-4c5d-a113-d055b8b3b99e" 201 - "-" "-" "container-updater 2" 0.0008 "-" 22 0
Jun 19 13:35:58 standalone account-server[128785]: 172.20.0.100 - - [19/Jun/2026:13:35:58 +0000] "PUT /d1/628/AUTH_211c322d753947e4b9c2de7ea51ce833/gnocchi.2d5499dd-37a1-471b-8ac6-4557fbf36ca2" 201 - "-" "-" "container-updater 2" 0.0008 "-" 21 0
Jun 19 13:35:58 standalone account-server[128785]: 172.20.0.100 - - [19/Jun/2026:13:35:58 +0000] "PUT /d1/628/AUTH_211c322d753947e4b9c2de7ea51ce833/gnocchi.1b5746bf-1466-4f02-aaf1-626391616735" 201 - "-" "-" "container-updater 2" 0.0009 "-" 21 0
Jun 19 13:35:59 standalone account-server[128786]: 172.20.0.100 - - [19/Jun/2026:13:35:59 +0000] "PUT /d1/628/AUTH_211c322d753947e4b9c2de7ea51ce833/gnocchi.a03991fb-60e8-423b-8172-1378349b6d38" 201 - "-" "-" "container-updater 2" 0.0008 "-" 22 0
Jun 19 13:35:59 standalone account-server[128791]: 172.20.0.100 - - [19/Jun/2026:13:35:59 +0000] "PUT /d1/628/AUTH_211c322d753947e4b9c2de7ea51ce833/gnocchi.1a277f02-8b16-4625-948f-4dad96415cdb" 201 - "-" "-" "container-updater 2" 0.0007 "-" 23 0
Jun 19 13:35:59 standalone account-server[128791]: 172.20.0.100 - - [19/Jun/2026:13:35:59 +0000] "PUT /d1/628/AUTH_211c322d753947e4b9c2de7ea51ce833/gnocchi.f6fbf9e1-b2d7-4f90-a697-86834e714b1c" 201 - "-" "-" "container-updater 2" 0.0005 "-" 23 0
Jun 19 13:35:59 standalone account-server[128777]: 172.20.0.100 - - [19/Jun/2026:13:35:59 +0000] "PUT /d1/628/AUTH_211c322d753947e4b9c2de7ea51ce833/gnocchi.09d40629-9500-4c03-a292-774d3332b931" 201 - "-" "-" "container-updater 2" 0.0005 "-" 20 0
Jun 19 13:35:59 standalone account-server[128791]: 172.20.0.100 - - [19/Jun/2026:13:35:59 +0000] "PUT /d1/628/AUTH_211c322d753947e4b9c2de7ea51ce833/gnocchi.d1b0b013-978c-4da7-83e9-6834fad6f3ad" 201 - "-" "-" "container-updater 2" 0.0005 "-" 23 0
Jun 19 13:35:59 standalone account-server[128786]: 172.20.0.100 - - [19/Jun/2026:13:35:59 +0000] "PUT /d1/628/AUTH_211c322d753947e4b9c2de7ea51ce833/gnocchi.35531dfa-b231-4fd4-8f38-9e81462fc3e6" 201 - "-" "-" "container-updater 2" 0.0008 "-" 22 0
Jun 19 13:35:59 standalone account-server[128791]: 172.20.0.100 - - [19/Jun/2026:13:35:59 +0000] "PUT /d1/628/AUTH_211c322d753947e4b9c2de7ea51ce833/gnocchi.04a2d47d-0e46-4329-9b2a-d6cdb03a894f" 201 - "-" "-" "container-updater 2" 0.0007 "-" 23 0
Jun 19 13:35:59 standalone container-server[128713]: Container update sweep completed: 2.01s
Jun 19 13:36:25 standalone account-server[128785]: 172.20.0.100 - - [19/Jun/2026:13:36:25 +0000] "HEAD /d1/628/AUTH_211c322d753947e4b9c2de7ea51ce833" 204 - "HEAD http://172.18.0.2:8080/v1/AUTH_211c322d753947e4b9c2de7ea51ce833?format=json" "tx5fec8e07bbd74f9ba3bd9-006a3545d9" "proxy-server 20" 0.0110 "-" 21 -
Jun 19 13:36:25 standalone proxy-server[131064]: - - 19/Jun/2026/13/36/25 HEAD /v1/AUTH_211c322d753947e4b9c2de7ea51ce833%3Fformat%3Djson HTTP/1.0 204 - Swift - - - - tx5fec8e07bbd74f9ba3bd9-006a3545d9 - 0.0178 RL - 1781876185.405060768 1781876185.422820330 -
Jun 19 13:36:25 standalone container-server[128923]: 172.20.0.100 - - [19/Jun/2026:13:36:25 +0000] "HEAD /d1/702/AUTH_211c322d753947e4b9c2de7ea51ce833/gnocchi.aafb8d4e-c006-45de-a9c0-b76a19fbddfd" 404 - "HEAD http://172.18.0.2:8080/v1/AUTH_211c322d753947e4b9c2de7ea51ce833/gnocchi.aafb8d4e-c006-45de-a9c0-b76a19fbddfd?format=json&states=listing" "tx5fec8e07bbd74f9ba3bd9-006a3545d9" "proxy-server 20" 0.0005 "-" 22 0
Jun 19 13:36:25 standalone object-server[129015]: 172.20.0.100 - - [19/Jun/2026:13:36:25 +0000] "GET /d1/755/AUTH_211c322d753947e4b9c2de7ea51ce833/gnocchi.aafb8d4e-c006-45de-a9c0-b76a19fbddfd/none_v3" 404 70 "GET http://172.18.0.2:8080/v1/AUTH_211c322d753947e4b9c2de7ea51ce833/gnocchi.aafb8d4e-c006-45de-a9c0-b76a19fbddfd/none_v3" "tx5fec8e07bbd74f9ba3bd9-006a3545d9" "proxy-server 20" 0.0006 "-" 24 0
Jun 19 13:36:25 standalone proxy-server[131064]: 172.18.0.2 172.18.0.100 19/Jun/2026/13/36/25 GET /v1/AUTH_211c322d753947e4b9c2de7ea51ce833/gnocchi.aafb8d4e-c006-45de-a9c0-b76a19fbddfd/none_v3 HTTP/1.0 404 - python-swiftclient-3.11.1 gAAAAABqNUUBbKBV... - 70 - tx5fec8e07bbd74f9ba3bd9-006a3545d9 - 0.0371 - - 1781876185.403843641 1781876185.440962076 0
Jun 19 13:36:25 standalone account-server[128786]: 172.20.0.100 - - [19/Jun/2026:13:36:25 +0000] "PUT /d1/628/AUTH_211c322d753947e4b9c2de7ea51ce833/gnocchi.aafb8d4e-c006-45de-a9c0-b76a19fbddfd" 201 - "PUT http://172.20.0.100:6001/d1/702/AUTH_211c322d753947e4b9c2de7ea51ce833/gnocchi.aafb8d4e-c006-45de-a9c0-b76a19fbddfd" "txa12a678c0cd9450f90b14-006a3545d9" "container-server 20" 0.0021 "-" 22 0
Jun 19 13:36:25 standalone container-server[128912]: 172.20.0.100 - - [19/Jun/2026:13:36:25 +0000] "PUT /d1/702/AUTH_211c322d753947e4b9c2de7ea51ce833/gnocchi.aafb8d4e-c006-45de-a9c0-b76a19fbddfd" 201 - "PUT http://172.18.0.2:8080/v1/AUTH_211c322d753947e4b9c2de7ea51ce833/gnocchi.aafb8d4e-c006-45de-a9c0-b76a19fbddfd" "txa12a678c0cd9450f90b14-006a3545d9" "proxy-server 20" 0.0141 "-" 20 0
Jun 19 13:36:25 standalone proxy-server[131064]: 172.18.0.2 172.18.0.100 19/Jun/2026/13/36/25 PUT /v1/AUTH_211c322d753947e4b9c2de7ea51ce833/gnocchi.aafb8d4e-c006-45de-a9c0-b76a19fbddfd HTTP/1.0 201 - python-swiftclient-3.11.1 gAAAAABqNUUBbKBV... - - - txa12a678c0cd9450f90b14-006a3545d9 - 0.0193 - - 1781876185.443946838 1781876185.463281631 0
Jun 19 13:36:25 standalone container-server[128912]: 172.20.0.100 - - [19/Jun/2026:13:36:25 +0000] "HEAD /d1/702/AUTH_211c322d753947e4b9c2de7ea51ce833/gnocchi.aafb8d4e-c006-45de-a9c0-b76a19fbddfd" 204 - "HEAD http://172.18.0.2:8080/v1/AUTH_211c322d753947e4b9c2de7ea51ce833/gnocchi.aafb8d4e-c006-45de-a9c0-b76a19fbddfd?format=json&states=listing" "tx411703e42d2f41e19ee5a-006a3545d9" "proxy-server 20" 0.0015 "-" 20 0
Jun 19 13:36:25 standalone proxy-server[131064]: - - 19/Jun/2026/13/36/25 HEAD /v1/AUTH_211c322d753947e4b9c2de7ea51ce833/gnocchi.aafb8d4e-c006-45de-a9c0-b76a19fbddfd%3Fformat%3Djson%26states%3Dlisting HTTP/1.0 204 - Swift - - - - tx411703e42d2f41e19ee5a-006a3545d9 - 0.0048 RL - 1781876185.467568159 1781876185.472319603 0
Jun 19 13:36:25 standalone container-server[128923]: 172.20.0.100 - - [19/Jun/2026:13:36:25 +0000] "GET /d1/702/AUTH_211c322d753947e4b9c2de7ea51ce833/gnocchi.aafb8d4e-c006-45de-a9c0-b76a19fbddfd" 200 2 "GET http://172.18.0.2:8080/v1/AUTH_211c322d753947e4b9c2de7ea51ce833/gnocchi.aafb8d4e-c006-45de-a9c0-b76a19fbddfd?format=json&states=listing" "tx411703e42d2f41e19ee5a-006a3545d9" "proxy-server 20" 0.0019 "-" 22 0
Jun 19 13:36:25 standalone proxy-server[131064]: 172.18.0.2 172.18.0.100 19/Jun/2026/13/36/25 GET /v1/AUTH_211c322d753947e4b9c2de7ea51ce833/gnocchi.aafb8d4e-c006-45de-a9c0-b76a19fbddfd%3Fformat%3Djson%26states%3Dlisting HTTP/1.0 200 - python-swiftclient-3.11.1 gAAAAABqNUUBbKBV... - 2 - tx411703e42d2f41e19ee5a-006a3545d9 - 0.0151 - - 1781876185.466508865 1781876185.481584787 0
Jun 19 13:36:25 standalone object-server[129015]: 172.20.0.100 - - [19/Jun/2026:13:36:25 +0000] "GET /d1/810/AUTH_211c322d753947e4b9c2de7ea51ce833/gnocchi.aafb8d4e-c006-45de-a9c0-b76a19fbddfd/1780920000.0_mean_300.0_v3" 404 70 "GET http://172.18.0.2:8080/v1/AUTH_211c322d753947e4b9c2de7ea51ce833/gnocchi.aafb8d4e-c006-45de-a9c0-b76a19fbddfd/1780920000.0_mean_300.0_v3" "tx75f15af9a61441f283772-006a3545d9" "proxy-server 20" 0.0005 "-" 24 0
Jun 19 13:36:25 standalone proxy-server[131064]: 172.18.0.2 172.18.0.100 19/Jun/2026/13/36/25 GET /v1/AUTH_211c322d753947e4b9c2de7ea51ce833/gnocchi.aafb8d4e-c006-45de-a9c0-b76a19fbddfd/1780920000.0_mean_300.0_v3 HTTP/1.0 404 - python-swiftclient-3.11.1 gAAAAABqNUUBbKBV... - 70 - tx75f15af9a61441f283772-006a3545d9 - 0.0052 - - 1781876185.485631704 1781876185.490855932 0
Jun 19 13:36:25 standalone container-server[128934]: 172.20.0.100 - - [19/Jun/2026:13:36:25 +0000] "PUT /d1/702/AUTH_211c322d753947e4b9c2de7ea51ce833/gnocchi.aafb8d4e-c006-45de-a9c0-b76a19fbddfd/1780920000.0_mean_300.0_v3" 201 - "PUT http://172.18.0.2:8080/d1/810/AUTH_211c322d753947e4b9c2de7ea51ce833/gnocchi.aafb8d4e-c006-45de-a9c0-b76a19fbddfd/1780920000.0_mean_300.0_v3" "txab50bc78d609406d913c7-006a3545d9" "object-server 23" 0.0007 "-" 23 0
Jun 19 13:36:25 standalone object-server[129014]: 172.20.0.100 - - [19/Jun/2026:13:36:25 +0000] "PUT /d1/810/AUTH_211c322d753947e4b9c2de7ea51ce833/gnocchi.aafb8d4e-c006-45de-a9c0-b76a19fbddfd/1780920000.0_mean_300.0_v3" 201 - "PUT http://172.18.0.2:8080/v1/AUTH_211c322d753947e4b9c2de7ea51ce833/gnocchi.aafb8d4e-c006-45de-a9c0-b76a19fbddfd/1780920000.0_mean_300.0_v3" "txab50bc78d609406d913c7-006a3545d9" "proxy-server 20" 0.0094 "-" 23 0
Jun 19 13:36:25 standalone proxy-server[131064]: 172.18.0.2 172.18.0.100 19/Jun/2026/13/36/25 PUT /v1/AUTH_211c322d753947e4b9c2de7ea51ce833/gnocchi.aafb8d4e-c006-45de-a9c0-b76a19fbddfd/1780920000.0_mean_300.0_v3 HTTP/1.0 201 - python-swiftclient-3.11.1 gAAAAABqNUUBbKBV... 16 - - txab50bc78d609406d913c7-006a3545d9 - 0.0140 - - 1781876185.492706537 1781876185.506703615 0
Jun 19 13:36:25 standalone container-server[128916]: 172.20.0.100 - - [19/Jun/2026:13:36:25 +0000] "PUT /d1/702/AUTH_211c322d753947e4b9c2de7ea51ce833/gnocchi.aafb8d4e-c006-45de-a9c0-b76a19fbddfd/none_v3" 201 - "PUT http://172.18.0.2:8080/d1/755/AUTH_211c322d753947e4b9c2de7ea51ce833/gnocchi.aafb8d4e-c006-45de-a9c0-b76a19fbddfd/none_v3" "tx9624608c49724295b460d-006a3545d9" "object-server 24" 0.0006 "-" 21 0
Jun 19 13:36:25 standalone object-server[129015]: 172.20.0.100 - - [19/Jun/2026:13:36:25 +0000] "PUT /d1/755/AUTH_211c322d753947e4b9c2de7ea51ce833/gnocchi.aafb8d4e-c006-45de-a9c0-b76a19fbddfd/none_v3" 201 - "PUT http://172.18.0.2:8080/v1/AUTH_211c322d753947e4b9c2de7ea51ce833/gnocchi.aafb8d4e-c006-45de-a9c0-b76a19fbddfd/none_v3" "tx9624608c49724295b460d-006a3545d9" "proxy-server 20" 0.0082 "-" 24 0
Jun 19 13:36:25 standalone proxy-server[131064]: 172.18.0.2 172.18.0.100 19/Jun/2026/13/36/25 PUT /v1/AUTH_211c322d753947e4b9c2de7ea51ce833/gnocchi.aafb8d4e-c006-45de-a9c0-b76a19fbddfd/none_v3 HTTP/1.0 201 - python-swiftclient-3.11.1 gAAAAABqNUUBbKBV... 22 - - tx9624608c49724295b460d-006a3545d9 - 0.0125 - - 1781876185.510633707 1781876185.523144722 0
Jun 19 13:36:25 standalone container-server[128912]: 172.20.0.100 - - [19/Jun/2026:13:36:25 +0000] "HEAD /d1/764/AUTH_211c322d753947e4b9c2de7ea51ce833/gnocchi.f6dca76d-ddd0-41ad-abe5-3fa61c95d3b3" 404 - "HEAD http://172.18.0.2:8080/v1/AUTH_211c322d753947e4b9c2de7ea51ce833/gnocchi.f6dca76d-ddd0-41ad-abe5-3fa61c95d3b3?format=json&states=listing" "tx373a20ca9e314f868b50d-006a3545d9" "proxy-server 20" 0.0004 "-" 20 0
Jun 19 13:36:25 standalone object-server[129015]: 172.20.0.100 - - [19/Jun/2026:13:36:25 +0000] "GET /d1/187/AUTH_211c322d753947e4b9c2de7ea51ce833/gnocchi.f6dca76d-ddd0-41ad-abe5-3fa61c95d3b3/none_v3" 404 70 "GET http://172.18.0.2:8080/v1/AUTH_211c322d753947e4b9c2de7ea51ce833/gnocchi.f6dca76d-ddd0-41ad-abe5-3fa61c95d3b3/none_v3" "tx373a20ca9e314f868b50d-006a3545d9" "proxy-server 20" 0.0003 "-" 24 0
Jun 19 13:36:25 standalone proxy-server[131064]: 172.18.0.2 172.18.0.100 19/Jun/2026/13/36/25 GET /v1/AUTH_211c322d753947e4b9c2de7ea51ce833/gnocchi.f6dca76d-ddd0-41ad-abe5-3fa61c95d3b3/none_v3 HTTP/1.0 404 - python-swiftclient-3.11.1 gAAAAABqNUUBbKBV... - 70 - tx373a20ca9e314f868b50d-006a3545d9 - 0.0111 - - 1781876185.532270908 1781876185.543400049 0
Jun 19 13:36:25 standalone account-server[128777]: 172.20.0.100 - - [19/Jun/2026:13:36:25 +0000] "PUT /d1/628/AUTH_211c322d753947e4b9c2de7ea51ce833/gnocchi.f6dca76d-ddd0-41ad-abe5-3fa61c95d3b3" 201 - "PUT http://172.20.0.100:6001/d1/764/AUTH_211c322d753947e4b9c2de7ea51ce833/gnocchi.f6dca76d-ddd0-41ad-abe5-3fa61c95d3b3" "tx4647bbe5bf77434b8b1e7-006a3545d9" "container-server 23" 0.0048 "-" 20 0
Jun 19 13:36:25 standalone container-server[128934]: 172.20.0.100 - - [19/Jun/2026:13:36:25 +0000] "PUT /d1/764/AUTH_211c322d753947e4b9c2de7ea51ce833/gnocchi.f6dca76d-ddd0-41ad-abe5-3fa61c95d3b3" 201 - "PUT http://172.18.0.2:8080/v1/AUTH_211c322d753947e4b9c2de7ea51ce833/gnocchi.f6dca76d-ddd0-41ad-abe5-3fa61c95d3b3" "tx4647bbe5bf77434b8b1e7-006a3545d9" "proxy-server 20" 0.0166 "-" 23 0
Jun 19 13:36:25 standalone proxy-server[131064]: 172.18.0.2 172.18.0.100 19/Jun/2026/13/36/25 PUT /v1/AUTH_211c322d753947e4b9c2de7ea51ce833/gnocchi.f6dca76d-ddd0-41ad-abe5-3fa61c95d3b3 HTTP/1.0 201 - python-swiftclient-3.11.1 gAAAAABqNUUBbKBV... - - - tx4647bbe5bf77434b8b1e7-006a3545d9 - 0.0209 - - 1781876185.545215845 1781876185.566076994 0
Jun 19 13:36:25 standalone container-server[128916]: 172.20.0.100 - - [19/Jun/2026:13:36:25 +0000] "HEAD /d1/764/AUTH_211c322d753947e4b9c2de7ea51ce833/gnocchi.f6dca76d-ddd0-41ad-abe5-3fa61c95d3b3" 204 - "HEAD http://172.18.0.2:8080/v1/AUTH_211c322d753947e4b9c2de7ea51ce833/gnocchi.f6dca76d-ddd0-41ad-abe5-3fa61c95d3b3?format=json&states=listing" "txadcc1f72ffb74ab69254f-006a3545d9" "proxy-server 20" 0.0016 "-" 21 0
Jun 19 13:36:25 standalone proxy-server[131064]: - - 19/Jun/2026/13/36/25 HEAD /v1/AUTH_211c322d753947e4b9c2de7ea51ce833/gnocchi.f6dca76d-ddd0-41ad-abe5-3fa61c95d3b3%3Fformat%3Djson%26states%3Dlisting HTTP/1.0 204 - Swift - - - - txadcc1f72ffb74ab69254f-006a3545d9 - 0.0040 RL - 1781876185.569178104 1781876185.573204756 0
Jun 19 13:36:25 standalone container-server[128934]: 172.20.0.100 - - [19/Jun/2026:13:36:25 +0000] "GET /d1/764/AUTH_211c322d753947e4b9c2de7ea51ce833/gnocchi.f6dca76d-ddd0-41ad-abe5-3fa61c95d3b3" 200 2 "GET http://172.18.0.2:8080/v1/AUTH_211c322d753947e4b9c2de7ea51ce833/gnocchi.f6dca76d-ddd0-41ad-abe5-3fa61c95d3b3?format=json&states=listing" "txadcc1f72ffb74ab69254f-006a3545d9" "proxy-server 20" 0.0022 "-" 23 0
Jun 19 13:36:25 standalone proxy-server[131064]: 172.18.0.2 172.18.0.100 19/Jun/2026/13/36/25 GET /v1/AUTH_211c322d753947e4b9c2de7ea51ce833/gnocchi.f6dca76d-ddd0-41ad-abe5-3fa61c95d3b3%3Fformat%3Djson%26states%3Dlisting HTTP/1.0 200 - python-swiftclient-3.11.1 gAAAAABqNUUBbKBV... - 2 - txadcc1f72ffb74ab69254f-006a3545d9 - 0.0112 - - 1781876185.568355560 1781876185.579543352 0
Jun 19 13:36:25 standalone object-server[129016]: 172.20.0.100 - - [19/Jun/2026:13:36:25 +0000] "GET /d1/217/AUTH_211c322d753947e4b9c2de7ea51ce833/gnocchi.f6dca76d-ddd0-41ad-abe5-3fa61c95d3b3/1780920000.0_mean_300.0_v3" 404 70 "GET http://172.18.0.2:8080/v1/AUTH_211c322d753947e4b9c2de7ea51ce833/gnocchi.f6dca76d-ddd0-41ad-abe5-3fa61c95d3b3/1780920000.0_mean_300.0_v3" "tx0de1c31c211d43eba0216-006a3545d9" "proxy-server 20" 0.0003 "-" 25 0
Jun 19 13:36:25 standalone proxy-server[131064]: 172.18.0.2 172.18.0.100 19/Jun/2026/13/36/25 GET /v1/AUTH_211c322d753947e4b9c2de7ea51ce833/gnocchi.f6dca76d-ddd0-41ad-abe5-3fa61c95d3b3/1780920000.0_mean_300.0_v3 HTTP/1.0 404 - python-swiftclient-3.11.1 gAAAAABqNUUBbKBV... - 70 - tx0de1c31c211d43eba0216-006a3545d9 - 0.0041 - - 1781876185.581838846 1781876185.585939407 0
Jun 19 13:36:25 standalone container-server[128934]: 172.20.0.100 - - [19/Jun/2026:13:36:25 +0000] "PUT /d1/764/AUTH_211c322d753947e4b9c2de7ea51ce833/gnocchi.f6dca76d-ddd0-41ad-abe5-3fa61c95d3b3/1780920000.0_mean_300.0_v3" 201 - "PUT http://172.18.0.2:8080/d1/217/AUTH_211c322d753947e4b9c2de7ea51ce833/gnocchi.f6dca76d-ddd0-41ad-abe5-3fa61c95d3b3/1780920000.0_mean_300.0_v3" "txcfd5d72bc3284c0a93cc1-006a3545d9" "object-server 22" 0.0005 "-" 23 0
Jun 19 13:36:25 standalone object-server[129006]: 172.20.0.100 - - [19/Jun/2026:13:36:25 +0000] "PUT /d1/217/AUTH_211c322d753947e4b9c2de7ea51ce833/gnocchi.f6dca76d-ddd0-41ad-abe5-3fa61c95d3b3/1780920000.0_mean_300.0_v3" 201 - "PUT http://172.18.0.2:8080/v1/AUTH_211c322d753947e4b9c2de7ea51ce833/gnocchi.f6dca76d-ddd0-41ad-abe5-3fa61c95d3b3/1780920000.0_mean_300.0_v3" "txcfd5d72bc3284c0a93cc1-006a3545d9" "proxy-server 20" 0.0081 "-" 22 0
Jun 19 13:36:25 standalone proxy-server[131064]: 172.18.0.2 172.18.0.100 19/Jun/2026/13/36/25 PUT /v1/AUTH_211c322d753947e4b9c2de7ea51ce833/gnocchi.f6dca76d-ddd0-41ad-abe5-3fa61c95d3b3/1780920000.0_mean_300.0_v3 HTTP/1.0 201 - python-swiftclient-3.11.1 gAAAAABqNUUBbKBV... 16 - - txcfd5d72bc3284c0a93cc1-006a3545d9 - 0.0117 - - 1781876185.588537931 1781876185.600273371 0
Jun 19 13:36:25 standalone container-server[128934]: 172.20.0.100 - - [19/Jun/2026:13:36:25 +0000] "PUT /d1/764/AUTH_211c322d753947e4b9c2de7ea51ce833/gnocchi.f6dca76d-ddd0-41ad-abe5-3fa61c95d3b3/none_v3" 201 - "PUT http://172.18.0.2:8080/d1/187/AUTH_211c322d753947e4b9c2de7ea51ce833/gnocchi.f6dca76d-ddd0-41ad-abe5-3fa61c95d3b3/none_v3" "txe6b228d468d04ddea4393-006a3545d9" "object-server 23" 0.0007 "-" 23 0
Jun 19 13:36:25 standalone object-server[129014]: 172.20.0.100 - - [19/Jun/2026:13:36:25 +0000] "PUT /d1/187/AUTH_211c322d753947e4b9c2de7ea51ce833/gnocchi.f6dca76d-ddd0-41ad-abe5-3fa61c95d3b3/none_v3" 201 - "PUT http://172.18.0.2:8080/v1/AUTH_211c322d753947e4b9c2de7ea51ce833/gnocchi.f6dca76d-ddd0-41ad-abe5-3fa61c95d3b3/none_v3" "txe6b228d468d04ddea4393-006a3545d9" "proxy-server 20" 0.0085 "-" 23 0
Jun 19 13:36:25 standalone proxy-server[131064]: 172.18.0.2 172.18.0.100 19/Jun/2026/13/36/25 PUT /v1/AUTH_211c322d753947e4b9c2de7ea51ce833/gnocchi.f6dca76d-ddd0-41ad-abe5-3fa61c95d3b3/none_v3 HTTP/1.0 201 - python-swiftclient-3.11.1 gAAAAABqNUUBbKBV... 22 - - txe6b228d468d04ddea4393-006a3545d9 - 0.0128 - - 1781876185.601996660 1781876185.614826918 0
Jun 19 13:36:25 standalone container-server[128923]: 172.20.0.100 - - [19/Jun/2026:13:36:25 +0000] "HEAD /d1/305/AUTH_211c322d753947e4b9c2de7ea51ce833/gnocchi.202c2ef8-de37-4892-a099-38fa1097da7a" 404 - "HEAD http://172.18.0.2:8080/v1/AUTH_211c322d753947e4b9c2de7ea51ce833/gnocchi.202c2ef8-de37-4892-a099-38fa1097da7a?format=json&states=listing" "txa1daf89427c2494d8157c-006a3545d9" "proxy-server 20" 0.0003 "-" 22 0
Jun 19 13:36:25 standalone object-server[129006]: 172.20.0.100 - - [19/Jun/2026:13:36:25 +0000] "GET /d1/98/AUTH_211c322d753947e4b9c2de7ea51ce833/gnocchi.202c2ef8-de37-4892-a099-38fa1097da7a/none_v3" 404 70 "GET http://172.18.0.2:8080/v1/AUTH_211c322d753947e4b9c2de7ea51ce833/gnocchi.202c2ef8-de37-4892-a099-38fa1097da7a/none_v3" "txa1daf89427c2494d8157c-006a3545d9" "proxy-server 20" 0.0003 "-" 22 0
Jun 19 13:36:25 standalone proxy-server[131064]: 172.18.0.2 172.18.0.100 19/Jun/2026/13/36/25 GET /v1/AUTH_211c322d753947e4b9c2de7ea51ce833/gnocchi.202c2ef8-de37-4892-a099-38fa1097da7a/none_v3 HTTP/1.0 404 - python-swiftclient-3.11.1 gAAAAABqNUUBbKBV... - 70 - txa1daf89427c2494d8157c-006a3545d9 - 0.0065 - - 1781876185.627991199 1781876185.634485006 0
Jun 19 13:36:25 standalone account-server[128786]: 172.20.0.100 - - [19/Jun/2026:13:36:25 +0000] "PUT /d1/628/AUTH_211c322d753947e4b9c2de7ea51ce833/gnocchi.202c2ef8-de37-4892-a099-38fa1097da7a" 201 - "PUT http://172.20.0.100:6001/d1/305/AUTH_211c322d753947e4b9c2de7ea51ce833/gnocchi.202c2ef8-de37-4892-a099-38fa1097da7a" "tx8948f9d3a2f24b84b394a-006a3545d9" "container-server 21" 0.0045 "-" 22 0
Jun 19 13:36:25 standalone container-server[128916]: 172.20.0.100 - - [19/Jun/2026:13:36:25 +0000] "PUT /d1/305/AUTH_211c322d753947e4b9c2de7ea51ce833/gnocchi.202c2ef8-de37-4892-a099-38fa1097da7a" 201 - "PUT http://172.18.0.2:8080/v1/AUTH_211c322d753947e4b9c2de7ea51ce833/gnocchi.202c2ef8-de37-4892-a099-38fa1097da7a" "tx8948f9d3a2f24b84b394a-006a3545d9" "proxy-server 20" 0.0130 "-" 21 0
Jun 19 13:36:25 standalone proxy-server[131064]: 172.18.0.2 172.18.0.100 19/Jun/2026/13/36/25 PUT /v1/AUTH_211c322d753947e4b9c2de7ea51ce833/gnocchi.202c2ef8-de37-4892-a099-38fa1097da7a HTTP/1.0 201 - python-swiftclient-3.11.1 gAAAAABqNUUBbKBV... - - - tx8948f9d3a2f24b84b394a-006a3545d9 - 0.0166 - - 1781876185.636234283 1781876185.652820110 0
Jun 19 13:36:25 standalone container-server[128923]: 172.20.0.100 - - [19/Jun/2026:13:36:25 +0000] "HEAD /d1/305/AUTH_211c322d753947e4b9c2de7ea51ce833/gnocchi.202c2ef8-de37-4892-a099-38fa1097da7a" 204 - "HEAD http://172.18.0.2:8080/v1/AUTH_211c322d753947e4b9c2de7ea51ce833/gnocchi.202c2ef8-de37-4892-a099-38fa1097da7a?format=json&states=listing" "tx58a7aa55963a43ad982e9-006a3545d9" "proxy-server 20" 0.0010 "-" 22 0
Jun 19 13:36:25 standalone proxy-server[131064]: - - 19/Jun/2026/13/36/25 HEAD /v1/AUTH_211c322d753947e4b9c2de7ea51ce833/gnocchi.202c2ef8-de37-4892-a099-38fa1097da7a%3Fformat%3Djson%26states%3Dlisting HTTP/1.0 204 - Swift - - - - tx58a7aa55963a43ad982e9-006a3545d9 - 0.0032 RL - 1781876185.656435251 1781876185.659680605 0
