Jun 19 13:34:54 standalone object-server[129006]: 172.20.0.100 - - [19/Jun/2026:13:34:54 +0000] "PUT /d1/740/AUTH_211c322d753947e4b9c2de7ea51ce833/gnocchi.35531dfa-b231-4fd4-8f38-9e81462fc3e6/none_v3" 201 - "PUT http://172.18.0.2:8080/v1/AUTH_211c322d753947e4b9c2de7ea51ce833/gnocchi.35531dfa-b231-4fd4-8f38-9e81462fc3e6/none_v3" "txc2722e0c8c514011b8514-006a35457e" "proxy-server 20" 0.0196 "-" 22 0
Jun 19 13:34:54 standalone proxy-server[131064]: 172.18.0.2 172.18.0.100 19/Jun/2026/13/34/54 PUT /v1/AUTH_211c322d753947e4b9c2de7ea51ce833/gnocchi.35531dfa-b231-4fd4-8f38-9e81462fc3e6/none_v3 HTTP/1.0 201 - python-swiftclient-3.11.1 gAAAAABqNUUBbKBV... 22 - - txc2722e0c8c514011b8514-006a35457e - 0.0285 - - 1781876094.215519905 1781876094.243984222 0
Jun 19 13:34:54 standalone object-server[129006]: 172.20.0.100 - - [19/Jun/2026:13:34:54 +0000] "GET /d1/174/AUTH_211c322d753947e4b9c2de7ea51ce833/gnocchi.7ac19625-5e4c-4d32-ba4e-3fa3774c86a5/none_v3" 200 33 "GET http://172.18.0.2:8080/v1/AUTH_211c322d753947e4b9c2de7ea51ce833/gnocchi.7ac19625-5e4c-4d32-ba4e-3fa3774c86a5/none_v3" "txdcdf03505fc04af987f1c-006a35457e" "proxy-server 20" 0.0007 "-" 22 0
Jun 19 13:34:54 standalone proxy-server[131064]: 172.18.0.2 172.18.0.100 19/Jun/2026/13/34/54 GET /v1/AUTH_211c322d753947e4b9c2de7ea51ce833/gnocchi.7ac19625-5e4c-4d32-ba4e-3fa3774c86a5/none_v3 HTTP/1.0 200 - python-swiftclient-3.11.1 gAAAAABqNUUBbKBV... - 33 - txdcdf03505fc04af987f1c-006a35457e - 0.0093 - - 1781876094.397517681 1781876094.406836033 0
Jun 19 13:34:54 standalone container-server[128923]: 172.20.0.100 - - [19/Jun/2026:13:34:54 +0000] "GET /d1/855/AUTH_211c322d753947e4b9c2de7ea51ce833/gnocchi.7ac19625-5e4c-4d32-ba4e-3fa3774c86a5" 200 357 "GET http://172.18.0.2:8080/v1/AUTH_211c322d753947e4b9c2de7ea51ce833/gnocchi.7ac19625-5e4c-4d32-ba4e-3fa3774c86a5?format=json&states=listing" "txccf6242d4e19489291de2-006a35457e" "proxy-server 20" 0.0073 "-" 22 0
Jun 19 13:34:54 standalone proxy-server[131064]: 172.18.0.2 172.18.0.100 19/Jun/2026/13/34/54 GET /v1/AUTH_211c322d753947e4b9c2de7ea51ce833/gnocchi.7ac19625-5e4c-4d32-ba4e-3fa3774c86a5%3Fformat%3Djson%26states%3Dlisting HTTP/1.0 200 - python-swiftclient-3.11.1 gAAAAABqNUUBbKBV... - 357 - txccf6242d4e19489291de2-006a35457e - 0.0137 - - 1781876094.411498547 1781876094.425199986 0
Jun 19 13:34:54 standalone container-server[128934]: 172.20.0.100 - - [19/Jun/2026:13:34:54 +0000] "GET /d1/855/AUTH_211c322d753947e4b9c2de7ea51ce833/gnocchi.7ac19625-5e4c-4d32-ba4e-3fa3774c86a5" 200 2 "GET http://172.18.0.2:8080/v1/AUTH_211c322d753947e4b9c2de7ea51ce833/gnocchi.7ac19625-5e4c-4d32-ba4e-3fa3774c86a5?format=json&marker=none_v3&states=listing" "tx4550a8efff084ee88b30d-006a35457e" "proxy-server 20" 0.0040 "-" 23 0
Jun 19 13:34:54 standalone proxy-server[131064]: 172.18.0.2 172.18.0.100 19/Jun/2026/13/34/54 GET /v1/AUTH_211c322d753947e4b9c2de7ea51ce833/gnocchi.7ac19625-5e4c-4d32-ba4e-3fa3774c86a5%3Fformat%3Djson%26marker%3Dnone_v3%26states%3Dlisting HTTP/1.0 200 - python-swiftclient-3.11.1 gAAAAABqNUUBbKBV... - 2 - tx4550a8efff084ee88b30d-006a35457e - 0.0099 - - 1781876094.427614689 1781876094.437525511 0
Jun 19 13:34:54 standalone object-server[129006]: 172.20.0.100 - - [19/Jun/2026:13:34:54 +0000] "GET /d1/954/AUTH_211c322d753947e4b9c2de7ea51ce833/gnocchi.7ac19625-5e4c-4d32-ba4e-3fa3774c86a5/1780920000.0_mean_300.0_v3" 200 16 "GET http://172.18.0.2:8080/v1/AUTH_211c322d753947e4b9c2de7ea51ce833/gnocchi.7ac19625-5e4c-4d32-ba4e-3fa3774c86a5/1780920000.0_mean_300.0_v3" "txdbb593e34486496393a8d-006a35457e" "proxy-server 20" 0.0009 "-" 22 0
Jun 19 13:34:54 standalone proxy-server[131064]: 172.18.0.2 172.18.0.100 19/Jun/2026/13/34/54 GET /v1/AUTH_211c322d753947e4b9c2de7ea51ce833/gnocchi.7ac19625-5e4c-4d32-ba4e-3fa3774c86a5/1780920000.0_mean_300.0_v3 HTTP/1.0 200 - python-swiftclient-3.11.1 gAAAAABqNUUBbKBV... - 16 - txdbb593e34486496393a8d-006a35457e - 0.0063 - - 1781876094.440462589 1781876094.446741343 0
Jun 19 13:34:54 standalone container-server[128916]: 172.20.0.100 - - [19/Jun/2026:13:34:54 +0000] "PUT /d1/855/AUTH_211c322d753947e4b9c2de7ea51ce833/gnocchi.7ac19625-5e4c-4d32-ba4e-3fa3774c86a5/1780920000.0_mean_300.0_v3" 201 - "PUT http://172.18.0.2:8080/d1/954/AUTH_211c322d753947e4b9c2de7ea51ce833/gnocchi.7ac19625-5e4c-4d32-ba4e-3fa3774c86a5/1780920000.0_mean_300.0_v3" "tx330229f41f934b37b91aa-006a35457e" "object-server 23" 0.0006 "-" 21 0
Jun 19 13:34:54 standalone object-server[129014]: 172.20.0.100 - - [19/Jun/2026:13:34:54 +0000] "PUT /d1/954/AUTH_211c322d753947e4b9c2de7ea51ce833/gnocchi.7ac19625-5e4c-4d32-ba4e-3fa3774c86a5/1780920000.0_mean_300.0_v3" 201 - "PUT http://172.18.0.2:8080/v1/AUTH_211c322d753947e4b9c2de7ea51ce833/gnocchi.7ac19625-5e4c-4d32-ba4e-3fa3774c86a5/1780920000.0_mean_300.0_v3" "tx330229f41f934b37b91aa-006a35457e" "proxy-server 20" 0.0120 "-" 23 0
Jun 19 13:34:54 standalone proxy-server[131064]: 172.18.0.2 172.18.0.100 19/Jun/2026/13/34/54 PUT /v1/AUTH_211c322d753947e4b9c2de7ea51ce833/gnocchi.7ac19625-5e4c-4d32-ba4e-3fa3774c86a5/1780920000.0_mean_300.0_v3 HTTP/1.0 201 - python-swiftclient-3.11.1 gAAAAABqNUUBbKBV... 16 - - tx330229f41f934b37b91aa-006a35457e - 0.0180 - - 1781876094.449204445 1781876094.467189312 0
Jun 19 13:34:54 standalone container-server[128934]: 172.20.0.100 - - [19/Jun/2026:13:34:54 +0000] "PUT /d1/855/AUTH_211c322d753947e4b9c2de7ea51ce833/gnocchi.7ac19625-5e4c-4d32-ba4e-3fa3774c86a5/none_v3" 201 - "PUT http://172.18.0.2:8080/d1/174/AUTH_211c322d753947e4b9c2de7ea51ce833/gnocchi.7ac19625-5e4c-4d32-ba4e-3fa3774c86a5/none_v3" "tx8423945d377a4d45b95b8-006a35457e" "object-server 25" 0.0007 "-" 23 0
Jun 19 13:34:54 standalone object-server[129016]: 172.20.0.100 - - [19/Jun/2026:13:34:54 +0000] "PUT /d1/174/AUTH_211c322d753947e4b9c2de7ea51ce833/gnocchi.7ac19625-5e4c-4d32-ba4e-3fa3774c86a5/none_v3" 201 - "PUT http://172.18.0.2:8080/v1/AUTH_211c322d753947e4b9c2de7ea51ce833/gnocchi.7ac19625-5e4c-4d32-ba4e-3fa3774c86a5/none_v3" "tx8423945d377a4d45b95b8-006a35457e" "proxy-server 20" 0.0095 "-" 25 0
Jun 19 13:34:54 standalone proxy-server[131064]: 172.18.0.2 172.18.0.100 19/Jun/2026/13/34/54 PUT /v1/AUTH_211c322d753947e4b9c2de7ea51ce833/gnocchi.7ac19625-5e4c-4d32-ba4e-3fa3774c86a5/none_v3 HTTP/1.0 201 - python-swiftclient-3.11.1 gAAAAABqNUUBbKBV... 48 - - tx8423945d377a4d45b95b8-006a35457e - 0.0154 - - 1781876094.469545126 1781876094.484957695 0
Jun 19 13:34:54 standalone object-server[129006]: 172.20.0.100 - - [19/Jun/2026:13:34:54 +0000] "GET /d1/446/AUTH_211c322d753947e4b9c2de7ea51ce833/gnocchi.2d658c8e-b806-4b8b-b698-09f23b66af46/none_v3" 200 33 "GET http://172.18.0.2:8080/v1/AUTH_211c322d753947e4b9c2de7ea51ce833/gnocchi.2d658c8e-b806-4b8b-b698-09f23b66af46/none_v3" "txb71752a3776345518a6d6-006a35457e" "proxy-server 20" 0.0007 "-" 22 0
Jun 19 13:34:54 standalone proxy-server[131064]: 172.18.0.2 172.18.0.100 19/Jun/2026/13/34/54 GET /v1/AUTH_211c322d753947e4b9c2de7ea51ce833/gnocchi.2d658c8e-b806-4b8b-b698-09f23b66af46/none_v3 HTTP/1.0 200 - python-swiftclient-3.11.1 gAAAAABqNUUBbKBV... - 33 - txb71752a3776345518a6d6-006a35457e - 0.0072 - - 1781876094.541523457 1781876094.548717022 0
Jun 19 13:34:54 standalone container-server[128912]: 172.20.0.100 - - [19/Jun/2026:13:34:54 +0000] "GET /d1/422/AUTH_211c322d753947e4b9c2de7ea51ce833/gnocchi.2d658c8e-b806-4b8b-b698-09f23b66af46" 200 357 "GET http://172.18.0.2:8080/v1/AUTH_211c322d753947e4b9c2de7ea51ce833/gnocchi.2d658c8e-b806-4b8b-b698-09f23b66af46?format=json&states=listing" "txaf3c335bc6fc46e5a5b35-006a35457e" "proxy-server 20" 0.0097 "-" 20 0
Jun 19 13:34:54 standalone proxy-server[131064]: 172.18.0.2 172.18.0.100 19/Jun/2026/13/34/54 GET /v1/AUTH_211c322d753947e4b9c2de7ea51ce833/gnocchi.2d658c8e-b806-4b8b-b698-09f23b66af46%3Fformat%3Djson%26states%3Dlisting HTTP/1.0 200 - python-swiftclient-3.11.1 gAAAAABqNUUBbKBV... - 357 - txaf3c335bc6fc46e5a5b35-006a35457e - 0.0162 - - 1781876094.551914930 1781876094.568116426 0
Jun 19 13:34:54 standalone container-server[128934]: 172.20.0.100 - - [19/Jun/2026:13:34:54 +0000] "GET /d1/422/AUTH_211c322d753947e4b9c2de7ea51ce833/gnocchi.2d658c8e-b806-4b8b-b698-09f23b66af46" 200 2 "GET http://172.18.0.2:8080/v1/AUTH_211c322d753947e4b9c2de7ea51ce833/gnocchi.2d658c8e-b806-4b8b-b698-09f23b66af46?format=json&marker=none_v3&states=listing" "tx10e870bd077b4c88bcc5b-006a35457e" "proxy-server 20" 0.0033 "-" 23 0
Jun 19 13:34:54 standalone proxy-server[131064]: 172.18.0.2 172.18.0.100 19/Jun/2026/13/34/54 GET /v1/AUTH_211c322d753947e4b9c2de7ea51ce833/gnocchi.2d658c8e-b806-4b8b-b698-09f23b66af46%3Fformat%3Djson%26marker%3Dnone_v3%26states%3Dlisting HTTP/1.0 200 - python-swiftclient-3.11.1 gAAAAABqNUUBbKBV... - 2 - tx10e870bd077b4c88bcc5b-006a35457e - 0.0092 - - 1781876094.571007967 1781876094.580257893 0
Jun 19 13:34:54 standalone object-server[129014]: 172.20.0.100 - - [19/Jun/2026:13:34:54 +0000] "GET /d1/770/AUTH_211c322d753947e4b9c2de7ea51ce833/gnocchi.2d658c8e-b806-4b8b-b698-09f23b66af46/1780920000.0_mean_300.0_v3" 200 16 "GET http://172.18.0.2:8080/v1/AUTH_211c322d753947e4b9c2de7ea51ce833/gnocchi.2d658c8e-b806-4b8b-b698-09f23b66af46/1780920000.0_mean_300.0_v3" "tx51b1e5bd449f4e2f829dd-006a35457e" "proxy-server 20" 0.0012 "-" 23 0
Jun 19 13:34:54 standalone proxy-server[131064]: 172.18.0.2 172.18.0.100 19/Jun/2026/13/34/54 GET /v1/AUTH_211c322d753947e4b9c2de7ea51ce833/gnocchi.2d658c8e-b806-4b8b-b698-09f23b66af46/1780920000.0_mean_300.0_v3 HTTP/1.0 200 - python-swiftclient-3.11.1 gAAAAABqNUUBbKBV... - 16 - tx51b1e5bd449f4e2f829dd-006a35457e - 0.0109 - - 1781876094.583371878 1781876094.594269753 0
Jun 19 13:34:54 standalone container-server[128923]: 172.20.0.100 - - [19/Jun/2026:13:34:54 +0000] "PUT /d1/422/AUTH_211c322d753947e4b9c2de7ea51ce833/gnocchi.2d658c8e-b806-4b8b-b698-09f23b66af46/1780920000.0_mean_300.0_v3" 201 - "PUT http://172.18.0.2:8080/d1/770/AUTH_211c322d753947e4b9c2de7ea51ce833/gnocchi.2d658c8e-b806-4b8b-b698-09f23b66af46/1780920000.0_mean_300.0_v3" "txf4106eae03cd445cacc90-006a35457e" "object-server 24" 0.0006 "-" 22 0
Jun 19 13:34:54 standalone object-server[129015]: 172.20.0.100 - - [19/Jun/2026:13:34:54 +0000] "PUT /d1/770/AUTH_211c322d753947e4b9c2de7ea51ce833/gnocchi.2d658c8e-b806-4b8b-b698-09f23b66af46/1780920000.0_mean_300.0_v3" 201 - "PUT http://172.18.0.2:8080/v1/AUTH_211c322d753947e4b9c2de7ea51ce833/gnocchi.2d658c8e-b806-4b8b-b698-09f23b66af46/1780920000.0_mean_300.0_v3" "txf4106eae03cd445cacc90-006a35457e" "proxy-server 20" 0.0254 "-" 24 0
Jun 19 13:34:54 standalone proxy-server[131064]: 172.18.0.2 172.18.0.100 19/Jun/2026/13/34/54 PUT /v1/AUTH_211c322d753947e4b9c2de7ea51ce833/gnocchi.2d658c8e-b806-4b8b-b698-09f23b66af46/1780920000.0_mean_300.0_v3 HTTP/1.0 201 - python-swiftclient-3.11.1 gAAAAABqNUUBbKBV... 16 - - txf4106eae03cd445cacc90-006a35457e - 0.0310 - - 1781876094.596741438 1781876094.627781630 0
Jun 19 13:34:54 standalone container-server[128934]: 172.20.0.100 - - [19/Jun/2026:13:34:54 +0000] "PUT /d1/422/AUTH_211c322d753947e4b9c2de7ea51ce833/gnocchi.2d658c8e-b806-4b8b-b698-09f23b66af46/none_v3" 201 - "PUT http://172.18.0.2:8080/d1/446/AUTH_211c322d753947e4b9c2de7ea51ce833/gnocchi.2d658c8e-b806-4b8b-b698-09f23b66af46/none_v3" "tx088c601b12eb4933b7406-006a35457e" "object-server 22" 0.0005 "-" 23 0
Jun 19 13:34:54 standalone object-server[129006]: 172.20.0.100 - - [19/Jun/2026:13:34:54 +0000] "PUT /d1/446/AUTH_211c322d753947e4b9c2de7ea51ce833/gnocchi.2d658c8e-b806-4b8b-b698-09f23b66af46/none_v3" 201 - "PUT http://172.18.0.2:8080/v1/AUTH_211c322d753947e4b9c2de7ea51ce833/gnocchi.2d658c8e-b806-4b8b-b698-09f23b66af46/none_v3" "tx088c601b12eb4933b7406-006a35457e" "proxy-server 20" 0.0084 "-" 22 0
Jun 19 13:34:54 standalone proxy-server[131064]: 172.18.0.2 172.18.0.100 19/Jun/2026/13/34/54 PUT /v1/AUTH_211c322d753947e4b9c2de7ea51ce833/gnocchi.2d658c8e-b806-4b8b-b698-09f23b66af46/none_v3 HTTP/1.0 201 - python-swiftclient-3.11.1 gAAAAABqNUUBbKBV... 48 - - tx088c601b12eb4933b7406-006a35457e - 0.0128 - - 1781876094.630193233 1781876094.643033028 0
Jun 19 13:34:55 standalone object-server[129015]: 172.20.0.100 - - [19/Jun/2026:13:34:55 +0000] "GET /d1/740/AUTH_211c322d753947e4b9c2de7ea51ce833/gnocchi.35531dfa-b231-4fd4-8f38-9e81462fc3e6/none_v3" 200 22 "GET http://172.18.0.2:8080/v1/AUTH_211c322d753947e4b9c2de7ea51ce833/gnocchi.35531dfa-b231-4fd4-8f38-9e81462fc3e6/none_v3" "tx015176f3902e4b1cb5cf6-006a35457f" "proxy-server 20" 0.0011 "-" 24 0
Jun 19 13:34:55 standalone proxy-server[131064]: 172.18.0.2 172.18.0.100 19/Jun/2026/13/34/55 GET /v1/AUTH_211c322d753947e4b9c2de7ea51ce833/gnocchi.35531dfa-b231-4fd4-8f38-9e81462fc3e6/none_v3 HTTP/1.0 200 - python-swiftclient-3.11.1 gAAAAABqNUUBbKBV... - 22 - tx015176f3902e4b1cb5cf6-006a35457f - 0.0101 - - 1781876095.754569292 1781876095.764636993 0
Jun 19 13:34:55 standalone container-server[128923]: 172.20.0.100 - - [19/Jun/2026:13:34:55 +0000] "GET /d1/683/AUTH_211c322d753947e4b9c2de7ea51ce833/gnocchi.35531dfa-b231-4fd4-8f38-9e81462fc3e6" 200 357 "GET http://172.18.0.2:8080/v1/AUTH_211c322d753947e4b9c2de7ea51ce833/gnocchi.35531dfa-b231-4fd4-8f38-9e81462fc3e6?format=json&states=listing" "tx396ac32849c245e684e79-006a35457f" "proxy-server 20" 0.0136 "-" 22 0
Jun 19 13:34:55 standalone proxy-server[131064]: 172.18.0.2 172.18.0.100 19/Jun/2026/13/34/55 GET /v1/AUTH_211c322d753947e4b9c2de7ea51ce833/gnocchi.35531dfa-b231-4fd4-8f38-9e81462fc3e6%3Fformat%3Djson%26states%3Dlisting HTTP/1.0 200 - python-swiftclient-3.11.1 gAAAAABqNUUBbKBV... - 357 - tx396ac32849c245e684e79-006a35457f - 0.0252 - - 1781876095.770111084 1781876095.795355082 0
Jun 19 13:34:55 standalone container-server[128923]: 172.20.0.100 - - [19/Jun/2026:13:34:55 +0000] "GET /d1/683/AUTH_211c322d753947e4b9c2de7ea51ce833/gnocchi.35531dfa-b231-4fd4-8f38-9e81462fc3e6" 200 2 "GET http://172.18.0.2:8080/v1/AUTH_211c322d753947e4b9c2de7ea51ce833/gnocchi.35531dfa-b231-4fd4-8f38-9e81462fc3e6?format=json&marker=none_v3&states=listing" "tx3fbffac87a95499ba8e73-006a35457f" "proxy-server 20" 0.0042 "-" 22 0
Jun 19 13:34:55 standalone proxy-server[131064]: 172.18.0.2 172.18.0.100 19/Jun/2026/13/34/55 GET /v1/AUTH_211c322d753947e4b9c2de7ea51ce833/gnocchi.35531dfa-b231-4fd4-8f38-9e81462fc3e6%3Fformat%3Djson%26marker%3Dnone_v3%26states%3Dlisting HTTP/1.0 200 - python-swiftclient-3.11.1 gAAAAABqNUUBbKBV... - 2 - tx3fbffac87a95499ba8e73-006a35457f - 0.0131 - - 1781876095.800176859 1781876095.813299417 0
Jun 19 13:34:55 standalone object-server[129006]: 172.20.0.100 - - [19/Jun/2026:13:34:55 +0000] "GET /d1/228/AUTH_211c322d753947e4b9c2de7ea51ce833/gnocchi.35531dfa-b231-4fd4-8f38-9e81462fc3e6/1780920000.0_mean_300.0_v3" 200 16 "GET http://172.18.0.2:8080/v1/AUTH_211c322d753947e4b9c2de7ea51ce833/gnocchi.35531dfa-b231-4fd4-8f38-9e81462fc3e6/1780920000.0_mean_300.0_v3" "tx7eac5e7039b4492c9b928-006a35457f" "proxy-server 20" 0.0011 "-" 22 0
Jun 19 13:34:55 standalone proxy-server[131064]: 172.18.0.2 172.18.0.100 19/Jun/2026/13/34/55 GET /v1/AUTH_211c322d753947e4b9c2de7ea51ce833/gnocchi.35531dfa-b231-4fd4-8f38-9e81462fc3e6/1780920000.0_mean_300.0_v3 HTTP/1.0 200 - python-swiftclient-3.11.1 gAAAAABqNUUBbKBV... - 16 - tx7eac5e7039b4492c9b928-006a35457f - 0.0106 - - 1781876095.818333149 1781876095.828981161 0
Jun 19 13:34:55 standalone container-server[128916]: 172.20.0.100 - - [19/Jun/2026:13:34:55 +0000] "PUT /d1/683/AUTH_211c322d753947e4b9c2de7ea51ce833/gnocchi.35531dfa-b231-4fd4-8f38-9e81462fc3e6/1780920000.0_mean_300.0_v3" 201 - "PUT http://172.18.0.2:8080/d1/228/AUTH_211c322d753947e4b9c2de7ea51ce833/gnocchi.35531dfa-b231-4fd4-8f38-9e81462fc3e6/1780920000.0_mean_300.0_v3" "tx6058d5ad48384876b7566-006a35457f" "object-server 23" 0.0008 "-" 21 0
Jun 19 13:34:55 standalone object-server[129014]: 172.20.0.100 - - [19/Jun/2026:13:34:55 +0000] "PUT /d1/228/AUTH_211c322d753947e4b9c2de7ea51ce833/gnocchi.35531dfa-b231-4fd4-8f38-9e81462fc3e6/1780920000.0_mean_300.0_v3" 201 - "PUT http://172.18.0.2:8080/v1/AUTH_211c322d753947e4b9c2de7ea51ce833/gnocchi.35531dfa-b231-4fd4-8f38-9e81462fc3e6/1780920000.0_mean_300.0_v3" "tx6058d5ad48384876b7566-006a35457f" "proxy-server 20" 0.0121 "-" 23 0
Jun 19 13:34:55 standalone proxy-server[131064]: 172.18.0.2 172.18.0.100 19/Jun/2026/13/34/55 PUT /v1/AUTH_211c322d753947e4b9c2de7ea51ce833/gnocchi.35531dfa-b231-4fd4-8f38-9e81462fc3e6/1780920000.0_mean_300.0_v3 HTTP/1.0 201 - python-swiftclient-3.11.1 gAAAAABqNUUBbKBV... 16 - - tx6058d5ad48384876b7566-006a35457f - 0.0196 - - 1781876095.832992077 1781876095.852596998 0
Jun 19 13:34:55 standalone container-server[128923]: 172.20.0.100 - - [19/Jun/2026:13:34:55 +0000] "PUT /d1/683/AUTH_211c322d753947e4b9c2de7ea51ce833/gnocchi.35531dfa-b231-4fd4-8f38-9e81462fc3e6/none_v3" 201 - "PUT http://172.18.0.2:8080/d1/740/AUTH_211c322d753947e4b9c2de7ea51ce833/gnocchi.35531dfa-b231-4fd4-8f38-9e81462fc3e6/none_v3" "txcde03efa474a4c63871b7-006a35457f" "object-server 25" 0.0007 "-" 22 0
Jun 19 13:34:55 standalone object-server[129016]: 172.20.0.100 - - [19/Jun/2026:13:34:55 +0000] "PUT /d1/740/AUTH_211c322d753947e4b9c2de7ea51ce833/gnocchi.35531dfa-b231-4fd4-8f38-9e81462fc3e6/none_v3" 201 - "PUT http://172.18.0.2:8080/v1/AUTH_211c322d753947e4b9c2de7ea51ce833/gnocchi.35531dfa-b231-4fd4-8f38-9e81462fc3e6/none_v3" "txcde03efa474a4c63871b7-006a35457f" "proxy-server 20" 0.0117 "-" 25 0
Jun 19 13:34:55 standalone proxy-server[131064]: 172.18.0.2 172.18.0.100 19/Jun/2026/13/34/55 PUT /v1/AUTH_211c322d753947e4b9c2de7ea51ce833/gnocchi.35531dfa-b231-4fd4-8f38-9e81462fc3e6/none_v3 HTTP/1.0 201 - python-swiftclient-3.11.1 gAAAAABqNUUBbKBV... 31 - - txcde03efa474a4c63871b7-006a35457f - 0.0200 - - 1781876095.856250763 1781876095.876224518 0
Jun 19 13:35:04 standalone account-server[128791]: 172.20.0.100 - - [19/Jun/2026:13:35:04 +0000] "HEAD /d1/628/AUTH_211c322d753947e4b9c2de7ea51ce833" 204 - "HEAD http://172.18.0.2:8080/v1/AUTH_211c322d753947e4b9c2de7ea51ce833?format=json" "tx8e71e0c167ff4f01891e5-006a354588" "proxy-server 20" 0.0108 "-" 23 -
Jun 19 13:35:04 standalone proxy-server[131064]: - - 19/Jun/2026/13/35/04 HEAD /v1/AUTH_211c322d753947e4b9c2de7ea51ce833%3Fformat%3Djson HTTP/1.0 204 - Swift - - - - tx8e71e0c167ff4f01891e5-006a354588 - 0.0174 RL - 1781876104.150679111 1781876104.168039799 -
Jun 19 13:35:04 standalone object-server[129016]: 172.20.0.100 - - [19/Jun/2026:13:35:04 +0000] "GET /d1/740/AUTH_211c322d753947e4b9c2de7ea51ce833/gnocchi.35531dfa-b231-4fd4-8f38-9e81462fc3e6/none_v3" 200 31 "GET http://172.18.0.2:8080/v1/AUTH_211c322d753947e4b9c2de7ea51ce833/gnocchi.35531dfa-b231-4fd4-8f38-9e81462fc3e6/none_v3" "tx8e71e0c167ff4f01891e5-006a354588" "proxy-server 20" 0.0012 "-" 25 0
Jun 19 13:35:04 standalone proxy-server[131064]: 172.18.0.2 172.18.0.100 19/Jun/2026/13/35/04 GET /v1/AUTH_211c322d753947e4b9c2de7ea51ce833/gnocchi.35531dfa-b231-4fd4-8f38-9e81462fc3e6/none_v3 HTTP/1.0 200 - python-swiftclient-3.11.1 gAAAAABqNUUBbKBV... - 31 - tx8e71e0c167ff4f01891e5-006a354588 - 0.0289 - - 1781876104.148785353 1781876104.177709579 0
Jun 19 13:35:04 standalone container-server[128912]: 172.20.0.100 - - [19/Jun/2026:13:35:04 +0000] "GET /d1/683/AUTH_211c322d753947e4b9c2de7ea51ce833/gnocchi.35531dfa-b231-4fd4-8f38-9e81462fc3e6" 200 357 "GET http://172.18.0.2:8080/v1/AUTH_211c322d753947e4b9c2de7ea51ce833/gnocchi.35531dfa-b231-4fd4-8f38-9e81462fc3e6?format=json&states=listing" "tx23f59a0783dc4c3d8ec31-006a354588" "proxy-server 20" 0.0116 "-" 20 0
Jun 19 13:35:04 standalone proxy-server[131064]: 172.18.0.2 172.18.0.100 19/Jun/2026/13/35/04 GET /v1/AUTH_211c322d753947e4b9c2de7ea51ce833/gnocchi.35531dfa-b231-4fd4-8f38-9e81462fc3e6%3Fformat%3Djson%26states%3Dlisting HTTP/1.0 200 - python-swiftclient-3.11.1 gAAAAABqNUUBbKBV... - 357 - tx23f59a0783dc4c3d8ec31-006a354588 - 0.0193 - - 1781876104.181509972 1781876104.200773716 0
Jun 19 13:35:04 standalone container-server[128934]: 172.20.0.100 - - [19/Jun/2026:13:35:04 +0000] "GET /d1/683/AUTH_211c322d753947e4b9c2de7ea51ce833/gnocchi.35531dfa-b231-4fd4-8f38-9e81462fc3e6" 200 2 "GET http://172.18.0.2:8080/v1/AUTH_211c322d753947e4b9c2de7ea51ce833/gnocchi.35531dfa-b231-4fd4-8f38-9e81462fc3e6?format=json&marker=none_v3&states=listing" "tx89454b841bb5438fa4e29-006a354588" "proxy-server 20" 0.0026 "-" 23 0
Jun 19 13:35:04 standalone proxy-server[131064]: 172.18.0.2 172.18.0.100 19/Jun/2026/13/35/04 GET /v1/AUTH_211c322d753947e4b9c2de7ea51ce833/gnocchi.35531dfa-b231-4fd4-8f38-9e81462fc3e6%3Fformat%3Djson%26marker%3Dnone_v3%26states%3Dlisting HTTP/1.0 200 - python-swiftclient-3.11.1 gAAAAABqNUUBbKBV... - 2 - tx89454b841bb5438fa4e29-006a354588 - 0.0093 - - 1781876104.203739405 1781876104.213088274 0
Jun 19 13:35:04 standalone object-server[129015]: 172.20.0.100 - - [19/Jun/2026:13:35:04 +0000] "GET /d1/228/AUTH_211c322d753947e4b9c2de7ea51ce833/gnocchi.35531dfa-b231-4fd4-8f38-9e81462fc3e6/1780920000.0_mean_300.0_v3" 200 16 "GET http://172.18.0.2:8080/v1/AUTH_211c322d753947e4b9c2de7ea51ce833/gnocchi.35531dfa-b231-4fd4-8f38-9e81462fc3e6/1780920000.0_mean_300.0_v3" "tx700ebf5d777746b5b1720-006a354588" "proxy-server 20" 0.0008 "-" 24 0
Jun 19 13:35:04 standalone proxy-server[131064]: 172.18.0.2 172.18.0.100 19/Jun/2026/13/35/04 GET /v1/AUTH_211c322d753947e4b9c2de7ea51ce833/gnocchi.35531dfa-b231-4fd4-8f38-9e81462fc3e6/1780920000.0_mean_300.0_v3 HTTP/1.0 200 - python-swiftclient-3.11.1 gAAAAABqNUUBbKBV... - 16 - tx700ebf5d777746b5b1720-006a354588 - 0.0074 - - 1781876104.217270613 1781876104.224711895 0
Jun 19 13:35:04 standalone container-server[128912]: 172.20.0.100 - - [19/Jun/2026:13:35:04 +0000] "PUT /d1/683/AUTH_211c322d753947e4b9c2de7ea51ce833/gnocchi.35531dfa-b231-4fd4-8f38-9e81462fc3e6/1780920000.0_mean_300.0_v3" 201 - "PUT http://172.18.0.2:8080/d1/228/AUTH_211c322d753947e4b9c2de7ea51ce833/gnocchi.35531dfa-b231-4fd4-8f38-9e81462fc3e6/1780920000.0_mean_300.0_v3" "txc2db8ca90f3745af902bc-006a354588" "object-server 25" 0.0010 "-" 20 0
Jun 19 13:35:04 standalone object-server[129016]: 172.20.0.100 - - [19/Jun/2026:13:35:04 +0000] "PUT /d1/228/AUTH_211c322d753947e4b9c2de7ea51ce833/gnocchi.35531dfa-b231-4fd4-8f38-9e81462fc3e6/1780920000.0_mean_300.0_v3" 201 - "PUT http://172.18.0.2:8080/v1/AUTH_211c322d753947e4b9c2de7ea51ce833/gnocchi.35531dfa-b231-4fd4-8f38-9e81462fc3e6/1780920000.0_mean_300.0_v3" "txc2db8ca90f3745af902bc-006a354588" "proxy-server 20" 0.0102 "-" 25 0
Jun 19 13:35:04 standalone proxy-server[131064]: 172.18.0.2 172.18.0.100 19/Jun/2026/13/35/04 PUT /v1/AUTH_211c322d753947e4b9c2de7ea51ce833/gnocchi.35531dfa-b231-4fd4-8f38-9e81462fc3e6/1780920000.0_mean_300.0_v3 HTTP/1.0 201 - python-swiftclient-3.11.1 gAAAAABqNUUBbKBV... 23 - - txc2db8ca90f3745af902bc-006a354588 - 0.0153 - - 1781876104.227171183 1781876104.242508650 0
Jun 19 13:35:04 standalone container-server[128916]: 172.20.0.100 - - [19/Jun/2026:13:35:04 +0000] "PUT /d1/683/AUTH_211c322d753947e4b9c2de7ea51ce833/gnocchi.35531dfa-b231-4fd4-8f38-9e81462fc3e6/none_v3" 201 - "PUT http://172.18.0.2:8080/d1/740/AUTH_211c322d753947e4b9c2de7ea51ce833/gnocchi.35531dfa-b231-4fd4-8f38-9e81462fc3e6/none_v3" "txa522e70c946f4245bd416-006a354588" "object-server 24" 0.0005 "-" 21 0
Jun 19 13:35:04 standalone object-server[129015]: 172.20.0.100 - - [19/Jun/2026:13:35:04 +0000] "PUT /d1/740/AUTH_211c322d753947e4b9c2de7ea51ce833/gnocchi.35531dfa-b231-4fd4-8f38-9e81462fc3e6/none_v3" 201 - "PUT http://172.18.0.2:8080/v1/AUTH_211c322d753947e4b9c2de7ea51ce833/gnocchi.35531dfa-b231-4fd4-8f38-9e81462fc3e6/none_v3" "txa522e70c946f4245bd416-006a354588" "proxy-server 20" 0.0084 "-" 24 0
Jun 19 13:35:04 standalone proxy-server[131064]: 172.18.0.2 172.18.0.100 19/Jun/2026/13/35/04 PUT /v1/AUTH_211c322d753947e4b9c2de7ea51ce833/gnocchi.35531dfa-b231-4fd4-8f38-9e81462fc3e6/none_v3 HTTP/1.0 201 - python-swiftclient-3.11.1 gAAAAABqNUUBbKBV... 22 - - txa522e70c946f4245bd416-006a354588 - 0.0144 - - 1781876104.248568296 1781876104.262956619 0
Jun 19 13:35:04 standalone object-server[129015]: 172.20.0.100 - - [19/Jun/2026:13:35:04 +0000] "GET /d1/740/AUTH_211c322d753947e4b9c2de7ea51ce833/gnocchi.35531dfa-b231-4fd4-8f38-9e81462fc3e6/none_v3" 200 22 "GET http://172.18.0.2:8080/v1/AUTH_211c322d753947e4b9c2de7ea51ce833/gnocchi.35531dfa-b231-4fd4-8f38-9e81462fc3e6/none_v3" "tx641383c1af1f404281660-006a354588" "proxy-server 20" 0.0012 "-" 24 0
Jun 19 13:35:04 standalone proxy-server[131064]: 172.18.0.2 172.18.0.100 19/Jun/2026/13/35/04 GET /v1/AUTH_211c322d753947e4b9c2de7ea51ce833/gnocchi.35531dfa-b231-4fd4-8f38-9e81462fc3e6/none_v3 HTTP/1.0 200 - python-swiftclient-3.11.1 gAAAAABqNUUBbKBV... - 22 - tx641383c1af1f404281660-006a354588 - 0.0105 - - 1781876104.941980839 1781876104.952469826 0
Jun 19 13:35:04 standalone container-server[128934]: 172.20.0.100 - - [19/Jun/2026:13:35:04 +0000] "GET /d1/683/AUTH_211c322d753947e4b9c2de7ea51ce833/gnocchi.35531dfa-b231-4fd4-8f38-9e81462fc3e6" 200 357 "GET http://172.18.0.2:8080/v1/AUTH_211c322d753947e4b9c2de7ea51ce833/gnocchi.35531dfa-b231-4fd4-8f38-9e81462fc3e6?format=json&states=listing" "txe5254fb2eb2f453e872f4-006a354588" "proxy-server 20" 0.0115 "-" 23 0
Jun 19 13:35:04 standalone proxy-server[131064]: 172.18.0.2 172.18.0.100 19/Jun/2026/13/35/04 GET /v1/AUTH_211c322d753947e4b9c2de7ea51ce833/gnocchi.35531dfa-b231-4fd4-8f38-9e81462fc3e6%3Fformat%3Djson%26states%3Dlisting HTTP/1.0 200 - python-swiftclient-3.11.1 gAAAAABqNUUBbKBV... - 357 - txe5254fb2eb2f453e872f4-006a354588 - 0.0224 - - 1781876104.958336830 1781876104.980785608 0
Jun 19 13:35:04 standalone container-server[128923]: 172.20.0.100 - - [19/Jun/2026:13:35:04 +0000] "GET /d1/683/AUTH_211c322d753947e4b9c2de7ea51ce833/gnocchi.35531dfa-b231-4fd4-8f38-9e81462fc3e6" 200 2 "GET http://172.18.0.2:8080/v1/AUTH_211c322d753947e4b9c2de7ea51ce833/gnocchi.35531dfa-b231-4fd4-8f38-9e81462fc3e6?format=json&marker=none_v3&states=listing" "tx25797bc44f134bfcb07ca-006a354588" "proxy-server 20" 0.0019 "-" 22 0
Jun 19 13:35:04 standalone proxy-server[131064]: 172.18.0.2 172.18.0.100 19/Jun/2026/13/35/04 GET /v1/AUTH_211c322d753947e4b9c2de7ea51ce833/gnocchi.35531dfa-b231-4fd4-8f38-9e81462fc3e6%3Fformat%3Djson%26marker%3Dnone_v3%26states%3Dlisting HTTP/1.0 200 - python-swiftclient-3.11.1 gAAAAABqNUUBbKBV... - 2 - tx25797bc44f134bfcb07ca-006a354588 - 0.0127 - - 1781876104.984220266 1781876104.996939659 0
Jun 19 13:35:05 standalone object-server[129015]: 172.20.0.100 - - [19/Jun/2026:13:35:05 +0000] "GET /d1/228/AUTH_211c322d753947e4b9c2de7ea51ce833/gnocchi.35531dfa-b231-4fd4-8f38-9e81462fc3e6/1780920000.0_mean_300.0_v3" 200 23 "GET http://172.18.0.2:8080/v1/AUTH_211c322d753947e4b9c2de7ea51ce833/gnocchi.35531dfa-b231-4fd4-8f38-9e81462fc3e6/1780920000.0_mean_300.0_v3" "tx59dac004bfd1444393e8e-006a354589" "proxy-server 20" 0.0014 "-" 24 0
Jun 19 13:35:05 standalone proxy-server[131064]: 172.18.0.2 172.18.0.100 19/Jun/2026/13/35/05 GET /v1/AUTH_211c322d753947e4b9c2de7ea51ce833/gnocchi.35531dfa-b231-4fd4-8f38-9e81462fc3e6/1780920000.0_mean_300.0_v3 HTTP/1.0 200 - python-swiftclient-3.11.1 gAAAAABqNUUBbKBV... - 23 - tx59dac004bfd1444393e8e-006a354589 - 0.0094 - - 1781876105.000062227 1781876105.009465933 0
Jun 19 13:35:05 standalone container-server[128923]: 172.20.0.100 - - [19/Jun/2026:13:35:05 +0000] "PUT /d1/683/AUTH_211c322d753947e4b9c2de7ea51ce833/gnocchi.35531dfa-b231-4fd4-8f38-9e81462fc3e6/1780920000.0_mean_300.0_v3" 201 - "PUT http://172.18.0.2:8080/d1/228/AUTH_211c322d753947e4b9c2de7ea51ce833/gnocchi.35531dfa-b231-4fd4-8f38-9e81462fc3e6/1780920000.0_mean_300.0_v3" "tx9c56274812644d0d9f78a-006a354589" "object-server 22" 0.0005 "-" 22 0
Jun 19 13:35:05 standalone object-server[129006]: 172.20.0.100 - - [19/Jun/2026:13:35:05 +0000] "PUT /d1/228/AUTH_211c322d753947e4b9c2de7ea51ce833/gnocchi.35531dfa-b231-4fd4-8f38-9e81462fc3e6/1780920000.0_mean_300.0_v3" 201 - "PUT http://172.18.0.2:8080/v1/AUTH_211c322d753947e4b9c2de7ea51ce833/gnocchi.35531dfa-b231-4fd4-8f38-9e81462fc3e6/1780920000.0_mean_300.0_v3" "tx9c56274812644d0d9f78a-006a354589" "proxy-server 20" 0.0097 "-" 22 0
Jun 19 13:35:05 standalone proxy-server[131064]: 172.18.0.2 172.18.0.100 19/Jun/2026/13/35/05 PUT /v1/AUTH_211c322d753947e4b9c2de7ea51ce833/gnocchi.35531dfa-b231-4fd4-8f38-9e81462fc3e6/1780920000.0_mean_300.0_v3 HTTP/1.0 201 - python-swiftclient-3.11.1 gAAAAABqNUUBbKBV... 23 - - tx9c56274812644d0d9f78a-006a354589 - 0.0141 - - 1781876105.011597395 1781876105.025650263 0
Jun 19 13:35:05 standalone container-server[128912]: 172.20.0.100 - - [19/Jun/2026:13:35:05 +0000] "PUT /d1/683/AUTH_211c322d753947e4b9c2de7ea51ce833/gnocchi.35531dfa-b231-4fd4-8f38-9e81462fc3e6/none_v3" 201 - "PUT http://172.18.0.2:8080/d1/740/AUTH_211c322d753947e4b9c2de7ea51ce833/gnocchi.35531dfa-b231-4fd4-8f38-9e81462fc3e6/none_v3" "tx01b83d8a1dba499dbfa12-006a354589" "object-server 23" 0.0008 "-" 20 0
Jun 19 13:35:05 standalone object-server[129014]: 172.20.0.100 - - [19/Jun/2026:13:35:05 +0000] "PUT /d1/740/AUTH_211c322d753947e4b9c2de7ea51ce833/gnocchi.35531dfa-b231-4fd4-8f38-9e81462fc3e6/none_v3" 201 - "PUT http://172.18.0.2:8080/v1/AUTH_211c322d753947e4b9c2de7ea51ce833/gnocchi.35531dfa-b231-4fd4-8f38-9e81462fc3e6/none_v3" "tx01b83d8a1dba499dbfa12-006a354589" "proxy-server 20" 0.0114 "-" 23 0
Jun 19 13:35:05 standalone proxy-server[131064]: 172.18.0.2 172.18.0.100 19/Jun/2026/13/35/05 PUT /v1/AUTH_211c322d753947e4b9c2de7ea51ce833/gnocchi.35531dfa-b231-4fd4-8f38-9e81462fc3e6/none_v3 HTTP/1.0 201 - python-swiftclient-3.11.1 gAAAAABqNUUBbKBV... 31 - - tx01b83d8a1dba499dbfa12-006a354589 - 0.0154 - - 1781876105.027473211 1781876105.042855501 0
Jun 19 13:35:07 standalone container-server[128934]: 172.20.0.100 - - [19/Jun/2026:13:35:07 +0000] "HEAD /d1/379/AUTH_211c322d753947e4b9c2de7ea51ce833/gnocchi.1a277f02-8b16-4625-948f-4dad96415cdb" 404 - "HEAD http://172.18.0.2:8080/v1/AUTH_211c322d753947e4b9c2de7ea51ce833/gnocchi.1a277f02-8b16-4625-948f-4dad96415cdb?format=json&states=listing" "txa84c62376786476f8cc14-006a35458b" "proxy-server 20" 0.0007 "-" 23 0
Jun 19 13:35:07 standalone object-server[129015]: 172.20.0.100 - - [19/Jun/2026:13:35:07 +0000] "GET /d1/787/AUTH_211c322d753947e4b9c2de7ea51ce833/gnocchi.1a277f02-8b16-4625-948f-4dad96415cdb/none_v3" 404 70 "GET http://172.18.0.2:8080/v1/AUTH_211c322d753947e4b9c2de7ea51ce833/gnocchi.1a277f02-8b16-4625-948f-4dad96415cdb/none_v3" "txa84c62376786476f8cc14-006a35458b" "proxy-server 20" 0.0006 "-" 24 0
Jun 19 13:35:07 standalone proxy-server[131064]: 172.18.0.2 172.18.0.100 19/Jun/2026/13/35/07 GET /v1/AUTH_211c322d753947e4b9c2de7ea51ce833/gnocchi.1a277f02-8b16-4625-948f-4dad96415cdb/none_v3 HTTP/1.0 404 - python-swiftclient-3.11.1 gAAAAABqNUUBbKBV... - 70 - txa84c62376786476f8cc14-006a35458b - 0.0153 - - 1781876107.781926632 1781876107.797255993 0
Jun 19 13:35:07 standalone account-server[128785]: 172.20.0.100 - - [19/Jun/2026:13:35:07 +0000] "PUT /d1/628/AUTH_211c322d753947e4b9c2de7ea51ce833/gnocchi.1a277f02-8b16-4625-948f-4dad96415cdb" 201 - "PUT http://172.20.0.100:6001/d1/379/AUTH_211c322d753947e4b9c2de7ea51ce833/gnocchi.1a277f02-8b16-4625-948f-4dad96415cdb" "txb6fa3cf8308c493d8fc69-006a35458b" "container-server 22" 0.0024 "-" 21 0
Jun 19 13:35:07 standalone container-server[128923]: 172.20.0.100 - - [19/Jun/2026:13:35:07 +0000] "PUT /d1/379/AUTH_211c322d753947e4b9c2de7ea51ce833/gnocchi.1a277f02-8b16-4625-948f-4dad96415cdb" 201 - "PUT http://172.18.0.2:8080/v1/AUTH_211c322d753947e4b9c2de7ea51ce833/gnocchi.1a277f02-8b16-4625-948f-4dad96415cdb" "txb6fa3cf8308c493d8fc69-006a35458b" "proxy-server 20" 0.0182 "-" 22 0
Jun 19 13:35:07 standalone proxy-server[131064]: 172.18.0.2 172.18.0.100 19/Jun/2026/13/35/07 PUT /v1/AUTH_211c322d753947e4b9c2de7ea51ce833/gnocchi.1a277f02-8b16-4625-948f-4dad96415cdb HTTP/1.0 201 - python-swiftclient-3.11.1 gAAAAABqNUUBbKBV... - - - txb6fa3cf8308c493d8fc69-006a35458b - 0.0243 - - 1781876107.800184488 1781876107.824453592 0
Jun 19 13:35:07 standalone container-server[128923]: 172.20.0.100 - - [19/Jun/2026:13:35:07 +0000] "HEAD /d1/379/AUTH_211c322d753947e4b9c2de7ea51ce833/gnocchi.1a277f02-8b16-4625-948f-4dad96415cdb" 204 - "HEAD http://172.18.0.2:8080/v1/AUTH_211c322d753947e4b9c2de7ea51ce833/gnocchi.1a277f02-8b16-4625-948f-4dad96415cdb?format=json&states=listing" "txc3c3bbdf206747d99c097-006a35458b" "proxy-server 20" 0.0019 "-" 22 0
Jun 19 13:35:07 standalone proxy-server[131064]: - - 19/Jun/2026/13/35/07 HEAD /v1/AUTH_211c322d753947e4b9c2de7ea51ce833/gnocchi.1a277f02-8b16-4625-948f-4dad96415cdb%3Fformat%3Djson%26states%3Dlisting HTTP/1.0 204 - Swift - - - - txc3c3bbdf206747d99c097-006a35458b - 0.0058 RL - 1781876107.829221010 1781876107.835064173 0
Jun 19 13:35:07 standalone container-server[128916]: 172.20.0.100 - - [19/Jun/2026:13:35:07 +0000] "GET /d1/379/AUTH_211c322d753947e4b9c2de7ea51ce833/gnocchi.1a277f02-8b16-4625-948f-4dad96415cdb" 200 2 "GET http://172.18.0.2:8080/v1/AUTH_211c322d753947e4b9c2de7ea51ce833/gnocchi.1a277f02-8b16-4625-948f-4dad96415cdb?format=json&states=listing" "txc3c3bbdf206747d99c097-006a35458b" "proxy-server 20" 0.0029 "-" 21 0
Jun 19 13:35:07 standalone proxy-server[131064]: 172.18.0.2 172.18.0.100 19/Jun/2026/13/35/07 GET /v1/AUTH_211c322d753947e4b9c2de7ea51ce833/gnocchi.1a277f02-8b16-4625-948f-4dad96415cdb%3Fformat%3Djson%26states%3Dlisting HTTP/1.0 200 - python-swiftclient-3.11.1 gAAAAABqNUUBbKBV... - 2 - txc3c3bbdf206747d99c097-006a35458b - 0.0165 - - 1781876107.828197956 1781876107.844703436 0
Jun 19 13:35:07 standalone object-server[129014]: 172.20.0.100 - - [19/Jun/2026:13:35:07 +0000] "GET /d1/907/AUTH_211c322d753947e4b9c2de7ea51ce833/gnocchi.1a277f02-8b16-4625-948f-4dad96415cdb/1780920000.0_mean_300.0_v3" 404 70 "GET http://172.18.0.2:8080/v1/AUTH_211c322d753947e4b9c2de7ea51ce833/gnocchi.1a277f02-8b16-4625-948f-4dad96415cdb/1780920000.0_mean_300.0_v3" "txa5b1b84b223b41a5810cf-006a35458b" "proxy-server 20" 0.0005 "-" 23 0
Jun 19 13:35:07 standalone proxy-server[131064]: 172.18.0.2 172.18.0.100 19/Jun/2026/13/35/07 GET /v1/AUTH_211c322d753947e4b9c2de7ea51ce833/gnocchi.1a277f02-8b16-4625-948f-4dad96415cdb/1780920000.0_mean_300.0_v3 HTTP/1.0 404 - python-swiftclient-3.11.1 gAAAAABqNUUBbKBV... - 70 - txa5b1b84b223b41a5810cf-006a35458b - 0.0055 - - 1781876107.848142147 1781876107.853674650 0
Jun 19 13:35:07 standalone container-server[128923]: 172.20.0.100 - - [19/Jun/2026:13:35:07 +0000] "PUT /d1/379/AUTH_211c322d753947e4b9c2de7ea51ce833/gnocchi.1a277f02-8b16-4625-948f-4dad96415cdb/1780920000.0_mean_300.0_v3" 201 - "PUT http://172.18.0.2:8080/d1/907/AUTH_211c322d753947e4b9c2de7ea51ce833/gnocchi.1a277f02-8b16-4625-948f-4dad96415cdb/1780920000.0_mean_300.0_v3" "tx1216b9efaa204790b39c0-006a35458b" "object-server 25" 0.0008 "-" 22 0
Jun 19 13:35:07 standalone object-server[129016]: 172.20.0.100 - - [19/Jun/2026:13:35:07 +0000] "PUT /d1/907/AUTH_211c322d753947e4b9c2de7ea51ce833/gnocchi.1a277f02-8b16-4625-948f-4dad96415cdb/1780920000.0_mean_300.0_v3" 201 - "PUT http://172.18.0.2:8080/v1/AUTH_211c322d753947e4b9c2de7ea51ce833/gnocchi.1a277f02-8b16-4625-948f-4dad96415cdb/1780920000.0_mean_300.0_v3" "tx1216b9efaa204790b39c0-006a35458b" "proxy-server 20" 0.0141 "-" 25 0
Jun 19 13:35:07 standalone proxy-server[131064]: 172.18.0.2 172.18.0.100 19/Jun/2026/13/35/07 PUT /v1/AUTH_211c322d753947e4b9c2de7ea51ce833/gnocchi.1a277f02-8b16-4625-948f-4dad96415cdb/1780920000.0_mean_300.0_v3 HTTP/1.0 201 - python-swiftclient-3.11.1 gAAAAABqNUUBbKBV... 16 - - tx1216b9efaa204790b39c0-006a35458b - 0.0206 - - 1781876107.856392384 1781876107.876963139 0
Jun 19 13:35:07 standalone container-server[128934]: 172.20.0.100 - - [19/Jun/2026:13:35:07 +0000] "PUT /d1/379/AUTH_211c322d753947e4b9c2de7ea51ce833/gnocchi.1a277f02-8b16-4625-948f-4dad96415cdb/none_v3" 201 - "PUT http://172.18.0.2:8080/d1/787/AUTH_211c322d753947e4b9c2de7ea51ce833/gnocchi.1a277f02-8b16-4625-948f-4dad96415cdb/none_v3" "tx5cebf7d08375486b93857-006a35458b" "object-server 23" 0.0016 "-" 23 0
Jun 19 13:35:07 standalone object-server[129014]: 172.20.0.100 - - [19/Jun/2026:13:35:07 +0000] "PUT /d1/787/AUTH_211c322d753947e4b9c2de7ea51ce833/gnocchi.1a277f02-8b16-4625-948f-4dad96415cdb/none_v3" 201 - "PUT http://172.18.0.2:8080/v1/AUTH_211c322d753947e4b9c2de7ea51ce833/gnocchi.1a277f02-8b16-4625-948f-4dad96415cdb/none_v3" "tx5cebf7d08375486b93857-006a35458b" "proxy-server 20" 0.0165 "-" 23 0
Jun 19 13:35:07 standalone proxy-server[131064]: 172.18.0.2 172.18.0.100 19/Jun/2026/13/35/07 PUT /v1/AUTH_211c322d753947e4b9c2de7ea51ce833/gnocchi.1a277f02-8b16-4625-948f-4dad96415cdb/none_v3 HTTP/1.0 201 - python-swiftclient-3.11.1 gAAAAABqNUUBbKBV... 22 - - tx5cebf7d08375486b93857-006a35458b - 0.0228 - - 1781876107.879940748 1781876107.902788162 0
Jun 19 13:35:07 standalone container-server[128916]: 172.20.0.100 - - [19/Jun/2026:13:35:07 +0000] "HEAD /d1/583/AUTH_211c322d753947e4b9c2de7ea51ce833/gnocchi.f6fbf9e1-b2d7-4f90-a697-86834e714b1c" 404 - "HEAD http://172.18.0.2:8080/v1/AUTH_211c322d753947e4b9c2de7ea51ce833/gnocchi.f6fbf9e1-b2d7-4f90-a697-86834e714b1c?format=json&states=listing" "tx8e178d964208460f8f586-006a35458b" "proxy-server 20" 0.0007 "-" 21 0
Jun 19 13:35:07 standalone object-server[129015]: 172.20.0.100 - - [19/Jun/2026:13:35:07 +0000] "GET /d1/814/AUTH_211c322d753947e4b9c2de7ea51ce833/gnocchi.f6fbf9e1-b2d7-4f90-a697-86834e714b1c/none_v3" 404 70 "GET http://172.18.0.2:8080/v1/AUTH_211c322d753947e4b9c2de7ea51ce833/gnocchi.f6fbf9e1-b2d7-4f90-a697-86834e714b1c/none_v3" "tx8e178d964208460f8f586-006a35458b" "proxy-server 20" 0.0004 "-" 24 0
Jun 19 13:35:07 standalone proxy-server[131064]: 172.18.0.2 172.18.0.100 19/Jun/2026/13/35/07 GET /v1/AUTH_211c322d753947e4b9c2de7ea51ce833/gnocchi.f6fbf9e1-b2d7-4f90-a697-86834e714b1c/none_v3 HTTP/1.0 404 - python-swiftclient-3.11.1 gAAAAABqNUUBbKBV... - 70 - tx8e178d964208460f8f586-006a35458b - 0.0126 - - 1781876107.920107126 1781876107.932672739 0
Jun 19 13:35:07 standalone account-server[128786]: 172.20.0.100 - - [19/Jun/2026:13:35:07 +0000] "PUT /d1/628/AUTH_211c322d753947e4b9c2de7ea51ce833/gnocchi.f6fbf9e1-b2d7-4f90-a697-86834e714b1c" 201 - "PUT http://172.20.0.100:6001/d1/583/AUTH_211c322d753947e4b9c2de7ea51ce833/gnocchi.f6fbf9e1-b2d7-4f90-a697-86834e714b1c" "tx2c869e15604941fc8b486-006a35458b" "container-server 21" 0.0083 "-" 22 0
Jun 19 13:35:07 standalone container-server[128916]: 172.20.0.100 - - [19/Jun/2026:13:35:07 +0000] "PUT /d1/583/AUTH_211c322d753947e4b9c2de7ea51ce833/gnocchi.f6fbf9e1-b2d7-4f90-a697-86834e714b1c" 201 - "PUT http://172.18.0.2:8080/v1/AUTH_211c322d753947e4b9c2de7ea51ce833/gnocchi.f6fbf9e1-b2d7-4f90-a697-86834e714b1c" "tx2c869e15604941fc8b486-006a35458b" "proxy-server 20" 0.0300 "-" 21 0
Jun 19 13:35:07 standalone proxy-server[131064]: 172.18.0.2 172.18.0.100 19/Jun/2026/13/35/07 PUT /v1/AUTH_211c322d753947e4b9c2de7ea51ce833/gnocchi.f6fbf9e1-b2d7-4f90-a697-86834e714b1c HTTP/1.0 201 - python-swiftclient-3.11.1 gAAAAABqNUUBbKBV... - - - tx2c869e15604941fc8b486-006a35458b - 0.0465 - - 1781876107.937697649 1781876107.984230518 0
Jun 19 13:35:07 standalone container-server[128923]: 172.20.0.100 - - [19/Jun/2026:13:35:07 +0000] "HEAD /d1/583/AUTH_211c322d753947e4b9c2de7ea51ce833/gnocchi.f6fbf9e1-b2d7-4f90-a697-86834e714b1c" 204 - "HEAD http://172.18.0.2:8080/v1/AUTH_211c322d753947e4b9c2de7ea51ce833/gnocchi.f6fbf9e1-b2d7-4f90-a697-86834e714b1c?format=json&states=listing" "tx6309a6fe248a4f9eb8ff1-006a35458b" "proxy-server 20" 0.0024 "-" 22 0
Jun 19 13:35:07 standalone proxy-server[131064]: - - 19/Jun/2026/13/35/07 HEAD /v1/AUTH_211c322d753947e4b9c2de7ea51ce833/gnocchi.f6fbf9e1-b2d7-4f90-a697-86834e714b1c%3Fformat%3Djson%26states%3Dlisting HTTP/1.0 204 - Swift - - - - tx6309a6fe248a4f9eb8ff1-006a35458b - 0.0066 RL - 1781876107.991167307 1781876107.997780561 0
Jun 19 13:35:08 standalone container-server[128916]: 172.20.0.100 - - [19/Jun/2026:13:35:08 +0000] "GET /d1/583/AUTH_211c322d753947e4b9c2de7ea51ce833/gnocchi.f6fbf9e1-b2d7-4f90-a697-86834e714b1c" 200 2 "GET http://172.18.0.2:8080/v1/AUTH_211c322d753947e4b9c2de7ea51ce833/gnocchi.f6fbf9e1-b2d7-4f90-a697-86834e714b1c?format=json&states=listing" "tx6309a6fe248a4f9eb8ff1-006a35458b" "proxy-server 20" 0.0045 "-" 21 0
Jun 19 13:35:08 standalone proxy-server[131064]: 172.18.0.2 172.18.0.100 19/Jun/2026/13/35/08 GET /v1/AUTH_211c322d753947e4b9c2de7ea51ce833/gnocchi.f6fbf9e1-b2d7-4f90-a697-86834e714b1c%3Fformat%3Djson%26states%3Dlisting HTTP/1.0 200 - python-swiftclient-3.11.1 gAAAAABqNUUBbKBV... - 2 - tx6309a6fe248a4f9eb8ff1-006a35458b - 0.0216 - - 1781876107.989709139 1781876108.011315346 0
Jun 19 13:35:08 standalone object-server[129006]: 172.20.0.100 - - [19/Jun/2026:13:35:08 +0000] "GET /d1/664/AUTH_211c322d753947e4b9c2de7ea51ce833/gnocchi.f6fbf9e1-b2d7-4f90-a697-86834e714b1c/1780920000.0_mean_300.0_v3" 404 70 "GET http://172.18.0.2:8080/v1/AUTH_211c322d753947e4b9c2de7ea51ce833/gnocchi.f6fbf9e1-b2d7-4f90-a697-86834e714b1c/1780920000.0_mean_300.0_v3" "tx6770e10b44344447ba941-006a35458c" "proxy-server 20" 0.0005 "-" 22 0
Jun 19 13:35:08 standalone proxy-server[131064]: 172.18.0.2 172.18.0.100 19/Jun/2026/13/35/08 GET /v1/AUTH_211c322d753947e4b9c2de7ea51ce833/gnocchi.f6fbf9e1-b2d7-4f90-a697-86834e714b1c/1780920000.0_mean_300.0_v3 HTTP/1.0 404 - python-swiftclient-3.11.1 gAAAAABqNUUBbKBV... - 70 - tx6770e10b44344447ba941-006a35458c - 0.0057 - - 1781876108.016427994 1781876108.022081375 0
Jun 19 13:35:08 standalone container-server[128916]: 172.20.0.100 - - [19/Jun/2026:13:35:08 +0000] "PUT /d1/583/AUTH_211c322d753947e4b9c2de7ea51ce833/gnocchi.f6fbf9e1-b2d7-4f90-a697-86834e714b1c/1780920000.0_mean_300.0_v3" 201 - "PUT http://172.18.0.2:8080/d1/664/AUTH_211c322d753947e4b9c2de7ea51ce833/gnocchi.f6fbf9e1-b2d7-4f90-a697-86834e714b1c/1780920000.0_mean_300.0_v3" "tx0d959466298741d0ae35c-006a35458c" "object-server 23" 0.0014 "-" 21 0
Jun 19 13:35:08 standalone object-server[129014]: 172.20.0.100 - - [19/Jun/2026:13:35:08 +0000] "PUT /d1/664/AUTH_211c322d753947e4b9c2de7ea51ce833/gnocchi.f6fbf9e1-b2d7-4f90-a697-86834e714b1c/1780920000.0_mean_300.0_v3" 201 - "PUT http://172.18.0.2:8080/v1/AUTH_211c322d753947e4b9c2de7ea51ce833/gnocchi.f6fbf9e1-b2d7-4f90-a697-86834e714b1c/1780920000.0_mean_300.0_v3" "tx0d959466298741d0ae35c-006a35458c" "proxy-server 20" 0.0507 "-" 23 0
Jun 19 13:35:08 standalone proxy-server[131064]: 172.18.0.2 172.18.0.100 19/Jun/2026/13/35/08 PUT /v1/AUTH_211c322d753947e4b9c2de7ea51ce833/gnocchi.f6fbf9e1-b2d7-4f90-a697-86834e714b1c/1780920000.0_mean_300.0_v3 HTTP/1.0 201 - python-swiftclient-3.11.1 gAAAAABqNUUBbKBV... 16 - - tx0d959466298741d0ae35c-006a35458c - 0.0567 - - 1781876108.025478601 1781876108.082180262 0
Jun 19 13:35:08 standalone container-server[128912]: 172.20.0.100 - - [19/Jun/2026:13:35:08 +0000] "PUT /d1/583/AUTH_211c322d753947e4b9c2de7ea51ce833/gnocchi.f6fbf9e1-b2d7-4f90-a697-86834e714b1c/none_v3" 201 - "PUT http://172.18.0.2:8080/d1/814/AUTH_211c322d753947e4b9c2de7ea51ce833/gnocchi.f6fbf9e1-b2d7-4f90-a697-86834e714b1c/none_v3" "txd90050d5a61a40fb91f2f-006a35458c" "object-server 23" 0.0009 "-" 20 0
Jun 19 13:35:08 standalone object-server[129014]: 172.20.0.100 - - [19/Jun/2026:13:35:08 +0000] "PUT /d1/814/AUTH_211c322d753947e4b9c2de7ea51ce833/gnocchi.f6fbf9e1-b2d7-4f90-a697-86834e714b1c/none_v3" 201 - "PUT http://172.18.0.2:8080/v1/AUTH_211c322d753947e4b9c2de7ea51ce833/gnocchi.f6fbf9e1-b2d7-4f90-a697-86834e714b1c/none_v3" "txd90050d5a61a40fb91f2f-006a35458c" "proxy-server 20" 0.0123 "-" 23 0
Jun 19 13:35:08 standalone proxy-server[131064]: 172.18.0.2 172.18.0.100 19/Jun/2026/13/35/08 PUT /v1/AUTH_211c322d753947e4b9c2de7ea51ce833/gnocchi.f6fbf9e1-b2d7-4f90-a697-86834e714b1c/none_v3 HTTP/1.0 201 - python-swiftclient-3.11.1 gAAAAABqNUUBbKBV... 22 - - txd90050d5a61a40fb91f2f-006a35458c - 0.0251 - - 1781876108.087017059 1781876108.112101555 0
Jun 19 13:35:08 standalone container-server[128912]: 172.20.0.100 - - [19/Jun/2026:13:35:08 +0000] "HEAD /d1/286/AUTH_211c322d753947e4b9c2de7ea51ce833/gnocchi.a03991fb-60e8-423b-8172-1378349b6d38" 404 - "HEAD http://172.18.0.2:8080/v1/AUTH_211c322d753947e4b9c2de7ea51ce833/gnocchi.a03991fb-60e8-423b-8172-1378349b6d38?format=json&states=listing" "tx17f5ee5a4b464fc5bbe13-006a35458c" "proxy-server 20" 0.0004 "-" 20 0
Jun 19 13:35:08 standalone object-server[129016]: 172.20.0.100 - - [19/Jun/2026:13:35:08 +0000] "GET /d1/818/AUTH_211c322d753947e4b9c2de7ea51ce833/gnocchi.a03991fb-60e8-423b-8172-1378349b6d38/none_v3" 404 70 "GET http://172.18.0.2:8080/v1/AUTH_211c322d753947e4b9c2de7ea51ce833/gnocchi.a03991fb-60e8-423b-8172-1378349b6d38/none_v3" "tx17f5ee5a4b464fc5bbe13-006a35458c" "proxy-server 20" 0.0006 "-" 25 0
Jun 19 13:35:08 standalone proxy-server[131064]: 172.18.0.2 172.18.0.100 19/Jun/2026/13/35/08 GET /v1/AUTH_211c322d753947e4b9c2de7ea51ce833/gnocchi.a03991fb-60e8-423b-8172-1378349b6d38/none_v3 HTTP/1.0 404 - python-swiftclient-3.11.1 gAAAAABqNUUBbKBV... - 70 - tx17f5ee5a4b464fc5bbe13-006a35458c - 0.0126 - - 1781876108.130389929 1781876108.143028498 0
Jun 19 13:35:08 standalone account-server[128791]: 172.20.0.100 - - [19/Jun/2026:13:35:08 +0000] "PUT /d1/628/AUTH_211c322d753947e4b9c2de7ea51ce833/gnocchi.a03991fb-60e8-423b-8172-1378349b6d38" 201 - "PUT http://172.20.0.100:6001/d1/286/AUTH_211c322d753947e4b9c2de7ea51ce833/gnocchi.a03991fb-60e8-423b-8172-1378349b6d38" "txf24f9c42d3af4110b1d48-006a35458c" "container-server 23" 0.0052 "-" 23 0
Jun 19 13:35:08 standalone container-server[128934]: 172.20.0.100 - - [19/Jun/2026:13:35:08 +0000] "PUT /d1/286/AUTH_211c322d753947e4b9c2de7ea51ce833/gnocchi.a03991fb-60e8-423b-8172-1378349b6d38" 201 - "PUT http://172.18.0.2:8080/v1/AUTH_211c322d753947e4b9c2de7ea51ce833/gnocchi.a03991fb-60e8-423b-8172-1378349b6d38" "txf24f9c42d3af4110b1d48-006a35458c" "proxy-server 20" 0.0212 "-" 23 0
Jun 19 13:35:08 standalone proxy-server[131064]: 172.18.0.2 172.18.0.100 19/Jun/2026/13/35/08 PUT /v1/AUTH_211c322d753947e4b9c2de7ea51ce833/gnocchi.a03991fb-60e8-423b-8172-1378349b6d38 HTTP/1.0 201 - python-swiftclient-3.11.1 gAAAAABqNUUBbKBV... - - - txf24f9c42d3af4110b1d48-006a35458c - 0.0276 - - 1781876108.147531509 1781876108.175154924 0
Jun 19 13:35:08 standalone container-server[128912]: 172.20.0.100 - - [19/Jun/2026:13:35:08 +0000] "HEAD /d1/286/AUTH_211c322d753947e4b9c2de7ea51ce833/gnocchi.a03991fb-60e8-423b-8172-1378349b6d38" 204 - "HEAD http://172.18.0.2:8080/v1/AUTH_211c322d753947e4b9c2de7ea51ce833/gnocchi.a03991fb-60e8-423b-8172-1378349b6d38?format=json&states=listing" "tx707c507c2f7c463187223-006a35458c" "proxy-server 20" 0.0018 "-" 20 0
Jun 19 13:35:08 standalone proxy-server[131064]: - - 19/Jun/2026/13/35/08 HEAD /v1/AUTH_211c322d753947e4b9c2de7ea51ce833/gnocchi.a03991fb-60e8-423b-8172-1378349b6d38%3Fformat%3Djson%26states%3Dlisting HTTP/1.0 204 - Swift - - - - tx707c507c2f7c463187223-006a35458c - 0.0064 RL - 1781876108.180114031 1781876108.186548471 0
Jun 19 13:35:08 standalone container-server[128916]: 172.20.0.100 - - [19/Jun/2026:13:35:08 +0000] "GET /d1/286/AUTH_211c322d753947e4b9c2de7ea51ce833/gnocchi.a03991fb-60e8-423b-8172-1378349b6d38" 200 2 "GET http://172.18.0.2:8080/v1/AUTH_211c322d753947e4b9c2de7ea51ce833/gnocchi.a03991fb-60e8-423b-8172-1378349b6d38?format=json&states=listing" "tx707c507c2f7c463187223-006a35458c" "proxy-server 20" 0.0059 "-" 21 0
Jun 19 13:35:08 standalone proxy-server[131064]: 172.18.0.2 172.18.0.100 19/Jun/2026/13/35/08 GET /v1/AUTH_211c322d753947e4b9c2de7ea51ce833/gnocchi.a03991fb-60e8-423b-8172-1378349b6d38%3Fformat%3Djson%26states%3Dlisting HTTP/1.0 200 - python-swiftclient-3.11.1 gAAAAABqNUUBbKBV... - 2 - tx707c507c2f7c463187223-006a35458c - 0.0224 - - 1781876108.178809643 1781876108.201251745 0
Jun 19 13:35:08 standalone object-server[129016]: 172.20.0.100 - - [19/Jun/2026:13:35:08 +0000] "GET /d1/807/AUTH_211c322d753947e4b9c2de7ea51ce833/gnocchi.a03991fb-60e8-423b-8172-1378349b6d38/1780920000.0_mean_300.0_v3" 404 70 "GET http://172.18.0.2:8080/v1/AUTH_211c322d753947e4b9c2de7ea51ce833/gnocchi.a03991fb-60e8-423b-8172-1378349b6d38/1780920000.0_mean_300.0_v3" "txa73e3525be304cfba80b0-006a35458c" "proxy-server 20" 0.0007 "-" 25 0
Jun 19 13:35:08 standalone proxy-server[131064]: 172.18.0.2 172.18.0.100 19/Jun/2026/13/35/08 GET /v1/AUTH_211c322d753947e4b9c2de7ea51ce833/gnocchi.a03991fb-60e8-423b-8172-1378349b6d38/1780920000.0_mean_300.0_v3 HTTP/1.0 404 - python-swiftclient-3.11.1 gAAAAABqNUUBbKBV... - 70 - txa73e3525be304cfba80b0-006a35458c - 0.0072 - - 1781876108.215046883 1781876108.222282171 0
Jun 19 13:35:08 standalone container-server[128923]: 172.20.0.100 - - [19/Jun/2026:13:35:08 +0000] "PUT /d1/286/AUTH_211c322d753947e4b9c2de7ea51ce833/gnocchi.a03991fb-60e8-423b-8172-1378349b6d38/1780920000.0_mean_300.0_v3" 201 - "PUT http://172.18.0.2:8080/d1/807/AUTH_211c322d753947e4b9c2de7ea51ce833/gnocchi.a03991fb-60e8-423b-8172-1378349b6d38/1780920000.0_mean_300.0_v3" "tx1a85d39d08c9459289b38-006a35458c" "object-server 22" 0.0014 "-" 22 0
Jun 19 13:35:08 standalone object-server[129006]: 172.20.0.100 - - [19/Jun/2026:13:35:08 +0000] "PUT /d1/807/AUTH_211c322d753947e4b9c2de7ea51ce833/gnocchi.a03991fb-60e8-423b-8172-1378349b6d38/1780920000.0_mean_300.0_v3" 201 - "PUT http://172.18.0.2:8080/v1/AUTH_211c322d753947e4b9c2de7ea51ce833/gnocchi.a03991fb-60e8-423b-8172-1378349b6d38/1780920000.0_mean_300.0_v3" "tx1a85d39d08c9459289b38-006a35458c" "proxy-server 20" 0.0139 "-" 22 0
Jun 19 13:35:08 standalone proxy-server[131064]: 172.18.0.2 172.18.0.100 19/Jun/2026/13/35/08 PUT /v1/AUTH_211c322d753947e4b9c2de7ea51ce833/gnocchi.a03991fb-60e8-423b-8172-1378349b6d38/1780920000.0_mean_300.0_v3 HTTP/1.0 201 - python-swiftclient-3.11.1 gAAAAABqNUUBbKBV... 16 - - tx1a85d39d08c9459289b38-006a35458c - 0.0208 - - 1781876108.227576017 1781876108.248398781 0
Jun 19 13:35:08 standalone container-server[128923]: 172.20.0.100 - - [19/Jun/2026:13:35:08 +0000] "PUT /d1/286/AUTH_211c322d753947e4b9c2de7ea51ce833/gnocchi.a03991fb-60e8-423b-8172-1378349b6d38/none_v3" 201 - "PUT http://172.18.0.2:8080/d1/818/AUTH_211c322d753947e4b9c2de7ea51ce833/gnocchi.a03991fb-60e8-423b-8172-1378349b6d38/none_v3" "tx10de5fd6345f42f89d64b-006a35458c" "object-server 24" 0.0009 "-" 22 0
