Jun 19 13:21:27 standalone account-server[128530]: Starting 2
Jun 19 13:21:28 standalone account-server[128596]: Started child 20 from parent 2
Jun 19 13:21:28 standalone account-server[128596]: Started child 21 from parent 2
Jun 19 13:21:28 standalone account-server[128596]: Started child 22 from parent 2
Jun 19 13:21:28 standalone account-server[128596]: Started child 23 from parent 2
Jun 19 13:21:28 standalone container-server[128713]: Starting 2
Jun 19 13:21:28 standalone container-server[128691]: Option allow_versions is deprecated. Configure the versioned_writes middleware in the proxy-server instead. This option will be ignored in a future release.
Jun 19 13:21:28 standalone container-server[128912]: Option allow_versions is deprecated. Configure the versioned_writes middleware in the proxy-server instead. This option will be ignored in a future release.
Jun 19 13:21:28 standalone container-server[128691]: Started child 20 from parent 2
Jun 19 13:21:28 standalone container-server[128916]: Option allow_versions is deprecated. Configure the versioned_writes middleware in the proxy-server instead. This option will be ignored in a future release.
Jun 19 13:21:28 standalone container-server[128691]: Started child 21 from parent 2
Jun 19 13:21:28 standalone container-server[128923]: Option allow_versions is deprecated. Configure the versioned_writes middleware in the proxy-server instead. This option will be ignored in a future release.
Jun 19 13:21:28 standalone container-server[128691]: Started child 22 from parent 2
Jun 19 13:21:28 standalone container-server[128934]: Option allow_versions is deprecated. Configure the versioned_writes middleware in the proxy-server instead. This option will be ignored in a future release.
Jun 19 13:21:28 standalone container-server[128691]: Started child 23 from parent 2
Jun 19 13:21:29 standalone object-expirer[128864]: Starting 2
Jun 19 13:21:29 standalone object-expirer[128864]: Option auto_create_account_prefix is deprecated. Configure auto_create_account_prefix under the swift-constraints section of swift.conf. This option will be ignored in a future release.
Jun 19 13:21:29 standalone object-server[128914]: Started child 22 from parent 2
Jun 19 13:21:29 standalone object-server[128914]: Started child 23 from parent 2
Jun 19 13:21:29 standalone object-server[128914]: Started child 24 from parent 2
Jun 19 13:21:29 standalone object-server[128914]: Started child 25 from parent 2
Jun 19 13:21:29 standalone object-server[129003]: Starting 2
Jun 19 13:21:34 standalone proxy-server[130895]: Starting Keystone auth_token middleware
Jun 19 13:21:34 standalone proxy-server[130895]: AuthToken middleware is set with keystone_authtoken.service_token_roles_required set to False. This is backwards compatible but deprecated behaviour. Please set this to True.
Jun 19 13:21:34 standalone proxy-server[131064]: Starting Keystone auth_token middleware
Jun 19 13:21:34 standalone proxy-server[131064]: STDERR: The option "bind_port" is not known to keystonemiddleware
Jun 19 13:21:34 standalone proxy-server[131064]: STDERR: The option "workers" is not known to keystonemiddleware
Jun 19 13:21:34 standalone proxy-server[131064]: STDERR: The option "user" is not known to keystonemiddleware
Jun 19 13:21:34 standalone proxy-server[131064]: STDERR: The option "bind_ip" is not known to keystonemiddleware
Jun 19 13:21:34 standalone proxy-server[131064]: STDERR: The option "log_name" is not known to keystonemiddleware
Jun 19 13:21:34 standalone proxy-server[131064]: STDERR: The option "log_facility" is not known to keystonemiddleware
Jun 19 13:21:34 standalone proxy-server[131064]: STDERR: The option "log_level" is not known to keystonemiddleware
Jun 19 13:21:34 standalone proxy-server[131064]: STDERR: The option "log_headers" is not known to keystonemiddleware
Jun 19 13:21:34 standalone proxy-server[131064]: STDERR: The option "log_address" is not known to keystonemiddleware
Jun 19 13:21:34 standalone proxy-server[131064]: STDERR: The option "project_name" is not known to keystonemiddleware
Jun 19 13:21:34 standalone proxy-server[131064]: STDERR: The option "username" is not known to keystonemiddleware
Jun 19 13:21:34 standalone proxy-server[131064]: STDERR: The option "password" is not known to keystonemiddleware
Jun 19 13:21:34 standalone proxy-server[131064]: STDERR: The option "auth_url" is not known to keystonemiddleware
Jun 19 13:21:34 standalone proxy-server[131064]: STDERR: The option "signing_dir" is not known to keystonemiddleware
Jun 19 13:21:34 standalone proxy-server[131064]: STDERR: The option "project_domain_id" is not known to keystonemiddleware
Jun 19 13:21:34 standalone proxy-server[131064]: STDERR: The option "user_domain_id" is not known to keystonemiddleware
Jun 19 13:21:34 standalone proxy-server[131064]: STDERR: The option "__name__" is not known to keystonemiddleware
Jun 19 13:21:34 standalone proxy-server[131064]: AuthToken middleware is set with keystone_authtoken.service_token_roles_required set to False. This is backwards compatible but deprecated behaviour. Please set this to True.
Jun 19 13:21:34 standalone proxy-server[130895]: Started child 20 from parent 2
Jun 19 13:21:49 standalone account-server[128785]: 172.20.0.100 - - [19/Jun/2026:13:21:49 +0000] "HEAD /d1/223/.expiring_objects" 404 - "HEAD http://localhost/v1/.expiring_objects?format=json" "txe2ba600bc0eb4f08b1b92-006a35426d" "proxy-server 2" 0.0025 "-" 21 -
Jun 19 13:21:49 standalone object-expirer[128864]: Pass completed in 0s; 0 objects expired (txn: txe2ba600bc0eb4f08b1b92-006a35426d)
Jun 19 13:23:34 standalone object-server[129003]: Begin object update sweep
Jun 19 13:23:34 standalone object-server[145174]: Object update sweep starting on /srv/node/d1 (pid: 11)
Jun 19 13:23:34 standalone object-server[145174]: Object update sweep completed on /srv/node/d1 in 0.00s seconds:, 0 successes, 0 failures, 0 quarantines, 0 unlinks, 0 errors, 0 redirects (pid: 11)
Jun 19 13:23:34 standalone object-server[145174]: Object update sweep of d1 completed: 0.00s, 0 successes, 0 failures, 0 quarantines, 0 unlinks, 0 errors, 0 redirects
Jun 19 13:23:34 standalone object-server[129003]: Object update sweep completed: 0.06s
Jun 19 13:25:57 standalone container-server[128713]: Begin container update sweep
Jun 19 13:25:57 standalone container-server[128713]: Container update sweep completed: 0.00s
Jun 19 13:26:09 standalone account-server[128777]: 172.20.0.100 - - [19/Jun/2026:13:26:09 +0000] "HEAD /d1/223/.expiring_objects" 404 - "HEAD http://localhost/v1/.expiring_objects?format=json" "tx4a571d5e7e4743cca7861-006a354371" "proxy-server 2" 0.0011 "-" 20 -
Jun 19 13:26:09 standalone object-expirer[128864]: Pass completed in 0s; 0 objects expired (txn: tx4a571d5e7e4743cca7861-006a354371)
Jun 19 13:28:34 standalone object-server[129003]: Begin object update sweep
Jun 19 13:28:34 standalone object-server[183272]: Object update sweep starting on /srv/node/d1 (pid: 13)
Jun 19 13:28:34 standalone object-server[183272]: Object update sweep completed on /srv/node/d1 in 0.00s seconds:, 0 successes, 0 failures, 0 quarantines, 0 unlinks, 0 errors, 0 redirects (pid: 13)
Jun 19 13:28:34 standalone object-server[183272]: Object update sweep of d1 completed: 0.00s, 0 successes, 0 failures, 0 quarantines, 0 unlinks, 0 errors, 0 redirects
Jun 19 13:28:34 standalone object-server[129003]: Object update sweep completed: 0.09s
Jun 19 13:29:42 standalone account-server[128786]: 172.20.0.100 - - [19/Jun/2026:13:29:42 +0000] "HEAD /d1/223/.expiring_objects" 404 - "HEAD http://localhost/v1/.expiring_objects?format=json" "tx06eda538c0014110ae4c0-006a354446" "proxy-server 2" 0.0018 "-" 22 -
Jun 19 13:29:42 standalone object-expirer[128864]: Pass completed in 0s; 0 objects expired (txn: tx06eda538c0014110ae4c0-006a354446)
Jun 19 13:30:57 standalone container-server[128713]: Begin container update sweep
Jun 19 13:30:57 standalone container-server[128713]: Container update sweep completed: 0.00s
Jun 19 13:31:40 standalone account-server[128530]: Devices pass completed: 0.00s
Jun 19 13:32:49 standalone account-server[128777]: 172.20.0.100 - - [19/Jun/2026:13:32:49 +0000] "HEAD /d1/628/AUTH_211c322d753947e4b9c2de7ea51ce833" 404 - "HEAD http://172.18.0.2:8080/v1/AUTH_211c322d753947e4b9c2de7ea51ce833?format=json" "tx0dc7b3035bf3459994f90-006a354501" "proxy-server 20" 0.0007 "-" 20 -
Jun 19 13:32:49 standalone proxy-server[131064]: - - 19/Jun/2026/13/32/49 HEAD /v1/AUTH_211c322d753947e4b9c2de7ea51ce833%3Fformat%3Djson HTTP/1.0 200 - Swift - - - - tx0dc7b3035bf3459994f90-006a354501 - 0.0072 RL - 1781875969.975064039 1781875969.982222080 -
Jun 19 13:32:50 standalone object-server[129015]: 172.20.0.100 - - [19/Jun/2026:13:32:50 +0000] "GET /d1/423/AUTH_211c322d753947e4b9c2de7ea51ce833/gnocchi.65638e75-d134-4ce1-bdee-48d9be7083f2/none_v3" 404 70 "GET http://172.18.0.2:8080/v1/AUTH_211c322d753947e4b9c2de7ea51ce833/gnocchi.65638e75-d134-4ce1-bdee-48d9be7083f2/none_v3" "tx0dc7b3035bf3459994f90-006a354501" "proxy-server 20" 0.0009 "-" 24 0
Jun 19 13:32:50 standalone proxy-server[131064]: 172.18.0.2 172.18.0.100 19/Jun/2026/13/32/50 GET /v1/AUTH_211c322d753947e4b9c2de7ea51ce833/gnocchi.65638e75-d134-4ce1-bdee-48d9be7083f2/none_v3 HTTP/1.0 404 - python-swiftclient-3.11.1 gAAAAABqNUUBbKBV... - 70 - tx0dc7b3035bf3459994f90-006a354501 - 0.3714 - - 1781875969.969466448 1781875970.340857029 0
Jun 19 13:32:50 standalone account-server[128785]: 172.20.0.100 - - [19/Jun/2026:13:32:50 +0000] "PUT /d1/628/AUTH_211c322d753947e4b9c2de7ea51ce833" 201 - "-" "tx6f45745ee5c84e2db701d-006a354502" "-" 0.0163 "-" 21 -
Jun 19 13:32:50 standalone proxy-server[131064]: autocreate account '/AUTH_211c322d753947e4b9c2de7ea51ce833' (txn: tx6f45745ee5c84e2db701d-006a354502)
Jun 19 13:32:50 standalone account-server[128786]: 172.20.0.100 - - [19/Jun/2026:13:32:50 +0000] "HEAD /d1/628/AUTH_211c322d753947e4b9c2de7ea51ce833" 204 - "HEAD http://172.18.0.2:8080/v1/AUTH_211c322d753947e4b9c2de7ea51ce833?format=json" "tx6f45745ee5c84e2db701d-006a354502" "proxy-server 20" 0.0021 "-" 22 -
Jun 19 13:32:50 standalone account-server[128786]: 172.20.0.100 - - [19/Jun/2026:13:32:50 +0000] "PUT /d1/628/AUTH_211c322d753947e4b9c2de7ea51ce833/gnocchi.65638e75-d134-4ce1-bdee-48d9be7083f2" 201 - "PUT http://172.20.0.100:6001/d1/572/AUTH_211c322d753947e4b9c2de7ea51ce833/gnocchi.65638e75-d134-4ce1-bdee-48d9be7083f2" "tx6f45745ee5c84e2db701d-006a354502" "container-server 22" 0.0011 "-" 22 0
Jun 19 13:32:50 standalone container-server[128923]: 172.20.0.100 - - [19/Jun/2026:13:32:50 +0000] "PUT /d1/572/AUTH_211c322d753947e4b9c2de7ea51ce833/gnocchi.65638e75-d134-4ce1-bdee-48d9be7083f2" 201 - "PUT http://172.18.0.2:8080/v1/AUTH_211c322d753947e4b9c2de7ea51ce833/gnocchi.65638e75-d134-4ce1-bdee-48d9be7083f2" "tx6f45745ee5c84e2db701d-006a354502" "proxy-server 20" 0.0161 "-" 22 0
Jun 19 13:32:50 standalone proxy-server[131064]: 172.18.0.2 172.18.0.100 19/Jun/2026/13/32/50 PUT /v1/AUTH_211c322d753947e4b9c2de7ea51ce833/gnocchi.65638e75-d134-4ce1-bdee-48d9be7083f2 HTTP/1.0 201 - python-swiftclient-3.11.1 gAAAAABqNUUBbKBV... - - - tx6f45745ee5c84e2db701d-006a354502 - 0.0519 - - 1781875970.345408678 1781875970.397335291 0
Jun 19 13:32:50 standalone container-server[128923]: 172.20.0.100 - - [19/Jun/2026:13:32:50 +0000] "HEAD /d1/572/AUTH_211c322d753947e4b9c2de7ea51ce833/gnocchi.65638e75-d134-4ce1-bdee-48d9be7083f2" 204 - "HEAD http://172.18.0.2:8080/v1/AUTH_211c322d753947e4b9c2de7ea51ce833/gnocchi.65638e75-d134-4ce1-bdee-48d9be7083f2?format=json&states=listing" "txb091429b8a6a48e69a860-006a354502" "proxy-server 20" 0.0014 "-" 22 0
Jun 19 13:32:50 standalone proxy-server[131064]: - - 19/Jun/2026/13/32/50 HEAD /v1/AUTH_211c322d753947e4b9c2de7ea51ce833/gnocchi.65638e75-d134-4ce1-bdee-48d9be7083f2%3Fformat%3Djson%26states%3Dlisting HTTP/1.0 204 - Swift - - - - txb091429b8a6a48e69a860-006a354502 - 0.0071 RL - 1781875970.404446125 1781875970.411514997 0
Jun 19 13:32:50 standalone container-server[128912]: 172.20.0.100 - - [19/Jun/2026:13:32:50 +0000] "GET /d1/572/AUTH_211c322d753947e4b9c2de7ea51ce833/gnocchi.65638e75-d134-4ce1-bdee-48d9be7083f2" 200 2 "GET http://172.18.0.2:8080/v1/AUTH_211c322d753947e4b9c2de7ea51ce833/gnocchi.65638e75-d134-4ce1-bdee-48d9be7083f2?format=json&states=listing" "txb091429b8a6a48e69a860-006a354502" "proxy-server 20" 0.0059 "-" 20 0
Jun 19 13:32:50 standalone proxy-server[131064]: 172.18.0.2 172.18.0.100 19/Jun/2026/13/32/50 GET /v1/AUTH_211c322d753947e4b9c2de7ea51ce833/gnocchi.65638e75-d134-4ce1-bdee-48d9be7083f2%3Fformat%3Djson%26states%3Dlisting HTTP/1.0 200 - python-swiftclient-3.11.1 gAAAAABqNUUBbKBV... - 2 - txb091429b8a6a48e69a860-006a354502 - 0.0266 - - 1781875970.402578831 1781875970.429217577 0
Jun 19 13:32:50 standalone object-server[129015]: 172.20.0.100 - - [19/Jun/2026:13:32:50 +0000] "GET /d1/962/AUTH_211c322d753947e4b9c2de7ea51ce833/gnocchi.65638e75-d134-4ce1-bdee-48d9be7083f2/1780920000.0_mean_300.0_v3" 404 70 "GET http://172.18.0.2:8080/v1/AUTH_211c322d753947e4b9c2de7ea51ce833/gnocchi.65638e75-d134-4ce1-bdee-48d9be7083f2/1780920000.0_mean_300.0_v3" "tx1891489732e24d3aa74f2-006a354502" "proxy-server 20" 0.0004 "-" 24 0
Jun 19 13:32:50 standalone proxy-server[131064]: 172.18.0.2 172.18.0.100 19/Jun/2026/13/32/50 GET /v1/AUTH_211c322d753947e4b9c2de7ea51ce833/gnocchi.65638e75-d134-4ce1-bdee-48d9be7083f2/1780920000.0_mean_300.0_v3 HTTP/1.0 404 - python-swiftclient-3.11.1 gAAAAABqNUUBbKBV... - 70 - tx1891489732e24d3aa74f2-006a354502 - 0.0084 - - 1781875970.435677290 1781875970.444082737 0
Jun 19 13:32:50 standalone container-server[128916]: 172.20.0.100 - - [19/Jun/2026:13:32:50 +0000] "PUT /d1/572/AUTH_211c322d753947e4b9c2de7ea51ce833/gnocchi.65638e75-d134-4ce1-bdee-48d9be7083f2/1780920000.0_mean_300.0_v3" 201 - "PUT http://172.18.0.2:8080/d1/962/AUTH_211c322d753947e4b9c2de7ea51ce833/gnocchi.65638e75-d134-4ce1-bdee-48d9be7083f2/1780920000.0_mean_300.0_v3" "tx071562cf89554adeb989a-006a354502" "object-server 24" 0.0018 "-" 21 0
Jun 19 13:32:50 standalone object-server[129015]: 172.20.0.100 - - [19/Jun/2026:13:32:50 +0000] "PUT /d1/962/AUTH_211c322d753947e4b9c2de7ea51ce833/gnocchi.65638e75-d134-4ce1-bdee-48d9be7083f2/1780920000.0_mean_300.0_v3" 201 - "PUT http://172.18.0.2:8080/v1/AUTH_211c322d753947e4b9c2de7ea51ce833/gnocchi.65638e75-d134-4ce1-bdee-48d9be7083f2/1780920000.0_mean_300.0_v3" "tx071562cf89554adeb989a-006a354502" "proxy-server 20" 0.0371 "-" 24 0
Jun 19 13:32:50 standalone proxy-server[131064]: 172.18.0.2 172.18.0.100 19/Jun/2026/13/32/50 PUT /v1/AUTH_211c322d753947e4b9c2de7ea51ce833/gnocchi.65638e75-d134-4ce1-bdee-48d9be7083f2/1780920000.0_mean_300.0_v3 HTTP/1.0 201 - python-swiftclient-3.11.1 gAAAAABqNUUBbKBV... 16 - - tx071562cf89554adeb989a-006a354502 - 0.0490 - - 1781875970.449770927 1781875970.498746157 0
Jun 19 13:32:50 standalone container-server[128916]: 172.20.0.100 - - [19/Jun/2026:13:32:50 +0000] "PUT /d1/572/AUTH_211c322d753947e4b9c2de7ea51ce833/gnocchi.65638e75-d134-4ce1-bdee-48d9be7083f2/none_v3" 201 - "PUT http://172.18.0.2:8080/d1/423/AUTH_211c322d753947e4b9c2de7ea51ce833/gnocchi.65638e75-d134-4ce1-bdee-48d9be7083f2/none_v3" "txb79142656d8e44079c856-006a354502" "object-server 22" 0.0007 "-" 21 0
Jun 19 13:32:50 standalone object-server[129006]: 172.20.0.100 - - [19/Jun/2026:13:32:50 +0000] "PUT /d1/423/AUTH_211c322d753947e4b9c2de7ea51ce833/gnocchi.65638e75-d134-4ce1-bdee-48d9be7083f2/none_v3" 201 - "PUT http://172.18.0.2:8080/v1/AUTH_211c322d753947e4b9c2de7ea51ce833/gnocchi.65638e75-d134-4ce1-bdee-48d9be7083f2/none_v3" "txb79142656d8e44079c856-006a354502" "proxy-server 20" 0.0315 "-" 22 0
Jun 19 13:32:50 standalone proxy-server[131064]: 172.18.0.2 172.18.0.100 19/Jun/2026/13/32/50 PUT /v1/AUTH_211c322d753947e4b9c2de7ea51ce833/gnocchi.65638e75-d134-4ce1-bdee-48d9be7083f2/none_v3 HTTP/1.0 201 - python-swiftclient-3.11.1 gAAAAABqNUUBbKBV... 22 - - txb79142656d8e44079c856-006a354502 - 0.0400 - - 1781875970.502615452 1781875970.542596817 0
Jun 19 13:32:54 standalone account-server[128786]: 172.20.0.100 - - [19/Jun/2026:13:32:54 +0000] "HEAD /d1/223/.expiring_objects" 404 - "HEAD http://localhost/v1/.expiring_objects?format=json" "tx8967b69cbe95413694722-006a354506" "proxy-server 2" 0.0006 "-" 22 -
Jun 19 13:32:54 standalone object-expirer[128864]: Pass completed in 0s; 0 objects expired (txn: tx8967b69cbe95413694722-006a354506)
Jun 19 13:33:19 standalone object-server[129006]: 172.20.0.100 - - [19/Jun/2026:13:33:19 +0000] "GET /d1/423/AUTH_211c322d753947e4b9c2de7ea51ce833/gnocchi.65638e75-d134-4ce1-bdee-48d9be7083f2/none_v3" 200 22 "GET http://172.18.0.2:8080/v1/AUTH_211c322d753947e4b9c2de7ea51ce833/gnocchi.65638e75-d134-4ce1-bdee-48d9be7083f2/none_v3" "tx0b1d26ba39764349858ec-006a35451f" "proxy-server 20" 0.0016 "-" 22 0
Jun 19 13:33:19 standalone proxy-server[131064]: 172.18.0.2 172.18.0.100 19/Jun/2026/13/33/19 GET /v1/AUTH_211c322d753947e4b9c2de7ea51ce833/gnocchi.65638e75-d134-4ce1-bdee-48d9be7083f2/none_v3 HTTP/1.0 200 - python-swiftclient-3.11.1 gAAAAABqNUUBbKBV... - 22 - tx0b1d26ba39764349858ec-006a35451f - 0.0122 - - 1781875999.728111506 1781875999.740275860 0
Jun 19 13:33:19 standalone container-server[128934]: 172.20.0.100 - - [19/Jun/2026:13:33:19 +0000] "GET /d1/572/AUTH_211c322d753947e4b9c2de7ea51ce833/gnocchi.65638e75-d134-4ce1-bdee-48d9be7083f2" 200 357 "GET http://172.18.0.2:8080/v1/AUTH_211c322d753947e4b9c2de7ea51ce833/gnocchi.65638e75-d134-4ce1-bdee-48d9be7083f2?format=json&states=listing" "tx3001c6b159fc47f8bc2a6-006a35451f" "proxy-server 20" 0.0359 "-" 23 0
Jun 19 13:33:19 standalone proxy-server[131064]: 172.18.0.2 172.18.0.100 19/Jun/2026/13/33/19 GET /v1/AUTH_211c322d753947e4b9c2de7ea51ce833/gnocchi.65638e75-d134-4ce1-bdee-48d9be7083f2%3Fformat%3Djson%26states%3Dlisting HTTP/1.0 200 - python-swiftclient-3.11.1 gAAAAABqNUUBbKBV... - 357 - tx3001c6b159fc47f8bc2a6-006a35451f - 0.0461 - - 1781875999.743630886 1781875999.789762735 0
Jun 19 13:33:19 standalone container-server[128934]: 172.20.0.100 - - [19/Jun/2026:13:33:19 +0000] "GET /d1/572/AUTH_211c322d753947e4b9c2de7ea51ce833/gnocchi.65638e75-d134-4ce1-bdee-48d9be7083f2" 200 2 "GET http://172.18.0.2:8080/v1/AUTH_211c322d753947e4b9c2de7ea51ce833/gnocchi.65638e75-d134-4ce1-bdee-48d9be7083f2?format=json&marker=none_v3&states=listing" "tx75dc7dd48e604aa39ecf5-006a35451f" "proxy-server 20" 0.0032 "-" 23 0
Jun 19 13:33:19 standalone proxy-server[131064]: 172.18.0.2 172.18.0.100 19/Jun/2026/13/33/19 GET /v1/AUTH_211c322d753947e4b9c2de7ea51ce833/gnocchi.65638e75-d134-4ce1-bdee-48d9be7083f2%3Fformat%3Djson%26marker%3Dnone_v3%26states%3Dlisting HTTP/1.0 200 - python-swiftclient-3.11.1 gAAAAABqNUUBbKBV... - 2 - tx75dc7dd48e604aa39ecf5-006a35451f - 0.0114 - - 1781875999.792331696 1781875999.803770542 0
Jun 19 13:33:19 standalone object-server[129006]: 172.20.0.100 - - [19/Jun/2026:13:33:19 +0000] "GET /d1/962/AUTH_211c322d753947e4b9c2de7ea51ce833/gnocchi.65638e75-d134-4ce1-bdee-48d9be7083f2/1780920000.0_mean_300.0_v3" 200 16 "GET http://172.18.0.2:8080/v1/AUTH_211c322d753947e4b9c2de7ea51ce833/gnocchi.65638e75-d134-4ce1-bdee-48d9be7083f2/1780920000.0_mean_300.0_v3" "txfb4902409d554a98b1c27-006a35451f" "proxy-server 20" 0.0008 "-" 22 0
Jun 19 13:33:19 standalone proxy-server[131064]: 172.18.0.2 172.18.0.100 19/Jun/2026/13/33/19 GET /v1/AUTH_211c322d753947e4b9c2de7ea51ce833/gnocchi.65638e75-d134-4ce1-bdee-48d9be7083f2/1780920000.0_mean_300.0_v3 HTTP/1.0 200 - python-swiftclient-3.11.1 gAAAAABqNUUBbKBV... - 16 - txfb4902409d554a98b1c27-006a35451f - 0.0087 - - 1781875999.806787491 1781875999.815458775 0
Jun 19 13:33:19 standalone container-server[128912]: 172.20.0.100 - - [19/Jun/2026:13:33:19 +0000] "PUT /d1/572/AUTH_211c322d753947e4b9c2de7ea51ce833/gnocchi.65638e75-d134-4ce1-bdee-48d9be7083f2/1780920000.0_mean_300.0_v3" 201 - "PUT http://172.18.0.2:8080/d1/962/AUTH_211c322d753947e4b9c2de7ea51ce833/gnocchi.65638e75-d134-4ce1-bdee-48d9be7083f2/1780920000.0_mean_300.0_v3" "txcb962e9d8c004c838c7dc-006a35451f" "object-server 23" 0.0010 "-" 20 0
Jun 19 13:33:19 standalone object-server[129014]: 172.20.0.100 - - [19/Jun/2026:13:33:19 +0000] "PUT /d1/962/AUTH_211c322d753947e4b9c2de7ea51ce833/gnocchi.65638e75-d134-4ce1-bdee-48d9be7083f2/1780920000.0_mean_300.0_v3" 201 - "PUT http://172.18.0.2:8080/v1/AUTH_211c322d753947e4b9c2de7ea51ce833/gnocchi.65638e75-d134-4ce1-bdee-48d9be7083f2/1780920000.0_mean_300.0_v3" "txcb962e9d8c004c838c7dc-006a35451f" "proxy-server 20" 0.0338 "-" 23 0
Jun 19 13:33:19 standalone proxy-server[131064]: 172.18.0.2 172.18.0.100 19/Jun/2026/13/33/19 PUT /v1/AUTH_211c322d753947e4b9c2de7ea51ce833/gnocchi.65638e75-d134-4ce1-bdee-48d9be7083f2/1780920000.0_mean_300.0_v3 HTTP/1.0 201 - python-swiftclient-3.11.1 gAAAAABqNUUBbKBV... 16 - - txcb962e9d8c004c838c7dc-006a35451f - 0.0418 - - 1781875999.817960024 1781875999.859793901 0
Jun 19 13:33:19 standalone container-server[128912]: 172.20.0.100 - - [19/Jun/2026:13:33:19 +0000] "PUT /d1/572/AUTH_211c322d753947e4b9c2de7ea51ce833/gnocchi.65638e75-d134-4ce1-bdee-48d9be7083f2/none_v3" 201 - "PUT http://172.18.0.2:8080/d1/423/AUTH_211c322d753947e4b9c2de7ea51ce833/gnocchi.65638e75-d134-4ce1-bdee-48d9be7083f2/none_v3" "txa0bd379ba5224c8e9d384-006a35451f" "object-server 23" 0.0007 "-" 20 0
Jun 19 13:33:19 standalone object-server[129014]: 172.20.0.100 - - [19/Jun/2026:13:33:19 +0000] "PUT /d1/423/AUTH_211c322d753947e4b9c2de7ea51ce833/gnocchi.65638e75-d134-4ce1-bdee-48d9be7083f2/none_v3" 201 - "PUT http://172.18.0.2:8080/v1/AUTH_211c322d753947e4b9c2de7ea51ce833/gnocchi.65638e75-d134-4ce1-bdee-48d9be7083f2/none_v3" "txa0bd379ba5224c8e9d384-006a35451f" "proxy-server 20" 0.0120 "-" 23 0
Jun 19 13:33:19 standalone proxy-server[131064]: 172.18.0.2 172.18.0.100 19/Jun/2026/13/33/19 PUT /v1/AUTH_211c322d753947e4b9c2de7ea51ce833/gnocchi.65638e75-d134-4ce1-bdee-48d9be7083f2/none_v3 HTTP/1.0 201 - python-swiftclient-3.11.1 gAAAAABqNUUBbKBV... 32 - - txa0bd379ba5224c8e9d384-006a35451f - 0.0202 - - 1781875999.864736557 1781875999.884901524 0
Jun 19 13:33:34 standalone object-server[129003]: Begin object update sweep
Jun 19 13:33:34 standalone object-server[222353]: Object update sweep starting on /srv/node/d1 (pid: 14)
Jun 19 13:33:34 standalone object-server[222353]: Object update sweep completed on /srv/node/d1 in 0.00s seconds:, 0 successes, 0 failures, 0 quarantines, 0 unlinks, 0 errors, 0 redirects (pid: 14)
Jun 19 13:33:34 standalone object-server[222353]: Object update sweep of d1 completed: 0.00s, 0 successes, 0 failures, 0 quarantines, 0 unlinks, 0 errors, 0 redirects
Jun 19 13:33:34 standalone object-server[129003]: Object update sweep completed: 0.08s
Jun 19 13:33:49 standalone container-server[128923]: 172.20.0.100 - - [19/Jun/2026:13:33:49 +0000] "HEAD /d1/855/AUTH_211c322d753947e4b9c2de7ea51ce833/gnocchi.7ac19625-5e4c-4d32-ba4e-3fa3774c86a5" 404 - "HEAD http://172.18.0.2:8080/v1/AUTH_211c322d753947e4b9c2de7ea51ce833/gnocchi.7ac19625-5e4c-4d32-ba4e-3fa3774c86a5?format=json&states=listing" "txb5bd1064a5d94a7cb60e7-006a35453d" "proxy-server 20" 0.0006 "-" 22 0
Jun 19 13:33:49 standalone object-server[129015]: 172.20.0.100 - - [19/Jun/2026:13:33:49 +0000] "GET /d1/174/AUTH_211c322d753947e4b9c2de7ea51ce833/gnocchi.7ac19625-5e4c-4d32-ba4e-3fa3774c86a5/none_v3" 404 70 "GET http://172.18.0.2:8080/v1/AUTH_211c322d753947e4b9c2de7ea51ce833/gnocchi.7ac19625-5e4c-4d32-ba4e-3fa3774c86a5/none_v3" "txb5bd1064a5d94a7cb60e7-006a35453d" "proxy-server 20" 0.0005 "-" 24 0
Jun 19 13:33:49 standalone proxy-server[131064]: 172.18.0.2 172.18.0.100 19/Jun/2026/13/33/49 GET /v1/AUTH_211c322d753947e4b9c2de7ea51ce833/gnocchi.7ac19625-5e4c-4d32-ba4e-3fa3774c86a5/none_v3 HTTP/1.0 404 - python-swiftclient-3.11.1 gAAAAABqNUUBbKBV... - 70 - txb5bd1064a5d94a7cb60e7-006a35453d - 0.0123 - - 1781876029.642696381 1781876029.655014992 0
Jun 19 13:33:49 standalone account-server[128777]: 172.20.0.100 - - [19/Jun/2026:13:33:49 +0000] "PUT /d1/628/AUTH_211c322d753947e4b9c2de7ea51ce833/gnocchi.7ac19625-5e4c-4d32-ba4e-3fa3774c86a5" 201 - "PUT http://172.20.0.100:6001/d1/855/AUTH_211c322d753947e4b9c2de7ea51ce833/gnocchi.7ac19625-5e4c-4d32-ba4e-3fa3774c86a5" "tx01bbb026ca9541838ccf0-006a35453d" "container-server 20" 0.0077 "-" 20 0
Jun 19 13:33:49 standalone container-server[128912]: 172.20.0.100 - - [19/Jun/2026:13:33:49 +0000] "PUT /d1/855/AUTH_211c322d753947e4b9c2de7ea51ce833/gnocchi.7ac19625-5e4c-4d32-ba4e-3fa3774c86a5" 201 - "PUT http://172.18.0.2:8080/v1/AUTH_211c322d753947e4b9c2de7ea51ce833/gnocchi.7ac19625-5e4c-4d32-ba4e-3fa3774c86a5" "tx01bbb026ca9541838ccf0-006a35453d" "proxy-server 20" 0.0186 "-" 20 0
Jun 19 13:33:49 standalone proxy-server[131064]: 172.18.0.2 172.18.0.100 19/Jun/2026/13/33/49 PUT /v1/AUTH_211c322d753947e4b9c2de7ea51ce833/gnocchi.7ac19625-5e4c-4d32-ba4e-3fa3774c86a5 HTTP/1.0 201 - python-swiftclient-3.11.1 gAAAAABqNUUBbKBV... - - - tx01bbb026ca9541838ccf0-006a35453d - 0.0271 - - 1781876029.657333851 1781876029.684478283 0
Jun 19 13:33:49 standalone container-server[128923]: 172.20.0.100 - - [19/Jun/2026:13:33:49 +0000] "HEAD /d1/855/AUTH_211c322d753947e4b9c2de7ea51ce833/gnocchi.7ac19625-5e4c-4d32-ba4e-3fa3774c86a5" 204 - "HEAD http://172.18.0.2:8080/v1/AUTH_211c322d753947e4b9c2de7ea51ce833/gnocchi.7ac19625-5e4c-4d32-ba4e-3fa3774c86a5?format=json&states=listing" "tx554faa51d93f49b989e26-006a35453d" "proxy-server 20" 0.0015 "-" 22 0
Jun 19 13:33:49 standalone proxy-server[131064]: - - 19/Jun/2026/13/33/49 HEAD /v1/AUTH_211c322d753947e4b9c2de7ea51ce833/gnocchi.7ac19625-5e4c-4d32-ba4e-3fa3774c86a5%3Fformat%3Djson%26states%3Dlisting HTTP/1.0 204 - Swift - - - - tx554faa51d93f49b989e26-006a35453d - 0.0043 RL - 1781876029.688306093 1781876029.692625523 0
Jun 19 13:33:49 standalone container-server[128934]: 172.20.0.100 - - [19/Jun/2026:13:33:49 +0000] "GET /d1/855/AUTH_211c322d753947e4b9c2de7ea51ce833/gnocchi.7ac19625-5e4c-4d32-ba4e-3fa3774c86a5" 200 2 "GET http://172.18.0.2:8080/v1/AUTH_211c322d753947e4b9c2de7ea51ce833/gnocchi.7ac19625-5e4c-4d32-ba4e-3fa3774c86a5?format=json&states=listing" "tx554faa51d93f49b989e26-006a35453d" "proxy-server 20" 0.0019 "-" 23 0
Jun 19 13:33:49 standalone proxy-server[131064]: 172.18.0.2 172.18.0.100 19/Jun/2026/13/33/49 GET /v1/AUTH_211c322d753947e4b9c2de7ea51ce833/gnocchi.7ac19625-5e4c-4d32-ba4e-3fa3774c86a5%3Fformat%3Djson%26states%3Dlisting HTTP/1.0 200 - python-swiftclient-3.11.1 gAAAAABqNUUBbKBV... - 2 - tx554faa51d93f49b989e26-006a35453d - 0.0116 - - 1781876029.687436581 1781876029.699031830 0
Jun 19 13:33:49 standalone object-server[129006]: 172.20.0.100 - - [19/Jun/2026:13:33:49 +0000] "GET /d1/954/AUTH_211c322d753947e4b9c2de7ea51ce833/gnocchi.7ac19625-5e4c-4d32-ba4e-3fa3774c86a5/1780920000.0_mean_300.0_v3" 404 70 "GET http://172.18.0.2:8080/v1/AUTH_211c322d753947e4b9c2de7ea51ce833/gnocchi.7ac19625-5e4c-4d32-ba4e-3fa3774c86a5/1780920000.0_mean_300.0_v3" "tx20d7a088fae8426db802f-006a35453d" "proxy-server 20" 0.0004 "-" 22 0
Jun 19 13:33:49 standalone proxy-server[131064]: 172.18.0.2 172.18.0.100 19/Jun/2026/13/33/49 GET /v1/AUTH_211c322d753947e4b9c2de7ea51ce833/gnocchi.7ac19625-5e4c-4d32-ba4e-3fa3774c86a5/1780920000.0_mean_300.0_v3 HTTP/1.0 404 - python-swiftclient-3.11.1 gAAAAABqNUUBbKBV... - 70 - tx20d7a088fae8426db802f-006a35453d - 0.0061 - - 1781876029.701624632 1781876029.707709551 0
Jun 19 13:33:49 standalone container-server[128916]: 172.20.0.100 - - [19/Jun/2026:13:33:49 +0000] "PUT /d1/855/AUTH_211c322d753947e4b9c2de7ea51ce833/gnocchi.7ac19625-5e4c-4d32-ba4e-3fa3774c86a5/1780920000.0_mean_300.0_v3" 201 - "PUT http://172.18.0.2:8080/d1/954/AUTH_211c322d753947e4b9c2de7ea51ce833/gnocchi.7ac19625-5e4c-4d32-ba4e-3fa3774c86a5/1780920000.0_mean_300.0_v3" "tx418b2a083f014cc097290-006a35453d" "object-server 22" 0.0006 "-" 21 0
Jun 19 13:33:49 standalone object-server[129006]: 172.20.0.100 - - [19/Jun/2026:13:33:49 +0000] "PUT /d1/954/AUTH_211c322d753947e4b9c2de7ea51ce833/gnocchi.7ac19625-5e4c-4d32-ba4e-3fa3774c86a5/1780920000.0_mean_300.0_v3" 201 - "PUT http://172.18.0.2:8080/v1/AUTH_211c322d753947e4b9c2de7ea51ce833/gnocchi.7ac19625-5e4c-4d32-ba4e-3fa3774c86a5/1780920000.0_mean_300.0_v3" "tx418b2a083f014cc097290-006a35453d" "proxy-server 20" 0.0162 "-" 22 0
Jun 19 13:33:49 standalone proxy-server[131064]: 172.18.0.2 172.18.0.100 19/Jun/2026/13/33/49 PUT /v1/AUTH_211c322d753947e4b9c2de7ea51ce833/gnocchi.7ac19625-5e4c-4d32-ba4e-3fa3774c86a5/1780920000.0_mean_300.0_v3 HTTP/1.0 201 - python-swiftclient-3.11.1 gAAAAABqNUUBbKBV... 16 - - tx418b2a083f014cc097290-006a35453d - 0.0218 - - 1781876029.710047722 1781876029.731856823 0
Jun 19 13:33:49 standalone container-server[128916]: 172.20.0.100 - - [19/Jun/2026:13:33:49 +0000] "PUT /d1/855/AUTH_211c322d753947e4b9c2de7ea51ce833/gnocchi.7ac19625-5e4c-4d32-ba4e-3fa3774c86a5/none_v3" 201 - "PUT http://172.18.0.2:8080/d1/174/AUTH_211c322d753947e4b9c2de7ea51ce833/gnocchi.7ac19625-5e4c-4d32-ba4e-3fa3774c86a5/none_v3" "tx1ca5e2d7616141a1870d9-006a35453d" "object-server 22" 0.0007 "-" 21 0
Jun 19 13:33:49 standalone object-server[129006]: 172.20.0.100 - - [19/Jun/2026:13:33:49 +0000] "PUT /d1/174/AUTH_211c322d753947e4b9c2de7ea51ce833/gnocchi.7ac19625-5e4c-4d32-ba4e-3fa3774c86a5/none_v3" 201 - "PUT http://172.18.0.2:8080/v1/AUTH_211c322d753947e4b9c2de7ea51ce833/gnocchi.7ac19625-5e4c-4d32-ba4e-3fa3774c86a5/none_v3" "tx1ca5e2d7616141a1870d9-006a35453d" "proxy-server 20" 0.0250 "-" 22 0
Jun 19 13:33:49 standalone proxy-server[131064]: 172.18.0.2 172.18.0.100 19/Jun/2026/13/33/49 PUT /v1/AUTH_211c322d753947e4b9c2de7ea51ce833/gnocchi.7ac19625-5e4c-4d32-ba4e-3fa3774c86a5/none_v3 HTTP/1.0 201 - python-swiftclient-3.11.1 gAAAAABqNUUBbKBV... 22 - - tx1ca5e2d7616141a1870d9-006a35453d - 0.0310 - - 1781876029.734531164 1781876029.765485764 0
Jun 19 13:33:49 standalone container-server[128912]: 172.20.0.100 - - [19/Jun/2026:13:33:49 +0000] "HEAD /d1/422/AUTH_211c322d753947e4b9c2de7ea51ce833/gnocchi.2d658c8e-b806-4b8b-b698-09f23b66af46" 404 - "HEAD http://172.18.0.2:8080/v1/AUTH_211c322d753947e4b9c2de7ea51ce833/gnocchi.2d658c8e-b806-4b8b-b698-09f23b66af46?format=json&states=listing" "tx3333c92c3cdd48e4a7fac-006a35453d" "proxy-server 20" 0.0004 "-" 20 0
Jun 19 13:33:49 standalone object-server[129016]: 172.20.0.100 - - [19/Jun/2026:13:33:49 +0000] "GET /d1/446/AUTH_211c322d753947e4b9c2de7ea51ce833/gnocchi.2d658c8e-b806-4b8b-b698-09f23b66af46/none_v3" 404 70 "GET http://172.18.0.2:8080/v1/AUTH_211c322d753947e4b9c2de7ea51ce833/gnocchi.2d658c8e-b806-4b8b-b698-09f23b66af46/none_v3" "tx3333c92c3cdd48e4a7fac-006a35453d" "proxy-server 20" 0.0007 "-" 25 0
Jun 19 13:33:49 standalone proxy-server[131064]: 172.18.0.2 172.18.0.100 19/Jun/2026/13/33/49 GET /v1/AUTH_211c322d753947e4b9c2de7ea51ce833/gnocchi.2d658c8e-b806-4b8b-b698-09f23b66af46/none_v3 HTTP/1.0 404 - python-swiftclient-3.11.1 gAAAAABqNUUBbKBV... - 70 - tx3333c92c3cdd48e4a7fac-006a35453d - 0.0126 - - 1781876029.796736717 1781876029.809355974 0
Jun 19 13:33:49 standalone account-server[128791]: 172.20.0.100 - - [19/Jun/2026:13:33:49 +0000] "PUT /d1/628/AUTH_211c322d753947e4b9c2de7ea51ce833/gnocchi.2d658c8e-b806-4b8b-b698-09f23b66af46" 201 - "PUT http://172.20.0.100:6001/d1/422/AUTH_211c322d753947e4b9c2de7ea51ce833/gnocchi.2d658c8e-b806-4b8b-b698-09f23b66af46" "tx34312ae54ef54d0f9bdba-006a35453d" "container-server 22" 0.0124 "-" 23 0
Jun 19 13:33:49 standalone container-server[128923]: 172.20.0.100 - - [19/Jun/2026:13:33:49 +0000] "PUT /d1/422/AUTH_211c322d753947e4b9c2de7ea51ce833/gnocchi.2d658c8e-b806-4b8b-b698-09f23b66af46" 201 - "PUT http://172.18.0.2:8080/v1/AUTH_211c322d753947e4b9c2de7ea51ce833/gnocchi.2d658c8e-b806-4b8b-b698-09f23b66af46" "tx34312ae54ef54d0f9bdba-006a35453d" "proxy-server 20" 0.0413 "-" 22 0
Jun 19 13:33:49 standalone proxy-server[131064]: 172.18.0.2 172.18.0.100 19/Jun/2026/13/33/49 PUT /v1/AUTH_211c322d753947e4b9c2de7ea51ce833/gnocchi.2d658c8e-b806-4b8b-b698-09f23b66af46 HTTP/1.0 201 - python-swiftclient-3.11.1 gAAAAABqNUUBbKBV... - - - tx34312ae54ef54d0f9bdba-006a35453d - 0.0471 - - 1781876029.812505245 1781876029.859595060 0
Jun 19 13:33:49 standalone container-server[128912]: 172.20.0.100 - - [19/Jun/2026:13:33:49 +0000] "HEAD /d1/422/AUTH_211c322d753947e4b9c2de7ea51ce833/gnocchi.2d658c8e-b806-4b8b-b698-09f23b66af46" 204 - "HEAD http://172.18.0.2:8080/v1/AUTH_211c322d753947e4b9c2de7ea51ce833/gnocchi.2d658c8e-b806-4b8b-b698-09f23b66af46?format=json&states=listing" "txf27eb924f65943c1aafb5-006a35453d" "proxy-server 20" 0.0011 "-" 20 0
Jun 19 13:33:49 standalone proxy-server[131064]: - - 19/Jun/2026/13/33/49 HEAD /v1/AUTH_211c322d753947e4b9c2de7ea51ce833/gnocchi.2d658c8e-b806-4b8b-b698-09f23b66af46%3Fformat%3Djson%26states%3Dlisting HTTP/1.0 204 - Swift - - - - txf27eb924f65943c1aafb5-006a35453d - 0.0039 RL - 1781876029.863702059 1781876029.867567062 0
Jun 19 13:33:49 standalone container-server[128923]: 172.20.0.100 - - [19/Jun/2026:13:33:49 +0000] "GET /d1/422/AUTH_211c322d753947e4b9c2de7ea51ce833/gnocchi.2d658c8e-b806-4b8b-b698-09f23b66af46" 200 2 "GET http://172.18.0.2:8080/v1/AUTH_211c322d753947e4b9c2de7ea51ce833/gnocchi.2d658c8e-b806-4b8b-b698-09f23b66af46?format=json&states=listing" "txf27eb924f65943c1aafb5-006a35453d" "proxy-server 20" 0.0022 "-" 22 0
Jun 19 13:33:49 standalone proxy-server[131064]: 172.18.0.2 172.18.0.100 19/Jun/2026/13/33/49 GET /v1/AUTH_211c322d753947e4b9c2de7ea51ce833/gnocchi.2d658c8e-b806-4b8b-b698-09f23b66af46%3Fformat%3Djson%26states%3Dlisting HTTP/1.0 200 - python-swiftclient-3.11.1 gAAAAABqNUUBbKBV... - 2 - txf27eb924f65943c1aafb5-006a35453d - 0.0135 - - 1781876029.862744570 1781876029.876233816 0
Jun 19 13:33:49 standalone object-server[129006]: 172.20.0.100 - - [19/Jun/2026:13:33:49 +0000] "GET /d1/770/AUTH_211c322d753947e4b9c2de7ea51ce833/gnocchi.2d658c8e-b806-4b8b-b698-09f23b66af46/1780920000.0_mean_300.0_v3" 404 70 "GET http://172.18.0.2:8080/v1/AUTH_211c322d753947e4b9c2de7ea51ce833/gnocchi.2d658c8e-b806-4b8b-b698-09f23b66af46/1780920000.0_mean_300.0_v3" "tx09654ebc6d57430b99ba7-006a35453d" "proxy-server 20" 0.0004 "-" 22 0
Jun 19 13:33:49 standalone proxy-server[131064]: 172.18.0.2 172.18.0.100 19/Jun/2026/13/33/49 GET /v1/AUTH_211c322d753947e4b9c2de7ea51ce833/gnocchi.2d658c8e-b806-4b8b-b698-09f23b66af46/1780920000.0_mean_300.0_v3 HTTP/1.0 404 - python-swiftclient-3.11.1 gAAAAABqNUUBbKBV... - 70 - tx09654ebc6d57430b99ba7-006a35453d - 0.0084 - - 1781876029.880118847 1781876029.888508558 0
Jun 19 13:33:49 standalone container-server[128934]: 172.20.0.100 - - [19/Jun/2026:13:33:49 +0000] "PUT /d1/422/AUTH_211c322d753947e4b9c2de7ea51ce833/gnocchi.2d658c8e-b806-4b8b-b698-09f23b66af46/1780920000.0_mean_300.0_v3" 201 - "PUT http://172.18.0.2:8080/d1/770/AUTH_211c322d753947e4b9c2de7ea51ce833/gnocchi.2d658c8e-b806-4b8b-b698-09f23b66af46/1780920000.0_mean_300.0_v3" "tx98185c2ba9e94772b49b3-006a35453d" "object-server 24" 0.0008 "-" 23 0
Jun 19 13:33:49 standalone object-server[129015]: 172.20.0.100 - - [19/Jun/2026:13:33:49 +0000] "PUT /d1/770/AUTH_211c322d753947e4b9c2de7ea51ce833/gnocchi.2d658c8e-b806-4b8b-b698-09f23b66af46/1780920000.0_mean_300.0_v3" 201 - "PUT http://172.18.0.2:8080/v1/AUTH_211c322d753947e4b9c2de7ea51ce833/gnocchi.2d658c8e-b806-4b8b-b698-09f23b66af46/1780920000.0_mean_300.0_v3" "tx98185c2ba9e94772b49b3-006a35453d" "proxy-server 20" 0.0195 "-" 24 0
Jun 19 13:33:49 standalone proxy-server[131064]: 172.18.0.2 172.18.0.100 19/Jun/2026/13/33/49 PUT /v1/AUTH_211c322d753947e4b9c2de7ea51ce833/gnocchi.2d658c8e-b806-4b8b-b698-09f23b66af46/1780920000.0_mean_300.0_v3 HTTP/1.0 201 - python-swiftclient-3.11.1 gAAAAABqNUUBbKBV... 16 - - tx98185c2ba9e94772b49b3-006a35453d - 0.0266 - - 1781876029.891889334 1781876029.918502092 0
Jun 19 13:33:49 standalone container-server[128916]: 172.20.0.100 - - [19/Jun/2026:13:33:49 +0000] "PUT /d1/422/AUTH_211c322d753947e4b9c2de7ea51ce833/gnocchi.2d658c8e-b806-4b8b-b698-09f23b66af46/none_v3" 201 - "PUT http://172.18.0.2:8080/d1/446/AUTH_211c322d753947e4b9c2de7ea51ce833/gnocchi.2d658c8e-b806-4b8b-b698-09f23b66af46/none_v3" "txd18b274746ae40cf8fb35-006a35453d" "object-server 23" 0.0005 "-" 21 0
Jun 19 13:33:49 standalone object-server[129014]: 172.20.0.100 - - [19/Jun/2026:13:33:49 +0000] "PUT /d1/446/AUTH_211c322d753947e4b9c2de7ea51ce833/gnocchi.2d658c8e-b806-4b8b-b698-09f23b66af46/none_v3" 201 - "PUT http://172.18.0.2:8080/v1/AUTH_211c322d753947e4b9c2de7ea51ce833/gnocchi.2d658c8e-b806-4b8b-b698-09f23b66af46/none_v3" "txd18b274746ae40cf8fb35-006a35453d" "proxy-server 20" 0.0234 "-" 23 0
Jun 19 13:33:49 standalone proxy-server[131064]: 172.18.0.2 172.18.0.100 19/Jun/2026/13/33/49 PUT /v1/AUTH_211c322d753947e4b9c2de7ea51ce833/gnocchi.2d658c8e-b806-4b8b-b698-09f23b66af46/none_v3 HTTP/1.0 201 - python-swiftclient-3.11.1 gAAAAABqNUUBbKBV... 22 - - txd18b274746ae40cf8fb35-006a35453d - 0.0311 - - 1781876029.921668530 1781876029.952818394 0
Jun 19 13:33:57 standalone account-server[128786]: 172.20.0.100 - - [19/Jun/2026:13:33:57 +0000] "HEAD /d1/628/AUTH_211c322d753947e4b9c2de7ea51ce833" 204 - "HEAD http://172.18.0.2:8080/v1/AUTH_211c322d753947e4b9c2de7ea51ce833?format=json" "tx8e2d75fdd97949fd8cace-006a354545" "proxy-server 20" 0.0073 "-" 22 -
Jun 19 13:33:57 standalone proxy-server[131064]: - - 19/Jun/2026/13/33/57 HEAD /v1/AUTH_211c322d753947e4b9c2de7ea51ce833%3Fformat%3Djson HTTP/1.0 204 - Swift - - - - tx8e2d75fdd97949fd8cace-006a354545 - 0.0143 RL - 1781876037.207414389 1781876037.221733809 -
Jun 19 13:33:57 standalone container-server[128934]: 172.20.0.100 - - [19/Jun/2026:13:33:57 +0000] "HEAD /d1/698/AUTH_211c322d753947e4b9c2de7ea51ce833/gnocchi.2d5499dd-37a1-471b-8ac6-4557fbf36ca2" 404 - "HEAD http://172.18.0.2:8080/v1/AUTH_211c322d753947e4b9c2de7ea51ce833/gnocchi.2d5499dd-37a1-471b-8ac6-4557fbf36ca2?format=json&states=listing" "tx8e2d75fdd97949fd8cace-006a354545" "proxy-server 20" 0.0009 "-" 23 0
Jun 19 13:33:57 standalone object-server[129006]: 172.20.0.100 - - [19/Jun/2026:13:33:57 +0000] "GET /d1/725/AUTH_211c322d753947e4b9c2de7ea51ce833/gnocchi.2d5499dd-37a1-471b-8ac6-4557fbf36ca2/none_v3" 404 70 "GET http://172.18.0.2:8080/v1/AUTH_211c322d753947e4b9c2de7ea51ce833/gnocchi.2d5499dd-37a1-471b-8ac6-4557fbf36ca2/none_v3" "tx8e2d75fdd97949fd8cace-006a354545" "proxy-server 20" 0.0008 "-" 22 0
Jun 19 13:33:57 standalone proxy-server[131064]: 172.18.0.2 172.18.0.100 19/Jun/2026/13/33/57 GET /v1/AUTH_211c322d753947e4b9c2de7ea51ce833/gnocchi.2d5499dd-37a1-471b-8ac6-4557fbf36ca2/none_v3 HTTP/1.0 404 - python-swiftclient-3.11.1 gAAAAABqNUUBbKBV... - 70 - tx8e2d75fdd97949fd8cace-006a354545 - 0.0369 - - 1781876037.206089497 1781876037.243019104 0
Jun 19 13:33:57 standalone account-server[128777]: 172.20.0.100 - - [19/Jun/2026:13:33:57 +0000] "PUT /d1/628/AUTH_211c322d753947e4b9c2de7ea51ce833/gnocchi.2d5499dd-37a1-471b-8ac6-4557fbf36ca2" 201 - "PUT http://172.20.0.100:6001/d1/698/AUTH_211c322d753947e4b9c2de7ea51ce833/gnocchi.2d5499dd-37a1-471b-8ac6-4557fbf36ca2" "tx3f26c895944847c2aa4af-006a354545" "container-server 22" 0.0022 "-" 20 0
Jun 19 13:33:57 standalone container-server[128923]: 172.20.0.100 - - [19/Jun/2026:13:33:57 +0000] "PUT /d1/698/AUTH_211c322d753947e4b9c2de7ea51ce833/gnocchi.2d5499dd-37a1-471b-8ac6-4557fbf36ca2" 201 - "PUT http://172.18.0.2:8080/v1/AUTH_211c322d753947e4b9c2de7ea51ce833/gnocchi.2d5499dd-37a1-471b-8ac6-4557fbf36ca2" "tx3f26c895944847c2aa4af-006a354545" "proxy-server 20" 0.0125 "-" 22 0
Jun 19 13:33:57 standalone proxy-server[131064]: 172.18.0.2 172.18.0.100 19/Jun/2026/13/33/57 PUT /v1/AUTH_211c322d753947e4b9c2de7ea51ce833/gnocchi.2d5499dd-37a1-471b-8ac6-4557fbf36ca2 HTTP/1.0 201 - python-swiftclient-3.11.1 gAAAAABqNUUBbKBV... - - - tx3f26c895944847c2aa4af-006a354545 - 0.0209 - - 1781876037.247565269 1781876037.268469095 0
Jun 19 13:33:57 standalone container-server[128934]: 172.20.0.100 - - [19/Jun/2026:13:33:57 +0000] "HEAD /d1/698/AUTH_211c322d753947e4b9c2de7ea51ce833/gnocchi.2d5499dd-37a1-471b-8ac6-4557fbf36ca2" 204 - "HEAD http://172.18.0.2:8080/v1/AUTH_211c322d753947e4b9c2de7ea51ce833/gnocchi.2d5499dd-37a1-471b-8ac6-4557fbf36ca2?format=json&states=listing" "txa577cfb7e3e944879a647-006a354545" "proxy-server 20" 0.0025 "-" 23 0
Jun 19 13:33:57 standalone proxy-server[131064]: - - 19/Jun/2026/13/33/57 HEAD /v1/AUTH_211c322d753947e4b9c2de7ea51ce833/gnocchi.2d5499dd-37a1-471b-8ac6-4557fbf36ca2%3Fformat%3Djson%26states%3Dlisting HTTP/1.0 204 - Swift - - - - txa577cfb7e3e944879a647-006a354545 - 0.0087 RL - 1781876037.275226355 1781876037.283937693 0
Jun 19 13:33:57 standalone container-server[128923]: 172.20.0.100 - - [19/Jun/2026:13:33:57 +0000] "GET /d1/698/AUTH_211c322d753947e4b9c2de7ea51ce833/gnocchi.2d5499dd-37a1-471b-8ac6-4557fbf36ca2" 200 2 "GET http://172.18.0.2:8080/v1/AUTH_211c322d753947e4b9c2de7ea51ce833/gnocchi.2d5499dd-37a1-471b-8ac6-4557fbf36ca2?format=json&states=listing" "txa577cfb7e3e944879a647-006a354545" "proxy-server 20" 0.0018 "-" 22 0
Jun 19 13:33:57 standalone proxy-server[131064]: 172.18.0.2 172.18.0.100 19/Jun/2026/13/33/57 GET /v1/AUTH_211c322d753947e4b9c2de7ea51ce833/gnocchi.2d5499dd-37a1-471b-8ac6-4557fbf36ca2%3Fformat%3Djson%26states%3Dlisting HTTP/1.0 200 - python-swiftclient-3.11.1 gAAAAABqNUUBbKBV... - 2 - txa577cfb7e3e944879a647-006a354545 - 0.0320 - - 1781876037.273203611 1781876037.305234432 0
Jun 19 13:33:57 standalone object-server[129016]: 172.20.0.100 - - [19/Jun/2026:13:33:57 +0000] "GET /d1/764/AUTH_211c322d753947e4b9c2de7ea51ce833/gnocchi.2d5499dd-37a1-471b-8ac6-4557fbf36ca2/1780920000.0_mean_300.0_v3" 404 70 "GET http://172.18.0.2:8080/v1/AUTH_211c322d753947e4b9c2de7ea51ce833/gnocchi.2d5499dd-37a1-471b-8ac6-4557fbf36ca2/1780920000.0_mean_300.0_v3" "tx2b9efd0d05b245738c0b0-006a354545" "proxy-server 20" 0.0006 "-" 25 0
Jun 19 13:33:57 standalone proxy-server[131064]: 172.18.0.2 172.18.0.100 19/Jun/2026/13/33/57 GET /v1/AUTH_211c322d753947e4b9c2de7ea51ce833/gnocchi.2d5499dd-37a1-471b-8ac6-4557fbf36ca2/1780920000.0_mean_300.0_v3 HTTP/1.0 404 - python-swiftclient-3.11.1 gAAAAABqNUUBbKBV... - 70 - tx2b9efd0d05b245738c0b0-006a354545 - 0.0090 - - 1781876037.310536623 1781876037.319510460 0
Jun 19 13:33:57 standalone container-server[128912]: 172.20.0.100 - - [19/Jun/2026:13:33:57 +0000] "PUT /d1/698/AUTH_211c322d753947e4b9c2de7ea51ce833/gnocchi.2d5499dd-37a1-471b-8ac6-4557fbf36ca2/1780920000.0_mean_300.0_v3" 201 - "PUT http://172.18.0.2:8080/d1/764/AUTH_211c322d753947e4b9c2de7ea51ce833/gnocchi.2d5499dd-37a1-471b-8ac6-4557fbf36ca2/1780920000.0_mean_300.0_v3" "tx4e7d3a38aeca4a69a3a38-006a354545" "object-server 22" 0.0012 "-" 20 0
Jun 19 13:33:57 standalone object-server[129006]: 172.20.0.100 - - [19/Jun/2026:13:33:57 +0000] "PUT /d1/764/AUTH_211c322d753947e4b9c2de7ea51ce833/gnocchi.2d5499dd-37a1-471b-8ac6-4557fbf36ca2/1780920000.0_mean_300.0_v3" 201 - "PUT http://172.18.0.2:8080/v1/AUTH_211c322d753947e4b9c2de7ea51ce833/gnocchi.2d5499dd-37a1-471b-8ac6-4557fbf36ca2/1780920000.0_mean_300.0_v3" "tx4e7d3a38aeca4a69a3a38-006a354545" "proxy-server 20" 0.0187 "-" 22 0
Jun 19 13:33:57 standalone proxy-server[131064]: 172.18.0.2 172.18.0.100 19/Jun/2026/13/33/57 PUT /v1/AUTH_211c322d753947e4b9c2de7ea51ce833/gnocchi.2d5499dd-37a1-471b-8ac6-4557fbf36ca2/1780920000.0_mean_300.0_v3 HTTP/1.0 201 - python-swiftclient-3.11.1 gAAAAABqNUUBbKBV... 16 - - tx4e7d3a38aeca4a69a3a38-006a354545 - 0.0284 - - 1781876037.324361801 1781876037.352723122 0
Jun 19 13:33:57 standalone container-server[128923]: 172.20.0.100 - - [19/Jun/2026:13:33:57 +0000] "PUT /d1/698/AUTH_211c322d753947e4b9c2de7ea51ce833/gnocchi.2d5499dd-37a1-471b-8ac6-4557fbf36ca2/none_v3" 201 - "PUT http://172.18.0.2:8080/d1/725/AUTH_211c322d753947e4b9c2de7ea51ce833/gnocchi.2d5499dd-37a1-471b-8ac6-4557fbf36ca2/none_v3" "tx9351e10d636d4e8c82cda-006a354545" "object-server 24" 0.0004 "-" 22 0
Jun 19 13:33:57 standalone object-server[129015]: 172.20.0.100 - - [19/Jun/2026:13:33:57 +0000] "PUT /d1/725/AUTH_211c322d753947e4b9c2de7ea51ce833/gnocchi.2d5499dd-37a1-471b-8ac6-4557fbf36ca2/none_v3" 201 - "PUT http://172.18.0.2:8080/v1/AUTH_211c322d753947e4b9c2de7ea51ce833/gnocchi.2d5499dd-37a1-471b-8ac6-4557fbf36ca2/none_v3" "tx9351e10d636d4e8c82cda-006a354545" "proxy-server 20" 0.0091 "-" 24 0
Jun 19 13:33:57 standalone proxy-server[131064]: 172.18.0.2 172.18.0.100 19/Jun/2026/13/33/57 PUT /v1/AUTH_211c322d753947e4b9c2de7ea51ce833/gnocchi.2d5499dd-37a1-471b-8ac6-4557fbf36ca2/none_v3 HTTP/1.0 201 - python-swiftclient-3.11.1 gAAAAABqNUUBbKBV... 22 - - tx9351e10d636d4e8c82cda-006a354545 - 0.0183 - - 1781876037.358593225 1781876037.376929522 0
Jun 19 13:33:57 standalone container-server[128912]: 172.20.0.100 - - [19/Jun/2026:13:33:57 +0000] "HEAD /d1/211/AUTH_211c322d753947e4b9c2de7ea51ce833/gnocchi.09d40629-9500-4c03-a292-774d3332b931" 404 - "HEAD http://172.18.0.2:8080/v1/AUTH_211c322d753947e4b9c2de7ea51ce833/gnocchi.09d40629-9500-4c03-a292-774d3332b931?format=json&states=listing" "txc35cdfdd1e104897b8d51-006a354545" "proxy-server 20" 0.0007 "-" 20 0
Jun 19 13:33:57 standalone object-server[129014]: 172.20.0.100 - - [19/Jun/2026:13:33:57 +0000] "GET /d1/663/AUTH_211c322d753947e4b9c2de7ea51ce833/gnocchi.09d40629-9500-4c03-a292-774d3332b931/none_v3" 404 70 "GET http://172.18.0.2:8080/v1/AUTH_211c322d753947e4b9c2de7ea51ce833/gnocchi.09d40629-9500-4c03-a292-774d3332b931/none_v3" "txc35cdfdd1e104897b8d51-006a354545" "proxy-server 20" 0.0012 "-" 23 0
Jun 19 13:33:57 standalone proxy-server[131064]: 172.18.0.2 172.18.0.100 19/Jun/2026/13/33/57 GET /v1/AUTH_211c322d753947e4b9c2de7ea51ce833/gnocchi.09d40629-9500-4c03-a292-774d3332b931/none_v3 HTTP/1.0 404 - python-swiftclient-3.11.1 gAAAAABqNUUBbKBV... - 70 - txc35cdfdd1e104897b8d51-006a354545 - 0.0155 - - 1781876037.391820192 1781876037.407335758 0
Jun 19 13:33:57 standalone account-server[128777]: 172.20.0.100 - - [19/Jun/2026:13:33:57 +0000] "PUT /d1/628/AUTH_211c322d753947e4b9c2de7ea51ce833/gnocchi.09d40629-9500-4c03-a292-774d3332b931" 201 - "PUT http://172.20.0.100:6001/d1/211/AUTH_211c322d753947e4b9c2de7ea51ce833/gnocchi.09d40629-9500-4c03-a292-774d3332b931" "txc90eaf4cb40c4a94af831-006a354545" "container-server 20" 0.0069 "-" 20 0
Jun 19 13:33:57 standalone container-server[128912]: 172.20.0.100 - - [19/Jun/2026:13:33:57 +0000] "PUT /d1/211/AUTH_211c322d753947e4b9c2de7ea51ce833/gnocchi.09d40629-9500-4c03-a292-774d3332b931" 201 - "PUT http://172.18.0.2:8080/v1/AUTH_211c322d753947e4b9c2de7ea51ce833/gnocchi.09d40629-9500-4c03-a292-774d3332b931" "txc90eaf4cb40c4a94af831-006a354545" "proxy-server 20" 0.0255 "-" 20 0
Jun 19 13:33:57 standalone proxy-server[131064]: 172.18.0.2 172.18.0.100 19/Jun/2026/13/33/57 PUT /v1/AUTH_211c322d753947e4b9c2de7ea51ce833/gnocchi.09d40629-9500-4c03-a292-774d3332b931 HTTP/1.0 201 - python-swiftclient-3.11.1 gAAAAABqNUUBbKBV... - - - txc90eaf4cb40c4a94af831-006a354545 - 0.0326 - - 1781876037.411031485 1781876037.443655252 0
Jun 19 13:33:57 standalone container-server[128934]: 172.20.0.100 - - [19/Jun/2026:13:33:57 +0000] "HEAD /d1/211/AUTH_211c322d753947e4b9c2de7ea51ce833/gnocchi.09d40629-9500-4c03-a292-774d3332b931" 204 - "HEAD http://172.18.0.2:8080/v1/AUTH_211c322d753947e4b9c2de7ea51ce833/gnocchi.09d40629-9500-4c03-a292-774d3332b931?format=json&states=listing" "txfbe55b878df34685a0a90-006a354545" "proxy-server 20" 0.0030 "-" 23 0
Jun 19 13:33:57 standalone proxy-server[131064]: - - 19/Jun/2026/13/33/57 HEAD /v1/AUTH_211c322d753947e4b9c2de7ea51ce833/gnocchi.09d40629-9500-4c03-a292-774d3332b931%3Fformat%3Djson%26states%3Dlisting HTTP/1.0 204 - Swift - - - - txfbe55b878df34685a0a90-006a354545 - 0.0134 RL - 1781876037.453093529 1781876037.466471195 0
Jun 19 13:33:57 standalone container-server[128912]: 172.20.0.100 - - [19/Jun/2026:13:33:57 +0000] "GET /d1/211/AUTH_211c322d753947e4b9c2de7ea51ce833/gnocchi.09d40629-9500-4c03-a292-774d3332b931" 200 2 "GET http://172.18.0.2:8080/v1/AUTH_211c322d753947e4b9c2de7ea51ce833/gnocchi.09d40629-9500-4c03-a292-774d3332b931?format=json&states=listing" "txfbe55b878df34685a0a90-006a354545" "proxy-server 20" 0.0034 "-" 20 0
Jun 19 13:33:57 standalone proxy-server[131064]: 172.18.0.2 172.18.0.100 19/Jun/2026/13/33/57 GET /v1/AUTH_211c322d753947e4b9c2de7ea51ce833/gnocchi.09d40629-9500-4c03-a292-774d3332b931%3Fformat%3Djson%26states%3Dlisting HTTP/1.0 200 - python-swiftclient-3.11.1 gAAAAABqNUUBbKBV... - 2 - txfbe55b878df34685a0a90-006a354545 - 0.0364 - - 1781876037.449308872 1781876037.485661745 0
Jun 19 13:33:57 standalone object-server[129015]: 172.20.0.100 - - [19/Jun/2026:13:33:57 +0000] "GET /d1/479/AUTH_211c322d753947e4b9c2de7ea51ce833/gnocchi.09d40629-9500-4c03-a292-774d3332b931/1780920000.0_mean_300.0_v3" 404 70 "GET http://172.18.0.2:8080/v1/AUTH_211c322d753947e4b9c2de7ea51ce833/gnocchi.09d40629-9500-4c03-a292-774d3332b931/1780920000.0_mean_300.0_v3" "txca57acf3bd2e4dcd80d90-006a354545" "proxy-server 20" 0.0004 "-" 24 0
Jun 19 13:33:57 standalone proxy-server[131064]: 172.18.0.2 172.18.0.100 19/Jun/2026/13/33/57 GET /v1/AUTH_211c322d753947e4b9c2de7ea51ce833/gnocchi.09d40629-9500-4c03-a292-774d3332b931/1780920000.0_mean_300.0_v3 HTTP/1.0 404 - python-swiftclient-3.11.1 gAAAAABqNUUBbKBV... - 70 - txca57acf3bd2e4dcd80d90-006a354545 - 0.0570 - - 1781876037.504534006 1781876037.561518908 0
Jun 19 13:33:57 standalone container-server[128923]: 172.20.0.100 - - [19/Jun/2026:13:33:57 +0000] "PUT /d1/211/AUTH_211c322d753947e4b9c2de7ea51ce833/gnocchi.09d40629-9500-4c03-a292-774d3332b931/1780920000.0_mean_300.0_v3" 201 - "PUT http://172.18.0.2:8080/d1/479/AUTH_211c322d753947e4b9c2de7ea51ce833/gnocchi.09d40629-9500-4c03-a292-774d3332b931/1780920000.0_mean_300.0_v3" "txa05d6a83589d4b20a420b-006a354545" "object-server 22" 0.0005 "-" 22 0
Jun 19 13:33:57 standalone object-server[129006]: 172.20.0.100 - - [19/Jun/2026:13:33:57 +0000] "PUT /d1/479/AUTH_211c322d753947e4b9c2de7ea51ce833/gnocchi.09d40629-9500-4c03-a292-774d3332b931/1780920000.0_mean_300.0_v3" 201 - "PUT http://172.18.0.2:8080/v1/AUTH_211c322d753947e4b9c2de7ea51ce833/gnocchi.09d40629-9500-4c03-a292-774d3332b931/1780920000.0_mean_300.0_v3" "txa05d6a83589d4b20a420b-006a354545" "proxy-server 20" 0.0119 "-" 22 0
