Jun 14 09:41:15 np0000073145 account-server[108903]: diff:0 diff_capped:0 empty:0 hashmatch:0 no_change:2 remote_merge:0 rsync:0 ts_repl:0
Jun 14 09:41:21 np0000073145 object-server[405427]: Begin object audit "forever" mode (ZBF)
Jun 14 09:41:21 np0000073145 object-server[405427]: Object audit (ZBF). Since Sun Jun 14 09:41:21 2026: Locally: 1 passed, 0 quarantined, 0 errors, files/sec: 1148.18, bytes/sec: 0.00, Total time: 0.00, Auditing time: 0.00, Rate: 0.00
Jun 14 09:41:21 np0000073145 object-server[405427]: Object audit (ZBF) "forever" mode completed: 0.00s. Total quarantined: 0, Total errors: 0, Total files/sec: 798.23, Total bytes/sec: 0.00, Auditing time: 0.00, Rate: 0.22
Jun 14 09:41:21 np0000073145 object-server[405428]: Begin object audit "forever" mode (ALL)
Jun 14 09:41:23 np0000073145 object-server[405428]: Object audit (ALL). Since Sun Jun 14 09:41:21 2026: Locally: 1 passed, 0 quarantined, 0 errors, files/sec: 0.46, bytes/sec: 10010479.47, Total time: 2.17, Auditing time: 0.00, Rate: 0.00
Jun 14 09:41:23 np0000073145 object-server[405428]: Object audit (ALL) "forever" mode completed: 2.17s. Total quarantined: 0, Total errors: 0, Total files/sec: 0.92, Total bytes/sec: 9992945.24, Auditing time: 2.17, Rate: 1.00
Jun 14 09:41:32 np0000073145 container-server[109395]: Beginning replication run
Jun 14 09:41:32 np0000073145 container-server[109395]: Replication run OVER
Jun 14 09:41:32 np0000073145 container-server[109395]: Attempted to replicate 1 dbs in 0.01883 seconds (53.09957/s)
Jun 14 09:41:32 np0000073145 container-server[109395]: Removed 0 dbs
Jun 14 09:41:32 np0000073145 container-server[109395]: 2 successes, 0 failures
Jun 14 09:41:32 np0000073145 container-server[109395]: diff:0 diff_capped:0 empty:0 hashmatch:0 no_change:2 remote_merge:0 rsync:0 ts_repl:0
Jun 14 09:41:38 np0000073145 object-server[109985]: Starting object replication pass.
Jun 14 09:41:38 np0000073145 object-server[109985]: 2/2 (100.00%) partitions replicated in 0.02s (107.80/sec, 0s remaining)
Jun 14 09:41:38 np0000073145 object-server[109985]: 4 successes, 0 failures
Jun 14 09:41:38 np0000073145 object-server[109985]: 2 suffixes checked - 0.00% hashed, 0.00% synced
Jun 14 09:41:38 np0000073145 object-server[109985]: Partition times: max 0.0086s, min 0.0069s, med 0.0086s
Jun 14 09:41:38 np0000073145 object-server[109985]: Object replication complete. (0.00 minutes)
Jun 14 09:41:45 np0000073145 account-server[108903]: Beginning replication run
Jun 14 09:41:45 np0000073145 account-server[108903]: Replication run OVER
Jun 14 09:41:45 np0000073145 account-server[108903]: Attempted to replicate 1 dbs in 0.01655 seconds (60.41192/s)
Jun 14 09:41:45 np0000073145 account-server[108903]: Removed 0 dbs
Jun 14 09:41:45 np0000073145 account-server[108903]: 2 successes, 0 failures
Jun 14 09:41:45 np0000073145 account-server[108903]: diff:0 diff_capped:0 empty:0 hashmatch:0 no_change:2 remote_merge:0 rsync:0 ts_repl:0
Jun 14 09:41:51 np0000073145 object-server[405429]: Begin object audit "forever" mode (ZBF)
Jun 14 09:41:51 np0000073145 object-server[405429]: Object audit (ZBF). Since Sun Jun 14 09:41:51 2026: Locally: 1 passed, 0 quarantined, 0 errors, files/sec: 607.69, bytes/sec: 0.00, Total time: 0.00, Auditing time: 0.00, Rate: 0.00
Jun 14 09:41:51 np0000073145 object-server[405429]: Object audit (ZBF) "forever" mode completed: 0.00s. Total quarantined: 0, Total errors: 0, Total files/sec: 407.69, Total bytes/sec: 0.00, Auditing time: 0.00, Rate: 0.23
Jun 14 09:41:54 np0000073145 container-server[109293]: Container audit pass completed: 0.00s
Jun 14 09:41:54 np0000073145 container-server[109293]: Begin container audit pass.
Jun 14 09:41:54 np0000073145 container-server[109293]: Since Sun Jun 14 08:23:32 2026: Container audits: 3 passed audit, 0 failed audit
Jun 14 09:42:02 np0000073145 container-server[109395]: Beginning replication run
Jun 14 09:42:02 np0000073145 container-server[109395]: Replication run OVER
Jun 14 09:42:02 np0000073145 container-server[109395]: Attempted to replicate 1 dbs in 0.02055 seconds (48.67170/s)
Jun 14 09:42:02 np0000073145 container-server[109395]: Removed 0 dbs
Jun 14 09:42:02 np0000073145 container-server[109395]: 2 successes, 0 failures
Jun 14 09:42:02 np0000073145 container-server[109395]: diff:0 diff_capped:0 empty:0 hashmatch:0 no_change:2 remote_merge:0 rsync:0 ts_repl:0
Jun 14 09:42:08 np0000073145 object-server[109985]: Starting object replication pass.
Jun 14 09:42:08 np0000073145 object-server[109985]: 2/2 (100.00%) partitions replicated in 0.03s (69.06/sec, 0s remaining)
Jun 14 09:42:08 np0000073145 object-server[109985]: 4 successes, 0 failures
Jun 14 09:42:08 np0000073145 object-server[109985]: 2 suffixes checked - 0.00% hashed, 0.00% synced
Jun 14 09:42:08 np0000073145 object-server[109985]: Partition times: max 0.0149s, min 0.0095s, med 0.0149s
Jun 14 09:42:08 np0000073145 object-server[109985]: Object replication complete. (0.00 minutes)
Jun 14 09:42:15 np0000073145 account-server[108903]: Beginning replication run
Jun 14 09:42:15 np0000073145 account-server[108903]: Replication run OVER
Jun 14 09:42:15 np0000073145 account-server[108903]: Attempted to replicate 1 dbs in 0.01578 seconds (63.38639/s)
Jun 14 09:42:15 np0000073145 account-server[108903]: Removed 0 dbs
Jun 14 09:42:15 np0000073145 account-server[108903]: 2 successes, 0 failures
Jun 14 09:42:15 np0000073145 account-server[108903]: diff:0 diff_capped:0 empty:0 hashmatch:0 no_change:2 remote_merge:0 rsync:0 ts_repl:0
Jun 14 09:42:20 np0000073145 account-server[109451]: 172.20.0.103 - - [14/Jun/2026:09:42:20 +0000] "HEAD /d1/37/.expiring_objects" 404 - "HEAD http://localhost/v1/.expiring_objects?format=json" "txfc1b837221794cd5a1471-006a2e777c" "proxy-server 2" 0.0006 "-" 20 -
Jun 14 09:42:20 np0000073145 object-expirer[109827]: Pass completed in 0s; 0 objects expired (txn: txfc1b837221794cd5a1471-006a2e777c)
Jun 14 09:42:21 np0000073145 object-server[405957]: Begin object audit "forever" mode (ZBF)
Jun 14 09:42:21 np0000073145 object-server[405958]: Begin object audit "forever" mode (ALL)
Jun 14 09:42:21 np0000073145 object-server[405957]: Object audit (ZBF). Since Sun Jun 14 09:42:21 2026: Locally: 1 passed, 0 quarantined, 0 errors, files/sec: 719.56, bytes/sec: 0.00, Total time: 0.00, Auditing time: 0.00, Rate: 0.00
Jun 14 09:42:21 np0000073145 object-server[405957]: Object audit (ZBF) "forever" mode completed: 0.00s. Total quarantined: 0, Total errors: 0, Total files/sec: 504.85, Total bytes/sec: 0.00, Auditing time: 0.00, Rate: 0.26
Jun 14 09:42:23 np0000073145 object-server[405958]: Object audit (ALL). Since Sun Jun 14 09:42:21 2026: Locally: 1 passed, 0 quarantined, 0 errors, files/sec: 0.46, bytes/sec: 10040424.21, Total time: 2.16, Auditing time: 0.00, Rate: 0.00
Jun 14 09:42:23 np0000073145 object-server[405958]: Object audit (ALL) "forever" mode completed: 2.16s. Total quarantined: 0, Total errors: 0, Total files/sec: 0.92, Total bytes/sec: 10022409.63, Auditing time: 2.16, Rate: 1.00
Jun 14 09:42:32 np0000073145 container-server[109395]: Beginning replication run
Jun 14 09:42:32 np0000073145 container-server[109395]: Replication run OVER
Jun 14 09:42:32 np0000073145 container-server[109395]: Attempted to replicate 1 dbs in 0.01888 seconds (52.96479/s)
Jun 14 09:42:32 np0000073145 container-server[109395]: Removed 0 dbs
Jun 14 09:42:32 np0000073145 container-server[109395]: 2 successes, 0 failures
Jun 14 09:42:32 np0000073145 container-server[109395]: diff:0 diff_capped:0 empty:0 hashmatch:0 no_change:2 remote_merge:0 rsync:0 ts_repl:0
Jun 14 09:42:38 np0000073145 object-server[109985]: Starting object replication pass.
Jun 14 09:42:38 np0000073145 object-server[109985]: 2/2 (100.00%) partitions replicated in 0.02s (100.99/sec, 0s remaining)
Jun 14 09:42:38 np0000073145 object-server[109985]: 4 successes, 0 failures
Jun 14 09:42:38 np0000073145 object-server[109985]: 2 suffixes checked - 0.00% hashed, 0.00% synced
Jun 14 09:42:38 np0000073145 object-server[109985]: Partition times: max 0.0099s, min 0.0071s, med 0.0099s
Jun 14 09:42:38 np0000073145 object-server[109985]: Object replication complete. (0.00 minutes)
Jun 14 09:42:45 np0000073145 account-server[108903]: Beginning replication run
Jun 14 09:42:45 np0000073145 account-server[108903]: Replication run OVER
Jun 14 09:42:45 np0000073145 account-server[108903]: Attempted to replicate 1 dbs in 0.01615 seconds (61.91913/s)
Jun 14 09:42:45 np0000073145 account-server[108903]: Removed 0 dbs
Jun 14 09:42:45 np0000073145 account-server[108903]: 2 successes, 0 failures
Jun 14 09:42:45 np0000073145 account-server[108903]: diff:0 diff_capped:0 empty:0 hashmatch:0 no_change:2 remote_merge:0 rsync:0 ts_repl:0
Jun 14 09:42:51 np0000073145 object-server[405959]: Begin object audit "forever" mode (ZBF)
Jun 14 09:42:51 np0000073145 object-server[405959]: Object audit (ZBF). Since Sun Jun 14 09:42:51 2026: Locally: 1 passed, 0 quarantined, 0 errors, files/sec: 640.25, bytes/sec: 0.00, Total time: 0.00, Auditing time: 0.00, Rate: 0.00
Jun 14 09:42:51 np0000073145 object-server[405959]: Object audit (ZBF) "forever" mode completed: 0.00s. Total quarantined: 0, Total errors: 0, Total files/sec: 425.41, Total bytes/sec: 0.00, Auditing time: 0.00, Rate: 0.22
Jun 14 09:43:02 np0000073145 container-server[109395]: Beginning replication run
Jun 14 09:43:02 np0000073145 container-server[109395]: Replication run OVER
Jun 14 09:43:02 np0000073145 container-server[109395]: Attempted to replicate 1 dbs in 0.02227 seconds (44.90429/s)
Jun 14 09:43:02 np0000073145 container-server[109395]: Removed 0 dbs
Jun 14 09:43:02 np0000073145 container-server[109395]: 2 successes, 0 failures
Jun 14 09:43:02 np0000073145 container-server[109395]: diff:0 diff_capped:0 empty:0 hashmatch:0 no_change:2 remote_merge:0 rsync:0 ts_repl:0
Jun 14 09:43:08 np0000073145 object-server[109985]: Starting object replication pass.
Jun 14 09:43:08 np0000073145 object-server[109985]: 2/2 (100.00%) partitions replicated in 0.03s (76.87/sec, 0s remaining)
Jun 14 09:43:08 np0000073145 object-server[109985]: 4 successes, 0 failures
Jun 14 09:43:08 np0000073145 object-server[109985]: 2 suffixes checked - 0.00% hashed, 0.00% synced
Jun 14 09:43:08 np0000073145 object-server[109985]: Partition times: max 0.0121s, min 0.0095s, med 0.0121s
Jun 14 09:43:08 np0000073145 object-server[109985]: Object replication complete. (0.00 minutes)
Jun 14 09:43:15 np0000073145 account-server[108903]: Beginning replication run
Jun 14 09:43:15 np0000073145 account-server[108903]: Replication run OVER
Jun 14 09:43:15 np0000073145 account-server[108903]: Attempted to replicate 1 dbs in 0.01479 seconds (67.59727/s)
Jun 14 09:43:15 np0000073145 account-server[108903]: Removed 0 dbs
Jun 14 09:43:15 np0000073145 account-server[108903]: 2 successes, 0 failures
Jun 14 09:43:15 np0000073145 account-server[108903]: diff:0 diff_capped:0 empty:0 hashmatch:0 no_change:2 remote_merge:0 rsync:0 ts_repl:0
Jun 14 09:43:21 np0000073145 object-server[406500]: Begin object audit "forever" mode (ZBF)
Jun 14 09:43:21 np0000073145 object-server[406501]: Begin object audit "forever" mode (ALL)
Jun 14 09:43:21 np0000073145 object-server[406500]: Object audit (ZBF). Since Sun Jun 14 09:43:21 2026: Locally: 1 passed, 0 quarantined, 0 errors, files/sec: 699.17, bytes/sec: 0.00, Total time: 0.00, Auditing time: 0.00, Rate: 0.00
Jun 14 09:43:21 np0000073145 object-server[406500]: Object audit (ZBF) "forever" mode completed: 0.01s. Total quarantined: 0, Total errors: 0, Total files/sec: 376.12, Total bytes/sec: 0.00, Auditing time: 0.00, Rate: 0.19
Jun 14 09:43:24 np0000073145 object-server[406501]: Object audit (ALL). Since Sun Jun 14 09:43:21 2026: Locally: 1 passed, 0 quarantined, 0 errors, files/sec: 0.46, bytes/sec: 10010346.20, Total time: 2.17, Auditing time: 0.00, Rate: 0.00
Jun 14 09:43:24 np0000073145 object-server[406501]: Object audit (ALL) "forever" mode completed: 2.17s. Total quarantined: 0, Total errors: 0, Total files/sec: 0.92, Total bytes/sec: 9993893.60, Auditing time: 2.17, Rate: 1.00
Jun 14 09:43:32 np0000073145 container-server[109395]: Beginning replication run
Jun 14 09:43:32 np0000073145 container-server[109395]: Replication run OVER
Jun 14 09:43:32 np0000073145 container-server[109395]: Attempted to replicate 1 dbs in 0.01732 seconds (57.73030/s)
Jun 14 09:43:32 np0000073145 container-server[109395]: Removed 0 dbs
Jun 14 09:43:32 np0000073145 container-server[109395]: 2 successes, 0 failures
Jun 14 09:43:32 np0000073145 container-server[109395]: diff:0 diff_capped:0 empty:0 hashmatch:0 no_change:2 remote_merge:0 rsync:0 ts_repl:0
Jun 14 09:43:33 np0000073145 account-server[109474]: 172.20.0.31 - - [14/Jun/2026:09:43:33 +0000] "HEAD /d1/40/AUTH_969c20065ac341f7813ed542a89eea4f" 204 - "HEAD http://swift-internal.openstack.svc:8080/v1/AUTH_969c20065ac341f7813ed542a89eea4f?format=json" "tx9c97bc00f282428282471-006a2e77c5" "proxy-server 10" 0.0026 "-" 23 -
Jun 14 09:43:33 np0000073145 object-server[110350]: 172.20.0.31 - - [14/Jun/2026:09:43:33 +0000] "GET /d1/899/AUTH_969c20065ac341f7813ed542a89eea4f/glance/c75bca7d-47a3-4d2d-b094-79f3056de92d-00001" 200 21692416 "GET http://swift-internal.openstack.svc:8080/v1/AUTH_969c20065ac341f7813ed542a89eea4f/glance/c75bca7d-47a3-4d2d-b094-79f3056de92d-00001?multipart-manifest=get" "tx9c97bc00f282428282471-006a2e77c5" "proxy-server 10" 0.0016 "-" 24 0
Jun 14 09:43:38 np0000073145 object-server[109985]: Starting object replication pass.
Jun 14 09:43:38 np0000073145 object-server[109985]: 2/2 (100.00%) partitions replicated in 0.03s (63.85/sec, 0s remaining)
Jun 14 09:43:38 np0000073145 object-server[109985]: 4 successes, 0 failures
Jun 14 09:43:38 np0000073145 object-server[109985]: 2 suffixes checked - 0.00% hashed, 0.00% synced
Jun 14 09:43:38 np0000073145 object-server[109985]: Partition times: max 0.0142s, min 0.0127s, med 0.0142s
Jun 14 09:43:38 np0000073145 object-server[109985]: Object replication complete. (0.00 minutes)
Jun 14 09:43:43 np0000073145 container-server[109677]: Begin container update sweep
Jun 14 09:43:43 np0000073145 container-server[109677]: Container update sweep completed: 0.08s
Jun 14 09:43:45 np0000073145 account-server[108903]: Beginning replication run
Jun 14 09:43:45 np0000073145 account-server[108903]: Replication run OVER
Jun 14 09:43:45 np0000073145 account-server[108903]: Attempted to replicate 1 dbs in 0.01573 seconds (63.55447/s)
Jun 14 09:43:45 np0000073145 account-server[108903]: Removed 0 dbs
Jun 14 09:43:45 np0000073145 account-server[108903]: 2 successes, 0 failures
Jun 14 09:43:45 np0000073145 account-server[108903]: diff:0 diff_capped:0 empty:0 hashmatch:0 no_change:2 remote_merge:0 rsync:0 ts_repl:0
Jun 14 09:43:49 np0000073145 account-server[109451]: 172.20.0.104 - - [14/Jun/2026:09:43:49 +0000] "HEAD /d1/37/.expiring_objects" 404 - "HEAD http://localhost/v1/.expiring_objects?format=json" "txfbee706b99d140288ce72-006a2e77d5" "proxy-server 2" 0.0004 "-" 20 -
Jun 14 09:43:52 np0000073145 object-server[406503]: Begin object audit "forever" mode (ZBF)
Jun 14 09:43:52 np0000073145 object-server[406503]: Object audit (ZBF). Since Sun Jun 14 09:43:52 2026: Locally: 1 passed, 0 quarantined, 0 errors, files/sec: 671.41, bytes/sec: 0.00, Total time: 0.00, Auditing time: 0.00, Rate: 0.00
Jun 14 09:43:52 np0000073145 object-server[406503]: Object audit (ZBF) "forever" mode completed: 0.00s. Total quarantined: 0, Total errors: 0, Total files/sec: 474.17, Total bytes/sec: 0.00, Auditing time: 0.00, Rate: 0.25
Jun 14 09:44:02 np0000073145 container-server[109395]: Beginning replication run
Jun 14 09:44:02 np0000073145 container-server[109395]: Replication run OVER
Jun 14 09:44:02 np0000073145 container-server[109395]: Attempted to replicate 1 dbs in 0.02102 seconds (47.56395/s)
Jun 14 09:44:02 np0000073145 container-server[109395]: Removed 0 dbs
Jun 14 09:44:02 np0000073145 container-server[109395]: 2 successes, 0 failures
Jun 14 09:44:02 np0000073145 container-server[109395]: diff:0 diff_capped:0 empty:0 hashmatch:0 no_change:2 remote_merge:0 rsync:0 ts_repl:0
Jun 14 09:44:08 np0000073145 object-server[109985]: Starting object replication pass.
Jun 14 09:44:08 np0000073145 object-server[109985]: 2/2 (100.00%) partitions replicated in 0.02s (94.18/sec, 0s remaining)
Jun 14 09:44:08 np0000073145 object-server[109985]: 4 successes, 0 failures
Jun 14 09:44:08 np0000073145 object-server[109985]: 2 suffixes checked - 0.00% hashed, 0.00% synced
Jun 14 09:44:08 np0000073145 object-server[109985]: Partition times: max 0.0094s, min 0.0076s, med 0.0094s
Jun 14 09:44:08 np0000073145 object-server[109985]: Object replication complete. (0.00 minutes)
Jun 14 09:44:14 np0000073145 account-server[109460]: 172.20.0.104 - - [14/Jun/2026:09:44:14 +0000] "HEAD /d1/37/.expiring_objects" 404 - "HEAD http://localhost/v1/.expiring_objects?format=json" "txada8d2688c394fbba28b5-006a2e77ee" "proxy-server 2" 0.0007 "-" 21 -
Jun 14 09:44:15 np0000073145 account-server[108903]: Beginning replication run
Jun 14 09:44:15 np0000073145 account-server[108903]: Replication run OVER
Jun 14 09:44:15 np0000073145 account-server[108903]: Attempted to replicate 1 dbs in 0.01581 seconds (63.26497/s)
Jun 14 09:44:15 np0000073145 account-server[108903]: Removed 0 dbs
Jun 14 09:44:15 np0000073145 account-server[108903]: 2 successes, 0 failures
Jun 14 09:44:15 np0000073145 account-server[108903]: diff:0 diff_capped:0 empty:0 hashmatch:0 no_change:2 remote_merge:0 rsync:0 ts_repl:0
Jun 14 09:44:22 np0000073145 object-server[407050]: Begin object audit "forever" mode (ZBF)
Jun 14 09:44:22 np0000073145 object-server[407050]: Object audit (ZBF). Since Sun Jun 14 09:44:22 2026: Locally: 1 passed, 0 quarantined, 0 errors, files/sec: 1130.84, bytes/sec: 0.00, Total time: 0.00, Auditing time: 0.00, Rate: 0.00
Jun 14 09:44:22 np0000073145 object-server[407050]: Object audit (ZBF) "forever" mode completed: 0.00s. Total quarantined: 0, Total errors: 0, Total files/sec: 704.69, Total bytes/sec: 0.00, Auditing time: 0.00, Rate: 0.20
Jun 14 09:44:22 np0000073145 object-server[407051]: Begin object audit "forever" mode (ALL)
Jun 14 09:44:24 np0000073145 object-server[407051]: Object audit (ALL). Since Sun Jun 14 09:44:22 2026: Locally: 1 passed, 0 quarantined, 0 errors, files/sec: 0.46, bytes/sec: 10036249.93, Total time: 2.16, Auditing time: 0.00, Rate: 0.00
Jun 14 09:44:24 np0000073145 object-server[407051]: Object audit (ALL) "forever" mode completed: 2.16s. Total quarantined: 0, Total errors: 0, Total files/sec: 0.92, Total bytes/sec: 10025494.10, Auditing time: 2.16, Rate: 1.00
Jun 14 09:44:24 np0000073145 account-server[109460]: 172.20.0.31 - - [14/Jun/2026:09:44:24 +0000] "HEAD /d1/771/AUTH_045cc53e8bce4eb0be5f4029c6f7b096" 404 - "HEAD http://swift-internal.openstack.svc:8080/v1/AUTH_045cc53e8bce4eb0be5f4029c6f7b096?format=json" "tx4d4edb59e41c4bf3bc9c8-006a2e77f8" "proxy-server 14" 0.0007 "-" 21 -
Jun 14 09:44:24 np0000073145 account-server[109451]: 172.20.0.31 - - [14/Jun/2026:09:44:24 +0000] "GET /d1/771/AUTH_045cc53e8bce4eb0be5f4029c6f7b096" 404 - "GET http://swift-internal.openstack.svc:8080/v1/AUTH_045cc53e8bce4eb0be5f4029c6f7b096?format=json" "tx4d4edb59e41c4bf3bc9c8-006a2e77f8" "proxy-server 14" 0.0014 "-" 20 -
Jun 14 09:44:24 np0000073145 account-server[109460]: 172.20.0.31 - - [14/Jun/2026:09:44:24 +0000] "GET /d1/40/AUTH_969c20065ac341f7813ed542a89eea4f" 200 98 "GET http://swift-internal.openstack.svc:8080/v1/AUTH_969c20065ac341f7813ed542a89eea4f?format=json" "tx247dd9e97b9349179a180-006a2e77f8" "proxy-server 14" 0.0025 "-" 21 -
Jun 14 09:44:24 np0000073145 account-server[109474]: 172.20.0.31 - - [14/Jun/2026:09:44:24 +0000] "HEAD /d1/771/AUTH_045cc53e8bce4eb0be5f4029c6f7b096" 404 - "HEAD http://swift-internal.openstack.svc:8080/v1/AUTH_045cc53e8bce4eb0be5f4029c6f7b096?format=json" "tx150cf3ec3e7b40338d533-006a2e77f8" "proxy-server 14" 0.0012 "-" 23 -
Jun 14 09:44:32 np0000073145 container-server[109395]: Beginning replication run
Jun 14 09:44:32 np0000073145 container-server[109395]: Replication run OVER
Jun 14 09:44:32 np0000073145 container-server[109395]: Attempted to replicate 1 dbs in 0.02206 seconds (45.33872/s)
Jun 14 09:44:32 np0000073145 container-server[109395]: Removed 0 dbs
Jun 14 09:44:32 np0000073145 container-server[109395]: 2 successes, 0 failures
Jun 14 09:44:32 np0000073145 container-server[109395]: diff:0 diff_capped:0 empty:0 hashmatch:0 no_change:2 remote_merge:0 rsync:0 ts_repl:0
Jun 14 09:44:38 np0000073145 object-server[109985]: Starting object replication pass.
Jun 14 09:44:38 np0000073145 object-server[109985]: 2/2 (100.00%) partitions replicated in 0.02s (91.70/sec, 0s remaining)
Jun 14 09:44:38 np0000073145 object-server[109985]: 4 successes, 0 failures
Jun 14 09:44:38 np0000073145 object-server[109985]: 2 suffixes checked - 0.00% hashed, 0.00% synced
Jun 14 09:44:38 np0000073145 object-server[109985]: Partition times: max 0.0101s, min 0.0076s, med 0.0101s
Jun 14 09:44:38 np0000073145 object-server[109985]: Object replication complete. (0.00 minutes)
Jun 14 09:44:45 np0000073145 account-server[108903]: Beginning replication run
Jun 14 09:44:45 np0000073145 account-server[108903]: Replication run OVER
Jun 14 09:44:45 np0000073145 account-server[108903]: Attempted to replicate 1 dbs in 0.01953 seconds (51.20724/s)
Jun 14 09:44:45 np0000073145 account-server[108903]: Removed 0 dbs
Jun 14 09:44:45 np0000073145 account-server[108903]: 2 successes, 0 failures
Jun 14 09:44:45 np0000073145 account-server[108903]: diff:0 diff_capped:0 empty:0 hashmatch:0 no_change:2 remote_merge:0 rsync:0 ts_repl:0
Jun 14 09:44:50 np0000073145 account-server[109467]: 172.20.0.103 - - [14/Jun/2026:09:44:50 +0000] "HEAD /d1/37/.expiring_objects" 404 - "HEAD http://localhost/v1/.expiring_objects?format=json" "txbcfbf1e9e1ed4585bce17-006a2e7812" "proxy-server 2" 0.0005 "-" 22 -
Jun 14 09:44:50 np0000073145 object-expirer[109827]: Pass completed in 0s; 0 objects expired (txn: txbcfbf1e9e1ed4585bce17-006a2e7812)
Jun 14 09:44:52 np0000073145 object-server[407052]: Begin object audit "forever" mode (ZBF)
Jun 14 09:44:52 np0000073145 object-server[407052]: Object audit (ZBF). Since Sun Jun 14 09:44:52 2026: Locally: 1 passed, 0 quarantined, 0 errors, files/sec: 657.72, bytes/sec: 0.00, Total time: 0.00, Auditing time: 0.00, Rate: 0.00
Jun 14 09:44:52 np0000073145 object-server[407052]: Object audit (ZBF) "forever" mode completed: 0.00s. Total quarantined: 0, Total errors: 0, Total files/sec: 435.14, Total bytes/sec: 0.00, Auditing time: 0.00, Rate: 0.23
Jun 14 09:45:02 np0000073145 container-server[109395]: Beginning replication run
Jun 14 09:45:02 np0000073145 container-server[109395]: Replication run OVER
Jun 14 09:45:02 np0000073145 container-server[109395]: Attempted to replicate 1 dbs in 0.01825 seconds (54.80643/s)
Jun 14 09:45:02 np0000073145 container-server[109395]: Removed 0 dbs
Jun 14 09:45:02 np0000073145 container-server[109395]: 2 successes, 0 failures
Jun 14 09:45:02 np0000073145 container-server[109395]: diff:0 diff_capped:0 empty:0 hashmatch:0 no_change:2 remote_merge:0 rsync:0 ts_repl:0
Jun 14 09:45:08 np0000073145 object-server[109985]: Starting object replication pass.
Jun 14 09:45:08 np0000073145 object-server[109985]: 2/2 (100.00%) partitions replicated in 0.02s (91.32/sec, 0s remaining)
Jun 14 09:45:08 np0000073145 object-server[109985]: 4 successes, 0 failures
Jun 14 09:45:08 np0000073145 object-server[109985]: 2 suffixes checked - 0.00% hashed, 0.00% synced
Jun 14 09:45:08 np0000073145 object-server[109985]: Partition times: max 0.0094s, min 0.0082s, med 0.0094s
Jun 14 09:45:08 np0000073145 object-server[109985]: Object replication complete. (0.00 minutes)
Jun 14 09:45:10 np0000073145 account-server[109460]: 172.20.0.105 - - [14/Jun/2026:09:45:10 +0000] "HEAD /d1/37/.expiring_objects" 404 - "HEAD http://localhost/v1/.expiring_objects?format=json" "tx6812015d01b341c6841e4-006a2e7825" "proxy-server 2" 0.0006 "-" 21 -
Jun 14 09:45:15 np0000073145 account-server[108903]: Beginning replication run
Jun 14 09:45:15 np0000073145 account-server[108903]: Replication run OVER
Jun 14 09:45:15 np0000073145 account-server[108903]: Attempted to replicate 1 dbs in 0.01496 seconds (66.84957/s)
Jun 14 09:45:15 np0000073145 account-server[108903]: Removed 0 dbs
Jun 14 09:45:15 np0000073145 account-server[108903]: 2 successes, 0 failures
Jun 14 09:45:15 np0000073145 account-server[108903]: diff:0 diff_capped:0 empty:0 hashmatch:0 no_change:2 remote_merge:0 rsync:0 ts_repl:0
Jun 14 09:45:17 np0000073145 account-server[109451]: 172.20.0.103 - - [14/Jun/2026:09:45:17 +0000] "HEAD /d1/37/.expiring_objects" 404 - "HEAD http://localhost/v1/.expiring_objects?format=json" "tx1ec7eced6c5a43ea94cfe-006a2e782d" "proxy-server 2" 0.0008 "-" 20 -
Jun 14 09:45:17 np0000073145 object-expirer[109827]: Pass completed in 0s; 0 objects expired (txn: tx1ec7eced6c5a43ea94cfe-006a2e782d)
Jun 14 09:45:22 np0000073145 object-server[407635]: Begin object audit "forever" mode (ZBF)
Jun 14 09:45:22 np0000073145 object-server[407636]: Begin object audit "forever" mode (ALL)
Jun 14 09:45:22 np0000073145 object-server[407635]: Object audit (ZBF). Since Sun Jun 14 09:45:22 2026: Locally: 1 passed, 0 quarantined, 0 errors, files/sec: 635.02, bytes/sec: 0.00, Total time: 0.00, Auditing time: 0.00, Rate: 0.00
Jun 14 09:45:22 np0000073145 object-server[407635]: Object audit (ZBF) "forever" mode completed: 0.01s. Total quarantined: 0, Total errors: 0, Total files/sec: 239.79, Total bytes/sec: 0.00, Auditing time: 0.00, Rate: 0.14
Jun 14 09:45:24 np0000073145 object-server[407636]: Object audit (ALL). Since Sun Jun 14 09:45:22 2026: Locally: 1 passed, 0 quarantined, 0 errors, files/sec: 0.46, bytes/sec: 10034339.49, Total time: 2.16, Auditing time: 0.00, Rate: 0.00
Jun 14 09:45:24 np0000073145 object-server[407636]: Object audit (ALL) "forever" mode completed: 2.16s. Total quarantined: 0, Total errors: 0, Total files/sec: 0.92, Total bytes/sec: 10022634.85, Auditing time: 2.16, Rate: 1.00
Jun 14 09:45:32 np0000073145 account-server[109460]: 172.20.0.105 - - [14/Jun/2026:09:45:32 +0000] "PUT /d1/40/AUTH_969c20065ac341f7813ed542a89eea4f/dispersion_0_6" 201 - "PUT http://172.20.0.105:6001/d1/449/AUTH_969c20065ac341f7813ed542a89eea4f/dispersion_0_6" "tx3052fd5fee264823a2c23-006a2e783c" "container-server 14" 0.0025 "-" 21 0
Jun 14 09:45:32 np0000073145 container-server[109395]: Beginning replication run
Jun 14 09:45:32 np0000073145 container-server[109983]: 172.20.0.31 - - [14/Jun/2026:09:45:32 +0000] "PUT /d1/45/AUTH_969c20065ac341f7813ed542a89eea4f/dispersion_0_11" 201 - "PUT http://swift-public-openstack.apps-crc.testing/v1/AUTH_969c20065ac341f7813ed542a89eea4f/dispersion_0_11?format=json" "tx16d72fd07d594e708b3de-006a2e783c" "proxy-server 10" 0.0274 "-" 20 0
Jun 14 09:45:32 np0000073145 account-server[109460]: 172.20.0.103 - - [14/Jun/2026:09:45:32 +0000] "PUT /d1/40/AUTH_969c20065ac341f7813ed542a89eea4f/dispersion_0_0" 201 - "PUT http://172.20.0.103:6001/d1/996/AUTH_969c20065ac341f7813ed542a89eea4f/dispersion_0_0" "tx5e66c68248e3407b9ec09-006a2e783c" "container-server 22" 0.0120 "-" 21 0
Jun 14 09:45:32 np0000073145 container-server[110004]: 172.20.0.31 - - [14/Jun/2026:09:45:32 +0000] "PUT /d1/996/AUTH_969c20065ac341f7813ed542a89eea4f/dispersion_0_0" 201 - "PUT http://swift-public-openstack.apps-crc.testing/v1/AUTH_969c20065ac341f7813ed542a89eea4f/dispersion_0_0?format=json" "tx5e66c68248e3407b9ec09-006a2e783c" "proxy-server 5" 0.0340 "-" 22 0
Jun 14 09:45:32 np0000073145 container-server[110025]: 172.20.0.31 - - [14/Jun/2026:09:45:32 +0000] "PUT /d1/449/AUTH_969c20065ac341f7813ed542a89eea4f/dispersion_0_6" 201 - "PUT http://swift-public-openstack.apps-crc.testing/v1/AUTH_969c20065ac341f7813ed542a89eea4f/dispersion_0_6?format=json" "tx3052fd5fee264823a2c23-006a2e783c" "proxy-server 10" 0.0400 "-" 23 0
Jun 14 09:45:32 np0000073145 account-server[109451]: 172.20.0.104 - - [14/Jun/2026:09:45:32 +0000] "PUT /d1/40/AUTH_969c20065ac341f7813ed542a89eea4f/dispersion_0_11" 201 - "PUT http://172.20.0.104:6001/d1/45/AUTH_969c20065ac341f7813ed542a89eea4f/dispersion_0_11" "tx16d72fd07d594e708b3de-006a2e783c" "container-server 21" 0.0165 "-" 20 0
Jun 14 09:45:32 np0000073145 account-server[109474]: 172.20.0.103 - - [14/Jun/2026:09:45:32 +0000] "PUT /d1/40/AUTH_969c20065ac341f7813ed542a89eea4f/dispersion_0_2" 201 - "PUT http://172.20.0.103:6001/d1/459/AUTH_969c20065ac341f7813ed542a89eea4f/dispersion_0_2" "tx7012591edcd847f19d82e-006a2e783c" "container-server 23" 0.0170 "-" 23 0
Jun 14 09:45:32 np0000073145 container-server[110025]: 172.20.0.31 - - [14/Jun/2026:09:45:32 +0000] "PUT /d1/459/AUTH_969c20065ac341f7813ed542a89eea4f/dispersion_0_2" 201 - "PUT http://swift-public-openstack.apps-crc.testing/v1/AUTH_969c20065ac341f7813ed542a89eea4f/dispersion_0_2?format=json" "tx7012591edcd847f19d82e-006a2e783c" "proxy-server 15" 0.0372 "-" 23 0
Jun 14 09:45:32 np0000073145 account-server[109467]: 172.20.0.103 - - [14/Jun/2026:09:45:32 +0000] "PUT /d1/40/AUTH_969c20065ac341f7813ed542a89eea4f/dispersion_0_14" 201 - "PUT http://172.20.0.103:6001/d1/974/AUTH_969c20065ac341f7813ed542a89eea4f/dispersion_0_14" "txba7e8603b3ea4f62ac9af-006a2e783c" "container-server 23" 0.0062 "-" 22 0
Jun 14 09:45:32 np0000073145 container-server[110025]: 172.20.0.31 - - [14/Jun/2026:09:45:32 +0000] "PUT /d1/974/AUTH_969c20065ac341f7813ed542a89eea4f/dispersion_0_14" 201 - "PUT http://swift-public-openstack.apps-crc.testing/v1/AUTH_969c20065ac341f7813ed542a89eea4f/dispersion_0_14?format=json" "txba7e8603b3ea4f62ac9af-006a2e783c" "proxy-server 5" 0.0218 "-" 23 0
Jun 14 09:45:32 np0000073145 account-server[109451]: 172.20.0.103 - - [14/Jun/2026:09:45:32 +0000] "PUT /d1/40/AUTH_969c20065ac341f7813ed542a89eea4f/dispersion_0_15" 201 - "PUT http://172.20.0.103:6001/d1/952/AUTH_969c20065ac341f7813ed542a89eea4f/dispersion_0_15" "txcc18ae541c484ab895307-006a2e783c" "container-server 23" 0.0113 "-" 20 0
Jun 14 09:45:32 np0000073145 container-server[110025]: 172.20.0.31 - - [14/Jun/2026:09:45:32 +0000] "PUT /d1/952/AUTH_969c20065ac341f7813ed542a89eea4f/dispersion_0_15" 201 - "PUT http://swift-public-openstack.apps-crc.testing/v1/AUTH_969c20065ac341f7813ed542a89eea4f/dispersion_0_15?format=json" "txcc18ae541c484ab895307-006a2e783c" "proxy-server 10" 0.0290 "-" 23 0
Jun 14 09:45:33 np0000073145 account-server[109474]: 172.20.0.103 - - [14/Jun/2026:09:45:33 +0000] "PUT /d1/40/AUTH_969c20065ac341f7813ed542a89eea4f/dispersion_0_4" 201 - "PUT http://172.20.0.103:6001/d1/241/AUTH_969c20065ac341f7813ed542a89eea4f/dispersion_0_4" "txc9aa3c8f494443999b07a-006a2e783c" "container-server 23" 0.0064 "-" 23 0
Jun 14 09:45:33 np0000073145 container-server[110025]: 172.20.0.31 - - [14/Jun/2026:09:45:33 +0000] "PUT /d1/241/AUTH_969c20065ac341f7813ed542a89eea4f/dispersion_0_4" 201 - "PUT http://swift-public-openstack.apps-crc.testing/v1/AUTH_969c20065ac341f7813ed542a89eea4f/dispersion_0_4?format=json" "txc9aa3c8f494443999b07a-006a2e783c" "proxy-server 11" 0.0234 "-" 23 0
Jun 14 09:45:33 np0000073145 container-server[109395]: Replication run OVER
Jun 14 09:45:33 np0000073145 container-server[109395]: Attempted to replicate 4 dbs in 0.10992 seconds (36.39117/s)
Jun 14 09:45:33 np0000073145 container-server[109395]: Removed 0 dbs
Jun 14 09:45:33 np0000073145 container-server[109395]: 8 successes, 0 failures
Jun 14 09:45:33 np0000073145 container-server[109395]: diff:0 diff_capped:0 empty:0 hashmatch:0 no_change:8 remote_merge:0 rsync:0 ts_repl:0
Jun 14 09:45:33 np0000073145 account-server[109460]: 172.20.0.105 - - [14/Jun/2026:09:45:33 +0000] "PUT /d1/40/AUTH_969c20065ac341f7813ed542a89eea4f/dispersion_0_5" 201 - "PUT http://172.20.0.105:6001/d1/382/AUTH_969c20065ac341f7813ed542a89eea4f/dispersion_0_5" "txa03f3cde0c5746adba595-006a2e783c" "container-server 15" 0.0059 "-" 21 0
Jun 14 09:45:33 np0000073145 account-server[109451]: 172.20.0.103 - - [14/Jun/2026:09:45:33 +0000] "PUT /d1/40/AUTH_969c20065ac341f7813ed542a89eea4f/dispersion_0_7" 201 - "PUT http://172.20.0.103:6001/d1/774/AUTH_969c20065ac341f7813ed542a89eea4f/dispersion_0_7" "tx17cfc10cea334449a22a4-006a2e783c" "container-server 21" 0.0061 "-" 20 0
Jun 14 09:45:33 np0000073145 account-server[109474]: 172.20.0.103 - - [14/Jun/2026:09:45:33 +0000] "PUT /d1/40/AUTH_969c20065ac341f7813ed542a89eea4f/dispersion_0_17" 201 - "PUT http://172.20.0.103:6001/d1/666/AUTH_969c20065ac341f7813ed542a89eea4f/dispersion_0_17" "txbadee3771bdf4b658bda0-006a2e783d" "container-server 20" 0.0117 "-" 23 0
Jun 14 09:45:33 np0000073145 container-server[109991]: 172.20.0.31 - - [14/Jun/2026:09:45:33 +0000] "PUT /d1/774/AUTH_969c20065ac341f7813ed542a89eea4f/dispersion_0_7" 201 - "PUT http://swift-public-openstack.apps-crc.testing/v1/AUTH_969c20065ac341f7813ed542a89eea4f/dispersion_0_7?format=json" "tx17cfc10cea334449a22a4-006a2e783c" "proxy-server 13" 0.0392 "-" 21 0
Jun 14 09:45:33 np0000073145 account-server[109451]: 172.20.0.105 - - [14/Jun/2026:09:45:33 +0000] "PUT /d1/40/AUTH_969c20065ac341f7813ed542a89eea4f/dispersion_0_10" 201 - "PUT http://172.20.0.105:6001/d1/204/AUTH_969c20065ac341f7813ed542a89eea4f/dispersion_0_10" "tx2dc81f60ec244b69bd976-006a2e783c" "container-server 17" 0.0169 "-" 20 0
Jun 14 09:45:33 np0000073145 container-server[109983]: 172.20.0.31 - - [14/Jun/2026:09:45:33 +0000] "PUT /d1/666/AUTH_969c20065ac341f7813ed542a89eea4f/dispersion_0_17" 201 - "PUT http://swift-public-openstack.apps-crc.testing/v1/AUTH_969c20065ac341f7813ed542a89eea4f/dispersion_0_17?format=json" "txbadee3771bdf4b658bda0-006a2e783d" "proxy-server 15" 0.0345 "-" 20 0
Jun 14 09:45:33 np0000073145 account-server[109460]: 172.20.0.103 - - [14/Jun/2026:09:45:33 +0000] "PUT /d1/40/AUTH_969c20065ac341f7813ed542a89eea4f/dispersion_0_16" 201 - "PUT http://172.20.0.103:6001/d1/99/AUTH_969c20065ac341f7813ed542a89eea4f/dispersion_0_16" "tx90a5472ee5714e1e9fa8f-006a2e783c" "container-server 22" 0.0370 "-" 21 0
Jun 14 09:45:33 np0000073145 account-server[109467]: 172.20.0.103 - - [14/Jun/2026:09:45:33 +0000] "PUT /d1/40/AUTH_969c20065ac341f7813ed542a89eea4f/dispersion_0_1" 201 - "PUT http://172.20.0.103:6001/d1/168/AUTH_969c20065ac341f7813ed542a89eea4f/dispersion_0_1" "txac56b512b2324de497331-006a2e783c" "container-server 22" 0.0480 "-" 22 0
Jun 14 09:45:33 np0000073145 container-server[109991]: 172.20.0.31 - - [14/Jun/2026:09:45:33 +0000] "PUT /d1/204/AUTH_969c20065ac341f7813ed542a89eea4f/dispersion_0_10" 201 - "PUT http://swift-public-openstack.apps-crc.testing/v1/AUTH_969c20065ac341f7813ed542a89eea4f/dispersion_0_10?format=json" "tx2dc81f60ec244b69bd976-006a2e783c" "proxy-server 5" 0.0543 "-" 21 0
Jun 14 09:45:33 np0000073145 account-server[109467]: 172.20.0.103 - - [14/Jun/2026:09:45:33 +0000] "PUT /d1/40/AUTH_969c20065ac341f7813ed542a89eea4f/dispersion_0_19" 201 - "PUT http://172.20.0.103:6001/d1/726/AUTH_969c20065ac341f7813ed542a89eea4f/dispersion_0_19" "tx2a708d0c654c45329d4b9-006a2e783d" "container-server 21" 0.0208 "-" 22 0
Jun 14 09:45:33 np0000073145 container-server[109991]: 172.20.0.31 - - [14/Jun/2026:09:45:33 +0000] "PUT /d1/726/AUTH_969c20065ac341f7813ed542a89eea4f/dispersion_0_19" 201 - "PUT http://swift-public-openstack.apps-crc.testing/v1/AUTH_969c20065ac341f7813ed542a89eea4f/dispersion_0_19?format=json" "tx2a708d0c654c45329d4b9-006a2e783d" "proxy-server 10" 0.0360 "-" 21 0
Jun 14 09:45:33 np0000073145 container-server[109991]: 172.20.0.31 - - [14/Jun/2026:09:45:33 +0000] "PUT /d1/778/AUTH_969c20065ac341f7813ed542a89eea4f/dispersion_0_12" 201 - "PUT http://swift-public-openstack.apps-crc.testing/v1/AUTH_969c20065ac341f7813ed542a89eea4f/dispersion_0_12?format=json" "txa77b8053b809496da0ac9-006a2e783c" "proxy-server 14" 0.0235 "-" 21 0
Jun 14 09:45:33 np0000073145 account-server[109460]: 172.20.0.105 - - [14/Jun/2026:09:45:33 +0000] "PUT /d1/40/AUTH_969c20065ac341f7813ed542a89eea4f/dispersion_0_12" 201 - "PUT http://172.20.0.105:6001/d1/778/AUTH_969c20065ac341f7813ed542a89eea4f/dispersion_0_12" "txa77b8053b809496da0ac9-006a2e783c" "container-server 15" 0.0166 "-" 21 0
Jun 14 09:45:33 np0000073145 container-server[110004]: 172.20.0.31 - - [14/Jun/2026:09:45:33 +0000] "PUT /d1/99/AUTH_969c20065ac341f7813ed542a89eea4f/dispersion_0_16" 201 - "PUT http://swift-public-openstack.apps-crc.testing/v1/AUTH_969c20065ac341f7813ed542a89eea4f/dispersion_0_16?format=json" "tx90a5472ee5714e1e9fa8f-006a2e783c" "proxy-server 5" 0.0781 "-" 22 0
Jun 14 09:45:33 np0000073145 container-server[110004]: 172.20.0.31 - - [14/Jun/2026:09:45:33 +0000] "PUT /d1/168/AUTH_969c20065ac341f7813ed542a89eea4f/dispersion_0_1" 201 - "PUT http://swift-public-openstack.apps-crc.testing/v1/AUTH_969c20065ac341f7813ed542a89eea4f/dispersion_0_1?format=json" "txac56b512b2324de497331-006a2e783c" "proxy-server 9" 0.0959 "-" 22 0
Jun 14 09:45:33 np0000073145 account-server[109451]: 172.20.0.103 - - [14/Jun/2026:09:45:33 +0000] "PUT /d1/40/AUTH_969c20065ac341f7813ed542a89eea4f/dispersion_0_9" 201 - "PUT http://172.20.0.103:6001/d1/51/AUTH_969c20065ac341f7813ed542a89eea4f/dispersion_0_9" "txaaceb55e76fb4e309e2e0-006a2e783c" "container-server 22" 0.0084 "-" 20 0
Jun 14 09:45:33 np0000073145 container-server[109983]: 172.20.0.31 - - [14/Jun/2026:09:45:33 +0000] "PUT /d1/607/AUTH_969c20065ac341f7813ed542a89eea4f/dispersion_0_20" 201 - "PUT http://swift-public-openstack.apps-crc.testing/v1/AUTH_969c20065ac341f7813ed542a89eea4f/dispersion_0_20?format=json" "tx26aeb953cb734e618853d-006a2e783d" "proxy-server 9" 0.0688 "-" 20 0
Jun 14 09:45:33 np0000073145 account-server[109467]: 172.20.0.105 - - [14/Jun/2026:09:45:33 +0000] "PUT /d1/40/AUTH_969c20065ac341f7813ed542a89eea4f/dispersion_0_20" 201 - "PUT http://172.20.0.105:6001/d1/607/AUTH_969c20065ac341f7813ed542a89eea4f/dispersion_0_20" "tx26aeb953cb734e618853d-006a2e783d" "container-server 16" 0.0091 "-" 22 0
Jun 14 09:45:33 np0000073145 container-server[110004]: 172.20.0.31 - - [14/Jun/2026:09:45:33 +0000] "PUT /d1/51/AUTH_969c20065ac341f7813ed542a89eea4f/dispersion_0_9" 201 - "PUT http://swift-public-openstack.apps-crc.testing/v1/AUTH_969c20065ac341f7813ed542a89eea4f/dispersion_0_9?format=json" "txaaceb55e76fb4e309e2e0-006a2e783c" "proxy-server 8" 0.0321 "-" 22 0
Jun 14 09:45:33 np0000073145 container-server[110004]: 172.20.0.31 - - [14/Jun/2026:09:45:33 +0000] "PUT /d1/382/AUTH_969c20065ac341f7813ed542a89eea4f/dispersion_0_5" 201 - "PUT http://swift-public-openstack.apps-crc.testing/v1/AUTH_969c20065ac341f7813ed542a89eea4f/dispersion_0_5?format=json" "txa03f3cde0c5746adba595-006a2e783c" "proxy-server 12" 0.1365 "-" 22 0
Jun 14 09:45:33 np0000073145 container-server[110004]: 172.20.0.31 - - [14/Jun/2026:09:45:33 +0000] "PUT /d1/181/AUTH_969c20065ac341f7813ed542a89eea4f/dispersion_0_8" 201 - "PUT http://swift-public-openstack.apps-crc.testing/v1/AUTH_969c20065ac341f7813ed542a89eea4f/dispersion_0_8?format=json" "tx6cff3b512e5b421bb2f5d-006a2e783c" "proxy-server 14" 0.0511 "-" 22 0
Jun 14 09:45:33 np0000073145 container-server[110025]: 172.20.0.31 - - [14/Jun/2026:09:45:33 +0000] "PUT /d1/146/AUTH_969c20065ac341f7813ed542a89eea4f/dispersion_0_22" 201 - "PUT http://swift-public-openstack.apps-crc.testing/v1/AUTH_969c20065ac341f7813ed542a89eea4f/dispersion_0_22?format=json" "txfa52170e158c465cbd614-006a2e783d" "proxy-server 10" 0.0564 "-" 23 0
Jun 14 09:45:33 np0000073145 account-server[109451]: 172.20.0.103 - - [14/Jun/2026:09:45:33 +0000] "PUT /d1/40/AUTH_969c20065ac341f7813ed542a89eea4f/dispersion_0_18" 201 - "PUT http://172.20.0.103:6001/d1/388/AUTH_969c20065ac341f7813ed542a89eea4f/dispersion_0_18" "tx0764510b2cd044d3ab4d6-006a2e783d" "container-server 22" 0.0584 "-" 20 0
Jun 14 09:45:33 np0000073145 container-server[110004]: 172.20.0.31 - - [14/Jun/2026:09:45:33 +0000] "PUT /d1/388/AUTH_969c20065ac341f7813ed542a89eea4f/dispersion_0_18" 201 - "PUT http://swift-public-openstack.apps-crc.testing/v1/AUTH_969c20065ac341f7813ed542a89eea4f/dispersion_0_18?format=json" "tx0764510b2cd044d3ab4d6-006a2e783d" "proxy-server 9" 0.0831 "-" 22 0
Jun 14 09:45:33 np0000073145 account-server[109460]: 172.20.0.105 - - [14/Jun/2026:09:45:33 +0000] "PUT /d1/40/AUTH_969c20065ac341f7813ed542a89eea4f/dispersion_0_25" 201 - "PUT http://172.20.0.105:6001/d1/227/AUTH_969c20065ac341f7813ed542a89eea4f/dispersion_0_25" "tx05d5da4e96cb4fb2b0a01-006a2e783d" "container-server 17" 0.0173 "-" 21 0
Jun 14 09:45:33 np0000073145 container-server[109991]: 172.20.0.31 - - [14/Jun/2026:09:45:33 +0000] "PUT /d1/475/AUTH_969c20065ac341f7813ed542a89eea4f/dispersion_0_26" 201 - "PUT http://swift-public-openstack.apps-crc.testing/v1/AUTH_969c20065ac341f7813ed542a89eea4f/dispersion_0_26?format=json" "tx00a6e009f65c48f08a8de-006a2e783d" "proxy-server 5" 0.0228 "-" 21 0
Jun 14 09:45:33 np0000073145 account-server[109474]: 172.20.0.105 - - [14/Jun/2026:09:45:33 +0000] "PUT /d1/40/AUTH_969c20065ac341f7813ed542a89eea4f/dispersion_0_13" 201 - "PUT http://172.20.0.105:6001/d1/660/AUTH_969c20065ac341f7813ed542a89eea4f/dispersion_0_13" "tx2e751ebb389049f09f94b-006a2e783c" "container-server 16" 0.0112 "-" 23 0
Jun 14 09:45:33 np0000073145 account-server[109460]: 172.20.0.105 - - [14/Jun/2026:09:45:33 +0000] "PUT /d1/40/AUTH_969c20065ac341f7813ed542a89eea4f/dispersion_0_22" 201 - "PUT http://172.20.0.105:6001/d1/146/AUTH_969c20065ac341f7813ed542a89eea4f/dispersion_0_22" "txfa52170e158c465cbd614-006a2e783d" "container-server 16" 0.0244 "-" 21 0
Jun 14 09:45:33 np0000073145 container-server[110004]: 172.20.0.31 - - [14/Jun/2026:09:45:33 +0000] "PUT /d1/660/AUTH_969c20065ac341f7813ed542a89eea4f/dispersion_0_13" 201 - "PUT http://swift-public-openstack.apps-crc.testing/v1/AUTH_969c20065ac341f7813ed542a89eea4f/dispersion_0_13?format=json" "tx2e751ebb389049f09f94b-006a2e783c" "proxy-server 6" 0.0432 "-" 22 0
Jun 14 09:45:33 np0000073145 account-server[109460]: 172.20.0.104 - - [14/Jun/2026:09:45:33 +0000] "PUT /d1/40/AUTH_969c20065ac341f7813ed542a89eea4f/dispersion_0_8" 201 - "PUT http://172.20.0.104:6001/d1/181/AUTH_969c20065ac341f7813ed542a89eea4f/dispersion_0_8" "tx6cff3b512e5b421bb2f5d-006a2e783c" "container-server 21" 0.0540 "-" 21 0
Jun 14 09:45:33 np0000073145 account-server[109467]: 172.20.0.104 - - [14/Jun/2026:09:45:33 +0000] "PUT /d1/40/AUTH_969c20065ac341f7813ed542a89eea4f/dispersion_0_26" 201 - "PUT http://172.20.0.104:6001/d1/475/AUTH_969c20065ac341f7813ed542a89eea4f/dispersion_0_26" "tx00a6e009f65c48f08a8de-006a2e783d" "container-server 20" 0.0117 "-" 22 0
Jun 14 09:45:33 np0000073145 container-server[110004]: 172.20.0.31 - - [14/Jun/2026:09:45:33 +0000] "PUT /d1/227/AUTH_969c20065ac341f7813ed542a89eea4f/dispersion_0_25" 201 - "PUT http://swift-public-openstack.apps-crc.testing/v1/AUTH_969c20065ac341f7813ed542a89eea4f/dispersion_0_25?format=json" "tx05d5da4e96cb4fb2b0a01-006a2e783d" "proxy-server 5" 0.0326 "-" 22 0
Jun 14 09:45:33 np0000073145 container-server[109991]: 172.20.0.31 - - [14/Jun/2026:09:45:33 +0000] "PUT /d1/1009/AUTH_969c20065ac341f7813ed542a89eea4f/dispersion_0_23" 201 - "PUT http://swift-public-openstack.apps-crc.testing/v1/AUTH_969c20065ac341f7813ed542a89eea4f/dispersion_0_23?format=json" "tx1354b8f80d6640f5b3906-006a2e783d" "proxy-server 8" 0.0606 "-" 21 0
Jun 14 09:45:33 np0000073145 account-server[109460]: 172.20.0.104 - - [14/Jun/2026:09:45:33 +0000] "PUT /d1/40/AUTH_969c20065ac341f7813ed542a89eea4f/dispersion_0_23" 201 - "PUT http://172.20.0.104:6001/d1/1009/AUTH_969c20065ac341f7813ed542a89eea4f/dispersion_0_23" "tx1354b8f80d6640f5b3906-006a2e783d" "container-server 20" 0.0415 "-" 21 0
Jun 14 09:45:33 np0000073145 container-server[110025]: 172.20.0.31 - - [14/Jun/2026:09:45:33 +0000] "PUT /d1/491/AUTH_969c20065ac341f7813ed542a89eea4f/dispersion_0_27" 201 - "PUT http://swift-public-openstack.apps-crc.testing/v1/AUTH_969c20065ac341f7813ed542a89eea4f/dispersion_0_27?format=json" "txfdf7c28c9d164289a6a24-006a2e783d" "proxy-server 12" 0.0314 "-" 23 0
Jun 14 09:45:33 np0000073145 account-server[109467]: 172.20.0.103 - - [14/Jun/2026:09:45:33 +0000] "PUT /d1/40/AUTH_969c20065ac341f7813ed542a89eea4f/dispersion_0_21" 201 - "PUT http://172.20.0.103:6001/d1/552/AUTH_969c20065ac341f7813ed542a89eea4f/dispersion_0_21" "tx1fba9bb2381f4859909de-006a2e783d" "container-server 20" 0.0384 "-" 22 0
Jun 14 09:45:33 np0000073145 account-server[109467]: 172.20.0.105 - - [14/Jun/2026:09:45:33 +0000] "PUT /d1/40/AUTH_969c20065ac341f7813ed542a89eea4f/dispersion_0_27" 201 - "PUT http://172.20.0.105:6001/d1/491/AUTH_969c20065ac341f7813ed542a89eea4f/dispersion_0_27" "txfdf7c28c9d164289a6a24-006a2e783d" "container-server 16" 0.0347 "-" 22 0
Jun 14 09:45:33 np0000073145 container-server[109983]: 172.20.0.31 - - [14/Jun/2026:09:45:33 +0000] "PUT /d1/552/AUTH_969c20065ac341f7813ed542a89eea4f/dispersion_0_21" 201 - "PUT http://swift-public-openstack.apps-crc.testing/v1/AUTH_969c20065ac341f7813ed542a89eea4f/dispersion_0_21?format=json" "tx1fba9bb2381f4859909de-006a2e783d" "proxy-server 6" 0.0630 "-" 20 0
Jun 14 09:45:33 np0000073145 account-server[109451]: 172.20.0.104 - - [14/Jun/2026:09:45:33 +0000] "PUT /d1/40/AUTH_969c20065ac341f7813ed542a89eea4f/dispersion_0_28" 201 - "PUT http://172.20.0.104:6001/d1/722/AUTH_969c20065ac341f7813ed542a89eea4f/dispersion_0_28" "tx33e71514834245718d598-006a2e783d" "container-server 21" 0.0056 "-" 20 0
Jun 14 09:45:33 np0000073145 account-server[109474]: 172.20.0.103 - - [14/Jun/2026:09:45:33 +0000] "PUT /d1/40/AUTH_969c20065ac341f7813ed542a89eea4f/dispersion_0_24" 201 - "PUT http://172.20.0.103:6001/d1/10/AUTH_969c20065ac341f7813ed542a89eea4f/dispersion_0_24" "tx4ae8462f36794a80a7a04-006a2e783d" "container-server 20" 0.0142 "-" 23 0
Jun 14 09:45:33 np0000073145 container-server[109983]: 172.20.0.31 - - [14/Jun/2026:09:45:33 +0000] "PUT /d1/10/AUTH_969c20065ac341f7813ed542a89eea4f/dispersion_0_24" 201 - "PUT http://swift-public-openstack.apps-crc.testing/v1/AUTH_969c20065ac341f7813ed542a89eea4f/dispersion_0_24?format=json" "tx4ae8462f36794a80a7a04-006a2e783d" "proxy-server 7" 0.0319 "-" 20 0
Jun 14 09:45:33 np0000073145 account-server[109451]: 172.20.0.103 - - [14/Jun/2026:09:45:33 +0000] "PUT /d1/40/AUTH_969c20065ac341f7813ed542a89eea4f/dispersion_0_29" 201 - "PUT http://172.20.0.103:6001/d1/768/AUTH_969c20065ac341f7813ed542a89eea4f/dispersion_0_29" "txdb923bbb89f54872807e5-006a2e783d" "container-server 20" 0.0058 "-" 20 0
Jun 14 09:45:33 np0000073145 container-server[109983]: 172.20.0.31 - - [14/Jun/2026:09:45:33 +0000] "PUT /d1/768/AUTH_969c20065ac341f7813ed542a89eea4f/dispersion_0_29" 201 - "PUT http://swift-public-openstack.apps-crc.testing/v1/AUTH_969c20065ac341f7813ed542a89eea4f/dispersion_0_29?format=json" "txdb923bbb89f54872807e5-006a2e783d" "proxy-server 10" 0.0208 "-" 20 0
Jun 14 09:45:33 np0000073145 container-server[109983]: 172.20.0.31 - - [14/Jun/2026:09:45:33 +0000] "PUT /d1/722/AUTH_969c20065ac341f7813ed542a89eea4f/dispersion_0_28" 201 - "PUT http://swift-public-openstack.apps-crc.testing/v1/AUTH_969c20065ac341f7813ed542a89eea4f/dispersion_0_28?format=json" "tx33e71514834245718d598-006a2e783d" "proxy-server 9" 0.0566 "-" 20 0
Jun 14 09:45:33 np0000073145 account-server[109460]: 172.20.0.104 - - [14/Jun/2026:09:45:33 +0000] "PUT /d1/40/AUTH_969c20065ac341f7813ed542a89eea4f/dispersion_0_30" 201 - "PUT http://172.20.0.104:6001/d1/572/AUTH_969c20065ac341f7813ed542a89eea4f/dispersion_0_30" "txd08cd642e5754bb0bbec3-006a2e783d" "container-server 20" 0.0164 "-" 21 0
Jun 14 09:45:33 np0000073145 account-server[109467]: 172.20.0.105 - - [14/Jun/2026:09:45:33 +0000] "PUT /d1/40/AUTH_969c20065ac341f7813ed542a89eea4f/dispersion_0_31" 201 - "PUT http://172.20.0.105:6001/d1/976/AUTH_969c20065ac341f7813ed542a89eea4f/dispersion_0_31" "txb7866b20fada450cad9da-006a2e783d" "container-server 17" 0.0077 "-" 22 0
Jun 14 09:45:33 np0000073145 container-server[110004]: 172.20.0.31 - - [14/Jun/2026:09:45:33 +0000] "PUT /d1/976/AUTH_969c20065ac341f7813ed542a89eea4f/dispersion_0_31" 201 - "PUT http://swift-public-openstack.apps-crc.testing/v1/AUTH_969c20065ac341f7813ed542a89eea4f/dispersion_0_31?format=json" "txb7866b20fada450cad9da-006a2e783d" "proxy-server 8" 0.0228 "-" 22 0
Jun 14 09:45:33 np0000073145 account-server[109467]: 172.20.0.104 - - [14/Jun/2026:09:45:33 +0000] "PUT /d1/40/AUTH_969c20065ac341f7813ed542a89eea4f/dispersion_0_32" 201 - "PUT http://172.20.0.104:6001/d1/151/AUTH_969c20065ac341f7813ed542a89eea4f/dispersion_0_32" "tx3529f53af33246e593c9c-006a2e783d" "container-server 22" 0.0090 "-" 22 0
Jun 14 09:45:33 np0000073145 container-server[110025]: 172.20.0.31 - - [14/Jun/2026:09:45:33 +0000] "PUT /d1/572/AUTH_969c20065ac341f7813ed542a89eea4f/dispersion_0_30" 201 - "PUT http://swift-public-openstack.apps-crc.testing/v1/AUTH_969c20065ac341f7813ed542a89eea4f/dispersion_0_30?format=json" "txd08cd642e5754bb0bbec3-006a2e783d" "proxy-server 14" 0.0553 "-" 23 0
Jun 14 09:45:33 np0000073145 account-server[109467]: 172.20.0.105 - - [14/Jun/2026:09:45:33 +0000] "PUT /d1/40/AUTH_969c20065ac341f7813ed542a89eea4f/dispersion_0_33" 201 - "PUT http://172.20.0.105:6001/d1/684/AUTH_969c20065ac341f7813ed542a89eea4f/dispersion_0_33" "txe8dc8b5953694076ad141-006a2e783d" "container-server 14" 0.0063 "-" 22 0
Jun 14 09:45:33 np0000073145 container-server[109983]: 172.20.0.31 - - [14/Jun/2026:09:45:33 +0000] "PUT /d1/151/AUTH_969c20065ac341f7813ed542a89eea4f/dispersion_0_32" 201 - "PUT http://swift-public-openstack.apps-crc.testing/v1/AUTH_969c20065ac341f7813ed542a89eea4f/dispersion_0_32?format=json" "tx3529f53af33246e593c9c-006a2e783d" "proxy-server 5" 0.0349 "-" 20 0
Jun 14 09:45:33 np0000073145 container-server[110025]: 172.20.0.31 - - [14/Jun/2026:09:45:33 +0000] "PUT /d1/684/AUTH_969c20065ac341f7813ed542a89eea4f/dispersion_0_33" 201 - "PUT http://swift-public-openstack.apps-crc.testing/v1/AUTH_969c20065ac341f7813ed542a89eea4f/dispersion_0_33?format=json" "txe8dc8b5953694076ad141-006a2e783d" "proxy-server 9" 0.0347 "-" 23 0
