2026-06-14 07:43:19.421 17 DEBUG neutron.wsgi [-] (17) accepted ('192.168.122.100', 40608) server /usr/lib/python3.9/site-packages/eventlet/wsgi.py:992
2026-06-14 07:43:19.424 17 INFO neutron.wsgi [-] 192.168.122.100 "GET /healthcheck HTTP/1.0" status: 200 len: 137 time: 0.0018551
2026-06-14 07:43:21.426 15 DEBUG neutron.wsgi [-] (15) accepted ('192.168.122.100', 40614) server /usr/lib/python3.9/site-packages/eventlet/wsgi.py:992
2026-06-14 07:43:21.435 15 INFO neutron.wsgi [-] 192.168.122.100 "GET /healthcheck HTTP/1.0" status: 200 len: 137 time: 0.0068970
2026-06-14 07:43:23.437 15 DEBUG neutron.wsgi [-] (15) accepted ('192.168.122.100', 40628) server /usr/lib/python3.9/site-packages/eventlet/wsgi.py:992
2026-06-14 07:43:23.440 15 INFO neutron.wsgi [-] 192.168.122.100 "GET /healthcheck HTTP/1.0" status: 200 len: 137 time: 0.0021143
2026-06-14 07:43:25.442 16 DEBUG neutron.wsgi [-] (16) accepted ('192.168.122.100', 38236) server /usr/lib/python3.9/site-packages/eventlet/wsgi.py:992
2026-06-14 07:43:25.444 16 INFO neutron.wsgi [-] 192.168.122.100 "GET /healthcheck HTTP/1.0" status: 200 len: 137 time: 0.0013626
2026-06-14 07:43:26.849 15 DEBUG neutron.wsgi [-] (15) accepted ('192.168.122.100', 38240) server /usr/lib/python3.9/site-packages/eventlet/wsgi.py:992
2026-06-14 07:43:26.853 15 INFO neutron.wsgi [-] 192.168.122.100 "GET / HTTP/1.1" status: 200 len: 233 time: 0.0025241
2026-06-14 07:43:27.446 18 DEBUG neutron.wsgi [-] (18) accepted ('192.168.122.100', 38242) server /usr/lib/python3.9/site-packages/eventlet/wsgi.py:992
2026-06-14 07:43:27.450 18 INFO neutron.wsgi [-] 192.168.122.100 "GET /healthcheck HTTP/1.0" status: 200 len: 137 time: 0.0026624
2026-06-14 07:43:29.452 15 DEBUG neutron.wsgi [-] (15) accepted ('192.168.122.100', 38246) server /usr/lib/python3.9/site-packages/eventlet/wsgi.py:992
2026-06-14 07:43:29.455 15 INFO neutron.wsgi [-] 192.168.122.100 "GET /healthcheck HTTP/1.0" status: 200 len: 137 time: 0.0025413
2026-06-14 07:43:31.458 18 DEBUG neutron.wsgi [-] (18) accepted ('192.168.122.100', 38252) server /usr/lib/python3.9/site-packages/eventlet/wsgi.py:992
2026-06-14 07:43:31.461 18 INFO neutron.wsgi [-] 192.168.122.100 "GET /healthcheck HTTP/1.0" status: 200 len: 137 time: 0.0017264
2026-06-14 07:43:33.463 18 DEBUG neutron.wsgi [-] (18) accepted ('192.168.122.100', 38254) server /usr/lib/python3.9/site-packages/eventlet/wsgi.py:992
2026-06-14 07:43:33.466 18 INFO neutron.wsgi [-] 192.168.122.100 "GET /healthcheck HTTP/1.0" status: 200 len: 137 time: 0.0024517
2026-06-14 07:43:35.468 15 DEBUG neutron.wsgi [-] (15) accepted ('192.168.122.100', 55544) server /usr/lib/python3.9/site-packages/eventlet/wsgi.py:992
2026-06-14 07:43:35.472 15 INFO neutron.wsgi [-] 192.168.122.100 "GET /healthcheck HTTP/1.0" status: 200 len: 137 time: 0.0024536
2026-06-14 07:43:37.474 17 DEBUG neutron.wsgi [-] (17) accepted ('192.168.122.100', 55552) server /usr/lib/python3.9/site-packages/eventlet/wsgi.py:992
2026-06-14 07:43:37.476 17 INFO neutron.wsgi [-] 192.168.122.100 "GET /healthcheck HTTP/1.0" status: 200 len: 137 time: 0.0017493
2026-06-14 07:43:39.477 17 DEBUG neutron.wsgi [-] (17) accepted ('192.168.122.100', 55566) server /usr/lib/python3.9/site-packages/eventlet/wsgi.py:992
2026-06-14 07:43:39.480 17 INFO neutron.wsgi [-] 192.168.122.100 "GET /healthcheck HTTP/1.0" status: 200 len: 137 time: 0.0015199
2026-06-14 07:43:41.482 17 DEBUG neutron.wsgi [-] (17) accepted ('192.168.122.100', 55580) server /usr/lib/python3.9/site-packages/eventlet/wsgi.py:992
2026-06-14 07:43:41.486 17 INFO neutron.wsgi [-] 192.168.122.100 "GET /healthcheck HTTP/1.0" status: 200 len: 137 time: 0.0025730
2026-06-14 07:43:43.487 18 DEBUG neutron.wsgi [-] (18) accepted ('192.168.122.100', 55586) server /usr/lib/python3.9/site-packages/eventlet/wsgi.py:992
2026-06-14 07:43:43.489 18 INFO neutron.wsgi [-] 192.168.122.100 "GET /healthcheck HTTP/1.0" status: 200 len: 137 time: 0.0012558
2026-06-14 07:43:45.491 16 DEBUG neutron.wsgi [-] (16) accepted ('192.168.122.100', 50454) server /usr/lib/python3.9/site-packages/eventlet/wsgi.py:992
2026-06-14 07:43:45.494 16 INFO neutron.wsgi [-] 192.168.122.100 "GET /healthcheck HTTP/1.0" status: 200 len: 137 time: 0.0026271
2026-06-14 07:43:47.497 18 DEBUG neutron.wsgi [-] (18) accepted ('192.168.122.100', 50460) server /usr/lib/python3.9/site-packages/eventlet/wsgi.py:992
2026-06-14 07:43:47.499 18 INFO neutron.wsgi [-] 192.168.122.100 "GET /healthcheck HTTP/1.0" status: 200 len: 137 time: 0.0016828
2026-06-14 07:43:49.501 18 DEBUG neutron.wsgi [-] (18) accepted ('192.168.122.100', 50466) server /usr/lib/python3.9/site-packages/eventlet/wsgi.py:992
2026-06-14 07:43:49.503 18 INFO neutron.wsgi [-] 192.168.122.100 "GET /healthcheck HTTP/1.0" status: 200 len: 137 time: 0.0017252
2026-06-14 07:43:51.505 15 DEBUG neutron.wsgi [-] (15) accepted ('192.168.122.100', 50472) server /usr/lib/python3.9/site-packages/eventlet/wsgi.py:992
2026-06-14 07:43:51.507 15 INFO neutron.wsgi [-] 192.168.122.100 "GET /healthcheck HTTP/1.0" status: 200 len: 137 time: 0.0013185
2026-06-14 07:43:53.509 17 DEBUG neutron.wsgi [-] (17) accepted ('192.168.122.100', 50482) server /usr/lib/python3.9/site-packages/eventlet/wsgi.py:992
2026-06-14 07:43:53.513 17 INFO neutron.wsgi [-] 192.168.122.100 "GET /healthcheck HTTP/1.0" status: 200 len: 137 time: 0.0025024
2026-06-14 07:43:55.515 17 DEBUG neutron.wsgi [-] (17) accepted ('192.168.122.100', 41564) server /usr/lib/python3.9/site-packages/eventlet/wsgi.py:992
2026-06-14 07:43:55.518 17 INFO neutron.wsgi [-] 192.168.122.100 "GET /healthcheck HTTP/1.0" status: 200 len: 137 time: 0.0023906
2026-06-14 07:43:57.520 18 DEBUG neutron.wsgi [-] (18) accepted ('192.168.122.100', 41566) server /usr/lib/python3.9/site-packages/eventlet/wsgi.py:992
2026-06-14 07:43:57.524 18 INFO neutron.wsgi [-] 192.168.122.100 "GET /healthcheck HTTP/1.0" status: 200 len: 137 time: 0.0033250
2026-06-14 07:43:57.778 17 DEBUG neutron.wsgi [-] (17) accepted ('192.168.122.100', 41582) server /usr/lib/python3.9/site-packages/eventlet/wsgi.py:992
2026-06-14 07:43:57.784 17 INFO neutron.wsgi [-] 192.168.122.100 "GET / HTTP/1.1" status: 200 len: 233 time: 0.0048664
2026-06-14 07:43:59.526 16 DEBUG neutron.wsgi [-] (16) accepted ('192.168.122.100', 41588) server /usr/lib/python3.9/site-packages/eventlet/wsgi.py:992
2026-06-14 07:43:59.530 16 INFO neutron.wsgi [-] 192.168.122.100 "GET /healthcheck HTTP/1.0" status: 200 len: 137 time: 0.0026555
2026-06-14 07:44:01.532 16 DEBUG neutron.wsgi [-] (16) accepted ('192.168.122.100', 41590) server /usr/lib/python3.9/site-packages/eventlet/wsgi.py:992
2026-06-14 07:44:01.536 16 INFO neutron.wsgi [-] 192.168.122.100 "GET /healthcheck HTTP/1.0" status: 200 len: 137 time: 0.0026078
2026-06-14 07:44:03.538 17 DEBUG neutron.wsgi [-] (17) accepted ('192.168.122.100', 41602) server /usr/lib/python3.9/site-packages/eventlet/wsgi.py:992
2026-06-14 07:44:03.540 17 INFO neutron.wsgi [-] 192.168.122.100 "GET /healthcheck HTTP/1.0" status: 200 len: 137 time: 0.0017653
2026-06-14 07:44:05.542 17 DEBUG neutron.wsgi [-] (17) accepted ('192.168.122.100', 51110) server /usr/lib/python3.9/site-packages/eventlet/wsgi.py:992
2026-06-14 07:44:05.546 17 INFO neutron.wsgi [-] 192.168.122.100 "GET /healthcheck HTTP/1.0" status: 200 len: 137 time: 0.0024154
2026-06-14 07:44:07.546 16 DEBUG neutron.wsgi [-] (16) accepted ('192.168.122.100', 51118) server /usr/lib/python3.9/site-packages/eventlet/wsgi.py:992
2026-06-14 07:44:07.550 16 INFO neutron.wsgi [-] 192.168.122.100 "GET /healthcheck HTTP/1.0" status: 200 len: 137 time: 0.0024734
2026-06-14 07:44:09.553 18 DEBUG neutron.wsgi [-] (18) accepted ('192.168.122.100', 51130) server /usr/lib/python3.9/site-packages/eventlet/wsgi.py:992
2026-06-14 07:44:09.555 18 INFO neutron.wsgi [-] 192.168.122.100 "GET /healthcheck HTTP/1.0" status: 200 len: 137 time: 0.0015984
2026-06-14 07:44:11.558 15 DEBUG neutron.wsgi [-] (15) accepted ('192.168.122.100', 51132) server /usr/lib/python3.9/site-packages/eventlet/wsgi.py:992
2026-06-14 07:44:11.560 15 INFO neutron.wsgi [-] 192.168.122.100 "GET /healthcheck HTTP/1.0" status: 200 len: 137 time: 0.0016227
2026-06-14 07:44:13.562 16 DEBUG neutron.wsgi [-] (16) accepted ('192.168.122.100', 51136) server /usr/lib/python3.9/site-packages/eventlet/wsgi.py:992
2026-06-14 07:44:13.564 16 INFO neutron.wsgi [-] 192.168.122.100 "GET /healthcheck HTTP/1.0" status: 200 len: 137 time: 0.0017881
2026-06-14 07:44:15.566 18 DEBUG neutron.wsgi [-] (18) accepted ('192.168.122.100', 39440) server /usr/lib/python3.9/site-packages/eventlet/wsgi.py:992
2026-06-14 07:44:15.569 18 INFO neutron.wsgi [-] 192.168.122.100 "GET /healthcheck HTTP/1.0" status: 200 len: 137 time: 0.0023310
2026-06-14 07:44:17.571 18 DEBUG neutron.wsgi [-] (18) accepted ('192.168.122.100', 39450) server /usr/lib/python3.9/site-packages/eventlet/wsgi.py:992
2026-06-14 07:44:17.575 18 INFO neutron.wsgi [-] 192.168.122.100 "GET /healthcheck HTTP/1.0" status: 200 len: 137 time: 0.0036845
2026-06-14 07:44:19.577 16 DEBUG neutron.wsgi [-] (16) accepted ('192.168.122.100', 39454) server /usr/lib/python3.9/site-packages/eventlet/wsgi.py:992
2026-06-14 07:44:19.580 16 INFO neutron.wsgi [-] 192.168.122.100 "GET /healthcheck HTTP/1.0" status: 200 len: 137 time: 0.0025182
2026-06-14 07:44:21.582 18 DEBUG neutron.wsgi [-] (18) accepted ('192.168.122.100', 39462) server /usr/lib/python3.9/site-packages/eventlet/wsgi.py:992
2026-06-14 07:44:21.585 18 INFO neutron.wsgi [-] 192.168.122.100 "GET /healthcheck HTTP/1.0" status: 200 len: 137 time: 0.0024827
2026-06-14 07:44:23.587 18 DEBUG neutron.wsgi [-] (18) accepted ('192.168.122.100', 39464) server /usr/lib/python3.9/site-packages/eventlet/wsgi.py:992
2026-06-14 07:44:23.591 18 INFO neutron.wsgi [-] 192.168.122.100 "GET /healthcheck HTTP/1.0" status: 200 len: 137 time: 0.0026929
2026-06-14 07:44:25.593 15 DEBUG neutron.wsgi [-] (15) accepted ('192.168.122.100', 50674) server /usr/lib/python3.9/site-packages/eventlet/wsgi.py:992
2026-06-14 07:44:25.596 15 INFO neutron.wsgi [-] 192.168.122.100 "GET /healthcheck HTTP/1.0" status: 200 len: 137 time: 0.0023584
2026-06-14 07:44:27.599 15 DEBUG neutron.wsgi [-] (15) accepted ('192.168.122.100', 50678) server /usr/lib/python3.9/site-packages/eventlet/wsgi.py:992
2026-06-14 07:44:27.601 15 INFO neutron.wsgi [-] 192.168.122.100 "GET /healthcheck HTTP/1.0" status: 200 len: 137 time: 0.0013156
2026-06-14 07:44:28.821 17 DEBUG neutron.wsgi [-] (17) accepted ('192.168.122.100', 50692) server /usr/lib/python3.9/site-packages/eventlet/wsgi.py:992
2026-06-14 07:44:28.822 17 INFO neutron.wsgi [-] 192.168.122.100 "GET / HTTP/1.1" status: 200 len: 233 time: 0.0012240
2026-06-14 07:44:28.842 15 DEBUG neutron.wsgi [-] (15) accepted ('192.168.122.100', 50704) server /usr/lib/python3.9/site-packages/eventlet/wsgi.py:992
2026-06-14 07:44:29.602 18 DEBUG neutron.wsgi [-] (18) accepted ('192.168.122.100', 50716) server /usr/lib/python3.9/site-packages/eventlet/wsgi.py:992
2026-06-14 07:44:29.604 18 INFO neutron.wsgi [-] 192.168.122.100 "GET /healthcheck HTTP/1.0" status: 200 len: 137 time: 0.0012560
2026-06-14 07:44:29.661 15 DEBUG neutron.policy [req-bb60fa55-2a63-4f6e-b0a1-8bbbd030c9bf 5a07da677bd242a2b9666a8ea5df205e 40a1e1e24b7441d39fcb4db13e68186a - default default] Loaded default policies from ['networking-bgpvpn', 'neutron'] under neutron.policies entry points register_rules /usr/lib/python3.9/site-packages/neutron/policy.py:73
2026-06-14 07:44:29.685 15 INFO neutron.wsgi [req-bb60fa55-2a63-4f6e-b0a1-8bbbd030c9bf 5a07da677bd242a2b9666a8ea5df205e 40a1e1e24b7441d39fcb4db13e68186a - default default] 192.168.122.99,192.168.122.100 "GET /v2.0/networks?name=ctlplane HTTP/1.1" status: 200 len: 189 time: 0.8414011
2026-06-14 07:44:29.693 15 DEBUG neutron.api.v2.base [req-9a39a893-d883-4cd7-8816-519d36d05e3a 5a07da677bd242a2b9666a8ea5df205e 40a1e1e24b7441d39fcb4db13e68186a - default default] Request body: {'network': {'mtu': 1450, 'dns_domain': 'ctlplane.ooo.test.', 'provider:network_type': 'flat', 'provider:physical_network': 'ctlplane', 'name': 'ctlplane'}} prepare_request_body /usr/lib/python3.9/site-packages/neutron/api/v2/base.py:729
2026-06-14 07:44:29.710 15 DEBUG neutron.pecan_wsgi.hooks.quota_enforcement [req-9a39a893-d883-4cd7-8816-519d36d05e3a 5a07da677bd242a2b9666a8ea5df205e 40a1e1e24b7441d39fcb4db13e68186a - default default] Made reservation on behalf of 40a1e1e24b7441d39fcb4db13e68186a for: {'network': 1} before /usr/lib/python3.9/site-packages/neutron/pecan_wsgi/hooks/quota_enforcement.py:53
2026-06-14 07:44:29.711 15 DEBUG neutron_lib.callbacks.manager [req-9a39a893-d883-4cd7-8816-519d36d05e3a 5a07da677bd242a2b9666a8ea5df205e 40a1e1e24b7441d39fcb4db13e68186a - default default] Notify callbacks ['neutron.plugins.ml2.plugin.SecurityGroupDbMixin._ensure_default_security_group_handler-557573'] for network, before_create _notify_loop /usr/lib/python3.9/site-packages/neutron_lib/callbacks/manager.py:200
2026-06-14 07:44:29.725 15 DEBUG neutron_lib.callbacks.manager [req-9a39a893-d883-4cd7-8816-519d36d05e3a 5a07da677bd242a2b9666a8ea5df205e 40a1e1e24b7441d39fcb4db13e68186a - default default] Notify callbacks [] for security_group, before_create _notify_loop /usr/lib/python3.9/site-packages/neutron_lib/callbacks/manager.py:200
2026-06-14 07:44:29.775 15 DEBUG neutron_lib.callbacks.manager [req-9a39a893-d883-4cd7-8816-519d36d05e3a 5a07da677bd242a2b9666a8ea5df205e 40a1e1e24b7441d39fcb4db13e68186a - default default] Notify callbacks [] for security_group, precommit_create _notify_loop /usr/lib/python3.9/site-packages/neutron_lib/callbacks/manager.py:200
2026-06-14 07:44:29.778 15 DEBUG neutron_lib.callbacks.manager [req-9a39a893-d883-4cd7-8816-519d36d05e3a 5a07da677bd242a2b9666a8ea5df205e 40a1e1e24b7441d39fcb4db13e68186a - default default] Notify callbacks ['neutron.plugins.ml2.ovo_rpc._ObjectChangeHandler.handle_event-3729469'] for security_group, after_create _notify_loop /usr/lib/python3.9/site-packages/neutron_lib/callbacks/manager.py:200
2026-06-14 07:44:29.789 15 DEBUG neutron.plugins.ml2.drivers.type_flat [req-9a39a893-d883-4cd7-8816-519d36d05e3a 5a07da677bd242a2b9666a8ea5df205e 40a1e1e24b7441d39fcb4db13e68186a - default default] Reserving flat network on physical network ctlplane reserve_provider_segment /usr/lib/python3.9/site-packages/neutron/plugins/ml2/drivers/type_flat.py:100
2026-06-14 07:44:29.798 15 DEBUG neutron.api.rpc.handlers.resources_rpc [req-9a39a893-d883-4cd7-8816-519d36d05e3a 5a07da677bd242a2b9666a8ea5df205e 40a1e1e24b7441d39fcb4db13e68186a - - -] Pushing event updated for resources: {'SecurityGroup': ['ID=0a888cd2-2a5f-49ec-b5ad-4706d70eaaf5,revision_number=1']} push /usr/lib/python3.9/site-packages/neutron/api/rpc/handlers/resources_rpc.py:237
2026-06-14 07:44:29.801 15 DEBUG neutron_lib.callbacks.manager [req-9a39a893-d883-4cd7-8816-519d36d05e3a 5a07da677bd242a2b9666a8ea5df205e 40a1e1e24b7441d39fcb4db13e68186a - default default] Notify callbacks ['neutron.services.segments.db._add_segment_host_mapping_for_segment-8786096205927', 'neutron.plugins.ml2.plugin.Ml2Plugin._handle_segment_change-1045152'] for segment, precommit_create _notify_loop /usr/lib/python3.9/site-packages/neutron_lib/callbacks/manager.py:200
2026-06-14 07:44:29.804 15 DEBUG neutron.plugins.ml2.drivers.mech_agent [req-9a39a893-d883-4cd7-8816-519d36d05e3a 5a07da677bd242a2b9666a8ea5df205e 40a1e1e24b7441d39fcb4db13e68186a - default default] Checking segment: NetworkSegment(created_at=2026-06-14T07:44:29Z,description=,hosts=[],id=c5a97192-d92c-42a5-a0eb-6c4bb03b783c,is_dynamic=False,name=,network_id=89565882-a75d-4d6c-8849-7a13152dbdfa,network_type='flat',physical_network='ctlplane',revision_number=0,segment_index=0,segmentation_id=None,updated_at=2026-06-14T07:44:29Z) for mappings: {'ctlplane': 'br-ctlplane'} with network types: ['local', 'flat', 'vlan'] check_segment_for_agent /usr/lib/python3.9/site-packages/neutron/plugins/ml2/drivers/mech_agent.py:343
2026-06-14 07:44:29.805 15 DEBUG neutron.api.rpc.callbacks.version_manager [req-9a39a893-d883-4cd7-8816-519d36d05e3a 5a07da677bd242a2b9666a8ea5df205e 40a1e1e24b7441d39fcb4db13e68186a - - -] Version for resource type AddressGroup changed None to 1.2 on consumer Open vSwitch agent@undercloud.ooo.test _set_version /usr/lib/python3.9/site-packages/neutron/api/rpc/callbacks/version_manager.py:113
2026-06-14 07:44:29.805 15 DEBUG neutron.api.rpc.callbacks.version_manager [req-9a39a893-d883-4cd7-8816-519d36d05e3a 5a07da677bd242a2b9666a8ea5df205e 40a1e1e24b7441d39fcb4db13e68186a - - -] Version for resource type ConntrackHelper changed None to 1.0 on consumer Open vSwitch agent@undercloud.ooo.test _set_version /usr/lib/python3.9/site-packages/neutron/api/rpc/callbacks/version_manager.py:113
2026-06-14 07:44:29.806 15 DEBUG neutron.api.rpc.callbacks.version_manager [req-9a39a893-d883-4cd7-8816-519d36d05e3a 5a07da677bd242a2b9666a8ea5df205e 40a1e1e24b7441d39fcb4db13e68186a - - -] Version for resource type Log changed None to 1.0 on consumer Open vSwitch agent@undercloud.ooo.test _set_version /usr/lib/python3.9/site-packages/neutron/api/rpc/callbacks/version_manager.py:113
2026-06-14 07:44:29.806 15 DEBUG neutron.api.rpc.callbacks.version_manager [req-9a39a893-d883-4cd7-8816-519d36d05e3a 5a07da677bd242a2b9666a8ea5df205e 40a1e1e24b7441d39fcb4db13e68186a - - -] Version for resource type Network changed None to 1.1 on consumer Open vSwitch agent@undercloud.ooo.test _set_version /usr/lib/python3.9/site-packages/neutron/api/rpc/callbacks/version_manager.py:113
2026-06-14 07:44:29.806 15 DEBUG neutron.api.rpc.callbacks.version_manager [req-9a39a893-d883-4cd7-8816-519d36d05e3a 5a07da677bd242a2b9666a8ea5df205e 40a1e1e24b7441d39fcb4db13e68186a - - -] Version for resource type Port changed None to 1.7 on consumer Open vSwitch agent@undercloud.ooo.test _set_version /usr/lib/python3.9/site-packages/neutron/api/rpc/callbacks/version_manager.py:113
2026-06-14 07:44:29.806 15 DEBUG neutron.api.rpc.callbacks.version_manager [req-9a39a893-d883-4cd7-8816-519d36d05e3a 5a07da677bd242a2b9666a8ea5df205e 40a1e1e24b7441d39fcb4db13e68186a - - -] Version for resource type PortForwarding changed None to 1.2 on consumer Open vSwitch agent@undercloud.ooo.test _set_version /usr/lib/python3.9/site-packages/neutron/api/rpc/callbacks/version_manager.py:113
2026-06-14 07:44:29.806 15 DEBUG neutron.api.rpc.callbacks.version_manager [req-9a39a893-d883-4cd7-8816-519d36d05e3a 5a07da677bd242a2b9666a8ea5df205e 40a1e1e24b7441d39fcb4db13e68186a - - -] Version for resource type QosPolicy changed None to 1.8 on consumer Open vSwitch agent@undercloud.ooo.test _set_version /usr/lib/python3.9/site-packages/neutron/api/rpc/callbacks/version_manager.py:113
2026-06-14 07:44:29.806 15 DEBUG neutron.api.rpc.callbacks.version_manager [req-9a39a893-d883-4cd7-8816-519d36d05e3a 5a07da677bd242a2b9666a8ea5df205e 40a1e1e24b7441d39fcb4db13e68186a - - -] Version for resource type SecurityGroup changed None to 1.5 on consumer Open vSwitch agent@undercloud.ooo.test _set_version /usr/lib/python3.9/site-packages/neutron/api/rpc/callbacks/version_manager.py:113
2026-06-14 07:44:29.806 15 DEBUG neutron.api.rpc.callbacks.version_manager [req-9a39a893-d883-4cd7-8816-519d36d05e3a 5a07da677bd242a2b9666a8ea5df205e 40a1e1e24b7441d39fcb4db13e68186a - - -] Version for resource type SecurityGroupRule changed None to 1.2 on consumer Open vSwitch agent@undercloud.ooo.test _set_version /usr/lib/python3.9/site-packages/neutron/api/rpc/callbacks/version_manager.py:113
2026-06-14 07:44:29.806 15 DEBUG neutron.api.rpc.callbacks.version_manager [req-9a39a893-d883-4cd7-8816-519d36d05e3a 5a07da677bd242a2b9666a8ea5df205e 40a1e1e24b7441d39fcb4db13e68186a - - -] Version for resource type SubPort changed None to 1.0 on consumer Open vSwitch agent@undercloud.ooo.test _set_version /usr/lib/python3.9/site-packages/neutron/api/rpc/callbacks/version_manager.py:113
2026-06-14 07:44:29.807 15 DEBUG neutron.api.rpc.callbacks.version_manager [req-9a39a893-d883-4cd7-8816-519d36d05e3a 5a07da677bd242a2b9666a8ea5df205e 40a1e1e24b7441d39fcb4db13e68186a - - -] Version for resource type Subnet changed None to 1.1 on consumer Open vSwitch agent@undercloud.ooo.test _set_version /usr/lib/python3.9/site-packages/neutron/api/rpc/callbacks/version_manager.py:113
2026-06-14 07:44:29.807 15 DEBUG neutron.api.rpc.callbacks.version_manager [req-9a39a893-d883-4cd7-8816-519d36d05e3a 5a07da677bd242a2b9666a8ea5df205e 40a1e1e24b7441d39fcb4db13e68186a - - -] Version for resource type Trunk changed None to 1.1 on consumer Open vSwitch agent@undercloud.ooo.test _set_version /usr/lib/python3.9/site-packages/neutron/api/rpc/callbacks/version_manager.py:113
2026-06-14 07:44:29.807 15 DEBUG neutron.api.rpc.callbacks.version_manager [req-9a39a893-d883-4cd7-8816-519d36d05e3a 5a07da677bd242a2b9666a8ea5df205e 40a1e1e24b7441d39fcb4db13e68186a - - -] Tracked resource versions report: pushed versions: { 'AddressGroup': {'1.2'}, 'ConntrackHelper': {'1.0'}, 'Log': {'1.0'}, 'Network': {'1.1'}, 'Port': {'1.7'}, 'PortForwarding': {'1.2'}, 'QosPolicy': {'1.8'}, 'SecurityGroup': {'1.5'}, 'SecurityGroupRule': {'1.2'}, 'SubPort': {'1.0'}, 'Subnet': {'1.1'}, 'Trunk': {'1.1'}} consumer versions: { DHCP agent@undercloud.ooo.test: {}, L3 agent@undercloud.ooo.test: {}, Open vSwitch agent@undercloud.ooo.test: { 'AddressGroup': '1.2', 'ConntrackHelper': '1.0', 'Log': '1.0', 'Network': '1.1', 'Port': '1.7', 'PortForwarding': '1.2', 'QosPolicy': '1.8', 'SecurityGroup': '1.5', 'SecurityGroupRule': '1.2', 'SubPort': '1.0', 'Subnet': '1.1', 'Trunk': '1.1'}} report /usr/lib/python3.9/site-packages/neutron/api/rpc/callbacks/version_manager.py:175
2026-06-14 07:44:29.820 15 DEBUG neutron.services.segments.db [req-9a39a893-d883-4cd7-8816-519d36d05e3a 5a07da677bd242a2b9666a8ea5df205e 40a1e1e24b7441d39fcb4db13e68186a - default default] Segment c5a97192-d92c-42a5-a0eb-6c4bb03b783c mapped to the hosts {'undercloud.ooo.test'} map_segment_to_hosts /usr/lib/python3.9/site-packages/neutron/services/segments/db.py:339
2026-06-14 07:44:29.820 15 INFO neutron.db.segments_db [req-9a39a893-d883-4cd7-8816-519d36d05e3a 5a07da677bd242a2b9666a8ea5df205e 40a1e1e24b7441d39fcb4db13e68186a - default default] Added segment c5a97192-d92c-42a5-a0eb-6c4bb03b783c of type flat for network 89565882-a75d-4d6c-8849-7a13152dbdfa
2026-06-14 07:44:29.857 15 DEBUG neutron_lib.callbacks.manager [req-9a39a893-d883-4cd7-8816-519d36d05e3a 5a07da677bd242a2b9666a8ea5df205e 40a1e1e24b7441d39fcb4db13e68186a - default default] Notify callbacks ['neutron.services.auto_allocate.db._ensure_external_network_default_value_callback-8786095560735'] for network, precommit_create _notify_loop /usr/lib/python3.9/site-packages/neutron_lib/callbacks/manager.py:200
2026-06-14 07:44:29.877 15 DEBUG neutron_lib.callbacks.manager [req-9a39a893-d883-4cd7-8816-519d36d05e3a 5a07da677bd242a2b9666a8ea5df205e 40a1e1e24b7441d39fcb4db13e68186a - default default] Notify callbacks ['neutron.plugins.ml2.ovo_rpc._ObjectChangeHandler.handle_event-3729486', 'neutron.api.rpc.agentnotifiers.dhcp_rpc_agent_api.DhcpAgentNotifyAPI._native_event_send_dhcp_notification-4096141'] for network, after_create _notify_loop /usr/lib/python3.9/site-packages/neutron_lib/callbacks/manager.py:200
2026-06-14 07:44:29.878 15 DEBUG neutron.pecan_wsgi.hooks.policy_enforcement [req-9a39a893-d883-4cd7-8816-519d36d05e3a 5a07da677bd242a2b9666a8ea5df205e 40a1e1e24b7441d39fcb4db13e68186a - default default] Attributes excluded by policy engine: ['standard_attr_id', 'vlan_transparent'] _exclude_attributes_by_policy /usr/lib/python3.9/site-packages/neutron/pecan_wsgi/hooks/policy_enforcement.py:259
2026-06-14 07:44:29.878 15 DEBUG neutron_lib.callbacks.manager [req-9a39a893-d883-4cd7-8816-519d36d05e3a 5a07da677bd242a2b9666a8ea5df205e 40a1e1e24b7441d39fcb4db13e68186a - default default] Notify callbacks ['neutron.api.rpc.agentnotifiers.dhcp_rpc_agent_api.DhcpAgentNotifyAPI._send_dhcp_notification-4096191'] for network, before_response _notify_loop /usr/lib/python3.9/site-packages/neutron_lib/callbacks/manager.py:200
2026-06-14 07:44:29.920 15 INFO neutron.wsgi [req-9a39a893-d883-4cd7-8816-519d36d05e3a 5a07da677bd242a2b9666a8ea5df205e 40a1e1e24b7441d39fcb4db13e68186a - default default] 192.168.122.99,192.168.122.100 "POST /v2.0/networks HTTP/1.1" status: 201 len: 881 time: 0.2283828
2026-06-14 07:44:29.923 15 DEBUG neutron.api.rpc.handlers.resources_rpc [req-9a39a893-d883-4cd7-8816-519d36d05e3a 5a07da677bd242a2b9666a8ea5df205e 40a1e1e24b7441d39fcb4db13e68186a - - -] Pushing event updated for resources: {'Network': ['ID=89565882-a75d-4d6c-8849-7a13152dbdfa,revision_number=1']} push /usr/lib/python3.9/site-packages/neutron/api/rpc/handlers/resources_rpc.py:237
2026-06-14 07:44:29.935 22 DEBUG neutron.plugins.ml2.rpc [req-1c3ca8e8-cb07-4744-a0d9-2eae05b473d3 - - - - -] Network 89565882-a75d-4d6c-8849-7a13152dbdfa details requested by agent ovs-agent-undercloud.ooo.test with host undercloud.ooo.test get_network_details /usr/lib/python3.9/site-packages/neutron/plugins/ml2/rpc.py:232
2026-06-14 07:44:29.942 15 INFO neutron.wsgi [req-431c92a6-c6ce-4ef9-95a8-5d63307d8013 5a07da677bd242a2b9666a8ea5df205e 40a1e1e24b7441d39fcb4db13e68186a - default default] 192.168.122.99,192.168.122.100 "GET /v2.0/subnets?cidr=192.168.122.0%2F24&network_id=89565882-a75d-4d6c-8849-7a13152dbdfa HTTP/1.1" status: 200 len: 188 time: 0.0163994
2026-06-14 07:44:29.948 15 DEBUG neutron.services.segments.db [req-7aa261c7-93db-41dc-bfc0-ee4ce613f8f1 5a07da677bd242a2b9666a8ea5df205e 40a1e1e24b7441d39fcb4db13e68186a - default default] neutron.services.segments.plugin.Plugin method get_segments called with arguments (,) {'filters': {'network_id': ['89565882-a75d-4d6c-8849-7a13152dbdfa'], 'physical_network': ['ctlplane']}, 'fields': [], 'sorts': [('id', True)], 'limit': None, 'marker': None, 'page_reverse': False} wrapper /usr/lib/python3.9/site-packages/oslo_log/helpers.py:65
2026-06-14 07:44:29.957 15 INFO neutron.wsgi [req-7aa261c7-93db-41dc-bfc0-ee4ce613f8f1 5a07da677bd242a2b9666a8ea5df205e 40a1e1e24b7441d39fcb4db13e68186a - default default] 192.168.122.99,192.168.122.100 "GET /v2.0/segments?network_id=89565882-a75d-4d6c-8849-7a13152dbdfa&physical_network=ctlplane HTTP/1.1" status: 200 len: 505 time: 0.0103583
2026-06-14 07:44:29.964 15 DEBUG neutron.api.v2.base [req-c5fb8b97-8f0d-451b-b01b-5a6a19c17199 5a07da677bd242a2b9666a8ea5df205e 40a1e1e24b7441d39fcb4db13e68186a - default default] Request body: {'subnet': {'host_routes': [], 'segment_id': None, 'allocation_pools': [{'end': '192.168.122.130', 'start': '192.168.122.110'}], 'gateway_ip': '192.168.122.10', 'ip_version': '4', 'dns_nameservers': ['192.168.122.10'], 'cidr': '192.168.122.0/24', 'name': 'ctlplane-subnet', 'network_id': '89565882-a75d-4d6c-8849-7a13152dbdfa', 'enable_dhcp': True}} prepare_request_body /usr/lib/python3.9/site-packages/neutron/api/v2/base.py:729
2026-06-14 07:44:29.977 15 DEBUG neutron.pecan_wsgi.hooks.quota_enforcement [req-c5fb8b97-8f0d-451b-b01b-5a6a19c17199 5a07da677bd242a2b9666a8ea5df205e 40a1e1e24b7441d39fcb4db13e68186a - default default] Made reservation on behalf of 40a1e1e24b7441d39fcb4db13e68186a for: {'subnet': 1} before /usr/lib/python3.9/site-packages/neutron/pecan_wsgi/hooks/quota_enforcement.py:53
2026-06-14 07:44:29.978 15 DEBUG neutron_lib.callbacks.manager [req-c5fb8b97-8f0d-451b-b01b-5a6a19c17199 5a07da677bd242a2b9666a8ea5df205e 40a1e1e24b7441d39fcb4db13e68186a - default default] Notify callbacks ['neutron.services.segments.plugin.SegmentHostRoutes.host_routes_before_create-3797988'] for subnet, before_create _notify_loop /usr/lib/python3.9/site-packages/neutron_lib/callbacks/manager.py:200
2026-06-14 07:44:30.010 15 DEBUG neutron.db.ipam_backend_mixin [req-c5fb8b97-8f0d-451b-b01b-5a6a19c17199 5a07da677bd242a2b9666a8ea5df205e 40a1e1e24b7441d39fcb4db13e68186a - default default] Performing IP validity checks on allocation pools validate_allocation_pools /usr/lib/python3.9/site-packages/neutron/db/ipam_backend_mixin.py:314
2026-06-14 07:44:30.011 15 DEBUG neutron.db.ipam_backend_mixin [req-c5fb8b97-8f0d-451b-b01b-5a6a19c17199 5a07da677bd242a2b9666a8ea5df205e 40a1e1e24b7441d39fcb4db13e68186a - default default] Checking for overlaps among allocation pools and gateway ip validate_allocation_pools /usr/lib/python3.9/site-packages/neutron/db/ipam_backend_mixin.py:335
2026-06-14 07:44:30.087 15 DEBUG neutron_lib.callbacks.manager [req-c5fb8b97-8f0d-451b-b01b-5a6a19c17199 5a07da677bd242a2b9666a8ea5df205e 40a1e1e24b7441d39fcb4db13e68186a - default default] Notify callbacks ['neutron.plugins.ml2.ovo_rpc._ObjectChangeHandler.handle_event-3729557', 'neutron.api.rpc.agentnotifiers.dhcp_rpc_agent_api.DhcpAgentNotifyAPI._native_event_send_dhcp_notification-4096141', 'neutron.services.segments.plugin.NovaSegmentNotifier._notify_subnet_created-4131134', 'neutron.services.segments.plugin.SegmentHostRoutes.host_routes_after_create-3797022'] for subnet, after_create _notify_loop /usr/lib/python3.9/site-packages/neutron_lib/callbacks/manager.py:200
2026-06-14 07:44:30.121 15 DEBUG neutron.api.rpc.handlers.resources_rpc [req-c5fb8b97-8f0d-451b-b01b-5a6a19c17199 5a07da677bd242a2b9666a8ea5df205e 40a1e1e24b7441d39fcb4db13e68186a - - -] Pushing event updated for resources: {'Subnet': ['ID=f87bfb17-3885-44b8-a4c3-1968c719088a,revision_number=0']} push /usr/lib/python3.9/site-packages/neutron/api/rpc/handlers/resources_rpc.py:237
2026-06-14 07:44:30.126 15 DEBUG neutron.plugins.ml2.drivers.mech_agent [req-c5fb8b97-8f0d-451b-b01b-5a6a19c17199 5a07da677bd242a2b9666a8ea5df205e 40a1e1e24b7441d39fcb4db13e68186a - default default] Checking segment: {'id': 'c5a97192-d92c-42a5-a0eb-6c4bb03b783c', 'network_type': 'flat', 'physical_network': 'ctlplane', 'segmentation_id': None, 'network_id': '89565882-a75d-4d6c-8849-7a13152dbdfa'} for mappings: {'ctlplane': 'br-ctlplane'} with network types: ['local', 'flat', 'vlan'] check_segment_for_agent /usr/lib/python3.9/site-packages/neutron/plugins/ml2/drivers/mech_agent.py:343
2026-06-14 07:44:30.126 15 DEBUG neutron.scheduler.dhcp_agent_scheduler [req-c5fb8b97-8f0d-451b-b01b-5a6a19c17199 5a07da677bd242a2b9666a8ea5df205e 40a1e1e24b7441d39fcb4db13e68186a - default default] Network hostable DHCP agents. Network: 89565882-a75d-4d6c-8849-7a13152dbdfa, hostable agents: ['91531672-62eb-46b7-994c-df559bcea1b6'], hosted agents: [] _get_network_hostable_dhcp_agents /usr/lib/python3.9/site-packages/neutron/scheduler/dhcp_agent_scheduler.py:329
2026-06-14 07:44:30.137 15 DEBUG neutron.scheduler.dhcp_agent_scheduler [req-c5fb8b97-8f0d-451b-b01b-5a6a19c17199 5a07da677bd242a2b9666a8ea5df205e 40a1e1e24b7441d39fcb4db13e68186a - default default] Network 89565882-a75d-4d6c-8849-7a13152dbdfa is scheduled to be hosted by DHCP agent 91531672-62eb-46b7-994c-df559bcea1b6 with binding_index 1 bind /usr/lib/python3.9/site-packages/neutron/scheduler/dhcp_agent_scheduler.py:227
2026-06-14 07:44:30.142 15 DEBUG neutron.scheduler.base_scheduler [req-c5fb8b97-8f0d-451b-b01b-5a6a19c17199 5a07da677bd242a2b9666a8ea5df205e 40a1e1e24b7441d39fcb4db13e68186a - default default] Resources bound (agent type, host, resource id): (DHCP agent, undercloud.ooo.test, 89565882-a75d-4d6c-8849-7a13152dbdfa) schedule /usr/lib/python3.9/site-packages/neutron/scheduler/base_scheduler.py:57
2026-06-14 07:44:30.145 15 DEBUG neutron.pecan_wsgi.hooks.policy_enforcement [req-c5fb8b97-8f0d-451b-b01b-5a6a19c17199 5a07da677bd242a2b9666a8ea5df205e 40a1e1e24b7441d39fcb4db13e68186a - default default] Attributes excluded by policy engine: ['standard_attr_id', 'shared', 'network'] _exclude_attributes_by_policy /usr/lib/python3.9/site-packages/neutron/pecan_wsgi/hooks/policy_enforcement.py:259
2026-06-14 07:44:30.145 15 DEBUG neutron_lib.callbacks.manager [req-c5fb8b97-8f0d-451b-b01b-5a6a19c17199 5a07da677bd242a2b9666a8ea5df205e 40a1e1e24b7441d39fcb4db13e68186a - default default] Notify callbacks ['neutron.api.rpc.agentnotifiers.dhcp_rpc_agent_api.DhcpAgentNotifyAPI._send_dhcp_notification-4096191'] for subnet, before_response _notify_loop /usr/lib/python3.9/site-packages/neutron_lib/callbacks/manager.py:200
2026-06-14 07:44:30.151 20 DEBUG neutron.api.rpc.handlers.dhcp_rpc [req-c824dff8-b2a8-41d7-9a5a-ea6a9514a959 - - - - -] Network 89565882-a75d-4d6c-8849-7a13152dbdfa requested from undercloud.ooo.test get_network_info /usr/lib/python3.9/site-packages/neutron/api/rpc/handlers/dhcp_rpc.py:213
2026-06-14 07:44:30.155 15 INFO neutron.wsgi [req-c5fb8b97-8f0d-451b-b01b-5a6a19c17199 5a07da677bd242a2b9666a8ea5df205e 40a1e1e24b7441d39fcb4db13e68186a - default default] 192.168.122.99,192.168.122.100 "POST /v2.0/subnets HTTP/1.1" status: 201 len: 847 time: 0.1922576
2026-06-14 07:44:30.162 15 DEBUG neutron.services.tag.tag_plugin [req-75a4c2df-66de-4b4c-be48-8aa2cdcb28bb 5a07da677bd242a2b9666a8ea5df205e 40a1e1e24b7441d39fcb4db13e68186a - default default] neutron.services.tag.tag_plugin.TagPlugin method update_tags called with arguments (, 'networks', '89565882-a75d-4d6c-8849-7a13152dbdfa', {'tags': ['192.168.122.0/24']}) {} wrapper /usr/lib/python3.9/site-packages/oslo_log/helpers.py:65
2026-06-14 07:44:30.227 15 INFO neutron.wsgi [req-75a4c2df-66de-4b4c-be48-8aa2cdcb28bb 5a07da677bd242a2b9666a8ea5df205e 40a1e1e24b7441d39fcb4db13e68186a - default default] 192.168.122.99,192.168.122.100 "PUT /v2.0/networks/89565882-a75d-4d6c-8849-7a13152dbdfa/tags HTTP/1.1" status: 200 len: 204 time: 0.0665829
2026-06-14 07:44:30.379 21 DEBUG neutron.api.rpc.handlers.dhcp_rpc [req-8abcb8ab-bf9a-4e0e-bf77-05986328a303 - - - - -] Create dhcp port {'port': {'name': '', 'admin_state_up': True, 'device_id': 'dhcp4ffb0b0c-492f-50f3-b91f-5f97b4a206be-89565882-a75d-4d6c-8849-7a13152dbdfa', 'network_id': '89565882-a75d-4d6c-8849-7a13152dbdfa', 'tenant_id': '40a1e1e24b7441d39fcb4db13e68186a', 'fixed_ips': [{'subnet_id': 'f87bfb17-3885-44b8-a4c3-1968c719088a'}]}} from undercloud.ooo.test. create_dhcp_port /usr/lib/python3.9/site-packages/neutron/api/rpc/handlers/dhcp_rpc.py:279
2026-06-14 07:44:30.381 21 DEBUG neutron_lib.callbacks.manager [req-8abcb8ab-bf9a-4e0e-bf77-05986328a303 - - - - -] Notify callbacks ['neutron.plugins.ml2.plugin.SecurityGroupDbMixin._ensure_default_security_group_handler-557573'] for port, before_create _notify_loop /usr/lib/python3.9/site-packages/neutron_lib/callbacks/manager.py:200
2026-06-14 07:44:30.510 21 DEBUG neutron.db.db_base_plugin_common [req-8abcb8ab-bf9a-4e0e-bf77-05986328a303 - - - - -] Allocated IP 192.168.122.110 (89565882-a75d-4d6c-8849-7a13152dbdfa/f87bfb17-3885-44b8-a4c3-1968c719088a/20803814-641a-416a-853d-5eb4556311f4) _store_ip_allocation /usr/lib/python3.9/site-packages/neutron/db/db_base_plugin_common.py:131
2026-06-14 07:44:30.613 21 DEBUG neutron_lib.callbacks.manager [req-8abcb8ab-bf9a-4e0e-bf77-05986328a303 - - - - -] Notify callbacks [] for allowed_address_pair, before_create _notify_loop /usr/lib/python3.9/site-packages/neutron_lib/callbacks/manager.py:200
2026-06-14 07:44:30.615 21 DEBUG neutron_lib.callbacks.manager [req-8abcb8ab-bf9a-4e0e-bf77-05986328a303 - - - - -] Notify callbacks [] for port, precommit_create _notify_loop /usr/lib/python3.9/site-packages/neutron_lib/callbacks/manager.py:200
2026-06-14 07:44:30.621 21 DEBUG neutron.db.provisioning_blocks [req-8abcb8ab-bf9a-4e0e-bf77-05986328a303 - - - - -] Transition to ACTIVE for port object 20803814-641a-416a-853d-5eb4556311f4 will not be triggered until provisioned by entity L2. add_provisioning_component /usr/lib/python3.9/site-packages/neutron/db/provisioning_blocks.py:74
2026-06-14 07:44:30.629 21 DEBUG neutron.db.provisioning_blocks [req-8abcb8ab-bf9a-4e0e-bf77-05986328a303 - - - - -] Transition to ACTIVE for port object 20803814-641a-416a-853d-5eb4556311f4 will not be triggered until provisioned by entity DHCP. add_provisioning_component /usr/lib/python3.9/site-packages/neutron/db/provisioning_blocks.py:74
2026-06-14 07:44:30.634 21 DEBUG neutron_lib.callbacks.manager [req-8abcb8ab-bf9a-4e0e-bf77-05986328a303 - - - - -] Notify callbacks ['neutron.plugins.ml2.plugin.SecurityGroupServerNotifierRpcMixin.notify_sg_on_port_change-554061', 'neutron.plugins.ml2.extensions.dns_integration._create_port_in_external_dns_service-8786096090817', 'neutron.plugins.ml2.ovo_rpc._ObjectChangeHandler.handle_event-347148', 'neutron.api.rpc.agentnotifiers.dhcp_rpc_agent_api.DhcpAgentNotifyAPI._native_event_send_dhcp_notification-4096141', 'neutron.services.segments.plugin.NovaSegmentNotifier._notify_port_created_or_deleted-4131249'] for port, after_create _notify_loop /usr/lib/python3.9/site-packages/neutron_lib/callbacks/manager.py:200
2026-06-14 07:44:30.656 21 DEBUG neutron.scheduler.dhcp_agent_scheduler [req-8abcb8ab-bf9a-4e0e-bf77-05986328a303 - - - - -] Network 89565882-a75d-4d6c-8849-7a13152dbdfa is already hosted by enough agents. _get_dhcp_agents_hosting_network /usr/lib/python3.9/site-packages/neutron/scheduler/dhcp_agent_scheduler.py:275
2026-06-14 07:44:30.657 21 DEBUG neutron.scheduler.base_scheduler [req-8abcb8ab-bf9a-4e0e-bf77-05986328a303 - - - - -] Resources bound (agent type, host, resource id): schedule /usr/lib/python3.9/site-packages/neutron/scheduler/base_scheduler.py:57
2026-06-14 07:44:30.673 21 DEBUG neutron.plugins.ml2.managers [req-8abcb8ab-bf9a-4e0e-bf77-05986328a303 - - - - -] Attempting to bind port 20803814-641a-416a-853d-5eb4556311f4 on host undercloud.ooo.test for vnic_type normal with profile bind_port /usr/lib/python3.9/site-packages/neutron/plugins/ml2/managers.py:806
2026-06-14 07:44:30.673 21 DEBUG neutron.plugins.ml2.managers [req-8abcb8ab-bf9a-4e0e-bf77-05986328a303 - - - - -] Attempting to bind port 20803814-641a-416a-853d-5eb4556311f4 by drivers openvswitch,baremetal on host undercloud.ooo.test at level 0 using segments [{'id': 'c5a97192-d92c-42a5-a0eb-6c4bb03b783c', 'network_type': 'flat', 'physical_network': 'ctlplane', 'segmentation_id': None, 'network_id': '89565882-a75d-4d6c-8849-7a13152dbdfa'}] _bind_port_level /usr/lib/python3.9/site-packages/neutron/plugins/ml2/managers.py:831
2026-06-14 07:44:30.673 21 DEBUG neutron.plugins.ml2.drivers.mech_agent [req-8abcb8ab-bf9a-4e0e-bf77-05986328a303 - - - - -] Attempting to bind port 20803814-641a-416a-853d-5eb4556311f4 on network 89565882-a75d-4d6c-8849-7a13152dbdfa bind_port /usr/lib/python3.9/site-packages/neutron/plugins/ml2/drivers/mech_agent.py:86
2026-06-14 07:44:30.676 21 DEBUG neutron.api.rpc.handlers.resources_rpc [req-8abcb8ab-bf9a-4e0e-bf77-05986328a303 - - - - -] Pushing event updated for resources: {'Port': ['ID=20803814-641a-416a-853d-5eb4556311f4,revision_number=1']} push /usr/lib/python3.9/site-packages/neutron/api/rpc/handlers/resources_rpc.py:237
2026-06-14 07:44:30.678 21 DEBUG neutron.plugins.ml2.drivers.mech_agent [req-8abcb8ab-bf9a-4e0e-bf77-05986328a303 - - - - -] Checking agent: {'id': '316da5f1-d08f-4c1b-9e74-16632656c47a', 'agent_type': 'Open vSwitch agent', 'binary': 'neutron-openvswitch-agent', 'topic': 'N/A', 'host': 'undercloud.ooo.test', 'admin_state_up': True, 'created_at': datetime.datetime(2026, 6, 14, 7, 43, 4), 'started_at': datetime.datetime(2026, 6, 14, 7, 43, 4), 'heartbeat_timestamp': datetime.datetime(2026, 6, 14, 7, 43, 4), 'description': None, 'resources_synced': None, 'availability_zone': None, 'alive': True, 'configurations': {'arp_responder_enabled': False, 'baremetal_smartnic': False, 'bridge_mappings': {'ctlplane': 'br-ctlplane'}, 'datapath_type': 'system', 'devices': 0, 'enable_distributed_routing': False, 'extensions': [], 'in_distributed_mode': False, 'integration_bridge': 'br-int', 'l2_population': False, 'log_agent_heartbeats': False, 'ovs_capabilities': {'datapath_types': ['netdev', 'system'], 'iface_types': ['bareudp', 'erspan', 'geneve', 'gre', 'gtpu', 'internal', 'ip6erspan', 'ip6gre', 'lisp', 'patch', 'srv6', 'stt', 'system', 'tap', 'vxlan']}, 'ovs_hybrid_plug': True, 'resource_provider_bandwidths': {}, 'resource_provider_hypervisors': {'br-ctlplane': 'undercloud.ooo.test'}, 'resource_provider_inventory_defaults': {'allocation_ratio': 1.0, 'min_unit': 1, 'step_size': 1, 'reserved': 0}, 'tunnel_types': [], 'tunneling_ip': None, 'vhostuser_socket_dir': '/var/run/openvswitch'}, 'resource_versions': {'AddressGroup': '1.2', 'ConntrackHelper': '1.0', 'Log': '1.0', 'Network': '1.1', 'Port': '1.7', 'PortForwarding': '1.2', 'QosPolicy': '1.8', 'SecurityGroup': '1.5', 'SecurityGroupRule': '1.2', 'SubPort': '1.0', 'Subnet': '1.1', 'Trunk': '1.1'}} bind_port /usr/lib/python3.9/site-packages/neutron/plugins/ml2/drivers/mech_agent.py:105
2026-06-14 07:44:30.678 21 DEBUG neutron.plugins.ml2.drivers.mech_agent [req-8abcb8ab-bf9a-4e0e-bf77-05986328a303 - - - - -] Checking segment: {'id': 'c5a97192-d92c-42a5-a0eb-6c4bb03b783c', 'network_type': 'flat', 'physical_network': 'ctlplane', 'segmentation_id': None, 'network_id': '89565882-a75d-4d6c-8849-7a13152dbdfa'} for mappings: {'ctlplane': 'br-ctlplane'} with network types: ['local', 'flat', 'vlan'] check_segment_for_agent /usr/lib/python3.9/site-packages/neutron/plugins/ml2/drivers/mech_agent.py:343
2026-06-14 07:44:30.679 21 DEBUG neutron_lib.callbacks.manager [req-8abcb8ab-bf9a-4e0e-bf77-05986328a303 - - - - -] Notify callbacks [] for ovs_bridge_name, before_read _notify_loop /usr/lib/python3.9/site-packages/neutron_lib/callbacks/manager.py:200
2026-06-14 07:44:30.679 21 DEBUG neutron.plugins.ml2.drivers.mech_agent [req-8abcb8ab-bf9a-4e0e-bf77-05986328a303 - - - - -] Bound using segment: {'id': 'c5a97192-d92c-42a5-a0eb-6c4bb03b783c', 'network_type': 'flat', 'physical_network': 'ctlplane', 'segmentation_id': None, 'network_id': '89565882-a75d-4d6c-8849-7a13152dbdfa'} bind_port /usr/lib/python3.9/site-packages/neutron/plugins/ml2/drivers/mech_agent.py:115
2026-06-14 07:44:30.679 21 DEBUG neutron.plugins.ml2.managers [req-8abcb8ab-bf9a-4e0e-bf77-05986328a303 - - - - -] Bound port: 20803814-641a-416a-853d-5eb4556311f4, host: undercloud.ooo.test, vif_type: ovs, vif_details: {"connectivity": "l2", "port_filter": true, "ovs_hybrid_plug": true, "datapath_type": "system", "bridge_name": "br-int"}, binding_levels: [{'bound_driver': 'openvswitch', 'bound_segment': {'id': 'c5a97192-d92c-42a5-a0eb-6c4bb03b783c', 'network_type': 'flat', 'physical_network': 'ctlplane', 'segmentation_id': None, 'network_id': '89565882-a75d-4d6c-8849-7a13152dbdfa'}}] _bind_port_level /usr/lib/python3.9/site-packages/neutron/plugins/ml2/managers.py:944
2026-06-14 07:44:30.679 21 DEBUG neutron_lib.callbacks.manager [req-8abcb8ab-bf9a-4e0e-bf77-05986328a303 - - - - -] Notify callbacks ['neutron.plugins.ml2.plugin.SecurityGroupDbMixin._ensure_default_security_group_handler-557573'] for port, before_update _notify_loop /usr/lib/python3.9/site-packages/neutron_lib/callbacks/manager.py:200
2026-06-14 07:44:30.687 21 DEBUG neutron.api.rpc.callbacks.version_manager [req-8abcb8ab-bf9a-4e0e-bf77-05986328a303 - - - - -] Version for resource type AddressGroup changed None to 1.2 on consumer Open vSwitch agent@undercloud.ooo.test _set_version /usr/lib/python3.9/site-packages/neutron/api/rpc/callbacks/version_manager.py:113
2026-06-14 07:44:30.687 21 DEBUG neutron.api.rpc.callbacks.version_manager [req-8abcb8ab-bf9a-4e0e-bf77-05986328a303 - - - - -] Version for resource type ConntrackHelper changed None to 1.0 on consumer Open vSwitch agent@undercloud.ooo.test _set_version /usr/lib/python3.9/site-packages/neutron/api/rpc/callbacks/version_manager.py:113
2026-06-14 07:44:30.687 21 DEBUG neutron.api.rpc.callbacks.version_manager [req-8abcb8ab-bf9a-4e0e-bf77-05986328a303 - - - - -] Version for resource type Log changed None to 1.0 on consumer Open vSwitch agent@undercloud.ooo.test _set_version /usr/lib/python3.9/site-packages/neutron/api/rpc/callbacks/version_manager.py:113
2026-06-14 07:44:30.687 21 DEBUG neutron.api.rpc.callbacks.version_manager [req-8abcb8ab-bf9a-4e0e-bf77-05986328a303 - - - - -] Version for resource type Network changed None to 1.1 on consumer Open vSwitch agent@undercloud.ooo.test _set_version /usr/lib/python3.9/site-packages/neutron/api/rpc/callbacks/version_manager.py:113
2026-06-14 07:44:30.687 21 DEBUG neutron.api.rpc.callbacks.version_manager [req-8abcb8ab-bf9a-4e0e-bf77-05986328a303 - - - - -] Version for resource type Port changed None to 1.7 on consumer Open vSwitch agent@undercloud.ooo.test _set_version /usr/lib/python3.9/site-packages/neutron/api/rpc/callbacks/version_manager.py:113
2026-06-14 07:44:30.687 21 DEBUG neutron.api.rpc.callbacks.version_manager [req-8abcb8ab-bf9a-4e0e-bf77-05986328a303 - - - - -] Version for resource type PortForwarding changed None to 1.2 on consumer Open vSwitch agent@undercloud.ooo.test _set_version /usr/lib/python3.9/site-packages/neutron/api/rpc/callbacks/version_manager.py:113
2026-06-14 07:44:30.688 21 DEBUG neutron.api.rpc.callbacks.version_manager [req-8abcb8ab-bf9a-4e0e-bf77-05986328a303 - - - - -] Version for resource type QosPolicy changed None to 1.8 on consumer Open vSwitch agent@undercloud.ooo.test _set_version /usr/lib/python3.9/site-packages/neutron/api/rpc/callbacks/version_manager.py:113
2026-06-14 07:44:30.688 21 DEBUG neutron.api.rpc.callbacks.version_manager [req-8abcb8ab-bf9a-4e0e-bf77-05986328a303 - - - - -] Version for resource type SecurityGroup changed None to 1.5 on consumer Open vSwitch agent@undercloud.ooo.test _set_version /usr/lib/python3.9/site-packages/neutron/api/rpc/callbacks/version_manager.py:113
2026-06-14 07:44:30.688 21 DEBUG neutron.api.rpc.callbacks.version_manager [req-8abcb8ab-bf9a-4e0e-bf77-05986328a303 - - - - -] Version for resource type SecurityGroupRule changed None to 1.2 on consumer Open vSwitch agent@undercloud.ooo.test _set_version /usr/lib/python3.9/site-packages/neutron/api/rpc/callbacks/version_manager.py:113
2026-06-14 07:44:30.688 21 DEBUG neutron.api.rpc.callbacks.version_manager [req-8abcb8ab-bf9a-4e0e-bf77-05986328a303 - - - - -] Version for resource type SubPort changed None to 1.0 on consumer Open vSwitch agent@undercloud.ooo.test _set_version /usr/lib/python3.9/site-packages/neutron/api/rpc/callbacks/version_manager.py:113
2026-06-14 07:44:30.688 21 DEBUG neutron.api.rpc.callbacks.version_manager [req-8abcb8ab-bf9a-4e0e-bf77-05986328a303 - - - - -] Version for resource type Subnet changed None to 1.1 on consumer Open vSwitch agent@undercloud.ooo.test _set_version /usr/lib/python3.9/site-packages/neutron/api/rpc/callbacks/version_manager.py:113
2026-06-14 07:44:30.688 21 DEBUG neutron.api.rpc.callbacks.version_manager [req-8abcb8ab-bf9a-4e0e-bf77-05986328a303 - - - - -] Version for resource type Trunk changed None to 1.1 on consumer Open vSwitch agent@undercloud.ooo.test _set_version /usr/lib/python3.9/site-packages/neutron/api/rpc/callbacks/version_manager.py:113
2026-06-14 07:44:30.689 21 DEBUG neutron.api.rpc.callbacks.version_manager [req-8abcb8ab-bf9a-4e0e-bf77-05986328a303 - - - - -] Tracked resource versions report: pushed versions: { 'AddressGroup': {'1.2'}, 'ConntrackHelper': {'1.0'}, 'Log': {'1.0'}, 'Network': {'1.1'}, 'Port': {'1.7'}, 'PortForwarding': {'1.2'}, 'QosPolicy': {'1.8'}, 'SecurityGroup': {'1.5'}, 'SecurityGroupRule': {'1.2'}, 'SubPort': {'1.0'}, 'Subnet': {'1.1'}, 'Trunk': {'1.1'}} consumer versions: { DHCP agent@undercloud.ooo.test: {}, L3 agent@undercloud.ooo.test: {}, Open vSwitch agent@undercloud.ooo.test: { 'AddressGroup': '1.2', 'ConntrackHelper': '1.0', 'Log': '1.0', 'Network': '1.1', 'Port': '1.7', 'PortForwarding': '1.2', 'QosPolicy': '1.8', 'SecurityGroup': '1.5', 'SecurityGroupRule': '1.2', 'SubPort': '1.0', 'Subnet': '1.1', 'Trunk': '1.1'}} report /usr/lib/python3.9/site-packages/neutron/api/rpc/callbacks/version_manager.py:175
2026-06-14 07:44:30.733 21 DEBUG neutron.plugins.ml2.db [req-8abcb8ab-bf9a-4e0e-bf77-05986328a303 - - - - -] For port 20803814-641a-416a-853d-5eb4556311f4, host undercloud.ooo.test, cleared binding levels clear_binding_levels /usr/lib/python3.9/site-packages/neutron/plugins/ml2/db.py:88
2026-06-14 07:44:30.735 21 DEBUG neutron.plugins.ml2.db [req-8abcb8ab-bf9a-4e0e-bf77-05986328a303 - - - - -] For port 20803814-641a-416a-853d-5eb4556311f4, host undercloud.ooo.test, set binding levels [PortBindingLevel(driver='openvswitch',host='undercloud.ooo.test',level=0,port_id=20803814-641a-416a-853d-5eb4556311f4,segment=NetworkSegment(c5a97192-d92c-42a5-a0eb-6c4bb03b783c),segment_id=c5a97192-d92c-42a5-a0eb-6c4bb03b783c)] set_binding_levels /usr/lib/python3.9/site-packages/neutron/plugins/ml2/db.py:60
2026-06-14 07:44:30.737 21 DEBUG neutron_lib.callbacks.manager [req-8abcb8ab-bf9a-4e0e-bf77-05986328a303 - - - - -] Notify callbacks ['neutron.plugins.ml2.plugin.SecurityGroupServerNotifierRpcMixin.notify_sg_on_port_change-554061', 'neutron.plugins.ml2.extensions.dns_integration._update_port_in_external_dns_service-8786096090844', 'neutron.plugins.ml2.ovo_rpc._ObjectChangeHandler.handle_event-347148', 'neutron.api.rpc.agentnotifiers.dhcp_rpc_agent_api.DhcpAgentNotifyAPI._native_event_send_dhcp_notification-4096141', 'neutron.db.l3_db.L3RpcNotifierMixin._notify_gateway_port_ip_changed-8786096128413', 'neutron.db.l3_hascheduler_db._notify_l3_agent_ha_port_update-8786095628337', 'neutron.services.segments.plugin.NovaSegmentNotifier._notify_port_updated-4131246'] for port, after_update _notify_loop /usr/lib/python3.9/site-packages/neutron_lib/callbacks/manager.py:200
2026-06-14 07:44:30.770 21 DEBUG neutron.api.rpc.handlers.resources_rpc [req-8abcb8ab-bf9a-4e0e-bf77-05986328a303 - - - - -] Pushing event updated for resources: {'Port': ['ID=20803814-641a-416a-853d-5eb4556311f4,revision_number=2']} push /usr/lib/python3.9/site-packages/neutron/api/rpc/handlers/resources_rpc.py:237
2026-06-14 07:44:31.605 16 DEBUG neutron.wsgi [-] (16) accepted ('192.168.122.100', 50724) server /usr/lib/python3.9/site-packages/eventlet/wsgi.py:992
2026-06-14 07:44:31.608 16 INFO neutron.wsgi [-] 192.168.122.100 "GET /healthcheck HTTP/1.0" status: 200 len: 137 time: 0.0017240
