2026-06-14 07:45:05.600 17 DEBUG neutron_lib.callbacks.manager [req-d24278cd-baf7-4e40-88e6-fab9433277b5 5a07da677bd242a2b9666a8ea5df205e 40a1e1e24b7441d39fcb4db13e68186a - default default] Notify callbacks [] for port, precommit_create _notify_loop /usr/lib/python3.9/site-packages/neutron_lib/callbacks/manager.py:200
2026-06-14 07:45:05.602 17 DEBUG neutron_lib.callbacks.manager [req-d65de92b-a669-4bc5-be2e-b4a8bab25114 5a07da677bd242a2b9666a8ea5df205e 40a1e1e24b7441d39fcb4db13e68186a - default default] Notify callbacks [] for allowed_address_pair, before_create _notify_loop /usr/lib/python3.9/site-packages/neutron_lib/callbacks/manager.py:200
2026-06-14 07:45:05.603 17 DEBUG neutron_lib.callbacks.manager [req-d65de92b-a669-4bc5-be2e-b4a8bab25114 5a07da677bd242a2b9666a8ea5df205e 40a1e1e24b7441d39fcb4db13e68186a - default default] Notify callbacks [] for port, precommit_create _notify_loop /usr/lib/python3.9/site-packages/neutron_lib/callbacks/manager.py:200
2026-06-14 07:45:05.603 16 INFO neutron.wsgi [req-56a8cffc-b679-46aa-8ae2-2ced4a812dff 5a07da677bd242a2b9666a8ea5df205e 40a1e1e24b7441d39fcb4db13e68186a - default default] 192.168.122.99,192.168.122.100 "PUT /v2.0/ports/52b2eef2-1f8f-4395-9f59-ff48a959f4da/tags HTTP/1.1" status: 200 len: 244 time: 0.0324984
2026-06-14 07:45:05.618 18 DEBUG neutron.scheduler.dhcp_agent_scheduler [req-56d307c3-7f9f-4a2b-b5ec-e789da637f34 5a07da677bd242a2b9666a8ea5df205e 40a1e1e24b7441d39fcb4db13e68186a - default default] Network 89565882-a75d-4d6c-8849-7a13152dbdfa is already hosted by enough agents. _get_dhcp_agents_hosting_network /usr/lib/python3.9/site-packages/neutron/scheduler/dhcp_agent_scheduler.py:275
2026-06-14 07:45:05.619 18 DEBUG neutron.scheduler.base_scheduler [req-56d307c3-7f9f-4a2b-b5ec-e789da637f34 5a07da677bd242a2b9666a8ea5df205e 40a1e1e24b7441d39fcb4db13e68186a - default default] Resources bound (agent type, host, resource id): schedule /usr/lib/python3.9/site-packages/neutron/scheduler/base_scheduler.py:57
2026-06-14 07:45:05.637 17 DEBUG neutron_lib.callbacks.manager [req-d65de92b-a669-4bc5-be2e-b4a8bab25114 5a07da677bd242a2b9666a8ea5df205e 40a1e1e24b7441d39fcb4db13e68186a - default default] Notify callbacks ['neutron.plugins.ml2.plugin.SecurityGroupServerNotifierRpcMixin.notify_sg_on_port_change-554061', 'neutron.plugins.ml2.extensions.dns_integration._create_port_in_external_dns_service-8786096090817', 'neutron.plugins.ml2.ovo_rpc._ObjectChangeHandler.handle_event-347148', 'neutron.api.rpc.agentnotifiers.dhcp_rpc_agent_api.DhcpAgentNotifyAPI._native_event_send_dhcp_notification-4096141', 'neutron.services.segments.plugin.NovaSegmentNotifier._notify_port_created_or_deleted-4131249'] for port, after_create _notify_loop /usr/lib/python3.9/site-packages/neutron_lib/callbacks/manager.py:200
2026-06-14 07:45:05.639 17 DEBUG neutron_lib.callbacks.manager [req-d24278cd-baf7-4e40-88e6-fab9433277b5 5a07da677bd242a2b9666a8ea5df205e 40a1e1e24b7441d39fcb4db13e68186a - default default] Notify callbacks ['neutron.plugins.ml2.plugin.SecurityGroupServerNotifierRpcMixin.notify_sg_on_port_change-554061', 'neutron.plugins.ml2.extensions.dns_integration._create_port_in_external_dns_service-8786096090817', 'neutron.plugins.ml2.ovo_rpc._ObjectChangeHandler.handle_event-347148', 'neutron.api.rpc.agentnotifiers.dhcp_rpc_agent_api.DhcpAgentNotifyAPI._native_event_send_dhcp_notification-4096141', 'neutron.services.segments.plugin.NovaSegmentNotifier._notify_port_created_or_deleted-4131249'] for port, after_create _notify_loop /usr/lib/python3.9/site-packages/neutron_lib/callbacks/manager.py:200
2026-06-14 07:45:05.655 18 DEBUG neutron.api.rpc.handlers.resources_rpc [req-56d307c3-7f9f-4a2b-b5ec-e789da637f34 5a07da677bd242a2b9666a8ea5df205e 40a1e1e24b7441d39fcb4db13e68186a - - -] Pushing event updated for resources: {'Port': ['ID=d0ba8101-1e50-433d-be76-3137fd0c881d,revision_number=1']} push /usr/lib/python3.9/site-packages/neutron/api/rpc/handlers/resources_rpc.py:237
2026-06-14 07:45:05.660 18 DEBUG neutron.api.rpc.callbacks.version_manager [req-56d307c3-7f9f-4a2b-b5ec-e789da637f34 5a07da677bd242a2b9666a8ea5df205e 40a1e1e24b7441d39fcb4db13e68186a - - -] Version for resource type AddressGroup changed None to 1.2 on consumer Open vSwitch agent@undercloud.ooo.test _set_version /usr/lib/python3.9/site-packages/neutron/api/rpc/callbacks/version_manager.py:113
2026-06-14 07:45:05.660 18 DEBUG neutron.api.rpc.callbacks.version_manager [req-56d307c3-7f9f-4a2b-b5ec-e789da637f34 5a07da677bd242a2b9666a8ea5df205e 40a1e1e24b7441d39fcb4db13e68186a - - -] Version for resource type ConntrackHelper changed None to 1.0 on consumer Open vSwitch agent@undercloud.ooo.test _set_version /usr/lib/python3.9/site-packages/neutron/api/rpc/callbacks/version_manager.py:113
2026-06-14 07:45:05.660 18 DEBUG neutron.api.rpc.callbacks.version_manager [req-56d307c3-7f9f-4a2b-b5ec-e789da637f34 5a07da677bd242a2b9666a8ea5df205e 40a1e1e24b7441d39fcb4db13e68186a - - -] Version for resource type Log changed None to 1.0 on consumer Open vSwitch agent@undercloud.ooo.test _set_version /usr/lib/python3.9/site-packages/neutron/api/rpc/callbacks/version_manager.py:113
2026-06-14 07:45:05.660 18 DEBUG neutron.api.rpc.callbacks.version_manager [req-56d307c3-7f9f-4a2b-b5ec-e789da637f34 5a07da677bd242a2b9666a8ea5df205e 40a1e1e24b7441d39fcb4db13e68186a - - -] Version for resource type Network changed None to 1.1 on consumer Open vSwitch agent@undercloud.ooo.test _set_version /usr/lib/python3.9/site-packages/neutron/api/rpc/callbacks/version_manager.py:113
2026-06-14 07:45:05.660 18 DEBUG neutron.api.rpc.callbacks.version_manager [req-56d307c3-7f9f-4a2b-b5ec-e789da637f34 5a07da677bd242a2b9666a8ea5df205e 40a1e1e24b7441d39fcb4db13e68186a - - -] Version for resource type Port changed None to 1.7 on consumer Open vSwitch agent@undercloud.ooo.test _set_version /usr/lib/python3.9/site-packages/neutron/api/rpc/callbacks/version_manager.py:113
2026-06-14 07:45:05.661 18 DEBUG neutron.api.rpc.callbacks.version_manager [req-56d307c3-7f9f-4a2b-b5ec-e789da637f34 5a07da677bd242a2b9666a8ea5df205e 40a1e1e24b7441d39fcb4db13e68186a - - -] Version for resource type PortForwarding changed None to 1.2 on consumer Open vSwitch agent@undercloud.ooo.test _set_version /usr/lib/python3.9/site-packages/neutron/api/rpc/callbacks/version_manager.py:113
2026-06-14 07:45:05.661 18 DEBUG neutron.api.rpc.callbacks.version_manager [req-56d307c3-7f9f-4a2b-b5ec-e789da637f34 5a07da677bd242a2b9666a8ea5df205e 40a1e1e24b7441d39fcb4db13e68186a - - -] Version for resource type QosPolicy changed None to 1.8 on consumer Open vSwitch agent@undercloud.ooo.test _set_version /usr/lib/python3.9/site-packages/neutron/api/rpc/callbacks/version_manager.py:113
2026-06-14 07:45:05.661 18 DEBUG neutron.api.rpc.callbacks.version_manager [req-56d307c3-7f9f-4a2b-b5ec-e789da637f34 5a07da677bd242a2b9666a8ea5df205e 40a1e1e24b7441d39fcb4db13e68186a - - -] Version for resource type SecurityGroup changed None to 1.5 on consumer Open vSwitch agent@undercloud.ooo.test _set_version /usr/lib/python3.9/site-packages/neutron/api/rpc/callbacks/version_manager.py:113
2026-06-14 07:45:05.661 18 DEBUG neutron.api.rpc.callbacks.version_manager [req-56d307c3-7f9f-4a2b-b5ec-e789da637f34 5a07da677bd242a2b9666a8ea5df205e 40a1e1e24b7441d39fcb4db13e68186a - - -] Version for resource type SecurityGroupRule changed None to 1.2 on consumer Open vSwitch agent@undercloud.ooo.test _set_version /usr/lib/python3.9/site-packages/neutron/api/rpc/callbacks/version_manager.py:113
2026-06-14 07:45:05.661 18 DEBUG neutron.api.rpc.callbacks.version_manager [req-56d307c3-7f9f-4a2b-b5ec-e789da637f34 5a07da677bd242a2b9666a8ea5df205e 40a1e1e24b7441d39fcb4db13e68186a - - -] Version for resource type SubPort changed None to 1.0 on consumer Open vSwitch agent@undercloud.ooo.test _set_version /usr/lib/python3.9/site-packages/neutron/api/rpc/callbacks/version_manager.py:113
2026-06-14 07:45:05.661 18 DEBUG neutron.api.rpc.callbacks.version_manager [req-56d307c3-7f9f-4a2b-b5ec-e789da637f34 5a07da677bd242a2b9666a8ea5df205e 40a1e1e24b7441d39fcb4db13e68186a - - -] Version for resource type Subnet changed None to 1.1 on consumer Open vSwitch agent@undercloud.ooo.test _set_version /usr/lib/python3.9/site-packages/neutron/api/rpc/callbacks/version_manager.py:113
2026-06-14 07:45:05.661 18 DEBUG neutron.api.rpc.callbacks.version_manager [req-56d307c3-7f9f-4a2b-b5ec-e789da637f34 5a07da677bd242a2b9666a8ea5df205e 40a1e1e24b7441d39fcb4db13e68186a - - -] Version for resource type Trunk changed None to 1.1 on consumer Open vSwitch agent@undercloud.ooo.test _set_version /usr/lib/python3.9/site-packages/neutron/api/rpc/callbacks/version_manager.py:113
2026-06-14 07:45:05.662 18 DEBUG neutron.api.rpc.callbacks.version_manager [req-56d307c3-7f9f-4a2b-b5ec-e789da637f34 5a07da677bd242a2b9666a8ea5df205e 40a1e1e24b7441d39fcb4db13e68186a - - -] Tracked resource versions report: pushed versions: { 'AddressGroup': {'1.2'}, 'ConntrackHelper': {'1.0'}, 'Log': {'1.0'}, 'Network': {'1.1'}, 'Port': {'1.7'}, 'PortForwarding': {'1.2'}, 'QosPolicy': {'1.8'}, 'SecurityGroup': {'1.5'}, 'SecurityGroupRule': {'1.2'}, 'SubPort': {'1.0'}, 'Subnet': {'1.1'}, 'Trunk': {'1.1'}} consumer versions: { DHCP agent@undercloud.ooo.test: {}, L3 agent@undercloud.ooo.test: {}, Open vSwitch agent@undercloud.ooo.test: { 'AddressGroup': '1.2', 'ConntrackHelper': '1.0', 'Log': '1.0', 'Network': '1.1', 'Port': '1.7', 'PortForwarding': '1.2', 'QosPolicy': '1.8', 'SecurityGroup': '1.5', 'SecurityGroupRule': '1.2', 'SubPort': '1.0', 'Subnet': '1.1', 'Trunk': '1.1'}} report /usr/lib/python3.9/site-packages/neutron/api/rpc/callbacks/version_manager.py:175
2026-06-14 07:45:05.681 18 DEBUG neutron.wsgi [-] (18) accepted ('192.168.122.100', 44322) server /usr/lib/python3.9/site-packages/eventlet/wsgi.py:992
2026-06-14 07:45:05.683 18 INFO neutron.wsgi [-] 192.168.122.100 "GET /healthcheck HTTP/1.0" status: 200 len: 137 time: 0.0013807
2026-06-14 07:45:05.693 17 DEBUG neutron.api.rpc.handlers.resources_rpc [req-d65de92b-a669-4bc5-be2e-b4a8bab25114 5a07da677bd242a2b9666a8ea5df205e 40a1e1e24b7441d39fcb4db13e68186a - - -] Pushing event updated for resources: {'Port': ['ID=c78e15cb-0a51-4c59-8f3d-c606257b3382,revision_number=1']} push /usr/lib/python3.9/site-packages/neutron/api/rpc/handlers/resources_rpc.py:237
2026-06-14 07:45:05.695 18 DEBUG neutron.pecan_wsgi.hooks.policy_enforcement [req-56d307c3-7f9f-4a2b-b5ec-e789da637f34 5a07da677bd242a2b9666a8ea5df205e 40a1e1e24b7441d39fcb4db13e68186a - default default] Attributes excluded by policy engine: ['standard_attr_id', 'network'] _exclude_attributes_by_policy /usr/lib/python3.9/site-packages/neutron/pecan_wsgi/hooks/policy_enforcement.py:259
2026-06-14 07:45:05.695 18 DEBUG neutron_lib.callbacks.manager [req-56d307c3-7f9f-4a2b-b5ec-e789da637f34 5a07da677bd242a2b9666a8ea5df205e 40a1e1e24b7441d39fcb4db13e68186a - default default] Notify callbacks ['neutron.notifiers.nova.Notifier._send_nova_notification-247817', 'neutron.api.rpc.agentnotifiers.dhcp_rpc_agent_api.DhcpAgentNotifyAPI._send_dhcp_notification-4096191'] for port, before_response _notify_loop /usr/lib/python3.9/site-packages/neutron_lib/callbacks/manager.py:200
2026-06-14 07:45:05.706 18 INFO neutron.wsgi [req-56d307c3-7f9f-4a2b-b5ec-e789da637f34 5a07da677bd242a2b9666a8ea5df205e 40a1e1e24b7441d39fcb4db13e68186a - default default] 192.168.122.99,192.168.122.100 "POST /v2.0/ports HTTP/1.1" status: 201 len: 1155 time: 0.4600654
2026-06-14 07:45:05.717 18 DEBUG neutron.services.tag.tag_plugin [req-902f248e-2006-4650-9780-68d231b23a6d 5a07da677bd242a2b9666a8ea5df205e 40a1e1e24b7441d39fcb4db13e68186a - default default] neutron.services.tag.tag_plugin.TagPlugin method update_tags called with arguments (, 'ports', 'd0ba8101-1e50-433d-be76-3137fd0c881d', {'tags': ['tripleo_stack_name=overcloud', 'tripleo_vip_net=ctlplane']}) {} wrapper /usr/lib/python3.9/site-packages/oslo_log/helpers.py:65
2026-06-14 07:45:05.722 17 DEBUG neutron.api.rpc.handlers.resources_rpc [req-d24278cd-baf7-4e40-88e6-fab9433277b5 5a07da677bd242a2b9666a8ea5df205e 40a1e1e24b7441d39fcb4db13e68186a - - -] Pushing event updated for resources: {'Port': ['ID=45362a01-6411-4b8e-830a-a665d95392ec,revision_number=1']} push /usr/lib/python3.9/site-packages/neutron/api/rpc/handlers/resources_rpc.py:237
2026-06-14 07:45:05.748 17 DEBUG neutron.plugins.ml2.drivers.mech_agent [req-d65de92b-a669-4bc5-be2e-b4a8bab25114 5a07da677bd242a2b9666a8ea5df205e 40a1e1e24b7441d39fcb4db13e68186a - default default] Checking segment: {'id': '3a84ce76-7a0d-44ab-a6de-e311d154fafc', 'network_type': 'flat', 'physical_network': 'storage_storage_subnet', 'segmentation_id': None, 'network_id': 'e64713c2-6970-475a-90f1-08147ea55600'} for mappings: {'ctlplane': 'br-ctlplane'} with network types: ['local', 'flat', 'vlan'] check_segment_for_agent /usr/lib/python3.9/site-packages/neutron/plugins/ml2/drivers/mech_agent.py:343
2026-06-14 07:45:05.749 17 DEBUG neutron.plugins.ml2.drivers.mech_agent [req-d65de92b-a669-4bc5-be2e-b4a8bab25114 5a07da677bd242a2b9666a8ea5df205e 40a1e1e24b7441d39fcb4db13e68186a - default default] Network e64713c2-6970-475a-90f1-08147ea55600 with segment 3a84ce76-7a0d-44ab-a6de-e311d154fafc is connected to physical network storage_storage_subnet, but agent undercloud.ooo.test reported physical networks {'ctlplane': 'br-ctlplane'}. The physical network must be configured on the agent if binding is to succeed. check_segment_for_agent /usr/lib/python3.9/site-packages/neutron/plugins/ml2/drivers/mech_agent.py:365
2026-06-14 07:45:05.751 17 DEBUG neutron.scheduler.dhcp_agent_scheduler [req-d65de92b-a669-4bc5-be2e-b4a8bab25114 5a07da677bd242a2b9666a8ea5df205e 40a1e1e24b7441d39fcb4db13e68186a - default default] Network hostable DHCP agents. Network: e64713c2-6970-475a-90f1-08147ea55600, hostable agents: [], hosted agents: [] _get_network_hostable_dhcp_agents /usr/lib/python3.9/site-packages/neutron/scheduler/dhcp_agent_scheduler.py:329
2026-06-14 07:45:05.751 17 DEBUG neutron.scheduler.base_scheduler [req-d65de92b-a669-4bc5-be2e-b4a8bab25114 5a07da677bd242a2b9666a8ea5df205e 40a1e1e24b7441d39fcb4db13e68186a - default default] Resources bound (agent type, host, resource id): schedule /usr/lib/python3.9/site-packages/neutron/scheduler/base_scheduler.py:57
2026-06-14 07:45:05.752 17 WARNING neutron.api.rpc.agentnotifiers.dhcp_rpc_agent_api [req-d65de92b-a669-4bc5-be2e-b4a8bab25114 5a07da677bd242a2b9666a8ea5df205e 40a1e1e24b7441d39fcb4db13e68186a - default default] Unable to schedule network e64713c2-6970-475a-90f1-08147ea55600: no agents available; will retry on subsequent port and subnet creation events.
2026-06-14 07:45:05.752 17 DEBUG neutron.api.rpc.agentnotifiers.dhcp_rpc_agent_api [req-d65de92b-a669-4bc5-be2e-b4a8bab25114 5a07da677bd242a2b9666a8ea5df205e 40a1e1e24b7441d39fcb4db13e68186a - default default] Network e64713c2-6970-475a-90f1-08147ea55600 is not hosted by any dhcp agent _notify_agents /usr/lib/python3.9/site-packages/neutron/api/rpc/agentnotifiers/dhcp_rpc_agent_api.py:228
2026-06-14 07:45:05.757 18 INFO neutron.wsgi [req-902f248e-2006-4650-9780-68d231b23a6d 5a07da677bd242a2b9666a8ea5df205e 40a1e1e24b7441d39fcb4db13e68186a - default default] 192.168.122.99,192.168.122.100 "PUT /v2.0/ports/d0ba8101-1e50-433d-be76-3137fd0c881d/tags HTTP/1.1" status: 200 len: 244 time: 0.0424941
2026-06-14 07:45:05.761 17 DEBUG neutron.plugins.ml2.drivers.mech_agent [req-d24278cd-baf7-4e40-88e6-fab9433277b5 5a07da677bd242a2b9666a8ea5df205e 40a1e1e24b7441d39fcb4db13e68186a - default default] Checking segment: {'id': 'bb9c796f-b103-4d70-8284-0333aa399383', 'network_type': 'flat', 'physical_network': 'storage_mgmt_storage_mgmt_subnet', 'segmentation_id': None, 'network_id': '36e9eb8b-b7c5-44f1-bc15-945f5690461c'} for mappings: {'ctlplane': 'br-ctlplane'} with network types: ['local', 'flat', 'vlan'] check_segment_for_agent /usr/lib/python3.9/site-packages/neutron/plugins/ml2/drivers/mech_agent.py:343
2026-06-14 07:45:05.761 17 DEBUG neutron.plugins.ml2.drivers.mech_agent [req-d24278cd-baf7-4e40-88e6-fab9433277b5 5a07da677bd242a2b9666a8ea5df205e 40a1e1e24b7441d39fcb4db13e68186a - default default] Network 36e9eb8b-b7c5-44f1-bc15-945f5690461c with segment bb9c796f-b103-4d70-8284-0333aa399383 is connected to physical network storage_mgmt_storage_mgmt_subnet, but agent undercloud.ooo.test reported physical networks {'ctlplane': 'br-ctlplane'}. The physical network must be configured on the agent if binding is to succeed. check_segment_for_agent /usr/lib/python3.9/site-packages/neutron/plugins/ml2/drivers/mech_agent.py:365
2026-06-14 07:45:05.765 17 DEBUG neutron.scheduler.dhcp_agent_scheduler [req-d24278cd-baf7-4e40-88e6-fab9433277b5 5a07da677bd242a2b9666a8ea5df205e 40a1e1e24b7441d39fcb4db13e68186a - default default] Network hostable DHCP agents. Network: 36e9eb8b-b7c5-44f1-bc15-945f5690461c, hostable agents: [], hosted agents: [] _get_network_hostable_dhcp_agents /usr/lib/python3.9/site-packages/neutron/scheduler/dhcp_agent_scheduler.py:329
2026-06-14 07:45:05.765 17 DEBUG neutron.scheduler.base_scheduler [req-d24278cd-baf7-4e40-88e6-fab9433277b5 5a07da677bd242a2b9666a8ea5df205e 40a1e1e24b7441d39fcb4db13e68186a - default default] Resources bound (agent type, host, resource id): schedule /usr/lib/python3.9/site-packages/neutron/scheduler/base_scheduler.py:57
2026-06-14 07:45:05.765 17 WARNING neutron.api.rpc.agentnotifiers.dhcp_rpc_agent_api [req-d24278cd-baf7-4e40-88e6-fab9433277b5 5a07da677bd242a2b9666a8ea5df205e 40a1e1e24b7441d39fcb4db13e68186a - default default] Unable to schedule network 36e9eb8b-b7c5-44f1-bc15-945f5690461c: no agents available; will retry on subsequent port and subnet creation events.
2026-06-14 07:45:05.765 17 DEBUG neutron.api.rpc.agentnotifiers.dhcp_rpc_agent_api [req-d24278cd-baf7-4e40-88e6-fab9433277b5 5a07da677bd242a2b9666a8ea5df205e 40a1e1e24b7441d39fcb4db13e68186a - default default] Network 36e9eb8b-b7c5-44f1-bc15-945f5690461c is not hosted by any dhcp agent _notify_agents /usr/lib/python3.9/site-packages/neutron/api/rpc/agentnotifiers/dhcp_rpc_agent_api.py:228
2026-06-14 07:45:05.793 17 DEBUG neutron.pecan_wsgi.hooks.policy_enforcement [req-d65de92b-a669-4bc5-be2e-b4a8bab25114 5a07da677bd242a2b9666a8ea5df205e 40a1e1e24b7441d39fcb4db13e68186a - default default] Attributes excluded by policy engine: ['standard_attr_id', 'network'] _exclude_attributes_by_policy /usr/lib/python3.9/site-packages/neutron/pecan_wsgi/hooks/policy_enforcement.py:259
2026-06-14 07:45:05.793 17 DEBUG neutron_lib.callbacks.manager [req-d65de92b-a669-4bc5-be2e-b4a8bab25114 5a07da677bd242a2b9666a8ea5df205e 40a1e1e24b7441d39fcb4db13e68186a - default default] Notify callbacks ['neutron.notifiers.nova.Notifier._send_nova_notification-247817', 'neutron.api.rpc.agentnotifiers.dhcp_rpc_agent_api.DhcpAgentNotifyAPI._send_dhcp_notification-4096191'] for port, before_response _notify_loop /usr/lib/python3.9/site-packages/neutron_lib/callbacks/manager.py:200
2026-06-14 07:45:05.802 17 INFO neutron.wsgi [req-d65de92b-a669-4bc5-be2e-b4a8bab25114 5a07da677bd242a2b9666a8ea5df205e 40a1e1e24b7441d39fcb4db13e68186a - default default] 192.168.122.99,192.168.122.100 "POST /v2.0/ports HTTP/1.1" status: 201 len: 1150 time: 0.7405658
2026-06-14 07:45:05.802 17 DEBUG neutron.pecan_wsgi.hooks.policy_enforcement [req-d24278cd-baf7-4e40-88e6-fab9433277b5 5a07da677bd242a2b9666a8ea5df205e 40a1e1e24b7441d39fcb4db13e68186a - default default] Attributes excluded by policy engine: ['standard_attr_id', 'network'] _exclude_attributes_by_policy /usr/lib/python3.9/site-packages/neutron/pecan_wsgi/hooks/policy_enforcement.py:259
2026-06-14 07:45:05.802 17 DEBUG neutron_lib.callbacks.manager [req-d24278cd-baf7-4e40-88e6-fab9433277b5 5a07da677bd242a2b9666a8ea5df205e 40a1e1e24b7441d39fcb4db13e68186a - default default] Notify callbacks ['neutron.notifiers.nova.Notifier._send_nova_notification-247817', 'neutron.api.rpc.agentnotifiers.dhcp_rpc_agent_api.DhcpAgentNotifyAPI._send_dhcp_notification-4096191'] for port, before_response _notify_loop /usr/lib/python3.9/site-packages/neutron_lib/callbacks/manager.py:200
2026-06-14 07:45:05.824 17 DEBUG neutron.services.tag.tag_plugin [req-22c560b5-02d1-4cad-903c-26040e7b73eb 5a07da677bd242a2b9666a8ea5df205e 40a1e1e24b7441d39fcb4db13e68186a - default default] neutron.services.tag.tag_plugin.TagPlugin method update_tags called with arguments (, 'ports', 'c78e15cb-0a51-4c59-8f3d-c606257b3382', {'tags': ['tripleo_stack_name=overcloud', 'tripleo_vip_net=storage']}) {} wrapper /usr/lib/python3.9/site-packages/oslo_log/helpers.py:65
2026-06-14 07:45:05.852 17 INFO neutron.wsgi [req-22c560b5-02d1-4cad-903c-26040e7b73eb 5a07da677bd242a2b9666a8ea5df205e 40a1e1e24b7441d39fcb4db13e68186a - default default] 192.168.122.99,192.168.122.100 "PUT /v2.0/ports/c78e15cb-0a51-4c59-8f3d-c606257b3382/tags HTTP/1.1" status: 200 len: 243 time: 0.0322340
2026-06-14 07:45:05.857 17 INFO neutron.wsgi [req-d24278cd-baf7-4e40-88e6-fab9433277b5 5a07da677bd242a2b9666a8ea5df205e 40a1e1e24b7441d39fcb4db13e68186a - default default] 192.168.122.99,192.168.122.100 "POST /v2.0/ports HTTP/1.1" status: 201 len: 1155 time: 0.7979977
2026-06-14 07:45:05.865 17 DEBUG neutron.services.tag.tag_plugin [req-8733dbf7-ad3f-40d9-9077-1cc61fb6e22b 5a07da677bd242a2b9666a8ea5df205e 40a1e1e24b7441d39fcb4db13e68186a - default default] neutron.services.tag.tag_plugin.TagPlugin method update_tags called with arguments (, 'ports', '45362a01-6411-4b8e-830a-a665d95392ec', {'tags': ['tripleo_stack_name=overcloud', 'tripleo_vip_net=storage_mgmt']}) {} wrapper /usr/lib/python3.9/site-packages/oslo_log/helpers.py:65
2026-06-14 07:45:05.897 17 INFO neutron.wsgi [req-8733dbf7-ad3f-40d9-9077-1cc61fb6e22b 5a07da677bd242a2b9666a8ea5df205e 40a1e1e24b7441d39fcb4db13e68186a - default default] 192.168.122.99,192.168.122.100 "PUT /v2.0/ports/45362a01-6411-4b8e-830a-a665d95392ec/tags HTTP/1.1" status: 200 len: 248 time: 0.0341702
2026-06-14 07:45:05.976 17 DEBUG neutron.pecan_wsgi.hooks.policy_enforcement [req-c40d5314-ded6-475a-aa6d-dc614b80a627 5a07da677bd242a2b9666a8ea5df205e 40a1e1e24b7441d39fcb4db13e68186a - default default] Attributes excluded by policy engine: ['standard_attr_id'] _exclude_attributes_by_policy /usr/lib/python3.9/site-packages/neutron/pecan_wsgi/hooks/policy_enforcement.py:259
2026-06-14 07:45:05.977 17 DEBUG neutron.pecan_wsgi.hooks.policy_enforcement [req-c40d5314-ded6-475a-aa6d-dc614b80a627 5a07da677bd242a2b9666a8ea5df205e 40a1e1e24b7441d39fcb4db13e68186a - default default] Attributes excluded by policy engine: ['standard_attr_id'] _exclude_attributes_by_policy /usr/lib/python3.9/site-packages/neutron/pecan_wsgi/hooks/policy_enforcement.py:259
2026-06-14 07:45:05.977 17 DEBUG neutron.pecan_wsgi.hooks.policy_enforcement [req-c40d5314-ded6-475a-aa6d-dc614b80a627 5a07da677bd242a2b9666a8ea5df205e 40a1e1e24b7441d39fcb4db13e68186a - default default] Attributes excluded by policy engine: ['standard_attr_id'] _exclude_attributes_by_policy /usr/lib/python3.9/site-packages/neutron/pecan_wsgi/hooks/policy_enforcement.py:259
2026-06-14 07:45:05.978 17 DEBUG neutron.pecan_wsgi.hooks.policy_enforcement [req-c40d5314-ded6-475a-aa6d-dc614b80a627 5a07da677bd242a2b9666a8ea5df205e 40a1e1e24b7441d39fcb4db13e68186a - default default] Attributes excluded by policy engine: ['standard_attr_id'] _exclude_attributes_by_policy /usr/lib/python3.9/site-packages/neutron/pecan_wsgi/hooks/policy_enforcement.py:259
2026-06-14 07:45:05.978 17 DEBUG neutron.pecan_wsgi.hooks.policy_enforcement [req-c40d5314-ded6-475a-aa6d-dc614b80a627 5a07da677bd242a2b9666a8ea5df205e 40a1e1e24b7441d39fcb4db13e68186a - default default] Attributes excluded by policy engine: ['standard_attr_id'] _exclude_attributes_by_policy /usr/lib/python3.9/site-packages/neutron/pecan_wsgi/hooks/policy_enforcement.py:259
2026-06-14 07:45:05.980 17 INFO neutron.wsgi [req-c40d5314-ded6-475a-aa6d-dc614b80a627 5a07da677bd242a2b9666a8ea5df205e 40a1e1e24b7441d39fcb4db13e68186a - default default] 192.168.122.99,192.168.122.100 "GET /v2.0/ports?tags=tripleo_stack_name%3Dovercloud HTTP/1.1" status: 200 len: 5305 time: 0.0786958
2026-06-14 07:45:05.996 22 DEBUG neutron.db.provisioning_blocks [req-eb77108c-c8aa-4e2b-b81e-3b1f4198d1a0 - - - - -] Provisioning for port d0ba8101-1e50-433d-be76-3137fd0c881d completed by entity DHCP. provisioning_complete /usr/lib/python3.9/site-packages/neutron/db/provisioning_blocks.py:134
2026-06-14 07:45:05.999 22 DEBUG neutron.db.provisioning_blocks [req-eb77108c-c8aa-4e2b-b81e-3b1f4198d1a0 - - - - -] Provisioning complete for port d0ba8101-1e50-433d-be76-3137fd0c881d triggered by entity DHCP. provisioning_complete /usr/lib/python3.9/site-packages/neutron/db/provisioning_blocks.py:140
2026-06-14 07:45:05.999 22 DEBUG neutron_lib.callbacks.manager [req-eb77108c-c8aa-4e2b-b81e-3b1f4198d1a0 - - - - -] Notify callbacks ['neutron.plugins.ml2.plugin.Ml2Plugin._port_provisioned-923070'] for port, provisioning_complete _notify_loop /usr/lib/python3.9/site-packages/neutron_lib/callbacks/manager.py:200
2026-06-14 07:45:05.999 22 INFO neutron.plugins.ml2.plugin [req-eb77108c-c8aa-4e2b-b81e-3b1f4198d1a0 - - - - -] Attempt 1 to provision port d0ba8101-1e50-433d-be76-3137fd0c881d
2026-06-14 07:45:06.025 22 DEBUG neutron.plugins.ml2.plugin [req-eb77108c-c8aa-4e2b-b81e-3b1f4198d1a0 - - - - -] Port d0ba8101-1e50-433d-be76-3137fd0c881d cannot update to ACTIVE because it is not bound. _port_provisioned /usr/lib/python3.9/site-packages/neutron/plugins/ml2/plugin.py:353
2026-06-14 07:45:07.402 18 DEBUG neutron.wsgi [-] (18) accepted ('192.168.122.100', 44330) server /usr/lib/python3.9/site-packages/eventlet/wsgi.py:992
2026-06-14 07:45:07.684 18 DEBUG neutron.wsgi [-] (18) accepted ('192.168.122.100', 44334) server /usr/lib/python3.9/site-packages/eventlet/wsgi.py:992
2026-06-14 07:45:07.688 18 INFO neutron.wsgi [-] 192.168.122.100 "GET /healthcheck HTTP/1.0" status: 200 len: 137 time: 0.0026274
2026-06-14 07:45:07.835 18 DEBUG neutron.pecan_wsgi.hooks.policy_enforcement [req-e19b6d48-9bd9-4fc5-aa00-429835ce1ec0 5a07da677bd242a2b9666a8ea5df205e 40a1e1e24b7441d39fcb4db13e68186a - default default] Attributes excluded by policy engine: ['standard_attr_id', 'vlan_transparent'] _exclude_attributes_by_policy /usr/lib/python3.9/site-packages/neutron/pecan_wsgi/hooks/policy_enforcement.py:259
2026-06-14 07:45:07.836 18 DEBUG neutron.pecan_wsgi.hooks.policy_enforcement [req-e19b6d48-9bd9-4fc5-aa00-429835ce1ec0 5a07da677bd242a2b9666a8ea5df205e 40a1e1e24b7441d39fcb4db13e68186a - default default] Attributes excluded by policy engine: ['standard_attr_id', 'vlan_transparent'] _exclude_attributes_by_policy /usr/lib/python3.9/site-packages/neutron/pecan_wsgi/hooks/policy_enforcement.py:259
2026-06-14 07:45:07.836 18 DEBUG neutron.pecan_wsgi.hooks.policy_enforcement [req-e19b6d48-9bd9-4fc5-aa00-429835ce1ec0 5a07da677bd242a2b9666a8ea5df205e 40a1e1e24b7441d39fcb4db13e68186a - default default] Attributes excluded by policy engine: ['standard_attr_id', 'vlan_transparent'] _exclude_attributes_by_policy /usr/lib/python3.9/site-packages/neutron/pecan_wsgi/hooks/policy_enforcement.py:259
2026-06-14 07:45:07.836 18 DEBUG neutron.pecan_wsgi.hooks.policy_enforcement [req-e19b6d48-9bd9-4fc5-aa00-429835ce1ec0 5a07da677bd242a2b9666a8ea5df205e 40a1e1e24b7441d39fcb4db13e68186a - default default] Attributes excluded by policy engine: ['standard_attr_id', 'vlan_transparent'] _exclude_attributes_by_policy /usr/lib/python3.9/site-packages/neutron/pecan_wsgi/hooks/policy_enforcement.py:259
2026-06-14 07:45:07.837 18 DEBUG neutron.pecan_wsgi.hooks.policy_enforcement [req-e19b6d48-9bd9-4fc5-aa00-429835ce1ec0 5a07da677bd242a2b9666a8ea5df205e 40a1e1e24b7441d39fcb4db13e68186a - default default] Attributes excluded by policy engine: ['standard_attr_id', 'vlan_transparent'] _exclude_attributes_by_policy /usr/lib/python3.9/site-packages/neutron/pecan_wsgi/hooks/policy_enforcement.py:259
2026-06-14 07:45:07.837 18 DEBUG neutron.pecan_wsgi.hooks.policy_enforcement [req-e19b6d48-9bd9-4fc5-aa00-429835ce1ec0 5a07da677bd242a2b9666a8ea5df205e 40a1e1e24b7441d39fcb4db13e68186a - default default] Attributes excluded by policy engine: ['standard_attr_id', 'vlan_transparent'] _exclude_attributes_by_policy /usr/lib/python3.9/site-packages/neutron/pecan_wsgi/hooks/policy_enforcement.py:259
2026-06-14 07:45:07.838 18 INFO neutron.wsgi [req-e19b6d48-9bd9-4fc5-aa00-429835ce1ec0 5a07da677bd242a2b9666a8ea5df205e 40a1e1e24b7441d39fcb4db13e68186a - default default] 192.168.122.99,192.168.122.100 "GET /v2.0/networks HTTP/1.1" status: 200 len: 5131 time: 0.4356623
2026-06-14 07:45:07.877 18 DEBUG neutron.pecan_wsgi.hooks.policy_enforcement [req-09244330-ca07-4b73-b01e-d56fdcf7a0cc 5a07da677bd242a2b9666a8ea5df205e 40a1e1e24b7441d39fcb4db13e68186a - default default] Attributes excluded by policy engine: ['standard_attr_id', 'shared'] _exclude_attributes_by_policy /usr/lib/python3.9/site-packages/neutron/pecan_wsgi/hooks/policy_enforcement.py:259
2026-06-14 07:45:07.878 18 INFO neutron.wsgi [req-09244330-ca07-4b73-b01e-d56fdcf7a0cc 5a07da677bd242a2b9666a8ea5df205e 40a1e1e24b7441d39fcb4db13e68186a - default default] 192.168.122.99,192.168.122.100 "GET /v2.0/subnets?network_id=36e9eb8b-b7c5-44f1-bc15-945f5690461c HTTP/1.1" status: 200 len: 867 time: 0.0332880
2026-06-14 07:45:07.920 18 DEBUG neutron.pecan_wsgi.hooks.policy_enforcement [req-858fc91d-d3b0-4ed8-b2fc-a35fe0237886 5a07da677bd242a2b9666a8ea5df205e 40a1e1e24b7441d39fcb4db13e68186a - default default] Attributes excluded by policy engine: ['standard_attr_id', 'shared'] _exclude_attributes_by_policy /usr/lib/python3.9/site-packages/neutron/pecan_wsgi/hooks/policy_enforcement.py:259
2026-06-14 07:45:07.921 18 INFO neutron.wsgi [req-858fc91d-d3b0-4ed8-b2fc-a35fe0237886 5a07da677bd242a2b9666a8ea5df205e 40a1e1e24b7441d39fcb4db13e68186a - default default] 192.168.122.99,192.168.122.100 "GET /v2.0/subnets?network_id=89565882-a75d-4d6c-8849-7a13152dbdfa HTTP/1.1" status: 200 len: 845 time: 0.0363240
2026-06-14 07:45:07.958 18 DEBUG neutron.pecan_wsgi.hooks.policy_enforcement [req-0f0386ca-61a4-4695-a167-b7368128caea 5a07da677bd242a2b9666a8ea5df205e 40a1e1e24b7441d39fcb4db13e68186a - default default] Attributes excluded by policy engine: ['standard_attr_id', 'shared'] _exclude_attributes_by_policy /usr/lib/python3.9/site-packages/neutron/pecan_wsgi/hooks/policy_enforcement.py:259
2026-06-14 07:45:07.959 18 INFO neutron.wsgi [req-0f0386ca-61a4-4695-a167-b7368128caea 5a07da677bd242a2b9666a8ea5df205e 40a1e1e24b7441d39fcb4db13e68186a - default default] 192.168.122.99,192.168.122.100 "GET /v2.0/subnets?network_id=8c80b94a-2f41-42f2-af21-95975b5764e1 HTTP/1.1" status: 200 len: 867 time: 0.0312560
2026-06-14 07:45:07.992 18 DEBUG neutron.pecan_wsgi.hooks.policy_enforcement [req-499ebcb8-45c9-4b73-8d41-c64f09505283 5a07da677bd242a2b9666a8ea5df205e 40a1e1e24b7441d39fcb4db13e68186a - default default] Attributes excluded by policy engine: ['standard_attr_id', 'shared'] _exclude_attributes_by_policy /usr/lib/python3.9/site-packages/neutron/pecan_wsgi/hooks/policy_enforcement.py:259
2026-06-14 07:45:07.992 18 INFO neutron.wsgi [req-499ebcb8-45c9-4b73-8d41-c64f09505283 5a07da677bd242a2b9666a8ea5df205e 40a1e1e24b7441d39fcb4db13e68186a - default default] 192.168.122.99,192.168.122.100 "GET /v2.0/subnets?network_id=cddd4f49-e09a-4ec6-9a9b-37a9e2e6baaa HTTP/1.1" status: 200 len: 861 time: 0.0265241
2026-06-14 07:45:08.025 18 DEBUG neutron.pecan_wsgi.hooks.policy_enforcement [req-c98296db-ad55-4e81-85c9-b91fa8381817 5a07da677bd242a2b9666a8ea5df205e 40a1e1e24b7441d39fcb4db13e68186a - default default] Attributes excluded by policy engine: ['standard_attr_id', 'shared'] _exclude_attributes_by_policy /usr/lib/python3.9/site-packages/neutron/pecan_wsgi/hooks/policy_enforcement.py:259
2026-06-14 07:45:08.026 18 INFO neutron.wsgi [req-c98296db-ad55-4e81-85c9-b91fa8381817 5a07da677bd242a2b9666a8ea5df205e 40a1e1e24b7441d39fcb4db13e68186a - default default] 192.168.122.99,192.168.122.100 "GET /v2.0/subnets?network_id=e575b5b7-187f-4286-ab62-87c73db563b6 HTTP/1.1" status: 200 len: 863 time: 0.0267179
2026-06-14 07:45:08.057 18 DEBUG neutron.pecan_wsgi.hooks.policy_enforcement [req-f57de9b6-5bf6-4963-b9f5-7fe68d0c227e 5a07da677bd242a2b9666a8ea5df205e 40a1e1e24b7441d39fcb4db13e68186a - default default] Attributes excluded by policy engine: ['standard_attr_id', 'shared'] _exclude_attributes_by_policy /usr/lib/python3.9/site-packages/neutron/pecan_wsgi/hooks/policy_enforcement.py:259
2026-06-14 07:45:08.058 18 INFO neutron.wsgi [req-f57de9b6-5bf6-4963-b9f5-7fe68d0c227e 5a07da677bd242a2b9666a8ea5df205e 40a1e1e24b7441d39fcb4db13e68186a - default default] 192.168.122.99,192.168.122.100 "GET /v2.0/subnets?network_id=e64713c2-6970-475a-90f1-08147ea55600 HTTP/1.1" status: 200 len: 862 time: 0.0252676
2026-06-14 07:45:08.116 18 DEBUG neutron.pecan_wsgi.hooks.policy_enforcement [req-1e440d4e-d1fb-4b9e-9b66-80312fd17aaa 5a07da677bd242a2b9666a8ea5df205e 40a1e1e24b7441d39fcb4db13e68186a - default default] Attributes excluded by policy engine: ['standard_attr_id', 'vlan_transparent'] _exclude_attributes_by_policy /usr/lib/python3.9/site-packages/neutron/pecan_wsgi/hooks/policy_enforcement.py:259
2026-06-14 07:45:08.116 18 DEBUG neutron.pecan_wsgi.hooks.policy_enforcement [req-1e440d4e-d1fb-4b9e-9b66-80312fd17aaa 5a07da677bd242a2b9666a8ea5df205e 40a1e1e24b7441d39fcb4db13e68186a - default default] Attributes excluded by policy engine: ['standard_attr_id', 'vlan_transparent'] _exclude_attributes_by_policy /usr/lib/python3.9/site-packages/neutron/pecan_wsgi/hooks/policy_enforcement.py:259
2026-06-14 07:45:08.116 18 DEBUG neutron.pecan_wsgi.hooks.policy_enforcement [req-1e440d4e-d1fb-4b9e-9b66-80312fd17aaa 5a07da677bd242a2b9666a8ea5df205e 40a1e1e24b7441d39fcb4db13e68186a - default default] Attributes excluded by policy engine: ['standard_attr_id', 'vlan_transparent'] _exclude_attributes_by_policy /usr/lib/python3.9/site-packages/neutron/pecan_wsgi/hooks/policy_enforcement.py:259
2026-06-14 07:45:08.116 18 DEBUG neutron.pecan_wsgi.hooks.policy_enforcement [req-1e440d4e-d1fb-4b9e-9b66-80312fd17aaa 5a07da677bd242a2b9666a8ea5df205e 40a1e1e24b7441d39fcb4db13e68186a - default default] Attributes excluded by policy engine: ['standard_attr_id', 'vlan_transparent'] _exclude_attributes_by_policy /usr/lib/python3.9/site-packages/neutron/pecan_wsgi/hooks/policy_enforcement.py:259
2026-06-14 07:45:08.116 18 DEBUG neutron.pecan_wsgi.hooks.policy_enforcement [req-1e440d4e-d1fb-4b9e-9b66-80312fd17aaa 5a07da677bd242a2b9666a8ea5df205e 40a1e1e24b7441d39fcb4db13e68186a - default default] Attributes excluded by policy engine: ['standard_attr_id', 'vlan_transparent'] _exclude_attributes_by_policy /usr/lib/python3.9/site-packages/neutron/pecan_wsgi/hooks/policy_enforcement.py:259
2026-06-14 07:45:08.117 18 DEBUG neutron.pecan_wsgi.hooks.policy_enforcement [req-1e440d4e-d1fb-4b9e-9b66-80312fd17aaa 5a07da677bd242a2b9666a8ea5df205e 40a1e1e24b7441d39fcb4db13e68186a - default default] Attributes excluded by policy engine: ['standard_attr_id', 'vlan_transparent'] _exclude_attributes_by_policy /usr/lib/python3.9/site-packages/neutron/pecan_wsgi/hooks/policy_enforcement.py:259
2026-06-14 07:45:08.117 18 INFO neutron.wsgi [req-1e440d4e-d1fb-4b9e-9b66-80312fd17aaa 5a07da677bd242a2b9666a8ea5df205e 40a1e1e24b7441d39fcb4db13e68186a - default default] 192.168.122.99,192.168.122.100 "GET /v2.0/networks HTTP/1.1" status: 200 len: 5131 time: 0.0547967
2026-06-14 07:45:08.168 18 DEBUG neutron.pecan_wsgi.hooks.policy_enforcement [req-8931dcc6-25ae-4385-b1cb-603965d0728d 5a07da677bd242a2b9666a8ea5df205e 40a1e1e24b7441d39fcb4db13e68186a - default default] Attributes excluded by policy engine: ['standard_attr_id'] _exclude_attributes_by_policy /usr/lib/python3.9/site-packages/neutron/pecan_wsgi/hooks/policy_enforcement.py:259
2026-06-14 07:45:08.169 18 INFO neutron.wsgi [req-8931dcc6-25ae-4385-b1cb-603965d0728d 5a07da677bd242a2b9666a8ea5df205e 40a1e1e24b7441d39fcb4db13e68186a - default default] 192.168.122.99,192.168.122.100 "GET /v2.0/ports?network_id=8c80b94a-2f41-42f2-af21-95975b5764e1&tags=tripleo_stack_name%3Dovercloud&tags=tripleo_vip_net%3Dinternal_api HTTP/1.1" status: 200 len: 1215 time: 0.0397766
2026-06-14 07:45:08.202 18 DEBUG neutron.pecan_wsgi.hooks.policy_enforcement [req-a7bfcd36-3ae7-4d65-92cb-e3c4c96023a1 5a07da677bd242a2b9666a8ea5df205e 40a1e1e24b7441d39fcb4db13e68186a - default default] Attributes excluded by policy engine: ['standard_attr_id', 'shared'] _exclude_attributes_by_policy /usr/lib/python3.9/site-packages/neutron/pecan_wsgi/hooks/policy_enforcement.py:259
2026-06-14 07:45:08.203 18 INFO neutron.wsgi [req-a7bfcd36-3ae7-4d65-92cb-e3c4c96023a1 5a07da677bd242a2b9666a8ea5df205e 40a1e1e24b7441d39fcb4db13e68186a - default default] 192.168.122.99,192.168.122.100 "GET /v2.0/subnets/7407615c-57f1-4501-af16-90cd9fd6bdaa HTTP/1.1" status: 200 len: 864 time: 0.0275416
2026-06-14 07:45:08.245 18 DEBUG neutron.pecan_wsgi.hooks.policy_enforcement [req-9680fa4f-3aed-48e7-b22e-1d907fd6c62d 5a07da677bd242a2b9666a8ea5df205e 40a1e1e24b7441d39fcb4db13e68186a - default default] Attributes excluded by policy engine: ['standard_attr_id'] _exclude_attributes_by_policy /usr/lib/python3.9/site-packages/neutron/pecan_wsgi/hooks/policy_enforcement.py:259
2026-06-14 07:45:08.246 18 INFO neutron.wsgi [req-9680fa4f-3aed-48e7-b22e-1d907fd6c62d 5a07da677bd242a2b9666a8ea5df205e 40a1e1e24b7441d39fcb4db13e68186a - default default] 192.168.122.99,192.168.122.100 "GET /v2.0/ports?network_id=e64713c2-6970-475a-90f1-08147ea55600&tags=tripleo_stack_name%3Dovercloud&tags=tripleo_vip_net%3Dstorage HTTP/1.1" status: 200 len: 1205 time: 0.0382545
2026-06-14 07:45:08.278 18 DEBUG neutron.pecan_wsgi.hooks.policy_enforcement [req-5ece370e-fac3-4369-ac7d-a41a260ca88d 5a07da677bd242a2b9666a8ea5df205e 40a1e1e24b7441d39fcb4db13e68186a - default default] Attributes excluded by policy engine: ['standard_attr_id', 'shared'] _exclude_attributes_by_policy /usr/lib/python3.9/site-packages/neutron/pecan_wsgi/hooks/policy_enforcement.py:259
2026-06-14 07:45:08.279 18 INFO neutron.wsgi [req-5ece370e-fac3-4369-ac7d-a41a260ca88d 5a07da677bd242a2b9666a8ea5df205e 40a1e1e24b7441d39fcb4db13e68186a - default default] 192.168.122.99,192.168.122.100 "GET /v2.0/subnets/d7bce2cb-35f1-47c6-bd3a-135cba619bcf HTTP/1.1" status: 200 len: 859 time: 0.0271957
2026-06-14 07:45:08.325 18 DEBUG neutron.pecan_wsgi.hooks.policy_enforcement [req-e6994696-a642-443a-8b80-061554ba2e26 5a07da677bd242a2b9666a8ea5df205e 40a1e1e24b7441d39fcb4db13e68186a - default default] Attributes excluded by policy engine: ['standard_attr_id'] _exclude_attributes_by_policy /usr/lib/python3.9/site-packages/neutron/pecan_wsgi/hooks/policy_enforcement.py:259
2026-06-14 07:45:08.326 18 INFO neutron.wsgi [req-e6994696-a642-443a-8b80-061554ba2e26 5a07da677bd242a2b9666a8ea5df205e 40a1e1e24b7441d39fcb4db13e68186a - default default] 192.168.122.99,192.168.122.100 "GET /v2.0/ports?network_id=36e9eb8b-b7c5-44f1-bc15-945f5690461c&tags=tripleo_stack_name%3Dovercloud&tags=tripleo_vip_net%3Dstorage_mgmt HTTP/1.1" status: 200 len: 1215 time: 0.0413146
2026-06-14 07:45:08.364 18 DEBUG neutron.pecan_wsgi.hooks.policy_enforcement [req-37b61bd8-c3a3-4afb-b166-7653c66c0519 5a07da677bd242a2b9666a8ea5df205e 40a1e1e24b7441d39fcb4db13e68186a - default default] Attributes excluded by policy engine: ['standard_attr_id', 'shared'] _exclude_attributes_by_policy /usr/lib/python3.9/site-packages/neutron/pecan_wsgi/hooks/policy_enforcement.py:259
2026-06-14 07:45:08.365 18 INFO neutron.wsgi [req-37b61bd8-c3a3-4afb-b166-7653c66c0519 5a07da677bd242a2b9666a8ea5df205e 40a1e1e24b7441d39fcb4db13e68186a - default default] 192.168.122.99,192.168.122.100 "GET /v2.0/subnets/706888a1-34c7-49ac-ba1a-d1ecab0dfa10 HTTP/1.1" status: 200 len: 864 time: 0.0311856
2026-06-14 07:45:08.407 18 DEBUG neutron.pecan_wsgi.hooks.policy_enforcement [req-6135b007-a3e6-4bc3-a252-d124142ed1b9 5a07da677bd242a2b9666a8ea5df205e 40a1e1e24b7441d39fcb4db13e68186a - default default] Attributes excluded by policy engine: ['standard_attr_id'] _exclude_attributes_by_policy /usr/lib/python3.9/site-packages/neutron/pecan_wsgi/hooks/policy_enforcement.py:259
2026-06-14 07:45:08.407 18 INFO neutron.wsgi [req-6135b007-a3e6-4bc3-a252-d124142ed1b9 5a07da677bd242a2b9666a8ea5df205e 40a1e1e24b7441d39fcb4db13e68186a - default default] 192.168.122.99,192.168.122.100 "GET /v2.0/ports?network_id=e575b5b7-187f-4286-ab62-87c73db563b6&tags=tripleo_stack_name%3Dovercloud&tags=tripleo_vip_net%3Dexternal HTTP/1.1" status: 200 len: 1207 time: 0.0387490
2026-06-14 07:45:08.444 18 DEBUG neutron.pecan_wsgi.hooks.policy_enforcement [req-444452a4-9f50-4abf-a90a-ea3c02a754d0 5a07da677bd242a2b9666a8ea5df205e 40a1e1e24b7441d39fcb4db13e68186a - default default] Attributes excluded by policy engine: ['standard_attr_id', 'shared'] _exclude_attributes_by_policy /usr/lib/python3.9/site-packages/neutron/pecan_wsgi/hooks/policy_enforcement.py:259
2026-06-14 07:45:08.445 18 INFO neutron.wsgi [req-444452a4-9f50-4abf-a90a-ea3c02a754d0 5a07da677bd242a2b9666a8ea5df205e 40a1e1e24b7441d39fcb4db13e68186a - default default] 192.168.122.99,192.168.122.100 "GET /v2.0/subnets/353b5c62-99dd-47e4-9433-cd10e84ea5b1 HTTP/1.1" status: 200 len: 860 time: 0.0308118
2026-06-14 07:45:08.490 18 DEBUG neutron.pecan_wsgi.hooks.policy_enforcement [req-8d3e29e9-8994-4a6b-9fed-af0bb0d28d73 5a07da677bd242a2b9666a8ea5df205e 40a1e1e24b7441d39fcb4db13e68186a - default default] Attributes excluded by policy engine: ['standard_attr_id'] _exclude_attributes_by_policy /usr/lib/python3.9/site-packages/neutron/pecan_wsgi/hooks/policy_enforcement.py:259
2026-06-14 07:45:08.490 18 INFO neutron.wsgi [req-8d3e29e9-8994-4a6b-9fed-af0bb0d28d73 5a07da677bd242a2b9666a8ea5df205e 40a1e1e24b7441d39fcb4db13e68186a - default default] 192.168.122.99,192.168.122.100 "GET /v2.0/ports?network_id=89565882-a75d-4d6c-8849-7a13152dbdfa&tags=tripleo_stack_name%3Dovercloud&tags=tripleo_vip_net%3Dctlplane HTTP/1.1" status: 200 len: 1211 time: 0.0396714
2026-06-14 07:45:08.557 18 DEBUG neutron.pecan_wsgi.hooks.policy_enforcement [req-43af8bc7-aa3a-4af4-9845-b3be85c17db8 5a07da677bd242a2b9666a8ea5df205e 40a1e1e24b7441d39fcb4db13e68186a - default default] Attributes excluded by policy engine: ['standard_attr_id', 'vlan_transparent'] _exclude_attributes_by_policy /usr/lib/python3.9/site-packages/neutron/pecan_wsgi/hooks/policy_enforcement.py:259
2026-06-14 07:45:08.558 18 INFO neutron.wsgi [req-43af8bc7-aa3a-4af4-9845-b3be85c17db8 5a07da677bd242a2b9666a8ea5df205e 40a1e1e24b7441d39fcb4db13e68186a - default default] 192.168.122.99,192.168.122.100 "GET /v2.0/networks/89565882-a75d-4d6c-8849-7a13152dbdfa HTTP/1.1" status: 200 len: 919 time: 0.0596185
2026-06-14 07:45:08.590 18 DEBUG neutron.pecan_wsgi.hooks.policy_enforcement [req-b4956598-ba82-4f8f-ad63-039df0f8535c 5a07da677bd242a2b9666a8ea5df205e 40a1e1e24b7441d39fcb4db13e68186a - default default] Attributes excluded by policy engine: ['standard_attr_id', 'shared'] _exclude_attributes_by_policy /usr/lib/python3.9/site-packages/neutron/pecan_wsgi/hooks/policy_enforcement.py:259
2026-06-14 07:45:08.591 18 INFO neutron.wsgi [req-b4956598-ba82-4f8f-ad63-039df0f8535c 5a07da677bd242a2b9666a8ea5df205e 40a1e1e24b7441d39fcb4db13e68186a - default default] 192.168.122.99,192.168.122.100 "GET /v2.0/subnets/f87bfb17-3885-44b8-a4c3-1968c719088a HTTP/1.1" status: 200 len: 842 time: 0.0291862
2026-06-14 07:45:09.690 15 DEBUG neutron.wsgi [-] (15) accepted ('192.168.122.100', 44336) server /usr/lib/python3.9/site-packages/eventlet/wsgi.py:992
2026-06-14 07:45:09.693 15 INFO neutron.wsgi [-] 192.168.122.100 "GET /healthcheck HTTP/1.0" status: 200 len: 137 time: 0.0027380
2026-06-14 07:45:11.695 17 DEBUG neutron.wsgi [-] (17) accepted ('192.168.122.100', 44350) server /usr/lib/python3.9/site-packages/eventlet/wsgi.py:992
2026-06-14 07:45:11.697 17 INFO neutron.wsgi [-] 192.168.122.100 "GET /healthcheck HTTP/1.0" status: 200 len: 137 time: 0.0013344
2026-06-14 07:45:13.698 16 DEBUG neutron.wsgi [-] (16) accepted ('192.168.122.100', 44354) server /usr/lib/python3.9/site-packages/eventlet/wsgi.py:992
2026-06-14 07:45:13.701 16 INFO neutron.wsgi [-] 192.168.122.100 "GET /healthcheck HTTP/1.0" status: 200 len: 137 time: 0.0014734
2026-06-14 07:45:15.702 16 DEBUG neutron.wsgi [-] (16) accepted ('192.168.122.100', 39870) server /usr/lib/python3.9/site-packages/eventlet/wsgi.py:992
2026-06-14 07:45:15.705 16 INFO neutron.wsgi [-] 192.168.122.100 "GET /healthcheck HTTP/1.0" status: 200 len: 137 time: 0.0015380
2026-06-14 07:45:17.707 18 DEBUG neutron.wsgi [-] (18) accepted ('192.168.122.100', 39876) server /usr/lib/python3.9/site-packages/eventlet/wsgi.py:992
2026-06-14 07:45:17.711 18 INFO neutron.wsgi [-] 192.168.122.100 "GET /healthcheck HTTP/1.0" status: 200 len: 137 time: 0.0023656
2026-06-14 07:45:19.713 17 DEBUG neutron.wsgi [-] (17) accepted ('192.168.122.100', 39888) server /usr/lib/python3.9/site-packages/eventlet/wsgi.py:992
2026-06-14 07:45:19.716 17 INFO neutron.wsgi [-] 192.168.122.100 "GET /healthcheck HTTP/1.0" status: 200 len: 137 time: 0.0026276
2026-06-14 07:45:21.718 18 DEBUG neutron.wsgi [-] (18) accepted ('192.168.122.100', 39902) server /usr/lib/python3.9/site-packages/eventlet/wsgi.py:992
2026-06-14 07:45:21.722 18 INFO neutron.wsgi [-] 192.168.122.100 "GET /healthcheck HTTP/1.0" status: 200 len: 137 time: 0.0025642
2026-06-14 07:45:23.723 17 DEBUG neutron.wsgi [-] (17) accepted ('192.168.122.100', 39912) server /usr/lib/python3.9/site-packages/eventlet/wsgi.py:992
2026-06-14 07:45:23.724 17 INFO neutron.wsgi [-] 192.168.122.100 "GET /healthcheck HTTP/1.0" status: 200 len: 137 time: 0.0012660
2026-06-14 07:45:25.725 15 DEBUG neutron.wsgi [-] (15) accepted ('192.168.122.100', 43610) server /usr/lib/python3.9/site-packages/eventlet/wsgi.py:992
2026-06-14 07:45:25.727 15 INFO neutron.wsgi [-] 192.168.122.100 "GET /healthcheck HTTP/1.0" status: 200 len: 137 time: 0.0012641
2026-06-14 07:45:27.729 17 DEBUG neutron.wsgi [-] (17) accepted ('192.168.122.100', 43624) server /usr/lib/python3.9/site-packages/eventlet/wsgi.py:992
2026-06-14 07:45:27.733 17 INFO neutron.wsgi [-] 192.168.122.100 "GET /healthcheck HTTP/1.0" status: 200 len: 137 time: 0.0028141
2026-06-14 07:45:29.735 18 DEBUG neutron.wsgi [-] (18) accepted ('192.168.122.100', 43630) server /usr/lib/python3.9/site-packages/eventlet/wsgi.py:992
2026-06-14 07:45:29.739 18 INFO neutron.wsgi [-] 192.168.122.100 "GET /healthcheck HTTP/1.0" status: 200 len: 137 time: 0.0028226
2026-06-14 07:45:30.404 18 DEBUG neutron.wsgi [-] (18) accepted ('192.168.122.100', 43644) server /usr/lib/python3.9/site-packages/eventlet/wsgi.py:992
2026-06-14 07:45:30.407 18 INFO neutron.wsgi [-] 192.168.122.100 "GET / HTTP/1.1" status: 200 len: 233 time: 0.0017767
2026-06-14 07:45:31.741 15 DEBUG neutron.wsgi [-] (15) accepted ('192.168.122.100', 43646) server /usr/lib/python3.9/site-packages/eventlet/wsgi.py:992
2026-06-14 07:45:31.745 15 INFO neutron.wsgi [-] 192.168.122.100 "GET /healthcheck HTTP/1.0" status: 200 len: 137 time: 0.0026095
2026-06-14 07:45:33.747 17 DEBUG neutron.wsgi [-] (17) accepted ('192.168.122.100', 43658) server /usr/lib/python3.9/site-packages/eventlet/wsgi.py:992
2026-06-14 07:45:33.752 17 INFO neutron.wsgi [-] 192.168.122.100 "GET /healthcheck HTTP/1.0" status: 200 len: 137 time: 0.0033679
2026-06-14 07:45:35.754 18 DEBUG neutron.wsgi [-] (18) accepted ('192.168.122.100', 51264) server /usr/lib/python3.9/site-packages/eventlet/wsgi.py:992
2026-06-14 07:45:35.757 18 INFO neutron.wsgi [-] 192.168.122.100 "GET /healthcheck HTTP/1.0" status: 200 len: 137 time: 0.0027616
2026-06-14 07:45:37.759 17 DEBUG neutron.wsgi [-] (17) accepted ('192.168.122.100', 51270) server /usr/lib/python3.9/site-packages/eventlet/wsgi.py:992
2026-06-14 07:45:37.764 17 INFO neutron.wsgi [-] 192.168.122.100 "GET /healthcheck HTTP/1.0" status: 200 len: 137 time: 0.0032287
2026-06-14 07:45:39.766 15 DEBUG neutron.wsgi [-] (15) accepted ('192.168.122.100', 51280) server /usr/lib/python3.9/site-packages/eventlet/wsgi.py:992
2026-06-14 07:45:39.770 15 INFO neutron.wsgi [-] 192.168.122.100 "GET /healthcheck HTTP/1.0" status: 200 len: 137 time: 0.0028336
2026-06-14 07:45:41.772 17 DEBUG neutron.wsgi [-] (17) accepted ('192.168.122.100', 51296) server /usr/lib/python3.9/site-packages/eventlet/wsgi.py:992
2026-06-14 07:45:41.776 17 INFO neutron.wsgi [-] 192.168.122.100 "GET /healthcheck HTTP/1.0" status: 200 len: 137 time: 0.0027034
2026-06-14 07:45:43.778 17 DEBUG neutron.wsgi [-] (17) accepted ('192.168.122.100', 51298) server /usr/lib/python3.9/site-packages/eventlet/wsgi.py:992
2026-06-14 07:45:43.782 17 INFO neutron.wsgi [-] 192.168.122.100 "GET /healthcheck HTTP/1.0" status: 200 len: 137 time: 0.0027397
2026-06-14 07:45:45.784 15 DEBUG neutron.wsgi [-] (15) accepted ('192.168.122.100', 57070) server /usr/lib/python3.9/site-packages/eventlet/wsgi.py:992
2026-06-14 07:45:45.787 15 INFO neutron.wsgi [-] 192.168.122.100 "GET /healthcheck HTTP/1.0" status: 200 len: 137 time: 0.0018435
2026-06-14 07:45:47.789 16 DEBUG neutron.wsgi [-] (16) accepted ('192.168.122.100', 57078) server /usr/lib/python3.9/site-packages/eventlet/wsgi.py:992
2026-06-14 07:45:47.792 16 INFO neutron.wsgi [-] 192.168.122.100 "GET /healthcheck HTTP/1.0" status: 200 len: 137 time: 0.0017319
2026-06-14 07:45:49.794 16 DEBUG neutron.wsgi [-] (16) accepted ('192.168.122.100', 57092) server /usr/lib/python3.9/site-packages/eventlet/wsgi.py:992
2026-06-14 07:45:49.798 16 INFO neutron.wsgi [-] 192.168.122.100 "GET /healthcheck HTTP/1.0" status: 200 len: 137 time: 0.0027947
2026-06-14 07:45:51.800 17 DEBUG neutron.wsgi [-] (17) accepted ('192.168.122.100', 57102) server /usr/lib/python3.9/site-packages/eventlet/wsgi.py:992
2026-06-14 07:45:51.803 17 INFO neutron.wsgi [-] 192.168.122.100 "GET /healthcheck HTTP/1.0" status: 200 len: 137 time: 0.0025122
