2026-06-14 07:56:15.255 15 INFO neutron.wsgi [req-7e87f0fc-8873-4df3-b0fa-3875132fceca 5a07da677bd242a2b9666a8ea5df205e 40a1e1e24b7441d39fcb4db13e68186a - default default] 192.168.122.99,192.168.122.100 "GET /v2.0/ports?name=np0000073149_ovn_physnet_datacentre&network_id=1ae52d07-d93e-42ee-a90f-9762fd5dc62a&tags=tripleo_stack_name%3Dovercloud HTTP/1.1" status: 200 len: 186 time: 0.0589960
2026-06-14 07:56:15.256 17 DEBUG neutron.notifiers.nova [req-e7fb0f99-1862-4bbb-bcc6-d3b186d2a527 5a07da677bd242a2b9666a8ea5df205e 40a1e1e24b7441d39fcb4db13e68186a - default default] device_id is not set on port 710cc96f-1b5d-4ba2-9a00-5b81147aedbb yet. _can_notify /usr/lib/python3.9/site-packages/neutron/notifiers/nova.py:201
2026-06-14 07:56:15.265 15 DEBUG neutron.api.v2.base [req-c53e8f2d-89cf-4470-b186-03bf6f7d3c93 5a07da677bd242a2b9666a8ea5df205e 40a1e1e24b7441d39fcb4db13e68186a - default default] Request body: {'port': {'network_id': '1ae52d07-d93e-42ee-a90f-9762fd5dc62a', 'dns_name': 'np0000073149', 'name': 'np0000073149_ovn_physnet_datacentre'}} prepare_request_body /usr/lib/python3.9/site-packages/neutron/api/v2/base.py:729
2026-06-14 07:56:15.266 16 DEBUG neutron.pecan_wsgi.hooks.quota_enforcement [req-dcd8c752-7f59-4a8c-a7f1-bf287a7652e6 5a07da677bd242a2b9666a8ea5df205e 40a1e1e24b7441d39fcb4db13e68186a - default default] Made reservation on behalf of 40a1e1e24b7441d39fcb4db13e68186a for: {'port': 1} before /usr/lib/python3.9/site-packages/neutron/pecan_wsgi/hooks/quota_enforcement.py:53
2026-06-14 07:56:15.268 16 DEBUG neutron_lib.callbacks.manager [req-dcd8c752-7f59-4a8c-a7f1-bf287a7652e6 5a07da677bd242a2b9666a8ea5df205e 40a1e1e24b7441d39fcb4db13e68186a - default default] Notify callbacks ['neutron.plugins.ml2.plugin.SecurityGroupDbMixin._ensure_default_security_group_handler-557573'] for port, before_create _notify_loop /usr/lib/python3.9/site-packages/neutron_lib/callbacks/manager.py:200
2026-06-14 07:56:15.281 15 DEBUG neutron.pecan_wsgi.hooks.quota_enforcement [req-c53e8f2d-89cf-4470-b186-03bf6f7d3c93 5a07da677bd242a2b9666a8ea5df205e 40a1e1e24b7441d39fcb4db13e68186a - default default] Made reservation on behalf of 40a1e1e24b7441d39fcb4db13e68186a for: {'port': 1} before /usr/lib/python3.9/site-packages/neutron/pecan_wsgi/hooks/quota_enforcement.py:53
2026-06-14 07:56:15.284 15 DEBUG neutron_lib.callbacks.manager [req-c53e8f2d-89cf-4470-b186-03bf6f7d3c93 5a07da677bd242a2b9666a8ea5df205e 40a1e1e24b7441d39fcb4db13e68186a - default default] Notify callbacks ['neutron.plugins.ml2.plugin.SecurityGroupDbMixin._ensure_default_security_group_handler-557573'] for port, before_create _notify_loop /usr/lib/python3.9/site-packages/neutron_lib/callbacks/manager.py:200
2026-06-14 07:56:15.296 16 DEBUG neutron.notifiers.nova [req-dcd8c752-7f59-4a8c-a7f1-bf287a7652e6 5a07da677bd242a2b9666a8ea5df205e 40a1e1e24b7441d39fcb4db13e68186a - default default] device_id is not set on port d900a4f6-2731-4c2d-8b94-6537c77ddaa9 yet. _can_notify /usr/lib/python3.9/site-packages/neutron/notifiers/nova.py:201
2026-06-14 07:56:15.318 15 DEBUG neutron.notifiers.nova [req-c53e8f2d-89cf-4470-b186-03bf6f7d3c93 5a07da677bd242a2b9666a8ea5df205e 40a1e1e24b7441d39fcb4db13e68186a - default default] device_id is not set on port e9cfcefb-6a3b-4912-9dc1-878c12a3b3a0 yet. _can_notify /usr/lib/python3.9/site-packages/neutron/notifiers/nova.py:201
2026-06-14 07:56:15.418 17 DEBUG neutron_lib.callbacks.manager [req-e7fb0f99-1862-4bbb-bcc6-d3b186d2a527 5a07da677bd242a2b9666a8ea5df205e 40a1e1e24b7441d39fcb4db13e68186a - default default] Notify callbacks [] for allowed_address_pair, before_create _notify_loop /usr/lib/python3.9/site-packages/neutron_lib/callbacks/manager.py:200
2026-06-14 07:56:15.418 17 DEBUG neutron_lib.callbacks.manager [req-e7fb0f99-1862-4bbb-bcc6-d3b186d2a527 5a07da677bd242a2b9666a8ea5df205e 40a1e1e24b7441d39fcb4db13e68186a - default default] Notify callbacks [] for port, precommit_create _notify_loop /usr/lib/python3.9/site-packages/neutron_lib/callbacks/manager.py:200
2026-06-14 07:56:15.439 17 DEBUG neutron_lib.callbacks.manager [req-e7fb0f99-1862-4bbb-bcc6-d3b186d2a527 5a07da677bd242a2b9666a8ea5df205e 40a1e1e24b7441d39fcb4db13e68186a - default default] Notify callbacks ['neutron.plugins.ml2.plugin.SecurityGroupServerNotifierRpcMixin.notify_sg_on_port_change-554061', 'neutron.plugins.ml2.extensions.dns_integration._create_port_in_external_dns_service-8786096090817', 'neutron.plugins.ml2.ovo_rpc._ObjectChangeHandler.handle_event-347148', 'neutron.api.rpc.agentnotifiers.dhcp_rpc_agent_api.DhcpAgentNotifyAPI._native_event_send_dhcp_notification-4096141', 'neutron.services.segments.plugin.NovaSegmentNotifier._notify_port_created_or_deleted-4131249'] for port, after_create _notify_loop /usr/lib/python3.9/site-packages/neutron_lib/callbacks/manager.py:200
2026-06-14 07:56:15.473 17 DEBUG neutron.scheduler.dhcp_agent_scheduler [req-e7fb0f99-1862-4bbb-bcc6-d3b186d2a527 5a07da677bd242a2b9666a8ea5df205e 40a1e1e24b7441d39fcb4db13e68186a - default default] Network 1ae52d07-d93e-42ee-a90f-9762fd5dc62a is already hosted by enough agents. _get_dhcp_agents_hosting_network /usr/lib/python3.9/site-packages/neutron/scheduler/dhcp_agent_scheduler.py:275
2026-06-14 07:56:15.475 17 DEBUG neutron.scheduler.base_scheduler [req-e7fb0f99-1862-4bbb-bcc6-d3b186d2a527 5a07da677bd242a2b9666a8ea5df205e 40a1e1e24b7441d39fcb4db13e68186a - default default] Resources bound (agent type, host, resource id): schedule /usr/lib/python3.9/site-packages/neutron/scheduler/base_scheduler.py:57
2026-06-14 07:56:15.476 17 DEBUG neutron.api.rpc.handlers.resources_rpc [req-e7fb0f99-1862-4bbb-bcc6-d3b186d2a527 5a07da677bd242a2b9666a8ea5df205e 40a1e1e24b7441d39fcb4db13e68186a - - -] Pushing event updated for resources: {'Port': ['ID=710cc96f-1b5d-4ba2-9a00-5b81147aedbb,revision_number=1']} push /usr/lib/python3.9/site-packages/neutron/api/rpc/handlers/resources_rpc.py:237
2026-06-14 07:56:15.477 17 DEBUG neutron.pecan_wsgi.hooks.policy_enforcement [req-e7fb0f99-1862-4bbb-bcc6-d3b186d2a527 5a07da677bd242a2b9666a8ea5df205e 40a1e1e24b7441d39fcb4db13e68186a - default default] Attributes excluded by policy engine: ['standard_attr_id', 'network'] _exclude_attributes_by_policy /usr/lib/python3.9/site-packages/neutron/pecan_wsgi/hooks/policy_enforcement.py:259
2026-06-14 07:56:15.478 17 DEBUG neutron_lib.callbacks.manager [req-e7fb0f99-1862-4bbb-bcc6-d3b186d2a527 5a07da677bd242a2b9666a8ea5df205e 40a1e1e24b7441d39fcb4db13e68186a - default default] Notify callbacks ['neutron.notifiers.nova.Notifier._send_nova_notification-247817', 'neutron.api.rpc.agentnotifiers.dhcp_rpc_agent_api.DhcpAgentNotifyAPI._send_dhcp_notification-4096191'] for port, before_response _notify_loop /usr/lib/python3.9/site-packages/neutron_lib/callbacks/manager.py:200
2026-06-14 07:56:15.490 17 INFO neutron.wsgi [req-e7fb0f99-1862-4bbb-bcc6-d3b186d2a527 5a07da677bd242a2b9666a8ea5df205e 40a1e1e24b7441d39fcb4db13e68186a - default default] 192.168.122.99,192.168.122.100 "POST /v2.0/ports HTTP/1.1" status: 201 len: 1016 time: 0.2686694
2026-06-14 07:56:15.499 17 DEBUG neutron.services.tag.tag_plugin [req-4c0945e9-95d1-4b29-964e-37e919990eb2 5a07da677bd242a2b9666a8ea5df205e 40a1e1e24b7441d39fcb4db13e68186a - default default] neutron.services.tag.tag_plugin.TagPlugin method update_tags called with arguments (, 'ports', '710cc96f-1b5d-4ba2-9a00-5b81147aedbb', {'tags': ['tripleo_stack_name=overcloud', 'tripleo_ovn_physnet=datacentre']}) {} wrapper /usr/lib/python3.9/site-packages/oslo_log/helpers.py:65
2026-06-14 07:56:15.518 16 DEBUG neutron_lib.callbacks.manager [req-dcd8c752-7f59-4a8c-a7f1-bf287a7652e6 5a07da677bd242a2b9666a8ea5df205e 40a1e1e24b7441d39fcb4db13e68186a - default default] Notify callbacks [] for allowed_address_pair, before_create _notify_loop /usr/lib/python3.9/site-packages/neutron_lib/callbacks/manager.py:200
2026-06-14 07:56:15.519 16 DEBUG neutron_lib.callbacks.manager [req-dcd8c752-7f59-4a8c-a7f1-bf287a7652e6 5a07da677bd242a2b9666a8ea5df205e 40a1e1e24b7441d39fcb4db13e68186a - default default] Notify callbacks [] for port, precommit_create _notify_loop /usr/lib/python3.9/site-packages/neutron_lib/callbacks/manager.py:200
2026-06-14 07:56:15.531 17 INFO neutron.wsgi [req-4c0945e9-95d1-4b29-964e-37e919990eb2 5a07da677bd242a2b9666a8ea5df205e 40a1e1e24b7441d39fcb4db13e68186a - default default] 192.168.122.99,192.168.122.100 "PUT /v2.0/ports/710cc96f-1b5d-4ba2-9a00-5b81147aedbb/tags HTTP/1.1" status: 200 len: 250 time: 0.0350623
2026-06-14 07:56:15.536 16 DEBUG neutron_lib.callbacks.manager [req-dcd8c752-7f59-4a8c-a7f1-bf287a7652e6 5a07da677bd242a2b9666a8ea5df205e 40a1e1e24b7441d39fcb4db13e68186a - default default] Notify callbacks ['neutron.plugins.ml2.plugin.SecurityGroupServerNotifierRpcMixin.notify_sg_on_port_change-554061', 'neutron.plugins.ml2.extensions.dns_integration._create_port_in_external_dns_service-8786096090817', 'neutron.plugins.ml2.ovo_rpc._ObjectChangeHandler.handle_event-347148', 'neutron.api.rpc.agentnotifiers.dhcp_rpc_agent_api.DhcpAgentNotifyAPI._native_event_send_dhcp_notification-4096141', 'neutron.services.segments.plugin.NovaSegmentNotifier._notify_port_created_or_deleted-4131249'] for port, after_create _notify_loop /usr/lib/python3.9/site-packages/neutron_lib/callbacks/manager.py:200
2026-06-14 07:56:15.558 15 DEBUG neutron_lib.callbacks.manager [req-c53e8f2d-89cf-4470-b186-03bf6f7d3c93 5a07da677bd242a2b9666a8ea5df205e 40a1e1e24b7441d39fcb4db13e68186a - default default] Notify callbacks [] for allowed_address_pair, before_create _notify_loop /usr/lib/python3.9/site-packages/neutron_lib/callbacks/manager.py:200
2026-06-14 07:56:15.559 15 DEBUG neutron_lib.callbacks.manager [req-c53e8f2d-89cf-4470-b186-03bf6f7d3c93 5a07da677bd242a2b9666a8ea5df205e 40a1e1e24b7441d39fcb4db13e68186a - default default] Notify callbacks [] for port, precommit_create _notify_loop /usr/lib/python3.9/site-packages/neutron_lib/callbacks/manager.py:200
2026-06-14 07:56:15.575 16 DEBUG neutron.scheduler.dhcp_agent_scheduler [req-dcd8c752-7f59-4a8c-a7f1-bf287a7652e6 5a07da677bd242a2b9666a8ea5df205e 40a1e1e24b7441d39fcb4db13e68186a - default default] Network 1ae52d07-d93e-42ee-a90f-9762fd5dc62a is already hosted by enough agents. _get_dhcp_agents_hosting_network /usr/lib/python3.9/site-packages/neutron/scheduler/dhcp_agent_scheduler.py:275
2026-06-14 07:56:15.577 16 DEBUG neutron.scheduler.base_scheduler [req-dcd8c752-7f59-4a8c-a7f1-bf287a7652e6 5a07da677bd242a2b9666a8ea5df205e 40a1e1e24b7441d39fcb4db13e68186a - default default] Resources bound (agent type, host, resource id): schedule /usr/lib/python3.9/site-packages/neutron/scheduler/base_scheduler.py:57
2026-06-14 07:56:15.577 15 DEBUG neutron_lib.callbacks.manager [req-c53e8f2d-89cf-4470-b186-03bf6f7d3c93 5a07da677bd242a2b9666a8ea5df205e 40a1e1e24b7441d39fcb4db13e68186a - default default] Notify callbacks ['neutron.plugins.ml2.plugin.SecurityGroupServerNotifierRpcMixin.notify_sg_on_port_change-554061', 'neutron.plugins.ml2.extensions.dns_integration._create_port_in_external_dns_service-8786096090817', 'neutron.plugins.ml2.ovo_rpc._ObjectChangeHandler.handle_event-347148', 'neutron.api.rpc.agentnotifiers.dhcp_rpc_agent_api.DhcpAgentNotifyAPI._native_event_send_dhcp_notification-4096141', 'neutron.services.segments.plugin.NovaSegmentNotifier._notify_port_created_or_deleted-4131249'] for port, after_create _notify_loop /usr/lib/python3.9/site-packages/neutron_lib/callbacks/manager.py:200
2026-06-14 07:56:15.579 16 DEBUG neutron.pecan_wsgi.hooks.policy_enforcement [req-dcd8c752-7f59-4a8c-a7f1-bf287a7652e6 5a07da677bd242a2b9666a8ea5df205e 40a1e1e24b7441d39fcb4db13e68186a - default default] Attributes excluded by policy engine: ['standard_attr_id', 'network'] _exclude_attributes_by_policy /usr/lib/python3.9/site-packages/neutron/pecan_wsgi/hooks/policy_enforcement.py:259
2026-06-14 07:56:15.580 16 DEBUG neutron_lib.callbacks.manager [req-dcd8c752-7f59-4a8c-a7f1-bf287a7652e6 5a07da677bd242a2b9666a8ea5df205e 40a1e1e24b7441d39fcb4db13e68186a - default default] Notify callbacks ['neutron.notifiers.nova.Notifier._send_nova_notification-247817', 'neutron.api.rpc.agentnotifiers.dhcp_rpc_agent_api.DhcpAgentNotifyAPI._send_dhcp_notification-4096191'] for port, before_response _notify_loop /usr/lib/python3.9/site-packages/neutron_lib/callbacks/manager.py:200
2026-06-14 07:56:15.591 16 DEBUG neutron.api.rpc.handlers.resources_rpc [req-dcd8c752-7f59-4a8c-a7f1-bf287a7652e6 5a07da677bd242a2b9666a8ea5df205e 40a1e1e24b7441d39fcb4db13e68186a - - -] Pushing event updated for resources: {'Port': ['ID=d900a4f6-2731-4c2d-8b94-6537c77ddaa9,revision_number=1']} push /usr/lib/python3.9/site-packages/neutron/api/rpc/handlers/resources_rpc.py:237
2026-06-14 07:56:15.598 16 INFO neutron.wsgi [req-dcd8c752-7f59-4a8c-a7f1-bf287a7652e6 5a07da677bd242a2b9666a8ea5df205e 40a1e1e24b7441d39fcb4db13e68186a - default default] 192.168.122.99,192.168.122.100 "POST /v2.0/ports HTTP/1.1" status: 201 len: 1016 time: 0.3469994
2026-06-14 07:56:15.604 16 DEBUG neutron.services.tag.tag_plugin [req-6dc307f9-e8f8-4345-b440-5a888552533e 5a07da677bd242a2b9666a8ea5df205e 40a1e1e24b7441d39fcb4db13e68186a - default default] neutron.services.tag.tag_plugin.TagPlugin method update_tags called with arguments (, 'ports', 'd900a4f6-2731-4c2d-8b94-6537c77ddaa9', {'tags': ['tripleo_stack_name=overcloud', 'tripleo_ovn_physnet=datacentre']}) {} wrapper /usr/lib/python3.9/site-packages/oslo_log/helpers.py:65
2026-06-14 07:56:15.614 15 DEBUG neutron.scheduler.dhcp_agent_scheduler [req-c53e8f2d-89cf-4470-b186-03bf6f7d3c93 5a07da677bd242a2b9666a8ea5df205e 40a1e1e24b7441d39fcb4db13e68186a - default default] Network 1ae52d07-d93e-42ee-a90f-9762fd5dc62a is already hosted by enough agents. _get_dhcp_agents_hosting_network /usr/lib/python3.9/site-packages/neutron/scheduler/dhcp_agent_scheduler.py:275
2026-06-14 07:56:15.617 15 DEBUG neutron.scheduler.base_scheduler [req-c53e8f2d-89cf-4470-b186-03bf6f7d3c93 5a07da677bd242a2b9666a8ea5df205e 40a1e1e24b7441d39fcb4db13e68186a - default default] Resources bound (agent type, host, resource id): schedule /usr/lib/python3.9/site-packages/neutron/scheduler/base_scheduler.py:57
2026-06-14 07:56:15.624 15 DEBUG neutron.pecan_wsgi.hooks.policy_enforcement [req-c53e8f2d-89cf-4470-b186-03bf6f7d3c93 5a07da677bd242a2b9666a8ea5df205e 40a1e1e24b7441d39fcb4db13e68186a - default default] Attributes excluded by policy engine: ['standard_attr_id', 'network'] _exclude_attributes_by_policy /usr/lib/python3.9/site-packages/neutron/pecan_wsgi/hooks/policy_enforcement.py:259
2026-06-14 07:56:15.625 15 DEBUG neutron_lib.callbacks.manager [req-c53e8f2d-89cf-4470-b186-03bf6f7d3c93 5a07da677bd242a2b9666a8ea5df205e 40a1e1e24b7441d39fcb4db13e68186a - default default] Notify callbacks ['neutron.notifiers.nova.Notifier._send_nova_notification-247817', 'neutron.api.rpc.agentnotifiers.dhcp_rpc_agent_api.DhcpAgentNotifyAPI._send_dhcp_notification-4096191'] for port, before_response _notify_loop /usr/lib/python3.9/site-packages/neutron_lib/callbacks/manager.py:200
2026-06-14 07:56:15.630 15 DEBUG neutron.api.rpc.handlers.resources_rpc [req-c53e8f2d-89cf-4470-b186-03bf6f7d3c93 5a07da677bd242a2b9666a8ea5df205e 40a1e1e24b7441d39fcb4db13e68186a - - -] Pushing event updated for resources: {'Port': ['ID=e9cfcefb-6a3b-4912-9dc1-878c12a3b3a0,revision_number=1']} push /usr/lib/python3.9/site-packages/neutron/api/rpc/handlers/resources_rpc.py:237
2026-06-14 07:56:15.636 16 INFO neutron.wsgi [req-6dc307f9-e8f8-4345-b440-5a888552533e 5a07da677bd242a2b9666a8ea5df205e 40a1e1e24b7441d39fcb4db13e68186a - default default] 192.168.122.99,192.168.122.100 "PUT /v2.0/ports/d900a4f6-2731-4c2d-8b94-6537c77ddaa9/tags HTTP/1.1" status: 200 len: 250 time: 0.0347733
2026-06-14 07:56:15.640 15 INFO neutron.wsgi [req-c53e8f2d-89cf-4470-b186-03bf6f7d3c93 5a07da677bd242a2b9666a8ea5df205e 40a1e1e24b7441d39fcb4db13e68186a - default default] 192.168.122.99,192.168.122.100 "POST /v2.0/ports HTTP/1.1" status: 201 len: 1016 time: 0.3792925
2026-06-14 07:56:15.645 15 DEBUG neutron.services.tag.tag_plugin [req-20bf2e61-44de-4b81-b531-990ad0089494 5a07da677bd242a2b9666a8ea5df205e 40a1e1e24b7441d39fcb4db13e68186a - default default] neutron.services.tag.tag_plugin.TagPlugin method update_tags called with arguments (, 'ports', 'e9cfcefb-6a3b-4912-9dc1-878c12a3b3a0', {'tags': ['tripleo_stack_name=overcloud', 'tripleo_ovn_physnet=datacentre']}) {} wrapper /usr/lib/python3.9/site-packages/oslo_log/helpers.py:65
2026-06-14 07:56:15.678 15 INFO neutron.wsgi [req-20bf2e61-44de-4b81-b531-990ad0089494 5a07da677bd242a2b9666a8ea5df205e 40a1e1e24b7441d39fcb4db13e68186a - default default] 192.168.122.99,192.168.122.100 "PUT /v2.0/ports/e9cfcefb-6a3b-4912-9dc1-878c12a3b3a0/tags HTTP/1.1" status: 200 len: 250 time: 0.0348730
2026-06-14 07:56:15.726 15 DEBUG neutron.pecan_wsgi.hooks.policy_enforcement [req-74405e7a-6600-4b56-ac85-cb91956e3c9a 5a07da677bd242a2b9666a8ea5df205e 40a1e1e24b7441d39fcb4db13e68186a - default default] Attributes excluded by policy engine: ['standard_attr_id'] _exclude_attributes_by_policy /usr/lib/python3.9/site-packages/neutron/pecan_wsgi/hooks/policy_enforcement.py:259
2026-06-14 07:56:15.726 15 DEBUG neutron.pecan_wsgi.hooks.policy_enforcement [req-74405e7a-6600-4b56-ac85-cb91956e3c9a 5a07da677bd242a2b9666a8ea5df205e 40a1e1e24b7441d39fcb4db13e68186a - default default] Attributes excluded by policy engine: ['standard_attr_id'] _exclude_attributes_by_policy /usr/lib/python3.9/site-packages/neutron/pecan_wsgi/hooks/policy_enforcement.py:259
2026-06-14 07:56:15.726 15 DEBUG neutron.pecan_wsgi.hooks.policy_enforcement [req-74405e7a-6600-4b56-ac85-cb91956e3c9a 5a07da677bd242a2b9666a8ea5df205e 40a1e1e24b7441d39fcb4db13e68186a - default default] Attributes excluded by policy engine: ['standard_attr_id'] _exclude_attributes_by_policy /usr/lib/python3.9/site-packages/neutron/pecan_wsgi/hooks/policy_enforcement.py:259
2026-06-14 07:56:15.727 15 DEBUG neutron.pecan_wsgi.hooks.policy_enforcement [req-74405e7a-6600-4b56-ac85-cb91956e3c9a 5a07da677bd242a2b9666a8ea5df205e 40a1e1e24b7441d39fcb4db13e68186a - default default] Attributes excluded by policy engine: ['standard_attr_id'] _exclude_attributes_by_policy /usr/lib/python3.9/site-packages/neutron/pecan_wsgi/hooks/policy_enforcement.py:259
2026-06-14 07:56:15.727 15 DEBUG neutron.pecan_wsgi.hooks.policy_enforcement [req-74405e7a-6600-4b56-ac85-cb91956e3c9a 5a07da677bd242a2b9666a8ea5df205e 40a1e1e24b7441d39fcb4db13e68186a - default default] Attributes excluded by policy engine: ['standard_attr_id'] _exclude_attributes_by_policy /usr/lib/python3.9/site-packages/neutron/pecan_wsgi/hooks/policy_enforcement.py:259
2026-06-14 07:56:15.727 15 DEBUG neutron.pecan_wsgi.hooks.policy_enforcement [req-74405e7a-6600-4b56-ac85-cb91956e3c9a 5a07da677bd242a2b9666a8ea5df205e 40a1e1e24b7441d39fcb4db13e68186a - default default] Attributes excluded by policy engine: ['standard_attr_id'] _exclude_attributes_by_policy /usr/lib/python3.9/site-packages/neutron/pecan_wsgi/hooks/policy_enforcement.py:259
2026-06-14 07:56:15.728 15 INFO neutron.wsgi [req-74405e7a-6600-4b56-ac85-cb91956e3c9a 5a07da677bd242a2b9666a8ea5df205e 40a1e1e24b7441d39fcb4db13e68186a - default default] 192.168.122.99,192.168.122.100 "GET /v2.0/ports?network_id=1ae52d07-d93e-42ee-a90f-9762fd5dc62a&tags=tripleo_stack_name%3Dovercloud HTTP/1.1" status: 200 len: 5533 time: 0.0471294
2026-06-14 07:56:15.780 15 DEBUG neutron.plugins.ml2.plugin [req-9f077d4c-73ba-4e6b-84cc-2cd38d10cd35 5a07da677bd242a2b9666a8ea5df205e 40a1e1e24b7441d39fcb4db13e68186a - default default] Deleting port 20468d0e-8540-4d75-8d02-c36b1cea9354 _pre_delete_port /usr/lib/python3.9/site-packages/neutron/plugins/ml2/plugin.py:2025
2026-06-14 07:56:15.780 15 DEBUG neutron_lib.callbacks.manager [req-9f077d4c-73ba-4e6b-84cc-2cd38d10cd35 5a07da677bd242a2b9666a8ea5df205e 40a1e1e24b7441d39fcb4db13e68186a - default default] Notify callbacks ['neutron.plugins.ml2.extensions.dns_integration._delete_port_in_external_dns_service-8786096090853', 'neutron.db.l3_db.L3_NAT_dbonly_mixin._prevent_l3_port_delete_callback-8786096154763'] for port, before_delete _notify_loop /usr/lib/python3.9/site-packages/neutron_lib/callbacks/manager.py:200
2026-06-14 07:56:15.889 15 DEBUG neutron_lib.callbacks.manager [req-9f077d4c-73ba-4e6b-84cc-2cd38d10cd35 5a07da677bd242a2b9666a8ea5df205e 40a1e1e24b7441d39fcb4db13e68186a - default default] Notify callbacks ['neutron.services.l3_router.l3_router_plugin.L3_NAT_dbonly_mixin._precommit_delete_port_callback-3699653'] for port, precommit_delete _notify_loop /usr/lib/python3.9/site-packages/neutron_lib/callbacks/manager.py:200
2026-06-14 07:56:15.897 15 DEBUG neutron.plugins.ml2.plugin [req-9f077d4c-73ba-4e6b-84cc-2cd38d10cd35 5a07da677bd242a2b9666a8ea5df205e 40a1e1e24b7441d39fcb4db13e68186a - default default] Calling delete_port for 20468d0e-8540-4d75-8d02-c36b1cea9354 owned by delete_port /usr/lib/python3.9/site-packages/neutron/plugins/ml2/plugin.py:2097
2026-06-14 07:56:15.961 15 DEBUG neutron_lib.callbacks.manager [req-9f077d4c-73ba-4e6b-84cc-2cd38d10cd35 5a07da677bd242a2b9666a8ea5df205e 40a1e1e24b7441d39fcb4db13e68186a - default default] Notify callbacks ['neutron.plugins.ml2.plugin.SecurityGroupServerNotifierRpcMixin.notify_sg_on_port_change-554061', 'neutron.plugins.ml2.ovo_rpc._ObjectChangeHandler.handle_event-347148', 'neutron.api.rpc.agentnotifiers.dhcp_rpc_agent_api.DhcpAgentNotifyAPI._native_event_send_dhcp_notification-4096141', 'neutron.db.l3_db.L3RpcNotifierMixin._notify_routers_callback-8786096128476', 'neutron.services.segments.plugin.NovaSegmentNotifier._notify_port_created_or_deleted-4131249'] for port, after_delete _notify_loop /usr/lib/python3.9/site-packages/neutron_lib/callbacks/manager.py:200
2026-06-14 07:56:15.985 15 DEBUG neutron.api.rpc.handlers.resources_rpc [req-9f077d4c-73ba-4e6b-84cc-2cd38d10cd35 5a07da677bd242a2b9666a8ea5df205e 40a1e1e24b7441d39fcb4db13e68186a - - -] Pushing event deleted for resources: {'Port': ['ID=20468d0e-8540-4d75-8d02-c36b1cea9354,revision_number=None']} push /usr/lib/python3.9/site-packages/neutron/api/rpc/handlers/resources_rpc.py:237
2026-06-14 07:56:16.002 15 DEBUG neutron_lib.callbacks.manager [req-9f077d4c-73ba-4e6b-84cc-2cd38d10cd35 5a07da677bd242a2b9666a8ea5df205e 40a1e1e24b7441d39fcb4db13e68186a - default default] Notify callbacks ['neutron.notifiers.nova.Notifier._send_nova_notification-247817', 'neutron.api.rpc.agentnotifiers.dhcp_rpc_agent_api.DhcpAgentNotifyAPI._send_dhcp_notification-4096191'] for port, before_response _notify_loop /usr/lib/python3.9/site-packages/neutron_lib/callbacks/manager.py:200
2026-06-14 07:56:16.003 15 INFO neutron.wsgi [req-9f077d4c-73ba-4e6b-84cc-2cd38d10cd35 5a07da677bd242a2b9666a8ea5df205e 40a1e1e24b7441d39fcb4db13e68186a - default default] 192.168.122.99,192.168.122.100 "DELETE /v2.0/ports/20468d0e-8540-4d75-8d02-c36b1cea9354 HTTP/1.1" status: 204 len: 149 time: 0.2714944
2026-06-14 07:56:16.046 15 DEBUG neutron.plugins.ml2.plugin [req-078e9239-c616-4f69-9273-9b0a97aeb9a9 5a07da677bd242a2b9666a8ea5df205e 40a1e1e24b7441d39fcb4db13e68186a - default default] Deleting port 5390e642-e232-46af-bee2-3cfdae65269c _pre_delete_port /usr/lib/python3.9/site-packages/neutron/plugins/ml2/plugin.py:2025
2026-06-14 07:56:16.046 15 DEBUG neutron_lib.callbacks.manager [req-078e9239-c616-4f69-9273-9b0a97aeb9a9 5a07da677bd242a2b9666a8ea5df205e 40a1e1e24b7441d39fcb4db13e68186a - default default] Notify callbacks ['neutron.plugins.ml2.extensions.dns_integration._delete_port_in_external_dns_service-8786096090853', 'neutron.db.l3_db.L3_NAT_dbonly_mixin._prevent_l3_port_delete_callback-8786096154763'] for port, before_delete _notify_loop /usr/lib/python3.9/site-packages/neutron_lib/callbacks/manager.py:200
2026-06-14 07:56:16.182 15 DEBUG neutron_lib.callbacks.manager [req-078e9239-c616-4f69-9273-9b0a97aeb9a9 5a07da677bd242a2b9666a8ea5df205e 40a1e1e24b7441d39fcb4db13e68186a - default default] Notify callbacks ['neutron.services.l3_router.l3_router_plugin.L3_NAT_dbonly_mixin._precommit_delete_port_callback-3699653'] for port, precommit_delete _notify_loop /usr/lib/python3.9/site-packages/neutron_lib/callbacks/manager.py:200
2026-06-14 07:56:16.190 15 DEBUG neutron.plugins.ml2.plugin [req-078e9239-c616-4f69-9273-9b0a97aeb9a9 5a07da677bd242a2b9666a8ea5df205e 40a1e1e24b7441d39fcb4db13e68186a - default default] Calling delete_port for 5390e642-e232-46af-bee2-3cfdae65269c owned by delete_port /usr/lib/python3.9/site-packages/neutron/plugins/ml2/plugin.py:2097
2026-06-14 07:56:16.226 15 DEBUG neutron_lib.callbacks.manager [req-078e9239-c616-4f69-9273-9b0a97aeb9a9 5a07da677bd242a2b9666a8ea5df205e 40a1e1e24b7441d39fcb4db13e68186a - default default] Notify callbacks ['neutron.plugins.ml2.plugin.SecurityGroupServerNotifierRpcMixin.notify_sg_on_port_change-554061', 'neutron.plugins.ml2.ovo_rpc._ObjectChangeHandler.handle_event-347148', 'neutron.api.rpc.agentnotifiers.dhcp_rpc_agent_api.DhcpAgentNotifyAPI._native_event_send_dhcp_notification-4096141', 'neutron.db.l3_db.L3RpcNotifierMixin._notify_routers_callback-8786096128476', 'neutron.services.segments.plugin.NovaSegmentNotifier._notify_port_created_or_deleted-4131249'] for port, after_delete _notify_loop /usr/lib/python3.9/site-packages/neutron_lib/callbacks/manager.py:200
2026-06-14 07:56:16.249 15 DEBUG neutron.api.rpc.handlers.resources_rpc [req-078e9239-c616-4f69-9273-9b0a97aeb9a9 5a07da677bd242a2b9666a8ea5df205e 40a1e1e24b7441d39fcb4db13e68186a - - -] Pushing event deleted for resources: {'Port': ['ID=5390e642-e232-46af-bee2-3cfdae65269c,revision_number=None']} push /usr/lib/python3.9/site-packages/neutron/api/rpc/handlers/resources_rpc.py:237
2026-06-14 07:56:16.252 15 DEBUG neutron_lib.callbacks.manager [req-078e9239-c616-4f69-9273-9b0a97aeb9a9 5a07da677bd242a2b9666a8ea5df205e 40a1e1e24b7441d39fcb4db13e68186a - default default] Notify callbacks ['neutron.notifiers.nova.Notifier._send_nova_notification-247817', 'neutron.api.rpc.agentnotifiers.dhcp_rpc_agent_api.DhcpAgentNotifyAPI._send_dhcp_notification-4096191'] for port, before_response _notify_loop /usr/lib/python3.9/site-packages/neutron_lib/callbacks/manager.py:200
2026-06-14 07:56:16.253 15 INFO neutron.wsgi [req-078e9239-c616-4f69-9273-9b0a97aeb9a9 5a07da677bd242a2b9666a8ea5df205e 40a1e1e24b7441d39fcb4db13e68186a - default default] 192.168.122.99,192.168.122.100 "DELETE /v2.0/ports/5390e642-e232-46af-bee2-3cfdae65269c HTTP/1.1" status: 204 len: 149 time: 0.2456198
2026-06-14 07:56:16.292 15 DEBUG neutron.plugins.ml2.plugin [req-97132ff1-2a65-4d8a-9e23-d8e2f920a1da 5a07da677bd242a2b9666a8ea5df205e 40a1e1e24b7441d39fcb4db13e68186a - default default] Deleting port 7b65a8bd-f5a0-4889-8686-ee7bdd24a831 _pre_delete_port /usr/lib/python3.9/site-packages/neutron/plugins/ml2/plugin.py:2025
2026-06-14 07:56:16.292 15 DEBUG neutron_lib.callbacks.manager [req-97132ff1-2a65-4d8a-9e23-d8e2f920a1da 5a07da677bd242a2b9666a8ea5df205e 40a1e1e24b7441d39fcb4db13e68186a - default default] Notify callbacks ['neutron.plugins.ml2.extensions.dns_integration._delete_port_in_external_dns_service-8786096090853', 'neutron.db.l3_db.L3_NAT_dbonly_mixin._prevent_l3_port_delete_callback-8786096154763'] for port, before_delete _notify_loop /usr/lib/python3.9/site-packages/neutron_lib/callbacks/manager.py:200
2026-06-14 07:56:16.387 15 DEBUG neutron_lib.callbacks.manager [req-97132ff1-2a65-4d8a-9e23-d8e2f920a1da 5a07da677bd242a2b9666a8ea5df205e 40a1e1e24b7441d39fcb4db13e68186a - default default] Notify callbacks ['neutron.services.l3_router.l3_router_plugin.L3_NAT_dbonly_mixin._precommit_delete_port_callback-3699653'] for port, precommit_delete _notify_loop /usr/lib/python3.9/site-packages/neutron_lib/callbacks/manager.py:200
2026-06-14 07:56:16.396 15 DEBUG neutron.plugins.ml2.plugin [req-97132ff1-2a65-4d8a-9e23-d8e2f920a1da 5a07da677bd242a2b9666a8ea5df205e 40a1e1e24b7441d39fcb4db13e68186a - default default] Calling delete_port for 7b65a8bd-f5a0-4889-8686-ee7bdd24a831 owned by delete_port /usr/lib/python3.9/site-packages/neutron/plugins/ml2/plugin.py:2097
2026-06-14 07:56:16.435 15 DEBUG neutron_lib.callbacks.manager [req-97132ff1-2a65-4d8a-9e23-d8e2f920a1da 5a07da677bd242a2b9666a8ea5df205e 40a1e1e24b7441d39fcb4db13e68186a - default default] Notify callbacks ['neutron.plugins.ml2.plugin.SecurityGroupServerNotifierRpcMixin.notify_sg_on_port_change-554061', 'neutron.plugins.ml2.ovo_rpc._ObjectChangeHandler.handle_event-347148', 'neutron.api.rpc.agentnotifiers.dhcp_rpc_agent_api.DhcpAgentNotifyAPI._native_event_send_dhcp_notification-4096141', 'neutron.db.l3_db.L3RpcNotifierMixin._notify_routers_callback-8786096128476', 'neutron.services.segments.plugin.NovaSegmentNotifier._notify_port_created_or_deleted-4131249'] for port, after_delete _notify_loop /usr/lib/python3.9/site-packages/neutron_lib/callbacks/manager.py:200
2026-06-14 07:56:16.458 15 DEBUG neutron.api.rpc.handlers.resources_rpc [req-97132ff1-2a65-4d8a-9e23-d8e2f920a1da 5a07da677bd242a2b9666a8ea5df205e 40a1e1e24b7441d39fcb4db13e68186a - - -] Pushing event deleted for resources: {'Port': ['ID=7b65a8bd-f5a0-4889-8686-ee7bdd24a831,revision_number=None']} push /usr/lib/python3.9/site-packages/neutron/api/rpc/handlers/resources_rpc.py:237
2026-06-14 07:56:16.461 15 DEBUG neutron_lib.callbacks.manager [req-97132ff1-2a65-4d8a-9e23-d8e2f920a1da 5a07da677bd242a2b9666a8ea5df205e 40a1e1e24b7441d39fcb4db13e68186a - default default] Notify callbacks ['neutron.notifiers.nova.Notifier._send_nova_notification-247817', 'neutron.api.rpc.agentnotifiers.dhcp_rpc_agent_api.DhcpAgentNotifyAPI._send_dhcp_notification-4096191'] for port, before_response _notify_loop /usr/lib/python3.9/site-packages/neutron_lib/callbacks/manager.py:200
2026-06-14 07:56:16.463 15 INFO neutron.wsgi [req-97132ff1-2a65-4d8a-9e23-d8e2f920a1da 5a07da677bd242a2b9666a8ea5df205e 40a1e1e24b7441d39fcb4db13e68186a - default default] 192.168.122.99,192.168.122.100 "DELETE /v2.0/ports/7b65a8bd-f5a0-4889-8686-ee7bdd24a831 HTTP/1.1" status: 204 len: 149 time: 0.1999290
2026-06-14 07:56:16.512 15 DEBUG neutron.pecan_wsgi.hooks.policy_enforcement [req-295f93b9-ae67-4138-bd26-339ec16cd6ab 5a07da677bd242a2b9666a8ea5df205e 40a1e1e24b7441d39fcb4db13e68186a - default default] Attributes excluded by policy engine: ['standard_attr_id'] _exclude_attributes_by_policy /usr/lib/python3.9/site-packages/neutron/pecan_wsgi/hooks/policy_enforcement.py:259
2026-06-14 07:56:16.512 15 DEBUG neutron.pecan_wsgi.hooks.policy_enforcement [req-295f93b9-ae67-4138-bd26-339ec16cd6ab 5a07da677bd242a2b9666a8ea5df205e 40a1e1e24b7441d39fcb4db13e68186a - default default] Attributes excluded by policy engine: ['standard_attr_id'] _exclude_attributes_by_policy /usr/lib/python3.9/site-packages/neutron/pecan_wsgi/hooks/policy_enforcement.py:259
2026-06-14 07:56:16.513 15 DEBUG neutron.pecan_wsgi.hooks.policy_enforcement [req-295f93b9-ae67-4138-bd26-339ec16cd6ab 5a07da677bd242a2b9666a8ea5df205e 40a1e1e24b7441d39fcb4db13e68186a - default default] Attributes excluded by policy engine: ['standard_attr_id'] _exclude_attributes_by_policy /usr/lib/python3.9/site-packages/neutron/pecan_wsgi/hooks/policy_enforcement.py:259
2026-06-14 07:56:16.514 15 INFO neutron.wsgi [req-295f93b9-ae67-4138-bd26-339ec16cd6ab 5a07da677bd242a2b9666a8ea5df205e 40a1e1e24b7441d39fcb4db13e68186a - default default] 192.168.122.99,192.168.122.100 "GET /v2.0/ports?network_id=1ae52d07-d93e-42ee-a90f-9762fd5dc62a&tags=tripleo_stack_name%3Dovercloud HTTP/1.1" status: 200 len: 2860 time: 0.0404460
2026-06-14 07:56:17.241 18 DEBUG neutron.wsgi [-] (18) accepted ('192.168.122.100', 40718) server /usr/lib/python3.9/site-packages/eventlet/wsgi.py:992
2026-06-14 07:56:17.243 18 INFO neutron.wsgi [-] 192.168.122.100 "GET /healthcheck HTTP/1.0" status: 200 len: 137 time: 0.0013778
2026-06-14 07:56:18.261 18 DEBUG neutron.wsgi [-] (18) accepted ('192.168.122.100', 40732) server /usr/lib/python3.9/site-packages/eventlet/wsgi.py:992
2026-06-14 07:56:18.263 18 INFO neutron.wsgi [-] 192.168.122.100 "GET / HTTP/1.1" status: 200 len: 233 time: 0.0013266
2026-06-14 07:56:19.245 16 DEBUG neutron.wsgi [-] (16) accepted ('192.168.122.100', 40740) server /usr/lib/python3.9/site-packages/eventlet/wsgi.py:992
2026-06-14 07:56:19.247 16 INFO neutron.wsgi [-] 192.168.122.100 "GET /healthcheck HTTP/1.0" status: 200 len: 137 time: 0.0014272
2026-06-14 07:56:21.248 18 DEBUG neutron.wsgi [-] (18) accepted ('192.168.122.100', 40742) server /usr/lib/python3.9/site-packages/eventlet/wsgi.py:992
2026-06-14 07:56:21.251 18 INFO neutron.wsgi [-] 192.168.122.100 "GET /healthcheck HTTP/1.0" status: 200 len: 137 time: 0.0018556
2026-06-14 07:56:23.254 15 DEBUG neutron.wsgi [-] (15) accepted ('192.168.122.100', 40750) server /usr/lib/python3.9/site-packages/eventlet/wsgi.py:992
2026-06-14 07:56:23.258 15 INFO neutron.wsgi [-] 192.168.122.100 "GET /healthcheck HTTP/1.0" status: 200 len: 137 time: 0.0027781
2026-06-14 07:56:25.260 17 DEBUG neutron.wsgi [-] (17) accepted ('192.168.122.100', 59304) server /usr/lib/python3.9/site-packages/eventlet/wsgi.py:992
2026-06-14 07:56:25.262 17 INFO neutron.wsgi [-] 192.168.122.100 "GET /healthcheck HTTP/1.0" status: 200 len: 137 time: 0.0018132
2026-06-14 07:56:27.264 18 DEBUG neutron.wsgi [-] (18) accepted ('192.168.122.100', 59314) server /usr/lib/python3.9/site-packages/eventlet/wsgi.py:992
2026-06-14 07:56:27.268 18 INFO neutron.wsgi [-] 192.168.122.100 "GET /healthcheck HTTP/1.0" status: 200 len: 137 time: 0.0026970
2026-06-14 07:56:29.270 18 DEBUG neutron.wsgi [-] (18) accepted ('192.168.122.100', 59316) server /usr/lib/python3.9/site-packages/eventlet/wsgi.py:992
2026-06-14 07:56:29.273 18 INFO neutron.wsgi [-] 192.168.122.100 "GET /healthcheck HTTP/1.0" status: 200 len: 137 time: 0.0025849
2026-06-14 07:56:31.276 17 DEBUG neutron.wsgi [-] (17) accepted ('192.168.122.100', 59330) server /usr/lib/python3.9/site-packages/eventlet/wsgi.py:992
2026-06-14 07:56:31.279 17 INFO neutron.wsgi [-] 192.168.122.100 "GET /healthcheck HTTP/1.0" status: 200 len: 137 time: 0.0025508
2026-06-14 07:56:33.280 16 DEBUG neutron.wsgi [-] (16) accepted ('192.168.122.100', 59344) server /usr/lib/python3.9/site-packages/eventlet/wsgi.py:992
2026-06-14 07:56:33.284 16 INFO neutron.wsgi [-] 192.168.122.100 "GET /healthcheck HTTP/1.0" status: 200 len: 137 time: 0.0026739
2026-06-14 07:56:35.287 17 DEBUG neutron.wsgi [-] (17) accepted ('192.168.122.100', 38750) server /usr/lib/python3.9/site-packages/eventlet/wsgi.py:992
2026-06-14 07:56:35.290 17 INFO neutron.wsgi [-] 192.168.122.100 "GET /healthcheck HTTP/1.0" status: 200 len: 137 time: 0.0017433
2026-06-14 07:56:37.293 17 DEBUG neutron.wsgi [-] (17) accepted ('192.168.122.100', 38762) server /usr/lib/python3.9/site-packages/eventlet/wsgi.py:992
2026-06-14 07:56:37.295 17 INFO neutron.wsgi [-] 192.168.122.100 "GET /healthcheck HTTP/1.0" status: 200 len: 137 time: 0.0017262
2026-06-14 07:56:39.298 17 DEBUG neutron.wsgi [-] (17) accepted ('192.168.122.100', 38768) server /usr/lib/python3.9/site-packages/eventlet/wsgi.py:992
2026-06-14 07:56:39.300 17 INFO neutron.wsgi [-] 192.168.122.100 "GET /healthcheck HTTP/1.0" status: 200 len: 137 time: 0.0017006
2026-06-14 07:56:41.302 17 DEBUG neutron.wsgi [-] (17) accepted ('192.168.122.100', 38772) server /usr/lib/python3.9/site-packages/eventlet/wsgi.py:992
2026-06-14 07:56:41.306 17 INFO neutron.wsgi [-] 192.168.122.100 "GET /healthcheck HTTP/1.0" status: 200 len: 137 time: 0.0029020
2026-06-14 07:56:43.309 17 DEBUG neutron.wsgi [-] (17) accepted ('192.168.122.100', 38784) server /usr/lib/python3.9/site-packages/eventlet/wsgi.py:992
2026-06-14 07:56:43.311 17 INFO neutron.wsgi [-] 192.168.122.100 "GET /healthcheck HTTP/1.0" status: 200 len: 137 time: 0.0017090
2026-06-14 07:56:45.314 17 DEBUG neutron.wsgi [-] (17) accepted ('192.168.122.100', 37704) server /usr/lib/python3.9/site-packages/eventlet/wsgi.py:992
2026-06-14 07:56:45.315 17 INFO neutron.wsgi [-] 192.168.122.100 "GET /healthcheck HTTP/1.0" status: 200 len: 137 time: 0.0012805
2026-06-14 07:56:47.318 15 DEBUG neutron.wsgi [-] (15) accepted ('192.168.122.100', 37720) server /usr/lib/python3.9/site-packages/eventlet/wsgi.py:992
2026-06-14 07:56:47.321 15 INFO neutron.wsgi [-] 192.168.122.100 "GET /healthcheck HTTP/1.0" status: 200 len: 137 time: 0.0013676
2026-06-14 07:56:47.835 24 DEBUG neutron.db.agents_db [req-b634f71c-e4f6-4aad-a28a-b831f52e4cca - - - - -] Agent healthcheck: found 3 active agents agent_health_check /usr/lib/python3.9/site-packages/neutron/db/agents_db.py:328
2026-06-14 07:56:49.087 15 DEBUG neutron.wsgi [-] (15) accepted ('192.168.122.100', 37732) server /usr/lib/python3.9/site-packages/eventlet/wsgi.py:992
2026-06-14 07:56:49.090 15 INFO neutron.wsgi [-] 192.168.122.100 "GET / HTTP/1.1" status: 200 len: 233 time: 0.0012615
2026-06-14 07:56:49.360 15 DEBUG neutron.wsgi [-] (15) accepted ('192.168.122.100', 37748) server /usr/lib/python3.9/site-packages/eventlet/wsgi.py:992
2026-06-14 07:56:49.363 15 INFO neutron.wsgi [-] 192.168.122.100 "GET /healthcheck HTTP/1.0" status: 200 len: 137 time: 0.0026758
2026-06-14 07:56:51.365 15 DEBUG neutron.wsgi [-] (15) accepted ('192.168.122.100', 37764) server /usr/lib/python3.9/site-packages/eventlet/wsgi.py:992
2026-06-14 07:56:51.367 15 INFO neutron.wsgi [-] 192.168.122.100 "GET /healthcheck HTTP/1.0" status: 200 len: 137 time: 0.0014379
2026-06-14 07:56:53.370 17 DEBUG neutron.wsgi [-] (17) accepted ('192.168.122.100', 37770) server /usr/lib/python3.9/site-packages/eventlet/wsgi.py:992
2026-06-14 07:56:53.374 17 INFO neutron.wsgi [-] 192.168.122.100 "GET /healthcheck HTTP/1.0" status: 200 len: 137 time: 0.0028670
2026-06-14 07:56:55.375 18 DEBUG neutron.wsgi [-] (18) accepted ('192.168.122.100', 37718) server /usr/lib/python3.9/site-packages/eventlet/wsgi.py:992
2026-06-14 07:56:55.377 18 INFO neutron.wsgi [-] 192.168.122.100 "GET /healthcheck HTTP/1.0" status: 200 len: 137 time: 0.0017915
2026-06-14 07:56:57.380 16 DEBUG neutron.wsgi [-] (16) accepted ('192.168.122.100', 37730) server /usr/lib/python3.9/site-packages/eventlet/wsgi.py:992
2026-06-14 07:56:57.382 16 INFO neutron.wsgi [-] 192.168.122.100 "GET /healthcheck HTTP/1.0" status: 200 len: 137 time: 0.0014296
2026-06-14 07:56:59.383 16 DEBUG neutron.wsgi [-] (16) accepted ('192.168.122.100', 37734) server /usr/lib/python3.9/site-packages/eventlet/wsgi.py:992
2026-06-14 07:56:59.387 16 INFO neutron.wsgi [-] 192.168.122.100 "GET /healthcheck HTTP/1.0" status: 200 len: 137 time: 0.0025628
2026-06-14 07:57:01.389 17 DEBUG neutron.wsgi [-] (17) accepted ('192.168.122.100', 37748) server /usr/lib/python3.9/site-packages/eventlet/wsgi.py:992
2026-06-14 07:57:01.392 17 INFO neutron.wsgi [-] 192.168.122.100 "GET /healthcheck HTTP/1.0" status: 200 len: 137 time: 0.0016024
2026-06-14 07:57:03.394 16 DEBUG neutron.wsgi [-] (16) accepted ('192.168.122.100', 37750) server /usr/lib/python3.9/site-packages/eventlet/wsgi.py:992
2026-06-14 07:57:03.396 16 INFO neutron.wsgi [-] 192.168.122.100 "GET /healthcheck HTTP/1.0" status: 200 len: 137 time: 0.0015116
2026-06-14 07:57:05.399 18 DEBUG neutron.wsgi [-] (18) accepted ('192.168.122.100', 40986) server /usr/lib/python3.9/site-packages/eventlet/wsgi.py:992
2026-06-14 07:57:05.402 18 INFO neutron.wsgi [-] 192.168.122.100 "GET /healthcheck HTTP/1.0" status: 200 len: 137 time: 0.0026567
2026-06-14 07:57:07.404 16 DEBUG neutron.wsgi [-] (16) accepted ('192.168.122.100', 40998) server /usr/lib/python3.9/site-packages/eventlet/wsgi.py:992
2026-06-14 07:57:07.409 16 INFO neutron.wsgi [-] 192.168.122.100 "GET /healthcheck HTTP/1.0" status: 200 len: 137 time: 0.0027738
2026-06-14 07:57:09.411 17 DEBUG neutron.wsgi [-] (17) accepted ('192.168.122.100', 41002) server /usr/lib/python3.9/site-packages/eventlet/wsgi.py:992
2026-06-14 07:57:09.415 17 INFO neutron.wsgi [-] 192.168.122.100 "GET /healthcheck HTTP/1.0" status: 200 len: 137 time: 0.0028288
2026-06-14 07:57:11.619 16 DEBUG neutron.wsgi [-] (16) accepted ('192.168.122.100', 41010) server /usr/lib/python3.9/site-packages/eventlet/wsgi.py:992
2026-06-14 07:57:11.623 16 INFO neutron.wsgi [-] 192.168.122.100 "GET /healthcheck HTTP/1.0" status: 200 len: 137 time: 0.0027337
2026-06-14 07:57:13.625 18 DEBUG neutron.wsgi [-] (18) accepted ('192.168.122.100', 41012) server /usr/lib/python3.9/site-packages/eventlet/wsgi.py:992
2026-06-14 07:57:13.627 18 INFO neutron.wsgi [-] 192.168.122.100 "GET /healthcheck HTTP/1.0" status: 200 len: 137 time: 0.0013499
2026-06-14 07:57:15.701 16 DEBUG neutron.wsgi [-] (16) accepted ('192.168.122.100', 59348) server /usr/lib/python3.9/site-packages/eventlet/wsgi.py:992
2026-06-14 07:57:15.703 16 INFO neutron.wsgi [-] 192.168.122.100 "GET /healthcheck HTTP/1.0" status: 200 len: 137 time: 0.0012879
2026-06-14 07:57:17.705 17 DEBUG neutron.wsgi [-] (17) accepted ('192.168.122.100', 59350) server /usr/lib/python3.9/site-packages/eventlet/wsgi.py:992
2026-06-14 07:57:17.708 17 INFO neutron.wsgi [-] 192.168.122.100 "GET /healthcheck HTTP/1.0" status: 200 len: 137 time: 0.0025625
2026-06-14 07:57:19.711 17 DEBUG neutron.wsgi [-] (17) accepted ('192.168.122.100', 59362) server /usr/lib/python3.9/site-packages/eventlet/wsgi.py:992
2026-06-14 07:57:19.714 17 INFO neutron.wsgi [-] 192.168.122.100 "GET /healthcheck HTTP/1.0" status: 200 len: 137 time: 0.0017648
2026-06-14 07:57:19.923 15 DEBUG neutron.wsgi [-] (15) accepted ('192.168.122.100', 59366) server /usr/lib/python3.9/site-packages/eventlet/wsgi.py:992
2026-06-14 07:57:19.925 15 INFO neutron.wsgi [-] 192.168.122.100 "GET / HTTP/1.1" status: 200 len: 233 time: 0.0014064
2026-06-14 07:57:21.716 16 DEBUG neutron.wsgi [-] (16) accepted ('192.168.122.100', 59374) server /usr/lib/python3.9/site-packages/eventlet/wsgi.py:992
2026-06-14 07:57:21.718 16 INFO neutron.wsgi [-] 192.168.122.100 "GET /healthcheck HTTP/1.0" status: 200 len: 137 time: 0.0012882
2026-06-14 07:57:23.720 17 DEBUG neutron.wsgi [-] (17) accepted ('192.168.122.100', 59380) server /usr/lib/python3.9/site-packages/eventlet/wsgi.py:992
2026-06-14 07:57:23.724 17 INFO neutron.wsgi [-] 192.168.122.100 "GET /healthcheck HTTP/1.0" status: 200 len: 137 time: 0.0026002
2026-06-14 07:57:25.726 16 DEBUG neutron.wsgi [-] (16) accepted ('192.168.122.100', 43324) server /usr/lib/python3.9/site-packages/eventlet/wsgi.py:992
2026-06-14 07:57:25.730 16 INFO neutron.wsgi [-] 192.168.122.100 "GET /healthcheck HTTP/1.0" status: 200 len: 137 time: 0.0026293
2026-06-14 07:57:27.732 17 DEBUG neutron.wsgi [-] (17) accepted ('192.168.122.100', 43330) server /usr/lib/python3.9/site-packages/eventlet/wsgi.py:992
2026-06-14 07:57:27.736 17 INFO neutron.wsgi [-] 192.168.122.100 "GET /healthcheck HTTP/1.0" status: 200 len: 137 time: 0.0023997
2026-06-14 07:57:29.738 18 DEBUG neutron.wsgi [-] (18) accepted ('192.168.122.100', 43334) server /usr/lib/python3.9/site-packages/eventlet/wsgi.py:992
2026-06-14 07:57:29.740 18 INFO neutron.wsgi [-] 192.168.122.100 "GET /healthcheck HTTP/1.0" status: 200 len: 137 time: 0.0015135
2026-06-14 07:57:31.741 17 DEBUG neutron.wsgi [-] (17) accepted ('192.168.122.100', 43338) server /usr/lib/python3.9/site-packages/eventlet/wsgi.py:992
2026-06-14 07:57:31.745 17 INFO neutron.wsgi [-] 192.168.122.100 "GET /healthcheck HTTP/1.0" status: 200 len: 137 time: 0.0025120
2026-06-14 07:57:33.746 16 DEBUG neutron.wsgi [-] (16) accepted ('192.168.122.100', 43340) server /usr/lib/python3.9/site-packages/eventlet/wsgi.py:992
2026-06-14 07:57:33.751 16 INFO neutron.wsgi [-] 192.168.122.100 "GET /healthcheck HTTP/1.0" status: 200 len: 137 time: 0.0029888
2026-06-14 07:57:35.752 17 DEBUG neutron.wsgi [-] (17) accepted ('192.168.122.100', 57570) server /usr/lib/python3.9/site-packages/eventlet/wsgi.py:992
2026-06-14 07:57:35.756 17 INFO neutron.wsgi [-] 192.168.122.100 "GET /healthcheck HTTP/1.0" status: 200 len: 137 time: 0.0025797
2026-06-14 07:57:37.758 18 DEBUG neutron.wsgi [-] (18) accepted ('192.168.122.100', 57572) server /usr/lib/python3.9/site-packages/eventlet/wsgi.py:992
2026-06-14 07:57:37.761 18 INFO neutron.wsgi [-] 192.168.122.100 "GET /healthcheck HTTP/1.0" status: 200 len: 137 time: 0.0025322
2026-06-14 07:57:39.762 18 DEBUG neutron.wsgi [-] (18) accepted ('192.168.122.100', 57580) server /usr/lib/python3.9/site-packages/eventlet/wsgi.py:992
2026-06-14 07:57:39.765 18 INFO neutron.wsgi [-] 192.168.122.100 "GET /healthcheck HTTP/1.0" status: 200 len: 137 time: 0.0018756
2026-06-14 07:57:41.766 18 DEBUG neutron.wsgi [-] (18) accepted ('192.168.122.100', 57588) server /usr/lib/python3.9/site-packages/eventlet/wsgi.py:992
2026-06-14 07:57:41.769 18 INFO neutron.wsgi [-] 192.168.122.100 "GET /healthcheck HTTP/1.0" status: 200 len: 137 time: 0.0022259
2026-06-14 07:57:43.770 17 DEBUG neutron.wsgi [-] (17) accepted ('192.168.122.100', 57600) server /usr/lib/python3.9/site-packages/eventlet/wsgi.py:992
2026-06-14 07:57:43.774 17 INFO neutron.wsgi [-] 192.168.122.100 "GET /healthcheck HTTP/1.0" status: 200 len: 137 time: 0.0025010
2026-06-14 07:57:45.775 18 DEBUG neutron.wsgi [-] (18) accepted ('192.168.122.100', 55594) server /usr/lib/python3.9/site-packages/eventlet/wsgi.py:992
2026-06-14 07:57:45.779 18 INFO neutron.wsgi [-] 192.168.122.100 "GET /healthcheck HTTP/1.0" status: 200 len: 137 time: 0.0025387
2026-06-14 07:57:47.780 17 DEBUG neutron.wsgi [-] (17) accepted ('192.168.122.100', 55610) server /usr/lib/python3.9/site-packages/eventlet/wsgi.py:992
2026-06-14 07:57:47.783 17 INFO neutron.wsgi [-] 192.168.122.100 "GET /healthcheck HTTP/1.0" status: 200 len: 137 time: 0.0017524
2026-06-14 07:57:49.784 18 DEBUG neutron.wsgi [-] (18) accepted ('192.168.122.100', 55622) server /usr/lib/python3.9/site-packages/eventlet/wsgi.py:992
2026-06-14 07:57:49.788 18 INFO neutron.wsgi [-] 192.168.122.100 "GET /healthcheck HTTP/1.0" status: 200 len: 137 time: 0.0025260
2026-06-14 07:57:50.857 17 DEBUG neutron.wsgi [-] (17) accepted ('192.168.122.100', 55630) server /usr/lib/python3.9/site-packages/eventlet/wsgi.py:992
2026-06-14 07:57:50.859 17 INFO neutron.wsgi [-] 192.168.122.100 "GET / HTTP/1.1" status: 200 len: 233 time: 0.0017500
2026-06-14 07:57:51.789 16 DEBUG neutron.wsgi [-] (16) accepted ('192.168.122.100', 55634) server /usr/lib/python3.9/site-packages/eventlet/wsgi.py:992
2026-06-14 07:57:51.791 16 INFO neutron.wsgi [-] 192.168.122.100 "GET /healthcheck HTTP/1.0" status: 200 len: 137 time: 0.0013852
2026-06-14 07:57:53.792 17 DEBUG neutron.wsgi [-] (17) accepted ('192.168.122.100', 55646) server /usr/lib/python3.9/site-packages/eventlet/wsgi.py:992
2026-06-14 07:57:53.796 17 INFO neutron.wsgi [-] 192.168.122.100 "GET /healthcheck HTTP/1.0" status: 200 len: 137 time: 0.0025899
2026-06-14 07:57:55.797 15 DEBUG neutron.wsgi [-] (15) accepted ('192.168.122.100', 50054) server /usr/lib/python3.9/site-packages/eventlet/wsgi.py:992
2026-06-14 07:57:55.802 15 INFO neutron.wsgi [-] 192.168.122.100 "GET /healthcheck HTTP/1.0" status: 200 len: 137 time: 0.0033872
2026-06-14 07:57:57.803 15 DEBUG neutron.wsgi [-] (15) accepted ('192.168.122.100', 50058) server /usr/lib/python3.9/site-packages/eventlet/wsgi.py:992
2026-06-14 07:57:57.807 15 INFO neutron.wsgi [-] 192.168.122.100 "GET /healthcheck HTTP/1.0" status: 200 len: 137 time: 0.0024269
2026-06-14 07:57:59.000 22 DEBUG neutron_lib.callbacks.manager [req-755a26de-d7f7-4c56-80dd-e1e082499189 - - - - -] Notify callbacks ['neutron.services.segments.db._update_segment_host_mapping_for_agent-8786096205918', 'neutron.plugins.ml2.plugin.Ml2Plugin._retry_binding_revived_agents-922904'] for agent, after_update _notify_loop /usr/lib/python3.9/site-packages/neutron_lib/callbacks/manager.py:200
2026-06-14 07:57:59.494 20 DEBUG neutron_lib.callbacks.manager [req-8febb5d0-65c6-428b-94a5-3a222536204e - - - - -] Notify callbacks ['neutron.services.segments.db._update_segment_host_mapping_for_agent-8786096205918', 'neutron.plugins.ml2.plugin.Ml2Plugin._retry_binding_revived_agents-922904'] for agent, after_update _notify_loop /usr/lib/python3.9/site-packages/neutron_lib/callbacks/manager.py:200
2026-06-14 07:57:59.808 17 DEBUG neutron.wsgi [-] (17) accepted ('192.168.122.100', 50064) server /usr/lib/python3.9/site-packages/eventlet/wsgi.py:992
2026-06-14 07:57:59.812 17 INFO neutron.wsgi [-] 192.168.122.100 "GET /healthcheck HTTP/1.0" status: 200 len: 137 time: 0.0025628
2026-06-14 07:58:01.813 18 DEBUG neutron.wsgi [-] (18) accepted ('192.168.122.100', 50078) server /usr/lib/python3.9/site-packages/eventlet/wsgi.py:992
2026-06-14 07:58:01.817 18 INFO neutron.wsgi [-] 192.168.122.100 "GET /healthcheck HTTP/1.0" status: 200 len: 137 time: 0.0028629
2026-06-14 07:58:04.398 17 DEBUG neutron.wsgi [-] (17) accepted ('192.168.122.100', 59352) server /usr/lib/python3.9/site-packages/eventlet/wsgi.py:992
2026-06-14 07:58:04.401 17 INFO neutron.wsgi [-] 192.168.122.100 "GET /healthcheck HTTP/1.0" status: 200 len: 137 time: 0.0020430
2026-06-14 07:58:04.992 19 DEBUG neutron_lib.callbacks.manager [req-1c3ca8e8-cb07-4744-a0d9-2eae05b473d3 - - - - -] Notify callbacks ['neutron.services.segments.db._update_segment_host_mapping_for_agent-8786096205918', 'neutron.plugins.ml2.plugin.Ml2Plugin._retry_binding_revived_agents-922904'] for agent, after_update _notify_loop /usr/lib/python3.9/site-packages/neutron_lib/callbacks/manager.py:200
2026-06-14 07:58:06.402 17 DEBUG neutron.wsgi [-] (17) accepted ('192.168.122.100', 59368) server /usr/lib/python3.9/site-packages/eventlet/wsgi.py:992
2026-06-14 07:58:06.405 17 INFO neutron.wsgi [-] 192.168.122.100 "GET /healthcheck HTTP/1.0" status: 200 len: 137 time: 0.0017030
2026-06-14 07:58:08.406 16 DEBUG neutron.wsgi [-] (16) accepted ('192.168.122.100', 59376) server /usr/lib/python3.9/site-packages/eventlet/wsgi.py:992
2026-06-14 07:58:08.410 16 INFO neutron.wsgi [-] 192.168.122.100 "GET /healthcheck HTTP/1.0" status: 200 len: 137 time: 0.0026469
2026-06-14 07:58:10.412 16 DEBUG neutron.wsgi [-] (16) accepted ('192.168.122.100', 59390) server /usr/lib/python3.9/site-packages/eventlet/wsgi.py:992
