2026-06-14 07:44:56.552 17 DEBUG neutron.plugins.ml2.drivers.mech_agent [req-5b544f78-ad04-4721-bce1-e3cde8dcdf54 5a07da677bd242a2b9666a8ea5df205e 40a1e1e24b7441d39fcb4db13e68186a - default default] Network e575b5b7-187f-4286-ab62-87c73db563b6 with segment c6960ab2-967a-42e1-bca8-116002da456a is connected to physical network external_external_subnet, but agent undercloud.ooo.test reported physical networks {'ctlplane': 'br-ctlplane'}. The physical network must be configured on the agent if binding is to succeed. check_segment_for_agent /usr/lib/python3.9/site-packages/neutron/plugins/ml2/drivers/mech_agent.py:365
2026-06-14 07:44:56.556 17 DEBUG neutron.scheduler.dhcp_agent_scheduler [req-5b544f78-ad04-4721-bce1-e3cde8dcdf54 5a07da677bd242a2b9666a8ea5df205e 40a1e1e24b7441d39fcb4db13e68186a - default default] Network hostable DHCP agents. Network: e575b5b7-187f-4286-ab62-87c73db563b6, hostable agents: [], hosted agents: [] _get_network_hostable_dhcp_agents /usr/lib/python3.9/site-packages/neutron/scheduler/dhcp_agent_scheduler.py:329
2026-06-14 07:44:56.556 17 DEBUG neutron.scheduler.base_scheduler [req-5b544f78-ad04-4721-bce1-e3cde8dcdf54 5a07da677bd242a2b9666a8ea5df205e 40a1e1e24b7441d39fcb4db13e68186a - default default] Resources bound (agent type, host, resource id): schedule /usr/lib/python3.9/site-packages/neutron/scheduler/base_scheduler.py:57
2026-06-14 07:44:56.556 17 WARNING neutron.api.rpc.agentnotifiers.dhcp_rpc_agent_api [req-5b544f78-ad04-4721-bce1-e3cde8dcdf54 5a07da677bd242a2b9666a8ea5df205e 40a1e1e24b7441d39fcb4db13e68186a - default default] Unable to schedule network e575b5b7-187f-4286-ab62-87c73db563b6: no agents available; will retry on subsequent port and subnet creation events.
2026-06-14 07:44:56.556 17 DEBUG neutron.api.rpc.agentnotifiers.dhcp_rpc_agent_api [req-5b544f78-ad04-4721-bce1-e3cde8dcdf54 5a07da677bd242a2b9666a8ea5df205e 40a1e1e24b7441d39fcb4db13e68186a - default default] Network e575b5b7-187f-4286-ab62-87c73db563b6 is not hosted by any dhcp agent _notify_agents /usr/lib/python3.9/site-packages/neutron/api/rpc/agentnotifiers/dhcp_rpc_agent_api.py:228
2026-06-14 07:44:56.564 17 DEBUG neutron.pecan_wsgi.hooks.policy_enforcement [req-5b544f78-ad04-4721-bce1-e3cde8dcdf54 5a07da677bd242a2b9666a8ea5df205e 40a1e1e24b7441d39fcb4db13e68186a - default default] Attributes excluded by policy engine: ['standard_attr_id', 'shared', 'network'] _exclude_attributes_by_policy /usr/lib/python3.9/site-packages/neutron/pecan_wsgi/hooks/policy_enforcement.py:259
2026-06-14 07:44:56.565 17 DEBUG neutron_lib.callbacks.manager [req-5b544f78-ad04-4721-bce1-e3cde8dcdf54 5a07da677bd242a2b9666a8ea5df205e 40a1e1e24b7441d39fcb4db13e68186a - default default] Notify callbacks ['neutron.api.rpc.agentnotifiers.dhcp_rpc_agent_api.DhcpAgentNotifyAPI._send_dhcp_notification-4096191'] for subnet, before_response _notify_loop /usr/lib/python3.9/site-packages/neutron_lib/callbacks/manager.py:200
2026-06-14 07:44:56.576 17 INFO neutron.wsgi [req-5b544f78-ad04-4721-bce1-e3cde8dcdf54 5a07da677bd242a2b9666a8ea5df205e 40a1e1e24b7441d39fcb4db13e68186a - default default] 192.168.122.99,192.168.122.100 "POST /v2.0/subnets HTTP/1.1" status: 201 len: 845 time: 0.2265363
2026-06-14 07:44:56.584 17 DEBUG neutron.services.tag.tag_plugin [req-de19cbd7-3d34-4c1a-85df-91b339387744 5a07da677bd242a2b9666a8ea5df205e 40a1e1e24b7441d39fcb4db13e68186a - default default] neutron.services.tag.tag_plugin.TagPlugin method update_tags called with arguments (, 'subnets', '353b5c62-99dd-47e4-9433-cd10e84ea5b1', {'tags': ['tripleo_vlan_id=44']}) {} wrapper /usr/lib/python3.9/site-packages/oslo_log/helpers.py:65
2026-06-14 07:44:56.613 17 INFO neutron.wsgi [req-de19cbd7-3d34-4c1a-85df-91b339387744 5a07da677bd242a2b9666a8ea5df205e 40a1e1e24b7441d39fcb4db13e68186a - default default] 192.168.122.99,192.168.122.100 "PUT /v2.0/subnets/353b5c62-99dd-47e4-9433-cd10e84ea5b1/tags HTTP/1.1" status: 200 len: 206 time: 0.0316420
2026-06-14 07:44:57.664 16 DEBUG neutron.wsgi [-] (16) accepted ('192.168.122.100', 51884) server /usr/lib/python3.9/site-packages/eventlet/wsgi.py:992
2026-06-14 07:44:57.667 16 INFO neutron.wsgi [-] 192.168.122.100 "GET /healthcheck HTTP/1.0" status: 200 len: 137 time: 0.0019157
2026-06-14 07:44:57.989 16 DEBUG neutron.wsgi [-] (16) accepted ('192.168.122.100', 51898) server /usr/lib/python3.9/site-packages/eventlet/wsgi.py:992
2026-06-14 07:44:58.081 16 INFO neutron.pecan_wsgi.hooks.translation [req-e0ff74c3-0d81-4fed-bf27-714b9a3c7ef2 5a07da677bd242a2b9666a8ea5df205e 40a1e1e24b7441d39fcb4db13e68186a - default default] GET failed (client error): The resource could not be found.
2026-06-14 07:44:58.083 16 INFO neutron.wsgi [req-e0ff74c3-0d81-4fed-bf27-714b9a3c7ef2 5a07da677bd242a2b9666a8ea5df205e 40a1e1e24b7441d39fcb4db13e68186a - default default] 192.168.122.99,192.168.122.100 "GET /v2.0/networks/storage HTTP/1.1" status: 404 len: 291 time: 0.0924256
2026-06-14 07:44:58.174 16 DEBUG neutron.pecan_wsgi.hooks.policy_enforcement [req-15a1f500-8296-44b5-955f-1e0878acf431 5a07da677bd242a2b9666a8ea5df205e 40a1e1e24b7441d39fcb4db13e68186a - default default] Attributes excluded by policy engine: ['standard_attr_id', 'vlan_transparent'] _exclude_attributes_by_policy /usr/lib/python3.9/site-packages/neutron/pecan_wsgi/hooks/policy_enforcement.py:259
2026-06-14 07:44:58.175 16 INFO neutron.wsgi [req-15a1f500-8296-44b5-955f-1e0878acf431 5a07da677bd242a2b9666a8ea5df205e 40a1e1e24b7441d39fcb4db13e68186a - default default] 192.168.122.99,192.168.122.100 "GET /v2.0/networks?name=storage HTTP/1.1" status: 200 len: 1023 time: 0.0875218
2026-06-14 07:44:58.231 16 DEBUG neutron.pecan_wsgi.hooks.policy_enforcement [req-660d73e4-0f9c-4c7d-986f-865dd735810d 5a07da677bd242a2b9666a8ea5df205e 40a1e1e24b7441d39fcb4db13e68186a - default default] Attributes excluded by policy engine: ['standard_attr_id', 'shared'] _exclude_attributes_by_policy /usr/lib/python3.9/site-packages/neutron/pecan_wsgi/hooks/policy_enforcement.py:259
2026-06-14 07:44:58.231 16 INFO neutron.wsgi [req-660d73e4-0f9c-4c7d-986f-865dd735810d 5a07da677bd242a2b9666a8ea5df205e 40a1e1e24b7441d39fcb4db13e68186a - default default] 192.168.122.99,192.168.122.100 "GET /v2.0/subnets/d7bce2cb-35f1-47c6-bd3a-135cba619bcf HTTP/1.1" status: 200 len: 859 time: 0.0496962
2026-06-14 07:44:58.249 16 INFO neutron.pecan_wsgi.hooks.translation [req-26931d29-b7f5-40b7-8208-aa2c1a1e7cde 5a07da677bd242a2b9666a8ea5df205e 40a1e1e24b7441d39fcb4db13e68186a - default default] GET failed (client error): The resource could not be found.
2026-06-14 07:44:58.251 16 INFO neutron.wsgi [req-26931d29-b7f5-40b7-8208-aa2c1a1e7cde 5a07da677bd242a2b9666a8ea5df205e 40a1e1e24b7441d39fcb4db13e68186a - default default] 192.168.122.99,192.168.122.100 "GET /v2.0/networks/storage_mgmt HTTP/1.1" status: 404 len: 296 time: 0.0137513
2026-06-14 07:44:58.312 16 DEBUG neutron.pecan_wsgi.hooks.policy_enforcement [req-4c1be3e6-8cd8-4b38-ab51-b282c515908f 5a07da677bd242a2b9666a8ea5df205e 40a1e1e24b7441d39fcb4db13e68186a - default default] Attributes excluded by policy engine: ['standard_attr_id', 'vlan_transparent'] _exclude_attributes_by_policy /usr/lib/python3.9/site-packages/neutron/pecan_wsgi/hooks/policy_enforcement.py:259
2026-06-14 07:44:58.313 16 INFO neutron.wsgi [req-4c1be3e6-8cd8-4b38-ab51-b282c515908f 5a07da677bd242a2b9666a8ea5df205e 40a1e1e24b7441d39fcb4db13e68186a - default default] 192.168.122.99,192.168.122.100 "GET /v2.0/networks?name=storage_mgmt HTTP/1.1" status: 200 len: 1051 time: 0.0595062
2026-06-14 07:44:58.375 16 DEBUG neutron.pecan_wsgi.hooks.policy_enforcement [req-bcda480a-d804-48dc-8e5c-f0eca7e6691f 5a07da677bd242a2b9666a8ea5df205e 40a1e1e24b7441d39fcb4db13e68186a - default default] Attributes excluded by policy engine: ['standard_attr_id', 'shared'] _exclude_attributes_by_policy /usr/lib/python3.9/site-packages/neutron/pecan_wsgi/hooks/policy_enforcement.py:259
2026-06-14 07:44:58.377 16 INFO neutron.wsgi [req-bcda480a-d804-48dc-8e5c-f0eca7e6691f 5a07da677bd242a2b9666a8ea5df205e 40a1e1e24b7441d39fcb4db13e68186a - default default] 192.168.122.99,192.168.122.100 "GET /v2.0/subnets/706888a1-34c7-49ac-ba1a-d1ecab0dfa10 HTTP/1.1" status: 200 len: 864 time: 0.0599113
2026-06-14 07:44:58.402 16 INFO neutron.pecan_wsgi.hooks.translation [req-38ae36dc-23f2-40e2-bebd-f1abe3111add 5a07da677bd242a2b9666a8ea5df205e 40a1e1e24b7441d39fcb4db13e68186a - default default] GET failed (client error): The resource could not be found.
2026-06-14 07:44:58.403 16 INFO neutron.wsgi [req-38ae36dc-23f2-40e2-bebd-f1abe3111add 5a07da677bd242a2b9666a8ea5df205e 40a1e1e24b7441d39fcb4db13e68186a - default default] 192.168.122.99,192.168.122.100 "GET /v2.0/networks/internal_api HTTP/1.1" status: 404 len: 296 time: 0.0225644
2026-06-14 07:44:58.478 16 DEBUG neutron.pecan_wsgi.hooks.policy_enforcement [req-e4db4481-526e-46f0-aa68-aab1e0d9ebc6 5a07da677bd242a2b9666a8ea5df205e 40a1e1e24b7441d39fcb4db13e68186a - default default] Attributes excluded by policy engine: ['standard_attr_id', 'vlan_transparent'] _exclude_attributes_by_policy /usr/lib/python3.9/site-packages/neutron/pecan_wsgi/hooks/policy_enforcement.py:259
2026-06-14 07:44:58.479 16 INFO neutron.wsgi [req-e4db4481-526e-46f0-aa68-aab1e0d9ebc6 5a07da677bd242a2b9666a8ea5df205e 40a1e1e24b7441d39fcb4db13e68186a - default default] 192.168.122.99,192.168.122.100 "GET /v2.0/networks?name=internal_api HTTP/1.1" status: 200 len: 1052 time: 0.0717432
2026-06-14 07:44:58.517 16 DEBUG neutron.pecan_wsgi.hooks.policy_enforcement [req-08ff1187-95cd-470e-b520-c1fba39d1af8 5a07da677bd242a2b9666a8ea5df205e 40a1e1e24b7441d39fcb4db13e68186a - default default] Attributes excluded by policy engine: ['standard_attr_id', 'shared'] _exclude_attributes_by_policy /usr/lib/python3.9/site-packages/neutron/pecan_wsgi/hooks/policy_enforcement.py:259
2026-06-14 07:44:58.518 16 INFO neutron.wsgi [req-08ff1187-95cd-470e-b520-c1fba39d1af8 5a07da677bd242a2b9666a8ea5df205e 40a1e1e24b7441d39fcb4db13e68186a - default default] 192.168.122.99,192.168.122.100 "GET /v2.0/subnets/7407615c-57f1-4501-af16-90cd9fd6bdaa HTTP/1.1" status: 200 len: 864 time: 0.0326900
2026-06-14 07:44:58.536 16 INFO neutron.pecan_wsgi.hooks.translation [req-ff4c2be8-d5ca-4589-8635-8af42b77d751 5a07da677bd242a2b9666a8ea5df205e 40a1e1e24b7441d39fcb4db13e68186a - default default] GET failed (client error): The resource could not be found.
2026-06-14 07:44:58.536 16 INFO neutron.wsgi [req-ff4c2be8-d5ca-4589-8635-8af42b77d751 5a07da677bd242a2b9666a8ea5df205e 40a1e1e24b7441d39fcb4db13e68186a - default default] 192.168.122.99,192.168.122.100 "GET /v2.0/networks/tenant HTTP/1.1" status: 404 len: 290 time: 0.0124931
2026-06-14 07:44:58.593 16 DEBUG neutron.pecan_wsgi.hooks.policy_enforcement [req-dab7f736-14c0-4bad-b189-4597bf954bf5 5a07da677bd242a2b9666a8ea5df205e 40a1e1e24b7441d39fcb4db13e68186a - default default] Attributes excluded by policy engine: ['standard_attr_id', 'vlan_transparent'] _exclude_attributes_by_policy /usr/lib/python3.9/site-packages/neutron/pecan_wsgi/hooks/policy_enforcement.py:259
2026-06-14 07:44:58.593 16 INFO neutron.wsgi [req-dab7f736-14c0-4bad-b189-4597bf954bf5 5a07da677bd242a2b9666a8ea5df205e 40a1e1e24b7441d39fcb4db13e68186a - default default] 192.168.122.99,192.168.122.100 "GET /v2.0/networks?name=tenant HTTP/1.1" status: 200 len: 998 time: 0.0529423
2026-06-14 07:44:58.629 16 DEBUG neutron.pecan_wsgi.hooks.policy_enforcement [req-ba8729b2-e974-4623-bcfd-a402d379c9be 5a07da677bd242a2b9666a8ea5df205e 40a1e1e24b7441d39fcb4db13e68186a - default default] Attributes excluded by policy engine: ['standard_attr_id', 'shared'] _exclude_attributes_by_policy /usr/lib/python3.9/site-packages/neutron/pecan_wsgi/hooks/policy_enforcement.py:259
2026-06-14 07:44:58.630 16 INFO neutron.wsgi [req-ba8729b2-e974-4623-bcfd-a402d379c9be 5a07da677bd242a2b9666a8ea5df205e 40a1e1e24b7441d39fcb4db13e68186a - default default] 192.168.122.99,192.168.122.100 "GET /v2.0/subnets/9a6f32b5-b1d9-4e0f-8cf5-6bdd2570db3e HTTP/1.1" status: 200 len: 858 time: 0.0306993
2026-06-14 07:44:58.646 16 INFO neutron.pecan_wsgi.hooks.translation [req-e8aa1bd3-0354-4cf8-8e9e-0976ce86434d 5a07da677bd242a2b9666a8ea5df205e 40a1e1e24b7441d39fcb4db13e68186a - default default] GET failed (client error): The resource could not be found.
2026-06-14 07:44:58.647 16 INFO neutron.wsgi [req-e8aa1bd3-0354-4cf8-8e9e-0976ce86434d 5a07da677bd242a2b9666a8ea5df205e 40a1e1e24b7441d39fcb4db13e68186a - default default] 192.168.122.99,192.168.122.100 "GET /v2.0/networks/external HTTP/1.1" status: 404 len: 292 time: 0.0111034
2026-06-14 07:44:58.705 16 DEBUG neutron.pecan_wsgi.hooks.policy_enforcement [req-c72638ec-090c-4a30-b4ba-82b3dc8d917a 5a07da677bd242a2b9666a8ea5df205e 40a1e1e24b7441d39fcb4db13e68186a - default default] Attributes excluded by policy engine: ['standard_attr_id', 'vlan_transparent'] _exclude_attributes_by_policy /usr/lib/python3.9/site-packages/neutron/pecan_wsgi/hooks/policy_enforcement.py:259
2026-06-14 07:44:58.706 16 INFO neutron.wsgi [req-c72638ec-090c-4a30-b4ba-82b3dc8d917a 5a07da677bd242a2b9666a8ea5df205e 40a1e1e24b7441d39fcb4db13e68186a - default default] 192.168.122.99,192.168.122.100 "GET /v2.0/networks?name=external HTTP/1.1" status: 200 len: 1029 time: 0.0556846
2026-06-14 07:44:58.739 16 DEBUG neutron.pecan_wsgi.hooks.policy_enforcement [req-3f422850-94f2-4347-92d2-b20c34ec7df6 5a07da677bd242a2b9666a8ea5df205e 40a1e1e24b7441d39fcb4db13e68186a - default default] Attributes excluded by policy engine: ['standard_attr_id', 'shared'] _exclude_attributes_by_policy /usr/lib/python3.9/site-packages/neutron/pecan_wsgi/hooks/policy_enforcement.py:259
2026-06-14 07:44:58.740 16 INFO neutron.wsgi [req-3f422850-94f2-4347-92d2-b20c34ec7df6 5a07da677bd242a2b9666a8ea5df205e 40a1e1e24b7441d39fcb4db13e68186a - default default] 192.168.122.99,192.168.122.100 "GET /v2.0/subnets/353b5c62-99dd-47e4-9433-cd10e84ea5b1 HTTP/1.1" status: 200 len: 860 time: 0.0268745
2026-06-14 07:44:59.669 16 DEBUG neutron.wsgi [-] (16) accepted ('192.168.122.100', 51900) server /usr/lib/python3.9/site-packages/eventlet/wsgi.py:992
2026-06-14 07:44:59.672 16 INFO neutron.wsgi [-] 192.168.122.100 "GET /healthcheck HTTP/1.0" status: 200 len: 137 time: 0.0017517
2026-06-14 07:44:59.984 18 DEBUG neutron.wsgi [-] (18) accepted ('192.168.122.100', 51914) server /usr/lib/python3.9/site-packages/eventlet/wsgi.py:992
2026-06-14 07:44:59.991 18 INFO neutron.wsgi [-] 192.168.122.100 "GET / HTTP/1.1" status: 200 len: 233 time: 0.0041859
2026-06-14 07:45:01.674 15 DEBUG neutron.wsgi [-] (15) accepted ('192.168.122.100', 51916) server /usr/lib/python3.9/site-packages/eventlet/wsgi.py:992
2026-06-14 07:45:01.676 15 INFO neutron.wsgi [-] 192.168.122.100 "GET /healthcheck HTTP/1.0" status: 200 len: 137 time: 0.0014498
2026-06-14 07:45:03.677 16 DEBUG neutron.wsgi [-] (16) accepted ('192.168.122.100', 51920) server /usr/lib/python3.9/site-packages/eventlet/wsgi.py:992
2026-06-14 07:45:03.680 16 INFO neutron.wsgi [-] 192.168.122.100 "GET /healthcheck HTTP/1.0" status: 200 len: 137 time: 0.0012991
2026-06-14 07:45:04.461 15 DEBUG neutron.wsgi [-] (15) accepted ('192.168.122.100', 44278) server /usr/lib/python3.9/site-packages/eventlet/wsgi.py:992
2026-06-14 07:45:04.640 15 DEBUG neutron.pecan_wsgi.hooks.policy_enforcement [req-20cdf513-f573-42d6-9cab-c344432eaba5 5a07da677bd242a2b9666a8ea5df205e 40a1e1e24b7441d39fcb4db13e68186a - default default] Attributes excluded by policy engine: ['standard_attr_id', 'vlan_transparent'] _exclude_attributes_by_policy /usr/lib/python3.9/site-packages/neutron/pecan_wsgi/hooks/policy_enforcement.py:259
2026-06-14 07:45:04.640 15 DEBUG neutron.pecan_wsgi.hooks.policy_enforcement [req-20cdf513-f573-42d6-9cab-c344432eaba5 5a07da677bd242a2b9666a8ea5df205e 40a1e1e24b7441d39fcb4db13e68186a - default default] Attributes excluded by policy engine: ['standard_attr_id', 'vlan_transparent'] _exclude_attributes_by_policy /usr/lib/python3.9/site-packages/neutron/pecan_wsgi/hooks/policy_enforcement.py:259
2026-06-14 07:45:04.640 15 DEBUG neutron.pecan_wsgi.hooks.policy_enforcement [req-20cdf513-f573-42d6-9cab-c344432eaba5 5a07da677bd242a2b9666a8ea5df205e 40a1e1e24b7441d39fcb4db13e68186a - default default] Attributes excluded by policy engine: ['standard_attr_id', 'vlan_transparent'] _exclude_attributes_by_policy /usr/lib/python3.9/site-packages/neutron/pecan_wsgi/hooks/policy_enforcement.py:259
2026-06-14 07:45:04.641 15 DEBUG neutron.pecan_wsgi.hooks.policy_enforcement [req-20cdf513-f573-42d6-9cab-c344432eaba5 5a07da677bd242a2b9666a8ea5df205e 40a1e1e24b7441d39fcb4db13e68186a - default default] Attributes excluded by policy engine: ['standard_attr_id', 'vlan_transparent'] _exclude_attributes_by_policy /usr/lib/python3.9/site-packages/neutron/pecan_wsgi/hooks/policy_enforcement.py:259
2026-06-14 07:45:04.641 15 DEBUG neutron.pecan_wsgi.hooks.policy_enforcement [req-20cdf513-f573-42d6-9cab-c344432eaba5 5a07da677bd242a2b9666a8ea5df205e 40a1e1e24b7441d39fcb4db13e68186a - default default] Attributes excluded by policy engine: ['standard_attr_id', 'vlan_transparent'] _exclude_attributes_by_policy /usr/lib/python3.9/site-packages/neutron/pecan_wsgi/hooks/policy_enforcement.py:259
2026-06-14 07:45:04.641 15 DEBUG neutron.pecan_wsgi.hooks.policy_enforcement [req-20cdf513-f573-42d6-9cab-c344432eaba5 5a07da677bd242a2b9666a8ea5df205e 40a1e1e24b7441d39fcb4db13e68186a - default default] Attributes excluded by policy engine: ['standard_attr_id', 'vlan_transparent'] _exclude_attributes_by_policy /usr/lib/python3.9/site-packages/neutron/pecan_wsgi/hooks/policy_enforcement.py:259
2026-06-14 07:45:04.643 15 INFO neutron.wsgi [req-20cdf513-f573-42d6-9cab-c344432eaba5 5a07da677bd242a2b9666a8ea5df205e 40a1e1e24b7441d39fcb4db13e68186a - default default] 192.168.122.99,192.168.122.100 "GET /v2.0/networks HTTP/1.1" status: 200 len: 5131 time: 0.1807735
2026-06-14 07:45:04.694 15 DEBUG neutron.pecan_wsgi.hooks.policy_enforcement [req-1f72432a-b6c9-46d2-97d8-561992a75993 5a07da677bd242a2b9666a8ea5df205e 40a1e1e24b7441d39fcb4db13e68186a - default default] Attributes excluded by policy engine: ['standard_attr_id', 'shared'] _exclude_attributes_by_policy /usr/lib/python3.9/site-packages/neutron/pecan_wsgi/hooks/policy_enforcement.py:259
2026-06-14 07:45:04.696 15 INFO neutron.wsgi [req-1f72432a-b6c9-46d2-97d8-561992a75993 5a07da677bd242a2b9666a8ea5df205e 40a1e1e24b7441d39fcb4db13e68186a - default default] 192.168.122.99,192.168.122.100 "GET /v2.0/subnets?network_id=36e9eb8b-b7c5-44f1-bc15-945f5690461c HTTP/1.1" status: 200 len: 867 time: 0.0473003
2026-06-14 07:45:04.753 15 DEBUG neutron.pecan_wsgi.hooks.policy_enforcement [req-53f0132b-19c7-4076-aae1-cad8e39a7c17 5a07da677bd242a2b9666a8ea5df205e 40a1e1e24b7441d39fcb4db13e68186a - default default] Attributes excluded by policy engine: ['standard_attr_id', 'shared'] _exclude_attributes_by_policy /usr/lib/python3.9/site-packages/neutron/pecan_wsgi/hooks/policy_enforcement.py:259
2026-06-14 07:45:04.755 15 INFO neutron.wsgi [req-53f0132b-19c7-4076-aae1-cad8e39a7c17 5a07da677bd242a2b9666a8ea5df205e 40a1e1e24b7441d39fcb4db13e68186a - default default] 192.168.122.99,192.168.122.100 "GET /v2.0/subnets?network_id=89565882-a75d-4d6c-8849-7a13152dbdfa HTTP/1.1" status: 200 len: 845 time: 0.0512168
2026-06-14 07:45:04.802 15 DEBUG neutron.pecan_wsgi.hooks.policy_enforcement [req-f4bb1e18-340d-406e-9a0a-797e3057f4da 5a07da677bd242a2b9666a8ea5df205e 40a1e1e24b7441d39fcb4db13e68186a - default default] Attributes excluded by policy engine: ['standard_attr_id', 'shared'] _exclude_attributes_by_policy /usr/lib/python3.9/site-packages/neutron/pecan_wsgi/hooks/policy_enforcement.py:259
2026-06-14 07:45:04.803 15 INFO neutron.wsgi [req-f4bb1e18-340d-406e-9a0a-797e3057f4da 5a07da677bd242a2b9666a8ea5df205e 40a1e1e24b7441d39fcb4db13e68186a - default default] 192.168.122.99,192.168.122.100 "GET /v2.0/subnets?network_id=8c80b94a-2f41-42f2-af21-95975b5764e1 HTTP/1.1" status: 200 len: 867 time: 0.0418041
2026-06-14 07:45:04.848 15 DEBUG neutron.pecan_wsgi.hooks.policy_enforcement [req-039f76f4-d7c9-417e-aacc-99c2628f0825 5a07da677bd242a2b9666a8ea5df205e 40a1e1e24b7441d39fcb4db13e68186a - default default] Attributes excluded by policy engine: ['standard_attr_id', 'shared'] _exclude_attributes_by_policy /usr/lib/python3.9/site-packages/neutron/pecan_wsgi/hooks/policy_enforcement.py:259
2026-06-14 07:45:04.849 15 INFO neutron.wsgi [req-039f76f4-d7c9-417e-aacc-99c2628f0825 5a07da677bd242a2b9666a8ea5df205e 40a1e1e24b7441d39fcb4db13e68186a - default default] 192.168.122.99,192.168.122.100 "GET /v2.0/subnets?network_id=cddd4f49-e09a-4ec6-9a9b-37a9e2e6baaa HTTP/1.1" status: 200 len: 861 time: 0.0383592
2026-06-14 07:45:04.885 15 DEBUG neutron.pecan_wsgi.hooks.policy_enforcement [req-e6242649-426f-475c-b0c6-d52a860f2e03 5a07da677bd242a2b9666a8ea5df205e 40a1e1e24b7441d39fcb4db13e68186a - default default] Attributes excluded by policy engine: ['standard_attr_id', 'shared'] _exclude_attributes_by_policy /usr/lib/python3.9/site-packages/neutron/pecan_wsgi/hooks/policy_enforcement.py:259
2026-06-14 07:45:04.886 15 INFO neutron.wsgi [req-e6242649-426f-475c-b0c6-d52a860f2e03 5a07da677bd242a2b9666a8ea5df205e 40a1e1e24b7441d39fcb4db13e68186a - default default] 192.168.122.99,192.168.122.100 "GET /v2.0/subnets?network_id=e575b5b7-187f-4286-ab62-87c73db563b6 HTTP/1.1" status: 200 len: 863 time: 0.0309708
2026-06-14 07:45:04.937 15 DEBUG neutron.pecan_wsgi.hooks.policy_enforcement [req-eb32809d-c35e-4574-b6bd-eb5789760fb2 5a07da677bd242a2b9666a8ea5df205e 40a1e1e24b7441d39fcb4db13e68186a - default default] Attributes excluded by policy engine: ['standard_attr_id', 'shared'] _exclude_attributes_by_policy /usr/lib/python3.9/site-packages/neutron/pecan_wsgi/hooks/policy_enforcement.py:259
2026-06-14 07:45:04.938 15 INFO neutron.wsgi [req-eb32809d-c35e-4574-b6bd-eb5789760fb2 5a07da677bd242a2b9666a8ea5df205e 40a1e1e24b7441d39fcb4db13e68186a - default default] 192.168.122.99,192.168.122.100 "GET /v2.0/subnets?network_id=e64713c2-6970-475a-90f1-08147ea55600 HTTP/1.1" status: 200 len: 862 time: 0.0452037
2026-06-14 07:45:04.967 17 DEBUG neutron.wsgi [-] (17) accepted ('192.168.122.100', 44282) server /usr/lib/python3.9/site-packages/eventlet/wsgi.py:992
2026-06-14 07:45:04.968 18 DEBUG neutron.wsgi [-] (18) accepted ('192.168.122.100', 44292) server /usr/lib/python3.9/site-packages/eventlet/wsgi.py:992
2026-06-14 07:45:04.969 17 DEBUG neutron.wsgi [-] (17) accepted ('192.168.122.100', 44308) server /usr/lib/python3.9/site-packages/eventlet/wsgi.py:992
2026-06-14 07:45:04.973 16 DEBUG neutron.wsgi [-] (16) accepted ('192.168.122.100', 44320) server /usr/lib/python3.9/site-packages/eventlet/wsgi.py:992
2026-06-14 07:45:04.976 15 INFO neutron.wsgi [req-b916b36a-b6ed-42be-b672-16ea2776940e 5a07da677bd242a2b9666a8ea5df205e 40a1e1e24b7441d39fcb4db13e68186a - default default] 192.168.122.99,192.168.122.100 "GET /v2.0/ports?network_id=8c80b94a-2f41-42f2-af21-95975b5764e1&tags=tripleo_stack_name%3Dovercloud&tags=tripleo_vip_net%3Dinternal_api HTTP/1.1" status: 200 len: 186 time: 0.0310667
2026-06-14 07:45:04.981 15 DEBUG neutron.api.v2.base [req-d749be2d-37ab-4d00-8c64-3a25542efa64 5a07da677bd242a2b9666a8ea5df205e 40a1e1e24b7441d39fcb4db13e68186a - default default] Request body: {'port': {'dns_name': 'overcloud', 'name': 'internal_api_vip', 'fixed_ips': [{'subnet_id': '7407615c-57f1-4501-af16-90cd9fd6bdaa'}], 'network_id': '8c80b94a-2f41-42f2-af21-95975b5764e1'}} prepare_request_body /usr/lib/python3.9/site-packages/neutron/api/v2/base.py:729
2026-06-14 07:45:04.991 15 DEBUG neutron.pecan_wsgi.hooks.quota_enforcement [req-d749be2d-37ab-4d00-8c64-3a25542efa64 5a07da677bd242a2b9666a8ea5df205e 40a1e1e24b7441d39fcb4db13e68186a - default default] Made reservation on behalf of 40a1e1e24b7441d39fcb4db13e68186a for: {'port': 1} before /usr/lib/python3.9/site-packages/neutron/pecan_wsgi/hooks/quota_enforcement.py:53
2026-06-14 07:45:04.992 15 DEBUG neutron_lib.callbacks.manager [req-d749be2d-37ab-4d00-8c64-3a25542efa64 5a07da677bd242a2b9666a8ea5df205e 40a1e1e24b7441d39fcb4db13e68186a - default default] Notify callbacks ['neutron.plugins.ml2.plugin.SecurityGroupDbMixin._ensure_default_security_group_handler-557573'] for port, before_create _notify_loop /usr/lib/python3.9/site-packages/neutron_lib/callbacks/manager.py:200
2026-06-14 07:45:05.007 15 DEBUG neutron.notifiers.nova [req-d749be2d-37ab-4d00-8c64-3a25542efa64 5a07da677bd242a2b9666a8ea5df205e 40a1e1e24b7441d39fcb4db13e68186a - default default] device_id is not set on port 0621803c-58aa-4133-ba94-bebc20bc6363 yet. _can_notify /usr/lib/python3.9/site-packages/neutron/notifiers/nova.py:201
2026-06-14 07:45:05.039 16 INFO neutron.wsgi [req-e668d98d-0d0f-4a69-bd21-54e71c5f659f 5a07da677bd242a2b9666a8ea5df205e 40a1e1e24b7441d39fcb4db13e68186a - default default] 192.168.122.99,192.168.122.100 "GET /v2.0/ports?network_id=e575b5b7-187f-4286-ab62-87c73db563b6&tags=tripleo_stack_name%3Dovercloud&tags=tripleo_vip_net%3Dexternal HTTP/1.1" status: 200 len: 186 time: 0.0646667
2026-06-14 07:45:05.050 16 DEBUG neutron.api.v2.base [req-9abc3e7c-7654-486c-b22e-964e5b092be5 5a07da677bd242a2b9666a8ea5df205e 40a1e1e24b7441d39fcb4db13e68186a - default default] Request body: {'port': {'dns_name': 'overcloud', 'name': 'external_vip', 'fixed_ips': [{'subnet_id': '353b5c62-99dd-47e4-9433-cd10e84ea5b1'}], 'network_id': 'e575b5b7-187f-4286-ab62-87c73db563b6'}} prepare_request_body /usr/lib/python3.9/site-packages/neutron/api/v2/base.py:729
2026-06-14 07:45:05.052 17 INFO neutron.wsgi [req-21b987f9-9ff5-4b88-a183-9c5e6bcef404 5a07da677bd242a2b9666a8ea5df205e 40a1e1e24b7441d39fcb4db13e68186a - default default] 192.168.122.99,192.168.122.100 "GET /v2.0/ports?network_id=e64713c2-6970-475a-90f1-08147ea55600&tags=tripleo_stack_name%3Dovercloud&tags=tripleo_vip_net%3Dstorage HTTP/1.1" status: 200 len: 186 time: 0.0838637
2026-06-14 07:45:05.053 17 INFO neutron.wsgi [req-0d8d934f-4711-4d37-bc2b-e323ac9262e6 5a07da677bd242a2b9666a8ea5df205e 40a1e1e24b7441d39fcb4db13e68186a - default default] 192.168.122.99,192.168.122.100 "GET /v2.0/ports?network_id=36e9eb8b-b7c5-44f1-bc15-945f5690461c&tags=tripleo_stack_name%3Dovercloud&tags=tripleo_vip_net%3Dstorage_mgmt HTTP/1.1" status: 200 len: 186 time: 0.0831673
2026-06-14 07:45:05.061 17 DEBUG neutron.api.v2.base [req-d24278cd-baf7-4e40-88e6-fab9433277b5 5a07da677bd242a2b9666a8ea5df205e 40a1e1e24b7441d39fcb4db13e68186a - default default] Request body: {'port': {'dns_name': 'overcloud', 'name': 'storage_mgmt_vip', 'fixed_ips': [{'subnet_id': '706888a1-34c7-49ac-ba1a-d1ecab0dfa10'}], 'network_id': '36e9eb8b-b7c5-44f1-bc15-945f5690461c'}} prepare_request_body /usr/lib/python3.9/site-packages/neutron/api/v2/base.py:729
2026-06-14 07:45:05.064 17 DEBUG neutron.api.v2.base [req-d65de92b-a669-4bc5-be2e-b4a8bab25114 5a07da677bd242a2b9666a8ea5df205e 40a1e1e24b7441d39fcb4db13e68186a - default default] Request body: {'port': {'dns_name': 'overcloud', 'name': 'storage_vip', 'fixed_ips': [{'subnet_id': 'd7bce2cb-35f1-47c6-bd3a-135cba619bcf'}], 'network_id': 'e64713c2-6970-475a-90f1-08147ea55600'}} prepare_request_body /usr/lib/python3.9/site-packages/neutron/api/v2/base.py:729
2026-06-14 07:45:05.065 16 DEBUG neutron.pecan_wsgi.hooks.quota_enforcement [req-9abc3e7c-7654-486c-b22e-964e5b092be5 5a07da677bd242a2b9666a8ea5df205e 40a1e1e24b7441d39fcb4db13e68186a - default default] Made reservation on behalf of 40a1e1e24b7441d39fcb4db13e68186a for: {'port': 1} before /usr/lib/python3.9/site-packages/neutron/pecan_wsgi/hooks/quota_enforcement.py:53
2026-06-14 07:45:05.067 16 DEBUG neutron_lib.callbacks.manager [req-9abc3e7c-7654-486c-b22e-964e5b092be5 5a07da677bd242a2b9666a8ea5df205e 40a1e1e24b7441d39fcb4db13e68186a - default default] Notify callbacks ['neutron.plugins.ml2.plugin.SecurityGroupDbMixin._ensure_default_security_group_handler-557573'] for port, before_create _notify_loop /usr/lib/python3.9/site-packages/neutron_lib/callbacks/manager.py:200
2026-06-14 07:45:05.073 17 DEBUG neutron.pecan_wsgi.hooks.quota_enforcement [req-d24278cd-baf7-4e40-88e6-fab9433277b5 5a07da677bd242a2b9666a8ea5df205e 40a1e1e24b7441d39fcb4db13e68186a - default default] Made reservation on behalf of 40a1e1e24b7441d39fcb4db13e68186a for: {'port': 1} before /usr/lib/python3.9/site-packages/neutron/pecan_wsgi/hooks/quota_enforcement.py:53
2026-06-14 07:45:05.074 17 DEBUG neutron_lib.callbacks.manager [req-d24278cd-baf7-4e40-88e6-fab9433277b5 5a07da677bd242a2b9666a8ea5df205e 40a1e1e24b7441d39fcb4db13e68186a - default default] Notify callbacks ['neutron.plugins.ml2.plugin.SecurityGroupDbMixin._ensure_default_security_group_handler-557573'] for port, before_create _notify_loop /usr/lib/python3.9/site-packages/neutron_lib/callbacks/manager.py:200
2026-06-14 07:45:05.081 17 DEBUG neutron.pecan_wsgi.hooks.quota_enforcement [req-d65de92b-a669-4bc5-be2e-b4a8bab25114 5a07da677bd242a2b9666a8ea5df205e 40a1e1e24b7441d39fcb4db13e68186a - default default] Made reservation on behalf of 40a1e1e24b7441d39fcb4db13e68186a for: {'port': 1} before /usr/lib/python3.9/site-packages/neutron/pecan_wsgi/hooks/quota_enforcement.py:53
2026-06-14 07:45:05.082 17 DEBUG neutron_lib.callbacks.manager [req-d65de92b-a669-4bc5-be2e-b4a8bab25114 5a07da677bd242a2b9666a8ea5df205e 40a1e1e24b7441d39fcb4db13e68186a - default default] Notify callbacks ['neutron.plugins.ml2.plugin.SecurityGroupDbMixin._ensure_default_security_group_handler-557573'] for port, before_create _notify_loop /usr/lib/python3.9/site-packages/neutron_lib/callbacks/manager.py:200
2026-06-14 07:45:05.096 16 DEBUG neutron.notifiers.nova [req-9abc3e7c-7654-486c-b22e-964e5b092be5 5a07da677bd242a2b9666a8ea5df205e 40a1e1e24b7441d39fcb4db13e68186a - default default] device_id is not set on port 52b2eef2-1f8f-4395-9f59-ff48a959f4da yet. _can_notify /usr/lib/python3.9/site-packages/neutron/notifiers/nova.py:201
2026-06-14 07:45:05.098 17 DEBUG neutron.notifiers.nova [req-d24278cd-baf7-4e40-88e6-fab9433277b5 5a07da677bd242a2b9666a8ea5df205e 40a1e1e24b7441d39fcb4db13e68186a - default default] device_id is not set on port 45362a01-6411-4b8e-830a-a665d95392ec yet. _can_notify /usr/lib/python3.9/site-packages/neutron/notifiers/nova.py:201
2026-06-14 07:45:05.105 15 DEBUG neutron.db.db_base_plugin_common [req-d749be2d-37ab-4d00-8c64-3a25542efa64 5a07da677bd242a2b9666a8ea5df205e 40a1e1e24b7441d39fcb4db13e68186a - default default] Allocated IP 172.17.0.206 (8c80b94a-2f41-42f2-af21-95975b5764e1/7407615c-57f1-4501-af16-90cd9fd6bdaa/0621803c-58aa-4133-ba94-bebc20bc6363) _store_ip_allocation /usr/lib/python3.9/site-packages/neutron/db/db_base_plugin_common.py:131
2026-06-14 07:45:05.112 17 DEBUG neutron.notifiers.nova [req-d65de92b-a669-4bc5-be2e-b4a8bab25114 5a07da677bd242a2b9666a8ea5df205e 40a1e1e24b7441d39fcb4db13e68186a - default default] device_id is not set on port c78e15cb-0a51-4c59-8f3d-c606257b3382 yet. _can_notify /usr/lib/python3.9/site-packages/neutron/notifiers/nova.py:201
2026-06-14 07:45:05.207 16 DEBUG neutron.db.db_base_plugin_common [req-9abc3e7c-7654-486c-b22e-964e5b092be5 5a07da677bd242a2b9666a8ea5df205e 40a1e1e24b7441d39fcb4db13e68186a - default default] Allocated IP 172.21.0.209 (e575b5b7-187f-4286-ab62-87c73db563b6/353b5c62-99dd-47e4-9433-cd10e84ea5b1/52b2eef2-1f8f-4395-9f59-ff48a959f4da) _store_ip_allocation /usr/lib/python3.9/site-packages/neutron/db/db_base_plugin_common.py:131
2026-06-14 07:45:05.212 18 DEBUG neutron.policy [req-640c58b2-bb5b-4448-a30f-429ea84b53a3 5a07da677bd242a2b9666a8ea5df205e 40a1e1e24b7441d39fcb4db13e68186a - default default] Loaded default policies from ['networking-bgpvpn', 'neutron'] under neutron.policies entry points register_rules /usr/lib/python3.9/site-packages/neutron/policy.py:73
2026-06-14 07:45:05.242 18 INFO neutron.wsgi [req-640c58b2-bb5b-4448-a30f-429ea84b53a3 5a07da677bd242a2b9666a8ea5df205e 40a1e1e24b7441d39fcb4db13e68186a - default default] 192.168.122.99,192.168.122.100 "GET /v2.0/ports?network_id=89565882-a75d-4d6c-8849-7a13152dbdfa&tags=tripleo_stack_name%3Dovercloud&tags=tripleo_vip_net%3Dctlplane HTTP/1.1" status: 200 len: 186 time: 0.2735794
2026-06-14 07:45:05.243 17 DEBUG neutron.db.db_base_plugin_common [req-d24278cd-baf7-4e40-88e6-fab9433277b5 5a07da677bd242a2b9666a8ea5df205e 40a1e1e24b7441d39fcb4db13e68186a - default default] Allocated IP 172.20.0.152 (36e9eb8b-b7c5-44f1-bc15-945f5690461c/706888a1-34c7-49ac-ba1a-d1ecab0dfa10/45362a01-6411-4b8e-830a-a665d95392ec) _store_ip_allocation /usr/lib/python3.9/site-packages/neutron/db/db_base_plugin_common.py:131
2026-06-14 07:45:05.244 17 DEBUG neutron.db.db_base_plugin_common [req-d65de92b-a669-4bc5-be2e-b4a8bab25114 5a07da677bd242a2b9666a8ea5df205e 40a1e1e24b7441d39fcb4db13e68186a - default default] Allocated IP 172.18.0.151 (e64713c2-6970-475a-90f1-08147ea55600/d7bce2cb-35f1-47c6-bd3a-135cba619bcf/c78e15cb-0a51-4c59-8f3d-c606257b3382) _store_ip_allocation /usr/lib/python3.9/site-packages/neutron/db/db_base_plugin_common.py:131
2026-06-14 07:45:05.248 18 DEBUG neutron.api.v2.base [req-56d307c3-7f9f-4a2b-b5ec-e789da637f34 5a07da677bd242a2b9666a8ea5df205e 40a1e1e24b7441d39fcb4db13e68186a - default default] Request body: {'port': {'dns_name': 'overcloud', 'name': 'ctlplane_vip', 'fixed_ips': [{'ip_address': '192.168.122.99'}], 'network_id': '89565882-a75d-4d6c-8849-7a13152dbdfa'}} prepare_request_body /usr/lib/python3.9/site-packages/neutron/api/v2/base.py:729
2026-06-14 07:45:05.265 18 DEBUG neutron.pecan_wsgi.hooks.quota_enforcement [req-56d307c3-7f9f-4a2b-b5ec-e789da637f34 5a07da677bd242a2b9666a8ea5df205e 40a1e1e24b7441d39fcb4db13e68186a - default default] Made reservation on behalf of 40a1e1e24b7441d39fcb4db13e68186a for: {'port': 1} before /usr/lib/python3.9/site-packages/neutron/pecan_wsgi/hooks/quota_enforcement.py:53
2026-06-14 07:45:05.267 18 DEBUG neutron_lib.callbacks.manager [req-56d307c3-7f9f-4a2b-b5ec-e789da637f34 5a07da677bd242a2b9666a8ea5df205e 40a1e1e24b7441d39fcb4db13e68186a - default default] Notify callbacks ['neutron.plugins.ml2.plugin.SecurityGroupDbMixin._ensure_default_security_group_handler-557573'] for port, before_create _notify_loop /usr/lib/python3.9/site-packages/neutron_lib/callbacks/manager.py:200
2026-06-14 07:45:05.284 18 DEBUG neutron.notifiers.nova [req-56d307c3-7f9f-4a2b-b5ec-e789da637f34 5a07da677bd242a2b9666a8ea5df205e 40a1e1e24b7441d39fcb4db13e68186a - default default] device_id is not set on port d0ba8101-1e50-433d-be76-3137fd0c881d yet. _can_notify /usr/lib/python3.9/site-packages/neutron/notifiers/nova.py:201
2026-06-14 07:45:05.367 15 DEBUG neutron_lib.callbacks.manager [req-d749be2d-37ab-4d00-8c64-3a25542efa64 5a07da677bd242a2b9666a8ea5df205e 40a1e1e24b7441d39fcb4db13e68186a - default default] Notify callbacks [] for allowed_address_pair, before_create _notify_loop /usr/lib/python3.9/site-packages/neutron_lib/callbacks/manager.py:200
2026-06-14 07:45:05.368 15 DEBUG neutron_lib.callbacks.manager [req-d749be2d-37ab-4d00-8c64-3a25542efa64 5a07da677bd242a2b9666a8ea5df205e 40a1e1e24b7441d39fcb4db13e68186a - default default] Notify callbacks [] for port, precommit_create _notify_loop /usr/lib/python3.9/site-packages/neutron_lib/callbacks/manager.py:200
2026-06-14 07:45:05.373 18 DEBUG neutron.db.db_base_plugin_common [req-56d307c3-7f9f-4a2b-b5ec-e789da637f34 5a07da677bd242a2b9666a8ea5df205e 40a1e1e24b7441d39fcb4db13e68186a - default default] Allocated IP 192.168.122.99 (89565882-a75d-4d6c-8849-7a13152dbdfa/f87bfb17-3885-44b8-a4c3-1968c719088a/d0ba8101-1e50-433d-be76-3137fd0c881d) _store_ip_allocation /usr/lib/python3.9/site-packages/neutron/db/db_base_plugin_common.py:131
2026-06-14 07:45:05.403 15 DEBUG neutron_lib.callbacks.manager [req-d749be2d-37ab-4d00-8c64-3a25542efa64 5a07da677bd242a2b9666a8ea5df205e 40a1e1e24b7441d39fcb4db13e68186a - default default] Notify callbacks ['neutron.plugins.ml2.plugin.SecurityGroupServerNotifierRpcMixin.notify_sg_on_port_change-554061', 'neutron.plugins.ml2.extensions.dns_integration._create_port_in_external_dns_service-8786096090817', 'neutron.plugins.ml2.ovo_rpc._ObjectChangeHandler.handle_event-347148', 'neutron.api.rpc.agentnotifiers.dhcp_rpc_agent_api.DhcpAgentNotifyAPI._native_event_send_dhcp_notification-4096141', 'neutron.services.segments.plugin.NovaSegmentNotifier._notify_port_created_or_deleted-4131249'] for port, after_create _notify_loop /usr/lib/python3.9/site-packages/neutron_lib/callbacks/manager.py:200
2026-06-14 07:45:05.440 16 DEBUG neutron_lib.callbacks.manager [req-9abc3e7c-7654-486c-b22e-964e5b092be5 5a07da677bd242a2b9666a8ea5df205e 40a1e1e24b7441d39fcb4db13e68186a - default default] Notify callbacks [] for allowed_address_pair, before_create _notify_loop /usr/lib/python3.9/site-packages/neutron_lib/callbacks/manager.py:200
2026-06-14 07:45:05.441 16 DEBUG neutron_lib.callbacks.manager [req-9abc3e7c-7654-486c-b22e-964e5b092be5 5a07da677bd242a2b9666a8ea5df205e 40a1e1e24b7441d39fcb4db13e68186a - default default] Notify callbacks [] for port, precommit_create _notify_loop /usr/lib/python3.9/site-packages/neutron_lib/callbacks/manager.py:200
2026-06-14 07:45:05.445 15 DEBUG neutron.api.rpc.handlers.resources_rpc [req-d749be2d-37ab-4d00-8c64-3a25542efa64 5a07da677bd242a2b9666a8ea5df205e 40a1e1e24b7441d39fcb4db13e68186a - - -] Pushing event updated for resources: {'Port': ['ID=0621803c-58aa-4133-ba94-bebc20bc6363,revision_number=1']} push /usr/lib/python3.9/site-packages/neutron/api/rpc/handlers/resources_rpc.py:237
2026-06-14 07:45:05.450 15 DEBUG neutron.plugins.ml2.drivers.mech_agent [req-d749be2d-37ab-4d00-8c64-3a25542efa64 5a07da677bd242a2b9666a8ea5df205e 40a1e1e24b7441d39fcb4db13e68186a - default default] Checking segment: {'id': '65d220d4-5f2e-4316-bd30-1fe0cf5b4af7', 'network_type': 'flat', 'physical_network': 'internal_api_internal_api_subnet', 'segmentation_id': None, 'network_id': '8c80b94a-2f41-42f2-af21-95975b5764e1'} for mappings: {'ctlplane': 'br-ctlplane'} with network types: ['local', 'flat', 'vlan'] check_segment_for_agent /usr/lib/python3.9/site-packages/neutron/plugins/ml2/drivers/mech_agent.py:343
2026-06-14 07:45:05.451 15 DEBUG neutron.plugins.ml2.drivers.mech_agent [req-d749be2d-37ab-4d00-8c64-3a25542efa64 5a07da677bd242a2b9666a8ea5df205e 40a1e1e24b7441d39fcb4db13e68186a - default default] Network 8c80b94a-2f41-42f2-af21-95975b5764e1 with segment 65d220d4-5f2e-4316-bd30-1fe0cf5b4af7 is connected to physical network internal_api_internal_api_subnet, but agent undercloud.ooo.test reported physical networks {'ctlplane': 'br-ctlplane'}. The physical network must be configured on the agent if binding is to succeed. check_segment_for_agent /usr/lib/python3.9/site-packages/neutron/plugins/ml2/drivers/mech_agent.py:365
2026-06-14 07:45:05.454 15 DEBUG neutron.scheduler.dhcp_agent_scheduler [req-d749be2d-37ab-4d00-8c64-3a25542efa64 5a07da677bd242a2b9666a8ea5df205e 40a1e1e24b7441d39fcb4db13e68186a - default default] Network hostable DHCP agents. Network: 8c80b94a-2f41-42f2-af21-95975b5764e1, hostable agents: [], hosted agents: [] _get_network_hostable_dhcp_agents /usr/lib/python3.9/site-packages/neutron/scheduler/dhcp_agent_scheduler.py:329
2026-06-14 07:45:05.454 15 DEBUG neutron.scheduler.base_scheduler [req-d749be2d-37ab-4d00-8c64-3a25542efa64 5a07da677bd242a2b9666a8ea5df205e 40a1e1e24b7441d39fcb4db13e68186a - default default] Resources bound (agent type, host, resource id): schedule /usr/lib/python3.9/site-packages/neutron/scheduler/base_scheduler.py:57
2026-06-14 07:45:05.454 15 WARNING neutron.api.rpc.agentnotifiers.dhcp_rpc_agent_api [req-d749be2d-37ab-4d00-8c64-3a25542efa64 5a07da677bd242a2b9666a8ea5df205e 40a1e1e24b7441d39fcb4db13e68186a - default default] Unable to schedule network 8c80b94a-2f41-42f2-af21-95975b5764e1: no agents available; will retry on subsequent port and subnet creation events.
2026-06-14 07:45:05.454 15 DEBUG neutron.api.rpc.agentnotifiers.dhcp_rpc_agent_api [req-d749be2d-37ab-4d00-8c64-3a25542efa64 5a07da677bd242a2b9666a8ea5df205e 40a1e1e24b7441d39fcb4db13e68186a - default default] Network 8c80b94a-2f41-42f2-af21-95975b5764e1 is not hosted by any dhcp agent _notify_agents /usr/lib/python3.9/site-packages/neutron/api/rpc/agentnotifiers/dhcp_rpc_agent_api.py:228
2026-06-14 07:45:05.478 16 DEBUG neutron_lib.callbacks.manager [req-9abc3e7c-7654-486c-b22e-964e5b092be5 5a07da677bd242a2b9666a8ea5df205e 40a1e1e24b7441d39fcb4db13e68186a - default default] Notify callbacks ['neutron.plugins.ml2.plugin.SecurityGroupServerNotifierRpcMixin.notify_sg_on_port_change-554061', 'neutron.plugins.ml2.extensions.dns_integration._create_port_in_external_dns_service-8786096090817', 'neutron.plugins.ml2.ovo_rpc._ObjectChangeHandler.handle_event-347148', 'neutron.api.rpc.agentnotifiers.dhcp_rpc_agent_api.DhcpAgentNotifyAPI._native_event_send_dhcp_notification-4096141', 'neutron.services.segments.plugin.NovaSegmentNotifier._notify_port_created_or_deleted-4131249'] for port, after_create _notify_loop /usr/lib/python3.9/site-packages/neutron_lib/callbacks/manager.py:200
2026-06-14 07:45:05.480 15 DEBUG neutron.pecan_wsgi.hooks.policy_enforcement [req-d749be2d-37ab-4d00-8c64-3a25542efa64 5a07da677bd242a2b9666a8ea5df205e 40a1e1e24b7441d39fcb4db13e68186a - default default] Attributes excluded by policy engine: ['standard_attr_id', 'network'] _exclude_attributes_by_policy /usr/lib/python3.9/site-packages/neutron/pecan_wsgi/hooks/policy_enforcement.py:259
2026-06-14 07:45:05.480 15 DEBUG neutron_lib.callbacks.manager [req-d749be2d-37ab-4d00-8c64-3a25542efa64 5a07da677bd242a2b9666a8ea5df205e 40a1e1e24b7441d39fcb4db13e68186a - default default] Notify callbacks ['neutron.notifiers.nova.Notifier._send_nova_notification-247817', 'neutron.api.rpc.agentnotifiers.dhcp_rpc_agent_api.DhcpAgentNotifyAPI._send_dhcp_notification-4096191'] for port, before_response _notify_loop /usr/lib/python3.9/site-packages/neutron_lib/callbacks/manager.py:200
2026-06-14 07:45:05.491 15 INFO neutron.wsgi [req-d749be2d-37ab-4d00-8c64-3a25542efa64 5a07da677bd242a2b9666a8ea5df205e 40a1e1e24b7441d39fcb4db13e68186a - default default] 192.168.122.99,192.168.122.100 "POST /v2.0/ports HTTP/1.1" status: 201 len: 1155 time: 0.5119298
2026-06-14 07:45:05.497 15 DEBUG neutron.services.tag.tag_plugin [req-4a04fc91-b54a-41be-81bb-5f940bdbb744 5a07da677bd242a2b9666a8ea5df205e 40a1e1e24b7441d39fcb4db13e68186a - default default] neutron.services.tag.tag_plugin.TagPlugin method update_tags called with arguments (, 'ports', '0621803c-58aa-4133-ba94-bebc20bc6363', {'tags': ['tripleo_stack_name=overcloud', 'tripleo_vip_net=internal_api']}) {} wrapper /usr/lib/python3.9/site-packages/oslo_log/helpers.py:65
2026-06-14 07:45:05.519 16 DEBUG neutron.api.rpc.handlers.resources_rpc [req-9abc3e7c-7654-486c-b22e-964e5b092be5 5a07da677bd242a2b9666a8ea5df205e 40a1e1e24b7441d39fcb4db13e68186a - - -] Pushing event updated for resources: {'Port': ['ID=52b2eef2-1f8f-4395-9f59-ff48a959f4da,revision_number=1']} push /usr/lib/python3.9/site-packages/neutron/api/rpc/handlers/resources_rpc.py:237
2026-06-14 07:45:05.527 16 DEBUG neutron.plugins.ml2.drivers.mech_agent [req-9abc3e7c-7654-486c-b22e-964e5b092be5 5a07da677bd242a2b9666a8ea5df205e 40a1e1e24b7441d39fcb4db13e68186a - default default] Checking segment: {'id': 'c6960ab2-967a-42e1-bca8-116002da456a', 'network_type': 'flat', 'physical_network': 'external_external_subnet', 'segmentation_id': None, 'network_id': 'e575b5b7-187f-4286-ab62-87c73db563b6'} for mappings: {'ctlplane': 'br-ctlplane'} with network types: ['local', 'flat', 'vlan'] check_segment_for_agent /usr/lib/python3.9/site-packages/neutron/plugins/ml2/drivers/mech_agent.py:343
2026-06-14 07:45:05.527 16 DEBUG neutron.plugins.ml2.drivers.mech_agent [req-9abc3e7c-7654-486c-b22e-964e5b092be5 5a07da677bd242a2b9666a8ea5df205e 40a1e1e24b7441d39fcb4db13e68186a - default default] Network e575b5b7-187f-4286-ab62-87c73db563b6 with segment c6960ab2-967a-42e1-bca8-116002da456a is connected to physical network external_external_subnet, but agent undercloud.ooo.test reported physical networks {'ctlplane': 'br-ctlplane'}. The physical network must be configured on the agent if binding is to succeed. check_segment_for_agent /usr/lib/python3.9/site-packages/neutron/plugins/ml2/drivers/mech_agent.py:365
2026-06-14 07:45:05.530 16 DEBUG neutron.scheduler.dhcp_agent_scheduler [req-9abc3e7c-7654-486c-b22e-964e5b092be5 5a07da677bd242a2b9666a8ea5df205e 40a1e1e24b7441d39fcb4db13e68186a - default default] Network hostable DHCP agents. Network: e575b5b7-187f-4286-ab62-87c73db563b6, hostable agents: [], hosted agents: [] _get_network_hostable_dhcp_agents /usr/lib/python3.9/site-packages/neutron/scheduler/dhcp_agent_scheduler.py:329
2026-06-14 07:45:05.530 16 DEBUG neutron.scheduler.base_scheduler [req-9abc3e7c-7654-486c-b22e-964e5b092be5 5a07da677bd242a2b9666a8ea5df205e 40a1e1e24b7441d39fcb4db13e68186a - default default] Resources bound (agent type, host, resource id): schedule /usr/lib/python3.9/site-packages/neutron/scheduler/base_scheduler.py:57
2026-06-14 07:45:05.530 16 WARNING neutron.api.rpc.agentnotifiers.dhcp_rpc_agent_api [req-9abc3e7c-7654-486c-b22e-964e5b092be5 5a07da677bd242a2b9666a8ea5df205e 40a1e1e24b7441d39fcb4db13e68186a - default default] Unable to schedule network e575b5b7-187f-4286-ab62-87c73db563b6: no agents available; will retry on subsequent port and subnet creation events.
2026-06-14 07:45:05.530 16 DEBUG neutron.api.rpc.agentnotifiers.dhcp_rpc_agent_api [req-9abc3e7c-7654-486c-b22e-964e5b092be5 5a07da677bd242a2b9666a8ea5df205e 40a1e1e24b7441d39fcb4db13e68186a - default default] Network e575b5b7-187f-4286-ab62-87c73db563b6 is not hosted by any dhcp agent _notify_agents /usr/lib/python3.9/site-packages/neutron/api/rpc/agentnotifiers/dhcp_rpc_agent_api.py:228
2026-06-14 07:45:05.535 18 DEBUG neutron_lib.callbacks.manager [req-56d307c3-7f9f-4a2b-b5ec-e789da637f34 5a07da677bd242a2b9666a8ea5df205e 40a1e1e24b7441d39fcb4db13e68186a - default default] Notify callbacks [] for allowed_address_pair, before_create _notify_loop /usr/lib/python3.9/site-packages/neutron_lib/callbacks/manager.py:200
2026-06-14 07:45:05.536 18 DEBUG neutron_lib.callbacks.manager [req-56d307c3-7f9f-4a2b-b5ec-e789da637f34 5a07da677bd242a2b9666a8ea5df205e 40a1e1e24b7441d39fcb4db13e68186a - default default] Notify callbacks [] for port, precommit_create _notify_loop /usr/lib/python3.9/site-packages/neutron_lib/callbacks/manager.py:200
2026-06-14 07:45:05.544 18 DEBUG neutron.db.provisioning_blocks [req-56d307c3-7f9f-4a2b-b5ec-e789da637f34 5a07da677bd242a2b9666a8ea5df205e 40a1e1e24b7441d39fcb4db13e68186a - default default] Transition to ACTIVE for port object d0ba8101-1e50-433d-be76-3137fd0c881d will not be triggered until provisioned by entity DHCP. add_provisioning_component /usr/lib/python3.9/site-packages/neutron/db/provisioning_blocks.py:74
2026-06-14 07:45:05.548 15 INFO neutron.wsgi [req-4a04fc91-b54a-41be-81bb-5f940bdbb744 5a07da677bd242a2b9666a8ea5df205e 40a1e1e24b7441d39fcb4db13e68186a - default default] 192.168.122.99,192.168.122.100 "PUT /v2.0/ports/0621803c-58aa-4133-ba94-bebc20bc6363/tags HTTP/1.1" status: 200 len: 248 time: 0.0535102
2026-06-14 07:45:05.556 16 DEBUG neutron.pecan_wsgi.hooks.policy_enforcement [req-9abc3e7c-7654-486c-b22e-964e5b092be5 5a07da677bd242a2b9666a8ea5df205e 40a1e1e24b7441d39fcb4db13e68186a - default default] Attributes excluded by policy engine: ['standard_attr_id', 'network'] _exclude_attributes_by_policy /usr/lib/python3.9/site-packages/neutron/pecan_wsgi/hooks/policy_enforcement.py:259
2026-06-14 07:45:05.556 16 DEBUG neutron_lib.callbacks.manager [req-9abc3e7c-7654-486c-b22e-964e5b092be5 5a07da677bd242a2b9666a8ea5df205e 40a1e1e24b7441d39fcb4db13e68186a - default default] Notify callbacks ['neutron.notifiers.nova.Notifier._send_nova_notification-247817', 'neutron.api.rpc.agentnotifiers.dhcp_rpc_agent_api.DhcpAgentNotifyAPI._send_dhcp_notification-4096191'] for port, before_response _notify_loop /usr/lib/python3.9/site-packages/neutron_lib/callbacks/manager.py:200
2026-06-14 07:45:05.568 16 INFO neutron.wsgi [req-9abc3e7c-7654-486c-b22e-964e5b092be5 5a07da677bd242a2b9666a8ea5df205e 40a1e1e24b7441d39fcb4db13e68186a - default default] 192.168.122.99,192.168.122.100 "POST /v2.0/ports HTTP/1.1" status: 201 len: 1151 time: 0.5206909
2026-06-14 07:45:05.573 16 DEBUG neutron.services.tag.tag_plugin [req-56a8cffc-b679-46aa-8ae2-2ced4a812dff 5a07da677bd242a2b9666a8ea5df205e 40a1e1e24b7441d39fcb4db13e68186a - default default] neutron.services.tag.tag_plugin.TagPlugin method update_tags called with arguments (, 'ports', '52b2eef2-1f8f-4395-9f59-ff48a959f4da', {'tags': ['tripleo_stack_name=overcloud', 'tripleo_vip_net=external']}) {} wrapper /usr/lib/python3.9/site-packages/oslo_log/helpers.py:65
2026-06-14 07:45:05.574 18 DEBUG neutron_lib.callbacks.manager [req-56d307c3-7f9f-4a2b-b5ec-e789da637f34 5a07da677bd242a2b9666a8ea5df205e 40a1e1e24b7441d39fcb4db13e68186a - default default] Notify callbacks ['neutron.plugins.ml2.plugin.SecurityGroupServerNotifierRpcMixin.notify_sg_on_port_change-554061', 'neutron.plugins.ml2.extensions.dns_integration._create_port_in_external_dns_service-8786096090817', 'neutron.plugins.ml2.ovo_rpc._ObjectChangeHandler.handle_event-347148', 'neutron.api.rpc.agentnotifiers.dhcp_rpc_agent_api.DhcpAgentNotifyAPI._native_event_send_dhcp_notification-4096141', 'neutron.services.segments.plugin.NovaSegmentNotifier._notify_port_created_or_deleted-4131249'] for port, after_create _notify_loop /usr/lib/python3.9/site-packages/neutron_lib/callbacks/manager.py:200
2026-06-14 07:45:05.600 17 DEBUG neutron_lib.callbacks.manager [req-d24278cd-baf7-4e40-88e6-fab9433277b5 5a07da677bd242a2b9666a8ea5df205e 40a1e1e24b7441d39fcb4db13e68186a - default default] Notify callbacks [] for allowed_address_pair, before_create _notify_loop /usr/lib/python3.9/site-packages/neutron_lib/callbacks/manager.py:200
