Jun 15 09:48:48 np0000073845 object-server[112285]: Object replication complete. (0.00 minutes)
Jun 15 09:48:55 np0000073845 account-server[111755]: 172.20.0.105 - - [15/Jun/2026:09:48:55 +0000] "HEAD /d1/489/.expiring_objects" 404 - "HEAD http://localhost/v1/.expiring_objects?format=json" "tx06e7f779500440a5b5eb3-006a2fca87" "proxy-server 2" 0.0005 "-" 21 -
Jun 15 09:48:55 np0000073845 object-expirer[112217]: Pass completed in 0s; 0 objects expired (txn: tx06e7f779500440a5b5eb3-006a2fca87)
Jun 15 09:48:58 np0000073845 container-server[112024]: 172.20.0.30 - - [15/Jun/2026:09:48:58 +0000] "HEAD /d1/201/AUTH_850119fb546f4435a4a75a31d6caaefe/glance" 204 - "HEAD http://swift-internal.openstack.svc:8080/v1/AUTH_850119fb546f4435a4a75a31d6caaefe/glance?format=json&states=listing" "tx3541096f7fdd46a6a65cf-006a2fca8a" "proxy-server 9" 0.0028 "-" 22 0
Jun 15 09:49:01 np0000073845 object-server[414983]: Begin object audit "forever" mode (ZBF)
Jun 15 09:49:01 np0000073845 object-server[414983]: Object audit (ZBF). Since Mon Jun 15 09:49:01 2026: Locally: 1 passed, 0 quarantined, 0 errors, files/sec: 604.37, bytes/sec: 0.00, Total time: 0.00, Auditing time: 0.00, Rate: 0.00
Jun 15 09:49:01 np0000073845 object-server[414983]: Object audit (ZBF) "forever" mode completed: 0.00s. Total quarantined: 0, Total errors: 0, Total files/sec: 420.10, Total bytes/sec: 0.00, Auditing time: 0.00, Rate: 0.24
Jun 15 09:49:04 np0000073845 account-server[111437]: Beginning replication run
Jun 15 09:49:04 np0000073845 account-server[111437]: Replication run OVER
Jun 15 09:49:04 np0000073845 account-server[111437]: Attempted to replicate 1 dbs in 0.01630 seconds (61.35933/s)
Jun 15 09:49:04 np0000073845 account-server[111437]: Removed 0 dbs
Jun 15 09:49:04 np0000073845 account-server[111437]: 2 successes, 0 failures
Jun 15 09:49:04 np0000073845 account-server[111437]: diff:0 diff_capped:0 empty:0 hashmatch:0 no_change:2 remote_merge:0 rsync:0 ts_repl:0
Jun 15 09:49:11 np0000073845 account-server[111768]: 172.20.0.104 - - [15/Jun/2026:09:49:11 +0000] "HEAD /d1/489/.expiring_objects" 404 - "HEAD http://localhost/v1/.expiring_objects?format=json" "tx63932060e2de4fa9b5d9c-006a2fca97" "proxy-server 2" 0.0005 "-" 23 -
Jun 15 09:49:15 np0000073845 container-server[111632]: Beginning replication run
Jun 15 09:49:15 np0000073845 container-server[111632]: Replication run OVER
Jun 15 09:49:15 np0000073845 container-server[111632]: Attempted to replicate 1 dbs in 0.01854 seconds (53.94574/s)
Jun 15 09:49:15 np0000073845 container-server[111632]: Removed 0 dbs
Jun 15 09:49:15 np0000073845 container-server[111632]: 2 successes, 0 failures
Jun 15 09:49:15 np0000073845 container-server[111632]: diff:0 diff_capped:0 empty:0 hashmatch:0 no_change:2 remote_merge:0 rsync:0 ts_repl:0
Jun 15 09:49:18 np0000073845 container-server[111785]: Container audit pass completed: 0.00s
Jun 15 09:49:18 np0000073845 container-server[111785]: Begin container audit pass.
Jun 15 09:49:18 np0000073845 container-server[111785]: Since Mon Jun 15 08:21:38 2026: Container audits: 3 passed audit, 0 failed audit
Jun 15 09:49:18 np0000073845 object-server[112285]: Starting object replication pass.
Jun 15 09:49:18 np0000073845 object-server[112285]: 2/2 (100.00%) partitions replicated in 0.02s (95.92/sec, 0s remaining)
Jun 15 09:49:18 np0000073845 object-server[112285]: 4 successes, 0 failures
Jun 15 09:49:18 np0000073845 object-server[112285]: 2 suffixes checked - 0.00% hashed, 0.00% synced
Jun 15 09:49:18 np0000073845 object-server[112285]: Partition times: max 0.0091s, min 0.0078s, med 0.0091s
Jun 15 09:49:18 np0000073845 object-server[112285]: Object replication complete. (0.00 minutes)
Jun 15 09:49:31 np0000073845 object-server[415527]: Begin object audit "forever" mode (ZBF)
Jun 15 09:49:31 np0000073845 object-server[415528]: Begin object audit "forever" mode (ALL)
Jun 15 09:49:31 np0000073845 object-server[415527]: Object audit (ZBF). Since Mon Jun 15 09:49:31 2026: Locally: 1 passed, 0 quarantined, 0 errors, files/sec: 377.63, bytes/sec: 0.00, Total time: 0.00, Auditing time: 0.00, Rate: 0.00
Jun 15 09:49:31 np0000073845 object-server[415527]: Object audit (ZBF) "forever" mode completed: 0.01s. Total quarantined: 0, Total errors: 0, Total files/sec: 358.43, Total bytes/sec: 0.00, Auditing time: 0.00, Rate: 0.20
Jun 15 09:49:33 np0000073845 object-server[415528]: Object audit (ALL). Since Mon Jun 15 09:49:31 2026: Locally: 1 passed, 0 quarantined, 0 errors, files/sec: 0.46, bytes/sec: 10003469.61, Total time: 2.17, Auditing time: 0.00, Rate: 0.00
Jun 15 09:49:33 np0000073845 object-server[415528]: Object audit (ALL) "forever" mode completed: 2.17s. Total quarantined: 0, Total errors: 0, Total files/sec: 0.92, Total bytes/sec: 9984467.37, Auditing time: 2.17, Rate: 1.00
Jun 15 09:49:34 np0000073845 account-server[111437]: Beginning replication run
Jun 15 09:49:34 np0000073845 account-server[111437]: Replication run OVER
Jun 15 09:49:34 np0000073845 account-server[111437]: Attempted to replicate 1 dbs in 0.01852 seconds (54.00895/s)
Jun 15 09:49:34 np0000073845 account-server[111437]: Removed 0 dbs
Jun 15 09:49:34 np0000073845 account-server[111437]: 2 successes, 0 failures
Jun 15 09:49:34 np0000073845 account-server[111437]: diff:0 diff_capped:0 empty:0 hashmatch:0 no_change:2 remote_merge:0 rsync:0 ts_repl:0
Jun 15 09:49:45 np0000073845 container-server[111632]: Beginning replication run
Jun 15 09:49:45 np0000073845 container-server[111632]: Replication run OVER
Jun 15 09:49:45 np0000073845 container-server[111632]: Attempted to replicate 1 dbs in 0.02004 seconds (49.90521/s)
Jun 15 09:49:45 np0000073845 container-server[111632]: Removed 0 dbs
Jun 15 09:49:45 np0000073845 container-server[111632]: 2 successes, 0 failures
Jun 15 09:49:45 np0000073845 container-server[111632]: diff:0 diff_capped:0 empty:0 hashmatch:0 no_change:2 remote_merge:0 rsync:0 ts_repl:0
Jun 15 09:49:48 np0000073845 object-server[112285]: Starting object replication pass.
Jun 15 09:49:48 np0000073845 object-server[112285]: 2/2 (100.00%) partitions replicated in 0.03s (67.93/sec, 0s remaining)
Jun 15 09:49:48 np0000073845 object-server[112285]: 4 successes, 0 failures
Jun 15 09:49:48 np0000073845 object-server[112285]: 2 suffixes checked - 0.00% hashed, 0.00% synced
Jun 15 09:49:48 np0000073845 object-server[112285]: Partition times: max 0.0150s, min 0.0104s, med 0.0150s
Jun 15 09:49:48 np0000073845 object-server[112285]: Object replication complete. (0.00 minutes)
Jun 15 09:50:01 np0000073845 object-server[415529]: Begin object audit "forever" mode (ZBF)
Jun 15 09:50:01 np0000073845 object-server[415529]: Object audit (ZBF). Since Mon Jun 15 09:50:01 2026: Locally: 1 passed, 0 quarantined, 0 errors, files/sec: 78.79, bytes/sec: 0.00, Total time: 0.01, Auditing time: 0.00, Rate: 0.00
Jun 15 09:50:01 np0000073845 object-server[415529]: Object audit (ZBF) "forever" mode completed: 0.02s. Total quarantined: 0, Total errors: 0, Total files/sec: 126.11, Total bytes/sec: 0.00, Auditing time: 0.01, Rate: 0.77
Jun 15 09:50:04 np0000073845 account-server[111437]: Beginning replication run
Jun 15 09:50:04 np0000073845 account-server[111437]: Replication run OVER
Jun 15 09:50:04 np0000073845 account-server[111437]: Attempted to replicate 1 dbs in 0.02072 seconds (48.25342/s)
Jun 15 09:50:04 np0000073845 account-server[111437]: Removed 0 dbs
Jun 15 09:50:04 np0000073845 account-server[111437]: 2 successes, 0 failures
Jun 15 09:50:04 np0000073845 account-server[111437]: diff:0 diff_capped:0 empty:0 hashmatch:0 no_change:2 remote_merge:0 rsync:0 ts_repl:0
Jun 15 09:50:07 np0000073845 account-server[111755]: 172.20.0.104 - - [15/Jun/2026:09:50:07 +0000] "HEAD /d1/489/.expiring_objects" 404 - "HEAD http://localhost/v1/.expiring_objects?format=json" "tx1c91b72a186747f88660e-006a2fcacf" "proxy-server 2" 0.0006 "-" 21 -
Jun 15 09:50:15 np0000073845 container-server[111632]: Beginning replication run
Jun 15 09:50:15 np0000073845 container-server[111632]: Replication run OVER
Jun 15 09:50:15 np0000073845 container-server[111632]: Attempted to replicate 1 dbs in 0.02523 seconds (39.64167/s)
Jun 15 09:50:15 np0000073845 container-server[111632]: Removed 0 dbs
Jun 15 09:50:15 np0000073845 container-server[111632]: 2 successes, 0 failures
Jun 15 09:50:15 np0000073845 container-server[111632]: diff:0 diff_capped:0 empty:0 hashmatch:0 no_change:2 remote_merge:0 rsync:0 ts_repl:0
Jun 15 09:50:17 np0000073845 container-server[111879]: Begin container update sweep
Jun 15 09:50:17 np0000073845 container-server[111879]: Container update sweep completed: 0.07s
Jun 15 09:50:18 np0000073845 object-server[112285]: Starting object replication pass.
Jun 15 09:50:18 np0000073845 object-server[112285]: 2/2 (100.00%) partitions replicated in 0.02s (82.46/sec, 0s remaining)
Jun 15 09:50:18 np0000073845 object-server[112285]: 4 successes, 0 failures
Jun 15 09:50:18 np0000073845 object-server[112285]: 2 suffixes checked - 0.00% hashed, 0.00% synced
Jun 15 09:50:18 np0000073845 object-server[112285]: Partition times: max 0.0114s, min 0.0087s, med 0.0114s
Jun 15 09:50:18 np0000073845 object-server[112285]: Object replication complete. (0.00 minutes)
Jun 15 09:50:25 np0000073845 account-server[111754]: 172.20.0.30 - - [15/Jun/2026:09:50:25 +0000] "HEAD /d1/617/AUTH_e4a7d60c10e047e597a8ee3a05ebe0a1" 404 - "HEAD http://swift-internal.openstack.svc:8080/v1/AUTH_e4a7d60c10e047e597a8ee3a05ebe0a1?format=json" "txcce718bd484f43ebb8e84-006a2fcae1" "proxy-server 12" 0.0008 "-" 20 -
Jun 15 09:50:25 np0000073845 account-server[111768]: 172.20.0.30 - - [15/Jun/2026:09:50:25 +0000] "HEAD /d1/617/AUTH_e4a7d60c10e047e597a8ee3a05ebe0a1" 404 - "HEAD http://swift-internal.openstack.svc:8080/v1/AUTH_e4a7d60c10e047e597a8ee3a05ebe0a1?format=json" "txcce718bd484f43ebb8e84-006a2fcae1" "proxy-server 12" 0.0005 "-" 23 -
Jun 15 09:50:25 np0000073845 account-server[111748]: 172.20.0.30 - - [15/Jun/2026:09:50:25 +0000] "HEAD /d1/738/AUTH_850119fb546f4435a4a75a31d6caaefe" 204 - "HEAD http://swift-internal.openstack.svc:8080/v1/AUTH_850119fb546f4435a4a75a31d6caaefe?format=json" "txf61f541ebd5a4e7a8ab29-006a2fcae1" "proxy-server 10" 0.0024 "-" 19 -
Jun 15 09:50:25 np0000073845 account-server[111748]: 172.20.0.30 - - [15/Jun/2026:09:50:25 +0000] "GET /d1/617/AUTH_e4a7d60c10e047e597a8ee3a05ebe0a1" 404 - "GET http://swift-internal.openstack.svc:8080/v1/AUTH_e4a7d60c10e047e597a8ee3a05ebe0a1?format=json" "txb865e8020dd24d34a3f3d-006a2fcae1" "proxy-server 10" 0.0004 "-" 19 -
Jun 15 09:50:31 np0000073845 object-server[416068]: Begin object audit "forever" mode (ZBF)
Jun 15 09:50:31 np0000073845 object-server[416069]: Begin object audit "forever" mode (ALL)
Jun 15 09:50:31 np0000073845 object-server[416068]: Object audit (ZBF). Since Mon Jun 15 09:50:31 2026: Locally: 1 passed, 0 quarantined, 0 errors, files/sec: 597.65, bytes/sec: 0.00, Total time: 0.00, Auditing time: 0.00, Rate: 0.00
Jun 15 09:50:31 np0000073845 object-server[416068]: Object audit (ZBF) "forever" mode completed: 0.01s. Total quarantined: 0, Total errors: 0, Total files/sec: 347.74, Total bytes/sec: 0.00, Auditing time: 0.00, Rate: 0.17
Jun 15 09:50:33 np0000073845 object-server[416069]: Object audit (ALL). Since Mon Jun 15 09:50:31 2026: Locally: 1 passed, 0 quarantined, 0 errors, files/sec: 0.46, bytes/sec: 10035445.15, Total time: 2.16, Auditing time: 0.00, Rate: 0.00
Jun 15 09:50:33 np0000073845 object-server[416069]: Object audit (ALL) "forever" mode completed: 2.16s. Total quarantined: 0, Total errors: 0, Total files/sec: 0.92, Total bytes/sec: 10020814.58, Auditing time: 2.16, Rate: 1.00
Jun 15 09:50:34 np0000073845 account-server[111437]: Beginning replication run
Jun 15 09:50:34 np0000073845 account-server[111437]: Replication run OVER
Jun 15 09:50:34 np0000073845 account-server[111437]: Attempted to replicate 1 dbs in 0.01691 seconds (59.13432/s)
Jun 15 09:50:34 np0000073845 account-server[111437]: Removed 0 dbs
Jun 15 09:50:34 np0000073845 account-server[111437]: 2 successes, 0 failures
Jun 15 09:50:34 np0000073845 account-server[111437]: diff:0 diff_capped:0 empty:0 hashmatch:0 no_change:2 remote_merge:0 rsync:0 ts_repl:0
Jun 15 09:50:45 np0000073845 container-server[111632]: Beginning replication run
Jun 15 09:50:45 np0000073845 container-server[111632]: Replication run OVER
Jun 15 09:50:45 np0000073845 container-server[111632]: Attempted to replicate 1 dbs in 0.02002 seconds (49.95513/s)
Jun 15 09:50:45 np0000073845 container-server[111632]: Removed 0 dbs
Jun 15 09:50:45 np0000073845 container-server[111632]: 2 successes, 0 failures
Jun 15 09:50:45 np0000073845 container-server[111632]: diff:0 diff_capped:0 empty:0 hashmatch:0 no_change:2 remote_merge:0 rsync:0 ts_repl:0
Jun 15 09:50:48 np0000073845 object-server[112285]: Starting object replication pass.
Jun 15 09:50:48 np0000073845 object-server[112285]: 2/2 (100.00%) partitions replicated in 0.02s (82.73/sec, 0s remaining)
Jun 15 09:50:48 np0000073845 object-server[112285]: 4 successes, 0 failures
Jun 15 09:50:48 np0000073845 object-server[112285]: 2 suffixes checked - 0.00% hashed, 0.00% synced
Jun 15 09:50:48 np0000073845 object-server[112285]: Partition times: max 0.0111s, min 0.0103s, med 0.0111s
Jun 15 09:50:48 np0000073845 object-server[112285]: Object replication complete. (0.00 minutes)
Jun 15 09:51:01 np0000073845 object-server[416070]: Begin object audit "forever" mode (ZBF)
Jun 15 09:51:01 np0000073845 object-server[416070]: Object audit (ZBF). Since Mon Jun 15 09:51:01 2026: Locally: 1 passed, 0 quarantined, 0 errors, files/sec: 644.19, bytes/sec: 0.00, Total time: 0.00, Auditing time: 0.00, Rate: 0.00
Jun 15 09:51:01 np0000073845 object-server[416070]: Object audit (ZBF) "forever" mode completed: 0.00s. Total quarantined: 0, Total errors: 0, Total files/sec: 422.30, Total bytes/sec: 0.00, Auditing time: 0.00, Rate: 0.23
Jun 15 09:51:04 np0000073845 account-server[111437]: Beginning replication run
Jun 15 09:51:04 np0000073845 account-server[111437]: Replication run OVER
Jun 15 09:51:04 np0000073845 account-server[111437]: Attempted to replicate 1 dbs in 0.02089 seconds (47.85865/s)
Jun 15 09:51:04 np0000073845 account-server[111437]: Removed 0 dbs
Jun 15 09:51:04 np0000073845 account-server[111437]: 2 successes, 0 failures
Jun 15 09:51:04 np0000073845 account-server[111437]: diff:0 diff_capped:0 empty:0 hashmatch:0 no_change:2 remote_merge:0 rsync:0 ts_repl:0
Jun 15 09:51:04 np0000073845 container-server[112009]: 172.20.0.30 - - [15/Jun/2026:09:51:04 +0000] "PUT /d1/602/AUTH_850119fb546f4435a4a75a31d6caaefe/dispersion_0_3" 201 - "PUT http://swift-public-openstack.apps-crc.testing/v1/AUTH_850119fb546f4435a4a75a31d6caaefe/dispersion_0_3?format=json" "tx42853e00728c49fc9a1f1-006a2fcb08" "proxy-server 9" 0.0201 "-" 20 0
Jun 15 09:51:04 np0000073845 container-server[112019]: 172.20.0.30 - - [15/Jun/2026:09:51:04 +0000] "PUT /d1/601/AUTH_850119fb546f4435a4a75a31d6caaefe/dispersion_0_1" 201 - "PUT http://swift-public-openstack.apps-crc.testing/v1/AUTH_850119fb546f4435a4a75a31d6caaefe/dispersion_0_1?format=json" "tx81b024c81e4546db9eecf-006a2fcb08" "proxy-server 15" 0.0170 "-" 21 0
Jun 15 09:51:04 np0000073845 account-server[111755]: 172.20.0.104 - - [15/Jun/2026:09:51:04 +0000] "PUT /d1/738/AUTH_850119fb546f4435a4a75a31d6caaefe/dispersion_0_1" 201 - "PUT http://172.20.0.104:6001/d1/601/AUTH_850119fb546f4435a4a75a31d6caaefe/dispersion_0_1" "tx81b024c81e4546db9eecf-006a2fcb08" "container-server 14" 0.0021 "-" 21 0
Jun 15 09:51:04 np0000073845 account-server[111748]: 172.20.0.105 - - [15/Jun/2026:09:51:04 +0000] "PUT /d1/738/AUTH_850119fb546f4435a4a75a31d6caaefe/dispersion_0_4" 201 - "PUT http://172.20.0.105:6001/d1/518/AUTH_850119fb546f4435a4a75a31d6caaefe/dispersion_0_4" "tx6e47607a91cf403380b29-006a2fcb08" "container-server 22" 0.0072 "-" 19 0
Jun 15 09:51:04 np0000073845 container-server[112024]: 172.20.0.30 - - [15/Jun/2026:09:51:04 +0000] "PUT /d1/353/AUTH_850119fb546f4435a4a75a31d6caaefe/dispersion_0_16" 201 - "PUT http://swift-public-openstack.apps-crc.testing/v1/AUTH_850119fb546f4435a4a75a31d6caaefe/dispersion_0_16?format=json" "tx1be0bda638ee4db3b8883-006a2fcb08" "proxy-server 15" 0.0299 "-" 22 0
Jun 15 09:51:04 np0000073845 container-server[112024]: 172.20.0.30 - - [15/Jun/2026:09:51:04 +0000] "PUT /d1/518/AUTH_850119fb546f4435a4a75a31d6caaefe/dispersion_0_4" 201 - "PUT http://swift-public-openstack.apps-crc.testing/v1/AUTH_850119fb546f4435a4a75a31d6caaefe/dispersion_0_4?format=json" "tx6e47607a91cf403380b29-006a2fcb08" "proxy-server 8" 0.0198 "-" 22 0
Jun 15 09:51:04 np0000073845 account-server[111754]: 172.20.0.104 - - [15/Jun/2026:09:51:04 +0000] "PUT /d1/738/AUTH_850119fb546f4435a4a75a31d6caaefe/dispersion_0_3" 201 - "PUT http://172.20.0.104:6001/d1/602/AUTH_850119fb546f4435a4a75a31d6caaefe/dispersion_0_3" "tx42853e00728c49fc9a1f1-006a2fcb08" "container-server 16" 0.0160 "-" 20 0
Jun 15 09:51:04 np0000073845 account-server[111768]: 172.20.0.103 - - [15/Jun/2026:09:51:04 +0000] "PUT /d1/738/AUTH_850119fb546f4435a4a75a31d6caaefe/dispersion_0_6" 201 - "PUT http://172.20.0.103:6001/d1/627/AUTH_850119fb546f4435a4a75a31d6caaefe/dispersion_0_6" "tx0ce747e6c7294a448d047-006a2fcb08" "container-server 21" 0.0057 "-" 23 0
Jun 15 09:51:04 np0000073845 account-server[111755]: 172.20.0.103 - - [15/Jun/2026:09:51:04 +0000] "PUT /d1/738/AUTH_850119fb546f4435a4a75a31d6caaefe/dispersion_0_16" 201 - "PUT http://172.20.0.103:6001/d1/353/AUTH_850119fb546f4435a4a75a31d6caaefe/dispersion_0_16" "tx1be0bda638ee4db3b8883-006a2fcb08" "container-server 22" 0.0148 "-" 21 0
Jun 15 09:51:04 np0000073845 container-server[112019]: 172.20.0.30 - - [15/Jun/2026:09:51:04 +0000] "PUT /d1/627/AUTH_850119fb546f4435a4a75a31d6caaefe/dispersion_0_6" 201 - "PUT http://swift-public-openstack.apps-crc.testing/v1/AUTH_850119fb546f4435a4a75a31d6caaefe/dispersion_0_6?format=json" "tx0ce747e6c7294a448d047-006a2fcb08" "proxy-server 12" 0.0263 "-" 21 0
Jun 15 09:51:04 np0000073845 account-server[111755]: 172.20.0.103 - - [15/Jun/2026:09:51:04 +0000] "PUT /d1/738/AUTH_850119fb546f4435a4a75a31d6caaefe/dispersion_0_5" 201 - "PUT http://172.20.0.103:6001/d1/396/AUTH_850119fb546f4435a4a75a31d6caaefe/dispersion_0_5" "tx3005e417874a4102be5e0-006a2fcb08" "container-server 22" 0.0037 "-" 21 0
Jun 15 09:51:04 np0000073845 container-server[112024]: 172.20.0.30 - - [15/Jun/2026:09:51:04 +0000] "PUT /d1/396/AUTH_850119fb546f4435a4a75a31d6caaefe/dispersion_0_5" 201 - "PUT http://swift-public-openstack.apps-crc.testing/v1/AUTH_850119fb546f4435a4a75a31d6caaefe/dispersion_0_5?format=json" "tx3005e417874a4102be5e0-006a2fcb08" "proxy-server 14" 0.0212 "-" 22 0
Jun 15 09:51:04 np0000073845 container-server[112009]: 172.20.0.30 - - [15/Jun/2026:09:51:04 +0000] "PUT /d1/976/AUTH_850119fb546f4435a4a75a31d6caaefe/dispersion_0_8" 201 - "PUT http://swift-public-openstack.apps-crc.testing/v1/AUTH_850119fb546f4435a4a75a31d6caaefe/dispersion_0_8?format=json" "tx2868178293bd44ebbae4b-006a2fcb08" "proxy-server 12" 0.0186 "-" 20 0
Jun 15 09:51:04 np0000073845 account-server[111768]: 172.20.0.104 - - [15/Jun/2026:09:51:04 +0000] "PUT /d1/738/AUTH_850119fb546f4435a4a75a31d6caaefe/dispersion_0_8" 201 - "PUT http://172.20.0.104:6001/d1/976/AUTH_850119fb546f4435a4a75a31d6caaefe/dispersion_0_8" "tx2868178293bd44ebbae4b-006a2fcb08" "container-server 17" 0.0054 "-" 23 0
Jun 15 09:51:05 np0000073845 account-server[111754]: 172.20.0.103 - - [15/Jun/2026:09:51:05 +0000] "PUT /d1/738/AUTH_850119fb546f4435a4a75a31d6caaefe/dispersion_0_9" 201 - "PUT http://172.20.0.103:6001/d1/407/AUTH_850119fb546f4435a4a75a31d6caaefe/dispersion_0_9" "txe320114b18b84d3e8876f-006a2fcb08" "container-server 22" 0.0050 "-" 20 0
Jun 15 09:51:05 np0000073845 account-server[111748]: 172.20.0.103 - - [15/Jun/2026:09:51:05 +0000] "PUT /d1/738/AUTH_850119fb546f4435a4a75a31d6caaefe/dispersion_0_23" 201 - "PUT http://172.20.0.103:6001/d1/959/AUTH_850119fb546f4435a4a75a31d6caaefe/dispersion_0_23" "tx1d5d4fc9dc934a03bf59d-006a2fcb09" "container-server 21" 0.0074 "-" 19 0
Jun 15 09:51:05 np0000073845 container-server[112027]: 172.20.0.30 - - [15/Jun/2026:09:51:05 +0000] "PUT /d1/407/AUTH_850119fb546f4435a4a75a31d6caaefe/dispersion_0_9" 201 - "PUT http://swift-public-openstack.apps-crc.testing/v1/AUTH_850119fb546f4435a4a75a31d6caaefe/dispersion_0_9?format=json" "txe320114b18b84d3e8876f-006a2fcb08" "proxy-server 5" 0.0368 "-" 23 0
Jun 15 09:51:05 np0000073845 account-server[111754]: 172.20.0.105 - - [15/Jun/2026:09:51:05 +0000] "PUT /d1/738/AUTH_850119fb546f4435a4a75a31d6caaefe/dispersion_0_10" 201 - "PUT http://172.20.0.105:6001/d1/259/AUTH_850119fb546f4435a4a75a31d6caaefe/dispersion_0_10" "tx9370a29db054410194662-006a2fcb08" "container-server 22" 0.0070 "-" 20 0
Jun 15 09:51:05 np0000073845 container-server[112024]: 172.20.0.30 - - [15/Jun/2026:09:51:05 +0000] "PUT /d1/259/AUTH_850119fb546f4435a4a75a31d6caaefe/dispersion_0_10" 201 - "PUT http://swift-public-openstack.apps-crc.testing/v1/AUTH_850119fb546f4435a4a75a31d6caaefe/dispersion_0_10?format=json" "tx9370a29db054410194662-006a2fcb08" "proxy-server 9" 0.0206 "-" 22 0
Jun 15 09:51:05 np0000073845 account-server[111755]: 172.20.0.104 - - [15/Jun/2026:09:51:05 +0000] "PUT /d1/738/AUTH_850119fb546f4435a4a75a31d6caaefe/dispersion_0_12" 201 - "PUT http://172.20.0.104:6001/d1/566/AUTH_850119fb546f4435a4a75a31d6caaefe/dispersion_0_12" "txea4a4b6cbf074b8a83d54-006a2fcb08" "container-server 16" 0.0045 "-" 21 0
Jun 15 09:51:05 np0000073845 account-server[111754]: 172.20.0.104 - - [15/Jun/2026:09:51:05 +0000] "PUT /d1/738/AUTH_850119fb546f4435a4a75a31d6caaefe/dispersion_0_11" 201 - "PUT http://172.20.0.104:6001/d1/217/AUTH_850119fb546f4435a4a75a31d6caaefe/dispersion_0_11" "tx7181631181194af9864cf-006a2fcb08" "container-server 14" 0.0041 "-" 20 0
Jun 15 09:51:05 np0000073845 container-server[112009]: 172.20.0.30 - - [15/Jun/2026:09:51:05 +0000] "PUT /d1/216/AUTH_850119fb546f4435a4a75a31d6caaefe/dispersion_0_25" 201 - "PUT http://swift-public-openstack.apps-crc.testing/v1/AUTH_850119fb546f4435a4a75a31d6caaefe/dispersion_0_25?format=json" "tx5e890b29ee3e46e2981b7-006a2fcb09" "proxy-server 14" 0.0252 "-" 20 0
Jun 15 09:51:05 np0000073845 container-server[112019]: 172.20.0.30 - - [15/Jun/2026:09:51:05 +0000] "PUT /d1/566/AUTH_850119fb546f4435a4a75a31d6caaefe/dispersion_0_12" 201 - "PUT http://swift-public-openstack.apps-crc.testing/v1/AUTH_850119fb546f4435a4a75a31d6caaefe/dispersion_0_12?format=json" "txea4a4b6cbf074b8a83d54-006a2fcb08" "proxy-server 5" 0.0339 "-" 21 0
Jun 15 09:51:05 np0000073845 account-server[111768]: 172.20.0.104 - - [15/Jun/2026:09:51:05 +0000] "PUT /d1/738/AUTH_850119fb546f4435a4a75a31d6caaefe/dispersion_0_25" 201 - "PUT http://172.20.0.104:6001/d1/216/AUTH_850119fb546f4435a4a75a31d6caaefe/dispersion_0_25" "tx5e890b29ee3e46e2981b7-006a2fcb09" "container-server 14" 0.0165 "-" 23 0
Jun 15 09:51:05 np0000073845 account-server[111748]: 172.20.0.105 - - [15/Jun/2026:09:51:05 +0000] "PUT /d1/738/AUTH_850119fb546f4435a4a75a31d6caaefe/dispersion_0_14" 201 - "PUT http://172.20.0.105:6001/d1/52/AUTH_850119fb546f4435a4a75a31d6caaefe/dispersion_0_14" "tx21db91b3d560418c9e89e-006a2fcb08" "container-server 23" 0.0158 "-" 19 0
Jun 15 09:51:05 np0000073845 container-server[112027]: 172.20.0.30 - - [15/Jun/2026:09:51:05 +0000] "PUT /d1/52/AUTH_850119fb546f4435a4a75a31d6caaefe/dispersion_0_14" 201 - "PUT http://swift-public-openstack.apps-crc.testing/v1/AUTH_850119fb546f4435a4a75a31d6caaefe/dispersion_0_14?format=json" "tx21db91b3d560418c9e89e-006a2fcb08" "proxy-server 9" 0.0292 "-" 23 0
Jun 15 09:51:05 np0000073845 container-server[112027]: 172.20.0.30 - - [15/Jun/2026:09:51:05 +0000] "PUT /d1/959/AUTH_850119fb546f4435a4a75a31d6caaefe/dispersion_0_23" 201 - "PUT http://swift-public-openstack.apps-crc.testing/v1/AUTH_850119fb546f4435a4a75a31d6caaefe/dispersion_0_23?format=json" "tx1d5d4fc9dc934a03bf59d-006a2fcb09" "proxy-server 15" 0.0718 "-" 23 0
Jun 15 09:51:05 np0000073845 account-server[111755]: 172.20.0.103 - - [15/Jun/2026:09:51:05 +0000] "PUT /d1/738/AUTH_850119fb546f4435a4a75a31d6caaefe/dispersion_0_13" 201 - "PUT http://172.20.0.103:6001/d1/286/AUTH_850119fb546f4435a4a75a31d6caaefe/dispersion_0_13" "txc6de1a1c9b8844c189722-006a2fcb08" "container-server 21" 0.0012 "-" 21 0
Jun 15 09:51:05 np0000073845 account-server[111748]: 172.20.0.105 - - [15/Jun/2026:09:51:05 +0000] "PUT /d1/738/AUTH_850119fb546f4435a4a75a31d6caaefe/dispersion_0_28" 201 - "PUT http://172.20.0.105:6001/d1/323/AUTH_850119fb546f4435a4a75a31d6caaefe/dispersion_0_28" "tx1e393f70b9124a53b9f91-006a2fcb09" "container-server 22" 0.0160 "-" 19 0
Jun 15 09:51:05 np0000073845 container-server[112024]: 172.20.0.30 - - [15/Jun/2026:09:51:05 +0000] "PUT /d1/323/AUTH_850119fb546f4435a4a75a31d6caaefe/dispersion_0_28" 201 - "PUT http://swift-public-openstack.apps-crc.testing/v1/AUTH_850119fb546f4435a4a75a31d6caaefe/dispersion_0_28?format=json" "tx1e393f70b9124a53b9f91-006a2fcb09" "proxy-server 10" 0.0298 "-" 22 0
Jun 15 09:51:05 np0000073845 account-server[111755]: 172.20.0.103 - - [15/Jun/2026:09:51:05 +0000] "PUT /d1/738/AUTH_850119fb546f4435a4a75a31d6caaefe/dispersion_0_29" 201 - "PUT http://172.20.0.103:6001/d1/220/AUTH_850119fb546f4435a4a75a31d6caaefe/dispersion_0_29" "txf2c02a9571654c2685899-006a2fcb09" "container-server 23" 0.0052 "-" 21 0
Jun 15 09:51:05 np0000073845 account-server[111754]: 172.20.0.104 - - [15/Jun/2026:09:51:05 +0000] "PUT /d1/738/AUTH_850119fb546f4435a4a75a31d6caaefe/dispersion_0_15" 201 - "PUT http://172.20.0.104:6001/d1/496/AUTH_850119fb546f4435a4a75a31d6caaefe/dispersion_0_15" "tx7336ab7daa1b483da1d13-006a2fcb08" "container-server 15" 0.0053 "-" 20 0
Jun 15 09:51:05 np0000073845 account-server[111755]: 172.20.0.105 - - [15/Jun/2026:09:51:05 +0000] "PUT /d1/738/AUTH_850119fb546f4435a4a75a31d6caaefe/dispersion_0_30" 201 - "PUT http://172.20.0.105:6001/d1/870/AUTH_850119fb546f4435a4a75a31d6caaefe/dispersion_0_30" "tx4e91cd4a515743438ee95-006a2fcb09" "container-server 20" 0.0040 "-" 21 0
Jun 15 09:51:05 np0000073845 container-server[112009]: 172.20.0.30 - - [15/Jun/2026:09:51:05 +0000] "PUT /d1/870/AUTH_850119fb546f4435a4a75a31d6caaefe/dispersion_0_30" 201 - "PUT http://swift-public-openstack.apps-crc.testing/v1/AUTH_850119fb546f4435a4a75a31d6caaefe/dispersion_0_30?format=json" "tx4e91cd4a515743438ee95-006a2fcb09" "proxy-server 15" 0.0207 "-" 20 0
Jun 15 09:51:05 np0000073845 container-server[112019]: 172.20.0.30 - - [15/Jun/2026:09:51:05 +0000] "PUT /d1/286/AUTH_850119fb546f4435a4a75a31d6caaefe/dispersion_0_13" 201 - "PUT http://swift-public-openstack.apps-crc.testing/v1/AUTH_850119fb546f4435a4a75a31d6caaefe/dispersion_0_13?format=json" "txc6de1a1c9b8844c189722-006a2fcb08" "proxy-server 10" 0.0559 "-" 21 0
Jun 15 09:51:05 np0000073845 account-server[111748]: 172.20.0.104 - - [15/Jun/2026:09:51:05 +0000] "PUT /d1/738/AUTH_850119fb546f4435a4a75a31d6caaefe/dispersion_0_31" 201 - "PUT http://172.20.0.104:6001/d1/764/AUTH_850119fb546f4435a4a75a31d6caaefe/dispersion_0_31" "txcab19ec48cc945c68df7b-006a2fcb09" "container-server 17" 0.0046 "-" 19 0
Jun 15 09:51:05 np0000073845 account-server[111754]: 172.20.0.104 - - [15/Jun/2026:09:51:05 +0000] "PUT /d1/738/AUTH_850119fb546f4435a4a75a31d6caaefe/dispersion_0_18" 201 - "PUT http://172.20.0.104:6001/d1/458/AUTH_850119fb546f4435a4a75a31d6caaefe/dispersion_0_18" "tx3fe7542ac4c24634be2f1-006a2fcb08" "container-server 15" 0.0066 "-" 20 0
Jun 15 09:51:05 np0000073845 container-server[112027]: 172.20.0.30 - - [15/Jun/2026:09:51:05 +0000] "PUT /d1/217/AUTH_850119fb546f4435a4a75a31d6caaefe/dispersion_0_11" 201 - "PUT http://swift-public-openstack.apps-crc.testing/v1/AUTH_850119fb546f4435a4a75a31d6caaefe/dispersion_0_11?format=json" "tx7181631181194af9864cf-006a2fcb08" "proxy-server 10" 0.1221 "-" 23 0
Jun 15 09:51:05 np0000073845 account-server[111755]: 172.20.0.103 - - [15/Jun/2026:09:51:05 +0000] "PUT /d1/738/AUTH_850119fb546f4435a4a75a31d6caaefe/dispersion_0_17" 201 - "PUT http://172.20.0.103:6001/d1/970/AUTH_850119fb546f4435a4a75a31d6caaefe/dispersion_0_17" "tx4cc6f485a7964137bfc53-006a2fcb08" "container-server 23" 0.0051 "-" 21 0
Jun 15 09:51:05 np0000073845 account-server[111755]: 172.20.0.103 - - [15/Jun/2026:09:51:05 +0000] "PUT /d1/738/AUTH_850119fb546f4435a4a75a31d6caaefe/dispersion_0_19" 201 - "PUT http://172.20.0.103:6001/d1/24/AUTH_850119fb546f4435a4a75a31d6caaefe/dispersion_0_19" "tx814c45fd221a4b959b4d1-006a2fcb08" "container-server 22" 0.0060 "-" 21 0
Jun 15 09:51:05 np0000073845 account-server[111748]: 172.20.0.103 - - [15/Jun/2026:09:51:05 +0000] "PUT /d1/738/AUTH_850119fb546f4435a4a75a31d6caaefe/dispersion_0_33" 201 - "PUT http://172.20.0.103:6001/d1/991/AUTH_850119fb546f4435a4a75a31d6caaefe/dispersion_0_33" "txadfd86e0422541b1a0e3d-006a2fcb09" "container-server 20" 0.0010 "-" 19 0
Jun 15 09:51:05 np0000073845 container-server[112019]: 172.20.0.30 - - [15/Jun/2026:09:51:05 +0000] "PUT /d1/220/AUTH_850119fb546f4435a4a75a31d6caaefe/dispersion_0_29" 201 - "PUT http://swift-public-openstack.apps-crc.testing/v1/AUTH_850119fb546f4435a4a75a31d6caaefe/dispersion_0_29?format=json" "txf2c02a9571654c2685899-006a2fcb09" "proxy-server 5" 0.0599 "-" 21 0
Jun 15 09:51:05 np0000073845 container-server[112019]: 172.20.0.30 - - [15/Jun/2026:09:51:05 +0000] "PUT /d1/496/AUTH_850119fb546f4435a4a75a31d6caaefe/dispersion_0_15" 201 - "PUT http://swift-public-openstack.apps-crc.testing/v1/AUTH_850119fb546f4435a4a75a31d6caaefe/dispersion_0_15?format=json" "tx7336ab7daa1b483da1d13-006a2fcb08" "proxy-server 12" 0.0726 "-" 21 0
Jun 15 09:51:05 np0000073845 account-server[111748]: 172.20.0.104 - - [15/Jun/2026:09:51:05 +0000] "PUT /d1/738/AUTH_850119fb546f4435a4a75a31d6caaefe/dispersion_0_32" 201 - "PUT http://172.20.0.104:6001/d1/230/AUTH_850119fb546f4435a4a75a31d6caaefe/dispersion_0_32" "txd6c80befb35441bb8e56d-006a2fcb09" "container-server 14" 0.0053 "-" 19 0
Jun 15 09:51:05 np0000073845 container-server[112019]: 172.20.0.30 - - [15/Jun/2026:09:51:05 +0000] "PUT /d1/970/AUTH_850119fb546f4435a4a75a31d6caaefe/dispersion_0_17" 201 - "PUT http://swift-public-openstack.apps-crc.testing/v1/AUTH_850119fb546f4435a4a75a31d6caaefe/dispersion_0_17?format=json" "tx4cc6f485a7964137bfc53-006a2fcb08" "proxy-server 14" 0.0636 "-" 21 0
Jun 15 09:51:05 np0000073845 account-server[111748]: 172.20.0.105 - - [15/Jun/2026:09:51:05 +0000] "PUT /d1/738/AUTH_850119fb546f4435a4a75a31d6caaefe/dispersion_0_34" 201 - "PUT http://172.20.0.105:6001/d1/759/AUTH_850119fb546f4435a4a75a31d6caaefe/dispersion_0_34" "txc32d48c5280d43df89c3c-006a2fcb09" "container-server 23" 0.0041 "-" 19 0
Jun 15 09:51:05 np0000073845 container-server[112027]: 172.20.0.30 - - [15/Jun/2026:09:51:05 +0000] "PUT /d1/764/AUTH_850119fb546f4435a4a75a31d6caaefe/dispersion_0_31" 201 - "PUT http://swift-public-openstack.apps-crc.testing/v1/AUTH_850119fb546f4435a4a75a31d6caaefe/dispersion_0_31?format=json" "txcab19ec48cc945c68df7b-006a2fcb09" "proxy-server 14" 0.0700 "-" 23 0
Jun 15 09:51:05 np0000073845 container-server[112027]: 172.20.0.30 - - [15/Jun/2026:09:51:05 +0000] "PUT /d1/759/AUTH_850119fb546f4435a4a75a31d6caaefe/dispersion_0_34" 201 - "PUT http://swift-public-openstack.apps-crc.testing/v1/AUTH_850119fb546f4435a4a75a31d6caaefe/dispersion_0_34?format=json" "txc32d48c5280d43df89c3c-006a2fcb09" "proxy-server 12" 0.0158 "-" 23 0
Jun 15 09:51:05 np0000073845 container-server[112019]: 172.20.0.30 - - [15/Jun/2026:09:51:05 +0000] "PUT /d1/24/AUTH_850119fb546f4435a4a75a31d6caaefe/dispersion_0_19" 201 - "PUT http://swift-public-openstack.apps-crc.testing/v1/AUTH_850119fb546f4435a4a75a31d6caaefe/dispersion_0_19?format=json" "tx814c45fd221a4b959b4d1-006a2fcb08" "proxy-server 11" 0.0475 "-" 21 0
Jun 15 09:51:05 np0000073845 container-server[112009]: 172.20.0.30 - - [15/Jun/2026:09:51:05 +0000] "PUT /d1/230/AUTH_850119fb546f4435a4a75a31d6caaefe/dispersion_0_32" 201 - "PUT http://swift-public-openstack.apps-crc.testing/v1/AUTH_850119fb546f4435a4a75a31d6caaefe/dispersion_0_32?format=json" "txd6c80befb35441bb8e56d-006a2fcb09" "proxy-server 5" 0.0406 "-" 20 0
Jun 15 09:51:05 np0000073845 account-server[111754]: 172.20.0.105 - - [15/Jun/2026:09:51:05 +0000] "PUT /d1/738/AUTH_850119fb546f4435a4a75a31d6caaefe/dispersion_0_21" 201 - "PUT http://172.20.0.105:6001/d1/929/AUTH_850119fb546f4435a4a75a31d6caaefe/dispersion_0_21" "txbc8eb938935143fbbe2e9-006a2fcb08" "container-server 23" 0.0072 "-" 20 0
Jun 15 09:51:05 np0000073845 container-server[112009]: 172.20.0.30 - - [15/Jun/2026:09:51:05 +0000] "PUT /d1/991/AUTH_850119fb546f4435a4a75a31d6caaefe/dispersion_0_33" 201 - "PUT http://swift-public-openstack.apps-crc.testing/v1/AUTH_850119fb546f4435a4a75a31d6caaefe/dispersion_0_33?format=json" "txadfd86e0422541b1a0e3d-006a2fcb09" "proxy-server 14" 0.0403 "-" 20 0
Jun 15 09:51:05 np0000073845 container-server[112027]: 172.20.0.30 - - [15/Jun/2026:09:51:05 +0000] "PUT /d1/929/AUTH_850119fb546f4435a4a75a31d6caaefe/dispersion_0_21" 201 - "PUT http://swift-public-openstack.apps-crc.testing/v1/AUTH_850119fb546f4435a4a75a31d6caaefe/dispersion_0_21?format=json" "txbc8eb938935143fbbe2e9-006a2fcb08" "proxy-server 7" 0.0191 "-" 23 0
Jun 15 09:51:05 np0000073845 account-server[111754]: 172.20.0.103 - - [15/Jun/2026:09:51:05 +0000] "PUT /d1/738/AUTH_850119fb546f4435a4a75a31d6caaefe/dispersion_0_35" 201 - "PUT http://172.20.0.103:6001/d1/362/AUTH_850119fb546f4435a4a75a31d6caaefe/dispersion_0_35" "tx3ae4511e4f7949169cdc3-006a2fcb09" "container-server 21" 0.0051 "-" 20 0
Jun 15 09:51:05 np0000073845 container-server[112019]: 172.20.0.30 - - [15/Jun/2026:09:51:05 +0000] "PUT /d1/458/AUTH_850119fb546f4435a4a75a31d6caaefe/dispersion_0_18" 201 - "PUT http://swift-public-openstack.apps-crc.testing/v1/AUTH_850119fb546f4435a4a75a31d6caaefe/dispersion_0_18?format=json" "tx3fe7542ac4c24634be2f1-006a2fcb08" "proxy-server 5" 0.0882 "-" 21 0
Jun 15 09:51:05 np0000073845 container-server[112019]: 172.20.0.30 - - [15/Jun/2026:09:51:05 +0000] "PUT /d1/362/AUTH_850119fb546f4435a4a75a31d6caaefe/dispersion_0_35" 201 - "PUT http://swift-public-openstack.apps-crc.testing/v1/AUTH_850119fb546f4435a4a75a31d6caaefe/dispersion_0_35?format=json" "tx3ae4511e4f7949169cdc3-006a2fcb09" "proxy-server 8" 0.0328 "-" 21 0
Jun 15 09:51:05 np0000073845 account-server[111768]: 172.20.0.104 - - [15/Jun/2026:09:51:05 +0000] "PUT /d1/738/AUTH_850119fb546f4435a4a75a31d6caaefe/dispersion_0_36" 201 - "PUT http://172.20.0.104:6001/d1/459/AUTH_850119fb546f4435a4a75a31d6caaefe/dispersion_0_36" "txa3692ac657244fbb8a64e-006a2fcb09" "container-server 17" 0.0058 "-" 23 0
Jun 15 09:51:05 np0000073845 account-server[111768]: 172.20.0.105 - - [15/Jun/2026:09:51:05 +0000] "PUT /d1/738/AUTH_850119fb546f4435a4a75a31d6caaefe/dispersion_0_27" 201 - "PUT http://172.20.0.105:6001/d1/66/AUTH_850119fb546f4435a4a75a31d6caaefe/dispersion_0_27" "tx3c98ab8b76f94ce5b757d-006a2fcb09" "container-server 23" 0.1454 "-" 23 0
Jun 15 09:51:05 np0000073845 container-server[112027]: 172.20.0.30 - - [15/Jun/2026:09:51:05 +0000] "PUT /d1/66/AUTH_850119fb546f4435a4a75a31d6caaefe/dispersion_0_27" 201 - "PUT http://swift-public-openstack.apps-crc.testing/v1/AUTH_850119fb546f4435a4a75a31d6caaefe/dispersion_0_27?format=json" "tx3c98ab8b76f94ce5b757d-006a2fcb09" "proxy-server 15" 0.1580 "-" 23 0
Jun 15 09:51:05 np0000073845 container-server[112027]: 172.20.0.30 - - [15/Jun/2026:09:51:05 +0000] "PUT /d1/459/AUTH_850119fb546f4435a4a75a31d6caaefe/dispersion_0_36" 201 - "PUT http://swift-public-openstack.apps-crc.testing/v1/AUTH_850119fb546f4435a4a75a31d6caaefe/dispersion_0_36?format=json" "txa3692ac657244fbb8a64e-006a2fcb09" "proxy-server 9" 0.0269 "-" 23 0
Jun 15 09:51:05 np0000073845 container-server[112009]: 172.20.0.30 - - [15/Jun/2026:09:51:05 +0000] "PUT /d1/229/AUTH_850119fb546f4435a4a75a31d6caaefe/dispersion_0_37" 201 - "PUT http://swift-public-openstack.apps-crc.testing/v1/AUTH_850119fb546f4435a4a75a31d6caaefe/dispersion_0_37?format=json" "tx55367d25ef704845aac43-006a2fcb09" "proxy-server 9" 0.0207 "-" 20 0
Jun 15 09:51:05 np0000073845 account-server[111754]: 172.20.0.105 - - [15/Jun/2026:09:51:05 +0000] "PUT /d1/738/AUTH_850119fb546f4435a4a75a31d6caaefe/dispersion_0_20" 201 - "PUT http://172.20.0.105:6001/d1/859/AUTH_850119fb546f4435a4a75a31d6caaefe/dispersion_0_20" "tx9b9a1a9645db4595b94a4-006a2fcb08" "container-server 21" 0.0053 "-" 20 0
Jun 15 09:51:05 np0000073845 container-server[112019]: 172.20.0.30 - - [15/Jun/2026:09:51:05 +0000] "PUT /d1/859/AUTH_850119fb546f4435a4a75a31d6caaefe/dispersion_0_20" 201 - "PUT http://swift-public-openstack.apps-crc.testing/v1/AUTH_850119fb546f4435a4a75a31d6caaefe/dispersion_0_20?format=json" "tx9b9a1a9645db4595b94a4-006a2fcb08" "proxy-server 16" 0.0176 "-" 21 0
Jun 15 09:51:05 np0000073845 account-server[111755]: 172.20.0.104 - - [15/Jun/2026:09:51:05 +0000] "PUT /d1/738/AUTH_850119fb546f4435a4a75a31d6caaefe/dispersion_0_37" 201 - "PUT http://172.20.0.104:6001/d1/229/AUTH_850119fb546f4435a4a75a31d6caaefe/dispersion_0_37" "tx55367d25ef704845aac43-006a2fcb09" "container-server 16" 0.0167 "-" 21 0
Jun 15 09:51:05 np0000073845 container-server[112009]: 172.20.0.30 - - [15/Jun/2026:09:51:05 +0000] "PUT /d1/208/AUTH_850119fb546f4435a4a75a31d6caaefe/dispersion_0_38" 201 - "PUT http://swift-public-openstack.apps-crc.testing/v1/AUTH_850119fb546f4435a4a75a31d6caaefe/dispersion_0_38?format=json" "tx48f675c4858d4ddd86653-006a2fcb09" "proxy-server 8" 0.0200 "-" 20 0
Jun 15 09:51:05 np0000073845 account-server[111754]: 172.20.0.103 - - [15/Jun/2026:09:51:05 +0000] "PUT /d1/738/AUTH_850119fb546f4435a4a75a31d6caaefe/dispersion_0_38" 201 - "PUT http://172.20.0.103:6001/d1/208/AUTH_850119fb546f4435a4a75a31d6caaefe/dispersion_0_38" "tx48f675c4858d4ddd86653-006a2fcb09" "container-server 23" 0.0142 "-" 20 0
Jun 15 09:51:05 np0000073845 container-server[112024]: 172.20.0.30 - - [15/Jun/2026:09:51:05 +0000] "PUT /d1/469/AUTH_850119fb546f4435a4a75a31d6caaefe/dispersion_0_39" 201 - "PUT http://swift-public-openstack.apps-crc.testing/v1/AUTH_850119fb546f4435a4a75a31d6caaefe/dispersion_0_39?format=json" "tx5a18e73477b04a4ca733e-006a2fcb09" "proxy-server 9" 0.0213 "-" 22 0
Jun 15 09:51:05 np0000073845 container-server[112019]: 172.20.0.30 - - [15/Jun/2026:09:51:05 +0000] "PUT /d1/800/AUTH_850119fb546f4435a4a75a31d6caaefe/dispersion_0_24" 201 - "PUT http://swift-public-openstack.apps-crc.testing/v1/AUTH_850119fb546f4435a4a75a31d6caaefe/dispersion_0_24?format=json" "tx9f24a5a8e9ad4d23842c2-006a2fcb09" "proxy-server 16" 0.0170 "-" 21 0
Jun 15 09:51:05 np0000073845 account-server[111754]: 172.20.0.103 - - [15/Jun/2026:09:51:05 +0000] "PUT /d1/738/AUTH_850119fb546f4435a4a75a31d6caaefe/dispersion_0_39" 201 - "PUT http://172.20.0.103:6001/d1/469/AUTH_850119fb546f4435a4a75a31d6caaefe/dispersion_0_39" "tx5a18e73477b04a4ca733e-006a2fcb09" "container-server 20" 0.0168 "-" 20 0
Jun 15 09:51:05 np0000073845 account-server[111754]: 172.20.0.104 - - [15/Jun/2026:09:51:05 +0000] "PUT /d1/738/AUTH_850119fb546f4435a4a75a31d6caaefe/dispersion_0_24" 201 - "PUT http://172.20.0.104:6001/d1/800/AUTH_850119fb546f4435a4a75a31d6caaefe/dispersion_0_24" "tx9f24a5a8e9ad4d23842c2-006a2fcb09" "container-server 15" 0.0054 "-" 20 0
Jun 15 09:51:05 np0000073845 account-server[111768]: 172.20.0.104 - - [15/Jun/2026:09:51:05 +0000] "PUT /d1/738/AUTH_850119fb546f4435a4a75a31d6caaefe/dispersion_0_40" 201 - "PUT http://172.20.0.104:6001/d1/754/AUTH_850119fb546f4435a4a75a31d6caaefe/dispersion_0_40" "txc2f9b7ada22b4db3b457e-006a2fcb09" "container-server 15" 0.0076 "-" 23 0
Jun 15 09:51:05 np0000073845 container-server[112027]: 172.20.0.30 - - [15/Jun/2026:09:51:05 +0000] "PUT /d1/804/AUTH_850119fb546f4435a4a75a31d6caaefe/dispersion_0_41" 201 - "PUT http://swift-public-openstack.apps-crc.testing/v1/AUTH_850119fb546f4435a4a75a31d6caaefe/dispersion_0_41?format=json" "txde6ae5d621e64ee18948c-006a2fcb09" "proxy-server 11" 0.0253 "-" 23 0
Jun 15 09:51:05 np0000073845 container-server[112027]: 172.20.0.30 - - [15/Jun/2026:09:51:05 +0000] "PUT /d1/754/AUTH_850119fb546f4435a4a75a31d6caaefe/dispersion_0_40" 201 - "PUT http://swift-public-openstack.apps-crc.testing/v1/AUTH_850119fb546f4435a4a75a31d6caaefe/dispersion_0_40?format=json" "txc2f9b7ada22b4db3b457e-006a2fcb09" "proxy-server 7" 0.0372 "-" 23 0
Jun 15 09:51:05 np0000073845 account-server[111754]: 172.20.0.104 - - [15/Jun/2026:09:51:05 +0000] "PUT /d1/738/AUTH_850119fb546f4435a4a75a31d6caaefe/dispersion_0_41" 201 - "PUT http://172.20.0.104:6001/d1/804/AUTH_850119fb546f4435a4a75a31d6caaefe/dispersion_0_41" "txde6ae5d621e64ee18948c-006a2fcb09" "container-server 15" 0.0148 "-" 20 0
Jun 15 09:51:05 np0000073845 container-server[112027]: 172.20.0.30 - - [15/Jun/2026:09:51:05 +0000] "PUT /d1/346/AUTH_850119fb546f4435a4a75a31d6caaefe/dispersion_0_43" 201 - "PUT http://swift-public-openstack.apps-crc.testing/v1/AUTH_850119fb546f4435a4a75a31d6caaefe/dispersion_0_43?format=json" "tx3a1cee0b5f2c4a418faa8-006a2fcb09" "proxy-server 5" 0.0248 "-" 23 0
Jun 15 09:51:05 np0000073845 account-server[111768]: 172.20.0.104 - - [15/Jun/2026:09:51:05 +0000] "PUT /d1/738/AUTH_850119fb546f4435a4a75a31d6caaefe/dispersion_0_43" 201 - "PUT http://172.20.0.104:6001/d1/346/AUTH_850119fb546f4435a4a75a31d6caaefe/dispersion_0_43" "tx3a1cee0b5f2c4a418faa8-006a2fcb09" "container-server 14" 0.0140 "-" 23 0
Jun 15 09:51:05 np0000073845 container-server[112027]: 172.20.0.30 - - [15/Jun/2026:09:51:05 +0000] "PUT /d1/781/AUTH_850119fb546f4435a4a75a31d6caaefe/dispersion_0_45" 201 - "PUT http://swift-public-openstack.apps-crc.testing/v1/AUTH_850119fb546f4435a4a75a31d6caaefe/dispersion_0_45?format=json" "tx98aec4a0f2d04058a899b-006a2fcb09" "proxy-server 9" 0.0184 "-" 23 0
Jun 15 09:51:05 np0000073845 account-server[111748]: 172.20.0.104 - - [15/Jun/2026:09:51:05 +0000] "PUT /d1/738/AUTH_850119fb546f4435a4a75a31d6caaefe/dispersion_0_45" 201 - "PUT http://172.20.0.104:6001/d1/781/AUTH_850119fb546f4435a4a75a31d6caaefe/dispersion_0_45" "tx98aec4a0f2d04058a899b-006a2fcb09" "container-server 16" 0.0156 "-" 19 0
Jun 15 09:51:05 np0000073845 account-server[111768]: 172.20.0.103 - - [15/Jun/2026:09:51:05 +0000] "PUT /d1/738/AUTH_850119fb546f4435a4a75a31d6caaefe/dispersion_0_46" 201 - "PUT http://172.20.0.103:6001/d1/238/AUTH_850119fb546f4435a4a75a31d6caaefe/dispersion_0_46" "tx3800ab6c4d1e4ebbb915a-006a2fcb09" "container-server 23" 0.0039 "-" 23 0
Jun 15 09:51:05 np0000073845 container-server[112024]: 172.20.0.30 - - [15/Jun/2026:09:51:05 +0000] "PUT /d1/238/AUTH_850119fb546f4435a4a75a31d6caaefe/dispersion_0_46" 201 - "PUT http://swift-public-openstack.apps-crc.testing/v1/AUTH_850119fb546f4435a4a75a31d6caaefe/dispersion_0_46?format=json" "tx3800ab6c4d1e4ebbb915a-006a2fcb09" "proxy-server 8" 0.0175 "-" 22 0
Jun 15 09:51:05 np0000073845 account-server[111748]: 172.20.0.104 - - [15/Jun/2026:09:51:05 +0000] "PUT /d1/738/AUTH_850119fb546f4435a4a75a31d6caaefe/dispersion_0_47" 201 - "PUT http://172.20.0.104:6001/d1/77/AUTH_850119fb546f4435a4a75a31d6caaefe/dispersion_0_47" "tx20e12034141641b18c149-006a2fcb09" "container-server 16" 0.0057 "-" 19 0
Jun 15 09:51:05 np0000073845 container-server[112019]: 172.20.0.30 - - [15/Jun/2026:09:51:05 +0000] "PUT /d1/77/AUTH_850119fb546f4435a4a75a31d6caaefe/dispersion_0_47" 201 - "PUT http://swift-public-openstack.apps-crc.testing/v1/AUTH_850119fb546f4435a4a75a31d6caaefe/dispersion_0_47?format=json" "tx20e12034141641b18c149-006a2fcb09" "proxy-server 16" 0.0184 "-" 21 0
Jun 15 09:51:05 np0000073845 account-server[111754]: 172.20.0.103 - - [15/Jun/2026:09:51:05 +0000] "PUT /d1/738/AUTH_850119fb546f4435a4a75a31d6caaefe/dispersion_0_48" 201 - "PUT http://172.20.0.103:6001/d1/630/AUTH_850119fb546f4435a4a75a31d6caaefe/dispersion_0_48" "tx9e7e9918c10b47e5a4cce-006a2fcb09" "container-server 23" 0.0052 "-" 20 0
Jun 15 09:51:05 np0000073845 container-server[112027]: 172.20.0.30 - - [15/Jun/2026:09:51:05 +0000] "PUT /d1/395/AUTH_850119fb546f4435a4a75a31d6caaefe/dispersion_0_49" 201 - "PUT http://swift-public-openstack.apps-crc.testing/v1/AUTH_850119fb546f4435a4a75a31d6caaefe/dispersion_0_49?format=json" "txccec2c829212401ea2bf2-006a2fcb09" "proxy-server 5" 0.0196 "-" 23 0
Jun 15 09:51:05 np0000073845 account-server[111754]: 172.20.0.103 - - [15/Jun/2026:09:51:05 +0000] "PUT /d1/738/AUTH_850119fb546f4435a4a75a31d6caaefe/dispersion_0_49" 201 - "PUT http://172.20.0.103:6001/d1/395/AUTH_850119fb546f4435a4a75a31d6caaefe/dispersion_0_49" "txccec2c829212401ea2bf2-006a2fcb09" "container-server 22" 0.0079 "-" 20 0
Jun 15 09:51:05 np0000073845 container-server[112009]: 172.20.0.30 - - [15/Jun/2026:09:51:05 +0000] "PUT /d1/630/AUTH_850119fb546f4435a4a75a31d6caaefe/dispersion_0_48" 201 - "PUT http://swift-public-openstack.apps-crc.testing/v1/AUTH_850119fb546f4435a4a75a31d6caaefe/dispersion_0_48?format=json" "tx9e7e9918c10b47e5a4cce-006a2fcb09" "proxy-server 15" 0.0347 "-" 20 0
Jun 15 09:51:05 np0000073845 account-server[111768]: 172.20.0.104 - - [15/Jun/2026:09:51:05 +0000] "PUT /d1/738/AUTH_850119fb546f4435a4a75a31d6caaefe/dispersion_0_50" 201 - "PUT http://172.20.0.104:6001/d1/891/AUTH_850119fb546f4435a4a75a31d6caaefe/dispersion_0_50" "tx11103506e83447b783a64-006a2fcb09" "container-server 16" 0.0177 "-" 23 0
Jun 15 09:51:05 np0000073845 container-server[112009]: 172.20.0.30 - - [15/Jun/2026:09:51:05 +0000] "PUT /d1/891/AUTH_850119fb546f4435a4a75a31d6caaefe/dispersion_0_50" 201 - "PUT http://swift-public-openstack.apps-crc.testing/v1/AUTH_850119fb546f4435a4a75a31d6caaefe/dispersion_0_50?format=json" "tx11103506e83447b783a64-006a2fcb09" "proxy-server 5" 0.0262 "-" 20 0
Jun 15 09:51:05 np0000073845 container-server[112024]: 172.20.0.30 - - [15/Jun/2026:09:51:05 +0000] "PUT /d1/252/AUTH_850119fb546f4435a4a75a31d6caaefe/dispersion_0_51" 201 - "PUT http://swift-public-openstack.apps-crc.testing/v1/AUTH_850119fb546f4435a4a75a31d6caaefe/dispersion_0_51?format=json" "tx4bb6d98afa2e47d1adfbf-006a2fcb09" "proxy-server 8" 0.0214 "-" 22 0
Jun 15 09:51:05 np0000073845 account-server[111748]: 172.20.0.103 - - [15/Jun/2026:09:51:05 +0000] "PUT /d1/738/AUTH_850119fb546f4435a4a75a31d6caaefe/dispersion_0_51" 201 - "PUT http://172.20.0.103:6001/d1/252/AUTH_850119fb546f4435a4a75a31d6caaefe/dispersion_0_51" "tx4bb6d98afa2e47d1adfbf-006a2fcb09" "container-server 23" 0.0095 "-" 19 0
Jun 15 09:51:05 np0000073845 account-server[111748]: 172.20.0.105 - - [15/Jun/2026:09:51:05 +0000] "PUT /d1/738/AUTH_850119fb546f4435a4a75a31d6caaefe/dispersion_0_52" 201 - "PUT http://172.20.0.105:6001/d1/425/AUTH_850119fb546f4435a4a75a31d6caaefe/dispersion_0_52" "tx91719b9bc031483c8b380-006a2fcb09" "container-server 20" 0.0052 "-" 19 0
Jun 15 09:51:05 np0000073845 container-server[112009]: 172.20.0.30 - - [15/Jun/2026:09:51:05 +0000] "PUT /d1/425/AUTH_850119fb546f4435a4a75a31d6caaefe/dispersion_0_52" 201 - "PUT http://swift-public-openstack.apps-crc.testing/v1/AUTH_850119fb546f4435a4a75a31d6caaefe/dispersion_0_52?format=json" "tx91719b9bc031483c8b380-006a2fcb09" "proxy-server 16" 0.0194 "-" 20 0
Jun 15 09:51:05 np0000073845 container-server[112027]: 172.20.0.30 - - [15/Jun/2026:09:51:05 +0000] "PUT /d1/417/AUTH_850119fb546f4435a4a75a31d6caaefe/dispersion_0_53" 201 - "PUT http://swift-public-openstack.apps-crc.testing/v1/AUTH_850119fb546f4435a4a75a31d6caaefe/dispersion_0_53?format=json" "tx5ae3bbc954c04f838c06b-006a2fcb09" "proxy-server 9" 0.0216 "-" 23 0
Jun 15 09:51:05 np0000073845 account-server[111754]: 172.20.0.104 - - [15/Jun/2026:09:51:05 +0000] "PUT /d1/738/AUTH_850119fb546f4435a4a75a31d6caaefe/dispersion_0_53" 201 - "PUT http://172.20.0.104:6001/d1/417/AUTH_850119fb546f4435a4a75a31d6caaefe/dispersion_0_53" "tx5ae3bbc954c04f838c06b-006a2fcb09" "container-server 17" 0.0174 "-" 20 0
Jun 15 09:51:05 np0000073845 account-server[111748]: 172.20.0.105 - - [15/Jun/2026:09:51:05 +0000] "PUT /d1/738/AUTH_850119fb546f4435a4a75a31d6caaefe/dispersion_0_54" 201 - "PUT http://172.20.0.105:6001/d1/27/AUTH_850119fb546f4435a4a75a31d6caaefe/dispersion_0_54" "tx8484e4e102d54477add38-006a2fcb09" "container-server 23" 0.0054 "-" 19 0
Jun 15 09:51:05 np0000073845 container-server[112027]: 172.20.0.30 - - [15/Jun/2026:09:51:05 +0000] "PUT /d1/27/AUTH_850119fb546f4435a4a75a31d6caaefe/dispersion_0_54" 201 - "PUT http://swift-public-openstack.apps-crc.testing/v1/AUTH_850119fb546f4435a4a75a31d6caaefe/dispersion_0_54?format=json" "tx8484e4e102d54477add38-006a2fcb09" "proxy-server 15" 0.0166 "-" 23 0
Jun 15 09:51:05 np0000073845 account-server[111754]: 172.20.0.104 - - [15/Jun/2026:09:51:05 +0000] "PUT /d1/738/AUTH_850119fb546f4435a4a75a31d6caaefe/dispersion_0_55" 201 - "PUT http://172.20.0.104:6001/d1/433/AUTH_850119fb546f4435a4a75a31d6caaefe/dispersion_0_55" "tx312205653d0e41a5987e2-006a2fcb09" "container-server 17" 0.0164 "-" 20 0
Jun 15 09:51:05 np0000073845 container-server[112009]: 172.20.0.30 - - [15/Jun/2026:09:51:05 +0000] "PUT /d1/433/AUTH_850119fb546f4435a4a75a31d6caaefe/dispersion_0_55" 201 - "PUT http://swift-public-openstack.apps-crc.testing/v1/AUTH_850119fb546f4435a4a75a31d6caaefe/dispersion_0_55?format=json" "tx312205653d0e41a5987e2-006a2fcb09" "proxy-server 11" 0.0294 "-" 20 0
Jun 15 09:51:05 np0000073845 container-server[112009]: 172.20.0.30 - - [15/Jun/2026:09:51:05 +0000] "PUT /d1/466/AUTH_850119fb546f4435a4a75a31d6caaefe/dispersion_0_56" 201 - "PUT http://swift-public-openstack.apps-crc.testing/v1/AUTH_850119fb546f4435a4a75a31d6caaefe/dispersion_0_56?format=json" "tx4df95730069c4b7f9663a-006a2fcb09" "proxy-server 5" 0.0142 "-" 20 0
Jun 15 09:51:05 np0000073845 account-server[111768]: 172.20.0.104 - - [15/Jun/2026:09:51:05 +0000] "PUT /d1/738/AUTH_850119fb546f4435a4a75a31d6caaefe/dispersion_0_56" 201 - "PUT http://172.20.0.104:6001/d1/466/AUTH_850119fb546f4435a4a75a31d6caaefe/dispersion_0_56" "tx4df95730069c4b7f9663a-006a2fcb09" "container-server 14" 0.0053 "-" 23 0
