2026-06-15 07:41:47.790 17 DEBUG neutron.wsgi [-] (17) accepted ('192.168.122.100', 59646) server /usr/lib/python3.9/site-packages/eventlet/wsgi.py:992
2026-06-15 07:41:47.794 17 INFO neutron.wsgi [-] 192.168.122.100 "GET /healthcheck HTTP/1.0" status: 200 len: 137 time: 0.0019794
2026-06-15 07:41:49.797 18 DEBUG neutron.wsgi [-] (18) accepted ('192.168.122.100', 59650) server /usr/lib/python3.9/site-packages/eventlet/wsgi.py:992
2026-06-15 07:41:49.799 18 INFO neutron.wsgi [-] 192.168.122.100 "GET /healthcheck HTTP/1.0" status: 200 len: 137 time: 0.0018110
2026-06-15 07:41:51.802 17 DEBUG neutron.wsgi [-] (17) accepted ('192.168.122.100', 59652) server /usr/lib/python3.9/site-packages/eventlet/wsgi.py:992
2026-06-15 07:41:51.805 17 INFO neutron.wsgi [-] 192.168.122.100 "GET /healthcheck HTTP/1.0" status: 200 len: 137 time: 0.0025289
2026-06-15 07:41:53.806 15 DEBUG neutron.wsgi [-] (15) accepted ('192.168.122.100', 59656) server /usr/lib/python3.9/site-packages/eventlet/wsgi.py:992
2026-06-15 07:41:53.809 15 INFO neutron.wsgi [-] 192.168.122.100 "GET /healthcheck HTTP/1.0" status: 200 len: 137 time: 0.0013297
2026-06-15 07:41:54.282 17 DEBUG neutron.wsgi [-] (17) accepted ('192.168.122.100', 59658) server /usr/lib/python3.9/site-packages/eventlet/wsgi.py:992
2026-06-15 07:41:54.287 17 INFO neutron.wsgi [-] 192.168.122.100 "GET / HTTP/1.1" status: 200 len: 233 time: 0.0039892
2026-06-15 07:41:55.811 18 DEBUG neutron.wsgi [-] (18) accepted ('192.168.122.100', 59668) server /usr/lib/python3.9/site-packages/eventlet/wsgi.py:992
2026-06-15 07:41:55.815 18 INFO neutron.wsgi [-] 192.168.122.100 "GET /healthcheck HTTP/1.0" status: 200 len: 137 time: 0.0026875
2026-06-15 07:41:57.817 18 DEBUG neutron.wsgi [-] (18) accepted ('192.168.122.100', 46544) server /usr/lib/python3.9/site-packages/eventlet/wsgi.py:992
2026-06-15 07:41:57.821 18 INFO neutron.wsgi [-] 192.168.122.100 "GET /healthcheck HTTP/1.0" status: 200 len: 137 time: 0.0030708
2026-06-15 07:41:59.822 18 DEBUG neutron.wsgi [-] (18) accepted ('192.168.122.100', 46556) server /usr/lib/python3.9/site-packages/eventlet/wsgi.py:992
2026-06-15 07:41:59.826 18 INFO neutron.wsgi [-] 192.168.122.100 "GET /healthcheck HTTP/1.0" status: 200 len: 137 time: 0.0027041
2026-06-15 07:42:01.827 16 DEBUG neutron.wsgi [-] (16) accepted ('192.168.122.100', 46562) server /usr/lib/python3.9/site-packages/eventlet/wsgi.py:992
2026-06-15 07:42:01.829 16 INFO neutron.wsgi [-] 192.168.122.100 "GET /healthcheck HTTP/1.0" status: 200 len: 137 time: 0.0013351
2026-06-15 07:42:03.830 16 DEBUG neutron.wsgi [-] (16) accepted ('192.168.122.100', 46578) server /usr/lib/python3.9/site-packages/eventlet/wsgi.py:992
2026-06-15 07:42:03.833 16 INFO neutron.wsgi [-] 192.168.122.100 "GET /healthcheck HTTP/1.0" status: 200 len: 137 time: 0.0017328
2026-06-15 07:42:05.834 18 DEBUG neutron.wsgi [-] (18) accepted ('192.168.122.100', 46592) server /usr/lib/python3.9/site-packages/eventlet/wsgi.py:992
2026-06-15 07:42:05.838 18 INFO neutron.wsgi [-] 192.168.122.100 "GET /healthcheck HTTP/1.0" status: 200 len: 137 time: 0.0025125
2026-06-15 07:42:07.840 18 DEBUG neutron.wsgi [-] (18) accepted ('192.168.122.100', 52084) server /usr/lib/python3.9/site-packages/eventlet/wsgi.py:992
2026-06-15 07:42:07.844 18 INFO neutron.wsgi [-] 192.168.122.100 "GET /healthcheck HTTP/1.0" status: 200 len: 137 time: 0.0024793
2026-06-15 07:42:09.846 17 DEBUG neutron.wsgi [-] (17) accepted ('192.168.122.100', 52088) server /usr/lib/python3.9/site-packages/eventlet/wsgi.py:992
2026-06-15 07:42:09.848 17 INFO neutron.wsgi [-] 192.168.122.100 "GET /healthcheck HTTP/1.0" status: 200 len: 137 time: 0.0013509
2026-06-15 07:42:11.849 18 DEBUG neutron.wsgi [-] (18) accepted ('192.168.122.100', 52092) server /usr/lib/python3.9/site-packages/eventlet/wsgi.py:992
2026-06-15 07:42:11.853 18 INFO neutron.wsgi [-] 192.168.122.100 "GET /healthcheck HTTP/1.0" status: 200 len: 137 time: 0.0025291
2026-06-15 07:42:13.854 17 DEBUG neutron.wsgi [-] (17) accepted ('192.168.122.100', 52100) server /usr/lib/python3.9/site-packages/eventlet/wsgi.py:992
2026-06-15 07:42:13.856 17 INFO neutron.wsgi [-] 192.168.122.100 "GET /healthcheck HTTP/1.0" status: 200 len: 137 time: 0.0012162
2026-06-15 07:42:15.857 17 DEBUG neutron.wsgi [-] (17) accepted ('192.168.122.100', 52116) server /usr/lib/python3.9/site-packages/eventlet/wsgi.py:992
2026-06-15 07:42:15.861 17 INFO neutron.wsgi [-] 192.168.122.100 "GET /healthcheck HTTP/1.0" status: 200 len: 137 time: 0.0024219
2026-06-15 07:42:17.862 15 DEBUG neutron.wsgi [-] (15) accepted ('192.168.122.100', 53868) server /usr/lib/python3.9/site-packages/eventlet/wsgi.py:992
2026-06-15 07:42:17.866 15 INFO neutron.wsgi [-] 192.168.122.100 "GET /healthcheck HTTP/1.0" status: 200 len: 137 time: 0.0024452
2026-06-15 07:42:19.867 16 DEBUG neutron.wsgi [-] (16) accepted ('192.168.122.100', 53872) server /usr/lib/python3.9/site-packages/eventlet/wsgi.py:992
2026-06-15 07:42:19.869 16 INFO neutron.wsgi [-] 192.168.122.100 "GET /healthcheck HTTP/1.0" status: 200 len: 137 time: 0.0012984
2026-06-15 07:42:21.870 17 DEBUG neutron.wsgi [-] (17) accepted ('192.168.122.100', 53888) server /usr/lib/python3.9/site-packages/eventlet/wsgi.py:992
2026-06-15 07:42:21.874 17 INFO neutron.wsgi [-] 192.168.122.100 "GET /healthcheck HTTP/1.0" status: 200 len: 137 time: 0.0024099
2026-06-15 07:42:23.875 16 DEBUG neutron.wsgi [-] (16) accepted ('192.168.122.100', 53902) server /usr/lib/python3.9/site-packages/eventlet/wsgi.py:992
2026-06-15 07:42:23.877 16 INFO neutron.wsgi [-] 192.168.122.100 "GET /healthcheck HTTP/1.0" status: 200 len: 137 time: 0.0012486
2026-06-15 07:42:25.444 16 DEBUG neutron.wsgi [-] (16) accepted ('192.168.122.100', 53910) server /usr/lib/python3.9/site-packages/eventlet/wsgi.py:992
2026-06-15 07:42:25.448 16 INFO neutron.wsgi [-] 192.168.122.100 "GET / HTTP/1.1" status: 200 len: 233 time: 0.0029347
2026-06-15 07:42:25.878 17 DEBUG neutron.wsgi [-] (17) accepted ('192.168.122.100', 53922) server /usr/lib/python3.9/site-packages/eventlet/wsgi.py:992
2026-06-15 07:42:25.881 17 INFO neutron.wsgi [-] 192.168.122.100 "GET /healthcheck HTTP/1.0" status: 200 len: 137 time: 0.0016603
2026-06-15 07:42:27.883 16 DEBUG neutron.wsgi [-] (16) accepted ('192.168.122.100', 60046) server /usr/lib/python3.9/site-packages/eventlet/wsgi.py:992
2026-06-15 07:42:27.886 16 INFO neutron.wsgi [-] 192.168.122.100 "GET /healthcheck HTTP/1.0" status: 200 len: 137 time: 0.0017519
2026-06-15 07:42:29.887 15 DEBUG neutron.wsgi [-] (15) accepted ('192.168.122.100', 60058) server /usr/lib/python3.9/site-packages/eventlet/wsgi.py:992
2026-06-15 07:42:29.890 15 INFO neutron.wsgi [-] 192.168.122.100 "GET /healthcheck HTTP/1.0" status: 200 len: 137 time: 0.0016780
2026-06-15 07:42:31.891 15 DEBUG neutron.wsgi [-] (15) accepted ('192.168.122.100', 60062) server /usr/lib/python3.9/site-packages/eventlet/wsgi.py:992
2026-06-15 07:42:31.895 15 INFO neutron.wsgi [-] 192.168.122.100 "GET /healthcheck HTTP/1.0" status: 200 len: 137 time: 0.0023880
2026-06-15 07:42:33.896 18 DEBUG neutron.wsgi [-] (18) accepted ('192.168.122.100', 60070) server /usr/lib/python3.9/site-packages/eventlet/wsgi.py:992
2026-06-15 07:42:33.900 18 INFO neutron.wsgi [-] 192.168.122.100 "GET /healthcheck HTTP/1.0" status: 200 len: 137 time: 0.0023909
2026-06-15 07:42:35.901 15 DEBUG neutron.wsgi [-] (15) accepted ('192.168.122.100', 60072) server /usr/lib/python3.9/site-packages/eventlet/wsgi.py:992
2026-06-15 07:42:35.905 15 INFO neutron.wsgi [-] 192.168.122.100 "GET /healthcheck HTTP/1.0" status: 200 len: 137 time: 0.0024288
2026-06-15 07:42:37.907 17 DEBUG neutron.wsgi [-] (17) accepted ('192.168.122.100', 44190) server /usr/lib/python3.9/site-packages/eventlet/wsgi.py:992
2026-06-15 07:42:37.910 17 INFO neutron.wsgi [-] 192.168.122.100 "GET /healthcheck HTTP/1.0" status: 200 len: 137 time: 0.0016482
2026-06-15 07:42:39.911 18 DEBUG neutron.wsgi [-] (18) accepted ('192.168.122.100', 44198) server /usr/lib/python3.9/site-packages/eventlet/wsgi.py:992
2026-06-15 07:42:39.915 18 INFO neutron.wsgi [-] 192.168.122.100 "GET /healthcheck HTTP/1.0" status: 200 len: 137 time: 0.0025883
2026-06-15 07:42:41.916 17 DEBUG neutron.wsgi [-] (17) accepted ('192.168.122.100', 44212) server /usr/lib/python3.9/site-packages/eventlet/wsgi.py:992
2026-06-15 07:42:41.920 17 INFO neutron.wsgi [-] 192.168.122.100 "GET /healthcheck HTTP/1.0" status: 200 len: 137 time: 0.0024312
2026-06-15 07:42:43.921 17 DEBUG neutron.wsgi [-] (17) accepted ('192.168.122.100', 44214) server /usr/lib/python3.9/site-packages/eventlet/wsgi.py:992
2026-06-15 07:42:43.925 17 INFO neutron.wsgi [-] 192.168.122.100 "GET /healthcheck HTTP/1.0" status: 200 len: 137 time: 0.0024738
2026-06-15 07:42:45.926 16 DEBUG neutron.wsgi [-] (16) accepted ('192.168.122.100', 44222) server /usr/lib/python3.9/site-packages/eventlet/wsgi.py:992
2026-06-15 07:42:45.928 16 INFO neutron.wsgi [-] 192.168.122.100 "GET /healthcheck HTTP/1.0" status: 200 len: 137 time: 0.0012207
2026-06-15 07:42:47.930 17 DEBUG neutron.wsgi [-] (17) accepted ('192.168.122.100', 58744) server /usr/lib/python3.9/site-packages/eventlet/wsgi.py:992
2026-06-15 07:42:47.934 17 INFO neutron.wsgi [-] 192.168.122.100 "GET /healthcheck HTTP/1.0" status: 200 len: 137 time: 0.0024281
2026-06-15 07:42:48.870 15 DEBUG neutron.wsgi [-] (15) accepted ('192.168.122.100', 58746) server /usr/lib/python3.9/site-packages/eventlet/wsgi.py:992
2026-06-15 07:42:49.633 15 DEBUG neutron.policy [req-b37bb12f-65de-4392-8150-1f904ebeeb20 0d55f7b067784de79c7f78a69e86f4ad ad86801237bc4fe38f1b49bec540fcb6 - default default] Loaded default policies from ['networking-bgpvpn', 'neutron'] under neutron.policies entry points register_rules /usr/lib/python3.9/site-packages/neutron/policy.py:73
2026-06-15 07:42:49.656 15 INFO neutron.wsgi [req-b37bb12f-65de-4392-8150-1f904ebeeb20 0d55f7b067784de79c7f78a69e86f4ad ad86801237bc4fe38f1b49bec540fcb6 - default default] 192.168.122.99,192.168.122.100 "GET /v2.0/networks?name=ctlplane HTTP/1.1" status: 200 len: 189 time: 0.7856255
2026-06-15 07:42:49.662 15 DEBUG neutron.api.v2.base [req-7544e2e5-e05b-427f-8623-e883574c35dd 0d55f7b067784de79c7f78a69e86f4ad ad86801237bc4fe38f1b49bec540fcb6 - default default] Request body: {'network': {'provider:physical_network': 'ctlplane', 'dns_domain': 'ctlplane.ooo.test.', 'mtu': 1450, 'name': 'ctlplane', 'provider:network_type': 'flat'}} prepare_request_body /usr/lib/python3.9/site-packages/neutron/api/v2/base.py:729
2026-06-15 07:42:49.677 15 DEBUG neutron.pecan_wsgi.hooks.quota_enforcement [req-7544e2e5-e05b-427f-8623-e883574c35dd 0d55f7b067784de79c7f78a69e86f4ad ad86801237bc4fe38f1b49bec540fcb6 - default default] Made reservation on behalf of ad86801237bc4fe38f1b49bec540fcb6 for: {'network': 1} before /usr/lib/python3.9/site-packages/neutron/pecan_wsgi/hooks/quota_enforcement.py:53
2026-06-15 07:42:49.678 15 DEBUG neutron_lib.callbacks.manager [req-7544e2e5-e05b-427f-8623-e883574c35dd 0d55f7b067784de79c7f78a69e86f4ad ad86801237bc4fe38f1b49bec540fcb6 - default default] Notify callbacks ['neutron.plugins.ml2.plugin.SecurityGroupDbMixin._ensure_default_security_group_handler-1803786'] for network, before_create _notify_loop /usr/lib/python3.9/site-packages/neutron_lib/callbacks/manager.py:200
2026-06-15 07:42:49.691 15 DEBUG neutron_lib.callbacks.manager [req-7544e2e5-e05b-427f-8623-e883574c35dd 0d55f7b067784de79c7f78a69e86f4ad ad86801237bc4fe38f1b49bec540fcb6 - default default] Notify callbacks [] for security_group, before_create _notify_loop /usr/lib/python3.9/site-packages/neutron_lib/callbacks/manager.py:200
2026-06-15 07:42:49.745 15 DEBUG neutron_lib.callbacks.manager [req-7544e2e5-e05b-427f-8623-e883574c35dd 0d55f7b067784de79c7f78a69e86f4ad ad86801237bc4fe38f1b49bec540fcb6 - default default] Notify callbacks [] for security_group, precommit_create _notify_loop /usr/lib/python3.9/site-packages/neutron_lib/callbacks/manager.py:200
2026-06-15 07:42:49.751 15 DEBUG neutron_lib.callbacks.manager [req-7544e2e5-e05b-427f-8623-e883574c35dd 0d55f7b067784de79c7f78a69e86f4ad ad86801237bc4fe38f1b49bec540fcb6 - default default] Notify callbacks ['neutron.plugins.ml2.ovo_rpc._ObjectChangeHandler.handle_event-601147'] for security_group, after_create _notify_loop /usr/lib/python3.9/site-packages/neutron_lib/callbacks/manager.py:200
2026-06-15 07:42:49.772 15 DEBUG neutron.plugins.ml2.drivers.type_flat [req-7544e2e5-e05b-427f-8623-e883574c35dd 0d55f7b067784de79c7f78a69e86f4ad ad86801237bc4fe38f1b49bec540fcb6 - default default] Reserving flat network on physical network ctlplane reserve_provider_segment /usr/lib/python3.9/site-packages/neutron/plugins/ml2/drivers/type_flat.py:100
2026-06-15 07:42:49.795 15 DEBUG neutron_lib.callbacks.manager [req-7544e2e5-e05b-427f-8623-e883574c35dd 0d55f7b067784de79c7f78a69e86f4ad ad86801237bc4fe38f1b49bec540fcb6 - default default] Notify callbacks ['neutron.services.segments.db._add_segment_host_mapping_for_segment-8735175811431', 'neutron.plugins.ml2.plugin.Ml2Plugin._handle_segment_change-2004655'] for segment, precommit_create _notify_loop /usr/lib/python3.9/site-packages/neutron_lib/callbacks/manager.py:200
2026-06-15 07:42:49.799 15 DEBUG neutron.api.rpc.handlers.resources_rpc [req-7544e2e5-e05b-427f-8623-e883574c35dd 0d55f7b067784de79c7f78a69e86f4ad ad86801237bc4fe38f1b49bec540fcb6 - - -] Pushing event updated for resources: {'SecurityGroup': ['ID=d2cfc35b-79ef-44ac-b4f2-d9b1c0ae06c5,revision_number=1']} push /usr/lib/python3.9/site-packages/neutron/api/rpc/handlers/resources_rpc.py:237
2026-06-15 07:42:49.803 15 DEBUG neutron.plugins.ml2.drivers.mech_agent [req-7544e2e5-e05b-427f-8623-e883574c35dd 0d55f7b067784de79c7f78a69e86f4ad ad86801237bc4fe38f1b49bec540fcb6 - default default] Checking segment: NetworkSegment(created_at=2026-06-15T07:42:49Z,description=,hosts=[],id=943fa584-4861-4a7d-a247-30fa0c4a357e,is_dynamic=False,name=,network_id=60dad0cd-4b0e-4a5e-ba6b-c894bf3cb771,network_type='flat',physical_network='ctlplane',revision_number=0,segment_index=0,segmentation_id=None,updated_at=2026-06-15T07:42:49Z) for mappings: {'ctlplane': 'br-ctlplane'} with network types: ['local', 'flat', 'vlan'] check_segment_for_agent /usr/lib/python3.9/site-packages/neutron/plugins/ml2/drivers/mech_agent.py:343
2026-06-15 07:42:49.808 15 DEBUG neutron.api.rpc.callbacks.version_manager [req-7544e2e5-e05b-427f-8623-e883574c35dd 0d55f7b067784de79c7f78a69e86f4ad ad86801237bc4fe38f1b49bec540fcb6 - - -] Version for resource type AddressGroup changed None to 1.2 on consumer Open vSwitch agent@undercloud.ooo.test _set_version /usr/lib/python3.9/site-packages/neutron/api/rpc/callbacks/version_manager.py:113
2026-06-15 07:42:49.809 15 DEBUG neutron.api.rpc.callbacks.version_manager [req-7544e2e5-e05b-427f-8623-e883574c35dd 0d55f7b067784de79c7f78a69e86f4ad ad86801237bc4fe38f1b49bec540fcb6 - - -] Version for resource type ConntrackHelper changed None to 1.0 on consumer Open vSwitch agent@undercloud.ooo.test _set_version /usr/lib/python3.9/site-packages/neutron/api/rpc/callbacks/version_manager.py:113
2026-06-15 07:42:49.809 15 DEBUG neutron.api.rpc.callbacks.version_manager [req-7544e2e5-e05b-427f-8623-e883574c35dd 0d55f7b067784de79c7f78a69e86f4ad ad86801237bc4fe38f1b49bec540fcb6 - - -] Version for resource type Log changed None to 1.0 on consumer Open vSwitch agent@undercloud.ooo.test _set_version /usr/lib/python3.9/site-packages/neutron/api/rpc/callbacks/version_manager.py:113
2026-06-15 07:42:49.809 15 DEBUG neutron.api.rpc.callbacks.version_manager [req-7544e2e5-e05b-427f-8623-e883574c35dd 0d55f7b067784de79c7f78a69e86f4ad ad86801237bc4fe38f1b49bec540fcb6 - - -] Version for resource type Network changed None to 1.1 on consumer Open vSwitch agent@undercloud.ooo.test _set_version /usr/lib/python3.9/site-packages/neutron/api/rpc/callbacks/version_manager.py:113
2026-06-15 07:42:49.809 15 DEBUG neutron.api.rpc.callbacks.version_manager [req-7544e2e5-e05b-427f-8623-e883574c35dd 0d55f7b067784de79c7f78a69e86f4ad ad86801237bc4fe38f1b49bec540fcb6 - - -] Version for resource type Port changed None to 1.7 on consumer Open vSwitch agent@undercloud.ooo.test _set_version /usr/lib/python3.9/site-packages/neutron/api/rpc/callbacks/version_manager.py:113
2026-06-15 07:42:49.809 15 DEBUG neutron.api.rpc.callbacks.version_manager [req-7544e2e5-e05b-427f-8623-e883574c35dd 0d55f7b067784de79c7f78a69e86f4ad ad86801237bc4fe38f1b49bec540fcb6 - - -] Version for resource type PortForwarding changed None to 1.2 on consumer Open vSwitch agent@undercloud.ooo.test _set_version /usr/lib/python3.9/site-packages/neutron/api/rpc/callbacks/version_manager.py:113
2026-06-15 07:42:49.810 15 DEBUG neutron.api.rpc.callbacks.version_manager [req-7544e2e5-e05b-427f-8623-e883574c35dd 0d55f7b067784de79c7f78a69e86f4ad ad86801237bc4fe38f1b49bec540fcb6 - - -] Version for resource type QosPolicy changed None to 1.8 on consumer Open vSwitch agent@undercloud.ooo.test _set_version /usr/lib/python3.9/site-packages/neutron/api/rpc/callbacks/version_manager.py:113
2026-06-15 07:42:49.810 15 DEBUG neutron.api.rpc.callbacks.version_manager [req-7544e2e5-e05b-427f-8623-e883574c35dd 0d55f7b067784de79c7f78a69e86f4ad ad86801237bc4fe38f1b49bec540fcb6 - - -] Version for resource type SecurityGroup changed None to 1.5 on consumer Open vSwitch agent@undercloud.ooo.test _set_version /usr/lib/python3.9/site-packages/neutron/api/rpc/callbacks/version_manager.py:113
2026-06-15 07:42:49.810 15 DEBUG neutron.api.rpc.callbacks.version_manager [req-7544e2e5-e05b-427f-8623-e883574c35dd 0d55f7b067784de79c7f78a69e86f4ad ad86801237bc4fe38f1b49bec540fcb6 - - -] Version for resource type SecurityGroupRule changed None to 1.2 on consumer Open vSwitch agent@undercloud.ooo.test _set_version /usr/lib/python3.9/site-packages/neutron/api/rpc/callbacks/version_manager.py:113
2026-06-15 07:42:49.810 15 DEBUG neutron.api.rpc.callbacks.version_manager [req-7544e2e5-e05b-427f-8623-e883574c35dd 0d55f7b067784de79c7f78a69e86f4ad ad86801237bc4fe38f1b49bec540fcb6 - - -] Version for resource type SubPort changed None to 1.0 on consumer Open vSwitch agent@undercloud.ooo.test _set_version /usr/lib/python3.9/site-packages/neutron/api/rpc/callbacks/version_manager.py:113
2026-06-15 07:42:49.810 15 DEBUG neutron.api.rpc.callbacks.version_manager [req-7544e2e5-e05b-427f-8623-e883574c35dd 0d55f7b067784de79c7f78a69e86f4ad ad86801237bc4fe38f1b49bec540fcb6 - - -] Version for resource type Subnet changed None to 1.1 on consumer Open vSwitch agent@undercloud.ooo.test _set_version /usr/lib/python3.9/site-packages/neutron/api/rpc/callbacks/version_manager.py:113
2026-06-15 07:42:49.810 15 DEBUG neutron.api.rpc.callbacks.version_manager [req-7544e2e5-e05b-427f-8623-e883574c35dd 0d55f7b067784de79c7f78a69e86f4ad ad86801237bc4fe38f1b49bec540fcb6 - - -] Version for resource type Trunk changed None to 1.1 on consumer Open vSwitch agent@undercloud.ooo.test _set_version /usr/lib/python3.9/site-packages/neutron/api/rpc/callbacks/version_manager.py:113
2026-06-15 07:42:49.811 15 DEBUG neutron.api.rpc.callbacks.version_manager [req-7544e2e5-e05b-427f-8623-e883574c35dd 0d55f7b067784de79c7f78a69e86f4ad ad86801237bc4fe38f1b49bec540fcb6 - - -] Tracked resource versions report: pushed versions: { 'AddressGroup': {'1.2'}, 'ConntrackHelper': {'1.0'}, 'Log': {'1.0'}, 'Network': {'1.1'}, 'Port': {'1.7'}, 'PortForwarding': {'1.2'}, 'QosPolicy': {'1.8'}, 'SecurityGroup': {'1.5'}, 'SecurityGroupRule': {'1.2'}, 'SubPort': {'1.0'}, 'Subnet': {'1.1'}, 'Trunk': {'1.1'}} consumer versions: { DHCP agent@undercloud.ooo.test: {}, L3 agent@undercloud.ooo.test: {}, Open vSwitch agent@undercloud.ooo.test: { 'AddressGroup': '1.2', 'ConntrackHelper': '1.0', 'Log': '1.0', 'Network': '1.1', 'Port': '1.7', 'PortForwarding': '1.2', 'QosPolicy': '1.8', 'SecurityGroup': '1.5', 'SecurityGroupRule': '1.2', 'SubPort': '1.0', 'Subnet': '1.1', 'Trunk': '1.1'}} report /usr/lib/python3.9/site-packages/neutron/api/rpc/callbacks/version_manager.py:175
2026-06-15 07:42:49.826 15 DEBUG neutron.services.segments.db [req-7544e2e5-e05b-427f-8623-e883574c35dd 0d55f7b067784de79c7f78a69e86f4ad ad86801237bc4fe38f1b49bec540fcb6 - default default] Segment 943fa584-4861-4a7d-a247-30fa0c4a357e mapped to the hosts {'undercloud.ooo.test'} map_segment_to_hosts /usr/lib/python3.9/site-packages/neutron/services/segments/db.py:339
2026-06-15 07:42:49.826 15 INFO neutron.db.segments_db [req-7544e2e5-e05b-427f-8623-e883574c35dd 0d55f7b067784de79c7f78a69e86f4ad ad86801237bc4fe38f1b49bec540fcb6 - default default] Added segment 943fa584-4861-4a7d-a247-30fa0c4a357e of type flat for network 60dad0cd-4b0e-4a5e-ba6b-c894bf3cb771
2026-06-15 07:42:49.880 15 DEBUG neutron_lib.callbacks.manager [req-7544e2e5-e05b-427f-8623-e883574c35dd 0d55f7b067784de79c7f78a69e86f4ad ad86801237bc4fe38f1b49bec540fcb6 - default default] Notify callbacks ['neutron.services.auto_allocate.db._ensure_external_network_default_value_callback-8735175165489'] for network, precommit_create _notify_loop /usr/lib/python3.9/site-packages/neutron_lib/callbacks/manager.py:200
2026-06-15 07:42:49.901 15 DEBUG neutron_lib.callbacks.manager [req-7544e2e5-e05b-427f-8623-e883574c35dd 0d55f7b067784de79c7f78a69e86f4ad ad86801237bc4fe38f1b49bec540fcb6 - default default] Notify callbacks ['neutron.plugins.ml2.ovo_rpc._ObjectChangeHandler.handle_event-601156', 'neutron.api.rpc.agentnotifiers.dhcp_rpc_agent_api.DhcpAgentNotifyAPI._native_event_send_dhcp_notification-685674'] for network, after_create _notify_loop /usr/lib/python3.9/site-packages/neutron_lib/callbacks/manager.py:200
2026-06-15 07:42:49.902 15 DEBUG neutron.pecan_wsgi.hooks.policy_enforcement [req-7544e2e5-e05b-427f-8623-e883574c35dd 0d55f7b067784de79c7f78a69e86f4ad ad86801237bc4fe38f1b49bec540fcb6 - default default] Attributes excluded by policy engine: ['standard_attr_id', 'vlan_transparent'] _exclude_attributes_by_policy /usr/lib/python3.9/site-packages/neutron/pecan_wsgi/hooks/policy_enforcement.py:259
2026-06-15 07:42:49.902 15 DEBUG neutron_lib.callbacks.manager [req-7544e2e5-e05b-427f-8623-e883574c35dd 0d55f7b067784de79c7f78a69e86f4ad ad86801237bc4fe38f1b49bec540fcb6 - default default] Notify callbacks ['neutron.api.rpc.agentnotifiers.dhcp_rpc_agent_api.DhcpAgentNotifyAPI._send_dhcp_notification-685656'] for network, before_response _notify_loop /usr/lib/python3.9/site-packages/neutron_lib/callbacks/manager.py:200
2026-06-15 07:42:49.935 17 DEBUG neutron.wsgi [-] (17) accepted ('192.168.122.100', 58750) server /usr/lib/python3.9/site-packages/eventlet/wsgi.py:992
2026-06-15 07:42:49.937 17 INFO neutron.wsgi [-] 192.168.122.100 "GET /healthcheck HTTP/1.0" status: 200 len: 137 time: 0.0013542
2026-06-15 07:42:49.938 15 INFO neutron.wsgi [req-7544e2e5-e05b-427f-8623-e883574c35dd 0d55f7b067784de79c7f78a69e86f4ad ad86801237bc4fe38f1b49bec540fcb6 - default default] 192.168.122.99,192.168.122.100 "POST /v2.0/networks HTTP/1.1" status: 201 len: 881 time: 0.2781587
2026-06-15 07:42:49.983 15 DEBUG neutron.api.rpc.handlers.resources_rpc [req-7544e2e5-e05b-427f-8623-e883574c35dd 0d55f7b067784de79c7f78a69e86f4ad ad86801237bc4fe38f1b49bec540fcb6 - - -] Pushing event updated for resources: {'Network': ['ID=60dad0cd-4b0e-4a5e-ba6b-c894bf3cb771,revision_number=1']} push /usr/lib/python3.9/site-packages/neutron/api/rpc/handlers/resources_rpc.py:237
2026-06-15 07:42:49.992 15 INFO neutron.wsgi [req-2db3742e-b33f-4b0b-b373-1df0d3b260aa 0d55f7b067784de79c7f78a69e86f4ad ad86801237bc4fe38f1b49bec540fcb6 - default default] 192.168.122.99,192.168.122.100 "GET /v2.0/subnets?cidr=192.168.122.0%2F24&network_id=60dad0cd-4b0e-4a5e-ba6b-c894bf3cb771 HTTP/1.1" status: 200 len: 188 time: 0.0418851
2026-06-15 07:42:49.996 22 DEBUG neutron.plugins.ml2.rpc [req-c15f4b16-955c-4139-a72a-025a0962943e - - - - -] Network 60dad0cd-4b0e-4a5e-ba6b-c894bf3cb771 details requested by agent ovs-agent-undercloud.ooo.test with host undercloud.ooo.test get_network_details /usr/lib/python3.9/site-packages/neutron/plugins/ml2/rpc.py:232
2026-06-15 07:42:50.002 15 DEBUG neutron.services.segments.db [req-90eb0829-2d41-4582-a704-bd8e31901642 0d55f7b067784de79c7f78a69e86f4ad ad86801237bc4fe38f1b49bec540fcb6 - default default] neutron.services.segments.plugin.Plugin method get_segments called with arguments (,) {'filters': {'network_id': ['60dad0cd-4b0e-4a5e-ba6b-c894bf3cb771'], 'physical_network': ['ctlplane']}, 'fields': [], 'sorts': [('id', True)], 'limit': None, 'marker': None, 'page_reverse': False} wrapper /usr/lib/python3.9/site-packages/oslo_log/helpers.py:65
2026-06-15 07:42:50.013 15 INFO neutron.wsgi [req-90eb0829-2d41-4582-a704-bd8e31901642 0d55f7b067784de79c7f78a69e86f4ad ad86801237bc4fe38f1b49bec540fcb6 - default default] 192.168.122.99,192.168.122.100 "GET /v2.0/segments?network_id=60dad0cd-4b0e-4a5e-ba6b-c894bf3cb771&physical_network=ctlplane HTTP/1.1" status: 200 len: 505 time: 0.0142984
2026-06-15 07:42:50.022 15 DEBUG neutron.api.v2.base [req-9eabe976-34b2-4a67-8584-5de35603f23a 0d55f7b067784de79c7f78a69e86f4ad ad86801237bc4fe38f1b49bec540fcb6 - default default] Request body: {'subnet': {'network_id': '60dad0cd-4b0e-4a5e-ba6b-c894bf3cb771', 'host_routes': [], 'allocation_pools': [{'end': '192.168.122.130', 'start': '192.168.122.110'}], 'ip_version': '4', 'enable_dhcp': True, 'dns_nameservers': ['192.168.122.10'], 'gateway_ip': '192.168.122.10', 'segment_id': None, 'cidr': '192.168.122.0/24', 'name': 'ctlplane-subnet'}} prepare_request_body /usr/lib/python3.9/site-packages/neutron/api/v2/base.py:729
2026-06-15 07:42:50.036 15 DEBUG neutron.pecan_wsgi.hooks.quota_enforcement [req-9eabe976-34b2-4a67-8584-5de35603f23a 0d55f7b067784de79c7f78a69e86f4ad ad86801237bc4fe38f1b49bec540fcb6 - default default] Made reservation on behalf of ad86801237bc4fe38f1b49bec540fcb6 for: {'subnet': 1} before /usr/lib/python3.9/site-packages/neutron/pecan_wsgi/hooks/quota_enforcement.py:53
2026-06-15 07:42:50.037 15 DEBUG neutron_lib.callbacks.manager [req-9eabe976-34b2-4a67-8584-5de35603f23a 0d55f7b067784de79c7f78a69e86f4ad ad86801237bc4fe38f1b49bec540fcb6 - default default] Notify callbacks ['neutron.services.segments.plugin.SegmentHostRoutes.host_routes_before_create-581370'] for subnet, before_create _notify_loop /usr/lib/python3.9/site-packages/neutron_lib/callbacks/manager.py:200
2026-06-15 07:42:50.085 15 DEBUG neutron.db.ipam_backend_mixin [req-9eabe976-34b2-4a67-8584-5de35603f23a 0d55f7b067784de79c7f78a69e86f4ad ad86801237bc4fe38f1b49bec540fcb6 - default default] Performing IP validity checks on allocation pools validate_allocation_pools /usr/lib/python3.9/site-packages/neutron/db/ipam_backend_mixin.py:314
2026-06-15 07:42:50.086 15 DEBUG neutron.db.ipam_backend_mixin [req-9eabe976-34b2-4a67-8584-5de35603f23a 0d55f7b067784de79c7f78a69e86f4ad ad86801237bc4fe38f1b49bec540fcb6 - default default] Checking for overlaps among allocation pools and gateway ip validate_allocation_pools /usr/lib/python3.9/site-packages/neutron/db/ipam_backend_mixin.py:335
2026-06-15 07:42:50.158 15 DEBUG neutron_lib.callbacks.manager [req-9eabe976-34b2-4a67-8584-5de35603f23a 0d55f7b067784de79c7f78a69e86f4ad ad86801237bc4fe38f1b49bec540fcb6 - default default] Notify callbacks ['neutron.plugins.ml2.ovo_rpc._ObjectChangeHandler.handle_event-601235', 'neutron.api.rpc.agentnotifiers.dhcp_rpc_agent_api.DhcpAgentNotifyAPI._native_event_send_dhcp_notification-685674', 'neutron.services.segments.plugin.NovaSegmentNotifier._notify_subnet_created-985136', 'neutron.services.segments.plugin.SegmentHostRoutes.host_routes_after_create-581376'] for subnet, after_create _notify_loop /usr/lib/python3.9/site-packages/neutron_lib/callbacks/manager.py:200
2026-06-15 07:42:50.190 15 DEBUG neutron.api.rpc.handlers.resources_rpc [req-9eabe976-34b2-4a67-8584-5de35603f23a 0d55f7b067784de79c7f78a69e86f4ad ad86801237bc4fe38f1b49bec540fcb6 - - -] Pushing event updated for resources: {'Subnet': ['ID=f7ea8b1c-d89b-4b47-9ff6-a7e59c733966,revision_number=0']} push /usr/lib/python3.9/site-packages/neutron/api/rpc/handlers/resources_rpc.py:237
2026-06-15 07:42:50.198 15 DEBUG neutron.plugins.ml2.drivers.mech_agent [req-9eabe976-34b2-4a67-8584-5de35603f23a 0d55f7b067784de79c7f78a69e86f4ad ad86801237bc4fe38f1b49bec540fcb6 - default default] Checking segment: {'id': '943fa584-4861-4a7d-a247-30fa0c4a357e', 'network_type': 'flat', 'physical_network': 'ctlplane', 'segmentation_id': None, 'network_id': '60dad0cd-4b0e-4a5e-ba6b-c894bf3cb771'} for mappings: {'ctlplane': 'br-ctlplane'} with network types: ['local', 'flat', 'vlan'] check_segment_for_agent /usr/lib/python3.9/site-packages/neutron/plugins/ml2/drivers/mech_agent.py:343
2026-06-15 07:42:50.198 15 DEBUG neutron.scheduler.dhcp_agent_scheduler [req-9eabe976-34b2-4a67-8584-5de35603f23a 0d55f7b067784de79c7f78a69e86f4ad ad86801237bc4fe38f1b49bec540fcb6 - default default] Network hostable DHCP agents. Network: 60dad0cd-4b0e-4a5e-ba6b-c894bf3cb771, hostable agents: ['3323f765-ef5f-4042-bac6-8940f07f8850'], hosted agents: [] _get_network_hostable_dhcp_agents /usr/lib/python3.9/site-packages/neutron/scheduler/dhcp_agent_scheduler.py:329
2026-06-15 07:42:50.210 15 DEBUG neutron.scheduler.dhcp_agent_scheduler [req-9eabe976-34b2-4a67-8584-5de35603f23a 0d55f7b067784de79c7f78a69e86f4ad ad86801237bc4fe38f1b49bec540fcb6 - default default] Network 60dad0cd-4b0e-4a5e-ba6b-c894bf3cb771 is scheduled to be hosted by DHCP agent 3323f765-ef5f-4042-bac6-8940f07f8850 with binding_index 1 bind /usr/lib/python3.9/site-packages/neutron/scheduler/dhcp_agent_scheduler.py:227
2026-06-15 07:42:50.215 15 DEBUG neutron.scheduler.base_scheduler [req-9eabe976-34b2-4a67-8584-5de35603f23a 0d55f7b067784de79c7f78a69e86f4ad ad86801237bc4fe38f1b49bec540fcb6 - default default] Resources bound (agent type, host, resource id): (DHCP agent, undercloud.ooo.test, 60dad0cd-4b0e-4a5e-ba6b-c894bf3cb771) schedule /usr/lib/python3.9/site-packages/neutron/scheduler/base_scheduler.py:57
2026-06-15 07:42:50.218 15 DEBUG neutron.pecan_wsgi.hooks.policy_enforcement [req-9eabe976-34b2-4a67-8584-5de35603f23a 0d55f7b067784de79c7f78a69e86f4ad ad86801237bc4fe38f1b49bec540fcb6 - default default] Attributes excluded by policy engine: ['standard_attr_id', 'shared', 'network'] _exclude_attributes_by_policy /usr/lib/python3.9/site-packages/neutron/pecan_wsgi/hooks/policy_enforcement.py:259
2026-06-15 07:42:50.218 15 DEBUG neutron_lib.callbacks.manager [req-9eabe976-34b2-4a67-8584-5de35603f23a 0d55f7b067784de79c7f78a69e86f4ad ad86801237bc4fe38f1b49bec540fcb6 - default default] Notify callbacks ['neutron.api.rpc.agentnotifiers.dhcp_rpc_agent_api.DhcpAgentNotifyAPI._send_dhcp_notification-685656'] for subnet, before_response _notify_loop /usr/lib/python3.9/site-packages/neutron_lib/callbacks/manager.py:200
2026-06-15 07:42:50.224 21 DEBUG neutron.api.rpc.handlers.dhcp_rpc [req-1933739b-7b92-488c-9ece-81fae9b87ef2 - - - - -] Network 60dad0cd-4b0e-4a5e-ba6b-c894bf3cb771 requested from undercloud.ooo.test get_network_info /usr/lib/python3.9/site-packages/neutron/api/rpc/handlers/dhcp_rpc.py:213
2026-06-15 07:42:50.234 15 INFO neutron.wsgi [req-9eabe976-34b2-4a67-8584-5de35603f23a 0d55f7b067784de79c7f78a69e86f4ad ad86801237bc4fe38f1b49bec540fcb6 - default default] 192.168.122.99,192.168.122.100 "POST /v2.0/subnets HTTP/1.1" status: 201 len: 847 time: 0.2145939
2026-06-15 07:42:50.244 15 DEBUG neutron.services.tag.tag_plugin [req-aca1bfe2-781d-4da4-87ac-c98cbeb57598 0d55f7b067784de79c7f78a69e86f4ad ad86801237bc4fe38f1b49bec540fcb6 - default default] neutron.services.tag.tag_plugin.TagPlugin method update_tags called with arguments (, 'networks', '60dad0cd-4b0e-4a5e-ba6b-c894bf3cb771', {'tags': ['192.168.122.0/24']}) {} wrapper /usr/lib/python3.9/site-packages/oslo_log/helpers.py:65
2026-06-15 07:42:50.350 15 INFO neutron.wsgi [req-aca1bfe2-781d-4da4-87ac-c98cbeb57598 0d55f7b067784de79c7f78a69e86f4ad ad86801237bc4fe38f1b49bec540fcb6 - default default] 192.168.122.99,192.168.122.100 "PUT /v2.0/networks/60dad0cd-4b0e-4a5e-ba6b-c894bf3cb771/tags HTTP/1.1" status: 200 len: 204 time: 0.1109788
2026-06-15 07:42:50.391 20 DEBUG neutron.api.rpc.handlers.dhcp_rpc [req-7552352f-c58e-4058-b63a-b46255c8d078 - - - - -] Create dhcp port {'port': {'name': '', 'admin_state_up': True, 'device_id': 'dhcp4ffb0b0c-492f-50f3-b91f-5f97b4a206be-60dad0cd-4b0e-4a5e-ba6b-c894bf3cb771', 'network_id': '60dad0cd-4b0e-4a5e-ba6b-c894bf3cb771', 'tenant_id': 'ad86801237bc4fe38f1b49bec540fcb6', 'fixed_ips': [{'subnet_id': 'f7ea8b1c-d89b-4b47-9ff6-a7e59c733966'}]}} from undercloud.ooo.test. create_dhcp_port /usr/lib/python3.9/site-packages/neutron/api/rpc/handlers/dhcp_rpc.py:279
2026-06-15 07:42:50.392 20 DEBUG neutron_lib.callbacks.manager [req-7552352f-c58e-4058-b63a-b46255c8d078 - - - - -] Notify callbacks ['neutron.plugins.ml2.plugin.SecurityGroupDbMixin._ensure_default_security_group_handler-1803786'] for port, before_create _notify_loop /usr/lib/python3.9/site-packages/neutron_lib/callbacks/manager.py:200
2026-06-15 07:42:50.545 20 DEBUG neutron.db.db_base_plugin_common [req-7552352f-c58e-4058-b63a-b46255c8d078 - - - - -] Allocated IP 192.168.122.110 (60dad0cd-4b0e-4a5e-ba6b-c894bf3cb771/f7ea8b1c-d89b-4b47-9ff6-a7e59c733966/7ac7080d-ac65-489a-b814-7a37f2679d25) _store_ip_allocation /usr/lib/python3.9/site-packages/neutron/db/db_base_plugin_common.py:131
2026-06-15 07:42:50.670 20 DEBUG neutron_lib.callbacks.manager [req-7552352f-c58e-4058-b63a-b46255c8d078 - - - - -] Notify callbacks [] for allowed_address_pair, before_create _notify_loop /usr/lib/python3.9/site-packages/neutron_lib/callbacks/manager.py:200
2026-06-15 07:42:50.672 20 DEBUG neutron_lib.callbacks.manager [req-7552352f-c58e-4058-b63a-b46255c8d078 - - - - -] Notify callbacks [] for port, precommit_create _notify_loop /usr/lib/python3.9/site-packages/neutron_lib/callbacks/manager.py:200
2026-06-15 07:42:50.679 20 DEBUG neutron.db.provisioning_blocks [req-7552352f-c58e-4058-b63a-b46255c8d078 - - - - -] Transition to ACTIVE for port object 7ac7080d-ac65-489a-b814-7a37f2679d25 will not be triggered until provisioned by entity L2. add_provisioning_component /usr/lib/python3.9/site-packages/neutron/db/provisioning_blocks.py:74
2026-06-15 07:42:50.687 20 DEBUG neutron.db.provisioning_blocks [req-7552352f-c58e-4058-b63a-b46255c8d078 - - - - -] Transition to ACTIVE for port object 7ac7080d-ac65-489a-b814-7a37f2679d25 will not be triggered until provisioned by entity DHCP. add_provisioning_component /usr/lib/python3.9/site-packages/neutron/db/provisioning_blocks.py:74
2026-06-15 07:42:50.690 20 DEBUG neutron_lib.callbacks.manager [req-7552352f-c58e-4058-b63a-b46255c8d078 - - - - -] Notify callbacks ['neutron.plugins.ml2.plugin.SecurityGroupServerNotifierRpcMixin.notify_sg_on_port_change-1580098', 'neutron.plugins.ml2.extensions.dns_integration._create_port_in_external_dns_service-8735175696330', 'neutron.plugins.ml2.ovo_rpc._ObjectChangeHandler.handle_event-352160', 'neutron.api.rpc.agentnotifiers.dhcp_rpc_agent_api.DhcpAgentNotifyAPI._native_event_send_dhcp_notification-685674', 'neutron.services.segments.plugin.NovaSegmentNotifier._notify_port_created_or_deleted-985279'] for port, after_create _notify_loop /usr/lib/python3.9/site-packages/neutron_lib/callbacks/manager.py:200
2026-06-15 07:42:50.716 20 DEBUG neutron.scheduler.dhcp_agent_scheduler [req-7552352f-c58e-4058-b63a-b46255c8d078 - - - - -] Network 60dad0cd-4b0e-4a5e-ba6b-c894bf3cb771 is already hosted by enough agents. _get_dhcp_agents_hosting_network /usr/lib/python3.9/site-packages/neutron/scheduler/dhcp_agent_scheduler.py:275
2026-06-15 07:42:50.717 20 DEBUG neutron.scheduler.base_scheduler [req-7552352f-c58e-4058-b63a-b46255c8d078 - - - - -] Resources bound (agent type, host, resource id): schedule /usr/lib/python3.9/site-packages/neutron/scheduler/base_scheduler.py:57
2026-06-15 07:42:50.728 20 DEBUG neutron.api.rpc.handlers.resources_rpc [req-7552352f-c58e-4058-b63a-b46255c8d078 - - - - -] Pushing event updated for resources: {'Port': ['ID=7ac7080d-ac65-489a-b814-7a37f2679d25,revision_number=1']} push /usr/lib/python3.9/site-packages/neutron/api/rpc/handlers/resources_rpc.py:237
2026-06-15 07:42:50.731 20 DEBUG neutron.plugins.ml2.managers [req-7552352f-c58e-4058-b63a-b46255c8d078 - - - - -] Attempting to bind port 7ac7080d-ac65-489a-b814-7a37f2679d25 on host undercloud.ooo.test for vnic_type normal with profile bind_port /usr/lib/python3.9/site-packages/neutron/plugins/ml2/managers.py:806
2026-06-15 07:42:50.732 20 DEBUG neutron.plugins.ml2.managers [req-7552352f-c58e-4058-b63a-b46255c8d078 - - - - -] Attempting to bind port 7ac7080d-ac65-489a-b814-7a37f2679d25 by drivers openvswitch,baremetal on host undercloud.ooo.test at level 0 using segments [{'id': '943fa584-4861-4a7d-a247-30fa0c4a357e', 'network_type': 'flat', 'physical_network': 'ctlplane', 'segmentation_id': None, 'network_id': '60dad0cd-4b0e-4a5e-ba6b-c894bf3cb771'}] _bind_port_level /usr/lib/python3.9/site-packages/neutron/plugins/ml2/managers.py:831
2026-06-15 07:42:50.732 20 DEBUG neutron.plugins.ml2.drivers.mech_agent [req-7552352f-c58e-4058-b63a-b46255c8d078 - - - - -] Attempting to bind port 7ac7080d-ac65-489a-b814-7a37f2679d25 on network 60dad0cd-4b0e-4a5e-ba6b-c894bf3cb771 bind_port /usr/lib/python3.9/site-packages/neutron/plugins/ml2/drivers/mech_agent.py:86
2026-06-15 07:42:50.733 20 DEBUG neutron.api.rpc.callbacks.version_manager [req-7552352f-c58e-4058-b63a-b46255c8d078 - - - - -] Version for resource type AddressGroup changed None to 1.2 on consumer Open vSwitch agent@undercloud.ooo.test _set_version /usr/lib/python3.9/site-packages/neutron/api/rpc/callbacks/version_manager.py:113
2026-06-15 07:42:50.733 20 DEBUG neutron.api.rpc.callbacks.version_manager [req-7552352f-c58e-4058-b63a-b46255c8d078 - - - - -] Version for resource type ConntrackHelper changed None to 1.0 on consumer Open vSwitch agent@undercloud.ooo.test _set_version /usr/lib/python3.9/site-packages/neutron/api/rpc/callbacks/version_manager.py:113
2026-06-15 07:42:50.733 20 DEBUG neutron.api.rpc.callbacks.version_manager [req-7552352f-c58e-4058-b63a-b46255c8d078 - - - - -] Version for resource type Log changed None to 1.0 on consumer Open vSwitch agent@undercloud.ooo.test _set_version /usr/lib/python3.9/site-packages/neutron/api/rpc/callbacks/version_manager.py:113
2026-06-15 07:42:50.734 20 DEBUG neutron.api.rpc.callbacks.version_manager [req-7552352f-c58e-4058-b63a-b46255c8d078 - - - - -] Version for resource type Network changed None to 1.1 on consumer Open vSwitch agent@undercloud.ooo.test _set_version /usr/lib/python3.9/site-packages/neutron/api/rpc/callbacks/version_manager.py:113
2026-06-15 07:42:50.734 20 DEBUG neutron.api.rpc.callbacks.version_manager [req-7552352f-c58e-4058-b63a-b46255c8d078 - - - - -] Version for resource type Port changed None to 1.7 on consumer Open vSwitch agent@undercloud.ooo.test _set_version /usr/lib/python3.9/site-packages/neutron/api/rpc/callbacks/version_manager.py:113
2026-06-15 07:42:50.734 20 DEBUG neutron.api.rpc.callbacks.version_manager [req-7552352f-c58e-4058-b63a-b46255c8d078 - - - - -] Version for resource type PortForwarding changed None to 1.2 on consumer Open vSwitch agent@undercloud.ooo.test _set_version /usr/lib/python3.9/site-packages/neutron/api/rpc/callbacks/version_manager.py:113
2026-06-15 07:42:50.734 20 DEBUG neutron.api.rpc.callbacks.version_manager [req-7552352f-c58e-4058-b63a-b46255c8d078 - - - - -] Version for resource type QosPolicy changed None to 1.8 on consumer Open vSwitch agent@undercloud.ooo.test _set_version /usr/lib/python3.9/site-packages/neutron/api/rpc/callbacks/version_manager.py:113
2026-06-15 07:42:50.734 20 DEBUG neutron.api.rpc.callbacks.version_manager [req-7552352f-c58e-4058-b63a-b46255c8d078 - - - - -] Version for resource type SecurityGroup changed None to 1.5 on consumer Open vSwitch agent@undercloud.ooo.test _set_version /usr/lib/python3.9/site-packages/neutron/api/rpc/callbacks/version_manager.py:113
2026-06-15 07:42:50.734 20 DEBUG neutron.api.rpc.callbacks.version_manager [req-7552352f-c58e-4058-b63a-b46255c8d078 - - - - -] Version for resource type SecurityGroupRule changed None to 1.2 on consumer Open vSwitch agent@undercloud.ooo.test _set_version /usr/lib/python3.9/site-packages/neutron/api/rpc/callbacks/version_manager.py:113
2026-06-15 07:42:50.734 20 DEBUG neutron.api.rpc.callbacks.version_manager [req-7552352f-c58e-4058-b63a-b46255c8d078 - - - - -] Version for resource type SubPort changed None to 1.0 on consumer Open vSwitch agent@undercloud.ooo.test _set_version /usr/lib/python3.9/site-packages/neutron/api/rpc/callbacks/version_manager.py:113
2026-06-15 07:42:50.734 20 DEBUG neutron.api.rpc.callbacks.version_manager [req-7552352f-c58e-4058-b63a-b46255c8d078 - - - - -] Version for resource type Subnet changed None to 1.1 on consumer Open vSwitch agent@undercloud.ooo.test _set_version /usr/lib/python3.9/site-packages/neutron/api/rpc/callbacks/version_manager.py:113
2026-06-15 07:42:50.735 20 DEBUG neutron.api.rpc.callbacks.version_manager [req-7552352f-c58e-4058-b63a-b46255c8d078 - - - - -] Version for resource type Trunk changed None to 1.1 on consumer Open vSwitch agent@undercloud.ooo.test _set_version /usr/lib/python3.9/site-packages/neutron/api/rpc/callbacks/version_manager.py:113
2026-06-15 07:42:50.735 20 DEBUG neutron.api.rpc.callbacks.version_manager [req-7552352f-c58e-4058-b63a-b46255c8d078 - - - - -] Tracked resource versions report: pushed versions: { 'AddressGroup': {'1.2'}, 'ConntrackHelper': {'1.0'}, 'Log': {'1.0'}, 'Network': {'1.1'}, 'Port': {'1.7'}, 'PortForwarding': {'1.2'}, 'QosPolicy': {'1.8'}, 'SecurityGroup': {'1.5'}, 'SecurityGroupRule': {'1.2'}, 'SubPort': {'1.0'}, 'Subnet': {'1.1'}, 'Trunk': {'1.1'}} consumer versions: { DHCP agent@undercloud.ooo.test: {}, L3 agent@undercloud.ooo.test: {}, Open vSwitch agent@undercloud.ooo.test: { 'AddressGroup': '1.2', 'ConntrackHelper': '1.0', 'Log': '1.0', 'Network': '1.1', 'Port': '1.7', 'PortForwarding': '1.2', 'QosPolicy': '1.8', 'SecurityGroup': '1.5', 'SecurityGroupRule': '1.2', 'SubPort': '1.0', 'Subnet': '1.1', 'Trunk': '1.1'}} report /usr/lib/python3.9/site-packages/neutron/api/rpc/callbacks/version_manager.py:175
2026-06-15 07:42:50.744 20 DEBUG neutron.plugins.ml2.drivers.mech_agent [req-7552352f-c58e-4058-b63a-b46255c8d078 - - - - -] Checking agent: {'id': '7c114589-3f36-4f98-98d9-63ad97adc754', 'agent_type': 'Open vSwitch agent', 'binary': 'neutron-openvswitch-agent', 'topic': 'N/A', 'host': 'undercloud.ooo.test', 'admin_state_up': True, 'created_at': datetime.datetime(2026, 6, 15, 7, 41, 32), 'started_at': datetime.datetime(2026, 6, 15, 7, 41, 32), 'heartbeat_timestamp': datetime.datetime(2026, 6, 15, 7, 41, 32), 'description': None, 'resources_synced': None, 'availability_zone': None, 'alive': True, 'configurations': {'arp_responder_enabled': False, 'baremetal_smartnic': False, 'bridge_mappings': {'ctlplane': 'br-ctlplane'}, 'datapath_type': 'system', 'devices': 0, 'enable_distributed_routing': False, 'extensions': [], 'in_distributed_mode': False, 'integration_bridge': 'br-int', 'l2_population': False, 'log_agent_heartbeats': False, 'ovs_capabilities': {'datapath_types': ['netdev', 'system'], 'iface_types': ['bareudp', 'erspan', 'geneve', 'gre', 'gtpu', 'internal', 'ip6erspan', 'ip6gre', 'lisp', 'patch', 'srv6', 'stt', 'system', 'tap', 'vxlan']}, 'ovs_hybrid_plug': True, 'resource_provider_bandwidths': {}, 'resource_provider_hypervisors': {'br-ctlplane': 'undercloud.ooo.test'}, 'resource_provider_inventory_defaults': {'allocation_ratio': 1.0, 'min_unit': 1, 'step_size': 1, 'reserved': 0}, 'tunnel_types': [], 'tunneling_ip': None, 'vhostuser_socket_dir': '/var/run/openvswitch'}, 'resource_versions': {'AddressGroup': '1.2', 'ConntrackHelper': '1.0', 'Log': '1.0', 'Network': '1.1', 'Port': '1.7', 'PortForwarding': '1.2', 'QosPolicy': '1.8', 'SecurityGroup': '1.5', 'SecurityGroupRule': '1.2', 'SubPort': '1.0', 'Subnet': '1.1', 'Trunk': '1.1'}} bind_port /usr/lib/python3.9/site-packages/neutron/plugins/ml2/drivers/mech_agent.py:105
2026-06-15 07:42:50.744 20 DEBUG neutron.plugins.ml2.drivers.mech_agent [req-7552352f-c58e-4058-b63a-b46255c8d078 - - - - -] Checking segment: {'id': '943fa584-4861-4a7d-a247-30fa0c4a357e', 'network_type': 'flat', 'physical_network': 'ctlplane', 'segmentation_id': None, 'network_id': '60dad0cd-4b0e-4a5e-ba6b-c894bf3cb771'} for mappings: {'ctlplane': 'br-ctlplane'} with network types: ['local', 'flat', 'vlan'] check_segment_for_agent /usr/lib/python3.9/site-packages/neutron/plugins/ml2/drivers/mech_agent.py:343
2026-06-15 07:42:50.744 20 DEBUG neutron_lib.callbacks.manager [req-7552352f-c58e-4058-b63a-b46255c8d078 - - - - -] Notify callbacks [] for ovs_bridge_name, before_read _notify_loop /usr/lib/python3.9/site-packages/neutron_lib/callbacks/manager.py:200
2026-06-15 07:42:50.744 20 DEBUG neutron.plugins.ml2.drivers.mech_agent [req-7552352f-c58e-4058-b63a-b46255c8d078 - - - - -] Bound using segment: {'id': '943fa584-4861-4a7d-a247-30fa0c4a357e', 'network_type': 'flat', 'physical_network': 'ctlplane', 'segmentation_id': None, 'network_id': '60dad0cd-4b0e-4a5e-ba6b-c894bf3cb771'} bind_port /usr/lib/python3.9/site-packages/neutron/plugins/ml2/drivers/mech_agent.py:115
2026-06-15 07:42:50.745 20 DEBUG neutron.plugins.ml2.managers [req-7552352f-c58e-4058-b63a-b46255c8d078 - - - - -] Bound port: 7ac7080d-ac65-489a-b814-7a37f2679d25, host: undercloud.ooo.test, vif_type: ovs, vif_details: {"connectivity": "l2", "port_filter": true, "ovs_hybrid_plug": true, "datapath_type": "system", "bridge_name": "br-int"}, binding_levels: [{'bound_driver': 'openvswitch', 'bound_segment': {'id': '943fa584-4861-4a7d-a247-30fa0c4a357e', 'network_type': 'flat', 'physical_network': 'ctlplane', 'segmentation_id': None, 'network_id': '60dad0cd-4b0e-4a5e-ba6b-c894bf3cb771'}}] _bind_port_level /usr/lib/python3.9/site-packages/neutron/plugins/ml2/managers.py:944
2026-06-15 07:42:50.745 20 DEBUG neutron_lib.callbacks.manager [req-7552352f-c58e-4058-b63a-b46255c8d078 - - - - -] Notify callbacks ['neutron.plugins.ml2.plugin.SecurityGroupDbMixin._ensure_default_security_group_handler-1803786'] for port, before_update _notify_loop /usr/lib/python3.9/site-packages/neutron_lib/callbacks/manager.py:200
2026-06-15 07:42:50.792 20 DEBUG neutron.plugins.ml2.db [req-7552352f-c58e-4058-b63a-b46255c8d078 - - - - -] For port 7ac7080d-ac65-489a-b814-7a37f2679d25, host undercloud.ooo.test, cleared binding levels clear_binding_levels /usr/lib/python3.9/site-packages/neutron/plugins/ml2/db.py:88
2026-06-15 07:42:50.794 20 DEBUG neutron.plugins.ml2.db [req-7552352f-c58e-4058-b63a-b46255c8d078 - - - - -] For port 7ac7080d-ac65-489a-b814-7a37f2679d25, host undercloud.ooo.test, set binding levels [PortBindingLevel(driver='openvswitch',host='undercloud.ooo.test',level=0,port_id=7ac7080d-ac65-489a-b814-7a37f2679d25,segment=NetworkSegment(943fa584-4861-4a7d-a247-30fa0c4a357e),segment_id=943fa584-4861-4a7d-a247-30fa0c4a357e)] set_binding_levels /usr/lib/python3.9/site-packages/neutron/plugins/ml2/db.py:60
2026-06-15 07:42:50.797 20 DEBUG neutron_lib.callbacks.manager [req-7552352f-c58e-4058-b63a-b46255c8d078 - - - - -] Notify callbacks ['neutron.plugins.ml2.plugin.SecurityGroupServerNotifierRpcMixin.notify_sg_on_port_change-1580098', 'neutron.plugins.ml2.extensions.dns_integration._update_port_in_external_dns_service-8735175696357', 'neutron.plugins.ml2.ovo_rpc._ObjectChangeHandler.handle_event-352160', 'neutron.api.rpc.agentnotifiers.dhcp_rpc_agent_api.DhcpAgentNotifyAPI._native_event_send_dhcp_notification-685674', 'neutron.db.l3_db.L3RpcNotifierMixin._notify_gateway_port_ip_changed-8735175733917', 'neutron.db.l3_hascheduler_db._notify_l3_agent_ha_port_update-8735175220538', 'neutron.services.segments.plugin.NovaSegmentNotifier._notify_port_updated-985248'] for port, after_update _notify_loop /usr/lib/python3.9/site-packages/neutron_lib/callbacks/manager.py:200
2026-06-15 07:42:50.839 20 DEBUG neutron.api.rpc.handlers.resources_rpc [req-7552352f-c58e-4058-b63a-b46255c8d078 - - - - -] Pushing event updated for resources: {'Port': ['ID=7ac7080d-ac65-489a-b814-7a37f2679d25,revision_number=2']} push /usr/lib/python3.9/site-packages/neutron/api/rpc/handlers/resources_rpc.py:237
2026-06-15 07:42:51.938 18 DEBUG neutron.wsgi [-] (18) accepted ('192.168.122.100', 58758) server /usr/lib/python3.9/site-packages/eventlet/wsgi.py:992
2026-06-15 07:42:51.940 18 INFO neutron.wsgi [-] 192.168.122.100 "GET /healthcheck HTTP/1.0" status: 200 len: 137 time: 0.0013359
2026-06-15 07:42:53.064 22 DEBUG neutron.api.rpc.handlers.dhcp_rpc [req-7914df7b-e44a-4f89-9b85-81b9c7d6e1a5 - - - - -] Network 60dad0cd-4b0e-4a5e-ba6b-c894bf3cb771 requested from undercloud.ooo.test get_network_info /usr/lib/python3.9/site-packages/neutron/api/rpc/handlers/dhcp_rpc.py:213
2026-06-15 07:42:53.178 21 DEBUG neutron.db.provisioning_blocks [req-cb4b2ab4-976b-40fa-baec-c529705254c5 - - - - -] Provisioning for port 7ac7080d-ac65-489a-b814-7a37f2679d25 completed by entity DHCP. provisioning_complete /usr/lib/python3.9/site-packages/neutron/db/provisioning_blocks.py:134
2026-06-15 07:42:53.183 20 DEBUG neutron.plugins.ml2.rpc [req-c15f4b16-955c-4139-a72a-025a0962943e - - - - -] Device 7ac7080d-ac65-489a-b814-7a37f2679d25 up at agent ovs-agent-undercloud.ooo.test update_device_up /usr/lib/python3.9/site-packages/neutron/plugins/ml2/rpc.py:278
2026-06-15 07:42:53.254 20 DEBUG neutron.db.provisioning_blocks [req-c15f4b16-955c-4139-a72a-025a0962943e - - - - -] Provisioning for port 7ac7080d-ac65-489a-b814-7a37f2679d25 completed by entity L2. provisioning_complete /usr/lib/python3.9/site-packages/neutron/db/provisioning_blocks.py:134
2026-06-15 07:42:53.259 20 DEBUG neutron.db.provisioning_blocks [req-c15f4b16-955c-4139-a72a-025a0962943e - - - - -] Provisioning complete for port 7ac7080d-ac65-489a-b814-7a37f2679d25 triggered by entity L2. provisioning_complete /usr/lib/python3.9/site-packages/neutron/db/provisioning_blocks.py:140
