2026-06-15 07:43:24.760 16 INFO neutron.pecan_wsgi.hooks.translation [req-bd21526c-8c31-4677-9f8e-26ec1ca9bf61 0d55f7b067784de79c7f78a69e86f4ad ad86801237bc4fe38f1b49bec540fcb6 - default default] GET failed (client error): The resource could not be found.
2026-06-15 07:43:24.762 16 INFO neutron.wsgi [req-bd21526c-8c31-4677-9f8e-26ec1ca9bf61 0d55f7b067784de79c7f78a69e86f4ad ad86801237bc4fe38f1b49bec540fcb6 - default default] 192.168.122.99,192.168.122.100 "GET /v2.0/networks/storage HTTP/1.1" status: 404 len: 291 time: 0.5186751
2026-06-15 07:43:24.906 16 DEBUG neutron.policy [req-dc8686c9-bbb6-4e24-958e-2bea12102766 0d55f7b067784de79c7f78a69e86f4ad ad86801237bc4fe38f1b49bec540fcb6 - default default] Loaded default policies from ['networking-bgpvpn', 'neutron'] under neutron.policies entry points register_rules /usr/lib/python3.9/site-packages/neutron/policy.py:73
2026-06-15 07:43:24.930 16 DEBUG neutron.pecan_wsgi.hooks.policy_enforcement [req-dc8686c9-bbb6-4e24-958e-2bea12102766 0d55f7b067784de79c7f78a69e86f4ad ad86801237bc4fe38f1b49bec540fcb6 - default default] Attributes excluded by policy engine: ['standard_attr_id', 'vlan_transparent'] _exclude_attributes_by_policy /usr/lib/python3.9/site-packages/neutron/pecan_wsgi/hooks/policy_enforcement.py:259
2026-06-15 07:43:24.931 16 INFO neutron.wsgi [req-dc8686c9-bbb6-4e24-958e-2bea12102766 0d55f7b067784de79c7f78a69e86f4ad ad86801237bc4fe38f1b49bec540fcb6 - default default] 192.168.122.99,192.168.122.100 "GET /v2.0/networks?name=storage HTTP/1.1" status: 200 len: 1023 time: 0.1645274
2026-06-15 07:43:24.966 16 DEBUG neutron.pecan_wsgi.hooks.policy_enforcement [req-52a24513-f4d4-4f10-bccd-ae47538b370b 0d55f7b067784de79c7f78a69e86f4ad ad86801237bc4fe38f1b49bec540fcb6 - default default] Attributes excluded by policy engine: ['standard_attr_id', 'shared'] _exclude_attributes_by_policy /usr/lib/python3.9/site-packages/neutron/pecan_wsgi/hooks/policy_enforcement.py:259
2026-06-15 07:43:24.967 16 INFO neutron.wsgi [req-52a24513-f4d4-4f10-bccd-ae47538b370b 0d55f7b067784de79c7f78a69e86f4ad ad86801237bc4fe38f1b49bec540fcb6 - default default] 192.168.122.99,192.168.122.100 "GET /v2.0/subnets/93ad67e0-095a-4570-856c-ae4e7c1f3157 HTTP/1.1" status: 200 len: 859 time: 0.0295081
2026-06-15 07:43:24.984 16 INFO neutron.pecan_wsgi.hooks.translation [req-9e7a14d9-d88e-4679-b506-f42d8c3001d4 0d55f7b067784de79c7f78a69e86f4ad ad86801237bc4fe38f1b49bec540fcb6 - default default] GET failed (client error): The resource could not be found.
2026-06-15 07:43:24.984 16 INFO neutron.wsgi [req-9e7a14d9-d88e-4679-b506-f42d8c3001d4 0d55f7b067784de79c7f78a69e86f4ad ad86801237bc4fe38f1b49bec540fcb6 - default default] 192.168.122.99,192.168.122.100 "GET /v2.0/networks/storage_mgmt HTTP/1.1" status: 404 len: 296 time: 0.0114419
2026-06-15 07:43:25.037 16 DEBUG neutron.pecan_wsgi.hooks.policy_enforcement [req-f4eb3009-ed05-449d-b3e3-fbf5be6161ee 0d55f7b067784de79c7f78a69e86f4ad ad86801237bc4fe38f1b49bec540fcb6 - default default] Attributes excluded by policy engine: ['standard_attr_id', 'vlan_transparent'] _exclude_attributes_by_policy /usr/lib/python3.9/site-packages/neutron/pecan_wsgi/hooks/policy_enforcement.py:259
2026-06-15 07:43:25.038 16 INFO neutron.wsgi [req-f4eb3009-ed05-449d-b3e3-fbf5be6161ee 0d55f7b067784de79c7f78a69e86f4ad ad86801237bc4fe38f1b49bec540fcb6 - default default] 192.168.122.99,192.168.122.100 "GET /v2.0/networks?name=storage_mgmt HTTP/1.1" status: 200 len: 1051 time: 0.0512171
2026-06-15 07:43:25.069 16 DEBUG neutron.pecan_wsgi.hooks.policy_enforcement [req-fb668a9c-4a5b-4b9d-884e-82c5989ab5d4 0d55f7b067784de79c7f78a69e86f4ad ad86801237bc4fe38f1b49bec540fcb6 - default default] Attributes excluded by policy engine: ['standard_attr_id', 'shared'] _exclude_attributes_by_policy /usr/lib/python3.9/site-packages/neutron/pecan_wsgi/hooks/policy_enforcement.py:259
2026-06-15 07:43:25.070 16 INFO neutron.wsgi [req-fb668a9c-4a5b-4b9d-884e-82c5989ab5d4 0d55f7b067784de79c7f78a69e86f4ad ad86801237bc4fe38f1b49bec540fcb6 - default default] 192.168.122.99,192.168.122.100 "GET /v2.0/subnets/4c5fc5d8-8b7a-492d-8b2c-08d41a112d4a HTTP/1.1" status: 200 len: 864 time: 0.0283411
2026-06-15 07:43:25.086 16 INFO neutron.pecan_wsgi.hooks.translation [req-501802e8-45c3-49d8-bfd2-b134ade95a5e 0d55f7b067784de79c7f78a69e86f4ad ad86801237bc4fe38f1b49bec540fcb6 - default default] GET failed (client error): The resource could not be found.
2026-06-15 07:43:25.086 16 INFO neutron.wsgi [req-501802e8-45c3-49d8-bfd2-b134ade95a5e 0d55f7b067784de79c7f78a69e86f4ad ad86801237bc4fe38f1b49bec540fcb6 - default default] 192.168.122.99,192.168.122.100 "GET /v2.0/networks/internal_api HTTP/1.1" status: 404 len: 296 time: 0.0112371
2026-06-15 07:43:25.143 16 DEBUG neutron.pecan_wsgi.hooks.policy_enforcement [req-778a69c2-aa84-48ee-a77f-3cc187c31e69 0d55f7b067784de79c7f78a69e86f4ad ad86801237bc4fe38f1b49bec540fcb6 - default default] Attributes excluded by policy engine: ['standard_attr_id', 'vlan_transparent'] _exclude_attributes_by_policy /usr/lib/python3.9/site-packages/neutron/pecan_wsgi/hooks/policy_enforcement.py:259
2026-06-15 07:43:25.143 16 INFO neutron.wsgi [req-778a69c2-aa84-48ee-a77f-3cc187c31e69 0d55f7b067784de79c7f78a69e86f4ad ad86801237bc4fe38f1b49bec540fcb6 - default default] 192.168.122.99,192.168.122.100 "GET /v2.0/networks?name=internal_api HTTP/1.1" status: 200 len: 1052 time: 0.0534704
2026-06-15 07:43:25.176 16 DEBUG neutron.pecan_wsgi.hooks.policy_enforcement [req-e0266931-9f95-4cd6-be21-b4e5512f0893 0d55f7b067784de79c7f78a69e86f4ad ad86801237bc4fe38f1b49bec540fcb6 - default default] Attributes excluded by policy engine: ['standard_attr_id', 'shared'] _exclude_attributes_by_policy /usr/lib/python3.9/site-packages/neutron/pecan_wsgi/hooks/policy_enforcement.py:259
2026-06-15 07:43:25.177 16 INFO neutron.wsgi [req-e0266931-9f95-4cd6-be21-b4e5512f0893 0d55f7b067784de79c7f78a69e86f4ad ad86801237bc4fe38f1b49bec540fcb6 - default default] 192.168.122.99,192.168.122.100 "GET /v2.0/subnets/829c0b28-9c66-4ae2-9a7f-e923734ad258 HTTP/1.1" status: 200 len: 864 time: 0.0268400
2026-06-15 07:43:25.193 16 INFO neutron.pecan_wsgi.hooks.translation [req-4eb27b4d-6b8f-40be-9499-9728391d1c3f 0d55f7b067784de79c7f78a69e86f4ad ad86801237bc4fe38f1b49bec540fcb6 - default default] GET failed (client error): The resource could not be found.
2026-06-15 07:43:25.193 16 INFO neutron.wsgi [req-4eb27b4d-6b8f-40be-9499-9728391d1c3f 0d55f7b067784de79c7f78a69e86f4ad ad86801237bc4fe38f1b49bec540fcb6 - default default] 192.168.122.99,192.168.122.100 "GET /v2.0/networks/tenant HTTP/1.1" status: 404 len: 290 time: 0.0110075
2026-06-15 07:43:25.249 16 DEBUG neutron.pecan_wsgi.hooks.policy_enforcement [req-3125f6d7-3974-46cb-ba7d-cd28d276bd9b 0d55f7b067784de79c7f78a69e86f4ad ad86801237bc4fe38f1b49bec540fcb6 - default default] Attributes excluded by policy engine: ['standard_attr_id', 'vlan_transparent'] _exclude_attributes_by_policy /usr/lib/python3.9/site-packages/neutron/pecan_wsgi/hooks/policy_enforcement.py:259
2026-06-15 07:43:25.249 16 INFO neutron.wsgi [req-3125f6d7-3974-46cb-ba7d-cd28d276bd9b 0d55f7b067784de79c7f78a69e86f4ad ad86801237bc4fe38f1b49bec540fcb6 - default default] 192.168.122.99,192.168.122.100 "GET /v2.0/networks?name=tenant HTTP/1.1" status: 200 len: 998 time: 0.0528469
2026-06-15 07:43:25.283 16 DEBUG neutron.pecan_wsgi.hooks.policy_enforcement [req-0b415fa5-66c1-476b-b129-52c2b4cff613 0d55f7b067784de79c7f78a69e86f4ad ad86801237bc4fe38f1b49bec540fcb6 - default default] Attributes excluded by policy engine: ['standard_attr_id', 'shared'] _exclude_attributes_by_policy /usr/lib/python3.9/site-packages/neutron/pecan_wsgi/hooks/policy_enforcement.py:259
2026-06-15 07:43:25.284 16 INFO neutron.wsgi [req-0b415fa5-66c1-476b-b129-52c2b4cff613 0d55f7b067784de79c7f78a69e86f4ad ad86801237bc4fe38f1b49bec540fcb6 - default default] 192.168.122.99,192.168.122.100 "GET /v2.0/subnets/768cc85c-c868-4960-aab1-7c1f37b0407b HTTP/1.1" status: 200 len: 858 time: 0.0286798
2026-06-15 07:43:25.299 16 INFO neutron.pecan_wsgi.hooks.translation [req-8bdecbd6-40a0-4af8-ac71-96eb4baf9dac 0d55f7b067784de79c7f78a69e86f4ad ad86801237bc4fe38f1b49bec540fcb6 - default default] GET failed (client error): The resource could not be found.
2026-06-15 07:43:25.300 16 INFO neutron.wsgi [req-8bdecbd6-40a0-4af8-ac71-96eb4baf9dac 0d55f7b067784de79c7f78a69e86f4ad ad86801237bc4fe38f1b49bec540fcb6 - default default] 192.168.122.99,192.168.122.100 "GET /v2.0/networks/external HTTP/1.1" status: 404 len: 292 time: 0.0109539
2026-06-15 07:43:25.359 16 DEBUG neutron.pecan_wsgi.hooks.policy_enforcement [req-3c324b41-5864-46ed-8098-88259fdf94f6 0d55f7b067784de79c7f78a69e86f4ad ad86801237bc4fe38f1b49bec540fcb6 - default default] Attributes excluded by policy engine: ['standard_attr_id', 'vlan_transparent'] _exclude_attributes_by_policy /usr/lib/python3.9/site-packages/neutron/pecan_wsgi/hooks/policy_enforcement.py:259
2026-06-15 07:43:25.360 16 INFO neutron.wsgi [req-3c324b41-5864-46ed-8098-88259fdf94f6 0d55f7b067784de79c7f78a69e86f4ad ad86801237bc4fe38f1b49bec540fcb6 - default default] 192.168.122.99,192.168.122.100 "GET /v2.0/networks?name=external HTTP/1.1" status: 200 len: 1029 time: 0.0570893
2026-06-15 07:43:25.391 16 DEBUG neutron.pecan_wsgi.hooks.policy_enforcement [req-220d1959-3b4a-4dfe-bb68-cce82938e7b4 0d55f7b067784de79c7f78a69e86f4ad ad86801237bc4fe38f1b49bec540fcb6 - default default] Attributes excluded by policy engine: ['standard_attr_id', 'shared'] _exclude_attributes_by_policy /usr/lib/python3.9/site-packages/neutron/pecan_wsgi/hooks/policy_enforcement.py:259
2026-06-15 07:43:25.392 16 INFO neutron.wsgi [req-220d1959-3b4a-4dfe-bb68-cce82938e7b4 0d55f7b067784de79c7f78a69e86f4ad ad86801237bc4fe38f1b49bec540fcb6 - default default] 192.168.122.99,192.168.122.100 "GET /v2.0/subnets/6a4b53dc-4af3-47ce-b9be-00292df04306 HTTP/1.1" status: 200 len: 860 time: 0.0256975
2026-06-15 07:43:26.006 15 DEBUG neutron.wsgi [-] (15) accepted ('192.168.122.100', 49310) server /usr/lib/python3.9/site-packages/eventlet/wsgi.py:992
2026-06-15 07:43:26.011 15 INFO neutron.wsgi [-] 192.168.122.100 "GET /healthcheck HTTP/1.0" status: 200 len: 137 time: 0.0029006
2026-06-15 07:43:27.356 15 DEBUG neutron.wsgi [-] (15) accepted ('192.168.122.100', 49314) server /usr/lib/python3.9/site-packages/eventlet/wsgi.py:992
2026-06-15 07:43:27.359 15 INFO neutron.wsgi [-] 192.168.122.100 "GET / HTTP/1.1" status: 200 len: 233 time: 0.0013223
2026-06-15 07:43:28.012 16 DEBUG neutron.wsgi [-] (16) accepted ('192.168.122.100', 51042) server /usr/lib/python3.9/site-packages/eventlet/wsgi.py:992
2026-06-15 07:43:28.015 16 INFO neutron.wsgi [-] 192.168.122.100 "GET /healthcheck HTTP/1.0" status: 200 len: 137 time: 0.0025578
2026-06-15 07:43:30.017 15 DEBUG neutron.wsgi [-] (15) accepted ('192.168.122.100', 51058) server /usr/lib/python3.9/site-packages/eventlet/wsgi.py:992
2026-06-15 07:43:30.020 15 INFO neutron.wsgi [-] 192.168.122.100 "GET /healthcheck HTTP/1.0" status: 200 len: 137 time: 0.0027089
2026-06-15 07:43:31.085 18 DEBUG neutron.wsgi [-] (18) accepted ('192.168.122.100', 51064) server /usr/lib/python3.9/site-packages/eventlet/wsgi.py:992
2026-06-15 07:43:31.322 18 DEBUG neutron.pecan_wsgi.hooks.policy_enforcement [req-20698637-eb70-4aa6-8489-821869266876 0d55f7b067784de79c7f78a69e86f4ad ad86801237bc4fe38f1b49bec540fcb6 - default default] Attributes excluded by policy engine: ['standard_attr_id', 'vlan_transparent'] _exclude_attributes_by_policy /usr/lib/python3.9/site-packages/neutron/pecan_wsgi/hooks/policy_enforcement.py:259
2026-06-15 07:43:31.323 18 DEBUG neutron.pecan_wsgi.hooks.policy_enforcement [req-20698637-eb70-4aa6-8489-821869266876 0d55f7b067784de79c7f78a69e86f4ad ad86801237bc4fe38f1b49bec540fcb6 - default default] Attributes excluded by policy engine: ['standard_attr_id', 'vlan_transparent'] _exclude_attributes_by_policy /usr/lib/python3.9/site-packages/neutron/pecan_wsgi/hooks/policy_enforcement.py:259
2026-06-15 07:43:31.323 18 DEBUG neutron.pecan_wsgi.hooks.policy_enforcement [req-20698637-eb70-4aa6-8489-821869266876 0d55f7b067784de79c7f78a69e86f4ad ad86801237bc4fe38f1b49bec540fcb6 - default default] Attributes excluded by policy engine: ['standard_attr_id', 'vlan_transparent'] _exclude_attributes_by_policy /usr/lib/python3.9/site-packages/neutron/pecan_wsgi/hooks/policy_enforcement.py:259
2026-06-15 07:43:31.323 18 DEBUG neutron.pecan_wsgi.hooks.policy_enforcement [req-20698637-eb70-4aa6-8489-821869266876 0d55f7b067784de79c7f78a69e86f4ad ad86801237bc4fe38f1b49bec540fcb6 - default default] Attributes excluded by policy engine: ['standard_attr_id', 'vlan_transparent'] _exclude_attributes_by_policy /usr/lib/python3.9/site-packages/neutron/pecan_wsgi/hooks/policy_enforcement.py:259
2026-06-15 07:43:31.324 18 DEBUG neutron.pecan_wsgi.hooks.policy_enforcement [req-20698637-eb70-4aa6-8489-821869266876 0d55f7b067784de79c7f78a69e86f4ad ad86801237bc4fe38f1b49bec540fcb6 - default default] Attributes excluded by policy engine: ['standard_attr_id', 'vlan_transparent'] _exclude_attributes_by_policy /usr/lib/python3.9/site-packages/neutron/pecan_wsgi/hooks/policy_enforcement.py:259
2026-06-15 07:43:31.324 18 DEBUG neutron.pecan_wsgi.hooks.policy_enforcement [req-20698637-eb70-4aa6-8489-821869266876 0d55f7b067784de79c7f78a69e86f4ad ad86801237bc4fe38f1b49bec540fcb6 - default default] Attributes excluded by policy engine: ['standard_attr_id', 'vlan_transparent'] _exclude_attributes_by_policy /usr/lib/python3.9/site-packages/neutron/pecan_wsgi/hooks/policy_enforcement.py:259
2026-06-15 07:43:31.325 18 INFO neutron.wsgi [req-20698637-eb70-4aa6-8489-821869266876 0d55f7b067784de79c7f78a69e86f4ad ad86801237bc4fe38f1b49bec540fcb6 - default default] 192.168.122.99,192.168.122.100 "GET /v2.0/networks HTTP/1.1" status: 200 len: 5131 time: 0.2386625
2026-06-15 07:43:31.367 18 DEBUG neutron.pecan_wsgi.hooks.policy_enforcement [req-df838b1c-67dc-43ba-aba8-49e9532a35b4 0d55f7b067784de79c7f78a69e86f4ad ad86801237bc4fe38f1b49bec540fcb6 - default default] Attributes excluded by policy engine: ['standard_attr_id', 'shared'] _exclude_attributes_by_policy /usr/lib/python3.9/site-packages/neutron/pecan_wsgi/hooks/policy_enforcement.py:259
2026-06-15 07:43:31.368 18 INFO neutron.wsgi [req-df838b1c-67dc-43ba-aba8-49e9532a35b4 0d55f7b067784de79c7f78a69e86f4ad ad86801237bc4fe38f1b49bec540fcb6 - default default] 192.168.122.99,192.168.122.100 "GET /v2.0/subnets?network_id=60dad0cd-4b0e-4a5e-ba6b-c894bf3cb771 HTTP/1.1" status: 200 len: 845 time: 0.0363989
2026-06-15 07:43:31.408 18 DEBUG neutron.pecan_wsgi.hooks.policy_enforcement [req-b60bead4-432b-4da2-93da-3053bfbc73b3 0d55f7b067784de79c7f78a69e86f4ad ad86801237bc4fe38f1b49bec540fcb6 - default default] Attributes excluded by policy engine: ['standard_attr_id', 'shared'] _exclude_attributes_by_policy /usr/lib/python3.9/site-packages/neutron/pecan_wsgi/hooks/policy_enforcement.py:259
2026-06-15 07:43:31.409 18 INFO neutron.wsgi [req-b60bead4-432b-4da2-93da-3053bfbc73b3 0d55f7b067784de79c7f78a69e86f4ad ad86801237bc4fe38f1b49bec540fcb6 - default default] 192.168.122.99,192.168.122.100 "GET /v2.0/subnets?network_id=7ffa3a50-1c51-40b1-9277-6dfd07758b46 HTTP/1.1" status: 200 len: 862 time: 0.0343928
2026-06-15 07:43:31.447 18 DEBUG neutron.pecan_wsgi.hooks.policy_enforcement [req-b22689a6-a90b-43dd-9326-39ec8921af4c 0d55f7b067784de79c7f78a69e86f4ad ad86801237bc4fe38f1b49bec540fcb6 - default default] Attributes excluded by policy engine: ['standard_attr_id', 'shared'] _exclude_attributes_by_policy /usr/lib/python3.9/site-packages/neutron/pecan_wsgi/hooks/policy_enforcement.py:259
2026-06-15 07:43:31.448 18 INFO neutron.wsgi [req-b22689a6-a90b-43dd-9326-39ec8921af4c 0d55f7b067784de79c7f78a69e86f4ad ad86801237bc4fe38f1b49bec540fcb6 - default default] 192.168.122.99,192.168.122.100 "GET /v2.0/subnets?network_id=9575e2e3-cf15-4157-987b-ff9b75fa39ec HTTP/1.1" status: 200 len: 861 time: 0.0324886
2026-06-15 07:43:31.486 18 DEBUG neutron.pecan_wsgi.hooks.policy_enforcement [req-f5fa965d-1fb0-477e-8577-a5601fc00109 0d55f7b067784de79c7f78a69e86f4ad ad86801237bc4fe38f1b49bec540fcb6 - default default] Attributes excluded by policy engine: ['standard_attr_id', 'shared'] _exclude_attributes_by_policy /usr/lib/python3.9/site-packages/neutron/pecan_wsgi/hooks/policy_enforcement.py:259
2026-06-15 07:43:31.487 18 INFO neutron.wsgi [req-f5fa965d-1fb0-477e-8577-a5601fc00109 0d55f7b067784de79c7f78a69e86f4ad ad86801237bc4fe38f1b49bec540fcb6 - default default] 192.168.122.99,192.168.122.100 "GET /v2.0/subnets?network_id=beea7788-df4d-4512-a895-f26fdab2c579 HTTP/1.1" status: 200 len: 863 time: 0.0328491
2026-06-15 07:43:31.527 18 DEBUG neutron.pecan_wsgi.hooks.policy_enforcement [req-905304c5-4f99-4a0e-b76d-52fd013d203f 0d55f7b067784de79c7f78a69e86f4ad ad86801237bc4fe38f1b49bec540fcb6 - default default] Attributes excluded by policy engine: ['standard_attr_id', 'shared'] _exclude_attributes_by_policy /usr/lib/python3.9/site-packages/neutron/pecan_wsgi/hooks/policy_enforcement.py:259
2026-06-15 07:43:31.528 18 INFO neutron.wsgi [req-905304c5-4f99-4a0e-b76d-52fd013d203f 0d55f7b067784de79c7f78a69e86f4ad ad86801237bc4fe38f1b49bec540fcb6 - default default] 192.168.122.99,192.168.122.100 "GET /v2.0/subnets?network_id=dc07c2e1-651c-4c03-a8ba-6d3a01790a07 HTTP/1.1" status: 200 len: 867 time: 0.0336587
2026-06-15 07:43:31.564 18 DEBUG neutron.pecan_wsgi.hooks.policy_enforcement [req-e560a0b3-d1e0-4bf0-bafc-4e1137cd6131 0d55f7b067784de79c7f78a69e86f4ad ad86801237bc4fe38f1b49bec540fcb6 - default default] Attributes excluded by policy engine: ['standard_attr_id', 'shared'] _exclude_attributes_by_policy /usr/lib/python3.9/site-packages/neutron/pecan_wsgi/hooks/policy_enforcement.py:259
2026-06-15 07:43:31.565 18 INFO neutron.wsgi [req-e560a0b3-d1e0-4bf0-bafc-4e1137cd6131 0d55f7b067784de79c7f78a69e86f4ad ad86801237bc4fe38f1b49bec540fcb6 - default default] 192.168.122.99,192.168.122.100 "GET /v2.0/subnets?network_id=ec6e3dc5-56c1-46a0-bebf-73af58d28ea7 HTTP/1.1" status: 200 len: 867 time: 0.0315850
2026-06-15 07:43:31.594 15 DEBUG neutron.wsgi [-] (15) accepted ('192.168.122.100', 51074) server /usr/lib/python3.9/site-packages/eventlet/wsgi.py:992
2026-06-15 07:43:31.596 16 DEBUG neutron.wsgi [-] (16) accepted ('192.168.122.100', 51078) server /usr/lib/python3.9/site-packages/eventlet/wsgi.py:992
2026-06-15 07:43:31.599 18 DEBUG neutron.wsgi [-] (18) accepted ('192.168.122.100', 51080) server /usr/lib/python3.9/site-packages/eventlet/wsgi.py:992
2026-06-15 07:43:31.601 17 DEBUG neutron.wsgi [-] (17) accepted ('192.168.122.100', 51086) server /usr/lib/python3.9/site-packages/eventlet/wsgi.py:992
2026-06-15 07:43:31.623 18 INFO neutron.wsgi [req-822d9b8d-546d-4335-849b-bbfadb870c37 0d55f7b067784de79c7f78a69e86f4ad ad86801237bc4fe38f1b49bec540fcb6 - default default] 192.168.122.99,192.168.122.100 "GET /v2.0/ports?network_id=dc07c2e1-651c-4c03-a8ba-6d3a01790a07&tags=tripleo_stack_name%3Dovercloud&tags=tripleo_vip_net%3Dinternal_api HTTP/1.1" status: 200 len: 186 time: 0.0504313
2026-06-15 07:43:31.627 18 INFO neutron.wsgi [req-84498566-5511-49d2-b526-962170c22ede 0d55f7b067784de79c7f78a69e86f4ad ad86801237bc4fe38f1b49bec540fcb6 - default default] 192.168.122.99,192.168.122.100 "GET /v2.0/ports?network_id=beea7788-df4d-4512-a895-f26fdab2c579&tags=tripleo_stack_name%3Dovercloud&tags=tripleo_vip_net%3Dexternal HTTP/1.1" status: 200 len: 186 time: 0.0271716
2026-06-15 07:43:31.635 18 DEBUG neutron.api.v2.base [req-698e258d-ed82-4aaf-ab08-3faac70615e0 0d55f7b067784de79c7f78a69e86f4ad ad86801237bc4fe38f1b49bec540fcb6 - default default] Request body: {'port': {'network_id': 'beea7788-df4d-4512-a895-f26fdab2c579', 'name': 'external_vip', 'dns_name': 'overcloud', 'fixed_ips': [{'subnet_id': '6a4b53dc-4af3-47ce-b9be-00292df04306'}]}} prepare_request_body /usr/lib/python3.9/site-packages/neutron/api/v2/base.py:729
2026-06-15 07:43:31.638 18 DEBUG neutron.api.v2.base [req-3bdcd5da-f33f-404f-9afb-0d69281189a6 0d55f7b067784de79c7f78a69e86f4ad ad86801237bc4fe38f1b49bec540fcb6 - default default] Request body: {'port': {'network_id': 'dc07c2e1-651c-4c03-a8ba-6d3a01790a07', 'name': 'internal_api_vip', 'dns_name': 'overcloud', 'fixed_ips': [{'subnet_id': '829c0b28-9c66-4ae2-9a7f-e923734ad258'}]}} prepare_request_body /usr/lib/python3.9/site-packages/neutron/api/v2/base.py:729
2026-06-15 07:43:31.648 18 DEBUG neutron.pecan_wsgi.hooks.quota_enforcement [req-698e258d-ed82-4aaf-ab08-3faac70615e0 0d55f7b067784de79c7f78a69e86f4ad ad86801237bc4fe38f1b49bec540fcb6 - default default] Made reservation on behalf of ad86801237bc4fe38f1b49bec540fcb6 for: {'port': 1} before /usr/lib/python3.9/site-packages/neutron/pecan_wsgi/hooks/quota_enforcement.py:53
2026-06-15 07:43:31.649 18 DEBUG neutron_lib.callbacks.manager [req-698e258d-ed82-4aaf-ab08-3faac70615e0 0d55f7b067784de79c7f78a69e86f4ad ad86801237bc4fe38f1b49bec540fcb6 - default default] Notify callbacks ['neutron.plugins.ml2.plugin.SecurityGroupDbMixin._ensure_default_security_group_handler-1803786'] for port, before_create _notify_loop /usr/lib/python3.9/site-packages/neutron_lib/callbacks/manager.py:200
2026-06-15 07:43:31.657 18 DEBUG neutron.pecan_wsgi.hooks.quota_enforcement [req-3bdcd5da-f33f-404f-9afb-0d69281189a6 0d55f7b067784de79c7f78a69e86f4ad ad86801237bc4fe38f1b49bec540fcb6 - default default] Made reservation on behalf of ad86801237bc4fe38f1b49bec540fcb6 for: {'port': 1} before /usr/lib/python3.9/site-packages/neutron/pecan_wsgi/hooks/quota_enforcement.py:53
2026-06-15 07:43:31.658 18 DEBUG neutron_lib.callbacks.manager [req-3bdcd5da-f33f-404f-9afb-0d69281189a6 0d55f7b067784de79c7f78a69e86f4ad ad86801237bc4fe38f1b49bec540fcb6 - default default] Notify callbacks ['neutron.plugins.ml2.plugin.SecurityGroupDbMixin._ensure_default_security_group_handler-1803786'] for port, before_create _notify_loop /usr/lib/python3.9/site-packages/neutron_lib/callbacks/manager.py:200
2026-06-15 07:43:31.660 15 INFO neutron.wsgi [req-10e68275-e518-45f9-b304-1d1b739055ce 0d55f7b067784de79c7f78a69e86f4ad ad86801237bc4fe38f1b49bec540fcb6 - default default] 192.168.122.99,192.168.122.100 "GET /v2.0/ports?network_id=7ffa3a50-1c51-40b1-9277-6dfd07758b46&tags=tripleo_stack_name%3Dovercloud&tags=tripleo_vip_net%3Dstorage HTTP/1.1" status: 200 len: 186 time: 0.0645726
2026-06-15 07:43:31.662 16 INFO neutron.wsgi [req-9c967798-8be1-49a4-9153-4d175eda9597 0d55f7b067784de79c7f78a69e86f4ad ad86801237bc4fe38f1b49bec540fcb6 - default default] 192.168.122.99,192.168.122.100 "GET /v2.0/ports?network_id=ec6e3dc5-56c1-46a0-bebf-73af58d28ea7&tags=tripleo_stack_name%3Dovercloud&tags=tripleo_vip_net%3Dstorage_mgmt HTTP/1.1" status: 200 len: 186 time: 0.0642688
2026-06-15 07:43:31.663 17 INFO neutron.wsgi [req-e6aae912-8c72-4f32-8657-4f02d93a9c61 0d55f7b067784de79c7f78a69e86f4ad ad86801237bc4fe38f1b49bec540fcb6 - default default] 192.168.122.99,192.168.122.100 "GET /v2.0/ports?network_id=60dad0cd-4b0e-4a5e-ba6b-c894bf3cb771&tags=tripleo_stack_name%3Dovercloud&tags=tripleo_vip_net%3Dctlplane HTTP/1.1" status: 200 len: 186 time: 0.0604897
2026-06-15 07:43:31.674 18 DEBUG neutron.notifiers.nova [req-3bdcd5da-f33f-404f-9afb-0d69281189a6 0d55f7b067784de79c7f78a69e86f4ad ad86801237bc4fe38f1b49bec540fcb6 - default default] device_id is not set on port 6ca52720-21eb-4966-874c-f2806f191b64 yet. _can_notify /usr/lib/python3.9/site-packages/neutron/notifiers/nova.py:201
2026-06-15 07:43:31.674 15 DEBUG neutron.api.v2.base [req-00846430-72dc-4918-8101-a0e085479324 0d55f7b067784de79c7f78a69e86f4ad ad86801237bc4fe38f1b49bec540fcb6 - default default] Request body: {'port': {'network_id': '7ffa3a50-1c51-40b1-9277-6dfd07758b46', 'name': 'storage_vip', 'dns_name': 'overcloud', 'fixed_ips': [{'subnet_id': '93ad67e0-095a-4570-856c-ae4e7c1f3157'}]}} prepare_request_body /usr/lib/python3.9/site-packages/neutron/api/v2/base.py:729
2026-06-15 07:43:31.675 16 DEBUG neutron.api.v2.base [req-235533fc-cc1f-49fb-9aeb-09c4f2557d96 0d55f7b067784de79c7f78a69e86f4ad ad86801237bc4fe38f1b49bec540fcb6 - default default] Request body: {'port': {'network_id': 'ec6e3dc5-56c1-46a0-bebf-73af58d28ea7', 'name': 'storage_mgmt_vip', 'dns_name': 'overcloud', 'fixed_ips': [{'subnet_id': '4c5fc5d8-8b7a-492d-8b2c-08d41a112d4a'}]}} prepare_request_body /usr/lib/python3.9/site-packages/neutron/api/v2/base.py:729
2026-06-15 07:43:31.678 15 DEBUG neutron.api.v2.base [req-b9d43e0e-6d38-48ed-99b2-dc2dcfa885fa 0d55f7b067784de79c7f78a69e86f4ad ad86801237bc4fe38f1b49bec540fcb6 - default default] Request body: {'port': {'network_id': '60dad0cd-4b0e-4a5e-ba6b-c894bf3cb771', 'name': 'ctlplane_vip', 'dns_name': 'overcloud', 'fixed_ips': [{'ip_address': '192.168.122.99'}]}} prepare_request_body /usr/lib/python3.9/site-packages/neutron/api/v2/base.py:729
2026-06-15 07:43:31.687 18 DEBUG neutron.notifiers.nova [req-698e258d-ed82-4aaf-ab08-3faac70615e0 0d55f7b067784de79c7f78a69e86f4ad ad86801237bc4fe38f1b49bec540fcb6 - default default] device_id is not set on port 2479bfd8-c0a2-4ed1-8c10-3d4d65cfc697 yet. _can_notify /usr/lib/python3.9/site-packages/neutron/notifiers/nova.py:201
2026-06-15 07:43:31.689 15 DEBUG neutron.pecan_wsgi.hooks.quota_enforcement [req-00846430-72dc-4918-8101-a0e085479324 0d55f7b067784de79c7f78a69e86f4ad ad86801237bc4fe38f1b49bec540fcb6 - default default] Made reservation on behalf of ad86801237bc4fe38f1b49bec540fcb6 for: {'port': 1} before /usr/lib/python3.9/site-packages/neutron/pecan_wsgi/hooks/quota_enforcement.py:53
2026-06-15 07:43:31.691 15 DEBUG neutron_lib.callbacks.manager [req-00846430-72dc-4918-8101-a0e085479324 0d55f7b067784de79c7f78a69e86f4ad ad86801237bc4fe38f1b49bec540fcb6 - default default] Notify callbacks ['neutron.plugins.ml2.plugin.SecurityGroupDbMixin._ensure_default_security_group_handler-1803786'] for port, before_create _notify_loop /usr/lib/python3.9/site-packages/neutron_lib/callbacks/manager.py:200
2026-06-15 07:43:31.695 16 DEBUG neutron.pecan_wsgi.hooks.quota_enforcement [req-235533fc-cc1f-49fb-9aeb-09c4f2557d96 0d55f7b067784de79c7f78a69e86f4ad ad86801237bc4fe38f1b49bec540fcb6 - default default] Made reservation on behalf of ad86801237bc4fe38f1b49bec540fcb6 for: {'port': 1} before /usr/lib/python3.9/site-packages/neutron/pecan_wsgi/hooks/quota_enforcement.py:53
2026-06-15 07:43:31.697 16 DEBUG neutron_lib.callbacks.manager [req-235533fc-cc1f-49fb-9aeb-09c4f2557d96 0d55f7b067784de79c7f78a69e86f4ad ad86801237bc4fe38f1b49bec540fcb6 - default default] Notify callbacks ['neutron.plugins.ml2.plugin.SecurityGroupDbMixin._ensure_default_security_group_handler-1803786'] for port, before_create _notify_loop /usr/lib/python3.9/site-packages/neutron_lib/callbacks/manager.py:200
2026-06-15 07:43:31.701 15 DEBUG neutron.pecan_wsgi.hooks.quota_enforcement [req-b9d43e0e-6d38-48ed-99b2-dc2dcfa885fa 0d55f7b067784de79c7f78a69e86f4ad ad86801237bc4fe38f1b49bec540fcb6 - default default] Made reservation on behalf of ad86801237bc4fe38f1b49bec540fcb6 for: {'port': 1} before /usr/lib/python3.9/site-packages/neutron/pecan_wsgi/hooks/quota_enforcement.py:53
2026-06-15 07:43:31.703 15 DEBUG neutron_lib.callbacks.manager [req-b9d43e0e-6d38-48ed-99b2-dc2dcfa885fa 0d55f7b067784de79c7f78a69e86f4ad ad86801237bc4fe38f1b49bec540fcb6 - default default] Notify callbacks ['neutron.plugins.ml2.plugin.SecurityGroupDbMixin._ensure_default_security_group_handler-1803786'] for port, before_create _notify_loop /usr/lib/python3.9/site-packages/neutron_lib/callbacks/manager.py:200
2026-06-15 07:43:31.726 15 DEBUG neutron.notifiers.nova [req-00846430-72dc-4918-8101-a0e085479324 0d55f7b067784de79c7f78a69e86f4ad ad86801237bc4fe38f1b49bec540fcb6 - default default] device_id is not set on port 3b90e4e7-0965-406e-bc3a-80ebe284f9fd yet. _can_notify /usr/lib/python3.9/site-packages/neutron/notifiers/nova.py:201
2026-06-15 07:43:31.737 16 DEBUG neutron.notifiers.nova [req-235533fc-cc1f-49fb-9aeb-09c4f2557d96 0d55f7b067784de79c7f78a69e86f4ad ad86801237bc4fe38f1b49bec540fcb6 - default default] device_id is not set on port 82390685-a867-4250-9baa-541205c66d9c yet. _can_notify /usr/lib/python3.9/site-packages/neutron/notifiers/nova.py:201
2026-06-15 07:43:31.741 15 DEBUG neutron.notifiers.nova [req-b9d43e0e-6d38-48ed-99b2-dc2dcfa885fa 0d55f7b067784de79c7f78a69e86f4ad ad86801237bc4fe38f1b49bec540fcb6 - default default] device_id is not set on port 8f7efdde-e074-4bfe-b969-8de25f73964f yet. _can_notify /usr/lib/python3.9/site-packages/neutron/notifiers/nova.py:201
2026-06-15 07:43:31.850 16 DEBUG neutron.db.db_base_plugin_common [req-235533fc-cc1f-49fb-9aeb-09c4f2557d96 0d55f7b067784de79c7f78a69e86f4ad ad86801237bc4fe38f1b49bec540fcb6 - default default] Allocated IP 172.20.0.213 (ec6e3dc5-56c1-46a0-bebf-73af58d28ea7/4c5fc5d8-8b7a-492d-8b2c-08d41a112d4a/82390685-a867-4250-9baa-541205c66d9c) _store_ip_allocation /usr/lib/python3.9/site-packages/neutron/db/db_base_plugin_common.py:131
2026-06-15 07:43:31.852 18 DEBUG neutron.db.db_base_plugin_common [req-3bdcd5da-f33f-404f-9afb-0d69281189a6 0d55f7b067784de79c7f78a69e86f4ad ad86801237bc4fe38f1b49bec540fcb6 - default default] Allocated IP 172.17.0.148 (dc07c2e1-651c-4c03-a8ba-6d3a01790a07/829c0b28-9c66-4ae2-9a7f-e923734ad258/6ca52720-21eb-4966-874c-f2806f191b64) _store_ip_allocation /usr/lib/python3.9/site-packages/neutron/db/db_base_plugin_common.py:131
2026-06-15 07:43:31.856 18 DEBUG neutron.db.db_base_plugin_common [req-698e258d-ed82-4aaf-ab08-3faac70615e0 0d55f7b067784de79c7f78a69e86f4ad ad86801237bc4fe38f1b49bec540fcb6 - default default] Allocated IP 172.21.0.154 (beea7788-df4d-4512-a895-f26fdab2c579/6a4b53dc-4af3-47ce-b9be-00292df04306/2479bfd8-c0a2-4ed1-8c10-3d4d65cfc697) _store_ip_allocation /usr/lib/python3.9/site-packages/neutron/db/db_base_plugin_common.py:131
2026-06-15 07:43:31.884 15 DEBUG neutron.db.db_base_plugin_common [req-b9d43e0e-6d38-48ed-99b2-dc2dcfa885fa 0d55f7b067784de79c7f78a69e86f4ad ad86801237bc4fe38f1b49bec540fcb6 - default default] Allocated IP 192.168.122.99 (60dad0cd-4b0e-4a5e-ba6b-c894bf3cb771/f7ea8b1c-d89b-4b47-9ff6-a7e59c733966/8f7efdde-e074-4bfe-b969-8de25f73964f) _store_ip_allocation /usr/lib/python3.9/site-packages/neutron/db/db_base_plugin_common.py:131
2026-06-15 07:43:31.886 15 DEBUG neutron.db.db_base_plugin_common [req-00846430-72dc-4918-8101-a0e085479324 0d55f7b067784de79c7f78a69e86f4ad ad86801237bc4fe38f1b49bec540fcb6 - default default] Allocated IP 172.18.0.239 (7ffa3a50-1c51-40b1-9277-6dfd07758b46/93ad67e0-095a-4570-856c-ae4e7c1f3157/3b90e4e7-0965-406e-bc3a-80ebe284f9fd) _store_ip_allocation /usr/lib/python3.9/site-packages/neutron/db/db_base_plugin_common.py:131
2026-06-15 07:43:32.020 16 DEBUG neutron.wsgi [-] (16) accepted ('192.168.122.100', 51092) server /usr/lib/python3.9/site-packages/eventlet/wsgi.py:992
2026-06-15 07:43:32.022 16 INFO neutron.wsgi [-] 192.168.122.100 "GET /healthcheck HTTP/1.0" status: 200 len: 137 time: 0.0014052
2026-06-15 07:43:32.045 16 DEBUG neutron_lib.callbacks.manager [req-235533fc-cc1f-49fb-9aeb-09c4f2557d96 0d55f7b067784de79c7f78a69e86f4ad ad86801237bc4fe38f1b49bec540fcb6 - default default] Notify callbacks [] for allowed_address_pair, before_create _notify_loop /usr/lib/python3.9/site-packages/neutron_lib/callbacks/manager.py:200
2026-06-15 07:43:32.046 16 DEBUG neutron_lib.callbacks.manager [req-235533fc-cc1f-49fb-9aeb-09c4f2557d96 0d55f7b067784de79c7f78a69e86f4ad ad86801237bc4fe38f1b49bec540fcb6 - default default] Notify callbacks [] for port, precommit_create _notify_loop /usr/lib/python3.9/site-packages/neutron_lib/callbacks/manager.py:200
2026-06-15 07:43:32.078 16 DEBUG neutron_lib.callbacks.manager [req-235533fc-cc1f-49fb-9aeb-09c4f2557d96 0d55f7b067784de79c7f78a69e86f4ad ad86801237bc4fe38f1b49bec540fcb6 - default default] Notify callbacks ['neutron.plugins.ml2.plugin.SecurityGroupServerNotifierRpcMixin.notify_sg_on_port_change-1580098', 'neutron.plugins.ml2.extensions.dns_integration._create_port_in_external_dns_service-8735175696330', 'neutron.plugins.ml2.ovo_rpc._ObjectChangeHandler.handle_event-352160', 'neutron.api.rpc.agentnotifiers.dhcp_rpc_agent_api.DhcpAgentNotifyAPI._native_event_send_dhcp_notification-685674', 'neutron.services.segments.plugin.NovaSegmentNotifier._notify_port_created_or_deleted-985279'] for port, after_create _notify_loop /usr/lib/python3.9/site-packages/neutron_lib/callbacks/manager.py:200
2026-06-15 07:43:32.135 16 DEBUG neutron.api.rpc.handlers.resources_rpc [req-235533fc-cc1f-49fb-9aeb-09c4f2557d96 0d55f7b067784de79c7f78a69e86f4ad ad86801237bc4fe38f1b49bec540fcb6 - - -] Pushing event updated for resources: {'Port': ['ID=82390685-a867-4250-9baa-541205c66d9c,revision_number=1']} push /usr/lib/python3.9/site-packages/neutron/api/rpc/handlers/resources_rpc.py:237
2026-06-15 07:43:32.137 16 DEBUG neutron.plugins.ml2.drivers.mech_agent [req-235533fc-cc1f-49fb-9aeb-09c4f2557d96 0d55f7b067784de79c7f78a69e86f4ad ad86801237bc4fe38f1b49bec540fcb6 - default default] Checking segment: {'id': '21e5b1fb-19b9-4f9c-a11c-121fda37146c', 'network_type': 'flat', 'physical_network': 'storage_mgmt_storage_mgmt_subnet', 'segmentation_id': None, 'network_id': 'ec6e3dc5-56c1-46a0-bebf-73af58d28ea7'} for mappings: {'ctlplane': 'br-ctlplane'} with network types: ['local', 'flat', 'vlan'] check_segment_for_agent /usr/lib/python3.9/site-packages/neutron/plugins/ml2/drivers/mech_agent.py:343
2026-06-15 07:43:32.137 16 DEBUG neutron.plugins.ml2.drivers.mech_agent [req-235533fc-cc1f-49fb-9aeb-09c4f2557d96 0d55f7b067784de79c7f78a69e86f4ad ad86801237bc4fe38f1b49bec540fcb6 - default default] Network ec6e3dc5-56c1-46a0-bebf-73af58d28ea7 with segment 21e5b1fb-19b9-4f9c-a11c-121fda37146c is connected to physical network storage_mgmt_storage_mgmt_subnet, but agent undercloud.ooo.test reported physical networks {'ctlplane': 'br-ctlplane'}. The physical network must be configured on the agent if binding is to succeed. check_segment_for_agent /usr/lib/python3.9/site-packages/neutron/plugins/ml2/drivers/mech_agent.py:365
2026-06-15 07:43:32.140 16 DEBUG neutron.api.rpc.callbacks.version_manager [req-235533fc-cc1f-49fb-9aeb-09c4f2557d96 0d55f7b067784de79c7f78a69e86f4ad ad86801237bc4fe38f1b49bec540fcb6 - - -] Version for resource type AddressGroup changed None to 1.2 on consumer Open vSwitch agent@undercloud.ooo.test _set_version /usr/lib/python3.9/site-packages/neutron/api/rpc/callbacks/version_manager.py:113
2026-06-15 07:43:32.140 16 DEBUG neutron.api.rpc.callbacks.version_manager [req-235533fc-cc1f-49fb-9aeb-09c4f2557d96 0d55f7b067784de79c7f78a69e86f4ad ad86801237bc4fe38f1b49bec540fcb6 - - -] Version for resource type ConntrackHelper changed None to 1.0 on consumer Open vSwitch agent@undercloud.ooo.test _set_version /usr/lib/python3.9/site-packages/neutron/api/rpc/callbacks/version_manager.py:113
2026-06-15 07:43:32.140 16 DEBUG neutron.api.rpc.callbacks.version_manager [req-235533fc-cc1f-49fb-9aeb-09c4f2557d96 0d55f7b067784de79c7f78a69e86f4ad ad86801237bc4fe38f1b49bec540fcb6 - - -] Version for resource type Log changed None to 1.0 on consumer Open vSwitch agent@undercloud.ooo.test _set_version /usr/lib/python3.9/site-packages/neutron/api/rpc/callbacks/version_manager.py:113
2026-06-15 07:43:32.140 16 DEBUG neutron.api.rpc.callbacks.version_manager [req-235533fc-cc1f-49fb-9aeb-09c4f2557d96 0d55f7b067784de79c7f78a69e86f4ad ad86801237bc4fe38f1b49bec540fcb6 - - -] Version for resource type Network changed None to 1.1 on consumer Open vSwitch agent@undercloud.ooo.test _set_version /usr/lib/python3.9/site-packages/neutron/api/rpc/callbacks/version_manager.py:113
2026-06-15 07:43:32.140 16 DEBUG neutron.api.rpc.callbacks.version_manager [req-235533fc-cc1f-49fb-9aeb-09c4f2557d96 0d55f7b067784de79c7f78a69e86f4ad ad86801237bc4fe38f1b49bec540fcb6 - - -] Version for resource type Port changed None to 1.7 on consumer Open vSwitch agent@undercloud.ooo.test _set_version /usr/lib/python3.9/site-packages/neutron/api/rpc/callbacks/version_manager.py:113
2026-06-15 07:43:32.140 16 DEBUG neutron.api.rpc.callbacks.version_manager [req-235533fc-cc1f-49fb-9aeb-09c4f2557d96 0d55f7b067784de79c7f78a69e86f4ad ad86801237bc4fe38f1b49bec540fcb6 - - -] Version for resource type PortForwarding changed None to 1.2 on consumer Open vSwitch agent@undercloud.ooo.test _set_version /usr/lib/python3.9/site-packages/neutron/api/rpc/callbacks/version_manager.py:113
2026-06-15 07:43:32.140 16 DEBUG neutron.api.rpc.callbacks.version_manager [req-235533fc-cc1f-49fb-9aeb-09c4f2557d96 0d55f7b067784de79c7f78a69e86f4ad ad86801237bc4fe38f1b49bec540fcb6 - - -] Version for resource type QosPolicy changed None to 1.8 on consumer Open vSwitch agent@undercloud.ooo.test _set_version /usr/lib/python3.9/site-packages/neutron/api/rpc/callbacks/version_manager.py:113
2026-06-15 07:43:32.141 16 DEBUG neutron.api.rpc.callbacks.version_manager [req-235533fc-cc1f-49fb-9aeb-09c4f2557d96 0d55f7b067784de79c7f78a69e86f4ad ad86801237bc4fe38f1b49bec540fcb6 - - -] Version for resource type SecurityGroup changed None to 1.5 on consumer Open vSwitch agent@undercloud.ooo.test _set_version /usr/lib/python3.9/site-packages/neutron/api/rpc/callbacks/version_manager.py:113
2026-06-15 07:43:32.141 16 DEBUG neutron.api.rpc.callbacks.version_manager [req-235533fc-cc1f-49fb-9aeb-09c4f2557d96 0d55f7b067784de79c7f78a69e86f4ad ad86801237bc4fe38f1b49bec540fcb6 - - -] Version for resource type SecurityGroupRule changed None to 1.2 on consumer Open vSwitch agent@undercloud.ooo.test _set_version /usr/lib/python3.9/site-packages/neutron/api/rpc/callbacks/version_manager.py:113
2026-06-15 07:43:32.141 16 DEBUG neutron.api.rpc.callbacks.version_manager [req-235533fc-cc1f-49fb-9aeb-09c4f2557d96 0d55f7b067784de79c7f78a69e86f4ad ad86801237bc4fe38f1b49bec540fcb6 - - -] Version for resource type SubPort changed None to 1.0 on consumer Open vSwitch agent@undercloud.ooo.test _set_version /usr/lib/python3.9/site-packages/neutron/api/rpc/callbacks/version_manager.py:113
2026-06-15 07:43:32.141 16 DEBUG neutron.api.rpc.callbacks.version_manager [req-235533fc-cc1f-49fb-9aeb-09c4f2557d96 0d55f7b067784de79c7f78a69e86f4ad ad86801237bc4fe38f1b49bec540fcb6 - - -] Version for resource type Subnet changed None to 1.1 on consumer Open vSwitch agent@undercloud.ooo.test _set_version /usr/lib/python3.9/site-packages/neutron/api/rpc/callbacks/version_manager.py:113
2026-06-15 07:43:32.141 16 DEBUG neutron.api.rpc.callbacks.version_manager [req-235533fc-cc1f-49fb-9aeb-09c4f2557d96 0d55f7b067784de79c7f78a69e86f4ad ad86801237bc4fe38f1b49bec540fcb6 - - -] Version for resource type Trunk changed None to 1.1 on consumer Open vSwitch agent@undercloud.ooo.test _set_version /usr/lib/python3.9/site-packages/neutron/api/rpc/callbacks/version_manager.py:113
2026-06-15 07:43:32.141 16 DEBUG neutron.api.rpc.callbacks.version_manager [req-235533fc-cc1f-49fb-9aeb-09c4f2557d96 0d55f7b067784de79c7f78a69e86f4ad ad86801237bc4fe38f1b49bec540fcb6 - - -] Tracked resource versions report: pushed versions: { 'AddressGroup': {'1.2'}, 'ConntrackHelper': {'1.0'}, 'Log': {'1.0'}, 'Network': {'1.1'}, 'Port': {'1.7'}, 'PortForwarding': {'1.2'}, 'QosPolicy': {'1.8'}, 'SecurityGroup': {'1.5'}, 'SecurityGroupRule': {'1.2'}, 'SubPort': {'1.0'}, 'Subnet': {'1.1'}, 'Trunk': {'1.1'}} consumer versions: { DHCP agent@undercloud.ooo.test: {}, L3 agent@undercloud.ooo.test: {}, Open vSwitch agent@undercloud.ooo.test: { 'AddressGroup': '1.2', 'ConntrackHelper': '1.0', 'Log': '1.0', 'Network': '1.1', 'Port': '1.7', 'PortForwarding': '1.2', 'QosPolicy': '1.8', 'SecurityGroup': '1.5', 'SecurityGroupRule': '1.2', 'SubPort': '1.0', 'Subnet': '1.1', 'Trunk': '1.1'}} report /usr/lib/python3.9/site-packages/neutron/api/rpc/callbacks/version_manager.py:175
2026-06-15 07:43:32.143 16 DEBUG neutron.scheduler.dhcp_agent_scheduler [req-235533fc-cc1f-49fb-9aeb-09c4f2557d96 0d55f7b067784de79c7f78a69e86f4ad ad86801237bc4fe38f1b49bec540fcb6 - default default] Network hostable DHCP agents. Network: ec6e3dc5-56c1-46a0-bebf-73af58d28ea7, hostable agents: [], hosted agents: [] _get_network_hostable_dhcp_agents /usr/lib/python3.9/site-packages/neutron/scheduler/dhcp_agent_scheduler.py:329
2026-06-15 07:43:32.144 16 DEBUG neutron.scheduler.base_scheduler [req-235533fc-cc1f-49fb-9aeb-09c4f2557d96 0d55f7b067784de79c7f78a69e86f4ad ad86801237bc4fe38f1b49bec540fcb6 - default default] Resources bound (agent type, host, resource id): schedule /usr/lib/python3.9/site-packages/neutron/scheduler/base_scheduler.py:57
2026-06-15 07:43:32.144 16 WARNING neutron.api.rpc.agentnotifiers.dhcp_rpc_agent_api [req-235533fc-cc1f-49fb-9aeb-09c4f2557d96 0d55f7b067784de79c7f78a69e86f4ad ad86801237bc4fe38f1b49bec540fcb6 - default default] Unable to schedule network ec6e3dc5-56c1-46a0-bebf-73af58d28ea7: no agents available; will retry on subsequent port and subnet creation events.
2026-06-15 07:43:32.144 16 DEBUG neutron.api.rpc.agentnotifiers.dhcp_rpc_agent_api [req-235533fc-cc1f-49fb-9aeb-09c4f2557d96 0d55f7b067784de79c7f78a69e86f4ad ad86801237bc4fe38f1b49bec540fcb6 - default default] Network ec6e3dc5-56c1-46a0-bebf-73af58d28ea7 is not hosted by any dhcp agent _notify_agents /usr/lib/python3.9/site-packages/neutron/api/rpc/agentnotifiers/dhcp_rpc_agent_api.py:228
2026-06-15 07:43:32.151 18 DEBUG neutron_lib.callbacks.manager [req-3bdcd5da-f33f-404f-9afb-0d69281189a6 0d55f7b067784de79c7f78a69e86f4ad ad86801237bc4fe38f1b49bec540fcb6 - default default] Notify callbacks [] for allowed_address_pair, before_create _notify_loop /usr/lib/python3.9/site-packages/neutron_lib/callbacks/manager.py:200
2026-06-15 07:43:32.152 18 DEBUG neutron_lib.callbacks.manager [req-3bdcd5da-f33f-404f-9afb-0d69281189a6 0d55f7b067784de79c7f78a69e86f4ad ad86801237bc4fe38f1b49bec540fcb6 - default default] Notify callbacks [] for port, precommit_create _notify_loop /usr/lib/python3.9/site-packages/neutron_lib/callbacks/manager.py:200
2026-06-15 07:43:32.162 18 DEBUG neutron_lib.callbacks.manager [req-698e258d-ed82-4aaf-ab08-3faac70615e0 0d55f7b067784de79c7f78a69e86f4ad ad86801237bc4fe38f1b49bec540fcb6 - default default] Notify callbacks [] for allowed_address_pair, before_create _notify_loop /usr/lib/python3.9/site-packages/neutron_lib/callbacks/manager.py:200
2026-06-15 07:43:32.162 18 DEBUG neutron_lib.callbacks.manager [req-698e258d-ed82-4aaf-ab08-3faac70615e0 0d55f7b067784de79c7f78a69e86f4ad ad86801237bc4fe38f1b49bec540fcb6 - default default] Notify callbacks [] for port, precommit_create _notify_loop /usr/lib/python3.9/site-packages/neutron_lib/callbacks/manager.py:200
2026-06-15 07:43:32.169 16 DEBUG neutron.pecan_wsgi.hooks.policy_enforcement [req-235533fc-cc1f-49fb-9aeb-09c4f2557d96 0d55f7b067784de79c7f78a69e86f4ad ad86801237bc4fe38f1b49bec540fcb6 - default default] Attributes excluded by policy engine: ['standard_attr_id', 'network'] _exclude_attributes_by_policy /usr/lib/python3.9/site-packages/neutron/pecan_wsgi/hooks/policy_enforcement.py:259
2026-06-15 07:43:32.169 16 DEBUG neutron_lib.callbacks.manager [req-235533fc-cc1f-49fb-9aeb-09c4f2557d96 0d55f7b067784de79c7f78a69e86f4ad ad86801237bc4fe38f1b49bec540fcb6 - default default] Notify callbacks ['neutron.notifiers.nova.Notifier._send_nova_notification-182531', 'neutron.api.rpc.agentnotifiers.dhcp_rpc_agent_api.DhcpAgentNotifyAPI._send_dhcp_notification-685656'] for port, before_response _notify_loop /usr/lib/python3.9/site-packages/neutron_lib/callbacks/manager.py:200
2026-06-15 07:43:32.186 16 INFO neutron.wsgi [req-235533fc-cc1f-49fb-9aeb-09c4f2557d96 0d55f7b067784de79c7f78a69e86f4ad ad86801237bc4fe38f1b49bec540fcb6 - default default] 192.168.122.99,192.168.122.100 "POST /v2.0/ports HTTP/1.1" status: 201 len: 1155 time: 0.5158701
2026-06-15 07:43:32.194 16 DEBUG neutron.services.tag.tag_plugin [req-b363f48b-ca38-4ef4-b80d-17152a433bc5 0d55f7b067784de79c7f78a69e86f4ad ad86801237bc4fe38f1b49bec540fcb6 - default default] neutron.services.tag.tag_plugin.TagPlugin method update_tags called with arguments (, 'ports', '82390685-a867-4250-9baa-541205c66d9c', {'tags': ['tripleo_stack_name=overcloud', 'tripleo_vip_net=storage_mgmt']}) {} wrapper /usr/lib/python3.9/site-packages/oslo_log/helpers.py:65
2026-06-15 07:43:32.198 18 DEBUG neutron_lib.callbacks.manager [req-3bdcd5da-f33f-404f-9afb-0d69281189a6 0d55f7b067784de79c7f78a69e86f4ad ad86801237bc4fe38f1b49bec540fcb6 - default default] Notify callbacks ['neutron.plugins.ml2.plugin.SecurityGroupServerNotifierRpcMixin.notify_sg_on_port_change-1580098', 'neutron.plugins.ml2.extensions.dns_integration._create_port_in_external_dns_service-8735175696330', 'neutron.plugins.ml2.ovo_rpc._ObjectChangeHandler.handle_event-352160', 'neutron.api.rpc.agentnotifiers.dhcp_rpc_agent_api.DhcpAgentNotifyAPI._native_event_send_dhcp_notification-685674', 'neutron.services.segments.plugin.NovaSegmentNotifier._notify_port_created_or_deleted-985279'] for port, after_create _notify_loop /usr/lib/python3.9/site-packages/neutron_lib/callbacks/manager.py:200
2026-06-15 07:43:32.214 18 DEBUG neutron_lib.callbacks.manager [req-698e258d-ed82-4aaf-ab08-3faac70615e0 0d55f7b067784de79c7f78a69e86f4ad ad86801237bc4fe38f1b49bec540fcb6 - default default] Notify callbacks ['neutron.plugins.ml2.plugin.SecurityGroupServerNotifierRpcMixin.notify_sg_on_port_change-1580098', 'neutron.plugins.ml2.extensions.dns_integration._create_port_in_external_dns_service-8735175696330', 'neutron.plugins.ml2.ovo_rpc._ObjectChangeHandler.handle_event-352160', 'neutron.api.rpc.agentnotifiers.dhcp_rpc_agent_api.DhcpAgentNotifyAPI._native_event_send_dhcp_notification-685674', 'neutron.services.segments.plugin.NovaSegmentNotifier._notify_port_created_or_deleted-985279'] for port, after_create _notify_loop /usr/lib/python3.9/site-packages/neutron_lib/callbacks/manager.py:200
2026-06-15 07:43:32.227 16 INFO neutron.wsgi [req-b363f48b-ca38-4ef4-b80d-17152a433bc5 0d55f7b067784de79c7f78a69e86f4ad ad86801237bc4fe38f1b49bec540fcb6 - default default] 192.168.122.99,192.168.122.100 "PUT /v2.0/ports/82390685-a867-4250-9baa-541205c66d9c/tags HTTP/1.1" status: 200 len: 248 time: 0.0354371
2026-06-15 07:43:32.246 15 DEBUG neutron_lib.callbacks.manager [req-00846430-72dc-4918-8101-a0e085479324 0d55f7b067784de79c7f78a69e86f4ad ad86801237bc4fe38f1b49bec540fcb6 - default default] Notify callbacks [] for allowed_address_pair, before_create _notify_loop /usr/lib/python3.9/site-packages/neutron_lib/callbacks/manager.py:200
2026-06-15 07:43:32.247 15 DEBUG neutron_lib.callbacks.manager [req-00846430-72dc-4918-8101-a0e085479324 0d55f7b067784de79c7f78a69e86f4ad ad86801237bc4fe38f1b49bec540fcb6 - default default] Notify callbacks [] for port, precommit_create _notify_loop /usr/lib/python3.9/site-packages/neutron_lib/callbacks/manager.py:200
2026-06-15 07:43:32.252 18 DEBUG neutron.api.rpc.handlers.resources_rpc [req-3bdcd5da-f33f-404f-9afb-0d69281189a6 0d55f7b067784de79c7f78a69e86f4ad ad86801237bc4fe38f1b49bec540fcb6 - - -] Pushing event updated for resources: {'Port': ['ID=6ca52720-21eb-4966-874c-f2806f191b64,revision_number=1']} push /usr/lib/python3.9/site-packages/neutron/api/rpc/handlers/resources_rpc.py:237
2026-06-15 07:43:32.257 18 DEBUG neutron.plugins.ml2.drivers.mech_agent [req-3bdcd5da-f33f-404f-9afb-0d69281189a6 0d55f7b067784de79c7f78a69e86f4ad ad86801237bc4fe38f1b49bec540fcb6 - default default] Checking segment: {'id': 'ec9417df-4808-4199-92a8-44b15734cfdb', 'network_type': 'flat', 'physical_network': 'internal_api_internal_api_subnet', 'segmentation_id': None, 'network_id': 'dc07c2e1-651c-4c03-a8ba-6d3a01790a07'} for mappings: {'ctlplane': 'br-ctlplane'} with network types: ['local', 'flat', 'vlan'] check_segment_for_agent /usr/lib/python3.9/site-packages/neutron/plugins/ml2/drivers/mech_agent.py:343
2026-06-15 07:43:32.257 18 DEBUG neutron.plugins.ml2.drivers.mech_agent [req-3bdcd5da-f33f-404f-9afb-0d69281189a6 0d55f7b067784de79c7f78a69e86f4ad ad86801237bc4fe38f1b49bec540fcb6 - default default] Network dc07c2e1-651c-4c03-a8ba-6d3a01790a07 with segment ec9417df-4808-4199-92a8-44b15734cfdb is connected to physical network internal_api_internal_api_subnet, but agent undercloud.ooo.test reported physical networks {'ctlplane': 'br-ctlplane'}. The physical network must be configured on the agent if binding is to succeed. check_segment_for_agent /usr/lib/python3.9/site-packages/neutron/plugins/ml2/drivers/mech_agent.py:365
2026-06-15 07:43:32.258 15 DEBUG neutron_lib.callbacks.manager [req-b9d43e0e-6d38-48ed-99b2-dc2dcfa885fa 0d55f7b067784de79c7f78a69e86f4ad ad86801237bc4fe38f1b49bec540fcb6 - default default] Notify callbacks [] for allowed_address_pair, before_create _notify_loop /usr/lib/python3.9/site-packages/neutron_lib/callbacks/manager.py:200
2026-06-15 07:43:32.258 15 DEBUG neutron_lib.callbacks.manager [req-b9d43e0e-6d38-48ed-99b2-dc2dcfa885fa 0d55f7b067784de79c7f78a69e86f4ad ad86801237bc4fe38f1b49bec540fcb6 - default default] Notify callbacks [] for port, precommit_create _notify_loop /usr/lib/python3.9/site-packages/neutron_lib/callbacks/manager.py:200
2026-06-15 07:43:32.270 15 DEBUG neutron.db.provisioning_blocks [req-b9d43e0e-6d38-48ed-99b2-dc2dcfa885fa 0d55f7b067784de79c7f78a69e86f4ad ad86801237bc4fe38f1b49bec540fcb6 - default default] Transition to ACTIVE for port object 8f7efdde-e074-4bfe-b969-8de25f73964f will not be triggered until provisioned by entity DHCP. add_provisioning_component /usr/lib/python3.9/site-packages/neutron/db/provisioning_blocks.py:74
2026-06-15 07:43:32.275 18 DEBUG neutron.scheduler.dhcp_agent_scheduler [req-3bdcd5da-f33f-404f-9afb-0d69281189a6 0d55f7b067784de79c7f78a69e86f4ad ad86801237bc4fe38f1b49bec540fcb6 - default default] Network hostable DHCP agents. Network: dc07c2e1-651c-4c03-a8ba-6d3a01790a07, hostable agents: [], hosted agents: [] _get_network_hostable_dhcp_agents /usr/lib/python3.9/site-packages/neutron/scheduler/dhcp_agent_scheduler.py:329
