2026-06-15 07:54:21.446 18 DEBUG neutron_lib.callbacks.manager [req-712c910d-94df-40e9-bf57-8699e70515bc 0d55f7b067784de79c7f78a69e86f4ad ad86801237bc4fe38f1b49bec540fcb6 - default default] Notify callbacks [] for allowed_address_pair, before_create _notify_loop /usr/lib/python3.9/site-packages/neutron_lib/callbacks/manager.py:200
2026-06-15 07:54:21.446 18 DEBUG neutron_lib.callbacks.manager [req-712c910d-94df-40e9-bf57-8699e70515bc 0d55f7b067784de79c7f78a69e86f4ad ad86801237bc4fe38f1b49bec540fcb6 - default default] Notify callbacks [] for port, precommit_create _notify_loop /usr/lib/python3.9/site-packages/neutron_lib/callbacks/manager.py:200
2026-06-15 07:54:21.455 17 DEBUG neutron.scheduler.dhcp_agent_scheduler [req-e57296e0-be18-4aeb-a070-5010a67d6945 0d55f7b067784de79c7f78a69e86f4ad ad86801237bc4fe38f1b49bec540fcb6 - default default] Network efec9372-e176-4f13-835c-1fb60a2fe428 is already hosted by enough agents. _get_dhcp_agents_hosting_network /usr/lib/python3.9/site-packages/neutron/scheduler/dhcp_agent_scheduler.py:275
2026-06-15 07:54:21.456 17 DEBUG neutron.scheduler.base_scheduler [req-e57296e0-be18-4aeb-a070-5010a67d6945 0d55f7b067784de79c7f78a69e86f4ad ad86801237bc4fe38f1b49bec540fcb6 - default default] Resources bound (agent type, host, resource id): schedule /usr/lib/python3.9/site-packages/neutron/scheduler/base_scheduler.py:57
2026-06-15 07:54:21.458 17 DEBUG neutron.pecan_wsgi.hooks.policy_enforcement [req-e57296e0-be18-4aeb-a070-5010a67d6945 0d55f7b067784de79c7f78a69e86f4ad ad86801237bc4fe38f1b49bec540fcb6 - default default] Attributes excluded by policy engine: ['standard_attr_id', 'network'] _exclude_attributes_by_policy /usr/lib/python3.9/site-packages/neutron/pecan_wsgi/hooks/policy_enforcement.py:259
2026-06-15 07:54:21.458 17 DEBUG neutron_lib.callbacks.manager [req-e57296e0-be18-4aeb-a070-5010a67d6945 0d55f7b067784de79c7f78a69e86f4ad ad86801237bc4fe38f1b49bec540fcb6 - default default] Notify callbacks ['neutron.notifiers.nova.Notifier._send_nova_notification-182531', 'neutron.api.rpc.agentnotifiers.dhcp_rpc_agent_api.DhcpAgentNotifyAPI._send_dhcp_notification-685656'] for port, before_response _notify_loop /usr/lib/python3.9/site-packages/neutron_lib/callbacks/manager.py:200
2026-06-15 07:54:21.464 18 DEBUG neutron_lib.callbacks.manager [req-712c910d-94df-40e9-bf57-8699e70515bc 0d55f7b067784de79c7f78a69e86f4ad ad86801237bc4fe38f1b49bec540fcb6 - default default] Notify callbacks ['neutron.plugins.ml2.plugin.SecurityGroupServerNotifierRpcMixin.notify_sg_on_port_change-1580098', 'neutron.plugins.ml2.extensions.dns_integration._create_port_in_external_dns_service-8735175696330', 'neutron.plugins.ml2.ovo_rpc._ObjectChangeHandler.handle_event-352160', 'neutron.api.rpc.agentnotifiers.dhcp_rpc_agent_api.DhcpAgentNotifyAPI._native_event_send_dhcp_notification-685674', 'neutron.services.segments.plugin.NovaSegmentNotifier._notify_port_created_or_deleted-985279'] for port, after_create _notify_loop /usr/lib/python3.9/site-packages/neutron_lib/callbacks/manager.py:200
2026-06-15 07:54:21.469 17 DEBUG neutron.api.rpc.handlers.resources_rpc [req-e57296e0-be18-4aeb-a070-5010a67d6945 0d55f7b067784de79c7f78a69e86f4ad ad86801237bc4fe38f1b49bec540fcb6 - - -] Pushing event updated for resources: {'Port': ['ID=0bd84284-f4ec-455e-b898-1f8830c722c0,revision_number=1']} push /usr/lib/python3.9/site-packages/neutron/api/rpc/handlers/resources_rpc.py:237
2026-06-15 07:54:21.473 17 INFO neutron.wsgi [req-e57296e0-be18-4aeb-a070-5010a67d6945 0d55f7b067784de79c7f78a69e86f4ad ad86801237bc4fe38f1b49bec540fcb6 - default default] 192.168.122.99,192.168.122.100 "POST /v2.0/ports HTTP/1.1" status: 201 len: 1016 time: 0.3057404
2026-06-15 07:54:21.479 17 DEBUG neutron.services.tag.tag_plugin [req-52d4ba02-46a5-4ccc-b3c3-c888012b7bc9 0d55f7b067784de79c7f78a69e86f4ad ad86801237bc4fe38f1b49bec540fcb6 - default default] neutron.services.tag.tag_plugin.TagPlugin method update_tags called with arguments (, 'ports', '0bd84284-f4ec-455e-b898-1f8830c722c0', {'tags': ['tripleo_stack_name=overcloud', 'tripleo_ovn_physnet=datacentre']}) {} wrapper /usr/lib/python3.9/site-packages/oslo_log/helpers.py:65
2026-06-15 07:54:21.480 16 DEBUG neutron_lib.callbacks.manager [req-1d633f36-cb8b-4ba7-bcad-b22bb6ac2136 0d55f7b067784de79c7f78a69e86f4ad ad86801237bc4fe38f1b49bec540fcb6 - default default] Notify callbacks [] for allowed_address_pair, before_create _notify_loop /usr/lib/python3.9/site-packages/neutron_lib/callbacks/manager.py:200
2026-06-15 07:54:21.481 16 DEBUG neutron_lib.callbacks.manager [req-1d633f36-cb8b-4ba7-bcad-b22bb6ac2136 0d55f7b067784de79c7f78a69e86f4ad ad86801237bc4fe38f1b49bec540fcb6 - default default] Notify callbacks [] for port, precommit_create _notify_loop /usr/lib/python3.9/site-packages/neutron_lib/callbacks/manager.py:200
2026-06-15 07:54:21.492 18 DEBUG neutron.scheduler.dhcp_agent_scheduler [req-712c910d-94df-40e9-bf57-8699e70515bc 0d55f7b067784de79c7f78a69e86f4ad ad86801237bc4fe38f1b49bec540fcb6 - default default] Network efec9372-e176-4f13-835c-1fb60a2fe428 is already hosted by enough agents. _get_dhcp_agents_hosting_network /usr/lib/python3.9/site-packages/neutron/scheduler/dhcp_agent_scheduler.py:275
2026-06-15 07:54:21.494 18 DEBUG neutron.scheduler.base_scheduler [req-712c910d-94df-40e9-bf57-8699e70515bc 0d55f7b067784de79c7f78a69e86f4ad ad86801237bc4fe38f1b49bec540fcb6 - default default] Resources bound (agent type, host, resource id): schedule /usr/lib/python3.9/site-packages/neutron/scheduler/base_scheduler.py:57
2026-06-15 07:54:21.498 18 DEBUG neutron.pecan_wsgi.hooks.policy_enforcement [req-712c910d-94df-40e9-bf57-8699e70515bc 0d55f7b067784de79c7f78a69e86f4ad ad86801237bc4fe38f1b49bec540fcb6 - default default] Attributes excluded by policy engine: ['standard_attr_id', 'network'] _exclude_attributes_by_policy /usr/lib/python3.9/site-packages/neutron/pecan_wsgi/hooks/policy_enforcement.py:259
2026-06-15 07:54:21.499 18 DEBUG neutron_lib.callbacks.manager [req-712c910d-94df-40e9-bf57-8699e70515bc 0d55f7b067784de79c7f78a69e86f4ad ad86801237bc4fe38f1b49bec540fcb6 - default default] Notify callbacks ['neutron.notifiers.nova.Notifier._send_nova_notification-182531', 'neutron.api.rpc.agentnotifiers.dhcp_rpc_agent_api.DhcpAgentNotifyAPI._send_dhcp_notification-685656'] for port, before_response _notify_loop /usr/lib/python3.9/site-packages/neutron_lib/callbacks/manager.py:200
2026-06-15 07:54:21.500 16 DEBUG neutron_lib.callbacks.manager [req-1d633f36-cb8b-4ba7-bcad-b22bb6ac2136 0d55f7b067784de79c7f78a69e86f4ad ad86801237bc4fe38f1b49bec540fcb6 - default default] Notify callbacks ['neutron.plugins.ml2.plugin.SecurityGroupServerNotifierRpcMixin.notify_sg_on_port_change-1580098', 'neutron.plugins.ml2.extensions.dns_integration._create_port_in_external_dns_service-8735175696330', 'neutron.plugins.ml2.ovo_rpc._ObjectChangeHandler.handle_event-352160', 'neutron.api.rpc.agentnotifiers.dhcp_rpc_agent_api.DhcpAgentNotifyAPI._native_event_send_dhcp_notification-685674', 'neutron.services.segments.plugin.NovaSegmentNotifier._notify_port_created_or_deleted-985279'] for port, after_create _notify_loop /usr/lib/python3.9/site-packages/neutron_lib/callbacks/manager.py:200
2026-06-15 07:54:21.508 18 DEBUG neutron.api.rpc.handlers.resources_rpc [req-712c910d-94df-40e9-bf57-8699e70515bc 0d55f7b067784de79c7f78a69e86f4ad ad86801237bc4fe38f1b49bec540fcb6 - - -] Pushing event updated for resources: {'Port': ['ID=ac699c6c-e49c-4165-aaea-d91ec683b189,revision_number=1']} push /usr/lib/python3.9/site-packages/neutron/api/rpc/handlers/resources_rpc.py:237
2026-06-15 07:54:21.514 17 INFO neutron.wsgi [req-52d4ba02-46a5-4ccc-b3c3-c888012b7bc9 0d55f7b067784de79c7f78a69e86f4ad ad86801237bc4fe38f1b49bec540fcb6 - default default] 192.168.122.99,192.168.122.100 "PUT /v2.0/ports/0bd84284-f4ec-455e-b898-1f8830c722c0/tags HTTP/1.1" status: 200 len: 250 time: 0.0375953
2026-06-15 07:54:21.516 18 INFO neutron.wsgi [req-712c910d-94df-40e9-bf57-8699e70515bc 0d55f7b067784de79c7f78a69e86f4ad ad86801237bc4fe38f1b49bec540fcb6 - default default] 192.168.122.99,192.168.122.100 "POST /v2.0/ports HTTP/1.1" status: 201 len: 1016 time: 0.3263738
2026-06-15 07:54:21.521 18 DEBUG neutron.services.tag.tag_plugin [req-b7296a87-1652-4981-961b-48a8954d9989 0d55f7b067784de79c7f78a69e86f4ad ad86801237bc4fe38f1b49bec540fcb6 - default default] neutron.services.tag.tag_plugin.TagPlugin method update_tags called with arguments (, 'ports', 'ac699c6c-e49c-4165-aaea-d91ec683b189', {'tags': ['tripleo_stack_name=overcloud', 'tripleo_ovn_physnet=datacentre']}) {} wrapper /usr/lib/python3.9/site-packages/oslo_log/helpers.py:65
2026-06-15 07:54:21.556 18 INFO neutron.wsgi [req-b7296a87-1652-4981-961b-48a8954d9989 0d55f7b067784de79c7f78a69e86f4ad ad86801237bc4fe38f1b49bec540fcb6 - default default] 192.168.122.99,192.168.122.100 "PUT /v2.0/ports/ac699c6c-e49c-4165-aaea-d91ec683b189/tags HTTP/1.1" status: 200 len: 250 time: 0.0370655
2026-06-15 07:54:21.560 16 DEBUG neutron.scheduler.dhcp_agent_scheduler [req-1d633f36-cb8b-4ba7-bcad-b22bb6ac2136 0d55f7b067784de79c7f78a69e86f4ad ad86801237bc4fe38f1b49bec540fcb6 - default default] Network efec9372-e176-4f13-835c-1fb60a2fe428 is already hosted by enough agents. _get_dhcp_agents_hosting_network /usr/lib/python3.9/site-packages/neutron/scheduler/dhcp_agent_scheduler.py:275
2026-06-15 07:54:21.561 18 DEBUG neutron.wsgi [-] (18) accepted ('192.168.122.100', 42220) server /usr/lib/python3.9/site-packages/eventlet/wsgi.py:992
2026-06-15 07:54:21.562 16 DEBUG neutron.scheduler.base_scheduler [req-1d633f36-cb8b-4ba7-bcad-b22bb6ac2136 0d55f7b067784de79c7f78a69e86f4ad ad86801237bc4fe38f1b49bec540fcb6 - default default] Resources bound (agent type, host, resource id): schedule /usr/lib/python3.9/site-packages/neutron/scheduler/base_scheduler.py:57
2026-06-15 07:54:21.563 18 INFO neutron.wsgi [-] 192.168.122.100 "GET /healthcheck HTTP/1.0" status: 200 len: 137 time: 0.0014362
2026-06-15 07:54:21.571 16 DEBUG neutron.pecan_wsgi.hooks.policy_enforcement [req-1d633f36-cb8b-4ba7-bcad-b22bb6ac2136 0d55f7b067784de79c7f78a69e86f4ad ad86801237bc4fe38f1b49bec540fcb6 - default default] Attributes excluded by policy engine: ['standard_attr_id', 'network'] _exclude_attributes_by_policy /usr/lib/python3.9/site-packages/neutron/pecan_wsgi/hooks/policy_enforcement.py:259
2026-06-15 07:54:21.572 16 DEBUG neutron_lib.callbacks.manager [req-1d633f36-cb8b-4ba7-bcad-b22bb6ac2136 0d55f7b067784de79c7f78a69e86f4ad ad86801237bc4fe38f1b49bec540fcb6 - default default] Notify callbacks ['neutron.notifiers.nova.Notifier._send_nova_notification-182531', 'neutron.api.rpc.agentnotifiers.dhcp_rpc_agent_api.DhcpAgentNotifyAPI._send_dhcp_notification-685656'] for port, before_response _notify_loop /usr/lib/python3.9/site-packages/neutron_lib/callbacks/manager.py:200
2026-06-15 07:54:21.577 16 DEBUG neutron.api.rpc.handlers.resources_rpc [req-1d633f36-cb8b-4ba7-bcad-b22bb6ac2136 0d55f7b067784de79c7f78a69e86f4ad ad86801237bc4fe38f1b49bec540fcb6 - - -] Pushing event updated for resources: {'Port': ['ID=ba9f3cd0-a1e1-46d4-bf42-f58612ad9c3c,revision_number=1']} push /usr/lib/python3.9/site-packages/neutron/api/rpc/handlers/resources_rpc.py:237
2026-06-15 07:54:21.585 16 DEBUG neutron.api.rpc.callbacks.version_manager [req-1d633f36-cb8b-4ba7-bcad-b22bb6ac2136 0d55f7b067784de79c7f78a69e86f4ad ad86801237bc4fe38f1b49bec540fcb6 - - -] Version for resource type AddressGroup changed None to 1.2 on consumer Open vSwitch agent@undercloud.ooo.test _set_version /usr/lib/python3.9/site-packages/neutron/api/rpc/callbacks/version_manager.py:113
2026-06-15 07:54:21.585 16 DEBUG neutron.api.rpc.callbacks.version_manager [req-1d633f36-cb8b-4ba7-bcad-b22bb6ac2136 0d55f7b067784de79c7f78a69e86f4ad ad86801237bc4fe38f1b49bec540fcb6 - - -] Version for resource type ConntrackHelper changed None to 1.0 on consumer Open vSwitch agent@undercloud.ooo.test _set_version /usr/lib/python3.9/site-packages/neutron/api/rpc/callbacks/version_manager.py:113
2026-06-15 07:54:21.585 16 DEBUG neutron.api.rpc.callbacks.version_manager [req-1d633f36-cb8b-4ba7-bcad-b22bb6ac2136 0d55f7b067784de79c7f78a69e86f4ad ad86801237bc4fe38f1b49bec540fcb6 - - -] Version for resource type Log changed None to 1.0 on consumer Open vSwitch agent@undercloud.ooo.test _set_version /usr/lib/python3.9/site-packages/neutron/api/rpc/callbacks/version_manager.py:113
2026-06-15 07:54:21.585 16 DEBUG neutron.api.rpc.callbacks.version_manager [req-1d633f36-cb8b-4ba7-bcad-b22bb6ac2136 0d55f7b067784de79c7f78a69e86f4ad ad86801237bc4fe38f1b49bec540fcb6 - - -] Version for resource type Network changed None to 1.1 on consumer Open vSwitch agent@undercloud.ooo.test _set_version /usr/lib/python3.9/site-packages/neutron/api/rpc/callbacks/version_manager.py:113
2026-06-15 07:54:21.585 16 DEBUG neutron.api.rpc.callbacks.version_manager [req-1d633f36-cb8b-4ba7-bcad-b22bb6ac2136 0d55f7b067784de79c7f78a69e86f4ad ad86801237bc4fe38f1b49bec540fcb6 - - -] Version for resource type Port changed None to 1.7 on consumer Open vSwitch agent@undercloud.ooo.test _set_version /usr/lib/python3.9/site-packages/neutron/api/rpc/callbacks/version_manager.py:113
2026-06-15 07:54:21.585 16 DEBUG neutron.api.rpc.callbacks.version_manager [req-1d633f36-cb8b-4ba7-bcad-b22bb6ac2136 0d55f7b067784de79c7f78a69e86f4ad ad86801237bc4fe38f1b49bec540fcb6 - - -] Version for resource type PortForwarding changed None to 1.2 on consumer Open vSwitch agent@undercloud.ooo.test _set_version /usr/lib/python3.9/site-packages/neutron/api/rpc/callbacks/version_manager.py:113
2026-06-15 07:54:21.586 16 DEBUG neutron.api.rpc.callbacks.version_manager [req-1d633f36-cb8b-4ba7-bcad-b22bb6ac2136 0d55f7b067784de79c7f78a69e86f4ad ad86801237bc4fe38f1b49bec540fcb6 - - -] Version for resource type QosPolicy changed None to 1.8 on consumer Open vSwitch agent@undercloud.ooo.test _set_version /usr/lib/python3.9/site-packages/neutron/api/rpc/callbacks/version_manager.py:113
2026-06-15 07:54:21.586 16 DEBUG neutron.api.rpc.callbacks.version_manager [req-1d633f36-cb8b-4ba7-bcad-b22bb6ac2136 0d55f7b067784de79c7f78a69e86f4ad ad86801237bc4fe38f1b49bec540fcb6 - - -] Version for resource type SecurityGroup changed None to 1.5 on consumer Open vSwitch agent@undercloud.ooo.test _set_version /usr/lib/python3.9/site-packages/neutron/api/rpc/callbacks/version_manager.py:113
2026-06-15 07:54:21.586 16 DEBUG neutron.api.rpc.callbacks.version_manager [req-1d633f36-cb8b-4ba7-bcad-b22bb6ac2136 0d55f7b067784de79c7f78a69e86f4ad ad86801237bc4fe38f1b49bec540fcb6 - - -] Version for resource type SecurityGroupRule changed None to 1.2 on consumer Open vSwitch agent@undercloud.ooo.test _set_version /usr/lib/python3.9/site-packages/neutron/api/rpc/callbacks/version_manager.py:113
2026-06-15 07:54:21.586 16 DEBUG neutron.api.rpc.callbacks.version_manager [req-1d633f36-cb8b-4ba7-bcad-b22bb6ac2136 0d55f7b067784de79c7f78a69e86f4ad ad86801237bc4fe38f1b49bec540fcb6 - - -] Version for resource type SubPort changed None to 1.0 on consumer Open vSwitch agent@undercloud.ooo.test _set_version /usr/lib/python3.9/site-packages/neutron/api/rpc/callbacks/version_manager.py:113
2026-06-15 07:54:21.586 16 DEBUG neutron.api.rpc.callbacks.version_manager [req-1d633f36-cb8b-4ba7-bcad-b22bb6ac2136 0d55f7b067784de79c7f78a69e86f4ad ad86801237bc4fe38f1b49bec540fcb6 - - -] Version for resource type Subnet changed None to 1.1 on consumer Open vSwitch agent@undercloud.ooo.test _set_version /usr/lib/python3.9/site-packages/neutron/api/rpc/callbacks/version_manager.py:113
2026-06-15 07:54:21.586 16 DEBUG neutron.api.rpc.callbacks.version_manager [req-1d633f36-cb8b-4ba7-bcad-b22bb6ac2136 0d55f7b067784de79c7f78a69e86f4ad ad86801237bc4fe38f1b49bec540fcb6 - - -] Version for resource type Trunk changed None to 1.1 on consumer Open vSwitch agent@undercloud.ooo.test _set_version /usr/lib/python3.9/site-packages/neutron/api/rpc/callbacks/version_manager.py:113
2026-06-15 07:54:21.592 16 INFO neutron.wsgi [req-1d633f36-cb8b-4ba7-bcad-b22bb6ac2136 0d55f7b067784de79c7f78a69e86f4ad ad86801237bc4fe38f1b49bec540fcb6 - default default] 192.168.122.99,192.168.122.100 "POST /v2.0/ports HTTP/1.1" status: 201 len: 1016 time: 0.4023380
2026-06-15 07:54:21.602 16 DEBUG neutron.services.tag.tag_plugin [req-3c316892-8b7e-4458-9aea-60b0a459f4e0 0d55f7b067784de79c7f78a69e86f4ad ad86801237bc4fe38f1b49bec540fcb6 - default default] neutron.services.tag.tag_plugin.TagPlugin method update_tags called with arguments (, 'ports', 'ba9f3cd0-a1e1-46d4-bf42-f58612ad9c3c', {'tags': ['tripleo_stack_name=overcloud', 'tripleo_ovn_physnet=datacentre']}) {} wrapper /usr/lib/python3.9/site-packages/oslo_log/helpers.py:65
2026-06-15 07:54:21.644 16 INFO neutron.wsgi [req-3c316892-8b7e-4458-9aea-60b0a459f4e0 0d55f7b067784de79c7f78a69e86f4ad ad86801237bc4fe38f1b49bec540fcb6 - default default] 192.168.122.99,192.168.122.100 "PUT /v2.0/ports/ba9f3cd0-a1e1-46d4-bf42-f58612ad9c3c/tags HTTP/1.1" status: 200 len: 250 time: 0.0456111
2026-06-15 07:54:21.701 16 DEBUG neutron.pecan_wsgi.hooks.policy_enforcement [req-48b6aba4-a942-4360-8272-7b44f5e174e2 0d55f7b067784de79c7f78a69e86f4ad ad86801237bc4fe38f1b49bec540fcb6 - default default] Attributes excluded by policy engine: ['standard_attr_id'] _exclude_attributes_by_policy /usr/lib/python3.9/site-packages/neutron/pecan_wsgi/hooks/policy_enforcement.py:259
2026-06-15 07:54:21.702 16 DEBUG neutron.pecan_wsgi.hooks.policy_enforcement [req-48b6aba4-a942-4360-8272-7b44f5e174e2 0d55f7b067784de79c7f78a69e86f4ad ad86801237bc4fe38f1b49bec540fcb6 - default default] Attributes excluded by policy engine: ['standard_attr_id'] _exclude_attributes_by_policy /usr/lib/python3.9/site-packages/neutron/pecan_wsgi/hooks/policy_enforcement.py:259
2026-06-15 07:54:21.702 16 DEBUG neutron.pecan_wsgi.hooks.policy_enforcement [req-48b6aba4-a942-4360-8272-7b44f5e174e2 0d55f7b067784de79c7f78a69e86f4ad ad86801237bc4fe38f1b49bec540fcb6 - default default] Attributes excluded by policy engine: ['standard_attr_id'] _exclude_attributes_by_policy /usr/lib/python3.9/site-packages/neutron/pecan_wsgi/hooks/policy_enforcement.py:259
2026-06-15 07:54:21.702 16 DEBUG neutron.pecan_wsgi.hooks.policy_enforcement [req-48b6aba4-a942-4360-8272-7b44f5e174e2 0d55f7b067784de79c7f78a69e86f4ad ad86801237bc4fe38f1b49bec540fcb6 - default default] Attributes excluded by policy engine: ['standard_attr_id'] _exclude_attributes_by_policy /usr/lib/python3.9/site-packages/neutron/pecan_wsgi/hooks/policy_enforcement.py:259
2026-06-15 07:54:21.703 16 DEBUG neutron.pecan_wsgi.hooks.policy_enforcement [req-48b6aba4-a942-4360-8272-7b44f5e174e2 0d55f7b067784de79c7f78a69e86f4ad ad86801237bc4fe38f1b49bec540fcb6 - default default] Attributes excluded by policy engine: ['standard_attr_id'] _exclude_attributes_by_policy /usr/lib/python3.9/site-packages/neutron/pecan_wsgi/hooks/policy_enforcement.py:259
2026-06-15 07:54:21.703 16 DEBUG neutron.pecan_wsgi.hooks.policy_enforcement [req-48b6aba4-a942-4360-8272-7b44f5e174e2 0d55f7b067784de79c7f78a69e86f4ad ad86801237bc4fe38f1b49bec540fcb6 - default default] Attributes excluded by policy engine: ['standard_attr_id'] _exclude_attributes_by_policy /usr/lib/python3.9/site-packages/neutron/pecan_wsgi/hooks/policy_enforcement.py:259
2026-06-15 07:54:21.704 16 INFO neutron.wsgi [req-48b6aba4-a942-4360-8272-7b44f5e174e2 0d55f7b067784de79c7f78a69e86f4ad ad86801237bc4fe38f1b49bec540fcb6 - default default] 192.168.122.99,192.168.122.100 "GET /v2.0/ports?network_id=efec9372-e176-4f13-835c-1fb60a2fe428&tags=tripleo_stack_name%3Dovercloud HTTP/1.1" status: 200 len: 5533 time: 0.0538983
2026-06-15 07:54:21.741 16 DEBUG neutron.plugins.ml2.plugin [req-f53316bc-3694-4d03-a361-3f714a5d7fe2 0d55f7b067784de79c7f78a69e86f4ad ad86801237bc4fe38f1b49bec540fcb6 - default default] Deleting port 354b9416-a698-46a7-a037-0183ccf8f2d4 _pre_delete_port /usr/lib/python3.9/site-packages/neutron/plugins/ml2/plugin.py:2025
2026-06-15 07:54:21.742 16 DEBUG neutron_lib.callbacks.manager [req-f53316bc-3694-4d03-a361-3f714a5d7fe2 0d55f7b067784de79c7f78a69e86f4ad ad86801237bc4fe38f1b49bec540fcb6 - default default] Notify callbacks ['neutron.plugins.ml2.extensions.dns_integration._delete_port_in_external_dns_service-8735175696366', 'neutron.db.l3_db.L3_NAT_dbonly_mixin._prevent_l3_port_delete_callback-8735175760267'] for port, before_delete _notify_loop /usr/lib/python3.9/site-packages/neutron_lib/callbacks/manager.py:200
2026-06-15 07:54:21.828 16 DEBUG neutron_lib.callbacks.manager [req-f53316bc-3694-4d03-a361-3f714a5d7fe2 0d55f7b067784de79c7f78a69e86f4ad ad86801237bc4fe38f1b49bec540fcb6 - default default] Notify callbacks ['neutron.services.l3_router.l3_router_plugin.L3_NAT_dbonly_mixin._precommit_delete_port_callback-1019620'] for port, precommit_delete _notify_loop /usr/lib/python3.9/site-packages/neutron_lib/callbacks/manager.py:200
2026-06-15 07:54:21.838 16 DEBUG neutron.plugins.ml2.plugin [req-f53316bc-3694-4d03-a361-3f714a5d7fe2 0d55f7b067784de79c7f78a69e86f4ad ad86801237bc4fe38f1b49bec540fcb6 - default default] Calling delete_port for 354b9416-a698-46a7-a037-0183ccf8f2d4 owned by delete_port /usr/lib/python3.9/site-packages/neutron/plugins/ml2/plugin.py:2097
2026-06-15 07:54:21.902 16 DEBUG neutron_lib.callbacks.manager [req-f53316bc-3694-4d03-a361-3f714a5d7fe2 0d55f7b067784de79c7f78a69e86f4ad ad86801237bc4fe38f1b49bec540fcb6 - default default] Notify callbacks ['neutron.plugins.ml2.plugin.SecurityGroupServerNotifierRpcMixin.notify_sg_on_port_change-1580098', 'neutron.plugins.ml2.ovo_rpc._ObjectChangeHandler.handle_event-352160', 'neutron.api.rpc.agentnotifiers.dhcp_rpc_agent_api.DhcpAgentNotifyAPI._native_event_send_dhcp_notification-685674', 'neutron.db.l3_db.L3RpcNotifierMixin._notify_routers_callback-8735175733980', 'neutron.services.segments.plugin.NovaSegmentNotifier._notify_port_created_or_deleted-985279'] for port, after_delete _notify_loop /usr/lib/python3.9/site-packages/neutron_lib/callbacks/manager.py:200
2026-06-15 07:54:21.924 16 DEBUG neutron.api.rpc.handlers.resources_rpc [req-f53316bc-3694-4d03-a361-3f714a5d7fe2 0d55f7b067784de79c7f78a69e86f4ad ad86801237bc4fe38f1b49bec540fcb6 - - -] Pushing event deleted for resources: {'Port': ['ID=354b9416-a698-46a7-a037-0183ccf8f2d4,revision_number=None']} push /usr/lib/python3.9/site-packages/neutron/api/rpc/handlers/resources_rpc.py:237
2026-06-15 07:54:21.943 16 DEBUG neutron_lib.callbacks.manager [req-f53316bc-3694-4d03-a361-3f714a5d7fe2 0d55f7b067784de79c7f78a69e86f4ad ad86801237bc4fe38f1b49bec540fcb6 - default default] Notify callbacks ['neutron.notifiers.nova.Notifier._send_nova_notification-182531', 'neutron.api.rpc.agentnotifiers.dhcp_rpc_agent_api.DhcpAgentNotifyAPI._send_dhcp_notification-685656'] for port, before_response _notify_loop /usr/lib/python3.9/site-packages/neutron_lib/callbacks/manager.py:200
2026-06-15 07:54:21.946 16 INFO neutron.wsgi [req-f53316bc-3694-4d03-a361-3f714a5d7fe2 0d55f7b067784de79c7f78a69e86f4ad ad86801237bc4fe38f1b49bec540fcb6 - default default] 192.168.122.99,192.168.122.100 "DELETE /v2.0/ports/354b9416-a698-46a7-a037-0183ccf8f2d4 HTTP/1.1" status: 204 len: 149 time: 0.2342253
2026-06-15 07:54:22.012 16 DEBUG neutron.plugins.ml2.plugin [req-52d718d0-e9d8-447c-ac2c-f2231b9c112f 0d55f7b067784de79c7f78a69e86f4ad ad86801237bc4fe38f1b49bec540fcb6 - default default] Deleting port 91a757b6-3151-41b4-92a6-e6325d9f40b7 _pre_delete_port /usr/lib/python3.9/site-packages/neutron/plugins/ml2/plugin.py:2025
2026-06-15 07:54:22.012 16 DEBUG neutron_lib.callbacks.manager [req-52d718d0-e9d8-447c-ac2c-f2231b9c112f 0d55f7b067784de79c7f78a69e86f4ad ad86801237bc4fe38f1b49bec540fcb6 - default default] Notify callbacks ['neutron.plugins.ml2.extensions.dns_integration._delete_port_in_external_dns_service-8735175696366', 'neutron.db.l3_db.L3_NAT_dbonly_mixin._prevent_l3_port_delete_callback-8735175760267'] for port, before_delete _notify_loop /usr/lib/python3.9/site-packages/neutron_lib/callbacks/manager.py:200
2026-06-15 07:54:22.127 16 DEBUG neutron_lib.callbacks.manager [req-52d718d0-e9d8-447c-ac2c-f2231b9c112f 0d55f7b067784de79c7f78a69e86f4ad ad86801237bc4fe38f1b49bec540fcb6 - default default] Notify callbacks ['neutron.services.l3_router.l3_router_plugin.L3_NAT_dbonly_mixin._precommit_delete_port_callback-1019620'] for port, precommit_delete _notify_loop /usr/lib/python3.9/site-packages/neutron_lib/callbacks/manager.py:200
2026-06-15 07:54:22.136 16 DEBUG neutron.plugins.ml2.plugin [req-52d718d0-e9d8-447c-ac2c-f2231b9c112f 0d55f7b067784de79c7f78a69e86f4ad ad86801237bc4fe38f1b49bec540fcb6 - default default] Calling delete_port for 91a757b6-3151-41b4-92a6-e6325d9f40b7 owned by delete_port /usr/lib/python3.9/site-packages/neutron/plugins/ml2/plugin.py:2097
2026-06-15 07:54:22.169 16 DEBUG neutron_lib.callbacks.manager [req-52d718d0-e9d8-447c-ac2c-f2231b9c112f 0d55f7b067784de79c7f78a69e86f4ad ad86801237bc4fe38f1b49bec540fcb6 - default default] Notify callbacks ['neutron.plugins.ml2.plugin.SecurityGroupServerNotifierRpcMixin.notify_sg_on_port_change-1580098', 'neutron.plugins.ml2.ovo_rpc._ObjectChangeHandler.handle_event-352160', 'neutron.api.rpc.agentnotifiers.dhcp_rpc_agent_api.DhcpAgentNotifyAPI._native_event_send_dhcp_notification-685674', 'neutron.db.l3_db.L3RpcNotifierMixin._notify_routers_callback-8735175733980', 'neutron.services.segments.plugin.NovaSegmentNotifier._notify_port_created_or_deleted-985279'] for port, after_delete _notify_loop /usr/lib/python3.9/site-packages/neutron_lib/callbacks/manager.py:200
2026-06-15 07:54:22.190 16 DEBUG neutron.api.rpc.handlers.resources_rpc [req-52d718d0-e9d8-447c-ac2c-f2231b9c112f 0d55f7b067784de79c7f78a69e86f4ad ad86801237bc4fe38f1b49bec540fcb6 - - -] Pushing event deleted for resources: {'Port': ['ID=91a757b6-3151-41b4-92a6-e6325d9f40b7,revision_number=None']} push /usr/lib/python3.9/site-packages/neutron/api/rpc/handlers/resources_rpc.py:237
2026-06-15 07:54:22.194 16 DEBUG neutron_lib.callbacks.manager [req-52d718d0-e9d8-447c-ac2c-f2231b9c112f 0d55f7b067784de79c7f78a69e86f4ad ad86801237bc4fe38f1b49bec540fcb6 - default default] Notify callbacks ['neutron.notifiers.nova.Notifier._send_nova_notification-182531', 'neutron.api.rpc.agentnotifiers.dhcp_rpc_agent_api.DhcpAgentNotifyAPI._send_dhcp_notification-685656'] for port, before_response _notify_loop /usr/lib/python3.9/site-packages/neutron_lib/callbacks/manager.py:200
2026-06-15 07:54:22.195 16 INFO neutron.wsgi [req-52d718d0-e9d8-447c-ac2c-f2231b9c112f 0d55f7b067784de79c7f78a69e86f4ad ad86801237bc4fe38f1b49bec540fcb6 - default default] 192.168.122.99,192.168.122.100 "DELETE /v2.0/ports/91a757b6-3151-41b4-92a6-e6325d9f40b7 HTTP/1.1" status: 204 len: 149 time: 0.2439034
2026-06-15 07:54:22.234 16 DEBUG neutron.plugins.ml2.plugin [req-69a8206f-8ddb-4c3b-ac50-14b598dd2c81 0d55f7b067784de79c7f78a69e86f4ad ad86801237bc4fe38f1b49bec540fcb6 - default default] Deleting port fa53f19a-bbc2-4aa5-8275-b2950acbc242 _pre_delete_port /usr/lib/python3.9/site-packages/neutron/plugins/ml2/plugin.py:2025
2026-06-15 07:54:22.234 16 DEBUG neutron_lib.callbacks.manager [req-69a8206f-8ddb-4c3b-ac50-14b598dd2c81 0d55f7b067784de79c7f78a69e86f4ad ad86801237bc4fe38f1b49bec540fcb6 - default default] Notify callbacks ['neutron.plugins.ml2.extensions.dns_integration._delete_port_in_external_dns_service-8735175696366', 'neutron.db.l3_db.L3_NAT_dbonly_mixin._prevent_l3_port_delete_callback-8735175760267'] for port, before_delete _notify_loop /usr/lib/python3.9/site-packages/neutron_lib/callbacks/manager.py:200
2026-06-15 07:54:22.392 16 DEBUG neutron_lib.callbacks.manager [req-69a8206f-8ddb-4c3b-ac50-14b598dd2c81 0d55f7b067784de79c7f78a69e86f4ad ad86801237bc4fe38f1b49bec540fcb6 - default default] Notify callbacks ['neutron.services.l3_router.l3_router_plugin.L3_NAT_dbonly_mixin._precommit_delete_port_callback-1019620'] for port, precommit_delete _notify_loop /usr/lib/python3.9/site-packages/neutron_lib/callbacks/manager.py:200
2026-06-15 07:54:22.406 16 DEBUG neutron.plugins.ml2.plugin [req-69a8206f-8ddb-4c3b-ac50-14b598dd2c81 0d55f7b067784de79c7f78a69e86f4ad ad86801237bc4fe38f1b49bec540fcb6 - default default] Calling delete_port for fa53f19a-bbc2-4aa5-8275-b2950acbc242 owned by delete_port /usr/lib/python3.9/site-packages/neutron/plugins/ml2/plugin.py:2097
2026-06-15 07:54:22.455 16 DEBUG neutron_lib.callbacks.manager [req-69a8206f-8ddb-4c3b-ac50-14b598dd2c81 0d55f7b067784de79c7f78a69e86f4ad ad86801237bc4fe38f1b49bec540fcb6 - default default] Notify callbacks ['neutron.plugins.ml2.plugin.SecurityGroupServerNotifierRpcMixin.notify_sg_on_port_change-1580098', 'neutron.plugins.ml2.ovo_rpc._ObjectChangeHandler.handle_event-352160', 'neutron.api.rpc.agentnotifiers.dhcp_rpc_agent_api.DhcpAgentNotifyAPI._native_event_send_dhcp_notification-685674', 'neutron.db.l3_db.L3RpcNotifierMixin._notify_routers_callback-8735175733980', 'neutron.services.segments.plugin.NovaSegmentNotifier._notify_port_created_or_deleted-985279'] for port, after_delete _notify_loop /usr/lib/python3.9/site-packages/neutron_lib/callbacks/manager.py:200
2026-06-15 07:54:22.479 16 DEBUG neutron.api.rpc.handlers.resources_rpc [req-69a8206f-8ddb-4c3b-ac50-14b598dd2c81 0d55f7b067784de79c7f78a69e86f4ad ad86801237bc4fe38f1b49bec540fcb6 - - -] Pushing event deleted for resources: {'Port': ['ID=fa53f19a-bbc2-4aa5-8275-b2950acbc242,revision_number=None']} push /usr/lib/python3.9/site-packages/neutron/api/rpc/handlers/resources_rpc.py:237
2026-06-15 07:54:22.484 16 DEBUG neutron_lib.callbacks.manager [req-69a8206f-8ddb-4c3b-ac50-14b598dd2c81 0d55f7b067784de79c7f78a69e86f4ad ad86801237bc4fe38f1b49bec540fcb6 - default default] Notify callbacks ['neutron.notifiers.nova.Notifier._send_nova_notification-182531', 'neutron.api.rpc.agentnotifiers.dhcp_rpc_agent_api.DhcpAgentNotifyAPI._send_dhcp_notification-685656'] for port, before_response _notify_loop /usr/lib/python3.9/site-packages/neutron_lib/callbacks/manager.py:200
2026-06-15 07:54:22.485 16 INFO neutron.wsgi [req-69a8206f-8ddb-4c3b-ac50-14b598dd2c81 0d55f7b067784de79c7f78a69e86f4ad ad86801237bc4fe38f1b49bec540fcb6 - default default] 192.168.122.99,192.168.122.100 "DELETE /v2.0/ports/fa53f19a-bbc2-4aa5-8275-b2950acbc242 HTTP/1.1" status: 204 len: 149 time: 0.2791407
2026-06-15 07:54:22.537 16 DEBUG neutron.pecan_wsgi.hooks.policy_enforcement [req-bbaa661d-b42c-4f48-b97d-37c7954336b2 0d55f7b067784de79c7f78a69e86f4ad ad86801237bc4fe38f1b49bec540fcb6 - default default] Attributes excluded by policy engine: ['standard_attr_id'] _exclude_attributes_by_policy /usr/lib/python3.9/site-packages/neutron/pecan_wsgi/hooks/policy_enforcement.py:259
2026-06-15 07:54:22.538 16 DEBUG neutron.pecan_wsgi.hooks.policy_enforcement [req-bbaa661d-b42c-4f48-b97d-37c7954336b2 0d55f7b067784de79c7f78a69e86f4ad ad86801237bc4fe38f1b49bec540fcb6 - default default] Attributes excluded by policy engine: ['standard_attr_id'] _exclude_attributes_by_policy /usr/lib/python3.9/site-packages/neutron/pecan_wsgi/hooks/policy_enforcement.py:259
2026-06-15 07:54:22.538 16 DEBUG neutron.pecan_wsgi.hooks.policy_enforcement [req-bbaa661d-b42c-4f48-b97d-37c7954336b2 0d55f7b067784de79c7f78a69e86f4ad ad86801237bc4fe38f1b49bec540fcb6 - default default] Attributes excluded by policy engine: ['standard_attr_id'] _exclude_attributes_by_policy /usr/lib/python3.9/site-packages/neutron/pecan_wsgi/hooks/policy_enforcement.py:259
2026-06-15 07:54:22.539 16 INFO neutron.wsgi [req-bbaa661d-b42c-4f48-b97d-37c7954336b2 0d55f7b067784de79c7f78a69e86f4ad ad86801237bc4fe38f1b49bec540fcb6 - default default] 192.168.122.99,192.168.122.100 "GET /v2.0/ports?network_id=efec9372-e176-4f13-835c-1fb60a2fe428&tags=tripleo_stack_name%3Dovercloud HTTP/1.1" status: 200 len: 2860 time: 0.0469594
2026-06-15 07:54:23.564 15 DEBUG neutron.wsgi [-] (15) accepted ('192.168.122.100', 42226) server /usr/lib/python3.9/site-packages/eventlet/wsgi.py:992
2026-06-15 07:54:23.567 15 INFO neutron.wsgi [-] 192.168.122.100 "GET /healthcheck HTTP/1.0" status: 200 len: 137 time: 0.0026124
2026-06-15 07:54:25.568 17 DEBUG neutron.wsgi [-] (17) accepted ('192.168.122.100', 42232) server /usr/lib/python3.9/site-packages/eventlet/wsgi.py:992
2026-06-15 07:54:25.570 17 INFO neutron.wsgi [-] 192.168.122.100 "GET /healthcheck HTTP/1.0" status: 200 len: 137 time: 0.0013597
2026-06-15 07:54:27.571 15 DEBUG neutron.wsgi [-] (15) accepted ('192.168.122.100', 42236) server /usr/lib/python3.9/site-packages/eventlet/wsgi.py:992
2026-06-15 07:54:27.575 15 INFO neutron.wsgi [-] 192.168.122.100 "GET /healthcheck HTTP/1.0" status: 200 len: 137 time: 0.0019958
2026-06-15 07:54:29.575 16 DEBUG neutron.wsgi [-] (16) accepted ('192.168.122.100', 33380) server /usr/lib/python3.9/site-packages/eventlet/wsgi.py:992
2026-06-15 07:54:29.579 16 INFO neutron.wsgi [-] 192.168.122.100 "GET /healthcheck HTTP/1.0" status: 200 len: 137 time: 0.0026908
2026-06-15 07:54:31.580 16 DEBUG neutron.wsgi [-] (16) accepted ('192.168.122.100', 33396) server /usr/lib/python3.9/site-packages/eventlet/wsgi.py:992
2026-06-15 07:54:31.582 16 INFO neutron.wsgi [-] 192.168.122.100 "GET /healthcheck HTTP/1.0" status: 200 len: 137 time: 0.0013630
2026-06-15 07:54:33.583 15 DEBUG neutron.wsgi [-] (15) accepted ('192.168.122.100', 33410) server /usr/lib/python3.9/site-packages/eventlet/wsgi.py:992
2026-06-15 07:54:33.587 15 INFO neutron.wsgi [-] 192.168.122.100 "GET /healthcheck HTTP/1.0" status: 200 len: 137 time: 0.0029805
2026-06-15 07:54:35.588 18 DEBUG neutron.wsgi [-] (18) accepted ('192.168.122.100', 33414) server /usr/lib/python3.9/site-packages/eventlet/wsgi.py:992
2026-06-15 07:54:35.592 18 INFO neutron.wsgi [-] 192.168.122.100 "GET /healthcheck HTTP/1.0" status: 200 len: 137 time: 0.0024951
2026-06-15 07:54:37.593 18 DEBUG neutron.wsgi [-] (18) accepted ('192.168.122.100', 33416) server /usr/lib/python3.9/site-packages/eventlet/wsgi.py:992
2026-06-15 07:54:37.596 18 INFO neutron.wsgi [-] 192.168.122.100 "GET /healthcheck HTTP/1.0" status: 200 len: 137 time: 0.0027542
2026-06-15 07:54:39.598 18 DEBUG neutron.wsgi [-] (18) accepted ('192.168.122.100', 57180) server /usr/lib/python3.9/site-packages/eventlet/wsgi.py:992
2026-06-15 07:54:39.602 18 INFO neutron.wsgi [-] 192.168.122.100 "GET /healthcheck HTTP/1.0" status: 200 len: 137 time: 0.0025916
2026-06-15 07:54:41.604 15 DEBUG neutron.wsgi [-] (15) accepted ('192.168.122.100', 57190) server /usr/lib/python3.9/site-packages/eventlet/wsgi.py:992
2026-06-15 07:54:41.607 15 INFO neutron.wsgi [-] 192.168.122.100 "GET /healthcheck HTTP/1.0" status: 200 len: 137 time: 0.0018740
2026-06-15 07:54:43.610 16 DEBUG neutron.wsgi [-] (16) accepted ('192.168.122.100', 57206) server /usr/lib/python3.9/site-packages/eventlet/wsgi.py:992
2026-06-15 07:54:43.612 16 INFO neutron.wsgi [-] 192.168.122.100 "GET /healthcheck HTTP/1.0" status: 200 len: 137 time: 0.0015121
2026-06-15 07:54:45.614 18 DEBUG neutron.wsgi [-] (18) accepted ('192.168.122.100', 57208) server /usr/lib/python3.9/site-packages/eventlet/wsgi.py:992
2026-06-15 07:54:45.618 18 INFO neutron.wsgi [-] 192.168.122.100 "GET /healthcheck HTTP/1.0" status: 200 len: 137 time: 0.0028846
2026-06-15 07:54:47.464 16 DEBUG neutron.wsgi [-] (16) accepted ('192.168.122.100', 57214) server /usr/lib/python3.9/site-packages/eventlet/wsgi.py:992
2026-06-15 07:54:47.467 16 INFO neutron.wsgi [-] 192.168.122.100 "GET / HTTP/1.1" status: 200 len: 233 time: 0.0020535
2026-06-15 07:54:47.619 18 DEBUG neutron.wsgi [-] (18) accepted ('192.168.122.100', 52018) server /usr/lib/python3.9/site-packages/eventlet/wsgi.py:992
2026-06-15 07:54:47.622 18 INFO neutron.wsgi [-] 192.168.122.100 "GET /healthcheck HTTP/1.0" status: 200 len: 137 time: 0.0018513
2026-06-15 07:54:49.624 18 DEBUG neutron.wsgi [-] (18) accepted ('192.168.122.100', 52024) server /usr/lib/python3.9/site-packages/eventlet/wsgi.py:992
2026-06-15 07:54:49.630 18 INFO neutron.wsgi [-] 192.168.122.100 "GET /healthcheck HTTP/1.0" status: 200 len: 137 time: 0.0027566
2026-06-15 07:54:51.631 18 DEBUG neutron.wsgi [-] (18) accepted ('192.168.122.100', 52028) server /usr/lib/python3.9/site-packages/eventlet/wsgi.py:992
2026-06-15 07:54:51.635 18 INFO neutron.wsgi [-] 192.168.122.100 "GET /healthcheck HTTP/1.0" status: 200 len: 137 time: 0.0029051
2026-06-15 07:54:53.638 18 DEBUG neutron.wsgi [-] (18) accepted ('192.168.122.100', 52044) server /usr/lib/python3.9/site-packages/eventlet/wsgi.py:992
2026-06-15 07:54:53.641 18 INFO neutron.wsgi [-] 192.168.122.100 "GET /healthcheck HTTP/1.0" status: 200 len: 137 time: 0.0025544
2026-06-15 07:54:55.644 17 DEBUG neutron.wsgi [-] (17) accepted ('192.168.122.100', 52052) server /usr/lib/python3.9/site-packages/eventlet/wsgi.py:992
2026-06-15 07:54:55.648 17 INFO neutron.wsgi [-] 192.168.122.100 "GET /healthcheck HTTP/1.0" status: 200 len: 137 time: 0.0027165
2026-06-15 07:54:57.650 18 DEBUG neutron.wsgi [-] (18) accepted ('192.168.122.100', 48944) server /usr/lib/python3.9/site-packages/eventlet/wsgi.py:992
2026-06-15 07:54:57.653 18 INFO neutron.wsgi [-] 192.168.122.100 "GET /healthcheck HTTP/1.0" status: 200 len: 137 time: 0.0016775
2026-06-15 07:54:59.656 15 DEBUG neutron.wsgi [-] (15) accepted ('192.168.122.100', 48956) server /usr/lib/python3.9/site-packages/eventlet/wsgi.py:992
2026-06-15 07:54:59.659 15 INFO neutron.wsgi [-] 192.168.122.100 "GET /healthcheck HTTP/1.0" status: 200 len: 137 time: 0.0026433
2026-06-15 07:55:01.662 15 DEBUG neutron.wsgi [-] (15) accepted ('192.168.122.100', 48958) server /usr/lib/python3.9/site-packages/eventlet/wsgi.py:992
2026-06-15 07:55:01.666 15 INFO neutron.wsgi [-] 192.168.122.100 "GET /healthcheck HTTP/1.0" status: 200 len: 137 time: 0.0025938
2026-06-15 07:55:03.667 16 DEBUG neutron.wsgi [-] (16) accepted ('192.168.122.100', 48974) server /usr/lib/python3.9/site-packages/eventlet/wsgi.py:992
2026-06-15 07:55:03.670 16 INFO neutron.wsgi [-] 192.168.122.100 "GET /healthcheck HTTP/1.0" status: 200 len: 137 time: 0.0020733
2026-06-15 07:55:05.674 16 DEBUG neutron.wsgi [-] (16) accepted ('192.168.122.100', 48988) server /usr/lib/python3.9/site-packages/eventlet/wsgi.py:992
2026-06-15 07:55:05.676 16 INFO neutron.wsgi [-] 192.168.122.100 "GET /healthcheck HTTP/1.0" status: 200 len: 137 time: 0.0013101
2026-06-15 07:55:07.677 16 DEBUG neutron.wsgi [-] (16) accepted ('192.168.122.100', 58512) server /usr/lib/python3.9/site-packages/eventlet/wsgi.py:992
2026-06-15 07:55:07.680 16 INFO neutron.wsgi [-] 192.168.122.100 "GET /healthcheck HTTP/1.0" status: 200 len: 137 time: 0.0025060
2026-06-15 07:55:09.682 18 DEBUG neutron.wsgi [-] (18) accepted ('192.168.122.100', 58522) server /usr/lib/python3.9/site-packages/eventlet/wsgi.py:992
2026-06-15 07:55:09.686 18 INFO neutron.wsgi [-] 192.168.122.100 "GET /healthcheck HTTP/1.0" status: 200 len: 137 time: 0.0025387
2026-06-15 07:55:11.687 15 DEBUG neutron.wsgi [-] (15) accepted ('192.168.122.100', 58526) server /usr/lib/python3.9/site-packages/eventlet/wsgi.py:992
2026-06-15 07:55:11.689 15 INFO neutron.wsgi [-] 192.168.122.100 "GET /healthcheck HTTP/1.0" status: 200 len: 137 time: 0.0013373
2026-06-15 07:55:13.692 17 DEBUG neutron.wsgi [-] (17) accepted ('192.168.122.100', 58540) server /usr/lib/python3.9/site-packages/eventlet/wsgi.py:992
2026-06-15 07:55:13.695 17 INFO neutron.wsgi [-] 192.168.122.100 "GET /healthcheck HTTP/1.0" status: 200 len: 137 time: 0.0025961
2026-06-15 07:55:15.698 17 DEBUG neutron.wsgi [-] (17) accepted ('192.168.122.100', 58546) server /usr/lib/python3.9/site-packages/eventlet/wsgi.py:992
2026-06-15 07:55:15.702 17 INFO neutron.wsgi [-] 192.168.122.100 "GET /healthcheck HTTP/1.0" status: 200 len: 137 time: 0.0023675
2026-06-15 07:55:17.704 16 DEBUG neutron.wsgi [-] (16) accepted ('192.168.122.100', 46174) server /usr/lib/python3.9/site-packages/eventlet/wsgi.py:992
2026-06-15 07:55:17.708 16 INFO neutron.wsgi [-] 192.168.122.100 "GET /healthcheck HTTP/1.0" status: 200 len: 137 time: 0.0029993
2026-06-15 07:55:18.315 17 DEBUG neutron.wsgi [-] (17) accepted ('192.168.122.100', 46176) server /usr/lib/python3.9/site-packages/eventlet/wsgi.py:992
2026-06-15 07:55:18.318 17 INFO neutron.wsgi [-] 192.168.122.100 "GET / HTTP/1.1" status: 200 len: 233 time: 0.0013022
2026-06-15 07:55:19.709 17 DEBUG neutron.wsgi [-] (17) accepted ('192.168.122.100', 46190) server /usr/lib/python3.9/site-packages/eventlet/wsgi.py:992
2026-06-15 07:55:19.712 17 INFO neutron.wsgi [-] 192.168.122.100 "GET /healthcheck HTTP/1.0" status: 200 len: 137 time: 0.0018554
2026-06-15 07:55:21.714 17 DEBUG neutron.wsgi [-] (17) accepted ('192.168.122.100', 46200) server /usr/lib/python3.9/site-packages/eventlet/wsgi.py:992
2026-06-15 07:55:21.718 17 INFO neutron.wsgi [-] 192.168.122.100 "GET /healthcheck HTTP/1.0" status: 200 len: 137 time: 0.0025730
2026-06-15 07:55:23.720 17 DEBUG neutron.wsgi [-] (17) accepted ('192.168.122.100', 46206) server /usr/lib/python3.9/site-packages/eventlet/wsgi.py:992
2026-06-15 07:55:23.724 17 INFO neutron.wsgi [-] 192.168.122.100 "GET /healthcheck HTTP/1.0" status: 200 len: 137 time: 0.0024798
2026-06-15 07:55:25.725 17 DEBUG neutron.wsgi [-] (17) accepted ('192.168.122.100', 46208) server /usr/lib/python3.9/site-packages/eventlet/wsgi.py:992
2026-06-15 07:55:25.729 17 INFO neutron.wsgi [-] 192.168.122.100 "GET /healthcheck HTTP/1.0" status: 200 len: 137 time: 0.0025887
2026-06-15 07:55:27.730 16 DEBUG neutron.wsgi [-] (16) accepted ('192.168.122.100', 32838) server /usr/lib/python3.9/site-packages/eventlet/wsgi.py:992
2026-06-15 07:55:27.733 16 INFO neutron.wsgi [-] 192.168.122.100 "GET /healthcheck HTTP/1.0" status: 200 len: 137 time: 0.0021653
2026-06-15 07:55:29.736 18 DEBUG neutron.wsgi [-] (18) accepted ('192.168.122.100', 32852) server /usr/lib/python3.9/site-packages/eventlet/wsgi.py:992
2026-06-15 07:55:29.740 18 INFO neutron.wsgi [-] 192.168.122.100 "GET /healthcheck HTTP/1.0" status: 200 len: 137 time: 0.0029941
2026-06-15 07:55:31.742 18 DEBUG neutron.wsgi [-] (18) accepted ('192.168.122.100', 32854) server /usr/lib/python3.9/site-packages/eventlet/wsgi.py:992
2026-06-15 07:55:31.744 18 INFO neutron.wsgi [-] 192.168.122.100 "GET /healthcheck HTTP/1.0" status: 200 len: 137 time: 0.0017660
2026-06-15 07:55:33.746 16 DEBUG neutron.wsgi [-] (16) accepted ('192.168.122.100', 32864) server /usr/lib/python3.9/site-packages/eventlet/wsgi.py:992
2026-06-15 07:55:33.748 16 INFO neutron.wsgi [-] 192.168.122.100 "GET /healthcheck HTTP/1.0" status: 200 len: 137 time: 0.0018826
2026-06-15 07:55:35.750 16 DEBUG neutron.wsgi [-] (16) accepted ('192.168.122.100', 32872) server /usr/lib/python3.9/site-packages/eventlet/wsgi.py:992
2026-06-15 07:55:35.752 16 INFO neutron.wsgi [-] 192.168.122.100 "GET /healthcheck HTTP/1.0" status: 200 len: 137 time: 0.0013137
2026-06-15 07:55:37.755 17 DEBUG neutron.wsgi [-] (17) accepted ('192.168.122.100', 57592) server /usr/lib/python3.9/site-packages/eventlet/wsgi.py:992
2026-06-15 07:55:37.759 17 INFO neutron.wsgi [-] 192.168.122.100 "GET /healthcheck HTTP/1.0" status: 200 len: 137 time: 0.0024490
2026-06-15 07:55:39.761 15 DEBUG neutron.wsgi [-] (15) accepted ('192.168.122.100', 57606) server /usr/lib/python3.9/site-packages/eventlet/wsgi.py:992
2026-06-15 07:55:39.767 15 INFO neutron.wsgi [-] 192.168.122.100 "GET /healthcheck HTTP/1.0" status: 200 len: 137 time: 0.0047543
2026-06-15 07:55:41.767 16 DEBUG neutron.wsgi [-] (16) accepted ('192.168.122.100', 57620) server /usr/lib/python3.9/site-packages/eventlet/wsgi.py:992
2026-06-15 07:55:41.770 16 INFO neutron.wsgi [-] 192.168.122.100 "GET /healthcheck HTTP/1.0" status: 200 len: 137 time: 0.0026934
2026-06-15 07:55:43.771 16 DEBUG neutron.wsgi [-] (16) accepted ('192.168.122.100', 57626) server /usr/lib/python3.9/site-packages/eventlet/wsgi.py:992
2026-06-15 07:55:43.775 16 INFO neutron.wsgi [-] 192.168.122.100 "GET /healthcheck HTTP/1.0" status: 200 len: 137 time: 0.0025792
2026-06-15 07:55:45.777 17 DEBUG neutron.wsgi [-] (17) accepted ('192.168.122.100', 57640) server /usr/lib/python3.9/site-packages/eventlet/wsgi.py:992
2026-06-15 07:55:45.780 17 INFO neutron.wsgi [-] 192.168.122.100 "GET /healthcheck HTTP/1.0" status: 200 len: 137 time: 0.0026629
2026-06-15 07:55:47.782 16 DEBUG neutron.wsgi [-] (16) accepted ('192.168.122.100', 59244) server /usr/lib/python3.9/site-packages/eventlet/wsgi.py:992
2026-06-15 07:55:47.788 16 INFO neutron.wsgi [-] 192.168.122.100 "GET /healthcheck HTTP/1.0" status: 200 len: 137 time: 0.0038207
2026-06-15 07:55:49.461 16 DEBUG neutron.wsgi [-] (16) accepted ('192.168.122.100', 59260) server /usr/lib/python3.9/site-packages/eventlet/wsgi.py:992
2026-06-15 07:55:49.463 16 INFO neutron.wsgi [-] 192.168.122.100 "GET / HTTP/1.1" status: 200 len: 233 time: 0.0018108
2026-06-15 07:55:49.788 16 DEBUG neutron.wsgi [-] (16) accepted ('192.168.122.100', 59274) server /usr/lib/python3.9/site-packages/eventlet/wsgi.py:992
2026-06-15 07:55:49.791 16 INFO neutron.wsgi [-] 192.168.122.100 "GET /healthcheck HTTP/1.0" status: 200 len: 137 time: 0.0026436
2026-06-15 07:55:51.794 17 DEBUG neutron.wsgi [-] (17) accepted ('192.168.122.100', 59284) server /usr/lib/python3.9/site-packages/eventlet/wsgi.py:992
2026-06-15 07:55:51.798 17 INFO neutron.wsgi [-] 192.168.122.100 "GET /healthcheck HTTP/1.0" status: 200 len: 137 time: 0.0028350
2026-06-15 07:55:53.800 17 DEBUG neutron.wsgi [-] (17) accepted ('192.168.122.100', 59290) server /usr/lib/python3.9/site-packages/eventlet/wsgi.py:992
2026-06-15 07:55:53.804 17 INFO neutron.wsgi [-] 192.168.122.100 "GET /healthcheck HTTP/1.0" status: 200 len: 137 time: 0.0035799
2026-06-15 07:55:54.255 24 DEBUG neutron.db.agents_db [req-43d4bdbc-341f-4fee-bb23-2fe16a29ff15 - - - - -] Agent healthcheck: found 3 active agents agent_health_check /usr/lib/python3.9/site-packages/neutron/db/agents_db.py:328
2026-06-15 07:55:55.804 15 DEBUG neutron.wsgi [-] (15) accepted ('192.168.122.100', 59292) server /usr/lib/python3.9/site-packages/eventlet/wsgi.py:992
2026-06-15 07:55:55.806 15 INFO neutron.wsgi [-] 192.168.122.100 "GET /healthcheck HTTP/1.0" status: 200 len: 137 time: 0.0012538
2026-06-15 07:55:57.809 16 DEBUG neutron.wsgi [-] (16) accepted ('192.168.122.100', 35984) server /usr/lib/python3.9/site-packages/eventlet/wsgi.py:992
2026-06-15 07:55:57.812 16 INFO neutron.wsgi [-] 192.168.122.100 "GET /healthcheck HTTP/1.0" status: 200 len: 137 time: 0.0017629
2026-06-15 07:55:59.815 15 DEBUG neutron.wsgi [-] (15) accepted ('192.168.122.100', 35994) server /usr/lib/python3.9/site-packages/eventlet/wsgi.py:992
2026-06-15 07:55:59.819 15 INFO neutron.wsgi [-] 192.168.122.100 "GET /healthcheck HTTP/1.0" status: 200 len: 137 time: 0.0024886
2026-06-15 07:56:01.820 18 DEBUG neutron.wsgi [-] (18) accepted ('192.168.122.100', 36000) server /usr/lib/python3.9/site-packages/eventlet/wsgi.py:992
2026-06-15 07:56:01.822 18 INFO neutron.wsgi [-] 192.168.122.100 "GET /healthcheck HTTP/1.0" status: 200 len: 137 time: 0.0012951
2026-06-15 07:56:03.824 18 DEBUG neutron.wsgi [-] (18) accepted ('192.168.122.100', 36004) server /usr/lib/python3.9/site-packages/eventlet/wsgi.py:992
2026-06-15 07:56:03.827 18 INFO neutron.wsgi [-] 192.168.122.100 "GET /healthcheck HTTP/1.0" status: 200 len: 137 time: 0.0024374
2026-06-15 07:56:05.829 15 DEBUG neutron.wsgi [-] (15) accepted ('192.168.122.100', 36006) server /usr/lib/python3.9/site-packages/eventlet/wsgi.py:992
2026-06-15 07:56:05.832 15 INFO neutron.wsgi [-] 192.168.122.100 "GET /healthcheck HTTP/1.0" status: 200 len: 137 time: 0.0027020
2026-06-15 07:56:07.834 15 DEBUG neutron.wsgi [-] (15) accepted ('192.168.122.100', 56816) server /usr/lib/python3.9/site-packages/eventlet/wsgi.py:992
2026-06-15 07:56:07.836 15 INFO neutron.wsgi [-] 192.168.122.100 "GET /healthcheck HTTP/1.0" status: 200 len: 137 time: 0.0013039
2026-06-15 07:56:09.838 15 DEBUG neutron.wsgi [-] (15) accepted ('192.168.122.100', 56826) server /usr/lib/python3.9/site-packages/eventlet/wsgi.py:992
2026-06-15 07:56:09.841 15 INFO neutron.wsgi [-] 192.168.122.100 "GET /healthcheck HTTP/1.0" status: 200 len: 137 time: 0.0017190
2026-06-15 07:56:11.843 18 DEBUG neutron.wsgi [-] (18) accepted ('192.168.122.100', 56838) server /usr/lib/python3.9/site-packages/eventlet/wsgi.py:992
2026-06-15 07:56:11.846 18 INFO neutron.wsgi [-] 192.168.122.100 "GET /healthcheck HTTP/1.0" status: 200 len: 137 time: 0.0019476
2026-06-15 07:56:13.848 15 DEBUG neutron.wsgi [-] (15) accepted ('192.168.122.100', 56844) server /usr/lib/python3.9/site-packages/eventlet/wsgi.py:992
2026-06-15 07:56:13.851 15 INFO neutron.wsgi [-] 192.168.122.100 "GET /healthcheck HTTP/1.0" status: 200 len: 137 time: 0.0025411
2026-06-15 07:56:15.853 15 DEBUG neutron.wsgi [-] (15) accepted ('192.168.122.100', 56848) server /usr/lib/python3.9/site-packages/eventlet/wsgi.py:992
2026-06-15 07:56:15.856 15 INFO neutron.wsgi [-] 192.168.122.100 "GET /healthcheck HTTP/1.0" status: 200 len: 137 time: 0.0014586
2026-06-15 07:56:17.858 16 DEBUG neutron.wsgi [-] (16) accepted ('192.168.122.100', 59498) server /usr/lib/python3.9/site-packages/eventlet/wsgi.py:992
2026-06-15 07:56:17.861 16 INFO neutron.wsgi [-] 192.168.122.100 "GET /healthcheck HTTP/1.0" status: 200 len: 137 time: 0.0017774
2026-06-15 07:56:19.863 15 DEBUG neutron.wsgi [-] (15) accepted ('192.168.122.100', 59510) server /usr/lib/python3.9/site-packages/eventlet/wsgi.py:992
2026-06-15 07:56:19.866 15 INFO neutron.wsgi [-] 192.168.122.100 "GET /healthcheck HTTP/1.0" status: 200 len: 137 time: 0.0013139
2026-06-15 07:56:20.324 15 DEBUG neutron.wsgi [-] (15) accepted ('192.168.122.100', 59514) server /usr/lib/python3.9/site-packages/eventlet/wsgi.py:992
2026-06-15 07:56:20.327 15 INFO neutron.wsgi [-] 192.168.122.100 "GET / HTTP/1.1" status: 200 len: 233 time: 0.0017080
2026-06-15 07:56:21.867 16 DEBUG neutron.wsgi [-] (16) accepted ('192.168.122.100', 59520) server /usr/lib/python3.9/site-packages/eventlet/wsgi.py:992
2026-06-15 07:56:21.871 16 INFO neutron.wsgi [-] 192.168.122.100 "GET /healthcheck HTTP/1.0" status: 200 len: 137 time: 0.0024240
