Jun 10 08:14:18 standalone account-server[123424]: Starting 2
Jun 10 08:14:18 standalone container-server[123397]: Option allow_versions is deprecated. Configure the versioned_writes middleware in the proxy-server instead. This option will be ignored in a future release.
Jun 10 08:14:18 standalone container-server[123719]: Option allow_versions is deprecated. Configure the versioned_writes middleware in the proxy-server instead. This option will be ignored in a future release.
Jun 10 08:14:18 standalone container-server[123397]: Started child 20 from parent 2
Jun 10 08:14:18 standalone container-server[123723]: Option allow_versions is deprecated. Configure the versioned_writes middleware in the proxy-server instead. This option will be ignored in a future release.
Jun 10 08:14:18 standalone container-server[123397]: Started child 21 from parent 2
Jun 10 08:14:18 standalone container-server[123727]: Option allow_versions is deprecated. Configure the versioned_writes middleware in the proxy-server instead. This option will be ignored in a future release.
Jun 10 08:14:18 standalone container-server[123397]: Started child 22 from parent 2
Jun 10 08:14:18 standalone container-server[123742]: Option allow_versions is deprecated. Configure the versioned_writes middleware in the proxy-server instead. This option will be ignored in a future release.
Jun 10 08:14:18 standalone container-server[123397]: Started child 23 from parent 2
Jun 10 08:14:18 standalone account-server[123445]: Started child 20 from parent 2
Jun 10 08:14:18 standalone account-server[123445]: Started child 21 from parent 2
Jun 10 08:14:18 standalone account-server[123445]: Started child 22 from parent 2
Jun 10 08:14:18 standalone account-server[123445]: Started child 23 from parent 2
Jun 10 08:14:19 standalone container-server[123721]: Starting 2
Jun 10 08:14:19 standalone object-server[123985]: Starting 2
Jun 10 08:14:19 standalone object-server[123921]: Started child 20 from parent 2
Jun 10 08:14:19 standalone object-server[123921]: Started child 21 from parent 2
Jun 10 08:14:19 standalone object-server[123921]: Started child 22 from parent 2
Jun 10 08:14:19 standalone object-expirer[123891]: Starting 2
Jun 10 08:14:19 standalone object-expirer[123891]: Option auto_create_account_prefix is deprecated. Configure auto_create_account_prefix under the swift-constraints section of swift.conf. This option will be ignored in a future release.
Jun 10 08:14:19 standalone object-server[123921]: Started child 23 from parent 2
Jun 10 08:14:26 standalone proxy-server[125709]: Starting Keystone auth_token middleware
Jun 10 08:14:26 standalone proxy-server[125709]: AuthToken middleware is set with keystone_authtoken.service_token_roles_required set to False. This is backwards compatible but deprecated behaviour. Please set this to True.
Jun 10 08:14:26 standalone proxy-server[125940]: Starting Keystone auth_token middleware
Jun 10 08:14:26 standalone proxy-server[125940]: STDERR: The option "bind_port" is not known to keystonemiddleware
Jun 10 08:14:26 standalone proxy-server[125940]: STDERR: The option "workers" is not known to keystonemiddleware
Jun 10 08:14:26 standalone proxy-server[125940]: STDERR: The option "user" is not known to keystonemiddleware
Jun 10 08:14:26 standalone proxy-server[125940]: STDERR: The option "bind_ip" is not known to keystonemiddleware
Jun 10 08:14:26 standalone proxy-server[125940]: STDERR: The option "log_name" is not known to keystonemiddleware
Jun 10 08:14:26 standalone proxy-server[125940]: STDERR: The option "log_facility" is not known to keystonemiddleware
Jun 10 08:14:26 standalone proxy-server[125940]: STDERR: The option "log_level" is not known to keystonemiddleware
Jun 10 08:14:26 standalone proxy-server[125940]: STDERR: The option "log_headers" is not known to keystonemiddleware
Jun 10 08:14:26 standalone proxy-server[125940]: STDERR: The option "log_address" is not known to keystonemiddleware
Jun 10 08:14:26 standalone proxy-server[125940]: STDERR: The option "project_name" is not known to keystonemiddleware
Jun 10 08:14:26 standalone proxy-server[125940]: STDERR: The option "username" is not known to keystonemiddleware
Jun 10 08:14:26 standalone proxy-server[125940]: STDERR: The option "password" is not known to keystonemiddleware
Jun 10 08:14:26 standalone proxy-server[125940]: STDERR: The option "auth_url" is not known to keystonemiddleware
Jun 10 08:14:26 standalone proxy-server[125940]: STDERR: The option "signing_dir" is not known to keystonemiddleware
Jun 10 08:14:26 standalone proxy-server[125940]: STDERR: The option "project_domain_id" is not known to keystonemiddleware
Jun 10 08:14:26 standalone proxy-server[125940]: STDERR: The option "user_domain_id" is not known to keystonemiddleware
Jun 10 08:14:26 standalone proxy-server[125940]: STDERR: The option "__name__" is not known to keystonemiddleware
Jun 10 08:14:26 standalone proxy-server[125940]: AuthToken middleware is set with keystone_authtoken.service_token_roles_required set to False. This is backwards compatible but deprecated behaviour. Please set this to True.
Jun 10 08:14:26 standalone proxy-server[125709]: Started child 12 from parent 2
Jun 10 08:15:52 standalone account-server[123845]: 172.20.0.100 - - [10/Jun/2026:08:15:52 +0000] "HEAD /d1/329/.expiring_objects" 404 - "HEAD http://localhost/v1/.expiring_objects?format=json" "txb39bd8866a734284b024b-006a291d38" "proxy-server 2" 0.0016 "-" 20 -
Jun 10 08:15:52 standalone object-expirer[123891]: Pass completed in 0s; 0 objects expired (txn: txb39bd8866a734284b024b-006a291d38)
Jun 10 08:17:43 standalone object-server[123985]: Begin object update sweep
Jun 10 08:17:43 standalone object-server[147741]: Object update sweep starting on /srv/node/d1 (pid: 11)
Jun 10 08:17:43 standalone object-server[147741]: Object update sweep completed on /srv/node/d1 in 0.00s seconds:, 0 successes, 0 failures, 0 quarantines, 0 unlinks, 0 errors, 0 redirects (pid: 11)
Jun 10 08:17:43 standalone object-server[147741]: Object update sweep of d1 completed: 0.00s, 0 successes, 0 failures, 0 quarantines, 0 unlinks, 0 errors, 0 redirects
Jun 10 08:17:43 standalone object-server[123985]: Object update sweep completed: 0.09s
Jun 10 08:18:05 standalone container-server[123721]: Begin container update sweep
Jun 10 08:18:05 standalone container-server[123721]: Container update sweep completed: 0.00s
Jun 10 08:18:54 standalone account-server[123854]: 172.20.0.100 - - [10/Jun/2026:08:18:54 +0000] "HEAD /d1/329/.expiring_objects" 404 - "HEAD http://localhost/v1/.expiring_objects?format=json" "tx4dad6003963f4cfd84e31-006a291dee" "proxy-server 2" 0.0010 "-" 22 -
Jun 10 08:18:54 standalone object-expirer[123891]: Pass completed in 0s; 0 objects expired (txn: tx4dad6003963f4cfd84e31-006a291dee)
Jun 10 08:20:42 standalone account-server[123845]: 172.20.0.100 - - [10/Jun/2026:08:20:42 +0000] "HEAD /d1/162/AUTH_dacdb01a7d0947d2842647672ef8e3a8" 404 - "HEAD http://localhost:8080/v1/AUTH_dacdb01a7d0947d2842647672ef8e3a8?format=json" "txbefdd89f33ac4a5f9b442-006a291e5a" "proxy-server 12" 0.0005 "-" 20 -
Jun 10 08:20:42 standalone proxy-server[125940]: - - 10/Jun/2026/08/20/42 HEAD /v1/AUTH_dacdb01a7d0947d2842647672ef8e3a8%3Fformat%3Djson HTTP/1.0 200 - Swift - - - - txbefdd89f33ac4a5f9b442-006a291e5a - 0.0095 RL - 1781079642.261110783 1781079642.270631790 -
Jun 10 08:20:42 standalone proxy-server[125940]: 172.18.0.2 ::1 10/Jun/2026/08/20/42 HEAD /v1/AUTH_dacdb01a7d0947d2842647672ef8e3a8/glance%3Fformat%3Djson HTTP/1.0 404 - python-swiftclient-3.11.1 gAAAAABqKR5a7DUh... - - - txbefdd89f33ac4a5f9b442-006a291e5a - 0.5157 - - 1781079642.251091719 1781079642.766824961 -
Jun 10 08:20:42 standalone account-server[123854]: 172.20.0.100 - - [10/Jun/2026:08:20:42 +0000] "PUT /d1/162/AUTH_dacdb01a7d0947d2842647672ef8e3a8" 201 - "-" "tx19d7fa43781a4ff78b190-006a291e5a" "-" 0.0153 "-" 22 -
Jun 10 08:20:42 standalone proxy-server[125940]: autocreate account '/AUTH_dacdb01a7d0947d2842647672ef8e3a8' (txn: tx19d7fa43781a4ff78b190-006a291e5a)
Jun 10 08:20:42 standalone account-server[123845]: 172.20.0.100 - - [10/Jun/2026:08:20:42 +0000] "HEAD /d1/162/AUTH_dacdb01a7d0947d2842647672ef8e3a8" 204 - "HEAD http://localhost:8080/v1/AUTH_dacdb01a7d0947d2842647672ef8e3a8?format=json" "tx19d7fa43781a4ff78b190-006a291e5a" "proxy-server 12" 0.0016 "-" 20 -
Jun 10 08:20:42 standalone account-server[123866]: 172.20.0.100 - - [10/Jun/2026:08:20:42 +0000] "PUT /d1/162/AUTH_dacdb01a7d0947d2842647672ef8e3a8/glance" 201 - "PUT http://172.20.0.100:6001/d1/671/AUTH_dacdb01a7d0947d2842647672ef8e3a8/glance" "tx19d7fa43781a4ff78b190-006a291e5a" "container-server 22" 0.0020 "-" 23 0
Jun 10 08:20:42 standalone container-server[123727]: 172.20.0.100 - - [10/Jun/2026:08:20:42 +0000] "PUT /d1/671/AUTH_dacdb01a7d0947d2842647672ef8e3a8/glance" 201 - "PUT http://localhost:8080/v1/AUTH_dacdb01a7d0947d2842647672ef8e3a8/glance" "tx19d7fa43781a4ff78b190-006a291e5a" "proxy-server 12" 0.0138 "-" 22 0
Jun 10 08:20:42 standalone proxy-server[125940]: 172.18.0.2 ::1 10/Jun/2026/08/20/42 PUT /v1/AUTH_dacdb01a7d0947d2842647672ef8e3a8/glance HTTP/1.0 201 - python-swiftclient-3.11.1 gAAAAABqKR5a7DUh... - - - tx19d7fa43781a4ff78b190-006a291e5a - 0.0430 - - 1781079642.772154331 1781079642.815203667 0
Jun 10 08:20:42 standalone container-server[123727]: 172.20.0.100 - - [10/Jun/2026:08:20:42 +0000] "HEAD /d1/671/AUTH_dacdb01a7d0947d2842647672ef8e3a8/glance" 204 - "HEAD http://localhost:8080/v1/AUTH_dacdb01a7d0947d2842647672ef8e3a8/glance?format=json&states=listing" "tx9cff8b8f191a44a28bee1-006a291e5a" "proxy-server 12" 0.0013 "-" 22 0
Jun 10 08:20:42 standalone proxy-server[125940]: - - 10/Jun/2026/08/20/42 HEAD /v1/AUTH_dacdb01a7d0947d2842647672ef8e3a8/glance%3Fformat%3Djson%26states%3Dlisting HTTP/1.0 204 - Swift - - - - tx9cff8b8f191a44a28bee1-006a291e5a - 0.0049 RL - 1781079642.822277546 1781079642.827187061 0
Jun 10 08:20:59 standalone container-server[123727]: 172.20.0.100 - - [10/Jun/2026:08:20:59 +0000] "PUT /d1/671/AUTH_dacdb01a7d0947d2842647672ef8e3a8/glance/5f265e95-9013-4954-b02f-c194b553af88" 201 - "PUT http://localhost:8080/d1/733/AUTH_dacdb01a7d0947d2842647672ef8e3a8/glance/5f265e95-9013-4954-b02f-c194b553af88" "tx9cff8b8f191a44a28bee1-006a291e5a" "object-server 23" 0.0013 "-" 22 0
Jun 10 08:20:59 standalone object-server[124059]: 172.20.0.100 - - [10/Jun/2026:08:20:59 +0000] "PUT /d1/733/AUTH_dacdb01a7d0947d2842647672ef8e3a8/glance/5f265e95-9013-4954-b02f-c194b553af88" 201 - "PUT http://localhost:8080/v1/AUTH_dacdb01a7d0947d2842647672ef8e3a8/glance/5f265e95-9013-4954-b02f-c194b553af88" "tx9cff8b8f191a44a28bee1-006a291e5a" "proxy-server 12" 16.5195 "-" 23 0
Jun 10 08:20:59 standalone proxy-server[125940]: 172.18.0.2 ::1 10/Jun/2026/08/20/59 PUT /v1/AUTH_dacdb01a7d0947d2842647672ef8e3a8/glance/5f265e95-9013-4954-b02f-c194b553af88 HTTP/1.0 201 - python-swiftclient-3.11.1 gAAAAABqKR5a7DUh... 1481900032 - - tx9cff8b8f191a44a28bee1-006a291e5a - 16.5424 - - 1781079642.821376801 1781079659.363739729 0
Jun 10 08:22:43 standalone object-server[123985]: Begin object update sweep
Jun 10 08:22:43 standalone object-server[187656]: Object update sweep starting on /srv/node/d1 (pid: 13)
Jun 10 08:22:43 standalone object-server[187656]: Object update sweep completed on /srv/node/d1 in 0.00s seconds:, 0 successes, 0 failures, 0 quarantines, 0 unlinks, 0 errors, 0 redirects (pid: 13)
Jun 10 08:22:43 standalone object-server[187656]: Object update sweep of d1 completed: 0.00s, 0 successes, 0 failures, 0 quarantines, 0 unlinks, 0 errors, 0 redirects
Jun 10 08:22:43 standalone object-server[123985]: Object update sweep completed: 0.05s
Jun 10 08:23:06 standalone container-server[123721]: Begin container update sweep
Jun 10 08:23:06 standalone account-server[123854]: 172.20.0.100 - - [10/Jun/2026:08:23:06 +0000] "PUT /d1/162/AUTH_dacdb01a7d0947d2842647672ef8e3a8/glance" 201 - "-" "-" "container-updater 2" 0.0084 "-" 22 0
Jun 10 08:23:06 standalone container-server[123721]: Container update sweep completed: 0.13s
Jun 10 08:23:45 standalone account-server[123845]: 172.20.0.100 - - [10/Jun/2026:08:23:45 +0000] "HEAD /d1/329/.expiring_objects" 404 - "HEAD http://localhost/v1/.expiring_objects?format=json" "tx854bb4569add4285bc247-006a291f11" "proxy-server 2" 0.0007 "-" 20 -
Jun 10 08:23:45 standalone object-expirer[123891]: Pass completed in 0s; 0 objects expired (txn: tx854bb4569add4285bc247-006a291f11)
Jun 10 08:25:08 standalone account-server[123847]: 172.20.0.100 - - [10/Jun/2026:08:25:08 +0000] "HEAD /d1/162/AUTH_dacdb01a7d0947d2842647672ef8e3a8" 204 - "HEAD http://localhost:8080/v1/AUTH_dacdb01a7d0947d2842647672ef8e3a8?format=json" "tx46cc322ee2b4493d91479-006a291f64" "proxy-server 12" 0.0085 "-" 21 -
Jun 10 08:25:08 standalone proxy-server[125940]: - - 10/Jun/2026/08/25/08 HEAD /v1/AUTH_dacdb01a7d0947d2842647672ef8e3a8%3Fformat%3Djson HTTP/1.0 204 - Swift - - - - tx46cc322ee2b4493d91479-006a291f64 - 0.0140 RL - 1781079908.892651081 1781079908.906679392 -
Jun 10 08:25:08 standalone container-server[123723]: 172.20.0.100 - - [10/Jun/2026:08:25:08 +0000] "HEAD /d1/671/AUTH_dacdb01a7d0947d2842647672ef8e3a8/glance" 204 - "HEAD http://localhost:8080/v1/AUTH_dacdb01a7d0947d2842647672ef8e3a8/glance?format=json&states=listing" "tx46cc322ee2b4493d91479-006a291f64" "proxy-server 12" 0.0024 "-" 21 0
Jun 10 08:25:08 standalone proxy-server[125940]: 172.18.0.2 ::1 10/Jun/2026/08/25/08 HEAD /v1/AUTH_dacdb01a7d0947d2842647672ef8e3a8/glance%3Fformat%3Djson%26states%3Dlisting HTTP/1.0 204 - python-swiftclient-3.11.1 gAAAAABqKR9kB4Ok... - - - tx46cc322ee2b4493d91479-006a291f64 - 0.0845 - - 1781079908.891787291 1781079908.976329327 0
Jun 10 08:25:11 standalone container-server[123719]: 172.20.0.100 - - [10/Jun/2026:08:25:11 +0000] "PUT /d1/671/AUTH_dacdb01a7d0947d2842647672ef8e3a8/glance/64c14d7c-f4a2-4ab8-8f92-266cff5fec6e-00001" 201 - "PUT http://localhost:8080/d1/303/AUTH_dacdb01a7d0947d2842647672ef8e3a8/glance/64c14d7c-f4a2-4ab8-8f92-266cff5fec6e-00001" "txd1bf65be13e24ea2b7075-006a291f64" "object-server 22" 0.0023 "-" 20 0
Jun 10 08:25:11 standalone object-server[124058]: 172.20.0.100 - - [10/Jun/2026:08:25:11 +0000] "PUT /d1/303/AUTH_dacdb01a7d0947d2842647672ef8e3a8/glance/64c14d7c-f4a2-4ab8-8f92-266cff5fec6e-00001" 201 - "PUT http://localhost:8080/v1/AUTH_dacdb01a7d0947d2842647672ef8e3a8/glance/64c14d7c-f4a2-4ab8-8f92-266cff5fec6e-00001" "txd1bf65be13e24ea2b7075-006a291f64" "proxy-server 12" 2.9988 "-" 22 0
Jun 10 08:25:11 standalone proxy-server[125940]: 172.18.0.2 ::1 10/Jun/2026/08/25/11 PUT /v1/AUTH_dacdb01a7d0947d2842647672ef8e3a8/glance/64c14d7c-f4a2-4ab8-8f92-266cff5fec6e-00001 HTTP/1.0 201 - python-swiftclient-3.11.1 gAAAAABqKR9kB4Ok... 21692416 - - txd1bf65be13e24ea2b7075-006a291f64 - 3.0049 - - 1781079908.983067036 1781079911.987984419 0
Jun 10 08:25:12 standalone container-server[123719]: 172.20.0.100 - - [10/Jun/2026:08:25:12 +0000] "PUT /d1/671/AUTH_dacdb01a7d0947d2842647672ef8e3a8/glance/64c14d7c-f4a2-4ab8-8f92-266cff5fec6e" 201 - "PUT http://localhost:8080/d1/396/AUTH_dacdb01a7d0947d2842647672ef8e3a8/glance/64c14d7c-f4a2-4ab8-8f92-266cff5fec6e" "txce20ebf5459448569a2d0-006a291f67" "object-server 21" 0.0007 "-" 20 0
Jun 10 08:25:12 standalone object-server[124050]: 172.20.0.100 - - [10/Jun/2026:08:25:12 +0000] "PUT /d1/396/AUTH_dacdb01a7d0947d2842647672ef8e3a8/glance/64c14d7c-f4a2-4ab8-8f92-266cff5fec6e" 201 - "PUT http://localhost:8080/v1/AUTH_dacdb01a7d0947d2842647672ef8e3a8/glance/64c14d7c-f4a2-4ab8-8f92-266cff5fec6e" "txce20ebf5459448569a2d0-006a291f67" "proxy-server 12" 0.0231 "-" 21 0
Jun 10 08:25:12 standalone proxy-server[125940]: 172.18.0.2 ::1 10/Jun/2026/08/25/12 PUT /v1/AUTH_dacdb01a7d0947d2842647672ef8e3a8/glance/64c14d7c-f4a2-4ab8-8f92-266cff5fec6e HTTP/1.0 201 - python-swiftclient-3.11.1 gAAAAABqKR9kB4Ok... - - - txce20ebf5459448569a2d0-006a291f67 - 0.0321 - - 1781079911.998592615 1781079912.030661583 0
Jun 10 08:25:12 standalone container-server[123719]: 172.20.0.100 - - [10/Jun/2026:08:25:12 +0000] "HEAD /d1/689/AUTH_dacdb01a7d0947d2842647672ef8e3a8/gnocchi.483d5f25-d4dc-45c0-acc1-0f05d00b8612" 404 - "HEAD http://localhost:8080/v1/AUTH_dacdb01a7d0947d2842647672ef8e3a8/gnocchi.483d5f25-d4dc-45c0-acc1-0f05d00b8612?format=json&states=listing" "txdbc7110f70a6417e9fe9d-006a291f68" "proxy-server 12" 0.0008 "-" 20 0
Jun 10 08:25:12 standalone object-server[124059]: 172.20.0.100 - - [10/Jun/2026:08:25:12 +0000] "GET /d1/890/AUTH_dacdb01a7d0947d2842647672ef8e3a8/gnocchi.483d5f25-d4dc-45c0-acc1-0f05d00b8612/none_v3" 404 70 "GET http://localhost:8080/v1/AUTH_dacdb01a7d0947d2842647672ef8e3a8/gnocchi.483d5f25-d4dc-45c0-acc1-0f05d00b8612/none_v3" "txdbc7110f70a6417e9fe9d-006a291f68" "proxy-server 12" 0.0004 "-" 23 0
Jun 10 08:25:12 standalone proxy-server[125940]: 172.18.0.2 ::1 10/Jun/2026/08/25/12 GET /v1/AUTH_dacdb01a7d0947d2842647672ef8e3a8/gnocchi.483d5f25-d4dc-45c0-acc1-0f05d00b8612/none_v3 HTTP/1.0 404 - python-swiftclient-3.11.1 gAAAAABqKR9o7Mi5... - 70 - txdbc7110f70a6417e9fe9d-006a291f68 - 0.0469 - - 1781079912.785631180 1781079912.832541704 0
Jun 10 08:25:12 standalone account-server[123845]: 172.20.0.100 - - [10/Jun/2026:08:25:12 +0000] "PUT /d1/162/AUTH_dacdb01a7d0947d2842647672ef8e3a8/gnocchi.483d5f25-d4dc-45c0-acc1-0f05d00b8612" 201 - "PUT http://172.20.0.100:6001/d1/689/AUTH_dacdb01a7d0947d2842647672ef8e3a8/gnocchi.483d5f25-d4dc-45c0-acc1-0f05d00b8612" "tx109f72332f114e7fad84e-006a291f68" "container-server 20" 0.0016 "-" 20 0
Jun 10 08:25:12 standalone container-server[123719]: 172.20.0.100 - - [10/Jun/2026:08:25:12 +0000] "PUT /d1/689/AUTH_dacdb01a7d0947d2842647672ef8e3a8/gnocchi.483d5f25-d4dc-45c0-acc1-0f05d00b8612" 201 - "PUT http://localhost:8080/v1/AUTH_dacdb01a7d0947d2842647672ef8e3a8/gnocchi.483d5f25-d4dc-45c0-acc1-0f05d00b8612" "tx109f72332f114e7fad84e-006a291f68" "proxy-server 12" 0.0126 "-" 20 0
Jun 10 08:25:12 standalone proxy-server[125940]: 172.18.0.2 ::1 10/Jun/2026/08/25/12 PUT /v1/AUTH_dacdb01a7d0947d2842647672ef8e3a8/gnocchi.483d5f25-d4dc-45c0-acc1-0f05d00b8612 HTTP/1.0 201 - python-swiftclient-3.11.1 gAAAAABqKR9o7Mi5... - - - tx109f72332f114e7fad84e-006a291f68 - 0.0186 - - 1781079912.836151123 1781079912.854799032 0
Jun 10 08:25:12 standalone container-server[123719]: 172.20.0.100 - - [10/Jun/2026:08:25:12 +0000] "HEAD /d1/689/AUTH_dacdb01a7d0947d2842647672ef8e3a8/gnocchi.483d5f25-d4dc-45c0-acc1-0f05d00b8612" 204 - "HEAD http://localhost:8080/v1/AUTH_dacdb01a7d0947d2842647672ef8e3a8/gnocchi.483d5f25-d4dc-45c0-acc1-0f05d00b8612?format=json&states=listing" "tx8d17c78ef9dc4d66a460b-006a291f68" "proxy-server 12" 0.0012 "-" 20 0
Jun 10 08:25:12 standalone proxy-server[125940]: - - 10/Jun/2026/08/25/12 HEAD /v1/AUTH_dacdb01a7d0947d2842647672ef8e3a8/gnocchi.483d5f25-d4dc-45c0-acc1-0f05d00b8612%3Fformat%3Djson%26states%3Dlisting HTTP/1.0 204 - Swift - - - - tx8d17c78ef9dc4d66a460b-006a291f68 - 0.0040 RL - 1781079912.868054628 1781079912.872007608 0
Jun 10 08:25:12 standalone container-server[123723]: 172.20.0.100 - - [10/Jun/2026:08:25:12 +0000] "GET /d1/689/AUTH_dacdb01a7d0947d2842647672ef8e3a8/gnocchi.483d5f25-d4dc-45c0-acc1-0f05d00b8612" 200 2 "GET http://localhost:8080/v1/AUTH_dacdb01a7d0947d2842647672ef8e3a8/gnocchi.483d5f25-d4dc-45c0-acc1-0f05d00b8612?format=json&states=listing" "tx8d17c78ef9dc4d66a460b-006a291f68" "proxy-server 12" 0.0027 "-" 21 0
Jun 10 08:25:12 standalone proxy-server[125940]: 172.18.0.2 ::1 10/Jun/2026/08/25/12 GET /v1/AUTH_dacdb01a7d0947d2842647672ef8e3a8/gnocchi.483d5f25-d4dc-45c0-acc1-0f05d00b8612%3Fformat%3Djson%26states%3Dlisting HTTP/1.0 200 - python-swiftclient-3.11.1 gAAAAABqKR9o7Mi5... - 2 - tx8d17c78ef9dc4d66a460b-006a291f68 - 0.0126 - - 1781079912.867122889 1781079912.879720688 0
Jun 10 08:25:12 standalone object-server[124047]: 172.20.0.100 - - [10/Jun/2026:08:25:12 +0000] "GET /d1/632/AUTH_dacdb01a7d0947d2842647672ef8e3a8/gnocchi.483d5f25-d4dc-45c0-acc1-0f05d00b8612/1780920000.0_mean_300.0_v3" 404 70 "GET http://localhost:8080/v1/AUTH_dacdb01a7d0947d2842647672ef8e3a8/gnocchi.483d5f25-d4dc-45c0-acc1-0f05d00b8612/1780920000.0_mean_300.0_v3" "txbf71e3210a2942188fe98-006a291f68" "proxy-server 12" 0.0008 "-" 20 0
Jun 10 08:25:12 standalone proxy-server[125940]: 172.18.0.2 ::1 10/Jun/2026/08/25/12 GET /v1/AUTH_dacdb01a7d0947d2842647672ef8e3a8/gnocchi.483d5f25-d4dc-45c0-acc1-0f05d00b8612/1780920000.0_mean_300.0_v3 HTTP/1.0 404 - python-swiftclient-3.11.1 gAAAAABqKR9o7Mi5... - 70 - txbf71e3210a2942188fe98-006a291f68 - 0.0051 - - 1781079912.885024071 1781079912.890153408 0
Jun 10 08:25:12 standalone container-server[123723]: 172.20.0.100 - - [10/Jun/2026:08:25:12 +0000] "PUT /d1/689/AUTH_dacdb01a7d0947d2842647672ef8e3a8/gnocchi.483d5f25-d4dc-45c0-acc1-0f05d00b8612/1780920000.0_mean_300.0_v3" 201 - "PUT http://localhost:8080/d1/632/AUTH_dacdb01a7d0947d2842647672ef8e3a8/gnocchi.483d5f25-d4dc-45c0-acc1-0f05d00b8612/1780920000.0_mean_300.0_v3" "tx7ae25086a0854ed098756-006a291f68" "object-server 23" 0.0009 "-" 21 0
Jun 10 08:25:12 standalone object-server[124059]: 172.20.0.100 - - [10/Jun/2026:08:25:12 +0000] "PUT /d1/632/AUTH_dacdb01a7d0947d2842647672ef8e3a8/gnocchi.483d5f25-d4dc-45c0-acc1-0f05d00b8612/1780920000.0_mean_300.0_v3" 201 - "PUT http://localhost:8080/v1/AUTH_dacdb01a7d0947d2842647672ef8e3a8/gnocchi.483d5f25-d4dc-45c0-acc1-0f05d00b8612/1780920000.0_mean_300.0_v3" "tx7ae25086a0854ed098756-006a291f68" "proxy-server 12" 0.0141 "-" 23 0
Jun 10 08:25:12 standalone proxy-server[125940]: 172.18.0.2 ::1 10/Jun/2026/08/25/12 PUT /v1/AUTH_dacdb01a7d0947d2842647672ef8e3a8/gnocchi.483d5f25-d4dc-45c0-acc1-0f05d00b8612/1780920000.0_mean_300.0_v3 HTTP/1.0 201 - python-swiftclient-3.11.1 gAAAAABqKR9o7Mi5... 16 - - tx7ae25086a0854ed098756-006a291f68 - 0.0184 - - 1781079912.894572258 1781079912.913015842 0
Jun 10 08:25:12 standalone container-server[123719]: 172.20.0.100 - - [10/Jun/2026:08:25:12 +0000] "PUT /d1/689/AUTH_dacdb01a7d0947d2842647672ef8e3a8/gnocchi.483d5f25-d4dc-45c0-acc1-0f05d00b8612/none_v3" 201 - "PUT http://localhost:8080/d1/890/AUTH_dacdb01a7d0947d2842647672ef8e3a8/gnocchi.483d5f25-d4dc-45c0-acc1-0f05d00b8612/none_v3" "txf5550d7c0b8f4250a99d1-006a291f68" "object-server 21" 0.0007 "-" 20 0
Jun 10 08:25:12 standalone object-server[124050]: 172.20.0.100 - - [10/Jun/2026:08:25:12 +0000] "PUT /d1/890/AUTH_dacdb01a7d0947d2842647672ef8e3a8/gnocchi.483d5f25-d4dc-45c0-acc1-0f05d00b8612/none_v3" 201 - "PUT http://localhost:8080/v1/AUTH_dacdb01a7d0947d2842647672ef8e3a8/gnocchi.483d5f25-d4dc-45c0-acc1-0f05d00b8612/none_v3" "txf5550d7c0b8f4250a99d1-006a291f68" "proxy-server 12" 0.0171 "-" 21 0
Jun 10 08:25:12 standalone proxy-server[125940]: 172.18.0.2 ::1 10/Jun/2026/08/25/12 PUT /v1/AUTH_dacdb01a7d0947d2842647672ef8e3a8/gnocchi.483d5f25-d4dc-45c0-acc1-0f05d00b8612/none_v3 HTTP/1.0 201 - python-swiftclient-3.11.1 gAAAAABqKR9o7Mi5... 22 - - txf5550d7c0b8f4250a99d1-006a291f68 - 0.0226 - - 1781079912.919754982 1781079912.942321062 0
Jun 10 08:25:42 standalone object-server[124047]: 172.20.0.100 - - [10/Jun/2026:08:25:42 +0000] "GET /d1/890/AUTH_dacdb01a7d0947d2842647672ef8e3a8/gnocchi.483d5f25-d4dc-45c0-acc1-0f05d00b8612/none_v3" 200 22 "GET http://localhost:8080/v1/AUTH_dacdb01a7d0947d2842647672ef8e3a8/gnocchi.483d5f25-d4dc-45c0-acc1-0f05d00b8612/none_v3" "txc44b17c85eef4519a9f98-006a291f86" "proxy-server 12" 0.0008 "-" 20 0
Jun 10 08:25:42 standalone proxy-server[125940]: 172.18.0.2 ::1 10/Jun/2026/08/25/42 GET /v1/AUTH_dacdb01a7d0947d2842647672ef8e3a8/gnocchi.483d5f25-d4dc-45c0-acc1-0f05d00b8612/none_v3 HTTP/1.0 200 - python-swiftclient-3.11.1 gAAAAABqKR9o7Mi5... - 22 - txc44b17c85eef4519a9f98-006a291f86 - 0.0139 - - 1781079942.386372328 1781079942.400301456 0
Jun 10 08:25:42 standalone container-server[123742]: 172.20.0.100 - - [10/Jun/2026:08:25:42 +0000] "GET /d1/689/AUTH_dacdb01a7d0947d2842647672ef8e3a8/gnocchi.483d5f25-d4dc-45c0-acc1-0f05d00b8612" 200 357 "GET http://localhost:8080/v1/AUTH_dacdb01a7d0947d2842647672ef8e3a8/gnocchi.483d5f25-d4dc-45c0-acc1-0f05d00b8612?format=json&states=listing" "tx578560d3bb4943cb9ab02-006a291f86" "proxy-server 12" 0.0218 "-" 23 0
Jun 10 08:25:42 standalone proxy-server[125940]: 172.18.0.2 ::1 10/Jun/2026/08/25/42 GET /v1/AUTH_dacdb01a7d0947d2842647672ef8e3a8/gnocchi.483d5f25-d4dc-45c0-acc1-0f05d00b8612%3Fformat%3Djson%26states%3Dlisting HTTP/1.0 200 - python-swiftclient-3.11.1 gAAAAABqKR9o7Mi5... - 357 - tx578560d3bb4943cb9ab02-006a291f86 - 0.0310 - - 1781079942.405152082 1781079942.436134815 0
Jun 10 08:25:42 standalone container-server[123719]: 172.20.0.100 - - [10/Jun/2026:08:25:42 +0000] "GET /d1/689/AUTH_dacdb01a7d0947d2842647672ef8e3a8/gnocchi.483d5f25-d4dc-45c0-acc1-0f05d00b8612" 200 2 "GET http://localhost:8080/v1/AUTH_dacdb01a7d0947d2842647672ef8e3a8/gnocchi.483d5f25-d4dc-45c0-acc1-0f05d00b8612?format=json&marker=none_v3&states=listing" "tx82fbd88131834a878c6f4-006a291f86" "proxy-server 12" 0.0032 "-" 20 0
Jun 10 08:25:42 standalone proxy-server[125940]: 172.18.0.2 ::1 10/Jun/2026/08/25/42 GET /v1/AUTH_dacdb01a7d0947d2842647672ef8e3a8/gnocchi.483d5f25-d4dc-45c0-acc1-0f05d00b8612%3Fformat%3Djson%26marker%3Dnone_v3%26states%3Dlisting HTTP/1.0 200 - python-swiftclient-3.11.1 gAAAAABqKR9o7Mi5... - 2 - tx82fbd88131834a878c6f4-006a291f86 - 0.0098 - - 1781079942.439336538 1781079942.449096918 0
Jun 10 08:25:42 standalone object-server[124050]: 172.20.0.100 - - [10/Jun/2026:08:25:42 +0000] "GET /d1/632/AUTH_dacdb01a7d0947d2842647672ef8e3a8/gnocchi.483d5f25-d4dc-45c0-acc1-0f05d00b8612/1780920000.0_mean_300.0_v3" 200 16 "GET http://localhost:8080/v1/AUTH_dacdb01a7d0947d2842647672ef8e3a8/gnocchi.483d5f25-d4dc-45c0-acc1-0f05d00b8612/1780920000.0_mean_300.0_v3" "txc5f6574e8728428981288-006a291f86" "proxy-server 12" 0.0008 "-" 21 0
Jun 10 08:25:42 standalone proxy-server[125940]: 172.18.0.2 ::1 10/Jun/2026/08/25/42 GET /v1/AUTH_dacdb01a7d0947d2842647672ef8e3a8/gnocchi.483d5f25-d4dc-45c0-acc1-0f05d00b8612/1780920000.0_mean_300.0_v3 HTTP/1.0 200 - python-swiftclient-3.11.1 gAAAAABqKR9o7Mi5... - 16 - txc5f6574e8728428981288-006a291f86 - 0.0058 - - 1781079942.452953100 1781079942.458778858 0
Jun 10 08:25:42 standalone container-server[123742]: 172.20.0.100 - - [10/Jun/2026:08:25:42 +0000] "PUT /d1/689/AUTH_dacdb01a7d0947d2842647672ef8e3a8/gnocchi.483d5f25-d4dc-45c0-acc1-0f05d00b8612/1780920000.0_mean_300.0_v3" 201 - "PUT http://localhost:8080/d1/632/AUTH_dacdb01a7d0947d2842647672ef8e3a8/gnocchi.483d5f25-d4dc-45c0-acc1-0f05d00b8612/1780920000.0_mean_300.0_v3" "tx3acd4408b8dc41c5b0703-006a291f86" "object-server 22" 0.0007 "-" 23 0
Jun 10 08:25:42 standalone object-server[124058]: 172.20.0.100 - - [10/Jun/2026:08:25:42 +0000] "PUT /d1/632/AUTH_dacdb01a7d0947d2842647672ef8e3a8/gnocchi.483d5f25-d4dc-45c0-acc1-0f05d00b8612/1780920000.0_mean_300.0_v3" 201 - "PUT http://localhost:8080/v1/AUTH_dacdb01a7d0947d2842647672ef8e3a8/gnocchi.483d5f25-d4dc-45c0-acc1-0f05d00b8612/1780920000.0_mean_300.0_v3" "tx3acd4408b8dc41c5b0703-006a291f86" "proxy-server 12" 0.0174 "-" 22 0
Jun 10 08:25:42 standalone proxy-server[125940]: 172.18.0.2 ::1 10/Jun/2026/08/25/42 PUT /v1/AUTH_dacdb01a7d0947d2842647672ef8e3a8/gnocchi.483d5f25-d4dc-45c0-acc1-0f05d00b8612/1780920000.0_mean_300.0_v3 HTTP/1.0 201 - python-swiftclient-3.11.1 gAAAAABqKR9o7Mi5... 16 - - tx3acd4408b8dc41c5b0703-006a291f86 - 0.0226 - - 1781079942.461515427 1781079942.484086990 0
Jun 10 08:25:42 standalone container-server[123723]: 172.20.0.100 - - [10/Jun/2026:08:25:42 +0000] "PUT /d1/689/AUTH_dacdb01a7d0947d2842647672ef8e3a8/gnocchi.483d5f25-d4dc-45c0-acc1-0f05d00b8612/none_v3" 201 - "PUT http://localhost:8080/d1/890/AUTH_dacdb01a7d0947d2842647672ef8e3a8/gnocchi.483d5f25-d4dc-45c0-acc1-0f05d00b8612/none_v3" "tx5f9f422fd429467e8c7be-006a291f86" "object-server 23" 0.0006 "-" 21 0
Jun 10 08:25:42 standalone object-server[124059]: 172.20.0.100 - - [10/Jun/2026:08:25:42 +0000] "PUT /d1/890/AUTH_dacdb01a7d0947d2842647672ef8e3a8/gnocchi.483d5f25-d4dc-45c0-acc1-0f05d00b8612/none_v3" 201 - "PUT http://localhost:8080/v1/AUTH_dacdb01a7d0947d2842647672ef8e3a8/gnocchi.483d5f25-d4dc-45c0-acc1-0f05d00b8612/none_v3" "tx5f9f422fd429467e8c7be-006a291f86" "proxy-server 12" 0.0113 "-" 23 0
Jun 10 08:25:42 standalone proxy-server[125940]: 172.18.0.2 ::1 10/Jun/2026/08/25/42 PUT /v1/AUTH_dacdb01a7d0947d2842647672ef8e3a8/gnocchi.483d5f25-d4dc-45c0-acc1-0f05d00b8612/none_v3 HTTP/1.0 201 - python-swiftclient-3.11.1 gAAAAABqKR9o7Mi5... 32 - - tx5f9f422fd429467e8c7be-006a291f86 - 0.0184 - - 1781079942.487595797 1781079942.505999804 0
Jun 10 08:26:15 standalone account-server[123845]: 172.20.0.100 - - [10/Jun/2026:08:26:15 +0000] "HEAD /d1/162/AUTH_dacdb01a7d0947d2842647672ef8e3a8" 204 - "HEAD http://localhost:8080/v1/AUTH_dacdb01a7d0947d2842647672ef8e3a8?format=json" "tx2308c37a2f284c1794d34-006a291fa7" "proxy-server 12" 0.0079 "-" 20 -
Jun 10 08:26:15 standalone proxy-server[125940]: - - 10/Jun/2026/08/26/15 HEAD /v1/AUTH_dacdb01a7d0947d2842647672ef8e3a8%3Fformat%3Djson HTTP/1.0 204 - Swift - - - - tx2308c37a2f284c1794d34-006a291fa7 - 0.0134 RL - 1781079975.218805075 1781079975.232253790 -
Jun 10 08:26:15 standalone container-server[123723]: 172.20.0.100 - - [10/Jun/2026:08:26:15 +0000] "HEAD /d1/671/AUTH_dacdb01a7d0947d2842647672ef8e3a8/glance" 204 - "HEAD http://localhost:8080/v1/AUTH_dacdb01a7d0947d2842647672ef8e3a8/glance?format=json&states=listing" "tx2308c37a2f284c1794d34-006a291fa7" "proxy-server 12" 0.0155 "-" 21 0
Jun 10 08:26:15 standalone object-server[124059]: 172.20.0.100 - - [10/Jun/2026:08:26:15 +0000] "GET /d1/396/AUTH_dacdb01a7d0947d2842647672ef8e3a8/glance/64c14d7c-f4a2-4ab8-8f92-266cff5fec6e" 200 - "GET http://localhost:8080/v1/AUTH_dacdb01a7d0947d2842647672ef8e3a8/glance/64c14d7c-f4a2-4ab8-8f92-266cff5fec6e" "tx2308c37a2f284c1794d34-006a291fa7" "proxy-server 12" 0.0008 "-" 23 0
Jun 10 08:26:15 standalone container-server[123719]: 172.20.0.100 - - [10/Jun/2026:08:26:15 +0000] "GET /d1/671/AUTH_dacdb01a7d0947d2842647672ef8e3a8/glance" 200 210 "GET http://localhost:8080/v1/AUTH_dacdb01a7d0947d2842647672ef8e3a8/glance?prefix=64c14d7c-f4a2-4ab8-8f92-266cff5fec6e-&format=json&states=listing" "tx2308c37a2f284c1794d34-006a291fa7" "proxy-server 12" 0.0025 "-" 20 0
Jun 10 08:26:15 standalone proxy-server[125940]: - - 10/Jun/2026/08/26/15 GET /v1/AUTH_dacdb01a7d0947d2842647672ef8e3a8/glance%3Fprefix%3D64c14d7c-f4a2-4ab8-8f92-266cff5fec6e-%26format%3Djson%26states%3Dlisting HTTP/1.0 200 - python-swiftclient-3.11.1%20DLO%20MultipartGET gAAAAABqKR-nZWvC... - 210 - tx2308c37a2f284c1794d34-006a291fa7 - 0.0063 DLO - 1781079975.330151081 1781079975.336454868 0
Jun 10 08:26:15 standalone object-server[124047]: 172.20.0.100 - - [10/Jun/2026:08:26:15 +0000] "GET /d1/303/AUTH_dacdb01a7d0947d2842647672ef8e3a8/glance/64c14d7c-f4a2-4ab8-8f92-266cff5fec6e-00001" 200 21692416 "GET http://localhost:8080/v1/AUTH_dacdb01a7d0947d2842647672ef8e3a8/glance/64c14d7c-f4a2-4ab8-8f92-266cff5fec6e-00001?multipart-manifest=get" "tx2308c37a2f284c1794d34-006a291fa7" "proxy-server 12" 0.0018 "-" 20 0
Jun 10 08:26:15 standalone proxy-server[125940]: - - 10/Jun/2026/08/26/15 GET /v1/AUTH_dacdb01a7d0947d2842647672ef8e3a8/glance/64c14d7c-f4a2-4ab8-8f92-266cff5fec6e-00001%3Fmultipart-manifest%3Dget HTTP/1.0 200 - python-swiftclient-3.11.1%20%20DLO%20MultipartGET gAAAAABqKR-nZWvC... - 21692416 - tx2308c37a2f284c1794d34-006a291fa7 - 0.0951 DLO - 1781079975.337288141 1781079975.432422876 0
Jun 10 08:26:15 standalone proxy-server[125940]: 172.18.0.2 ::1 10/Jun/2026/08/26/15 GET /v1/AUTH_dacdb01a7d0947d2842647672ef8e3a8/glance/64c14d7c-f4a2-4ab8-8f92-266cff5fec6e HTTP/1.0 200 - python-swiftclient-3.11.1 gAAAAABqKR-nZWvC... - 21692416 - tx2308c37a2f284c1794d34-006a291fa7 - 0.2151 - - 1781079975.217852354 1781079975.432916880 0
Jun 10 08:26:15 standalone container-server[123719]: 172.20.0.100 - - [10/Jun/2026:08:26:15 +0000] "HEAD /d1/683/AUTH_dacdb01a7d0947d2842647672ef8e3a8/gnocchi.df9666f9-9fa5-46c4-bba7-ae1d177a4d6e" 404 - "HEAD http://localhost:8080/v1/AUTH_dacdb01a7d0947d2842647672ef8e3a8/gnocchi.df9666f9-9fa5-46c4-bba7-ae1d177a4d6e?format=json&states=listing" "tx057ff24bbfc14f89b54cf-006a291fa7" "proxy-server 12" 0.0006 "-" 20 0
Jun 10 08:26:15 standalone object-server[124059]: 172.20.0.100 - - [10/Jun/2026:08:26:15 +0000] "GET /d1/966/AUTH_dacdb01a7d0947d2842647672ef8e3a8/gnocchi.df9666f9-9fa5-46c4-bba7-ae1d177a4d6e/none_v3" 404 70 "GET http://localhost:8080/v1/AUTH_dacdb01a7d0947d2842647672ef8e3a8/gnocchi.df9666f9-9fa5-46c4-bba7-ae1d177a4d6e/none_v3" "tx057ff24bbfc14f89b54cf-006a291fa7" "proxy-server 12" 0.0004 "-" 23 0
Jun 10 08:26:15 standalone proxy-server[125940]: 172.18.0.2 ::1 10/Jun/2026/08/26/15 GET /v1/AUTH_dacdb01a7d0947d2842647672ef8e3a8/gnocchi.df9666f9-9fa5-46c4-bba7-ae1d177a4d6e/none_v3 HTTP/1.0 404 - python-swiftclient-3.11.1 gAAAAABqKR9o7Mi5... - 70 - tx057ff24bbfc14f89b54cf-006a291fa7 - 0.0141 - - 1781079975.957618237 1781079975.971740484 0
Jun 10 08:26:15 standalone account-server[123847]: 172.20.0.100 - - [10/Jun/2026:08:26:15 +0000] "PUT /d1/162/AUTH_dacdb01a7d0947d2842647672ef8e3a8/gnocchi.df9666f9-9fa5-46c4-bba7-ae1d177a4d6e" 201 - "PUT http://172.20.0.100:6001/d1/683/AUTH_dacdb01a7d0947d2842647672ef8e3a8/gnocchi.df9666f9-9fa5-46c4-bba7-ae1d177a4d6e" "tx10a45c520f664ebca3a9c-006a291fa7" "container-server 22" 0.0011 "-" 21 0
Jun 10 08:26:15 standalone container-server[123727]: 172.20.0.100 - - [10/Jun/2026:08:26:15 +0000] "PUT /d1/683/AUTH_dacdb01a7d0947d2842647672ef8e3a8/gnocchi.df9666f9-9fa5-46c4-bba7-ae1d177a4d6e" 201 - "PUT http://localhost:8080/v1/AUTH_dacdb01a7d0947d2842647672ef8e3a8/gnocchi.df9666f9-9fa5-46c4-bba7-ae1d177a4d6e" "tx10a45c520f664ebca3a9c-006a291fa7" "proxy-server 12" 0.0130 "-" 22 0
Jun 10 08:26:15 standalone proxy-server[125940]: 172.18.0.2 ::1 10/Jun/2026/08/26/15 PUT /v1/AUTH_dacdb01a7d0947d2842647672ef8e3a8/gnocchi.df9666f9-9fa5-46c4-bba7-ae1d177a4d6e HTTP/1.0 201 - python-swiftclient-3.11.1 gAAAAABqKR9o7Mi5... - - - tx10a45c520f664ebca3a9c-006a291fa7 - 0.0183 - - 1781079975.974936008 1781079975.993271828 0
Jun 10 08:26:16 standalone container-server[123727]: 172.20.0.100 - - [10/Jun/2026:08:26:16 +0000] "HEAD /d1/683/AUTH_dacdb01a7d0947d2842647672ef8e3a8/gnocchi.df9666f9-9fa5-46c4-bba7-ae1d177a4d6e" 204 - "HEAD http://localhost:8080/v1/AUTH_dacdb01a7d0947d2842647672ef8e3a8/gnocchi.df9666f9-9fa5-46c4-bba7-ae1d177a4d6e?format=json&states=listing" "tx7113231aaf5342dfba318-006a291fa7" "proxy-server 12" 0.0021 "-" 22 0
Jun 10 08:26:16 standalone proxy-server[125940]: - - 10/Jun/2026/08/26/16 HEAD /v1/AUTH_dacdb01a7d0947d2842647672ef8e3a8/gnocchi.df9666f9-9fa5-46c4-bba7-ae1d177a4d6e%3Fformat%3Djson%26states%3Dlisting HTTP/1.0 204 - Swift - - - - tx7113231aaf5342dfba318-006a291fa7 - 0.0068 RL - 1781079975.999789476 1781079976.006568432 0
Jun 10 08:26:16 standalone container-server[123727]: 172.20.0.100 - - [10/Jun/2026:08:26:16 +0000] "GET /d1/683/AUTH_dacdb01a7d0947d2842647672ef8e3a8/gnocchi.df9666f9-9fa5-46c4-bba7-ae1d177a4d6e" 200 2 "GET http://localhost:8080/v1/AUTH_dacdb01a7d0947d2842647672ef8e3a8/gnocchi.df9666f9-9fa5-46c4-bba7-ae1d177a4d6e?format=json&states=listing" "tx7113231aaf5342dfba318-006a291fa7" "proxy-server 12" 0.0040 "-" 22 0
Jun 10 08:26:16 standalone proxy-server[125940]: 172.18.0.2 ::1 10/Jun/2026/08/26/16 GET /v1/AUTH_dacdb01a7d0947d2842647672ef8e3a8/gnocchi.df9666f9-9fa5-46c4-bba7-ae1d177a4d6e%3Fformat%3Djson%26states%3Dlisting HTTP/1.0 200 - python-swiftclient-3.11.1 gAAAAABqKR9o7Mi5... - 2 - tx7113231aaf5342dfba318-006a291fa7 - 0.0213 - - 1781079975.998724699 1781079976.020037174 0
Jun 10 08:26:16 standalone object-server[124058]: 172.20.0.100 - - [10/Jun/2026:08:26:16 +0000] "GET /d1/232/AUTH_dacdb01a7d0947d2842647672ef8e3a8/gnocchi.df9666f9-9fa5-46c4-bba7-ae1d177a4d6e/1780920000.0_mean_300.0_v3" 404 70 "GET http://localhost:8080/v1/AUTH_dacdb01a7d0947d2842647672ef8e3a8/gnocchi.df9666f9-9fa5-46c4-bba7-ae1d177a4d6e/1780920000.0_mean_300.0_v3" "txbb05ed609bfb4ba2a7f77-006a291fa8" "proxy-server 12" 0.0004 "-" 22 0
Jun 10 08:26:16 standalone proxy-server[125940]: 172.18.0.2 ::1 10/Jun/2026/08/26/16 GET /v1/AUTH_dacdb01a7d0947d2842647672ef8e3a8/gnocchi.df9666f9-9fa5-46c4-bba7-ae1d177a4d6e/1780920000.0_mean_300.0_v3 HTTP/1.0 404 - python-swiftclient-3.11.1 gAAAAABqKR9o7Mi5... - 70 - txbb05ed609bfb4ba2a7f77-006a291fa8 - 0.0078 - - 1781079976.024302006 1781079976.032088757 0
Jun 10 08:26:16 standalone container-server[123742]: 172.20.0.100 - - [10/Jun/2026:08:26:16 +0000] "PUT /d1/683/AUTH_dacdb01a7d0947d2842647672ef8e3a8/gnocchi.df9666f9-9fa5-46c4-bba7-ae1d177a4d6e/1780920000.0_mean_300.0_v3" 201 - "PUT http://localhost:8080/d1/232/AUTH_dacdb01a7d0947d2842647672ef8e3a8/gnocchi.df9666f9-9fa5-46c4-bba7-ae1d177a4d6e/1780920000.0_mean_300.0_v3" "txf3a221b2f63d4d73a191e-006a291fa8" "object-server 22" 0.0008 "-" 23 0
Jun 10 08:26:16 standalone object-server[124058]: 172.20.0.100 - - [10/Jun/2026:08:26:16 +0000] "PUT /d1/232/AUTH_dacdb01a7d0947d2842647672ef8e3a8/gnocchi.df9666f9-9fa5-46c4-bba7-ae1d177a4d6e/1780920000.0_mean_300.0_v3" 201 - "PUT http://localhost:8080/v1/AUTH_dacdb01a7d0947d2842647672ef8e3a8/gnocchi.df9666f9-9fa5-46c4-bba7-ae1d177a4d6e/1780920000.0_mean_300.0_v3" "txf3a221b2f63d4d73a191e-006a291fa8" "proxy-server 12" 0.0117 "-" 22 0
Jun 10 08:26:16 standalone proxy-server[125940]: 172.18.0.2 ::1 10/Jun/2026/08/26/16 PUT /v1/AUTH_dacdb01a7d0947d2842647672ef8e3a8/gnocchi.df9666f9-9fa5-46c4-bba7-ae1d177a4d6e/1780920000.0_mean_300.0_v3 HTTP/1.0 201 - python-swiftclient-3.11.1 gAAAAABqKR9o7Mi5... 16 - - txf3a221b2f63d4d73a191e-006a291fa8 - 0.0191 - - 1781079976.035298824 1781079976.054447651 0
Jun 10 08:26:16 standalone container-server[123727]: 172.20.0.100 - - [10/Jun/2026:08:26:16 +0000] "PUT /d1/683/AUTH_dacdb01a7d0947d2842647672ef8e3a8/gnocchi.df9666f9-9fa5-46c4-bba7-ae1d177a4d6e/none_v3" 201 - "PUT http://localhost:8080/d1/966/AUTH_dacdb01a7d0947d2842647672ef8e3a8/gnocchi.df9666f9-9fa5-46c4-bba7-ae1d177a4d6e/none_v3" "txba4ac690e9b94259b8a17-006a291fa8" "object-server 20" 0.0007 "-" 22 0
Jun 10 08:26:16 standalone object-server[124047]: 172.20.0.100 - - [10/Jun/2026:08:26:16 +0000] "PUT /d1/966/AUTH_dacdb01a7d0947d2842647672ef8e3a8/gnocchi.df9666f9-9fa5-46c4-bba7-ae1d177a4d6e/none_v3" 201 - "PUT http://localhost:8080/v1/AUTH_dacdb01a7d0947d2842647672ef8e3a8/gnocchi.df9666f9-9fa5-46c4-bba7-ae1d177a4d6e/none_v3" "txba4ac690e9b94259b8a17-006a291fa8" "proxy-server 12" 0.0277 "-" 20 0
Jun 10 08:26:16 standalone proxy-server[125940]: 172.18.0.2 ::1 10/Jun/2026/08/26/16 PUT /v1/AUTH_dacdb01a7d0947d2842647672ef8e3a8/gnocchi.df9666f9-9fa5-46c4-bba7-ae1d177a4d6e/none_v3 HTTP/1.0 201 - python-swiftclient-3.11.1 gAAAAABqKR9o7Mi5... 22 - - txba4ac690e9b94259b8a17-006a291fa8 - 0.0344 - - 1781079976.060610056 1781079976.094988823 0
Jun 10 08:26:16 standalone container-server[123742]: 172.20.0.100 - - [10/Jun/2026:08:26:16 +0000] "HEAD /d1/180/AUTH_dacdb01a7d0947d2842647672ef8e3a8/gnocchi.e58844c4-2e6c-45c9-8184-1839097975f9" 404 - "HEAD http://localhost:8080/v1/AUTH_dacdb01a7d0947d2842647672ef8e3a8/gnocchi.e58844c4-2e6c-45c9-8184-1839097975f9?format=json&states=listing" "tx1ca417a624bc47c0bb73d-006a291fa8" "proxy-server 12" 0.0004 "-" 23 0
Jun 10 08:26:16 standalone object-server[124059]: 172.20.0.100 - - [10/Jun/2026:08:26:16 +0000] "GET /d1/651/AUTH_dacdb01a7d0947d2842647672ef8e3a8/gnocchi.e58844c4-2e6c-45c9-8184-1839097975f9/none_v3" 404 70 "GET http://localhost:8080/v1/AUTH_dacdb01a7d0947d2842647672ef8e3a8/gnocchi.e58844c4-2e6c-45c9-8184-1839097975f9/none_v3" "tx1ca417a624bc47c0bb73d-006a291fa8" "proxy-server 12" 0.0003 "-" 23 0
Jun 10 08:26:16 standalone proxy-server[125940]: 172.18.0.2 ::1 10/Jun/2026/08/26/16 GET /v1/AUTH_dacdb01a7d0947d2842647672ef8e3a8/gnocchi.e58844c4-2e6c-45c9-8184-1839097975f9/none_v3 HTTP/1.0 404 - python-swiftclient-3.11.1 gAAAAABqKR9o7Mi5... - 70 - tx1ca417a624bc47c0bb73d-006a291fa8 - 0.0079 - - 1781079976.143252134 1781079976.151103973 0
Jun 10 08:26:16 standalone account-server[123845]: 172.20.0.100 - - [10/Jun/2026:08:26:16 +0000] "PUT /d1/162/AUTH_dacdb01a7d0947d2842647672ef8e3a8/gnocchi.e58844c4-2e6c-45c9-8184-1839097975f9" 201 - "PUT http://172.20.0.100:6001/d1/180/AUTH_dacdb01a7d0947d2842647672ef8e3a8/gnocchi.e58844c4-2e6c-45c9-8184-1839097975f9" "tx686177681fba4a5bbb797-006a291fa8" "container-server 20" 0.0048 "-" 20 0
Jun 10 08:26:16 standalone container-server[123719]: 172.20.0.100 - - [10/Jun/2026:08:26:16 +0000] "PUT /d1/180/AUTH_dacdb01a7d0947d2842647672ef8e3a8/gnocchi.e58844c4-2e6c-45c9-8184-1839097975f9" 201 - "PUT http://localhost:8080/v1/AUTH_dacdb01a7d0947d2842647672ef8e3a8/gnocchi.e58844c4-2e6c-45c9-8184-1839097975f9" "tx686177681fba4a5bbb797-006a291fa8" "proxy-server 12" 0.0165 "-" 20 0
Jun 10 08:26:16 standalone proxy-server[125940]: 172.18.0.2 ::1 10/Jun/2026/08/26/16 PUT /v1/AUTH_dacdb01a7d0947d2842647672ef8e3a8/gnocchi.e58844c4-2e6c-45c9-8184-1839097975f9 HTTP/1.0 201 - python-swiftclient-3.11.1 gAAAAABqKR9o7Mi5... - - - tx686177681fba4a5bbb797-006a291fa8 - 0.0219 - - 1781079976.154570341 1781079976.176442623 0
Jun 10 08:26:16 standalone container-server[123723]: 172.20.0.100 - - [10/Jun/2026:08:26:16 +0000] "HEAD /d1/180/AUTH_dacdb01a7d0947d2842647672ef8e3a8/gnocchi.e58844c4-2e6c-45c9-8184-1839097975f9" 204 - "HEAD http://localhost:8080/v1/AUTH_dacdb01a7d0947d2842647672ef8e3a8/gnocchi.e58844c4-2e6c-45c9-8184-1839097975f9?format=json&states=listing" "tx1ca120314caa4a2caf8cf-006a291fa8" "proxy-server 12" 0.0029 "-" 21 0
Jun 10 08:26:16 standalone proxy-server[125940]: - - 10/Jun/2026/08/26/16 HEAD /v1/AUTH_dacdb01a7d0947d2842647672ef8e3a8/gnocchi.e58844c4-2e6c-45c9-8184-1839097975f9%3Fformat%3Djson%26states%3Dlisting HTTP/1.0 204 - Swift - - - - tx1ca120314caa4a2caf8cf-006a291fa8 - 0.0068 RL - 1781079976.183753729 1781079976.190525770 0
Jun 10 08:26:16 standalone container-server[123727]: 172.20.0.100 - - [10/Jun/2026:08:26:16 +0000] "GET /d1/180/AUTH_dacdb01a7d0947d2842647672ef8e3a8/gnocchi.e58844c4-2e6c-45c9-8184-1839097975f9" 200 2 "GET http://localhost:8080/v1/AUTH_dacdb01a7d0947d2842647672ef8e3a8/gnocchi.e58844c4-2e6c-45c9-8184-1839097975f9?format=json&states=listing" "tx1ca120314caa4a2caf8cf-006a291fa8" "proxy-server 12" 0.0039 "-" 22 0
Jun 10 08:26:16 standalone proxy-server[125940]: 172.18.0.2 ::1 10/Jun/2026/08/26/16 GET /v1/AUTH_dacdb01a7d0947d2842647672ef8e3a8/gnocchi.e58844c4-2e6c-45c9-8184-1839097975f9%3Fformat%3Djson%26states%3Dlisting HTTP/1.0 200 - python-swiftclient-3.11.1 gAAAAABqKR9o7Mi5... - 2 - tx1ca120314caa4a2caf8cf-006a291fa8 - 0.0175 - - 1781079976.182760715 1781079976.200262070 0
Jun 10 08:26:16 standalone object-server[124047]: 172.20.0.100 - - [10/Jun/2026:08:26:16 +0000] "GET /d1/640/AUTH_dacdb01a7d0947d2842647672ef8e3a8/gnocchi.e58844c4-2e6c-45c9-8184-1839097975f9/1780920000.0_mean_300.0_v3" 404 70 "GET http://localhost:8080/v1/AUTH_dacdb01a7d0947d2842647672ef8e3a8/gnocchi.e58844c4-2e6c-45c9-8184-1839097975f9/1780920000.0_mean_300.0_v3" "tx4ee013b2d4c644feb0677-006a291fa8" "proxy-server 12" 0.0005 "-" 20 0
Jun 10 08:26:16 standalone proxy-server[125940]: 172.18.0.2 ::1 10/Jun/2026/08/26/16 GET /v1/AUTH_dacdb01a7d0947d2842647672ef8e3a8/gnocchi.e58844c4-2e6c-45c9-8184-1839097975f9/1780920000.0_mean_300.0_v3 HTTP/1.0 404 - python-swiftclient-3.11.1 gAAAAABqKR9o7Mi5... - 70 - tx4ee013b2d4c644feb0677-006a291fa8 - 0.0097 - - 1781079976.204757452 1781079976.214497328 0
Jun 10 08:26:16 standalone container-server[123723]: 172.20.0.100 - - [10/Jun/2026:08:26:16 +0000] "PUT /d1/180/AUTH_dacdb01a7d0947d2842647672ef8e3a8/gnocchi.e58844c4-2e6c-45c9-8184-1839097975f9/1780920000.0_mean_300.0_v3" 201 - "PUT http://localhost:8080/d1/640/AUTH_dacdb01a7d0947d2842647672ef8e3a8/gnocchi.e58844c4-2e6c-45c9-8184-1839097975f9/1780920000.0_mean_300.0_v3" "tx9c915f3290ec4cb89ba79-006a291fa8" "object-server 21" 0.0006 "-" 21 0
Jun 10 08:26:16 standalone object-server[124050]: 172.20.0.100 - - [10/Jun/2026:08:26:16 +0000] "PUT /d1/640/AUTH_dacdb01a7d0947d2842647672ef8e3a8/gnocchi.e58844c4-2e6c-45c9-8184-1839097975f9/1780920000.0_mean_300.0_v3" 201 - "PUT http://localhost:8080/v1/AUTH_dacdb01a7d0947d2842647672ef8e3a8/gnocchi.e58844c4-2e6c-45c9-8184-1839097975f9/1780920000.0_mean_300.0_v3" "tx9c915f3290ec4cb89ba79-006a291fa8" "proxy-server 12" 0.0079 "-" 21 0
Jun 10 08:26:16 standalone proxy-server[125940]: 172.18.0.2 ::1 10/Jun/2026/08/26/16 PUT /v1/AUTH_dacdb01a7d0947d2842647672ef8e3a8/gnocchi.e58844c4-2e6c-45c9-8184-1839097975f9/1780920000.0_mean_300.0_v3 HTTP/1.0 201 - python-swiftclient-3.11.1 gAAAAABqKR9o7Mi5... 16 - - tx9c915f3290ec4cb89ba79-006a291fa8 - 0.0144 - - 1781079976.220099926 1781079976.234476089 0
Jun 10 08:26:16 standalone container-server[123742]: 172.20.0.100 - - [10/Jun/2026:08:26:16 +0000] "PUT /d1/180/AUTH_dacdb01a7d0947d2842647672ef8e3a8/gnocchi.e58844c4-2e6c-45c9-8184-1839097975f9/none_v3" 201 - "PUT http://localhost:8080/d1/651/AUTH_dacdb01a7d0947d2842647672ef8e3a8/gnocchi.e58844c4-2e6c-45c9-8184-1839097975f9/none_v3" "tx13ddc4d002fa4e6997600-006a291fa8" "object-server 23" 0.0007 "-" 23 0
Jun 10 08:26:16 standalone object-server[124059]: 172.20.0.100 - - [10/Jun/2026:08:26:16 +0000] "PUT /d1/651/AUTH_dacdb01a7d0947d2842647672ef8e3a8/gnocchi.e58844c4-2e6c-45c9-8184-1839097975f9/none_v3" 201 - "PUT http://localhost:8080/v1/AUTH_dacdb01a7d0947d2842647672ef8e3a8/gnocchi.e58844c4-2e6c-45c9-8184-1839097975f9/none_v3" "tx13ddc4d002fa4e6997600-006a291fa8" "proxy-server 12" 0.0131 "-" 23 0
Jun 10 08:26:16 standalone proxy-server[125940]: 172.18.0.2 ::1 10/Jun/2026/08/26/16 PUT /v1/AUTH_dacdb01a7d0947d2842647672ef8e3a8/gnocchi.e58844c4-2e6c-45c9-8184-1839097975f9/none_v3 HTTP/1.0 201 - python-swiftclient-3.11.1 gAAAAABqKR9o7Mi5... 22 - - tx13ddc4d002fa4e6997600-006a291fa8 - 0.0196 - - 1781079976.238365889 1781079976.257947445 0
Jun 10 08:26:20 standalone container-server[123719]: 172.20.0.100 - - [10/Jun/2026:08:26:20 +0000] "HEAD /d1/349/AUTH_dacdb01a7d0947d2842647672ef8e3a8/gnocchi.4f573af9-94a2-4110-b9a2-4e49ba2ef2a2" 404 - "HEAD http://localhost:8080/v1/AUTH_dacdb01a7d0947d2842647672ef8e3a8/gnocchi.4f573af9-94a2-4110-b9a2-4e49ba2ef2a2?format=json&states=listing" "txbf217f3704e54ef2b0383-006a291fac" "proxy-server 12" 0.0012 "-" 20 0
Jun 10 08:26:20 standalone object-server[124047]: 172.20.0.100 - - [10/Jun/2026:08:26:20 +0000] "GET /d1/119/AUTH_dacdb01a7d0947d2842647672ef8e3a8/gnocchi.4f573af9-94a2-4110-b9a2-4e49ba2ef2a2/none_v3" 404 70 "GET http://localhost:8080/v1/AUTH_dacdb01a7d0947d2842647672ef8e3a8/gnocchi.4f573af9-94a2-4110-b9a2-4e49ba2ef2a2/none_v3" "txbf217f3704e54ef2b0383-006a291fac" "proxy-server 12" 0.0010 "-" 20 0
Jun 10 08:26:20 standalone proxy-server[125940]: 172.18.0.2 ::1 10/Jun/2026/08/26/20 GET /v1/AUTH_dacdb01a7d0947d2842647672ef8e3a8/gnocchi.4f573af9-94a2-4110-b9a2-4e49ba2ef2a2/none_v3 HTTP/1.0 404 - python-swiftclient-3.11.1 gAAAAABqKR9o7Mi5... - 70 - txbf217f3704e54ef2b0383-006a291fac - 0.0241 - - 1781079980.653915405 1781079980.678031921 0
Jun 10 08:26:20 standalone account-server[123845]: 172.20.0.100 - - [10/Jun/2026:08:26:20 +0000] "PUT /d1/162/AUTH_dacdb01a7d0947d2842647672ef8e3a8/gnocchi.4f573af9-94a2-4110-b9a2-4e49ba2ef2a2" 201 - "PUT http://172.20.0.100:6001/d1/349/AUTH_dacdb01a7d0947d2842647672ef8e3a8/gnocchi.4f573af9-94a2-4110-b9a2-4e49ba2ef2a2" "txfcde07a99d52460f986ef-006a291fac" "container-server 23" 0.0061 "-" 20 0
Jun 10 08:26:20 standalone container-server[123742]: 172.20.0.100 - - [10/Jun/2026:08:26:20 +0000] "PUT /d1/349/AUTH_dacdb01a7d0947d2842647672ef8e3a8/gnocchi.4f573af9-94a2-4110-b9a2-4e49ba2ef2a2" 201 - "PUT http://localhost:8080/v1/AUTH_dacdb01a7d0947d2842647672ef8e3a8/gnocchi.4f573af9-94a2-4110-b9a2-4e49ba2ef2a2" "txfcde07a99d52460f986ef-006a291fac" "proxy-server 12" 0.0177 "-" 23 0
Jun 10 08:26:20 standalone proxy-server[125940]: 172.18.0.2 ::1 10/Jun/2026/08/26/20 PUT /v1/AUTH_dacdb01a7d0947d2842647672ef8e3a8/gnocchi.4f573af9-94a2-4110-b9a2-4e49ba2ef2a2 HTTP/1.0 201 - python-swiftclient-3.11.1 gAAAAABqKR9o7Mi5... - - - txfcde07a99d52460f986ef-006a291fac - 0.0287 - - 1781079980.683545351 1781079980.712252378 0
Jun 10 08:26:20 standalone container-server[123719]: 172.20.0.100 - - [10/Jun/2026:08:26:20 +0000] "HEAD /d1/349/AUTH_dacdb01a7d0947d2842647672ef8e3a8/gnocchi.4f573af9-94a2-4110-b9a2-4e49ba2ef2a2" 204 - "HEAD http://localhost:8080/v1/AUTH_dacdb01a7d0947d2842647672ef8e3a8/gnocchi.4f573af9-94a2-4110-b9a2-4e49ba2ef2a2?format=json&states=listing" "tx9f10da4e76744fcb970b6-006a291fac" "proxy-server 12" 0.0033 "-" 20 0
Jun 10 08:26:20 standalone proxy-server[125940]: - - 10/Jun/2026/08/26/20 HEAD /v1/AUTH_dacdb01a7d0947d2842647672ef8e3a8/gnocchi.4f573af9-94a2-4110-b9a2-4e49ba2ef2a2%3Fformat%3Djson%26states%3Dlisting HTTP/1.0 204 - Swift - - - - tx9f10da4e76744fcb970b6-006a291fac - 0.0082 RL - 1781079980.720746279 1781079980.728980541 0
Jun 10 08:26:20 standalone container-server[123719]: 172.20.0.100 - - [10/Jun/2026:08:26:20 +0000] "GET /d1/349/AUTH_dacdb01a7d0947d2842647672ef8e3a8/gnocchi.4f573af9-94a2-4110-b9a2-4e49ba2ef2a2" 200 2 "GET http://localhost:8080/v1/AUTH_dacdb01a7d0947d2842647672ef8e3a8/gnocchi.4f573af9-94a2-4110-b9a2-4e49ba2ef2a2?format=json&states=listing" "tx9f10da4e76744fcb970b6-006a291fac" "proxy-server 12" 0.0025 "-" 20 0
Jun 10 08:26:20 standalone proxy-server[125940]: 172.18.0.2 ::1 10/Jun/2026/08/26/20 GET /v1/AUTH_dacdb01a7d0947d2842647672ef8e3a8/gnocchi.4f573af9-94a2-4110-b9a2-4e49ba2ef2a2%3Fformat%3Djson%26states%3Dlisting HTTP/1.0 200 - python-swiftclient-3.11.1 gAAAAABqKR9o7Mi5... - 2 - tx9f10da4e76744fcb970b6-006a291fac - 0.0195 - - 1781079980.719331741 1781079980.738862514 0
Jun 10 08:26:20 standalone object-server[124050]: 172.20.0.100 - - [10/Jun/2026:08:26:20 +0000] "GET /d1/53/AUTH_dacdb01a7d0947d2842647672ef8e3a8/gnocchi.4f573af9-94a2-4110-b9a2-4e49ba2ef2a2/1780920000.0_mean_300.0_v3" 404 70 "GET http://localhost:8080/v1/AUTH_dacdb01a7d0947d2842647672ef8e3a8/gnocchi.4f573af9-94a2-4110-b9a2-4e49ba2ef2a2/1780920000.0_mean_300.0_v3" "txc919e67c075f4f6f9ab1b-006a291fac" "proxy-server 12" 0.0007 "-" 21 0
