Jun 10 08:26:20 standalone proxy-server[125940]: 172.18.0.2 ::1 10/Jun/2026/08/26/20 GET /v1/AUTH_dacdb01a7d0947d2842647672ef8e3a8/gnocchi.4f573af9-94a2-4110-b9a2-4e49ba2ef2a2/1780920000.0_mean_300.0_v3 HTTP/1.0 404 - python-swiftclient-3.11.1 gAAAAABqKR9o7Mi5... - 70 - txc919e67c075f4f6f9ab1b-006a291fac - 0.0059 - - 1781079980.743452072 1781079980.749326944 0
Jun 10 08:26:20 standalone container-server[123719]: 172.20.0.100 - - [10/Jun/2026:08:26:20 +0000] "PUT /d1/349/AUTH_dacdb01a7d0947d2842647672ef8e3a8/gnocchi.4f573af9-94a2-4110-b9a2-4e49ba2ef2a2/1780920000.0_mean_300.0_v3" 201 - "PUT http://localhost:8080/d1/53/AUTH_dacdb01a7d0947d2842647672ef8e3a8/gnocchi.4f573af9-94a2-4110-b9a2-4e49ba2ef2a2/1780920000.0_mean_300.0_v3" "tx733362970bf447bea21d0-006a291fac" "object-server 20" 0.0009 "-" 20 0
Jun 10 08:26:20 standalone object-server[124047]: 172.20.0.100 - - [10/Jun/2026:08:26:20 +0000] "PUT /d1/53/AUTH_dacdb01a7d0947d2842647672ef8e3a8/gnocchi.4f573af9-94a2-4110-b9a2-4e49ba2ef2a2/1780920000.0_mean_300.0_v3" 201 - "PUT http://localhost:8080/v1/AUTH_dacdb01a7d0947d2842647672ef8e3a8/gnocchi.4f573af9-94a2-4110-b9a2-4e49ba2ef2a2/1780920000.0_mean_300.0_v3" "tx733362970bf447bea21d0-006a291fac" "proxy-server 12" 0.0133 "-" 20 0
Jun 10 08:26:20 standalone proxy-server[125940]: 172.18.0.2 ::1 10/Jun/2026/08/26/20 PUT /v1/AUTH_dacdb01a7d0947d2842647672ef8e3a8/gnocchi.4f573af9-94a2-4110-b9a2-4e49ba2ef2a2/1780920000.0_mean_300.0_v3 HTTP/1.0 201 - python-swiftclient-3.11.1 gAAAAABqKR9o7Mi5... 16 - - tx733362970bf447bea21d0-006a291fac - 0.0201 - - 1781079980.753088951 1781079980.773161888 0
Jun 10 08:26:20 standalone container-server[123727]: 172.20.0.100 - - [10/Jun/2026:08:26:20 +0000] "PUT /d1/349/AUTH_dacdb01a7d0947d2842647672ef8e3a8/gnocchi.4f573af9-94a2-4110-b9a2-4e49ba2ef2a2/none_v3" 201 - "PUT http://localhost:8080/d1/119/AUTH_dacdb01a7d0947d2842647672ef8e3a8/gnocchi.4f573af9-94a2-4110-b9a2-4e49ba2ef2a2/none_v3" "tx66834daebe4840989fe91-006a291fac" "object-server 23" 0.0005 "-" 22 0
Jun 10 08:26:20 standalone object-server[124059]: 172.20.0.100 - - [10/Jun/2026:08:26:20 +0000] "PUT /d1/119/AUTH_dacdb01a7d0947d2842647672ef8e3a8/gnocchi.4f573af9-94a2-4110-b9a2-4e49ba2ef2a2/none_v3" 201 - "PUT http://localhost:8080/v1/AUTH_dacdb01a7d0947d2842647672ef8e3a8/gnocchi.4f573af9-94a2-4110-b9a2-4e49ba2ef2a2/none_v3" "tx66834daebe4840989fe91-006a291fac" "proxy-server 12" 0.0141 "-" 23 0
Jun 10 08:26:20 standalone proxy-server[125940]: 172.18.0.2 ::1 10/Jun/2026/08/26/20 PUT /v1/AUTH_dacdb01a7d0947d2842647672ef8e3a8/gnocchi.4f573af9-94a2-4110-b9a2-4e49ba2ef2a2/none_v3 HTTP/1.0 201 - python-swiftclient-3.11.1 gAAAAABqKR9o7Mi5... 22 - - tx66834daebe4840989fe91-006a291fac - 0.0243 - - 1781079980.777256250 1781079980.801593304 0
Jun 10 08:26:20 standalone container-server[123723]: 172.20.0.100 - - [10/Jun/2026:08:26:20 +0000] "HEAD /d1/648/AUTH_dacdb01a7d0947d2842647672ef8e3a8/gnocchi.24e3b1cd-8047-4014-99d4-b8ec6cb2ab4f" 404 - "HEAD http://localhost:8080/v1/AUTH_dacdb01a7d0947d2842647672ef8e3a8/gnocchi.24e3b1cd-8047-4014-99d4-b8ec6cb2ab4f?format=json&states=listing" "tx1084ed94b0894c8e8906a-006a291fac" "proxy-server 12" 0.0007 "-" 21 0
Jun 10 08:26:20 standalone object-server[124050]: 172.20.0.100 - - [10/Jun/2026:08:26:20 +0000] "GET /d1/706/AUTH_dacdb01a7d0947d2842647672ef8e3a8/gnocchi.24e3b1cd-8047-4014-99d4-b8ec6cb2ab4f/none_v3" 404 70 "GET http://localhost:8080/v1/AUTH_dacdb01a7d0947d2842647672ef8e3a8/gnocchi.24e3b1cd-8047-4014-99d4-b8ec6cb2ab4f/none_v3" "tx1084ed94b0894c8e8906a-006a291fac" "proxy-server 12" 0.0003 "-" 21 0
Jun 10 08:26:20 standalone proxy-server[125940]: 172.18.0.2 ::1 10/Jun/2026/08/26/20 GET /v1/AUTH_dacdb01a7d0947d2842647672ef8e3a8/gnocchi.24e3b1cd-8047-4014-99d4-b8ec6cb2ab4f/none_v3 HTTP/1.0 404 - python-swiftclient-3.11.1 gAAAAABqKR9o7Mi5... - 70 - tx1084ed94b0894c8e8906a-006a291fac - 0.0095 - - 1781079980.820765495 1781079980.830271721 0
Jun 10 08:26:20 standalone account-server[123847]: 172.20.0.100 - - [10/Jun/2026:08:26:20 +0000] "PUT /d1/162/AUTH_dacdb01a7d0947d2842647672ef8e3a8/gnocchi.24e3b1cd-8047-4014-99d4-b8ec6cb2ab4f" 201 - "PUT http://172.20.0.100:6001/d1/648/AUTH_dacdb01a7d0947d2842647672ef8e3a8/gnocchi.24e3b1cd-8047-4014-99d4-b8ec6cb2ab4f" "tx8b82b82c6d8a484eb6c66-006a291fac" "container-server 21" 0.0052 "-" 21 0
Jun 10 08:26:20 standalone container-server[123723]: 172.20.0.100 - - [10/Jun/2026:08:26:20 +0000] "PUT /d1/648/AUTH_dacdb01a7d0947d2842647672ef8e3a8/gnocchi.24e3b1cd-8047-4014-99d4-b8ec6cb2ab4f" 201 - "PUT http://localhost:8080/v1/AUTH_dacdb01a7d0947d2842647672ef8e3a8/gnocchi.24e3b1cd-8047-4014-99d4-b8ec6cb2ab4f" "tx8b82b82c6d8a484eb6c66-006a291fac" "proxy-server 12" 0.0179 "-" 21 0
Jun 10 08:26:20 standalone proxy-server[125940]: 172.18.0.2 ::1 10/Jun/2026/08/26/20 PUT /v1/AUTH_dacdb01a7d0947d2842647672ef8e3a8/gnocchi.24e3b1cd-8047-4014-99d4-b8ec6cb2ab4f HTTP/1.0 201 - python-swiftclient-3.11.1 gAAAAABqKR9o7Mi5... - - - tx8b82b82c6d8a484eb6c66-006a291fac - 0.0230 - - 1781079980.835148811 1781079980.858168125 0
Jun 10 08:26:20 standalone container-server[123727]: 172.20.0.100 - - [10/Jun/2026:08:26:20 +0000] "HEAD /d1/648/AUTH_dacdb01a7d0947d2842647672ef8e3a8/gnocchi.24e3b1cd-8047-4014-99d4-b8ec6cb2ab4f" 204 - "HEAD http://localhost:8080/v1/AUTH_dacdb01a7d0947d2842647672ef8e3a8/gnocchi.24e3b1cd-8047-4014-99d4-b8ec6cb2ab4f?format=json&states=listing" "tx2e7c7caf1d0f4680a0d50-006a291fac" "proxy-server 12" 0.0012 "-" 22 0
Jun 10 08:26:20 standalone proxy-server[125940]: - - 10/Jun/2026/08/26/20 HEAD /v1/AUTH_dacdb01a7d0947d2842647672ef8e3a8/gnocchi.24e3b1cd-8047-4014-99d4-b8ec6cb2ab4f%3Fformat%3Djson%26states%3Dlisting HTTP/1.0 204 - Swift - - - - tx2e7c7caf1d0f4680a0d50-006a291fac - 0.0053 RL - 1781079980.881215811 1781079980.886556625 0
Jun 10 08:26:20 standalone container-server[123723]: 172.20.0.100 - - [10/Jun/2026:08:26:20 +0000] "GET /d1/648/AUTH_dacdb01a7d0947d2842647672ef8e3a8/gnocchi.24e3b1cd-8047-4014-99d4-b8ec6cb2ab4f" 200 2 "GET http://localhost:8080/v1/AUTH_dacdb01a7d0947d2842647672ef8e3a8/gnocchi.24e3b1cd-8047-4014-99d4-b8ec6cb2ab4f?format=json&states=listing" "tx2e7c7caf1d0f4680a0d50-006a291fac" "proxy-server 12" 0.0019 "-" 21 0
Jun 10 08:26:20 standalone proxy-server[125940]: 172.18.0.2 ::1 10/Jun/2026/08/26/20 GET /v1/AUTH_dacdb01a7d0947d2842647672ef8e3a8/gnocchi.24e3b1cd-8047-4014-99d4-b8ec6cb2ab4f%3Fformat%3Djson%26states%3Dlisting HTTP/1.0 200 - python-swiftclient-3.11.1 gAAAAABqKR9o7Mi5... - 2 - tx2e7c7caf1d0f4680a0d50-006a291fac - 0.0198 - - 1781079980.875544786 1781079980.895338535 0
Jun 10 08:26:20 standalone object-server[124058]: 172.20.0.100 - - [10/Jun/2026:08:26:20 +0000] "GET /d1/941/AUTH_dacdb01a7d0947d2842647672ef8e3a8/gnocchi.24e3b1cd-8047-4014-99d4-b8ec6cb2ab4f/1780920000.0_mean_300.0_v3" 404 70 "GET http://localhost:8080/v1/AUTH_dacdb01a7d0947d2842647672ef8e3a8/gnocchi.24e3b1cd-8047-4014-99d4-b8ec6cb2ab4f/1780920000.0_mean_300.0_v3" "tx8f2a2dba1b8b41b7b3528-006a291fac" "proxy-server 12" 0.0007 "-" 22 0
Jun 10 08:26:20 standalone proxy-server[125940]: 172.18.0.2 ::1 10/Jun/2026/08/26/20 GET /v1/AUTH_dacdb01a7d0947d2842647672ef8e3a8/gnocchi.24e3b1cd-8047-4014-99d4-b8ec6cb2ab4f/1780920000.0_mean_300.0_v3 HTTP/1.0 404 - python-swiftclient-3.11.1 gAAAAABqKR9o7Mi5... - 70 - tx8f2a2dba1b8b41b7b3528-006a291fac - 0.0090 - - 1781079980.900076389 1781079980.909065247 0
Jun 10 08:26:20 standalone container-server[123723]: 172.20.0.100 - - [10/Jun/2026:08:26:20 +0000] "PUT /d1/648/AUTH_dacdb01a7d0947d2842647672ef8e3a8/gnocchi.24e3b1cd-8047-4014-99d4-b8ec6cb2ab4f/1780920000.0_mean_300.0_v3" 201 - "PUT http://localhost:8080/d1/941/AUTH_dacdb01a7d0947d2842647672ef8e3a8/gnocchi.24e3b1cd-8047-4014-99d4-b8ec6cb2ab4f/1780920000.0_mean_300.0_v3" "tx03ff7d29393a4b5c9ccd9-006a291fac" "object-server 23" 0.0007 "-" 21 0
Jun 10 08:26:20 standalone object-server[124059]: 172.20.0.100 - - [10/Jun/2026:08:26:20 +0000] "PUT /d1/941/AUTH_dacdb01a7d0947d2842647672ef8e3a8/gnocchi.24e3b1cd-8047-4014-99d4-b8ec6cb2ab4f/1780920000.0_mean_300.0_v3" 201 - "PUT http://localhost:8080/v1/AUTH_dacdb01a7d0947d2842647672ef8e3a8/gnocchi.24e3b1cd-8047-4014-99d4-b8ec6cb2ab4f/1780920000.0_mean_300.0_v3" "tx03ff7d29393a4b5c9ccd9-006a291fac" "proxy-server 12" 0.0116 "-" 23 0
Jun 10 08:26:20 standalone proxy-server[125940]: 172.18.0.2 ::1 10/Jun/2026/08/26/20 PUT /v1/AUTH_dacdb01a7d0947d2842647672ef8e3a8/gnocchi.24e3b1cd-8047-4014-99d4-b8ec6cb2ab4f/1780920000.0_mean_300.0_v3 HTTP/1.0 201 - python-swiftclient-3.11.1 gAAAAABqKR9o7Mi5... 16 - - tx03ff7d29393a4b5c9ccd9-006a291fac - 0.0204 - - 1781079980.914619923 1781079980.935002327 0
Jun 10 08:26:20 standalone container-server[123742]: 172.20.0.100 - - [10/Jun/2026:08:26:20 +0000] "PUT /d1/648/AUTH_dacdb01a7d0947d2842647672ef8e3a8/gnocchi.24e3b1cd-8047-4014-99d4-b8ec6cb2ab4f/none_v3" 201 - "PUT http://localhost:8080/d1/706/AUTH_dacdb01a7d0947d2842647672ef8e3a8/gnocchi.24e3b1cd-8047-4014-99d4-b8ec6cb2ab4f/none_v3" "tx7c915e5e57344546b5e4f-006a291fac" "object-server 22" 0.0008 "-" 23 0
Jun 10 08:26:20 standalone object-server[124058]: 172.20.0.100 - - [10/Jun/2026:08:26:20 +0000] "PUT /d1/706/AUTH_dacdb01a7d0947d2842647672ef8e3a8/gnocchi.24e3b1cd-8047-4014-99d4-b8ec6cb2ab4f/none_v3" 201 - "PUT http://localhost:8080/v1/AUTH_dacdb01a7d0947d2842647672ef8e3a8/gnocchi.24e3b1cd-8047-4014-99d4-b8ec6cb2ab4f/none_v3" "tx7c915e5e57344546b5e4f-006a291fac" "proxy-server 12" 0.0128 "-" 22 0
Jun 10 08:26:20 standalone proxy-server[125940]: 172.18.0.2 ::1 10/Jun/2026/08/26/20 PUT /v1/AUTH_dacdb01a7d0947d2842647672ef8e3a8/gnocchi.24e3b1cd-8047-4014-99d4-b8ec6cb2ab4f/none_v3 HTTP/1.0 201 - python-swiftclient-3.11.1 gAAAAABqKR9o7Mi5... 22 - - tx7c915e5e57344546b5e4f-006a291fac - 0.0226 - - 1781079980.940230608 1781079980.962850571 0
Jun 10 08:26:20 standalone container-server[123719]: 172.20.0.100 - - [10/Jun/2026:08:26:20 +0000] "HEAD /d1/404/AUTH_dacdb01a7d0947d2842647672ef8e3a8/gnocchi.ee24cb1d-bfa6-4d5e-8d35-a0f143bc6ab6" 404 - "HEAD http://localhost:8080/v1/AUTH_dacdb01a7d0947d2842647672ef8e3a8/gnocchi.ee24cb1d-bfa6-4d5e-8d35-a0f143bc6ab6?format=json&states=listing" "txf305af893e9b40b7a8ee6-006a291fac" "proxy-server 12" 0.0005 "-" 20 0
Jun 10 08:26:20 standalone object-server[124059]: 172.20.0.100 - - [10/Jun/2026:08:26:20 +0000] "GET /d1/857/AUTH_dacdb01a7d0947d2842647672ef8e3a8/gnocchi.ee24cb1d-bfa6-4d5e-8d35-a0f143bc6ab6/none_v3" 404 70 "GET http://localhost:8080/v1/AUTH_dacdb01a7d0947d2842647672ef8e3a8/gnocchi.ee24cb1d-bfa6-4d5e-8d35-a0f143bc6ab6/none_v3" "txf305af893e9b40b7a8ee6-006a291fac" "proxy-server 12" 0.0004 "-" 23 0
Jun 10 08:26:20 standalone proxy-server[125940]: 172.18.0.2 ::1 10/Jun/2026/08/26/20 GET /v1/AUTH_dacdb01a7d0947d2842647672ef8e3a8/gnocchi.ee24cb1d-bfa6-4d5e-8d35-a0f143bc6ab6/none_v3 HTTP/1.0 404 - python-swiftclient-3.11.1 gAAAAABqKR9o7Mi5... - 70 - txf305af893e9b40b7a8ee6-006a291fac - 0.0174 - - 1781079980.976739407 1781079980.994163752 0
Jun 10 08:26:21 standalone account-server[123847]: 172.20.0.100 - - [10/Jun/2026:08:26:21 +0000] "PUT /d1/162/AUTH_dacdb01a7d0947d2842647672ef8e3a8/gnocchi.ee24cb1d-bfa6-4d5e-8d35-a0f143bc6ab6" 201 - "PUT http://172.20.0.100:6001/d1/404/AUTH_dacdb01a7d0947d2842647672ef8e3a8/gnocchi.ee24cb1d-bfa6-4d5e-8d35-a0f143bc6ab6" "txd07b33c381f24a959d698-006a291fac" "container-server 21" 0.0050 "-" 21 0
Jun 10 08:26:21 standalone container-server[123723]: 172.20.0.100 - - [10/Jun/2026:08:26:21 +0000] "PUT /d1/404/AUTH_dacdb01a7d0947d2842647672ef8e3a8/gnocchi.ee24cb1d-bfa6-4d5e-8d35-a0f143bc6ab6" 201 - "PUT http://localhost:8080/v1/AUTH_dacdb01a7d0947d2842647672ef8e3a8/gnocchi.ee24cb1d-bfa6-4d5e-8d35-a0f143bc6ab6" "txd07b33c381f24a959d698-006a291fac" "proxy-server 12" 0.0159 "-" 21 0
Jun 10 08:26:21 standalone proxy-server[125940]: 172.18.0.2 ::1 10/Jun/2026/08/26/21 PUT /v1/AUTH_dacdb01a7d0947d2842647672ef8e3a8/gnocchi.ee24cb1d-bfa6-4d5e-8d35-a0f143bc6ab6 HTTP/1.0 201 - python-swiftclient-3.11.1 gAAAAABqKR9o7Mi5... - - - txd07b33c381f24a959d698-006a291fac - 0.0255 - - 1781079980.999124050 1781079981.024648428 0
Jun 10 08:26:21 standalone container-server[123723]: 172.20.0.100 - - [10/Jun/2026:08:26:21 +0000] "HEAD /d1/404/AUTH_dacdb01a7d0947d2842647672ef8e3a8/gnocchi.ee24cb1d-bfa6-4d5e-8d35-a0f143bc6ab6" 204 - "HEAD http://localhost:8080/v1/AUTH_dacdb01a7d0947d2842647672ef8e3a8/gnocchi.ee24cb1d-bfa6-4d5e-8d35-a0f143bc6ab6?format=json&states=listing" "tx5245cf98efc1469198094-006a291fad" "proxy-server 12" 0.0018 "-" 21 0
Jun 10 08:26:21 standalone proxy-server[125940]: - - 10/Jun/2026/08/26/21 HEAD /v1/AUTH_dacdb01a7d0947d2842647672ef8e3a8/gnocchi.ee24cb1d-bfa6-4d5e-8d35-a0f143bc6ab6%3Fformat%3Djson%26states%3Dlisting HTTP/1.0 204 - Swift - - - - tx5245cf98efc1469198094-006a291fad - 0.0088 RL - 1781079981.034668207 1781079981.043475151 0
Jun 10 08:26:21 standalone container-server[123742]: 172.20.0.100 - - [10/Jun/2026:08:26:21 +0000] "GET /d1/404/AUTH_dacdb01a7d0947d2842647672ef8e3a8/gnocchi.ee24cb1d-bfa6-4d5e-8d35-a0f143bc6ab6" 200 2 "GET http://localhost:8080/v1/AUTH_dacdb01a7d0947d2842647672ef8e3a8/gnocchi.ee24cb1d-bfa6-4d5e-8d35-a0f143bc6ab6?format=json&states=listing" "tx5245cf98efc1469198094-006a291fad" "proxy-server 12" 0.0038 "-" 23 0
Jun 10 08:26:21 standalone proxy-server[125940]: 172.18.0.2 ::1 10/Jun/2026/08/26/21 GET /v1/AUTH_dacdb01a7d0947d2842647672ef8e3a8/gnocchi.ee24cb1d-bfa6-4d5e-8d35-a0f143bc6ab6%3Fformat%3Djson%26states%3Dlisting HTTP/1.0 200 - python-swiftclient-3.11.1 gAAAAABqKR9o7Mi5... - 2 - tx5245cf98efc1469198094-006a291fad - 0.0265 - - 1781079981.031246424 1781079981.057702065 0
Jun 10 08:26:21 standalone object-server[124059]: 172.20.0.100 - - [10/Jun/2026:08:26:21 +0000] "GET /d1/240/AUTH_dacdb01a7d0947d2842647672ef8e3a8/gnocchi.ee24cb1d-bfa6-4d5e-8d35-a0f143bc6ab6/1780920000.0_mean_300.0_v3" 404 70 "GET http://localhost:8080/v1/AUTH_dacdb01a7d0947d2842647672ef8e3a8/gnocchi.ee24cb1d-bfa6-4d5e-8d35-a0f143bc6ab6/1780920000.0_mean_300.0_v3" "txfb8b9ebe57b947968b3e7-006a291fad" "proxy-server 12" 0.0005 "-" 23 0
Jun 10 08:26:21 standalone proxy-server[125940]: 172.18.0.2 ::1 10/Jun/2026/08/26/21 GET /v1/AUTH_dacdb01a7d0947d2842647672ef8e3a8/gnocchi.ee24cb1d-bfa6-4d5e-8d35-a0f143bc6ab6/1780920000.0_mean_300.0_v3 HTTP/1.0 404 - python-swiftclient-3.11.1 gAAAAABqKR9o7Mi5... - 70 - txfb8b9ebe57b947968b3e7-006a291fad - 0.0096 - - 1781079981.063132763 1781079981.072771072 0
Jun 10 08:26:21 standalone container-server[123723]: 172.20.0.100 - - [10/Jun/2026:08:26:21 +0000] "PUT /d1/404/AUTH_dacdb01a7d0947d2842647672ef8e3a8/gnocchi.ee24cb1d-bfa6-4d5e-8d35-a0f143bc6ab6/1780920000.0_mean_300.0_v3" 201 - "PUT http://localhost:8080/d1/240/AUTH_dacdb01a7d0947d2842647672ef8e3a8/gnocchi.ee24cb1d-bfa6-4d5e-8d35-a0f143bc6ab6/1780920000.0_mean_300.0_v3" "tx5cb665f2f3f5400eb5cac-006a291fad" "object-server 20" 0.0005 "-" 21 0
Jun 10 08:26:21 standalone object-server[124047]: 172.20.0.100 - - [10/Jun/2026:08:26:21 +0000] "PUT /d1/240/AUTH_dacdb01a7d0947d2842647672ef8e3a8/gnocchi.ee24cb1d-bfa6-4d5e-8d35-a0f143bc6ab6/1780920000.0_mean_300.0_v3" 201 - "PUT http://localhost:8080/v1/AUTH_dacdb01a7d0947d2842647672ef8e3a8/gnocchi.ee24cb1d-bfa6-4d5e-8d35-a0f143bc6ab6/1780920000.0_mean_300.0_v3" "tx5cb665f2f3f5400eb5cac-006a291fad" "proxy-server 12" 0.0092 "-" 20 0
Jun 10 08:26:21 standalone proxy-server[125940]: 172.18.0.2 ::1 10/Jun/2026/08/26/21 PUT /v1/AUTH_dacdb01a7d0947d2842647672ef8e3a8/gnocchi.ee24cb1d-bfa6-4d5e-8d35-a0f143bc6ab6/1780920000.0_mean_300.0_v3 HTTP/1.0 201 - python-swiftclient-3.11.1 gAAAAABqKR9o7Mi5... 16 - - tx5cb665f2f3f5400eb5cac-006a291fad - 0.0155 - - 1781079981.079505682 1781079981.095003605 0
Jun 10 08:26:21 standalone container-server[123723]: 172.20.0.100 - - [10/Jun/2026:08:26:21 +0000] "PUT /d1/404/AUTH_dacdb01a7d0947d2842647672ef8e3a8/gnocchi.ee24cb1d-bfa6-4d5e-8d35-a0f143bc6ab6/none_v3" 201 - "PUT http://localhost:8080/d1/857/AUTH_dacdb01a7d0947d2842647672ef8e3a8/gnocchi.ee24cb1d-bfa6-4d5e-8d35-a0f143bc6ab6/none_v3" "tx76394222ee944103902aa-006a291fad" "object-server 20" 0.0004 "-" 21 0
Jun 10 08:26:21 standalone object-server[124047]: 172.20.0.100 - - [10/Jun/2026:08:26:21 +0000] "PUT /d1/857/AUTH_dacdb01a7d0947d2842647672ef8e3a8/gnocchi.ee24cb1d-bfa6-4d5e-8d35-a0f143bc6ab6/none_v3" 201 - "PUT http://localhost:8080/v1/AUTH_dacdb01a7d0947d2842647672ef8e3a8/gnocchi.ee24cb1d-bfa6-4d5e-8d35-a0f143bc6ab6/none_v3" "tx76394222ee944103902aa-006a291fad" "proxy-server 12" 0.0088 "-" 20 0
Jun 10 08:26:21 standalone proxy-server[125940]: 172.18.0.2 ::1 10/Jun/2026/08/26/21 PUT /v1/AUTH_dacdb01a7d0947d2842647672ef8e3a8/gnocchi.ee24cb1d-bfa6-4d5e-8d35-a0f143bc6ab6/none_v3 HTTP/1.0 201 - python-swiftclient-3.11.1 gAAAAABqKR9o7Mi5... 22 - - tx76394222ee944103902aa-006a291fad - 0.0214 - - 1781079981.099908113 1781079981.121315956 0
Jun 10 08:26:21 standalone container-server[123719]: 172.20.0.100 - - [10/Jun/2026:08:26:21 +0000] "HEAD /d1/959/AUTH_dacdb01a7d0947d2842647672ef8e3a8/gnocchi.8f78c63d-a82c-4a16-8e81-1eff04c64516" 404 - "HEAD http://localhost:8080/v1/AUTH_dacdb01a7d0947d2842647672ef8e3a8/gnocchi.8f78c63d-a82c-4a16-8e81-1eff04c64516?format=json&states=listing" "tx98cbc034d7d44bc89fec4-006a291fad" "proxy-server 12" 0.0003 "-" 20 0
Jun 10 08:26:21 standalone object-server[124059]: 172.20.0.100 - - [10/Jun/2026:08:26:21 +0000] "GET /d1/451/AUTH_dacdb01a7d0947d2842647672ef8e3a8/gnocchi.8f78c63d-a82c-4a16-8e81-1eff04c64516/none_v3" 404 70 "GET http://localhost:8080/v1/AUTH_dacdb01a7d0947d2842647672ef8e3a8/gnocchi.8f78c63d-a82c-4a16-8e81-1eff04c64516/none_v3" "tx98cbc034d7d44bc89fec4-006a291fad" "proxy-server 12" 0.0003 "-" 23 0
Jun 10 08:26:21 standalone proxy-server[125940]: 172.18.0.2 ::1 10/Jun/2026/08/26/21 GET /v1/AUTH_dacdb01a7d0947d2842647672ef8e3a8/gnocchi.8f78c63d-a82c-4a16-8e81-1eff04c64516/none_v3 HTTP/1.0 404 - python-swiftclient-3.11.1 gAAAAABqKR9o7Mi5... - 70 - tx98cbc034d7d44bc89fec4-006a291fad - 0.0094 - - 1781079981.139868498 1781079981.149271250 0
Jun 10 08:26:21 standalone account-server[123866]: 172.20.0.100 - - [10/Jun/2026:08:26:21 +0000] "PUT /d1/162/AUTH_dacdb01a7d0947d2842647672ef8e3a8/gnocchi.8f78c63d-a82c-4a16-8e81-1eff04c64516" 201 - "PUT http://172.20.0.100:6001/d1/959/AUTH_dacdb01a7d0947d2842647672ef8e3a8/gnocchi.8f78c63d-a82c-4a16-8e81-1eff04c64516" "txaac87a1dc7734ac9b2a3f-006a291fad" "container-server 20" 0.0070 "-" 23 0
Jun 10 08:26:21 standalone container-server[123719]: 172.20.0.100 - - [10/Jun/2026:08:26:21 +0000] "PUT /d1/959/AUTH_dacdb01a7d0947d2842647672ef8e3a8/gnocchi.8f78c63d-a82c-4a16-8e81-1eff04c64516" 201 - "PUT http://localhost:8080/v1/AUTH_dacdb01a7d0947d2842647672ef8e3a8/gnocchi.8f78c63d-a82c-4a16-8e81-1eff04c64516" "txaac87a1dc7734ac9b2a3f-006a291fad" "proxy-server 12" 0.0181 "-" 20 0
Jun 10 08:26:21 standalone proxy-server[125940]: 172.18.0.2 ::1 10/Jun/2026/08/26/21 PUT /v1/AUTH_dacdb01a7d0947d2842647672ef8e3a8/gnocchi.8f78c63d-a82c-4a16-8e81-1eff04c64516 HTTP/1.0 201 - python-swiftclient-3.11.1 gAAAAABqKR9o7Mi5... - - - txaac87a1dc7734ac9b2a3f-006a291fad - 0.0230 - - 1781079981.152541161 1781079981.175545692 0
Jun 10 08:26:21 standalone container-server[123723]: 172.20.0.100 - - [10/Jun/2026:08:26:21 +0000] "HEAD /d1/959/AUTH_dacdb01a7d0947d2842647672ef8e3a8/gnocchi.8f78c63d-a82c-4a16-8e81-1eff04c64516" 204 - "HEAD http://localhost:8080/v1/AUTH_dacdb01a7d0947d2842647672ef8e3a8/gnocchi.8f78c63d-a82c-4a16-8e81-1eff04c64516?format=json&states=listing" "tx44c848fe2ee2400599f70-006a291fad" "proxy-server 12" 0.0022 "-" 21 0
Jun 10 08:26:21 standalone proxy-server[125940]: - - 10/Jun/2026/08/26/21 HEAD /v1/AUTH_dacdb01a7d0947d2842647672ef8e3a8/gnocchi.8f78c63d-a82c-4a16-8e81-1eff04c64516%3Fformat%3Djson%26states%3Dlisting HTTP/1.0 204 - Swift - - - - tx44c848fe2ee2400599f70-006a291fad - 0.0065 RL - 1781079981.181001425 1781079981.187531948 0
Jun 10 08:26:21 standalone container-server[123742]: 172.20.0.100 - - [10/Jun/2026:08:26:21 +0000] "GET /d1/959/AUTH_dacdb01a7d0947d2842647672ef8e3a8/gnocchi.8f78c63d-a82c-4a16-8e81-1eff04c64516" 200 2 "GET http://localhost:8080/v1/AUTH_dacdb01a7d0947d2842647672ef8e3a8/gnocchi.8f78c63d-a82c-4a16-8e81-1eff04c64516?format=json&states=listing" "tx44c848fe2ee2400599f70-006a291fad" "proxy-server 12" 0.0022 "-" 23 0
Jun 10 08:26:21 standalone proxy-server[125940]: 172.18.0.2 ::1 10/Jun/2026/08/26/21 GET /v1/AUTH_dacdb01a7d0947d2842647672ef8e3a8/gnocchi.8f78c63d-a82c-4a16-8e81-1eff04c64516%3Fformat%3Djson%26states%3Dlisting HTTP/1.0 200 - python-swiftclient-3.11.1 gAAAAABqKR9o7Mi5... - 2 - tx44c848fe2ee2400599f70-006a291fad - 0.0192 - - 1781079981.179765940 1781079981.198950768 0
Jun 10 08:26:21 standalone object-server[124058]: 172.20.0.100 - - [10/Jun/2026:08:26:21 +0000] "GET /d1/102/AUTH_dacdb01a7d0947d2842647672ef8e3a8/gnocchi.8f78c63d-a82c-4a16-8e81-1eff04c64516/1780920000.0_mean_300.0_v3" 404 70 "GET http://localhost:8080/v1/AUTH_dacdb01a7d0947d2842647672ef8e3a8/gnocchi.8f78c63d-a82c-4a16-8e81-1eff04c64516/1780920000.0_mean_300.0_v3" "txc760c3ca69d64eaba9d2b-006a291fad" "proxy-server 12" 0.0004 "-" 22 0
Jun 10 08:26:21 standalone proxy-server[125940]: 172.18.0.2 ::1 10/Jun/2026/08/26/21 GET /v1/AUTH_dacdb01a7d0947d2842647672ef8e3a8/gnocchi.8f78c63d-a82c-4a16-8e81-1eff04c64516/1780920000.0_mean_300.0_v3 HTTP/1.0 404 - python-swiftclient-3.11.1 gAAAAABqKR9o7Mi5... - 70 - txc760c3ca69d64eaba9d2b-006a291fad - 0.0058 - - 1781079981.202917576 1781079981.208685398 0
Jun 10 08:26:21 standalone container-server[123719]: 172.20.0.100 - - [10/Jun/2026:08:26:21 +0000] "PUT /d1/959/AUTH_dacdb01a7d0947d2842647672ef8e3a8/gnocchi.8f78c63d-a82c-4a16-8e81-1eff04c64516/1780920000.0_mean_300.0_v3" 201 - "PUT http://localhost:8080/d1/102/AUTH_dacdb01a7d0947d2842647672ef8e3a8/gnocchi.8f78c63d-a82c-4a16-8e81-1eff04c64516/1780920000.0_mean_300.0_v3" "tx443f88f5ccc9421fb1b15-006a291fad" "object-server 21" 0.0010 "-" 20 0
Jun 10 08:26:21 standalone object-server[124050]: 172.20.0.100 - - [10/Jun/2026:08:26:21 +0000] "PUT /d1/102/AUTH_dacdb01a7d0947d2842647672ef8e3a8/gnocchi.8f78c63d-a82c-4a16-8e81-1eff04c64516/1780920000.0_mean_300.0_v3" 201 - "PUT http://localhost:8080/v1/AUTH_dacdb01a7d0947d2842647672ef8e3a8/gnocchi.8f78c63d-a82c-4a16-8e81-1eff04c64516/1780920000.0_mean_300.0_v3" "tx443f88f5ccc9421fb1b15-006a291fad" "proxy-server 12" 0.0133 "-" 21 0
Jun 10 08:26:21 standalone proxy-server[125940]: 172.18.0.2 ::1 10/Jun/2026/08/26/21 PUT /v1/AUTH_dacdb01a7d0947d2842647672ef8e3a8/gnocchi.8f78c63d-a82c-4a16-8e81-1eff04c64516/1780920000.0_mean_300.0_v3 HTTP/1.0 201 - python-swiftclient-3.11.1 gAAAAABqKR9o7Mi5... 16 - - tx443f88f5ccc9421fb1b15-006a291fad - 0.0190 - - 1781079981.212142944 1781079981.231144667 0
Jun 10 08:26:21 standalone container-server[123719]: 172.20.0.100 - - [10/Jun/2026:08:26:21 +0000] "PUT /d1/959/AUTH_dacdb01a7d0947d2842647672ef8e3a8/gnocchi.8f78c63d-a82c-4a16-8e81-1eff04c64516/none_v3" 201 - "PUT http://localhost:8080/d1/451/AUTH_dacdb01a7d0947d2842647672ef8e3a8/gnocchi.8f78c63d-a82c-4a16-8e81-1eff04c64516/none_v3" "txa6a4854e38e54770bd945-006a291fad" "object-server 20" 0.0004 "-" 20 0
Jun 10 08:26:21 standalone object-server[124047]: 172.20.0.100 - - [10/Jun/2026:08:26:21 +0000] "PUT /d1/451/AUTH_dacdb01a7d0947d2842647672ef8e3a8/gnocchi.8f78c63d-a82c-4a16-8e81-1eff04c64516/none_v3" 201 - "PUT http://localhost:8080/v1/AUTH_dacdb01a7d0947d2842647672ef8e3a8/gnocchi.8f78c63d-a82c-4a16-8e81-1eff04c64516/none_v3" "txa6a4854e38e54770bd945-006a291fad" "proxy-server 12" 0.0099 "-" 20 0
Jun 10 08:26:21 standalone proxy-server[125940]: 172.18.0.2 ::1 10/Jun/2026/08/26/21 PUT /v1/AUTH_dacdb01a7d0947d2842647672ef8e3a8/gnocchi.8f78c63d-a82c-4a16-8e81-1eff04c64516/none_v3 HTTP/1.0 201 - python-swiftclient-3.11.1 gAAAAABqKR9o7Mi5... 22 - - txa6a4854e38e54770bd945-006a291fad - 0.0151 - - 1781079981.234994888 1781079981.250113964 0
Jun 10 08:26:21 standalone container-server[123727]: 172.20.0.100 - - [10/Jun/2026:08:26:21 +0000] "HEAD /d1/486/AUTH_dacdb01a7d0947d2842647672ef8e3a8/gnocchi.6c7547fc-a500-476c-85f5-0fecbb374083" 404 - "HEAD http://localhost:8080/v1/AUTH_dacdb01a7d0947d2842647672ef8e3a8/gnocchi.6c7547fc-a500-476c-85f5-0fecbb374083?format=json&states=listing" "txea9642f35c084a9b99c18-006a291fad" "proxy-server 12" 0.0004 "-" 22 0
Jun 10 08:26:21 standalone object-server[124047]: 172.20.0.100 - - [10/Jun/2026:08:26:21 +0000] "GET /d1/754/AUTH_dacdb01a7d0947d2842647672ef8e3a8/gnocchi.6c7547fc-a500-476c-85f5-0fecbb374083/none_v3" 404 70 "GET http://localhost:8080/v1/AUTH_dacdb01a7d0947d2842647672ef8e3a8/gnocchi.6c7547fc-a500-476c-85f5-0fecbb374083/none_v3" "txea9642f35c084a9b99c18-006a291fad" "proxy-server 12" 0.0003 "-" 20 0
Jun 10 08:26:21 standalone proxy-server[125940]: 172.18.0.2 ::1 10/Jun/2026/08/26/21 GET /v1/AUTH_dacdb01a7d0947d2842647672ef8e3a8/gnocchi.6c7547fc-a500-476c-85f5-0fecbb374083/none_v3 HTTP/1.0 404 - python-swiftclient-3.11.1 gAAAAABqKR9o7Mi5... - 70 - txea9642f35c084a9b99c18-006a291fad - 0.0114 - - 1781079981.261736393 1781079981.273119926 0
Jun 10 08:26:21 standalone account-server[123866]: 172.20.0.100 - - [10/Jun/2026:08:26:21 +0000] "PUT /d1/162/AUTH_dacdb01a7d0947d2842647672ef8e3a8/gnocchi.6c7547fc-a500-476c-85f5-0fecbb374083" 201 - "PUT http://172.20.0.100:6001/d1/486/AUTH_dacdb01a7d0947d2842647672ef8e3a8/gnocchi.6c7547fc-a500-476c-85f5-0fecbb374083" "tx171be8f4885a473e8192e-006a291fad" "container-server 21" 0.0063 "-" 23 0
Jun 10 08:26:21 standalone container-server[123723]: 172.20.0.100 - - [10/Jun/2026:08:26:21 +0000] "PUT /d1/486/AUTH_dacdb01a7d0947d2842647672ef8e3a8/gnocchi.6c7547fc-a500-476c-85f5-0fecbb374083" 201 - "PUT http://localhost:8080/v1/AUTH_dacdb01a7d0947d2842647672ef8e3a8/gnocchi.6c7547fc-a500-476c-85f5-0fecbb374083" "tx171be8f4885a473e8192e-006a291fad" "proxy-server 12" 0.0159 "-" 21 0
Jun 10 08:26:21 standalone proxy-server[125940]: 172.18.0.2 ::1 10/Jun/2026/08/26/21 PUT /v1/AUTH_dacdb01a7d0947d2842647672ef8e3a8/gnocchi.6c7547fc-a500-476c-85f5-0fecbb374083 HTTP/1.0 201 - python-swiftclient-3.11.1 gAAAAABqKR9o7Mi5... - - - tx171be8f4885a473e8192e-006a291fad - 0.0224 - - 1781079981.277206898 1781079981.299606800 0
Jun 10 08:26:21 standalone container-server[123742]: 172.20.0.100 - - [10/Jun/2026:08:26:21 +0000] "HEAD /d1/486/AUTH_dacdb01a7d0947d2842647672ef8e3a8/gnocchi.6c7547fc-a500-476c-85f5-0fecbb374083" 204 - "HEAD http://localhost:8080/v1/AUTH_dacdb01a7d0947d2842647672ef8e3a8/gnocchi.6c7547fc-a500-476c-85f5-0fecbb374083?format=json&states=listing" "tx1c08b62cbcb14c6a82425-006a291fad" "proxy-server 12" 0.0038 "-" 23 0
Jun 10 08:26:21 standalone proxy-server[125940]: - - 10/Jun/2026/08/26/21 HEAD /v1/AUTH_dacdb01a7d0947d2842647672ef8e3a8/gnocchi.6c7547fc-a500-476c-85f5-0fecbb374083%3Fformat%3Djson%26states%3Dlisting HTTP/1.0 204 - Swift - - - - tx1c08b62cbcb14c6a82425-006a291fad - 0.0082 RL - 1781079981.305096149 1781079981.313323021 0
Jun 10 08:26:21 standalone container-server[123727]: 172.20.0.100 - - [10/Jun/2026:08:26:21 +0000] "GET /d1/486/AUTH_dacdb01a7d0947d2842647672ef8e3a8/gnocchi.6c7547fc-a500-476c-85f5-0fecbb374083" 200 2 "GET http://localhost:8080/v1/AUTH_dacdb01a7d0947d2842647672ef8e3a8/gnocchi.6c7547fc-a500-476c-85f5-0fecbb374083?format=json&states=listing" "tx1c08b62cbcb14c6a82425-006a291fad" "proxy-server 12" 0.0027 "-" 22 0
Jun 10 08:26:21 standalone proxy-server[125940]: 172.18.0.2 ::1 10/Jun/2026/08/26/21 GET /v1/AUTH_dacdb01a7d0947d2842647672ef8e3a8/gnocchi.6c7547fc-a500-476c-85f5-0fecbb374083%3Fformat%3Djson%26states%3Dlisting HTTP/1.0 200 - python-swiftclient-3.11.1 gAAAAABqKR9o7Mi5... - 2 - tx1c08b62cbcb14c6a82425-006a291fad - 0.0223 - - 1781079981.303945780 1781079981.326217413 0
Jun 10 08:26:21 standalone object-server[124047]: 172.20.0.100 - - [10/Jun/2026:08:26:21 +0000] "GET /d1/411/AUTH_dacdb01a7d0947d2842647672ef8e3a8/gnocchi.6c7547fc-a500-476c-85f5-0fecbb374083/1780920000.0_mean_300.0_v3" 404 70 "GET http://localhost:8080/v1/AUTH_dacdb01a7d0947d2842647672ef8e3a8/gnocchi.6c7547fc-a500-476c-85f5-0fecbb374083/1780920000.0_mean_300.0_v3" "txef64ea888a63473c804fb-006a291fad" "proxy-server 12" 0.0003 "-" 20 0
Jun 10 08:26:21 standalone proxy-server[125940]: 172.18.0.2 ::1 10/Jun/2026/08/26/21 GET /v1/AUTH_dacdb01a7d0947d2842647672ef8e3a8/gnocchi.6c7547fc-a500-476c-85f5-0fecbb374083/1780920000.0_mean_300.0_v3 HTTP/1.0 404 - python-swiftclient-3.11.1 gAAAAABqKR9o7Mi5... - 70 - txef64ea888a63473c804fb-006a291fad - 0.0078 - - 1781079981.331432343 1781079981.339269638 0
Jun 10 08:26:21 standalone container-server[123719]: 172.20.0.100 - - [10/Jun/2026:08:26:21 +0000] "PUT /d1/486/AUTH_dacdb01a7d0947d2842647672ef8e3a8/gnocchi.6c7547fc-a500-476c-85f5-0fecbb374083/1780920000.0_mean_300.0_v3" 201 - "PUT http://localhost:8080/d1/411/AUTH_dacdb01a7d0947d2842647672ef8e3a8/gnocchi.6c7547fc-a500-476c-85f5-0fecbb374083/1780920000.0_mean_300.0_v3" "tx33b2354e913a4e05a5082-006a291fad" "object-server 20" 0.0005 "-" 20 0
Jun 10 08:26:21 standalone object-server[124047]: 172.20.0.100 - - [10/Jun/2026:08:26:21 +0000] "PUT /d1/411/AUTH_dacdb01a7d0947d2842647672ef8e3a8/gnocchi.6c7547fc-a500-476c-85f5-0fecbb374083/1780920000.0_mean_300.0_v3" 201 - "PUT http://localhost:8080/v1/AUTH_dacdb01a7d0947d2842647672ef8e3a8/gnocchi.6c7547fc-a500-476c-85f5-0fecbb374083/1780920000.0_mean_300.0_v3" "tx33b2354e913a4e05a5082-006a291fad" "proxy-server 12" 0.0091 "-" 20 0
Jun 10 08:26:21 standalone proxy-server[125940]: 172.18.0.2 ::1 10/Jun/2026/08/26/21 PUT /v1/AUTH_dacdb01a7d0947d2842647672ef8e3a8/gnocchi.6c7547fc-a500-476c-85f5-0fecbb374083/1780920000.0_mean_300.0_v3 HTTP/1.0 201 - python-swiftclient-3.11.1 gAAAAABqKR9o7Mi5... 16 - - tx33b2354e913a4e05a5082-006a291fad - 0.0180 - - 1781079981.343859434 1781079981.361864805 0
Jun 10 08:26:21 standalone container-server[123719]: 172.20.0.100 - - [10/Jun/2026:08:26:21 +0000] "PUT /d1/486/AUTH_dacdb01a7d0947d2842647672ef8e3a8/gnocchi.6c7547fc-a500-476c-85f5-0fecbb374083/none_v3" 201 - "PUT http://localhost:8080/d1/754/AUTH_dacdb01a7d0947d2842647672ef8e3a8/gnocchi.6c7547fc-a500-476c-85f5-0fecbb374083/none_v3" "tx189b5e84e8f14f5abb5f9-006a291fad" "object-server 23" 0.0005 "-" 20 0
Jun 10 08:26:21 standalone object-server[124059]: 172.20.0.100 - - [10/Jun/2026:08:26:21 +0000] "PUT /d1/754/AUTH_dacdb01a7d0947d2842647672ef8e3a8/gnocchi.6c7547fc-a500-476c-85f5-0fecbb374083/none_v3" 201 - "PUT http://localhost:8080/v1/AUTH_dacdb01a7d0947d2842647672ef8e3a8/gnocchi.6c7547fc-a500-476c-85f5-0fecbb374083/none_v3" "tx189b5e84e8f14f5abb5f9-006a291fad" "proxy-server 12" 0.0155 "-" 23 0
Jun 10 08:26:21 standalone proxy-server[125940]: 172.18.0.2 ::1 10/Jun/2026/08/26/21 PUT /v1/AUTH_dacdb01a7d0947d2842647672ef8e3a8/gnocchi.6c7547fc-a500-476c-85f5-0fecbb374083/none_v3 HTTP/1.0 201 - python-swiftclient-3.11.1 gAAAAABqKR9o7Mi5... 22 - - tx189b5e84e8f14f5abb5f9-006a291fad - 0.0245 - - 1781079981.366892576 1781079981.391428471 0
Jun 10 08:27:11 standalone account-server[123866]: 172.20.0.100 - - [10/Jun/2026:08:27:11 +0000] "HEAD /d1/329/.expiring_objects" 404 - "HEAD http://localhost/v1/.expiring_objects?format=json" "txa7cc00b540284e5d8f409-006a291fdf" "proxy-server 2" 0.0011 "-" 23 -
Jun 10 08:27:11 standalone object-expirer[123891]: Pass completed in 0s; 0 objects expired (txn: txa7cc00b540284e5d8f409-006a291fdf)
Jun 10 08:27:43 standalone object-server[123985]: Begin object update sweep
Jun 10 08:27:43 standalone object-server[219791]: Object update sweep starting on /srv/node/d1 (pid: 14)
Jun 10 08:27:43 standalone object-server[219791]: Object update sweep completed on /srv/node/d1 in 0.00s seconds:, 0 successes, 0 failures, 0 quarantines, 0 unlinks, 0 errors, 0 redirects (pid: 14)
Jun 10 08:27:43 standalone object-server[219791]: Object update sweep of d1 completed: 0.00s, 0 successes, 0 failures, 0 quarantines, 0 unlinks, 0 errors, 0 redirects
Jun 10 08:27:43 standalone object-server[123985]: Object update sweep completed: 0.09s
Jun 10 08:28:06 standalone container-server[123721]: Begin container update sweep
Jun 10 08:28:06 standalone account-server[123854]: 172.20.0.100 - - [10/Jun/2026:08:28:06 +0000] "PUT /d1/162/AUTH_dacdb01a7d0947d2842647672ef8e3a8/gnocchi.8f78c63d-a82c-4a16-8e81-1eff04c64516" 201 - "-" "-" "container-updater 2" 0.0012 "-" 22 0
Jun 10 08:28:06 standalone account-server[123866]: 172.20.0.100 - - [10/Jun/2026:08:28:06 +0000] "PUT /d1/162/AUTH_dacdb01a7d0947d2842647672ef8e3a8/gnocchi.4f573af9-94a2-4110-b9a2-4e49ba2ef2a2" 201 - "-" "-" "container-updater 2" 0.0006 "-" 23 0
Jun 10 08:28:06 standalone account-server[123866]: 172.20.0.100 - - [10/Jun/2026:08:28:06 +0000] "PUT /d1/162/AUTH_dacdb01a7d0947d2842647672ef8e3a8/gnocchi.24e3b1cd-8047-4014-99d4-b8ec6cb2ab4f" 201 - "-" "-" "container-updater 2" 0.0007 "-" 23 0
Jun 10 08:28:06 standalone account-server[123854]: 172.20.0.100 - - [10/Jun/2026:08:28:06 +0000] "PUT /d1/162/AUTH_dacdb01a7d0947d2842647672ef8e3a8/gnocchi.ee24cb1d-bfa6-4d5e-8d35-a0f143bc6ab6" 201 - "-" "-" "container-updater 2" 0.0006 "-" 22 0
Jun 10 08:28:06 standalone account-server[123866]: 172.20.0.100 - - [10/Jun/2026:08:28:06 +0000] "PUT /d1/162/AUTH_dacdb01a7d0947d2842647672ef8e3a8/gnocchi.e58844c4-2e6c-45c9-8184-1839097975f9" 201 - "-" "-" "container-updater 2" 0.0006 "-" 23 0
Jun 10 08:28:06 standalone account-server[123845]: 172.20.0.100 - - [10/Jun/2026:08:28:06 +0000] "PUT /d1/162/AUTH_dacdb01a7d0947d2842647672ef8e3a8/glance" 201 - "-" "-" "container-updater 2" 0.0006 "-" 20 0
Jun 10 08:28:06 standalone account-server[123845]: 172.20.0.100 - - [10/Jun/2026:08:28:06 +0000] "PUT /d1/162/AUTH_dacdb01a7d0947d2842647672ef8e3a8/gnocchi.483d5f25-d4dc-45c0-acc1-0f05d00b8612" 201 - "-" "-" "container-updater 2" 0.0007 "-" 20 0
Jun 10 08:28:06 standalone account-server[123847]: 172.20.0.100 - - [10/Jun/2026:08:28:06 +0000] "PUT /d1/162/AUTH_dacdb01a7d0947d2842647672ef8e3a8/gnocchi.6c7547fc-a500-476c-85f5-0fecbb374083" 201 - "-" "-" "container-updater 2" 0.0006 "-" 21 0
Jun 10 08:28:06 standalone account-server[123866]: 172.20.0.100 - - [10/Jun/2026:08:28:06 +0000] "PUT /d1/162/AUTH_dacdb01a7d0947d2842647672ef8e3a8/gnocchi.df9666f9-9fa5-46c4-bba7-ae1d177a4d6e" 201 - "-" "-" "container-updater 2" 0.0004 "-" 23 0
Jun 10 08:28:06 standalone container-server[123721]: Container update sweep completed: 0.87s
Jun 10 08:29:16 standalone account-server[123845]: 172.20.0.100 - - [10/Jun/2026:08:29:16 +0000] "HEAD /d1/162/AUTH_dacdb01a7d0947d2842647672ef8e3a8" 204 - "HEAD http://localhost:8080/v1/AUTH_dacdb01a7d0947d2842647672ef8e3a8?format=json" "txa3819378c3924e7a85ff6-006a29205c" "proxy-server 12" 0.0155 "-" 20 -
Jun 10 08:29:16 standalone proxy-server[125940]: - - 10/Jun/2026/08/29/16 HEAD /v1/AUTH_dacdb01a7d0947d2842647672ef8e3a8%3Fformat%3Djson HTTP/1.0 204 - Swift - - - - txa3819378c3924e7a85ff6-006a29205c - 0.0248 RL - 1781080156.118586779 1781080156.143410921 -
Jun 10 08:29:16 standalone container-server[123727]: 172.20.0.100 - - [10/Jun/2026:08:29:16 +0000] "HEAD /d1/673/AUTH_dacdb01a7d0947d2842647672ef8e3a8/gnocchi.ffc6b81d-793d-4dbd-86dc-d50e40a52da2" 404 - "HEAD http://localhost:8080/v1/AUTH_dacdb01a7d0947d2842647672ef8e3a8/gnocchi.ffc6b81d-793d-4dbd-86dc-d50e40a52da2?format=json&states=listing" "txa3819378c3924e7a85ff6-006a29205c" "proxy-server 12" 0.0006 "-" 22 0
Jun 10 08:29:16 standalone object-server[124047]: 172.20.0.100 - - [10/Jun/2026:08:29:16 +0000] "GET /d1/754/AUTH_dacdb01a7d0947d2842647672ef8e3a8/gnocchi.ffc6b81d-793d-4dbd-86dc-d50e40a52da2/none_v3" 404 70 "GET http://localhost:8080/v1/AUTH_dacdb01a7d0947d2842647672ef8e3a8/gnocchi.ffc6b81d-793d-4dbd-86dc-d50e40a52da2/none_v3" "txa3819378c3924e7a85ff6-006a29205c" "proxy-server 12" 0.0006 "-" 20 0
Jun 10 08:29:16 standalone proxy-server[125940]: 172.18.0.2 ::1 10/Jun/2026/08/29/16 GET /v1/AUTH_dacdb01a7d0947d2842647672ef8e3a8/gnocchi.ffc6b81d-793d-4dbd-86dc-d50e40a52da2/none_v3 HTTP/1.0 404 - python-swiftclient-3.11.1 gAAAAABqKR9o7Mi5... - 70 - txa3819378c3924e7a85ff6-006a29205c - 0.0368 - - 1781080156.117547989 1781080156.154323101 0
Jun 10 08:29:16 standalone account-server[123847]: 172.20.0.100 - - [10/Jun/2026:08:29:16 +0000] "PUT /d1/162/AUTH_dacdb01a7d0947d2842647672ef8e3a8/gnocchi.ffc6b81d-793d-4dbd-86dc-d50e40a52da2" 201 - "PUT http://172.20.0.100:6001/d1/673/AUTH_dacdb01a7d0947d2842647672ef8e3a8/gnocchi.ffc6b81d-793d-4dbd-86dc-d50e40a52da2" "txc45df9b167b04d52afa0f-006a29205c" "container-server 23" 0.0010 "-" 21 0
Jun 10 08:29:16 standalone container-server[123742]: 172.20.0.100 - - [10/Jun/2026:08:29:16 +0000] "PUT /d1/673/AUTH_dacdb01a7d0947d2842647672ef8e3a8/gnocchi.ffc6b81d-793d-4dbd-86dc-d50e40a52da2" 201 - "PUT http://localhost:8080/v1/AUTH_dacdb01a7d0947d2842647672ef8e3a8/gnocchi.ffc6b81d-793d-4dbd-86dc-d50e40a52da2" "txc45df9b167b04d52afa0f-006a29205c" "proxy-server 12" 0.0114 "-" 23 0
Jun 10 08:29:16 standalone proxy-server[125940]: 172.18.0.2 ::1 10/Jun/2026/08/29/16 PUT /v1/AUTH_dacdb01a7d0947d2842647672ef8e3a8/gnocchi.ffc6b81d-793d-4dbd-86dc-d50e40a52da2 HTTP/1.0 201 - python-swiftclient-3.11.1 gAAAAABqKR9o7Mi5... - - - txc45df9b167b04d52afa0f-006a29205c - 0.0160 - - 1781080156.157747746 1781080156.173737764 0
Jun 10 08:29:16 standalone container-server[123719]: 172.20.0.100 - - [10/Jun/2026:08:29:16 +0000] "HEAD /d1/673/AUTH_dacdb01a7d0947d2842647672ef8e3a8/gnocchi.ffc6b81d-793d-4dbd-86dc-d50e40a52da2" 204 - "HEAD http://localhost:8080/v1/AUTH_dacdb01a7d0947d2842647672ef8e3a8/gnocchi.ffc6b81d-793d-4dbd-86dc-d50e40a52da2?format=json&states=listing" "tx6262eb6b185245e281bdc-006a29205c" "proxy-server 12" 0.0019 "-" 20 0
Jun 10 08:29:16 standalone proxy-server[125940]: - - 10/Jun/2026/08/29/16 HEAD /v1/AUTH_dacdb01a7d0947d2842647672ef8e3a8/gnocchi.ffc6b81d-793d-4dbd-86dc-d50e40a52da2%3Fformat%3Djson%26states%3Dlisting HTTP/1.0 204 - Swift - - - - tx6262eb6b185245e281bdc-006a29205c - 0.0060 RL - 1781080156.180577278 1781080156.186535597 0
Jun 10 08:29:16 standalone container-server[123723]: 172.20.0.100 - - [10/Jun/2026:08:29:16 +0000] "GET /d1/673/AUTH_dacdb01a7d0947d2842647672ef8e3a8/gnocchi.ffc6b81d-793d-4dbd-86dc-d50e40a52da2" 200 2 "GET http://localhost:8080/v1/AUTH_dacdb01a7d0947d2842647672ef8e3a8/gnocchi.ffc6b81d-793d-4dbd-86dc-d50e40a52da2?format=json&states=listing" "tx6262eb6b185245e281bdc-006a29205c" "proxy-server 12" 0.0026 "-" 21 0
Jun 10 08:29:16 standalone proxy-server[125940]: 172.18.0.2 ::1 10/Jun/2026/08/29/16 GET /v1/AUTH_dacdb01a7d0947d2842647672ef8e3a8/gnocchi.ffc6b81d-793d-4dbd-86dc-d50e40a52da2%3Fformat%3Djson%26states%3Dlisting HTTP/1.0 200 - python-swiftclient-3.11.1 gAAAAABqKR9o7Mi5... - 2 - tx6262eb6b185245e281bdc-006a29205c - 0.0184 - - 1781080156.177929401 1781080156.196372986 0
Jun 10 08:29:16 standalone object-server[124047]: 172.20.0.100 - - [10/Jun/2026:08:29:16 +0000] "GET /d1/583/AUTH_dacdb01a7d0947d2842647672ef8e3a8/gnocchi.ffc6b81d-793d-4dbd-86dc-d50e40a52da2/1780920000.0_mean_300.0_v3" 404 70 "GET http://localhost:8080/v1/AUTH_dacdb01a7d0947d2842647672ef8e3a8/gnocchi.ffc6b81d-793d-4dbd-86dc-d50e40a52da2/1780920000.0_mean_300.0_v3" "tx9caf8a6929ea49b5be792-006a29205c" "proxy-server 12" 0.0006 "-" 20 0
Jun 10 08:29:16 standalone proxy-server[125940]: 172.18.0.2 ::1 10/Jun/2026/08/29/16 GET /v1/AUTH_dacdb01a7d0947d2842647672ef8e3a8/gnocchi.ffc6b81d-793d-4dbd-86dc-d50e40a52da2/1780920000.0_mean_300.0_v3 HTTP/1.0 404 - python-swiftclient-3.11.1 gAAAAABqKR9o7Mi5... - 70 - tx9caf8a6929ea49b5be792-006a29205c - 0.0049 - - 1781080156.207313776 1781080156.212261915 0
Jun 10 08:29:16 standalone container-server[123723]: 172.20.0.100 - - [10/Jun/2026:08:29:16 +0000] "PUT /d1/673/AUTH_dacdb01a7d0947d2842647672ef8e3a8/gnocchi.ffc6b81d-793d-4dbd-86dc-d50e40a52da2/1780920000.0_mean_300.0_v3" 201 - "PUT http://localhost:8080/d1/583/AUTH_dacdb01a7d0947d2842647672ef8e3a8/gnocchi.ffc6b81d-793d-4dbd-86dc-d50e40a52da2/1780920000.0_mean_300.0_v3" "txe8d1db5bb2494c9db5cfb-006a29205c" "object-server 22" 0.0007 "-" 21 0
Jun 10 08:29:16 standalone object-server[124058]: 172.20.0.100 - - [10/Jun/2026:08:29:16 +0000] "PUT /d1/583/AUTH_dacdb01a7d0947d2842647672ef8e3a8/gnocchi.ffc6b81d-793d-4dbd-86dc-d50e40a52da2/1780920000.0_mean_300.0_v3" 201 - "PUT http://localhost:8080/v1/AUTH_dacdb01a7d0947d2842647672ef8e3a8/gnocchi.ffc6b81d-793d-4dbd-86dc-d50e40a52da2/1780920000.0_mean_300.0_v3" "txe8d1db5bb2494c9db5cfb-006a29205c" "proxy-server 12" 0.0104 "-" 22 0
Jun 10 08:29:16 standalone proxy-server[125940]: 172.18.0.2 ::1 10/Jun/2026/08/29/16 PUT /v1/AUTH_dacdb01a7d0947d2842647672ef8e3a8/gnocchi.ffc6b81d-793d-4dbd-86dc-d50e40a52da2/1780920000.0_mean_300.0_v3 HTTP/1.0 201 - python-swiftclient-3.11.1 gAAAAABqKR9o7Mi5... 16 - - txe8d1db5bb2494c9db5cfb-006a29205c - 0.0169 - - 1781080156.216605186 1781080156.233474255 0
Jun 10 08:29:16 standalone container-server[123742]: 172.20.0.100 - - [10/Jun/2026:08:29:16 +0000] "PUT /d1/673/AUTH_dacdb01a7d0947d2842647672ef8e3a8/gnocchi.ffc6b81d-793d-4dbd-86dc-d50e40a52da2/none_v3" 201 - "PUT http://localhost:8080/d1/754/AUTH_dacdb01a7d0947d2842647672ef8e3a8/gnocchi.ffc6b81d-793d-4dbd-86dc-d50e40a52da2/none_v3" "tx98e413dfe3b14fd7b96c9-006a29205c" "object-server 23" 0.0006 "-" 23 0
Jun 10 08:29:16 standalone object-server[124059]: 172.20.0.100 - - [10/Jun/2026:08:29:16 +0000] "PUT /d1/754/AUTH_dacdb01a7d0947d2842647672ef8e3a8/gnocchi.ffc6b81d-793d-4dbd-86dc-d50e40a52da2/none_v3" 201 - "PUT http://localhost:8080/v1/AUTH_dacdb01a7d0947d2842647672ef8e3a8/gnocchi.ffc6b81d-793d-4dbd-86dc-d50e40a52da2/none_v3" "tx98e413dfe3b14fd7b96c9-006a29205c" "proxy-server 12" 0.0098 "-" 23 0
Jun 10 08:29:16 standalone proxy-server[125940]: 172.18.0.2 ::1 10/Jun/2026/08/29/16 PUT /v1/AUTH_dacdb01a7d0947d2842647672ef8e3a8/gnocchi.ffc6b81d-793d-4dbd-86dc-d50e40a52da2/none_v3 HTTP/1.0 201 - python-swiftclient-3.11.1 gAAAAABqKR9o7Mi5... 22 - - tx98e413dfe3b14fd7b96c9-006a29205c - 0.0156 - - 1781080156.236956358 1781080156.252557039 0
Jun 10 08:29:16 standalone container-server[123742]: 172.20.0.100 - - [10/Jun/2026:08:29:16 +0000] "HEAD /d1/310/AUTH_dacdb01a7d0947d2842647672ef8e3a8/gnocchi.7f2e5c2b-b28e-4565-abcf-64f8dc31cde7" 404 - "HEAD http://localhost:8080/v1/AUTH_dacdb01a7d0947d2842647672ef8e3a8/gnocchi.7f2e5c2b-b28e-4565-abcf-64f8dc31cde7?format=json&states=listing" "tx512d38458c8442759c7d4-006a29205c" "proxy-server 12" 0.0004 "-" 23 0
Jun 10 08:29:16 standalone object-server[124050]: 172.20.0.100 - - [10/Jun/2026:08:29:16 +0000] "GET /d1/718/AUTH_dacdb01a7d0947d2842647672ef8e3a8/gnocchi.7f2e5c2b-b28e-4565-abcf-64f8dc31cde7/none_v3" 404 70 "GET http://localhost:8080/v1/AUTH_dacdb01a7d0947d2842647672ef8e3a8/gnocchi.7f2e5c2b-b28e-4565-abcf-64f8dc31cde7/none_v3" "tx512d38458c8442759c7d4-006a29205c" "proxy-server 12" 0.0003 "-" 21 0
Jun 10 08:29:16 standalone proxy-server[125940]: 172.18.0.2 ::1 10/Jun/2026/08/29/16 GET /v1/AUTH_dacdb01a7d0947d2842647672ef8e3a8/gnocchi.7f2e5c2b-b28e-4565-abcf-64f8dc31cde7/none_v3 HTTP/1.0 404 - python-swiftclient-3.11.1 gAAAAABqKR9o7Mi5... - 70 - tx512d38458c8442759c7d4-006a29205c - 0.0087 - - 1781080156.266600609 1781080156.275295734 0
Jun 10 08:29:16 standalone account-server[123845]: 172.20.0.100 - - [10/Jun/2026:08:29:16 +0000] "PUT /d1/162/AUTH_dacdb01a7d0947d2842647672ef8e3a8/gnocchi.7f2e5c2b-b28e-4565-abcf-64f8dc31cde7" 201 - "PUT http://172.20.0.100:6001/d1/310/AUTH_dacdb01a7d0947d2842647672ef8e3a8/gnocchi.7f2e5c2b-b28e-4565-abcf-64f8dc31cde7" "txb692b1d6b3df4e94a14d4-006a29205c" "container-server 20" 0.0049 "-" 20 0
Jun 10 08:29:16 standalone container-server[123719]: 172.20.0.100 - - [10/Jun/2026:08:29:16 +0000] "PUT /d1/310/AUTH_dacdb01a7d0947d2842647672ef8e3a8/gnocchi.7f2e5c2b-b28e-4565-abcf-64f8dc31cde7" 201 - "PUT http://localhost:8080/v1/AUTH_dacdb01a7d0947d2842647672ef8e3a8/gnocchi.7f2e5c2b-b28e-4565-abcf-64f8dc31cde7" "txb692b1d6b3df4e94a14d4-006a29205c" "proxy-server 12" 0.0264 "-" 20 0
Jun 10 08:29:16 standalone proxy-server[125940]: 172.18.0.2 ::1 10/Jun/2026/08/29/16 PUT /v1/AUTH_dacdb01a7d0947d2842647672ef8e3a8/gnocchi.7f2e5c2b-b28e-4565-abcf-64f8dc31cde7 HTTP/1.0 201 - python-swiftclient-3.11.1 gAAAAABqKR9o7Mi5... - - - txb692b1d6b3df4e94a14d4-006a29205c - 0.0309 - - 1781080156.278358221 1781080156.309213161 0
Jun 10 08:29:16 standalone container-server[123742]: 172.20.0.100 - - [10/Jun/2026:08:29:16 +0000] "HEAD /d1/310/AUTH_dacdb01a7d0947d2842647672ef8e3a8/gnocchi.7f2e5c2b-b28e-4565-abcf-64f8dc31cde7" 204 - "HEAD http://localhost:8080/v1/AUTH_dacdb01a7d0947d2842647672ef8e3a8/gnocchi.7f2e5c2b-b28e-4565-abcf-64f8dc31cde7?format=json&states=listing" "tx6a9b4d257ac141d2a93fb-006a29205c" "proxy-server 12" 0.0012 "-" 23 0
Jun 10 08:29:16 standalone proxy-server[125940]: - - 10/Jun/2026/08/29/16 HEAD /v1/AUTH_dacdb01a7d0947d2842647672ef8e3a8/gnocchi.7f2e5c2b-b28e-4565-abcf-64f8dc31cde7%3Fformat%3Djson%26states%3Dlisting HTTP/1.0 204 - Swift - - - - tx6a9b4d257ac141d2a93fb-006a29205c - 0.0036 RL - 1781080156.316584349 1781080156.320194721 0
Jun 10 08:29:16 standalone container-server[123727]: 172.20.0.100 - - [10/Jun/2026:08:29:16 +0000] "GET /d1/310/AUTH_dacdb01a7d0947d2842647672ef8e3a8/gnocchi.7f2e5c2b-b28e-4565-abcf-64f8dc31cde7" 200 2 "GET http://localhost:8080/v1/AUTH_dacdb01a7d0947d2842647672ef8e3a8/gnocchi.7f2e5c2b-b28e-4565-abcf-64f8dc31cde7?format=json&states=listing" "tx6a9b4d257ac141d2a93fb-006a29205c" "proxy-server 12" 0.0016 "-" 22 0
Jun 10 08:29:16 standalone proxy-server[125940]: 172.18.0.2 ::1 10/Jun/2026/08/29/16 GET /v1/AUTH_dacdb01a7d0947d2842647672ef8e3a8/gnocchi.7f2e5c2b-b28e-4565-abcf-64f8dc31cde7%3Fformat%3Djson%26states%3Dlisting HTTP/1.0 200 - python-swiftclient-3.11.1 gAAAAABqKR9o7Mi5... - 2 - tx6a9b4d257ac141d2a93fb-006a29205c - 0.0107 - - 1781080156.315356731 1781080156.326025009 0
Jun 10 08:29:16 standalone object-server[124047]: 172.20.0.100 - - [10/Jun/2026:08:29:16 +0000] "GET /d1/872/AUTH_dacdb01a7d0947d2842647672ef8e3a8/gnocchi.7f2e5c2b-b28e-4565-abcf-64f8dc31cde7/1780920000.0_mean_300.0_v3" 404 70 "GET http://localhost:8080/v1/AUTH_dacdb01a7d0947d2842647672ef8e3a8/gnocchi.7f2e5c2b-b28e-4565-abcf-64f8dc31cde7/1780920000.0_mean_300.0_v3" "tx205548c82bc54108ad949-006a29205c" "proxy-server 12" 0.0005 "-" 20 0
Jun 10 08:29:16 standalone proxy-server[125940]: 172.18.0.2 ::1 10/Jun/2026/08/29/16 GET /v1/AUTH_dacdb01a7d0947d2842647672ef8e3a8/gnocchi.7f2e5c2b-b28e-4565-abcf-64f8dc31cde7/1780920000.0_mean_300.0_v3 HTTP/1.0 404 - python-swiftclient-3.11.1 gAAAAABqKR9o7Mi5... - 70 - tx205548c82bc54108ad949-006a29205c - 0.0052 - - 1781080156.328858376 1781080156.334059715 0
Jun 10 08:29:16 standalone container-server[123727]: 172.20.0.100 - - [10/Jun/2026:08:29:16 +0000] "PUT /d1/310/AUTH_dacdb01a7d0947d2842647672ef8e3a8/gnocchi.7f2e5c2b-b28e-4565-abcf-64f8dc31cde7/1780920000.0_mean_300.0_v3" 201 - "PUT http://localhost:8080/d1/872/AUTH_dacdb01a7d0947d2842647672ef8e3a8/gnocchi.7f2e5c2b-b28e-4565-abcf-64f8dc31cde7/1780920000.0_mean_300.0_v3" "tx366d322964424fd184e3e-006a29205c" "object-server 23" 0.0004 "-" 22 0
Jun 10 08:29:16 standalone object-server[124059]: 172.20.0.100 - - [10/Jun/2026:08:29:16 +0000] "PUT /d1/872/AUTH_dacdb01a7d0947d2842647672ef8e3a8/gnocchi.7f2e5c2b-b28e-4565-abcf-64f8dc31cde7/1780920000.0_mean_300.0_v3" 201 - "PUT http://localhost:8080/v1/AUTH_dacdb01a7d0947d2842647672ef8e3a8/gnocchi.7f2e5c2b-b28e-4565-abcf-64f8dc31cde7/1780920000.0_mean_300.0_v3" "tx366d322964424fd184e3e-006a29205c" "proxy-server 12" 0.0098 "-" 23 0
Jun 10 08:29:16 standalone proxy-server[125940]: 172.18.0.2 ::1 10/Jun/2026/08/29/16 PUT /v1/AUTH_dacdb01a7d0947d2842647672ef8e3a8/gnocchi.7f2e5c2b-b28e-4565-abcf-64f8dc31cde7/1780920000.0_mean_300.0_v3 HTTP/1.0 201 - python-swiftclient-3.11.1 gAAAAABqKR9o7Mi5... 16 - - tx366d322964424fd184e3e-006a29205c - 0.0154 - - 1781080156.336371899 1781080156.351816893 0
Jun 10 08:29:16 standalone container-server[123719]: 172.20.0.100 - - [10/Jun/2026:08:29:16 +0000] "PUT /d1/310/AUTH_dacdb01a7d0947d2842647672ef8e3a8/gnocchi.7f2e5c2b-b28e-4565-abcf-64f8dc31cde7/none_v3" 201 - "PUT http://localhost:8080/d1/718/AUTH_dacdb01a7d0947d2842647672ef8e3a8/gnocchi.7f2e5c2b-b28e-4565-abcf-64f8dc31cde7/none_v3" "txf5868701a7c540ecb9520-006a29205c" "object-server 23" 0.0005 "-" 20 0
Jun 10 08:29:16 standalone object-server[124059]: 172.20.0.100 - - [10/Jun/2026:08:29:16 +0000] "PUT /d1/718/AUTH_dacdb01a7d0947d2842647672ef8e3a8/gnocchi.7f2e5c2b-b28e-4565-abcf-64f8dc31cde7/none_v3" 201 - "PUT http://localhost:8080/v1/AUTH_dacdb01a7d0947d2842647672ef8e3a8/gnocchi.7f2e5c2b-b28e-4565-abcf-64f8dc31cde7/none_v3" "txf5868701a7c540ecb9520-006a29205c" "proxy-server 12" 0.0090 "-" 23 0
Jun 10 08:29:16 standalone proxy-server[125940]: 172.18.0.2 ::1 10/Jun/2026/08/29/16 PUT /v1/AUTH_dacdb01a7d0947d2842647672ef8e3a8/gnocchi.7f2e5c2b-b28e-4565-abcf-64f8dc31cde7/none_v3 HTTP/1.0 201 - python-swiftclient-3.11.1 gAAAAABqKR9o7Mi5... 22 - - txf5868701a7c540ecb9520-006a29205c - 0.0133 - - 1781080156.354611635 1781080156.367913961 0
Jun 10 08:29:16 standalone container-server[123723]: 172.20.0.100 - - [10/Jun/2026:08:29:16 +0000] "HEAD /d1/260/AUTH_dacdb01a7d0947d2842647672ef8e3a8/gnocchi.e40be95a-1b27-4e8f-aa2e-5f5ebe526e0a" 404 - "HEAD http://localhost:8080/v1/AUTH_dacdb01a7d0947d2842647672ef8e3a8/gnocchi.e40be95a-1b27-4e8f-aa2e-5f5ebe526e0a?format=json&states=listing" "txfc266fd153464af3a0c58-006a29205c" "proxy-server 12" 0.0003 "-" 21 0
Jun 10 08:29:16 standalone object-server[124047]: 172.20.0.100 - - [10/Jun/2026:08:29:16 +0000] "GET /d1/631/AUTH_dacdb01a7d0947d2842647672ef8e3a8/gnocchi.e40be95a-1b27-4e8f-aa2e-5f5ebe526e0a/none_v3" 404 70 "GET http://localhost:8080/v1/AUTH_dacdb01a7d0947d2842647672ef8e3a8/gnocchi.e40be95a-1b27-4e8f-aa2e-5f5ebe526e0a/none_v3" "txfc266fd153464af3a0c58-006a29205c" "proxy-server 12" 0.0003 "-" 20 0
Jun 10 08:29:16 standalone proxy-server[125940]: 172.18.0.2 ::1 10/Jun/2026/08/29/16 GET /v1/AUTH_dacdb01a7d0947d2842647672ef8e3a8/gnocchi.e40be95a-1b27-4e8f-aa2e-5f5ebe526e0a/none_v3 HTTP/1.0 404 - python-swiftclient-3.11.1 gAAAAABqKR9o7Mi5... - 70 - txfc266fd153464af3a0c58-006a29205c - 0.0068 - - 1781080156.376509190 1781080156.383276463 0
