Jun 10 08:29:17 standalone proxy-server[125940]: 172.18.0.2 ::1 10/Jun/2026/08/29/17 PUT /v1/AUTH_dacdb01a7d0947d2842647672ef8e3a8/gnocchi.25820b42-49b8-48e2-a6dd-b4de672fcce5 HTTP/1.0 201 - python-swiftclient-3.11.1 gAAAAABqKR9o7Mi5... - - - tx1de2f57b4ee84d7d93293-006a29205d - 0.0249 - - 1781080157.400545597 1781080157.425434351 0
Jun 10 08:29:17 standalone container-server[123723]: 172.20.0.100 - - [10/Jun/2026:08:29:17 +0000] "HEAD /d1/917/AUTH_dacdb01a7d0947d2842647672ef8e3a8/gnocchi.25820b42-49b8-48e2-a6dd-b4de672fcce5" 204 - "HEAD http://localhost:8080/v1/AUTH_dacdb01a7d0947d2842647672ef8e3a8/gnocchi.25820b42-49b8-48e2-a6dd-b4de672fcce5?format=json&states=listing" "tx9f02ec130cf541d8871f7-006a29205d" "proxy-server 12" 0.0023 "-" 21 0
Jun 10 08:29:17 standalone proxy-server[125940]: - - 10/Jun/2026/08/29/17 HEAD /v1/AUTH_dacdb01a7d0947d2842647672ef8e3a8/gnocchi.25820b42-49b8-48e2-a6dd-b4de672fcce5%3Fformat%3Djson%26states%3Dlisting HTTP/1.0 204 - Swift - - - - tx9f02ec130cf541d8871f7-006a29205d - 0.0074 RL - 1781080157.433438778 1781080157.440811157 0
Jun 10 08:29:17 standalone container-server[123719]: 172.20.0.100 - - [10/Jun/2026:08:29:17 +0000] "GET /d1/917/AUTH_dacdb01a7d0947d2842647672ef8e3a8/gnocchi.25820b42-49b8-48e2-a6dd-b4de672fcce5" 200 2 "GET http://localhost:8080/v1/AUTH_dacdb01a7d0947d2842647672ef8e3a8/gnocchi.25820b42-49b8-48e2-a6dd-b4de672fcce5?format=json&states=listing" "tx9f02ec130cf541d8871f7-006a29205d" "proxy-server 12" 0.0037 "-" 20 0
Jun 10 08:29:17 standalone proxy-server[125940]: 172.18.0.2 ::1 10/Jun/2026/08/29/17 GET /v1/AUTH_dacdb01a7d0947d2842647672ef8e3a8/gnocchi.25820b42-49b8-48e2-a6dd-b4de672fcce5%3Fformat%3Djson%26states%3Dlisting HTTP/1.0 200 - python-swiftclient-3.11.1 gAAAAABqKR9o7Mi5... - 2 - tx9f02ec130cf541d8871f7-006a29205d - 0.0224 - - 1781080157.431719065 1781080157.454151392 0
Jun 10 08:29:17 standalone object-server[124059]: 172.20.0.100 - - [10/Jun/2026:08:29:17 +0000] "GET /d1/1012/AUTH_dacdb01a7d0947d2842647672ef8e3a8/gnocchi.25820b42-49b8-48e2-a6dd-b4de672fcce5/1780920000.0_mean_300.0_v3" 404 70 "GET http://localhost:8080/v1/AUTH_dacdb01a7d0947d2842647672ef8e3a8/gnocchi.25820b42-49b8-48e2-a6dd-b4de672fcce5/1780920000.0_mean_300.0_v3" "tx8427c4c1a76d4a1fb423f-006a29205d" "proxy-server 12" 0.0005 "-" 23 0
Jun 10 08:29:17 standalone proxy-server[125940]: 172.18.0.2 ::1 10/Jun/2026/08/29/17 GET /v1/AUTH_dacdb01a7d0947d2842647672ef8e3a8/gnocchi.25820b42-49b8-48e2-a6dd-b4de672fcce5/1780920000.0_mean_300.0_v3 HTTP/1.0 404 - python-swiftclient-3.11.1 gAAAAABqKR9o7Mi5... - 70 - tx8427c4c1a76d4a1fb423f-006a29205d - 0.0079 - - 1781080157.459894419 1781080157.467794895 0
Jun 10 08:29:17 standalone container-server[123742]: 172.20.0.100 - - [10/Jun/2026:08:29:17 +0000] "PUT /d1/917/AUTH_dacdb01a7d0947d2842647672ef8e3a8/gnocchi.25820b42-49b8-48e2-a6dd-b4de672fcce5/1780920000.0_mean_300.0_v3" 201 - "PUT http://localhost:8080/d1/1012/AUTH_dacdb01a7d0947d2842647672ef8e3a8/gnocchi.25820b42-49b8-48e2-a6dd-b4de672fcce5/1780920000.0_mean_300.0_v3" "tx9ad79a80707a4de5a5280-006a29205d" "object-server 21" 0.0008 "-" 23 0
Jun 10 08:29:17 standalone object-server[124050]: 172.20.0.100 - - [10/Jun/2026:08:29:17 +0000] "PUT /d1/1012/AUTH_dacdb01a7d0947d2842647672ef8e3a8/gnocchi.25820b42-49b8-48e2-a6dd-b4de672fcce5/1780920000.0_mean_300.0_v3" 201 - "PUT http://localhost:8080/v1/AUTH_dacdb01a7d0947d2842647672ef8e3a8/gnocchi.25820b42-49b8-48e2-a6dd-b4de672fcce5/1780920000.0_mean_300.0_v3" "tx9ad79a80707a4de5a5280-006a29205d" "proxy-server 12" 0.0097 "-" 21 0
Jun 10 08:29:17 standalone proxy-server[125940]: 172.18.0.2 ::1 10/Jun/2026/08/29/17 PUT /v1/AUTH_dacdb01a7d0947d2842647672ef8e3a8/gnocchi.25820b42-49b8-48e2-a6dd-b4de672fcce5/1780920000.0_mean_300.0_v3 HTTP/1.0 201 - python-swiftclient-3.11.1 gAAAAABqKR9o7Mi5... 16 - - tx9ad79a80707a4de5a5280-006a29205d - 0.0166 - - 1781080157.472786665 1781080157.489339352 0
Jun 10 08:29:17 standalone container-server[123727]: 172.20.0.100 - - [10/Jun/2026:08:29:17 +0000] "PUT /d1/917/AUTH_dacdb01a7d0947d2842647672ef8e3a8/gnocchi.25820b42-49b8-48e2-a6dd-b4de672fcce5/none_v3" 201 - "PUT http://localhost:8080/d1/159/AUTH_dacdb01a7d0947d2842647672ef8e3a8/gnocchi.25820b42-49b8-48e2-a6dd-b4de672fcce5/none_v3" "txa9705a368ce543ac8ed9e-006a29205d" "object-server 22" 0.0008 "-" 22 0
Jun 10 08:29:17 standalone object-server[124058]: 172.20.0.100 - - [10/Jun/2026:08:29:17 +0000] "PUT /d1/159/AUTH_dacdb01a7d0947d2842647672ef8e3a8/gnocchi.25820b42-49b8-48e2-a6dd-b4de672fcce5/none_v3" 201 - "PUT http://localhost:8080/v1/AUTH_dacdb01a7d0947d2842647672ef8e3a8/gnocchi.25820b42-49b8-48e2-a6dd-b4de672fcce5/none_v3" "txa9705a368ce543ac8ed9e-006a29205d" "proxy-server 12" 0.0125 "-" 22 0
Jun 10 08:29:17 standalone proxy-server[125940]: 172.18.0.2 ::1 10/Jun/2026/08/29/17 PUT /v1/AUTH_dacdb01a7d0947d2842647672ef8e3a8/gnocchi.25820b42-49b8-48e2-a6dd-b4de672fcce5/none_v3 HTTP/1.0 201 - python-swiftclient-3.11.1 gAAAAABqKR9o7Mi5... 22 - - txa9705a368ce543ac8ed9e-006a29205d - 0.0209 - - 1781080157.494165421 1781080157.515077829 0
Jun 10 08:29:17 standalone container-server[123727]: 172.20.0.100 - - [10/Jun/2026:08:29:17 +0000] "HEAD /d1/887/AUTH_dacdb01a7d0947d2842647672ef8e3a8/gnocchi.cfbeb853-3b03-48c0-b85b-dce258063906" 404 - "HEAD http://localhost:8080/v1/AUTH_dacdb01a7d0947d2842647672ef8e3a8/gnocchi.cfbeb853-3b03-48c0-b85b-dce258063906?format=json&states=listing" "txeb6657aab749446aa518d-006a29205d" "proxy-server 12" 0.0005 "-" 22 0
Jun 10 08:29:17 standalone object-server[124047]: 172.20.0.100 - - [10/Jun/2026:08:29:17 +0000] "GET /d1/486/AUTH_dacdb01a7d0947d2842647672ef8e3a8/gnocchi.cfbeb853-3b03-48c0-b85b-dce258063906/none_v3" 404 70 "GET http://localhost:8080/v1/AUTH_dacdb01a7d0947d2842647672ef8e3a8/gnocchi.cfbeb853-3b03-48c0-b85b-dce258063906/none_v3" "txeb6657aab749446aa518d-006a29205d" "proxy-server 12" 0.0004 "-" 20 0
Jun 10 08:29:17 standalone proxy-server[125940]: 172.18.0.2 ::1 10/Jun/2026/08/29/17 GET /v1/AUTH_dacdb01a7d0947d2842647672ef8e3a8/gnocchi.cfbeb853-3b03-48c0-b85b-dce258063906/none_v3 HTTP/1.0 404 - python-swiftclient-3.11.1 gAAAAABqKR9o7Mi5... - 70 - txeb6657aab749446aa518d-006a29205d - 0.0131 - - 1781080157.530764103 1781080157.543866634 0
Jun 10 08:29:17 standalone account-server[123854]: 172.20.0.100 - - [10/Jun/2026:08:29:17 +0000] "PUT /d1/162/AUTH_dacdb01a7d0947d2842647672ef8e3a8/gnocchi.cfbeb853-3b03-48c0-b85b-dce258063906" 201 - "PUT http://172.20.0.100:6001/d1/887/AUTH_dacdb01a7d0947d2842647672ef8e3a8/gnocchi.cfbeb853-3b03-48c0-b85b-dce258063906" "tx35e5cea5cddc4d089790b-006a29205d" "container-server 20" 0.0062 "-" 22 0
Jun 10 08:29:17 standalone container-server[123719]: 172.20.0.100 - - [10/Jun/2026:08:29:17 +0000] "PUT /d1/887/AUTH_dacdb01a7d0947d2842647672ef8e3a8/gnocchi.cfbeb853-3b03-48c0-b85b-dce258063906" 201 - "PUT http://localhost:8080/v1/AUTH_dacdb01a7d0947d2842647672ef8e3a8/gnocchi.cfbeb853-3b03-48c0-b85b-dce258063906" "tx35e5cea5cddc4d089790b-006a29205d" "proxy-server 12" 0.0206 "-" 20 0
Jun 10 08:29:17 standalone proxy-server[125940]: 172.18.0.2 ::1 10/Jun/2026/08/29/17 PUT /v1/AUTH_dacdb01a7d0947d2842647672ef8e3a8/gnocchi.cfbeb853-3b03-48c0-b85b-dce258063906 HTTP/1.0 201 - python-swiftclient-3.11.1 gAAAAABqKR9o7Mi5... - - - tx35e5cea5cddc4d089790b-006a29205d - 0.0291 - - 1781080157.548300028 1781080157.577353239 0
Jun 10 08:29:17 standalone container-server[123723]: 172.20.0.100 - - [10/Jun/2026:08:29:17 +0000] "HEAD /d1/887/AUTH_dacdb01a7d0947d2842647672ef8e3a8/gnocchi.cfbeb853-3b03-48c0-b85b-dce258063906" 204 - "HEAD http://localhost:8080/v1/AUTH_dacdb01a7d0947d2842647672ef8e3a8/gnocchi.cfbeb853-3b03-48c0-b85b-dce258063906?format=json&states=listing" "tx191748b20bfd44debd0a4-006a29205d" "proxy-server 12" 0.0017 "-" 21 0
Jun 10 08:29:17 standalone proxy-server[125940]: - - 10/Jun/2026/08/29/17 HEAD /v1/AUTH_dacdb01a7d0947d2842647672ef8e3a8/gnocchi.cfbeb853-3b03-48c0-b85b-dce258063906%3Fformat%3Djson%26states%3Dlisting HTTP/1.0 204 - Swift - - - - tx191748b20bfd44debd0a4-006a29205d - 0.0053 RL - 1781080157.583857059 1781080157.589126825 0
Jun 10 08:29:17 standalone container-server[123742]: 172.20.0.100 - - [10/Jun/2026:08:29:17 +0000] "GET /d1/887/AUTH_dacdb01a7d0947d2842647672ef8e3a8/gnocchi.cfbeb853-3b03-48c0-b85b-dce258063906" 200 2 "GET http://localhost:8080/v1/AUTH_dacdb01a7d0947d2842647672ef8e3a8/gnocchi.cfbeb853-3b03-48c0-b85b-dce258063906?format=json&states=listing" "tx191748b20bfd44debd0a4-006a29205d" "proxy-server 12" 0.0034 "-" 23 0
Jun 10 08:29:17 standalone proxy-server[125940]: 172.18.0.2 ::1 10/Jun/2026/08/29/17 GET /v1/AUTH_dacdb01a7d0947d2842647672ef8e3a8/gnocchi.cfbeb853-3b03-48c0-b85b-dce258063906%3Fformat%3Djson%26states%3Dlisting HTTP/1.0 200 - python-swiftclient-3.11.1 gAAAAABqKR9o7Mi5... - 2 - tx191748b20bfd44debd0a4-006a29205d - 0.0184 - - 1781080157.582162857 1781080157.600528955 0
Jun 10 08:29:17 standalone object-server[124058]: 172.20.0.100 - - [10/Jun/2026:08:29:17 +0000] "GET /d1/504/AUTH_dacdb01a7d0947d2842647672ef8e3a8/gnocchi.cfbeb853-3b03-48c0-b85b-dce258063906/1780920000.0_mean_300.0_v3" 404 70 "GET http://localhost:8080/v1/AUTH_dacdb01a7d0947d2842647672ef8e3a8/gnocchi.cfbeb853-3b03-48c0-b85b-dce258063906/1780920000.0_mean_300.0_v3" "txaa1ad327279e4362bf0be-006a29205d" "proxy-server 12" 0.0005 "-" 22 0
Jun 10 08:29:17 standalone proxy-server[125940]: 172.18.0.2 ::1 10/Jun/2026/08/29/17 GET /v1/AUTH_dacdb01a7d0947d2842647672ef8e3a8/gnocchi.cfbeb853-3b03-48c0-b85b-dce258063906/1780920000.0_mean_300.0_v3 HTTP/1.0 404 - python-swiftclient-3.11.1 gAAAAABqKR9o7Mi5... - 70 - txaa1ad327279e4362bf0be-006a29205d - 0.0067 - - 1781080157.604632854 1781080157.611362457 0
Jun 10 08:29:17 standalone container-server[123742]: 172.20.0.100 - - [10/Jun/2026:08:29:17 +0000] "PUT /d1/887/AUTH_dacdb01a7d0947d2842647672ef8e3a8/gnocchi.cfbeb853-3b03-48c0-b85b-dce258063906/1780920000.0_mean_300.0_v3" 201 - "PUT http://localhost:8080/d1/504/AUTH_dacdb01a7d0947d2842647672ef8e3a8/gnocchi.cfbeb853-3b03-48c0-b85b-dce258063906/1780920000.0_mean_300.0_v3" "tx56a8867e83b14aada8d26-006a29205d" "object-server 21" 0.0010 "-" 23 0
Jun 10 08:29:17 standalone object-server[124050]: 172.20.0.100 - - [10/Jun/2026:08:29:17 +0000] "PUT /d1/504/AUTH_dacdb01a7d0947d2842647672ef8e3a8/gnocchi.cfbeb853-3b03-48c0-b85b-dce258063906/1780920000.0_mean_300.0_v3" 201 - "PUT http://localhost:8080/v1/AUTH_dacdb01a7d0947d2842647672ef8e3a8/gnocchi.cfbeb853-3b03-48c0-b85b-dce258063906/1780920000.0_mean_300.0_v3" "tx56a8867e83b14aada8d26-006a29205d" "proxy-server 12" 0.0129 "-" 21 0
Jun 10 08:29:17 standalone proxy-server[125940]: 172.18.0.2 ::1 10/Jun/2026/08/29/17 PUT /v1/AUTH_dacdb01a7d0947d2842647672ef8e3a8/gnocchi.cfbeb853-3b03-48c0-b85b-dce258063906/1780920000.0_mean_300.0_v3 HTTP/1.0 201 - python-swiftclient-3.11.1 gAAAAABqKR9o7Mi5... 16 - - tx56a8867e83b14aada8d26-006a29205d - 0.0200 - - 1781080157.615227938 1781080157.635259628 0
Jun 10 08:29:17 standalone container-server[123723]: 172.20.0.100 - - [10/Jun/2026:08:29:17 +0000] "PUT /d1/887/AUTH_dacdb01a7d0947d2842647672ef8e3a8/gnocchi.cfbeb853-3b03-48c0-b85b-dce258063906/none_v3" 201 - "PUT http://localhost:8080/d1/486/AUTH_dacdb01a7d0947d2842647672ef8e3a8/gnocchi.cfbeb853-3b03-48c0-b85b-dce258063906/none_v3" "tx1e3905840b4a4313986a7-006a29205d" "object-server 23" 0.0006 "-" 21 0
Jun 10 08:29:17 standalone object-server[124059]: 172.20.0.100 - - [10/Jun/2026:08:29:17 +0000] "PUT /d1/486/AUTH_dacdb01a7d0947d2842647672ef8e3a8/gnocchi.cfbeb853-3b03-48c0-b85b-dce258063906/none_v3" 201 - "PUT http://localhost:8080/v1/AUTH_dacdb01a7d0947d2842647672ef8e3a8/gnocchi.cfbeb853-3b03-48c0-b85b-dce258063906/none_v3" "tx1e3905840b4a4313986a7-006a29205d" "proxy-server 12" 0.0106 "-" 23 0
Jun 10 08:29:17 standalone proxy-server[125940]: 172.18.0.2 ::1 10/Jun/2026/08/29/17 PUT /v1/AUTH_dacdb01a7d0947d2842647672ef8e3a8/gnocchi.cfbeb853-3b03-48c0-b85b-dce258063906/none_v3 HTTP/1.0 201 - python-swiftclient-3.11.1 gAAAAABqKR9o7Mi5... 22 - - tx1e3905840b4a4313986a7-006a29205d - 0.0187 - - 1781080157.638667583 1781080157.657395363 0
Jun 10 08:29:17 standalone container-server[123723]: 172.20.0.100 - - [10/Jun/2026:08:29:17 +0000] "HEAD /d1/525/AUTH_dacdb01a7d0947d2842647672ef8e3a8/gnocchi.391c9aff-a547-46cc-9156-13d10a48c15b" 404 - "HEAD http://localhost:8080/v1/AUTH_dacdb01a7d0947d2842647672ef8e3a8/gnocchi.391c9aff-a547-46cc-9156-13d10a48c15b?format=json&states=listing" "tx6a4d57c5d5334f7487a71-006a29205d" "proxy-server 12" 0.0006 "-" 21 0
Jun 10 08:29:17 standalone object-server[124050]: 172.20.0.100 - - [10/Jun/2026:08:29:17 +0000] "GET /d1/162/AUTH_dacdb01a7d0947d2842647672ef8e3a8/gnocchi.391c9aff-a547-46cc-9156-13d10a48c15b/none_v3" 404 70 "GET http://localhost:8080/v1/AUTH_dacdb01a7d0947d2842647672ef8e3a8/gnocchi.391c9aff-a547-46cc-9156-13d10a48c15b/none_v3" "tx6a4d57c5d5334f7487a71-006a29205d" "proxy-server 12" 0.0005 "-" 21 0
Jun 10 08:29:17 standalone proxy-server[125940]: 172.18.0.2 ::1 10/Jun/2026/08/29/17 GET /v1/AUTH_dacdb01a7d0947d2842647672ef8e3a8/gnocchi.391c9aff-a547-46cc-9156-13d10a48c15b/none_v3 HTTP/1.0 404 - python-swiftclient-3.11.1 gAAAAABqKR9o7Mi5... - 70 - tx6a4d57c5d5334f7487a71-006a29205d - 0.0148 - - 1781080157.668027163 1781080157.682780504 0
Jun 10 08:29:17 standalone account-server[123845]: 172.20.0.100 - - [10/Jun/2026:08:29:17 +0000] "PUT /d1/162/AUTH_dacdb01a7d0947d2842647672ef8e3a8/gnocchi.391c9aff-a547-46cc-9156-13d10a48c15b" 201 - "PUT http://172.20.0.100:6001/d1/525/AUTH_dacdb01a7d0947d2842647672ef8e3a8/gnocchi.391c9aff-a547-46cc-9156-13d10a48c15b" "txb4a28be6532f4d38a7402-006a29205d" "container-server 23" 0.0062 "-" 20 0
Jun 10 08:29:17 standalone container-server[123742]: 172.20.0.100 - - [10/Jun/2026:08:29:17 +0000] "PUT /d1/525/AUTH_dacdb01a7d0947d2842647672ef8e3a8/gnocchi.391c9aff-a547-46cc-9156-13d10a48c15b" 201 - "PUT http://localhost:8080/v1/AUTH_dacdb01a7d0947d2842647672ef8e3a8/gnocchi.391c9aff-a547-46cc-9156-13d10a48c15b" "txb4a28be6532f4d38a7402-006a29205d" "proxy-server 12" 0.0258 "-" 23 0
Jun 10 08:29:17 standalone proxy-server[125940]: 172.18.0.2 ::1 10/Jun/2026/08/29/17 PUT /v1/AUTH_dacdb01a7d0947d2842647672ef8e3a8/gnocchi.391c9aff-a547-46cc-9156-13d10a48c15b HTTP/1.0 201 - python-swiftclient-3.11.1 gAAAAABqKR9o7Mi5... - - - txb4a28be6532f4d38a7402-006a29205d - 0.0343 - - 1781080157.687329531 1781080157.721619129 0
Jun 10 08:29:17 standalone container-server[123742]: 172.20.0.100 - - [10/Jun/2026:08:29:17 +0000] "HEAD /d1/525/AUTH_dacdb01a7d0947d2842647672ef8e3a8/gnocchi.391c9aff-a547-46cc-9156-13d10a48c15b" 204 - "HEAD http://localhost:8080/v1/AUTH_dacdb01a7d0947d2842647672ef8e3a8/gnocchi.391c9aff-a547-46cc-9156-13d10a48c15b?format=json&states=listing" "txdf94ffa37a3842e29525e-006a29205d" "proxy-server 12" 0.0015 "-" 23 0
Jun 10 08:29:17 standalone proxy-server[125940]: - - 10/Jun/2026/08/29/17 HEAD /v1/AUTH_dacdb01a7d0947d2842647672ef8e3a8/gnocchi.391c9aff-a547-46cc-9156-13d10a48c15b%3Fformat%3Djson%26states%3Dlisting HTTP/1.0 204 - Swift - - - - txdf94ffa37a3842e29525e-006a29205d - 0.0044 RL - 1781080157.727097511 1781080157.731524467 0
Jun 10 08:29:17 standalone container-server[123723]: 172.20.0.100 - - [10/Jun/2026:08:29:17 +0000] "GET /d1/525/AUTH_dacdb01a7d0947d2842647672ef8e3a8/gnocchi.391c9aff-a547-46cc-9156-13d10a48c15b" 200 2 "GET http://localhost:8080/v1/AUTH_dacdb01a7d0947d2842647672ef8e3a8/gnocchi.391c9aff-a547-46cc-9156-13d10a48c15b?format=json&states=listing" "txdf94ffa37a3842e29525e-006a29205d" "proxy-server 12" 0.0036 "-" 21 0
Jun 10 08:29:17 standalone proxy-server[125940]: 172.18.0.2 ::1 10/Jun/2026/08/29/17 GET /v1/AUTH_dacdb01a7d0947d2842647672ef8e3a8/gnocchi.391c9aff-a547-46cc-9156-13d10a48c15b%3Fformat%3Djson%26states%3Dlisting HTTP/1.0 200 - python-swiftclient-3.11.1 gAAAAABqKR9o7Mi5... - 2 - txdf94ffa37a3842e29525e-006a29205d - 0.0149 - - 1781080157.725979328 1781080157.740869045 0
Jun 10 08:29:17 standalone object-server[124050]: 172.20.0.100 - - [10/Jun/2026:08:29:17 +0000] "GET /d1/832/AUTH_dacdb01a7d0947d2842647672ef8e3a8/gnocchi.391c9aff-a547-46cc-9156-13d10a48c15b/1780920000.0_mean_300.0_v3" 404 70 "GET http://localhost:8080/v1/AUTH_dacdb01a7d0947d2842647672ef8e3a8/gnocchi.391c9aff-a547-46cc-9156-13d10a48c15b/1780920000.0_mean_300.0_v3" "tx1acc56aa368147c78fd80-006a29205d" "proxy-server 12" 0.0005 "-" 21 0
Jun 10 08:29:17 standalone proxy-server[125940]: 172.18.0.2 ::1 10/Jun/2026/08/29/17 GET /v1/AUTH_dacdb01a7d0947d2842647672ef8e3a8/gnocchi.391c9aff-a547-46cc-9156-13d10a48c15b/1780920000.0_mean_300.0_v3 HTTP/1.0 404 - python-swiftclient-3.11.1 gAAAAABqKR9o7Mi5... - 70 - tx1acc56aa368147c78fd80-006a29205d - 0.0054 - - 1781080157.744778633 1781080157.750222683 0
Jun 10 08:29:17 standalone container-server[123719]: 172.20.0.100 - - [10/Jun/2026:08:29:17 +0000] "PUT /d1/525/AUTH_dacdb01a7d0947d2842647672ef8e3a8/gnocchi.391c9aff-a547-46cc-9156-13d10a48c15b/1780920000.0_mean_300.0_v3" 201 - "PUT http://localhost:8080/d1/832/AUTH_dacdb01a7d0947d2842647672ef8e3a8/gnocchi.391c9aff-a547-46cc-9156-13d10a48c15b/1780920000.0_mean_300.0_v3" "txe91541c527d84d26924c5-006a29205d" "object-server 20" 0.0008 "-" 20 0
Jun 10 08:29:17 standalone object-server[124047]: 172.20.0.100 - - [10/Jun/2026:08:29:17 +0000] "PUT /d1/832/AUTH_dacdb01a7d0947d2842647672ef8e3a8/gnocchi.391c9aff-a547-46cc-9156-13d10a48c15b/1780920000.0_mean_300.0_v3" 201 - "PUT http://localhost:8080/v1/AUTH_dacdb01a7d0947d2842647672ef8e3a8/gnocchi.391c9aff-a547-46cc-9156-13d10a48c15b/1780920000.0_mean_300.0_v3" "txe91541c527d84d26924c5-006a29205d" "proxy-server 12" 0.0109 "-" 20 0
Jun 10 08:29:17 standalone proxy-server[125940]: 172.18.0.2 ::1 10/Jun/2026/08/29/17 PUT /v1/AUTH_dacdb01a7d0947d2842647672ef8e3a8/gnocchi.391c9aff-a547-46cc-9156-13d10a48c15b/1780920000.0_mean_300.0_v3 HTTP/1.0 201 - python-swiftclient-3.11.1 gAAAAABqKR9o7Mi5... 16 - - txe91541c527d84d26924c5-006a29205d - 0.0161 - - 1781080157.753084898 1781080157.769195318 0
Jun 10 08:29:17 standalone container-server[123723]: 172.20.0.100 - - [10/Jun/2026:08:29:17 +0000] "PUT /d1/525/AUTH_dacdb01a7d0947d2842647672ef8e3a8/gnocchi.391c9aff-a547-46cc-9156-13d10a48c15b/none_v3" 201 - "PUT http://localhost:8080/d1/162/AUTH_dacdb01a7d0947d2842647672ef8e3a8/gnocchi.391c9aff-a547-46cc-9156-13d10a48c15b/none_v3" "txaefa91d425214f1bb7a33-006a29205d" "object-server 22" 0.0006 "-" 21 0
Jun 10 08:29:17 standalone object-server[124058]: 172.20.0.100 - - [10/Jun/2026:08:29:17 +0000] "PUT /d1/162/AUTH_dacdb01a7d0947d2842647672ef8e3a8/gnocchi.391c9aff-a547-46cc-9156-13d10a48c15b/none_v3" 201 - "PUT http://localhost:8080/v1/AUTH_dacdb01a7d0947d2842647672ef8e3a8/gnocchi.391c9aff-a547-46cc-9156-13d10a48c15b/none_v3" "txaefa91d425214f1bb7a33-006a29205d" "proxy-server 12" 0.0150 "-" 22 0
Jun 10 08:29:17 standalone proxy-server[125940]: 172.18.0.2 ::1 10/Jun/2026/08/29/17 PUT /v1/AUTH_dacdb01a7d0947d2842647672ef8e3a8/gnocchi.391c9aff-a547-46cc-9156-13d10a48c15b/none_v3 HTTP/1.0 201 - python-swiftclient-3.11.1 gAAAAABqKR9o7Mi5... 22 - - txaefa91d425214f1bb7a33-006a29205d - 0.0198 - - 1781080157.773083448 1781080157.792925119 0
Jun 10 08:29:17 standalone container-server[123723]: 172.20.0.100 - - [10/Jun/2026:08:29:17 +0000] "HEAD /d1/798/AUTH_dacdb01a7d0947d2842647672ef8e3a8/gnocchi.ed944523-34bb-4710-a2dd-42e0dd5852fe" 404 - "HEAD http://localhost:8080/v1/AUTH_dacdb01a7d0947d2842647672ef8e3a8/gnocchi.ed944523-34bb-4710-a2dd-42e0dd5852fe?format=json&states=listing" "tx377559ea7b4241d383f1a-006a29205d" "proxy-server 12" 0.0006 "-" 21 0
Jun 10 08:29:17 standalone object-server[124047]: 172.20.0.100 - - [10/Jun/2026:08:29:17 +0000] "GET /d1/427/AUTH_dacdb01a7d0947d2842647672ef8e3a8/gnocchi.ed944523-34bb-4710-a2dd-42e0dd5852fe/none_v3" 404 70 "GET http://localhost:8080/v1/AUTH_dacdb01a7d0947d2842647672ef8e3a8/gnocchi.ed944523-34bb-4710-a2dd-42e0dd5852fe/none_v3" "tx377559ea7b4241d383f1a-006a29205d" "proxy-server 12" 0.0006 "-" 20 0
Jun 10 08:29:17 standalone proxy-server[125940]: 172.18.0.2 ::1 10/Jun/2026/08/29/17 GET /v1/AUTH_dacdb01a7d0947d2842647672ef8e3a8/gnocchi.ed944523-34bb-4710-a2dd-42e0dd5852fe/none_v3 HTTP/1.0 404 - python-swiftclient-3.11.1 gAAAAABqKR9o7Mi5... - 70 - tx377559ea7b4241d383f1a-006a29205d - 0.0102 - - 1781080157.807049513 1781080157.817203760 0
Jun 10 08:29:17 standalone account-server[123845]: 172.20.0.100 - - [10/Jun/2026:08:29:17 +0000] "PUT /d1/162/AUTH_dacdb01a7d0947d2842647672ef8e3a8/gnocchi.ed944523-34bb-4710-a2dd-42e0dd5852fe" 201 - "PUT http://172.20.0.100:6001/d1/798/AUTH_dacdb01a7d0947d2842647672ef8e3a8/gnocchi.ed944523-34bb-4710-a2dd-42e0dd5852fe" "tx6c7d35cbf3f744448844a-006a29205d" "container-server 21" 0.0087 "-" 20 0
Jun 10 08:29:17 standalone container-server[123723]: 172.20.0.100 - - [10/Jun/2026:08:29:17 +0000] "PUT /d1/798/AUTH_dacdb01a7d0947d2842647672ef8e3a8/gnocchi.ed944523-34bb-4710-a2dd-42e0dd5852fe" 201 - "PUT http://localhost:8080/v1/AUTH_dacdb01a7d0947d2842647672ef8e3a8/gnocchi.ed944523-34bb-4710-a2dd-42e0dd5852fe" "tx6c7d35cbf3f744448844a-006a29205d" "proxy-server 12" 0.0221 "-" 21 0
Jun 10 08:29:17 standalone proxy-server[125940]: 172.18.0.2 ::1 10/Jun/2026/08/29/17 PUT /v1/AUTH_dacdb01a7d0947d2842647672ef8e3a8/gnocchi.ed944523-34bb-4710-a2dd-42e0dd5852fe HTTP/1.0 201 - python-swiftclient-3.11.1 gAAAAABqKR9o7Mi5... - - - tx6c7d35cbf3f744448844a-006a29205d - 0.0272 - - 1781080157.821515322 1781080157.848670483 0
Jun 10 08:29:17 standalone container-server[123742]: 172.20.0.100 - - [10/Jun/2026:08:29:17 +0000] "HEAD /d1/798/AUTH_dacdb01a7d0947d2842647672ef8e3a8/gnocchi.ed944523-34bb-4710-a2dd-42e0dd5852fe" 204 - "HEAD http://localhost:8080/v1/AUTH_dacdb01a7d0947d2842647672ef8e3a8/gnocchi.ed944523-34bb-4710-a2dd-42e0dd5852fe?format=json&states=listing" "txe6238155fd4742ea8f4e5-006a29205d" "proxy-server 12" 0.0021 "-" 23 0
Jun 10 08:29:17 standalone proxy-server[125940]: - - 10/Jun/2026/08/29/17 HEAD /v1/AUTH_dacdb01a7d0947d2842647672ef8e3a8/gnocchi.ed944523-34bb-4710-a2dd-42e0dd5852fe%3Fformat%3Djson%26states%3Dlisting HTTP/1.0 204 - Swift - - - - txe6238155fd4742ea8f4e5-006a29205d - 0.0055 RL - 1781080157.854733706 1781080157.860219955 0
Jun 10 08:29:17 standalone container-server[123742]: 172.20.0.100 - - [10/Jun/2026:08:29:17 +0000] "GET /d1/798/AUTH_dacdb01a7d0947d2842647672ef8e3a8/gnocchi.ed944523-34bb-4710-a2dd-42e0dd5852fe" 200 2 "GET http://localhost:8080/v1/AUTH_dacdb01a7d0947d2842647672ef8e3a8/gnocchi.ed944523-34bb-4710-a2dd-42e0dd5852fe?format=json&states=listing" "txe6238155fd4742ea8f4e5-006a29205d" "proxy-server 12" 0.0045 "-" 23 0
Jun 10 08:29:17 standalone proxy-server[125940]: 172.18.0.2 ::1 10/Jun/2026/08/29/17 GET /v1/AUTH_dacdb01a7d0947d2842647672ef8e3a8/gnocchi.ed944523-34bb-4710-a2dd-42e0dd5852fe%3Fformat%3Djson%26states%3Dlisting HTTP/1.0 200 - python-swiftclient-3.11.1 gAAAAABqKR9o7Mi5... - 2 - txe6238155fd4742ea8f4e5-006a29205d - 0.0164 - - 1781080157.853762865 1781080157.870140314 0
Jun 10 08:29:17 standalone object-server[124058]: 172.20.0.100 - - [10/Jun/2026:08:29:17 +0000] "GET /d1/251/AUTH_dacdb01a7d0947d2842647672ef8e3a8/gnocchi.ed944523-34bb-4710-a2dd-42e0dd5852fe/1780920000.0_mean_300.0_v3" 404 70 "GET http://localhost:8080/v1/AUTH_dacdb01a7d0947d2842647672ef8e3a8/gnocchi.ed944523-34bb-4710-a2dd-42e0dd5852fe/1780920000.0_mean_300.0_v3" "txf393972bd95044af8fc85-006a29205d" "proxy-server 12" 0.0005 "-" 22 0
Jun 10 08:29:17 standalone proxy-server[125940]: 172.18.0.2 ::1 10/Jun/2026/08/29/17 GET /v1/AUTH_dacdb01a7d0947d2842647672ef8e3a8/gnocchi.ed944523-34bb-4710-a2dd-42e0dd5852fe/1780920000.0_mean_300.0_v3 HTTP/1.0 404 - python-swiftclient-3.11.1 gAAAAABqKR9o7Mi5... - 70 - txf393972bd95044af8fc85-006a29205d - 0.0056 - - 1781080157.875430346 1781080157.881012678 0
Jun 10 08:29:17 standalone container-server[123723]: 172.20.0.100 - - [10/Jun/2026:08:29:17 +0000] "PUT /d1/798/AUTH_dacdb01a7d0947d2842647672ef8e3a8/gnocchi.ed944523-34bb-4710-a2dd-42e0dd5852fe/1780920000.0_mean_300.0_v3" 201 - "PUT http://localhost:8080/d1/251/AUTH_dacdb01a7d0947d2842647672ef8e3a8/gnocchi.ed944523-34bb-4710-a2dd-42e0dd5852fe/1780920000.0_mean_300.0_v3" "txfac66b07d7594e008cd83-006a29205d" "object-server 22" 0.0008 "-" 21 0
Jun 10 08:29:17 standalone object-server[124058]: 172.20.0.100 - - [10/Jun/2026:08:29:17 +0000] "PUT /d1/251/AUTH_dacdb01a7d0947d2842647672ef8e3a8/gnocchi.ed944523-34bb-4710-a2dd-42e0dd5852fe/1780920000.0_mean_300.0_v3" 201 - "PUT http://localhost:8080/v1/AUTH_dacdb01a7d0947d2842647672ef8e3a8/gnocchi.ed944523-34bb-4710-a2dd-42e0dd5852fe/1780920000.0_mean_300.0_v3" "txfac66b07d7594e008cd83-006a29205d" "proxy-server 12" 0.0113 "-" 22 0
Jun 10 08:29:17 standalone proxy-server[125940]: 172.18.0.2 ::1 10/Jun/2026/08/29/17 PUT /v1/AUTH_dacdb01a7d0947d2842647672ef8e3a8/gnocchi.ed944523-34bb-4710-a2dd-42e0dd5852fe/1780920000.0_mean_300.0_v3 HTTP/1.0 201 - python-swiftclient-3.11.1 gAAAAABqKR9o7Mi5... 16 - - txfac66b07d7594e008cd83-006a29205d - 0.0161 - - 1781080157.885306835 1781080157.901408911 0
Jun 10 08:29:17 standalone container-server[123727]: 172.20.0.100 - - [10/Jun/2026:08:29:17 +0000] "PUT /d1/798/AUTH_dacdb01a7d0947d2842647672ef8e3a8/gnocchi.ed944523-34bb-4710-a2dd-42e0dd5852fe/none_v3" 201 - "PUT http://localhost:8080/d1/427/AUTH_dacdb01a7d0947d2842647672ef8e3a8/gnocchi.ed944523-34bb-4710-a2dd-42e0dd5852fe/none_v3" "tx531357e7a855404db5b64-006a29205d" "object-server 23" 0.0005 "-" 22 0
Jun 10 08:29:17 standalone object-server[124059]: 172.20.0.100 - - [10/Jun/2026:08:29:17 +0000] "PUT /d1/427/AUTH_dacdb01a7d0947d2842647672ef8e3a8/gnocchi.ed944523-34bb-4710-a2dd-42e0dd5852fe/none_v3" 201 - "PUT http://localhost:8080/v1/AUTH_dacdb01a7d0947d2842647672ef8e3a8/gnocchi.ed944523-34bb-4710-a2dd-42e0dd5852fe/none_v3" "tx531357e7a855404db5b64-006a29205d" "proxy-server 12" 0.0098 "-" 23 0
Jun 10 08:29:17 standalone proxy-server[125940]: 172.18.0.2 ::1 10/Jun/2026/08/29/17 PUT /v1/AUTH_dacdb01a7d0947d2842647672ef8e3a8/gnocchi.ed944523-34bb-4710-a2dd-42e0dd5852fe/none_v3 HTTP/1.0 201 - python-swiftclient-3.11.1 gAAAAABqKR9o7Mi5... 22 - - tx531357e7a855404db5b64-006a29205d - 0.0151 - - 1781080157.910140753 1781080157.925275803 0
Jun 10 08:29:17 standalone container-server[123727]: 172.20.0.100 - - [10/Jun/2026:08:29:17 +0000] "HEAD /d1/500/AUTH_dacdb01a7d0947d2842647672ef8e3a8/gnocchi.01ce089a-66af-476d-893b-33d08298b61f" 404 - "HEAD http://localhost:8080/v1/AUTH_dacdb01a7d0947d2842647672ef8e3a8/gnocchi.01ce089a-66af-476d-893b-33d08298b61f?format=json&states=listing" "tx6c0367243c0c44b6a4057-006a29205d" "proxy-server 12" 0.0006 "-" 22 0
Jun 10 08:29:17 standalone object-server[124059]: 172.20.0.100 - - [10/Jun/2026:08:29:17 +0000] "GET /d1/403/AUTH_dacdb01a7d0947d2842647672ef8e3a8/gnocchi.01ce089a-66af-476d-893b-33d08298b61f/none_v3" 404 70 "GET http://localhost:8080/v1/AUTH_dacdb01a7d0947d2842647672ef8e3a8/gnocchi.01ce089a-66af-476d-893b-33d08298b61f/none_v3" "tx6c0367243c0c44b6a4057-006a29205d" "proxy-server 12" 0.0003 "-" 23 0
Jun 10 08:29:17 standalone proxy-server[125940]: 172.18.0.2 ::1 10/Jun/2026/08/29/17 GET /v1/AUTH_dacdb01a7d0947d2842647672ef8e3a8/gnocchi.01ce089a-66af-476d-893b-33d08298b61f/none_v3 HTTP/1.0 404 - python-swiftclient-3.11.1 gAAAAABqKR9o7Mi5... - 70 - tx6c0367243c0c44b6a4057-006a29205d - 0.0093 - - 1781080157.938371181 1781080157.947708845 0
Jun 10 08:29:17 standalone account-server[123866]: 172.20.0.100 - - [10/Jun/2026:08:29:17 +0000] "PUT /d1/162/AUTH_dacdb01a7d0947d2842647672ef8e3a8/gnocchi.01ce089a-66af-476d-893b-33d08298b61f" 201 - "PUT http://172.20.0.100:6001/d1/500/AUTH_dacdb01a7d0947d2842647672ef8e3a8/gnocchi.01ce089a-66af-476d-893b-33d08298b61f" "tx24a7200babad4a9cbb988-006a29205d" "container-server 21" 0.0046 "-" 23 0
Jun 10 08:29:17 standalone container-server[123723]: 172.20.0.100 - - [10/Jun/2026:08:29:17 +0000] "PUT /d1/500/AUTH_dacdb01a7d0947d2842647672ef8e3a8/gnocchi.01ce089a-66af-476d-893b-33d08298b61f" 201 - "PUT http://localhost:8080/v1/AUTH_dacdb01a7d0947d2842647672ef8e3a8/gnocchi.01ce089a-66af-476d-893b-33d08298b61f" "tx24a7200babad4a9cbb988-006a29205d" "proxy-server 12" 0.0184 "-" 21 0
Jun 10 08:29:17 standalone proxy-server[125940]: 172.18.0.2 ::1 10/Jun/2026/08/29/17 PUT /v1/AUTH_dacdb01a7d0947d2842647672ef8e3a8/gnocchi.01ce089a-66af-476d-893b-33d08298b61f HTTP/1.0 201 - python-swiftclient-3.11.1 gAAAAABqKR9o7Mi5... - - - tx24a7200babad4a9cbb988-006a29205d - 0.0248 - - 1781080157.951273680 1781080157.976096153 0
Jun 10 08:29:17 standalone container-server[123719]: 172.20.0.100 - - [10/Jun/2026:08:29:17 +0000] "HEAD /d1/500/AUTH_dacdb01a7d0947d2842647672ef8e3a8/gnocchi.01ce089a-66af-476d-893b-33d08298b61f" 204 - "HEAD http://localhost:8080/v1/AUTH_dacdb01a7d0947d2842647672ef8e3a8/gnocchi.01ce089a-66af-476d-893b-33d08298b61f?format=json&states=listing" "txb71ea996caf4450c8c61f-006a29205d" "proxy-server 12" 0.0023 "-" 20 0
Jun 10 08:29:17 standalone proxy-server[125940]: - - 10/Jun/2026/08/29/17 HEAD /v1/AUTH_dacdb01a7d0947d2842647672ef8e3a8/gnocchi.01ce089a-66af-476d-893b-33d08298b61f%3Fformat%3Djson%26states%3Dlisting HTTP/1.0 204 - Swift - - - - txb71ea996caf4450c8c61f-006a29205d - 0.0073 RL - 1781080157.982971668 1781080157.990253210 0
Jun 10 08:29:17 standalone container-server[123727]: 172.20.0.100 - - [10/Jun/2026:08:29:17 +0000] "GET /d1/500/AUTH_dacdb01a7d0947d2842647672ef8e3a8/gnocchi.01ce089a-66af-476d-893b-33d08298b61f" 200 2 "GET http://localhost:8080/v1/AUTH_dacdb01a7d0947d2842647672ef8e3a8/gnocchi.01ce089a-66af-476d-893b-33d08298b61f?format=json&states=listing" "txb71ea996caf4450c8c61f-006a29205d" "proxy-server 12" 0.0037 "-" 22 0
Jun 10 08:29:18 standalone proxy-server[125940]: 172.18.0.2 ::1 10/Jun/2026/08/29/18 GET /v1/AUTH_dacdb01a7d0947d2842647672ef8e3a8/gnocchi.01ce089a-66af-476d-893b-33d08298b61f%3Fformat%3Djson%26states%3Dlisting HTTP/1.0 200 - python-swiftclient-3.11.1 gAAAAABqKR9o7Mi5... - 2 - txb71ea996caf4450c8c61f-006a29205d - 0.0215 - - 1781080157.981391430 1781080158.002920628 0
Jun 10 08:29:18 standalone object-server[124050]: 172.20.0.100 - - [10/Jun/2026:08:29:18 +0000] "GET /d1/78/AUTH_dacdb01a7d0947d2842647672ef8e3a8/gnocchi.01ce089a-66af-476d-893b-33d08298b61f/1780920000.0_mean_300.0_v3" 404 70 "GET http://localhost:8080/v1/AUTH_dacdb01a7d0947d2842647672ef8e3a8/gnocchi.01ce089a-66af-476d-893b-33d08298b61f/1780920000.0_mean_300.0_v3" "tx60e0f6052f87440491090-006a29205e" "proxy-server 12" 0.0004 "-" 21 0
Jun 10 08:29:18 standalone proxy-server[125940]: 172.18.0.2 ::1 10/Jun/2026/08/29/18 GET /v1/AUTH_dacdb01a7d0947d2842647672ef8e3a8/gnocchi.01ce089a-66af-476d-893b-33d08298b61f/1780920000.0_mean_300.0_v3 HTTP/1.0 404 - python-swiftclient-3.11.1 gAAAAABqKR9o7Mi5... - 70 - tx60e0f6052f87440491090-006a29205e - 0.0063 - - 1781080158.010587931 1781080158.016897678 0
Jun 10 08:29:18 standalone container-server[123719]: 172.20.0.100 - - [10/Jun/2026:08:29:18 +0000] "PUT /d1/500/AUTH_dacdb01a7d0947d2842647672ef8e3a8/gnocchi.01ce089a-66af-476d-893b-33d08298b61f/1780920000.0_mean_300.0_v3" 201 - "PUT http://localhost:8080/d1/78/AUTH_dacdb01a7d0947d2842647672ef8e3a8/gnocchi.01ce089a-66af-476d-893b-33d08298b61f/1780920000.0_mean_300.0_v3" "tx730c8019d164441eaf2e9-006a29205e" "object-server 22" 0.0010 "-" 20 0
Jun 10 08:29:18 standalone object-server[124058]: 172.20.0.100 - - [10/Jun/2026:08:29:18 +0000] "PUT /d1/78/AUTH_dacdb01a7d0947d2842647672ef8e3a8/gnocchi.01ce089a-66af-476d-893b-33d08298b61f/1780920000.0_mean_300.0_v3" 201 - "PUT http://localhost:8080/v1/AUTH_dacdb01a7d0947d2842647672ef8e3a8/gnocchi.01ce089a-66af-476d-893b-33d08298b61f/1780920000.0_mean_300.0_v3" "tx730c8019d164441eaf2e9-006a29205e" "proxy-server 12" 0.0112 "-" 22 0
Jun 10 08:29:18 standalone proxy-server[125940]: 172.18.0.2 ::1 10/Jun/2026/08/29/18 PUT /v1/AUTH_dacdb01a7d0947d2842647672ef8e3a8/gnocchi.01ce089a-66af-476d-893b-33d08298b61f/1780920000.0_mean_300.0_v3 HTTP/1.0 201 - python-swiftclient-3.11.1 gAAAAABqKR9o7Mi5... 16 - - tx730c8019d164441eaf2e9-006a29205e - 0.0168 - - 1781080158.020217419 1781080158.037065983 0
Jun 10 08:29:18 standalone container-server[123727]: 172.20.0.100 - - [10/Jun/2026:08:29:18 +0000] "PUT /d1/500/AUTH_dacdb01a7d0947d2842647672ef8e3a8/gnocchi.01ce089a-66af-476d-893b-33d08298b61f/none_v3" 201 - "PUT http://localhost:8080/d1/403/AUTH_dacdb01a7d0947d2842647672ef8e3a8/gnocchi.01ce089a-66af-476d-893b-33d08298b61f/none_v3" "tx4ccbbbd5e9684082a2ba1-006a29205e" "object-server 23" 0.0011 "-" 22 0
Jun 10 08:29:18 standalone object-server[124059]: 172.20.0.100 - - [10/Jun/2026:08:29:18 +0000] "PUT /d1/403/AUTH_dacdb01a7d0947d2842647672ef8e3a8/gnocchi.01ce089a-66af-476d-893b-33d08298b61f/none_v3" 201 - "PUT http://localhost:8080/v1/AUTH_dacdb01a7d0947d2842647672ef8e3a8/gnocchi.01ce089a-66af-476d-893b-33d08298b61f/none_v3" "tx4ccbbbd5e9684082a2ba1-006a29205e" "proxy-server 12" 0.0095 "-" 23 0
Jun 10 08:29:18 standalone proxy-server[125940]: 172.18.0.2 ::1 10/Jun/2026/08/29/18 PUT /v1/AUTH_dacdb01a7d0947d2842647672ef8e3a8/gnocchi.01ce089a-66af-476d-893b-33d08298b61f/none_v3 HTTP/1.0 201 - python-swiftclient-3.11.1 gAAAAABqKR9o7Mi5... 22 - - tx4ccbbbd5e9684082a2ba1-006a29205e - 0.0159 - - 1781080158.040621281 1781080158.056508780 0
Jun 10 08:29:50 standalone account-server[123866]: 172.20.0.100 - - [10/Jun/2026:08:29:50 +0000] "HEAD /d1/329/.expiring_objects" 404 - "HEAD http://localhost/v1/.expiring_objects?format=json" "txc5828906f469439ca6c7b-006a29207e" "proxy-server 2" 0.0007 "-" 23 -
Jun 10 08:29:50 standalone object-expirer[123891]: Pass completed in 0s; 0 objects expired (txn: txc5828906f469439ca6c7b-006a29207e)
Jun 10 08:32:43 standalone object-server[123985]: Begin object update sweep
Jun 10 08:32:43 standalone object-server[249816]: Object update sweep starting on /srv/node/d1 (pid: 15)
Jun 10 08:32:43 standalone object-server[249816]: Object update sweep completed on /srv/node/d1 in 0.00s seconds:, 0 successes, 0 failures, 0 quarantines, 0 unlinks, 0 errors, 0 redirects (pid: 15)
Jun 10 08:32:43 standalone object-server[249816]: Object update sweep of d1 completed: 0.00s, 0 successes, 0 failures, 0 quarantines, 0 unlinks, 0 errors, 0 redirects
Jun 10 08:32:43 standalone object-server[123985]: Object update sweep completed: 0.10s
Jun 10 08:33:01 standalone account-server[123424]: Devices pass completed: 0.00s
Jun 10 08:33:06 standalone container-server[123721]: Begin container update sweep
Jun 10 08:33:06 standalone account-server[123866]: 172.20.0.100 - - [10/Jun/2026:08:33:06 +0000] "PUT /d1/162/AUTH_dacdb01a7d0947d2842647672ef8e3a8/gnocchi.957f0df5-568d-49e0-9a8a-d4e4795aa3a7" 201 - "-" "-" "container-updater 2" 0.0012 "-" 23 0
Jun 10 08:33:06 standalone account-server[123854]: 172.20.0.100 - - [10/Jun/2026:08:33:06 +0000] "PUT /d1/162/AUTH_dacdb01a7d0947d2842647672ef8e3a8/gnocchi.391c9aff-a547-46cc-9156-13d10a48c15b" 201 - "-" "-" "container-updater 2" 0.0006 "-" 22 0
Jun 10 08:33:06 standalone account-server[123866]: 172.20.0.100 - - [10/Jun/2026:08:33:06 +0000] "PUT /d1/162/AUTH_dacdb01a7d0947d2842647672ef8e3a8/gnocchi.01ce089a-66af-476d-893b-33d08298b61f" 201 - "-" "-" "container-updater 2" 0.0006 "-" 23 0
Jun 10 08:33:06 standalone account-server[123854]: 172.20.0.100 - - [10/Jun/2026:08:33:06 +0000] "PUT /d1/162/AUTH_dacdb01a7d0947d2842647672ef8e3a8/gnocchi.6f19bf30-307c-4cf8-b52b-9ef578fa7bcb" 201 - "-" "-" "container-updater 2" 0.0009 "-" 22 0
Jun 10 08:33:06 standalone account-server[123854]: 172.20.0.100 - - [10/Jun/2026:08:33:06 +0000] "PUT /d1/162/AUTH_dacdb01a7d0947d2842647672ef8e3a8/gnocchi.e40be95a-1b27-4e8f-aa2e-5f5ebe526e0a" 201 - "-" "-" "container-updater 2" 0.0005 "-" 22 0
Jun 10 08:33:06 standalone account-server[123854]: 172.20.0.100 - - [10/Jun/2026:08:33:06 +0000] "PUT /d1/162/AUTH_dacdb01a7d0947d2842647672ef8e3a8/gnocchi.ed944523-34bb-4710-a2dd-42e0dd5852fe" 201 - "-" "-" "container-updater 2" 0.0004 "-" 22 0
Jun 10 08:33:07 standalone account-server[123854]: 172.20.0.100 - - [10/Jun/2026:08:33:07 +0000] "PUT /d1/162/AUTH_dacdb01a7d0947d2842647672ef8e3a8/gnocchi.67646147-eab7-48b6-b518-09da9a3a97c0" 201 - "-" "-" "container-updater 2" 0.0004 "-" 22 0
Jun 10 08:33:07 standalone account-server[123847]: 172.20.0.100 - - [10/Jun/2026:08:33:07 +0000] "PUT /d1/162/AUTH_dacdb01a7d0947d2842647672ef8e3a8/gnocchi.e843dffe-64cf-4000-8c14-2211d9043019" 201 - "-" "-" "container-updater 2" 0.0004 "-" 21 0
Jun 10 08:33:07 standalone account-server[123845]: 172.20.0.100 - - [10/Jun/2026:08:33:07 +0000] "PUT /d1/162/AUTH_dacdb01a7d0947d2842647672ef8e3a8/gnocchi.25820b42-49b8-48e2-a6dd-b4de672fcce5" 201 - "-" "-" "container-updater 2" 0.0006 "-" 20 0
Jun 10 08:33:07 standalone account-server[123845]: 172.20.0.100 - - [10/Jun/2026:08:33:07 +0000] "PUT /d1/162/AUTH_dacdb01a7d0947d2842647672ef8e3a8/gnocchi.ffc6b81d-793d-4dbd-86dc-d50e40a52da2" 201 - "-" "-" "container-updater 2" 0.0008 "-" 20 0
Jun 10 08:33:07 standalone account-server[123866]: 172.20.0.100 - - [10/Jun/2026:08:33:07 +0000] "PUT /d1/162/AUTH_dacdb01a7d0947d2842647672ef8e3a8/gnocchi.7f2e5c2b-b28e-4565-abcf-64f8dc31cde7" 201 - "-" "-" "container-updater 2" 0.0005 "-" 23 0
Jun 10 08:33:07 standalone account-server[123866]: 172.20.0.100 - - [10/Jun/2026:08:33:07 +0000] "PUT /d1/162/AUTH_dacdb01a7d0947d2842647672ef8e3a8/gnocchi.ff244dba-980b-4ff4-9e94-3dd224f46f27" 201 - "-" "-" "container-updater 2" 0.0004 "-" 23 0
Jun 10 08:33:07 standalone account-server[123847]: 172.20.0.100 - - [10/Jun/2026:08:33:07 +0000] "PUT /d1/162/AUTH_dacdb01a7d0947d2842647672ef8e3a8/gnocchi.bef13e43-1463-4bb8-9226-3acd16a048e9" 201 - "-" "-" "container-updater 2" 0.0005 "-" 21 0
Jun 10 08:33:07 standalone account-server[123845]: 172.20.0.100 - - [10/Jun/2026:08:33:07 +0000] "PUT /d1/162/AUTH_dacdb01a7d0947d2842647672ef8e3a8/gnocchi.cfbeb853-3b03-48c0-b85b-dce258063906" 201 - "-" "-" "container-updater 2" 0.0005 "-" 20 0
Jun 10 08:33:07 standalone container-server[123721]: Container update sweep completed: 1.75s
Jun 10 08:34:16 standalone account-server[123866]: 172.20.0.100 - - [10/Jun/2026:08:34:16 +0000] "HEAD /d1/329/.expiring_objects" 404 - "HEAD http://localhost/v1/.expiring_objects?format=json" "tx13cf1165bf834c279b5da-006a292188" "proxy-server 2" 0.0010 "-" 23 -
Jun 10 08:34:16 standalone object-expirer[123891]: Pass completed in 0s; 0 objects expired (txn: tx13cf1165bf834c279b5da-006a292188)
Jun 10 08:36:15 standalone account-server[123854]: 172.20.0.100 - - [10/Jun/2026:08:36:15 +0000] "HEAD /d1/329/.expiring_objects" 404 - "HEAD http://localhost/v1/.expiring_objects?format=json" "tx6d7c1f7eacc04c86b35cd-006a2921ff" "proxy-server 2" 0.0009 "-" 22 -
Jun 10 08:36:15 standalone object-expirer[123891]: Pass completed in 0s; 0 objects expired (txn: tx6d7c1f7eacc04c86b35cd-006a2921ff)
Jun 10 08:37:29 standalone account-server[123845]: 172.20.0.100 - - [10/Jun/2026:08:37:29 +0000] "HEAD /d1/329/.expiring_objects" 404 - "HEAD http://localhost/v1/.expiring_objects?format=json" "tx3237a0497c3746dbbf7db-006a292249" "proxy-server 2" 0.0009 "-" 20 -
Jun 10 08:37:29 standalone object-expirer[123891]: Pass completed in 0s; 0 objects expired (txn: tx3237a0497c3746dbbf7db-006a292249)
Jun 10 08:37:43 standalone object-server[123985]: Begin object update sweep
Jun 10 08:37:43 standalone object-server[271095]: Object update sweep starting on /srv/node/d1 (pid: 16)
Jun 10 08:37:43 standalone object-server[271095]: Object update sweep completed on /srv/node/d1 in 0.00s seconds:, 0 successes, 0 failures, 0 quarantines, 0 unlinks, 0 errors, 0 redirects (pid: 16)
Jun 10 08:37:43 standalone object-server[271095]: Object update sweep of d1 completed: 0.00s, 0 successes, 0 failures, 0 quarantines, 0 unlinks, 0 errors, 0 redirects
Jun 10 08:37:43 standalone object-server[123985]: Object update sweep completed: 0.08s
Jun 10 08:37:49 standalone account-server[123847]: 172.20.0.100 - - [10/Jun/2026:08:37:49 +0000] "HEAD /d1/329/.expiring_objects" 404 - "HEAD http://localhost/v1/.expiring_objects?format=json" "txb23c29ff47f249c1915e2-006a29225d" "proxy-server 2" 0.0010 "-" 21 -
Jun 10 08:37:49 standalone object-expirer[123891]: Pass completed in 0s; 0 objects expired (txn: txb23c29ff47f249c1915e2-006a29225d)
Jun 10 08:37:56 standalone account-server[123866]: 172.20.0.100 - - [10/Jun/2026:08:37:56 +0000] "HEAD /d1/329/.expiring_objects" 404 - "HEAD http://localhost/v1/.expiring_objects?format=json" "tx0014cc9c377d4e599a74e-006a292264" "proxy-server 2" 0.0006 "-" 23 -
Jun 10 08:37:56 standalone object-expirer[123891]: Pass completed in 0s; 0 objects expired (txn: tx0014cc9c377d4e599a74e-006a292264)
Jun 10 08:38:06 standalone container-server[123721]: Begin container update sweep
Jun 10 08:38:07 standalone container-server[123721]: Container update sweep completed: 1.40s
Jun 10 08:38:27 standalone account-server[123847]: 172.20.0.31 - - [10/Jun/2026:08:38:27 +0000] "HEAD /d1/230/AUTH_ac338d2d23ef40e193ebb5bcd5a67e66" 404 - "HEAD http://swift-public-openstack.apps-crc.testing/v1/AUTH_ac338d2d23ef40e193ebb5bcd5a67e66?format=json" "tx1470d84013e34daeaf336-006a292282" "proxy-server 10" 0.0007 "-" 21 -
Jun 10 08:38:28 standalone account-server[123847]: 172.20.0.31 - - [10/Jun/2026:08:38:28 +0000] "GET /d1/230/AUTH_ac338d2d23ef40e193ebb5bcd5a67e66" 404 - "GET http://swift-public-openstack.apps-crc.testing/v1/AUTH_ac338d2d23ef40e193ebb5bcd5a67e66?format=json" "tx1470d84013e34daeaf336-006a292282" "proxy-server 10" 0.0007 "-" 21 -
Jun 10 08:39:04 standalone account-server[123847]: 172.20.0.100 - - [10/Jun/2026:08:39:04 +0000] "HEAD /d1/329/.expiring_objects" 404 - "HEAD http://localhost/v1/.expiring_objects?format=json" "tx166d27bd6ad149e690b52-006a2922a8" "proxy-server 2" 0.0006 "-" 21 -
Jun 10 08:39:04 standalone object-expirer[123891]: Pass completed in 0s; 0 objects expired (txn: tx166d27bd6ad149e690b52-006a2922a8)
Jun 10 08:42:43 standalone object-server[123985]: Begin object update sweep
Jun 10 08:42:43 standalone object-server[291597]: Object update sweep starting on /srv/node/d1 (pid: 17)
Jun 10 08:42:43 standalone object-server[291597]: Object update sweep completed on /srv/node/d1 in 0.00s seconds:, 0 successes, 0 failures, 0 quarantines, 0 unlinks, 0 errors, 0 redirects (pid: 17)
Jun 10 08:42:43 standalone object-server[291597]: Object update sweep of d1 completed: 0.00s, 0 successes, 0 failures, 0 quarantines, 0 unlinks, 0 errors, 0 redirects
Jun 10 08:42:43 standalone object-server[123985]: Object update sweep completed: 0.08s
Jun 10 08:42:45 standalone account-server[123854]: 172.20.0.100 - - [10/Jun/2026:08:42:45 +0000] "HEAD /d1/329/.expiring_objects" 404 - "HEAD http://localhost/v1/.expiring_objects?format=json" "txf1225cbfa4284ce7b0e4d-006a292385" "proxy-server 2" 0.0008 "-" 22 -
Jun 10 08:42:45 standalone object-expirer[123891]: Pass completed in 0s; 0 objects expired (txn: txf1225cbfa4284ce7b0e4d-006a292385)
Jun 10 08:43:06 standalone container-server[123721]: Begin container update sweep
Jun 10 08:43:07 standalone container-server[123721]: Container update sweep completed: 1.47s
Jun 10 08:44:22 standalone account-server[123866]: 172.20.0.100 - - [10/Jun/2026:08:44:22 +0000] "HEAD /d1/329/.expiring_objects" 404 - "HEAD http://localhost/v1/.expiring_objects?format=json" "txcbc359144b484c39b0f5d-006a2923e6" "proxy-server 2" 0.0008 "-" 23 -
Jun 10 08:44:22 standalone object-expirer[123891]: Pass completed in 0s; 0 objects expired (txn: txcbc359144b484c39b0f5d-006a2923e6)
Jun 10 08:45:44 standalone account-server[123866]: 172.20.0.31 - - [10/Jun/2026:08:45:44 +0000] "HEAD /d1/162/AUTH_dacdb01a7d0947d2842647672ef8e3a8" 204 - "HEAD http://swift-internal.openstack.svc:8080/v1/AUTH_dacdb01a7d0947d2842647672ef8e3a8?format=json" "tx27f4fac60fc64023bdbce-006a292438" "proxy-server 10" 0.0132 "-" 23 -
Jun 10 08:45:44 standalone container-server[123719]: 172.20.0.31 - - [10/Jun/2026:08:45:44 +0000] "HEAD /d1/671/AUTH_dacdb01a7d0947d2842647672ef8e3a8/glance" 204 - "HEAD http://swift-internal.openstack.svc:8080/v1/AUTH_dacdb01a7d0947d2842647672ef8e3a8/glance?format=json&states=listing" "tx27f4fac60fc64023bdbce-006a292438" "proxy-server 10" 0.0033 "-" 20 0
Jun 10 08:45:47 standalone container-server[123723]: 172.20.0.100 - - [10/Jun/2026:08:45:47 +0000] "PUT /d1/671/AUTH_dacdb01a7d0947d2842647672ef8e3a8/glance/9ccb7a0b-00e3-4eba-8ccf-ca17a58284f7-00001" 201 - "PUT http://swift-internal.openstack.svc:8080/d1/935/AUTH_dacdb01a7d0947d2842647672ef8e3a8/glance/9ccb7a0b-00e3-4eba-8ccf-ca17a58284f7-00001" "txef6a4728fe464a4391a96-006a292438" "object-server 23" 0.0007 "-" 21 0
Jun 10 08:45:47 standalone object-server[124059]: 172.20.0.31 - - [10/Jun/2026:08:45:47 +0000] "PUT /d1/935/AUTH_dacdb01a7d0947d2842647672ef8e3a8/glance/9ccb7a0b-00e3-4eba-8ccf-ca17a58284f7-00001" 201 - "PUT http://swift-internal.openstack.svc:8080/v1/AUTH_dacdb01a7d0947d2842647672ef8e3a8/glance/9ccb7a0b-00e3-4eba-8ccf-ca17a58284f7-00001" "txef6a4728fe464a4391a96-006a292438" "proxy-server 10" 2.3633 "-" 23 0
Jun 10 08:45:49 standalone container-server[123719]: 172.20.0.100 - - [10/Jun/2026:08:45:49 +0000] "PUT /d1/671/AUTH_dacdb01a7d0947d2842647672ef8e3a8/glance/9ccb7a0b-00e3-4eba-8ccf-ca17a58284f7-00002" 201 - "PUT http://swift-internal.openstack.svc:8080/d1/797/AUTH_dacdb01a7d0947d2842647672ef8e3a8/glance/9ccb7a0b-00e3-4eba-8ccf-ca17a58284f7-00002" "tx7e8c8f62d1b64447b7f0f-006a29243b" "object-server 20" 0.0006 "-" 20 0
Jun 10 08:45:49 standalone object-server[124047]: 172.20.0.31 - - [10/Jun/2026:08:45:49 +0000] "PUT /d1/797/AUTH_dacdb01a7d0947d2842647672ef8e3a8/glance/9ccb7a0b-00e3-4eba-8ccf-ca17a58284f7-00002" 201 - "PUT http://swift-internal.openstack.svc:8080/v1/AUTH_dacdb01a7d0947d2842647672ef8e3a8/glance/9ccb7a0b-00e3-4eba-8ccf-ca17a58284f7-00002" "tx7e8c8f62d1b64447b7f0f-006a29243b" "proxy-server 10" 2.3805 "-" 20 0
Jun 10 08:45:50 standalone container-server[123719]: 172.20.0.100 - - [10/Jun/2026:08:45:50 +0000] "PUT /d1/671/AUTH_dacdb01a7d0947d2842647672ef8e3a8/glance/9ccb7a0b-00e3-4eba-8ccf-ca17a58284f7-00003" 201 - "PUT http://swift-internal.openstack.svc:8080/d1/511/AUTH_dacdb01a7d0947d2842647672ef8e3a8/glance/9ccb7a0b-00e3-4eba-8ccf-ca17a58284f7-00003" "tx1268941bfe66481583f81-006a29243d" "object-server 22" 0.0011 "-" 20 0
Jun 10 08:45:50 standalone object-server[124058]: 172.20.0.31 - - [10/Jun/2026:08:45:50 +0000] "PUT /d1/511/AUTH_dacdb01a7d0947d2842647672ef8e3a8/glance/9ccb7a0b-00e3-4eba-8ccf-ca17a58284f7-00003" 201 - "PUT http://swift-internal.openstack.svc:8080/v1/AUTH_dacdb01a7d0947d2842647672ef8e3a8/glance/9ccb7a0b-00e3-4eba-8ccf-ca17a58284f7-00003" "tx1268941bfe66481583f81-006a29243d" "proxy-server 10" 1.2438 "-" 22 0
Jun 10 08:45:50 standalone container-server[123742]: 172.20.0.100 - - [10/Jun/2026:08:45:50 +0000] "PUT /d1/671/AUTH_dacdb01a7d0947d2842647672ef8e3a8/glance/9ccb7a0b-00e3-4eba-8ccf-ca17a58284f7" 201 - "PUT http://swift-internal.openstack.svc:8080/d1/260/AUTH_dacdb01a7d0947d2842647672ef8e3a8/glance/9ccb7a0b-00e3-4eba-8ccf-ca17a58284f7" "tx6fa415f00be848dcaf161-006a29243e" "object-server 23" 0.0008 "-" 23 0
Jun 10 08:45:50 standalone object-server[124059]: 172.20.0.31 - - [10/Jun/2026:08:45:50 +0000] "PUT /d1/260/AUTH_dacdb01a7d0947d2842647672ef8e3a8/glance/9ccb7a0b-00e3-4eba-8ccf-ca17a58284f7" 201 - "PUT http://swift-internal.openstack.svc:8080/v1/AUTH_dacdb01a7d0947d2842647672ef8e3a8/glance/9ccb7a0b-00e3-4eba-8ccf-ca17a58284f7" "tx6fa415f00be848dcaf161-006a29243e" "proxy-server 10" 0.0112 "-" 23 0
Jun 10 08:47:43 standalone object-server[123985]: Begin object update sweep
Jun 10 08:47:43 standalone object-server[312122]: Object update sweep starting on /srv/node/d1 (pid: 18)
Jun 10 08:47:43 standalone object-server[312122]: Object update sweep completed on /srv/node/d1 in 0.00s seconds:, 0 successes, 0 failures, 0 quarantines, 0 unlinks, 0 errors, 0 redirects (pid: 18)
Jun 10 08:47:43 standalone object-server[312122]: Object update sweep of d1 completed: 0.00s, 0 successes, 0 failures, 0 quarantines, 0 unlinks, 0 errors, 0 redirects
Jun 10 08:47:43 standalone object-server[123985]: Object update sweep completed: 0.05s
Jun 10 08:47:55 standalone account-server[123866]: 172.20.0.100 - - [10/Jun/2026:08:47:55 +0000] "HEAD /d1/329/.expiring_objects" 404 - "HEAD http://localhost/v1/.expiring_objects?format=json" "tx241e47284d654050a2746-006a2924bb" "proxy-server 2" 0.0005 "-" 23 -
Jun 10 08:47:55 standalone object-expirer[123891]: Pass completed in 0s; 0 objects expired (txn: tx241e47284d654050a2746-006a2924bb)
Jun 10 08:48:06 standalone container-server[123721]: Begin container update sweep
Jun 10 08:48:07 standalone account-server[123845]: 172.20.0.100 - - [10/Jun/2026:08:48:07 +0000] "PUT /d1/162/AUTH_dacdb01a7d0947d2842647672ef8e3a8/glance" 201 - "-" "-" "container-updater 2" 0.0007 "-" 20 0
Jun 10 08:48:08 standalone container-server[123721]: Container update sweep completed: 1.72s
Jun 10 08:50:39 standalone account-server[123847]: 172.20.0.100 - - [10/Jun/2026:08:50:39 +0000] "HEAD /d1/329/.expiring_objects" 404 - "HEAD http://localhost/v1/.expiring_objects?format=json" "tx038a6759d0244802beceb-006a29255f" "proxy-server 2" 0.0007 "-" 21 -
Jun 10 08:50:39 standalone object-expirer[123891]: Pass completed in 0s; 0 objects expired (txn: tx038a6759d0244802beceb-006a29255f)
Jun 10 08:50:54 standalone account-server[123866]: 172.20.0.31 - - [10/Jun/2026:08:50:54 +0000] "HEAD /d1/230/AUTH_ac338d2d23ef40e193ebb5bcd5a67e66" 404 - "HEAD http://swift-internal.openstack.svc:8080/v1/AUTH_ac338d2d23ef40e193ebb5bcd5a67e66?format=json" "txc19421866c1b41398e510-006a29256e" "proxy-server 11" 0.0007 "-" 23 -
Jun 10 08:50:54 standalone account-server[123866]: 172.20.0.31 - - [10/Jun/2026:08:50:54 +0000] "GET /d1/230/AUTH_ac338d2d23ef40e193ebb5bcd5a67e66" 404 - "GET http://swift-internal.openstack.svc:8080/v1/AUTH_ac338d2d23ef40e193ebb5bcd5a67e66?format=json" "txc19421866c1b41398e510-006a29256e" "proxy-server 11" 0.0004 "-" 23 -
