Jun 10 08:29:16 standalone account-server[123845]: 172.20.0.100 - - [10/Jun/2026:08:29:16 +0000] "PUT /d1/162/AUTH_dacdb01a7d0947d2842647672ef8e3a8/gnocchi.e40be95a-1b27-4e8f-aa2e-5f5ebe526e0a" 201 - "PUT http://172.20.0.100:6001/d1/260/AUTH_dacdb01a7d0947d2842647672ef8e3a8/gnocchi.e40be95a-1b27-4e8f-aa2e-5f5ebe526e0a" "tx92280deb2c764c77b886f-006a29205c" "container-server 23" 0.0038 "-" 20 0
Jun 10 08:29:16 standalone container-server[123742]: 172.20.0.100 - - [10/Jun/2026:08:29:16 +0000] "PUT /d1/260/AUTH_dacdb01a7d0947d2842647672ef8e3a8/gnocchi.e40be95a-1b27-4e8f-aa2e-5f5ebe526e0a" 201 - "PUT http://localhost:8080/v1/AUTH_dacdb01a7d0947d2842647672ef8e3a8/gnocchi.e40be95a-1b27-4e8f-aa2e-5f5ebe526e0a" "tx92280deb2c764c77b886f-006a29205c" "proxy-server 12" 0.0113 "-" 23 0
Jun 10 08:29:16 standalone proxy-server[125940]: 172.18.0.2 ::1 10/Jun/2026/08/29/16 PUT /v1/AUTH_dacdb01a7d0947d2842647672ef8e3a8/gnocchi.e40be95a-1b27-4e8f-aa2e-5f5ebe526e0a HTTP/1.0 201 - python-swiftclient-3.11.1 gAAAAABqKR9o7Mi5... - - - tx92280deb2c764c77b886f-006a29205c - 0.0146 - - 1781080156.385434628 1781080156.400040150 0
Jun 10 08:29:16 standalone container-server[123727]: 172.20.0.100 - - [10/Jun/2026:08:29:16 +0000] "HEAD /d1/260/AUTH_dacdb01a7d0947d2842647672ef8e3a8/gnocchi.e40be95a-1b27-4e8f-aa2e-5f5ebe526e0a" 204 - "HEAD http://localhost:8080/v1/AUTH_dacdb01a7d0947d2842647672ef8e3a8/gnocchi.e40be95a-1b27-4e8f-aa2e-5f5ebe526e0a?format=json&states=listing" "tx786dbe9ebd2445e793b2a-006a29205c" "proxy-server 12" 0.0011 "-" 22 0
Jun 10 08:29:16 standalone proxy-server[125940]: - - 10/Jun/2026/08/29/16 HEAD /v1/AUTH_dacdb01a7d0947d2842647672ef8e3a8/gnocchi.e40be95a-1b27-4e8f-aa2e-5f5ebe526e0a%3Fformat%3Djson%26states%3Dlisting HTTP/1.0 204 - Swift - - - - tx786dbe9ebd2445e793b2a-006a29205c - 0.0032 RL - 1781080156.403367758 1781080156.406611681 0
Jun 10 08:29:16 standalone container-server[123719]: 172.20.0.100 - - [10/Jun/2026:08:29:16 +0000] "GET /d1/260/AUTH_dacdb01a7d0947d2842647672ef8e3a8/gnocchi.e40be95a-1b27-4e8f-aa2e-5f5ebe526e0a" 200 2 "GET http://localhost:8080/v1/AUTH_dacdb01a7d0947d2842647672ef8e3a8/gnocchi.e40be95a-1b27-4e8f-aa2e-5f5ebe526e0a?format=json&states=listing" "tx786dbe9ebd2445e793b2a-006a29205c" "proxy-server 12" 0.0018 "-" 20 0
Jun 10 08:29:16 standalone proxy-server[125940]: 172.18.0.2 ::1 10/Jun/2026/08/29/16 GET /v1/AUTH_dacdb01a7d0947d2842647672ef8e3a8/gnocchi.e40be95a-1b27-4e8f-aa2e-5f5ebe526e0a%3Fformat%3Djson%26states%3Dlisting HTTP/1.0 200 - python-swiftclient-3.11.1 gAAAAABqKR9o7Mi5... - 2 - tx786dbe9ebd2445e793b2a-006a29205c - 0.0100 - - 1781080156.402629852 1781080156.412606955 0
Jun 10 08:29:16 standalone object-server[124047]: 172.20.0.100 - - [10/Jun/2026:08:29:16 +0000] "GET /d1/685/AUTH_dacdb01a7d0947d2842647672ef8e3a8/gnocchi.e40be95a-1b27-4e8f-aa2e-5f5ebe526e0a/1780920000.0_mean_300.0_v3" 404 70 "GET http://localhost:8080/v1/AUTH_dacdb01a7d0947d2842647672ef8e3a8/gnocchi.e40be95a-1b27-4e8f-aa2e-5f5ebe526e0a/1780920000.0_mean_300.0_v3" "tx6c8e6d10f1c34276a2f63-006a29205c" "proxy-server 12" 0.0003 "-" 20 0
Jun 10 08:29:16 standalone proxy-server[125940]: 172.18.0.2 ::1 10/Jun/2026/08/29/16 GET /v1/AUTH_dacdb01a7d0947d2842647672ef8e3a8/gnocchi.e40be95a-1b27-4e8f-aa2e-5f5ebe526e0a/1780920000.0_mean_300.0_v3 HTTP/1.0 404 - python-swiftclient-3.11.1 gAAAAABqKR9o7Mi5... - 70 - tx6c8e6d10f1c34276a2f63-006a29205c - 0.0040 - - 1781080156.415572882 1781080156.419620037 0
Jun 10 08:29:16 standalone container-server[123723]: 172.20.0.100 - - [10/Jun/2026:08:29:16 +0000] "PUT /d1/260/AUTH_dacdb01a7d0947d2842647672ef8e3a8/gnocchi.e40be95a-1b27-4e8f-aa2e-5f5ebe526e0a/1780920000.0_mean_300.0_v3" 201 - "PUT http://localhost:8080/d1/685/AUTH_dacdb01a7d0947d2842647672ef8e3a8/gnocchi.e40be95a-1b27-4e8f-aa2e-5f5ebe526e0a/1780920000.0_mean_300.0_v3" "tx8b855ea37807417096a32-006a29205c" "object-server 20" 0.0005 "-" 21 0
Jun 10 08:29:16 standalone object-server[124047]: 172.20.0.100 - - [10/Jun/2026:08:29:16 +0000] "PUT /d1/685/AUTH_dacdb01a7d0947d2842647672ef8e3a8/gnocchi.e40be95a-1b27-4e8f-aa2e-5f5ebe526e0a/1780920000.0_mean_300.0_v3" 201 - "PUT http://localhost:8080/v1/AUTH_dacdb01a7d0947d2842647672ef8e3a8/gnocchi.e40be95a-1b27-4e8f-aa2e-5f5ebe526e0a/1780920000.0_mean_300.0_v3" "tx8b855ea37807417096a32-006a29205c" "proxy-server 12" 0.0099 "-" 20 0
Jun 10 08:29:16 standalone proxy-server[125940]: 172.18.0.2 ::1 10/Jun/2026/08/29/16 PUT /v1/AUTH_dacdb01a7d0947d2842647672ef8e3a8/gnocchi.e40be95a-1b27-4e8f-aa2e-5f5ebe526e0a/1780920000.0_mean_300.0_v3 HTTP/1.0 201 - python-swiftclient-3.11.1 gAAAAABqKR9o7Mi5... 16 - - tx8b855ea37807417096a32-006a29205c - 0.0180 - - 1781080156.421743155 1781080156.439733028 0
Jun 10 08:29:16 standalone container-server[123742]: 172.20.0.100 - - [10/Jun/2026:08:29:16 +0000] "PUT /d1/260/AUTH_dacdb01a7d0947d2842647672ef8e3a8/gnocchi.e40be95a-1b27-4e8f-aa2e-5f5ebe526e0a/none_v3" 201 - "PUT http://localhost:8080/d1/631/AUTH_dacdb01a7d0947d2842647672ef8e3a8/gnocchi.e40be95a-1b27-4e8f-aa2e-5f5ebe526e0a/none_v3" "txf5df867d569447e8b3fed-006a29205c" "object-server 20" 0.0005 "-" 23 0
Jun 10 08:29:16 standalone object-server[124047]: 172.20.0.100 - - [10/Jun/2026:08:29:16 +0000] "PUT /d1/631/AUTH_dacdb01a7d0947d2842647672ef8e3a8/gnocchi.e40be95a-1b27-4e8f-aa2e-5f5ebe526e0a/none_v3" 201 - "PUT http://localhost:8080/v1/AUTH_dacdb01a7d0947d2842647672ef8e3a8/gnocchi.e40be95a-1b27-4e8f-aa2e-5f5ebe526e0a/none_v3" "txf5df867d569447e8b3fed-006a29205c" "proxy-server 12" 0.0103 "-" 20 0
Jun 10 08:29:16 standalone proxy-server[125940]: 172.18.0.2 ::1 10/Jun/2026/08/29/16 PUT /v1/AUTH_dacdb01a7d0947d2842647672ef8e3a8/gnocchi.e40be95a-1b27-4e8f-aa2e-5f5ebe526e0a/none_v3 HTTP/1.0 201 - python-swiftclient-3.11.1 gAAAAABqKR9o7Mi5... 22 - - txf5df867d569447e8b3fed-006a29205c - 0.0165 - - 1781080156.444810867 1781080156.461360216 0
Jun 10 08:29:16 standalone container-server[123742]: 172.20.0.100 - - [10/Jun/2026:08:29:16 +0000] "HEAD /d1/731/AUTH_dacdb01a7d0947d2842647672ef8e3a8/gnocchi.e843dffe-64cf-4000-8c14-2211d9043019" 404 - "HEAD http://localhost:8080/v1/AUTH_dacdb01a7d0947d2842647672ef8e3a8/gnocchi.e843dffe-64cf-4000-8c14-2211d9043019?format=json&states=listing" "tx9671346aa34747f0b8d1f-006a29205c" "proxy-server 12" 0.0007 "-" 23 0
Jun 10 08:29:16 standalone object-server[124059]: 172.20.0.100 - - [10/Jun/2026:08:29:16 +0000] "GET /d1/122/AUTH_dacdb01a7d0947d2842647672ef8e3a8/gnocchi.e843dffe-64cf-4000-8c14-2211d9043019/none_v3" 404 70 "GET http://localhost:8080/v1/AUTH_dacdb01a7d0947d2842647672ef8e3a8/gnocchi.e843dffe-64cf-4000-8c14-2211d9043019/none_v3" "tx9671346aa34747f0b8d1f-006a29205c" "proxy-server 12" 0.0005 "-" 23 0
Jun 10 08:29:16 standalone proxy-server[125940]: 172.18.0.2 ::1 10/Jun/2026/08/29/16 GET /v1/AUTH_dacdb01a7d0947d2842647672ef8e3a8/gnocchi.e843dffe-64cf-4000-8c14-2211d9043019/none_v3 HTTP/1.0 404 - python-swiftclient-3.11.1 gAAAAABqKR9o7Mi5... - 70 - tx9671346aa34747f0b8d1f-006a29205c - 0.0107 - - 1781080156.474390745 1781080156.485106707 0
Jun 10 08:29:16 standalone account-server[123845]: 172.20.0.100 - - [10/Jun/2026:08:29:16 +0000] "PUT /d1/162/AUTH_dacdb01a7d0947d2842647672ef8e3a8/gnocchi.e843dffe-64cf-4000-8c14-2211d9043019" 201 - "PUT http://172.20.0.100:6001/d1/731/AUTH_dacdb01a7d0947d2842647672ef8e3a8/gnocchi.e843dffe-64cf-4000-8c14-2211d9043019" "txe8d6b05b5e06416d84d8f-006a29205c" "container-server 20" 0.0054 "-" 20 0
Jun 10 08:29:16 standalone container-server[123719]: 172.20.0.100 - - [10/Jun/2026:08:29:16 +0000] "PUT /d1/731/AUTH_dacdb01a7d0947d2842647672ef8e3a8/gnocchi.e843dffe-64cf-4000-8c14-2211d9043019" 201 - "PUT http://localhost:8080/v1/AUTH_dacdb01a7d0947d2842647672ef8e3a8/gnocchi.e843dffe-64cf-4000-8c14-2211d9043019" "txe8d6b05b5e06416d84d8f-006a29205c" "proxy-server 12" 0.0138 "-" 20 0
Jun 10 08:29:16 standalone proxy-server[125940]: 172.18.0.2 ::1 10/Jun/2026/08/29/16 PUT /v1/AUTH_dacdb01a7d0947d2842647672ef8e3a8/gnocchi.e843dffe-64cf-4000-8c14-2211d9043019 HTTP/1.0 201 - python-swiftclient-3.11.1 gAAAAABqKR9o7Mi5... - - - txe8d6b05b5e06416d84d8f-006a29205c - 0.0193 - - 1781080156.489337683 1781080156.508594036 0
Jun 10 08:29:16 standalone container-server[123719]: 172.20.0.100 - - [10/Jun/2026:08:29:16 +0000] "HEAD /d1/731/AUTH_dacdb01a7d0947d2842647672ef8e3a8/gnocchi.e843dffe-64cf-4000-8c14-2211d9043019" 204 - "HEAD http://localhost:8080/v1/AUTH_dacdb01a7d0947d2842647672ef8e3a8/gnocchi.e843dffe-64cf-4000-8c14-2211d9043019?format=json&states=listing" "txca3b20a80cc945698a812-006a29205c" "proxy-server 12" 0.0009 "-" 20 0
Jun 10 08:29:16 standalone proxy-server[125940]: - - 10/Jun/2026/08/29/16 HEAD /v1/AUTH_dacdb01a7d0947d2842647672ef8e3a8/gnocchi.e843dffe-64cf-4000-8c14-2211d9043019%3Fformat%3Djson%26states%3Dlisting HTTP/1.0 204 - Swift - - - - txca3b20a80cc945698a812-006a29205c - 0.0033 RL - 1781080156.516820669 1781080156.520128012 0
Jun 10 08:29:16 standalone container-server[123719]: 172.20.0.100 - - [10/Jun/2026:08:29:16 +0000] "GET /d1/731/AUTH_dacdb01a7d0947d2842647672ef8e3a8/gnocchi.e843dffe-64cf-4000-8c14-2211d9043019" 200 2 "GET http://localhost:8080/v1/AUTH_dacdb01a7d0947d2842647672ef8e3a8/gnocchi.e843dffe-64cf-4000-8c14-2211d9043019?format=json&states=listing" "txca3b20a80cc945698a812-006a29205c" "proxy-server 12" 0.0013 "-" 20 0
Jun 10 08:29:16 standalone proxy-server[125940]: 172.18.0.2 ::1 10/Jun/2026/08/29/16 GET /v1/AUTH_dacdb01a7d0947d2842647672ef8e3a8/gnocchi.e843dffe-64cf-4000-8c14-2211d9043019%3Fformat%3Djson%26states%3Dlisting HTTP/1.0 200 - python-swiftclient-3.11.1 gAAAAABqKR9o7Mi5... - 2 - txca3b20a80cc945698a812-006a29205c - 0.0096 - - 1781080156.515832901 1781080156.525422096 0
Jun 10 08:29:16 standalone object-server[124047]: 172.20.0.100 - - [10/Jun/2026:08:29:16 +0000] "GET /d1/428/AUTH_dacdb01a7d0947d2842647672ef8e3a8/gnocchi.e843dffe-64cf-4000-8c14-2211d9043019/1780920000.0_mean_300.0_v3" 404 70 "GET http://localhost:8080/v1/AUTH_dacdb01a7d0947d2842647672ef8e3a8/gnocchi.e843dffe-64cf-4000-8c14-2211d9043019/1780920000.0_mean_300.0_v3" "tx735db4ea8e89466399dc8-006a29205c" "proxy-server 12" 0.0003 "-" 20 0
Jun 10 08:29:16 standalone proxy-server[125940]: 172.18.0.2 ::1 10/Jun/2026/08/29/16 GET /v1/AUTH_dacdb01a7d0947d2842647672ef8e3a8/gnocchi.e843dffe-64cf-4000-8c14-2211d9043019/1780920000.0_mean_300.0_v3 HTTP/1.0 404 - python-swiftclient-3.11.1 gAAAAABqKR9o7Mi5... - 70 - tx735db4ea8e89466399dc8-006a29205c - 0.0048 - - 1781080156.531354189 1781080156.536162853 0
Jun 10 08:29:16 standalone container-server[123742]: 172.20.0.100 - - [10/Jun/2026:08:29:16 +0000] "PUT /d1/731/AUTH_dacdb01a7d0947d2842647672ef8e3a8/gnocchi.e843dffe-64cf-4000-8c14-2211d9043019/1780920000.0_mean_300.0_v3" 201 - "PUT http://localhost:8080/d1/428/AUTH_dacdb01a7d0947d2842647672ef8e3a8/gnocchi.e843dffe-64cf-4000-8c14-2211d9043019/1780920000.0_mean_300.0_v3" "txcd6b3f5a400d48b39ffcd-006a29205c" "object-server 21" 0.0009 "-" 23 0
Jun 10 08:29:16 standalone object-server[124050]: 172.20.0.100 - - [10/Jun/2026:08:29:16 +0000] "PUT /d1/428/AUTH_dacdb01a7d0947d2842647672ef8e3a8/gnocchi.e843dffe-64cf-4000-8c14-2211d9043019/1780920000.0_mean_300.0_v3" 201 - "PUT http://localhost:8080/v1/AUTH_dacdb01a7d0947d2842647672ef8e3a8/gnocchi.e843dffe-64cf-4000-8c14-2211d9043019/1780920000.0_mean_300.0_v3" "txcd6b3f5a400d48b39ffcd-006a29205c" "proxy-server 12" 0.0142 "-" 21 0
Jun 10 08:29:16 standalone proxy-server[125940]: 172.18.0.2 ::1 10/Jun/2026/08/29/16 PUT /v1/AUTH_dacdb01a7d0947d2842647672ef8e3a8/gnocchi.e843dffe-64cf-4000-8c14-2211d9043019/1780920000.0_mean_300.0_v3 HTTP/1.0 201 - python-swiftclient-3.11.1 gAAAAABqKR9o7Mi5... 16 - - txcd6b3f5a400d48b39ffcd-006a29205c - 0.0218 - - 1781080156.541113853 1781080156.562962770 0
Jun 10 08:29:16 standalone container-server[123742]: 172.20.0.100 - - [10/Jun/2026:08:29:16 +0000] "PUT /d1/731/AUTH_dacdb01a7d0947d2842647672ef8e3a8/gnocchi.e843dffe-64cf-4000-8c14-2211d9043019/none_v3" 201 - "PUT http://localhost:8080/d1/122/AUTH_dacdb01a7d0947d2842647672ef8e3a8/gnocchi.e843dffe-64cf-4000-8c14-2211d9043019/none_v3" "txfeb087a3601c44c588687-006a29205c" "object-server 21" 0.0008 "-" 23 0
Jun 10 08:29:16 standalone object-server[124050]: 172.20.0.100 - - [10/Jun/2026:08:29:16 +0000] "PUT /d1/122/AUTH_dacdb01a7d0947d2842647672ef8e3a8/gnocchi.e843dffe-64cf-4000-8c14-2211d9043019/none_v3" 201 - "PUT http://localhost:8080/v1/AUTH_dacdb01a7d0947d2842647672ef8e3a8/gnocchi.e843dffe-64cf-4000-8c14-2211d9043019/none_v3" "txfeb087a3601c44c588687-006a29205c" "proxy-server 12" 0.0247 "-" 21 0
Jun 10 08:29:16 standalone proxy-server[125940]: 172.18.0.2 ::1 10/Jun/2026/08/29/16 PUT /v1/AUTH_dacdb01a7d0947d2842647672ef8e3a8/gnocchi.e843dffe-64cf-4000-8c14-2211d9043019/none_v3 HTTP/1.0 201 - python-swiftclient-3.11.1 gAAAAABqKR9o7Mi5... 22 - - txfeb087a3601c44c588687-006a29205c - 0.0323 - - 1781080156.573687553 1781080156.606028080 0
Jun 10 08:29:16 standalone container-server[123723]: 172.20.0.100 - - [10/Jun/2026:08:29:16 +0000] "HEAD /d1/81/AUTH_dacdb01a7d0947d2842647672ef8e3a8/gnocchi.67646147-eab7-48b6-b518-09da9a3a97c0" 404 - "HEAD http://localhost:8080/v1/AUTH_dacdb01a7d0947d2842647672ef8e3a8/gnocchi.67646147-eab7-48b6-b518-09da9a3a97c0?format=json&states=listing" "txec6d100534be434bad7d2-006a29205c" "proxy-server 12" 0.0006 "-" 21 0
Jun 10 08:29:16 standalone object-server[124050]: 172.20.0.100 - - [10/Jun/2026:08:29:16 +0000] "GET /d1/95/AUTH_dacdb01a7d0947d2842647672ef8e3a8/gnocchi.67646147-eab7-48b6-b518-09da9a3a97c0/none_v3" 404 70 "GET http://localhost:8080/v1/AUTH_dacdb01a7d0947d2842647672ef8e3a8/gnocchi.67646147-eab7-48b6-b518-09da9a3a97c0/none_v3" "txec6d100534be434bad7d2-006a29205c" "proxy-server 12" 0.0006 "-" 21 0
Jun 10 08:29:16 standalone proxy-server[125940]: 172.18.0.2 ::1 10/Jun/2026/08/29/16 GET /v1/AUTH_dacdb01a7d0947d2842647672ef8e3a8/gnocchi.67646147-eab7-48b6-b518-09da9a3a97c0/none_v3 HTTP/1.0 404 - python-swiftclient-3.11.1 gAAAAABqKR9o7Mi5... - 70 - txec6d100534be434bad7d2-006a29205c - 0.0112 - - 1781080156.619940281 1781080156.631134272 0
Jun 10 08:29:16 standalone account-server[123847]: 172.20.0.100 - - [10/Jun/2026:08:29:16 +0000] "PUT /d1/162/AUTH_dacdb01a7d0947d2842647672ef8e3a8/gnocchi.67646147-eab7-48b6-b518-09da9a3a97c0" 201 - "PUT http://172.20.0.100:6001/d1/81/AUTH_dacdb01a7d0947d2842647672ef8e3a8/gnocchi.67646147-eab7-48b6-b518-09da9a3a97c0" "txfe2b5df7cb0441e08d23d-006a29205c" "container-server 21" 0.0058 "-" 21 0
Jun 10 08:29:16 standalone container-server[123723]: 172.20.0.100 - - [10/Jun/2026:08:29:16 +0000] "PUT /d1/81/AUTH_dacdb01a7d0947d2842647672ef8e3a8/gnocchi.67646147-eab7-48b6-b518-09da9a3a97c0" 201 - "PUT http://localhost:8080/v1/AUTH_dacdb01a7d0947d2842647672ef8e3a8/gnocchi.67646147-eab7-48b6-b518-09da9a3a97c0" "txfe2b5df7cb0441e08d23d-006a29205c" "proxy-server 12" 0.0195 "-" 21 0
Jun 10 08:29:16 standalone proxy-server[125940]: 172.18.0.2 ::1 10/Jun/2026/08/29/16 PUT /v1/AUTH_dacdb01a7d0947d2842647672ef8e3a8/gnocchi.67646147-eab7-48b6-b518-09da9a3a97c0 HTTP/1.0 201 - python-swiftclient-3.11.1 gAAAAABqKR9o7Mi5... - - - txfe2b5df7cb0441e08d23d-006a29205c - 0.0255 - - 1781080156.634688854 1781080156.660201311 0
Jun 10 08:29:16 standalone container-server[123719]: 172.20.0.100 - - [10/Jun/2026:08:29:16 +0000] "HEAD /d1/81/AUTH_dacdb01a7d0947d2842647672ef8e3a8/gnocchi.67646147-eab7-48b6-b518-09da9a3a97c0" 204 - "HEAD http://localhost:8080/v1/AUTH_dacdb01a7d0947d2842647672ef8e3a8/gnocchi.67646147-eab7-48b6-b518-09da9a3a97c0?format=json&states=listing" "tx04768752a69444e59c50a-006a29205c" "proxy-server 12" 0.0024 "-" 20 0
Jun 10 08:29:16 standalone proxy-server[125940]: - - 10/Jun/2026/08/29/16 HEAD /v1/AUTH_dacdb01a7d0947d2842647672ef8e3a8/gnocchi.67646147-eab7-48b6-b518-09da9a3a97c0%3Fformat%3Djson%26states%3Dlisting HTTP/1.0 204 - Swift - - - - tx04768752a69444e59c50a-006a29205c - 0.0058 RL - 1781080156.664924860 1781080156.670696259 0
Jun 10 08:29:16 standalone container-server[123742]: 172.20.0.100 - - [10/Jun/2026:08:29:16 +0000] "GET /d1/81/AUTH_dacdb01a7d0947d2842647672ef8e3a8/gnocchi.67646147-eab7-48b6-b518-09da9a3a97c0" 200 2 "GET http://localhost:8080/v1/AUTH_dacdb01a7d0947d2842647672ef8e3a8/gnocchi.67646147-eab7-48b6-b518-09da9a3a97c0?format=json&states=listing" "tx04768752a69444e59c50a-006a29205c" "proxy-server 12" 0.0035 "-" 23 0
Jun 10 08:29:16 standalone proxy-server[125940]: 172.18.0.2 ::1 10/Jun/2026/08/29/16 GET /v1/AUTH_dacdb01a7d0947d2842647672ef8e3a8/gnocchi.67646147-eab7-48b6-b518-09da9a3a97c0%3Fformat%3Djson%26states%3Dlisting HTTP/1.0 200 - python-swiftclient-3.11.1 gAAAAABqKR9o7Mi5... - 2 - tx04768752a69444e59c50a-006a29205c - 0.0153 - - 1781080156.664049625 1781080156.679337502 0
Jun 10 08:29:16 standalone object-server[124050]: 172.20.0.100 - - [10/Jun/2026:08:29:16 +0000] "GET /d1/925/AUTH_dacdb01a7d0947d2842647672ef8e3a8/gnocchi.67646147-eab7-48b6-b518-09da9a3a97c0/1780920000.0_mean_300.0_v3" 404 70 "GET http://localhost:8080/v1/AUTH_dacdb01a7d0947d2842647672ef8e3a8/gnocchi.67646147-eab7-48b6-b518-09da9a3a97c0/1780920000.0_mean_300.0_v3" "tx7764f6286ce644aba20a5-006a29205c" "proxy-server 12" 0.0004 "-" 21 0
Jun 10 08:29:16 standalone proxy-server[125940]: 172.18.0.2 ::1 10/Jun/2026/08/29/16 GET /v1/AUTH_dacdb01a7d0947d2842647672ef8e3a8/gnocchi.67646147-eab7-48b6-b518-09da9a3a97c0/1780920000.0_mean_300.0_v3 HTTP/1.0 404 - python-swiftclient-3.11.1 gAAAAABqKR9o7Mi5... - 70 - tx7764f6286ce644aba20a5-006a29205c - 0.0046 - - 1781080156.682425737 1781080156.687021732 0
Jun 10 08:29:16 standalone container-server[123723]: 172.20.0.100 - - [10/Jun/2026:08:29:16 +0000] "PUT /d1/81/AUTH_dacdb01a7d0947d2842647672ef8e3a8/gnocchi.67646147-eab7-48b6-b518-09da9a3a97c0/1780920000.0_mean_300.0_v3" 201 - "PUT http://localhost:8080/d1/925/AUTH_dacdb01a7d0947d2842647672ef8e3a8/gnocchi.67646147-eab7-48b6-b518-09da9a3a97c0/1780920000.0_mean_300.0_v3" "tx92fdf1cc1c114e60a834f-006a29205c" "object-server 20" 0.0009 "-" 21 0
Jun 10 08:29:16 standalone object-server[124047]: 172.20.0.100 - - [10/Jun/2026:08:29:16 +0000] "PUT /d1/925/AUTH_dacdb01a7d0947d2842647672ef8e3a8/gnocchi.67646147-eab7-48b6-b518-09da9a3a97c0/1780920000.0_mean_300.0_v3" 201 - "PUT http://localhost:8080/v1/AUTH_dacdb01a7d0947d2842647672ef8e3a8/gnocchi.67646147-eab7-48b6-b518-09da9a3a97c0/1780920000.0_mean_300.0_v3" "tx92fdf1cc1c114e60a834f-006a29205c" "proxy-server 12" 0.0099 "-" 20 0
Jun 10 08:29:16 standalone proxy-server[125940]: 172.18.0.2 ::1 10/Jun/2026/08/29/16 PUT /v1/AUTH_dacdb01a7d0947d2842647672ef8e3a8/gnocchi.67646147-eab7-48b6-b518-09da9a3a97c0/1780920000.0_mean_300.0_v3 HTTP/1.0 201 - python-swiftclient-3.11.1 gAAAAABqKR9o7Mi5... 16 - - tx92fdf1cc1c114e60a834f-006a29205c - 0.0140 - - 1781080156.689542294 1781080156.703537941 0
Jun 10 08:29:16 standalone container-server[123727]: 172.20.0.100 - - [10/Jun/2026:08:29:16 +0000] "PUT /d1/81/AUTH_dacdb01a7d0947d2842647672ef8e3a8/gnocchi.67646147-eab7-48b6-b518-09da9a3a97c0/none_v3" 201 - "PUT http://localhost:8080/d1/95/AUTH_dacdb01a7d0947d2842647672ef8e3a8/gnocchi.67646147-eab7-48b6-b518-09da9a3a97c0/none_v3" "tx7256475b00f24d98b1713-006a29205c" "object-server 21" 0.0005 "-" 22 0
Jun 10 08:29:16 standalone object-server[124050]: 172.20.0.100 - - [10/Jun/2026:08:29:16 +0000] "PUT /d1/95/AUTH_dacdb01a7d0947d2842647672ef8e3a8/gnocchi.67646147-eab7-48b6-b518-09da9a3a97c0/none_v3" 201 - "PUT http://localhost:8080/v1/AUTH_dacdb01a7d0947d2842647672ef8e3a8/gnocchi.67646147-eab7-48b6-b518-09da9a3a97c0/none_v3" "tx7256475b00f24d98b1713-006a29205c" "proxy-server 12" 0.0085 "-" 21 0
Jun 10 08:29:16 standalone proxy-server[125940]: 172.18.0.2 ::1 10/Jun/2026/08/29/16 PUT /v1/AUTH_dacdb01a7d0947d2842647672ef8e3a8/gnocchi.67646147-eab7-48b6-b518-09da9a3a97c0/none_v3 HTTP/1.0 201 - python-swiftclient-3.11.1 gAAAAABqKR9o7Mi5... 22 - - tx7256475b00f24d98b1713-006a29205c - 0.0136 - - 1781080156.706776857 1781080156.720330715 0
Jun 10 08:29:16 standalone container-server[123727]: 172.20.0.100 - - [10/Jun/2026:08:29:16 +0000] "HEAD /d1/647/AUTH_dacdb01a7d0947d2842647672ef8e3a8/gnocchi.bef13e43-1463-4bb8-9226-3acd16a048e9" 404 - "HEAD http://localhost:8080/v1/AUTH_dacdb01a7d0947d2842647672ef8e3a8/gnocchi.bef13e43-1463-4bb8-9226-3acd16a048e9?format=json&states=listing" "txdb769b704c11451c8dccb-006a29205c" "proxy-server 12" 0.0003 "-" 22 0
Jun 10 08:29:16 standalone object-server[124058]: 172.20.0.100 - - [10/Jun/2026:08:29:16 +0000] "GET /d1/755/AUTH_dacdb01a7d0947d2842647672ef8e3a8/gnocchi.bef13e43-1463-4bb8-9226-3acd16a048e9/none_v3" 404 70 "GET http://localhost:8080/v1/AUTH_dacdb01a7d0947d2842647672ef8e3a8/gnocchi.bef13e43-1463-4bb8-9226-3acd16a048e9/none_v3" "txdb769b704c11451c8dccb-006a29205c" "proxy-server 12" 0.0006 "-" 22 0
Jun 10 08:29:16 standalone proxy-server[125940]: 172.18.0.2 ::1 10/Jun/2026/08/29/16 GET /v1/AUTH_dacdb01a7d0947d2842647672ef8e3a8/gnocchi.bef13e43-1463-4bb8-9226-3acd16a048e9/none_v3 HTTP/1.0 404 - python-swiftclient-3.11.1 gAAAAABqKR9o7Mi5... - 70 - txdb769b704c11451c8dccb-006a29205c - 0.0102 - - 1781080156.731191635 1781080156.741393805 0
Jun 10 08:29:16 standalone account-server[123847]: 172.20.0.100 - - [10/Jun/2026:08:29:16 +0000] "PUT /d1/162/AUTH_dacdb01a7d0947d2842647672ef8e3a8/gnocchi.bef13e43-1463-4bb8-9226-3acd16a048e9" 201 - "PUT http://172.20.0.100:6001/d1/647/AUTH_dacdb01a7d0947d2842647672ef8e3a8/gnocchi.bef13e43-1463-4bb8-9226-3acd16a048e9" "txeb96d4c5251e4947b086c-006a29205c" "container-server 22" 0.0081 "-" 21 0
Jun 10 08:29:16 standalone container-server[123727]: 172.20.0.100 - - [10/Jun/2026:08:29:16 +0000] "PUT /d1/647/AUTH_dacdb01a7d0947d2842647672ef8e3a8/gnocchi.bef13e43-1463-4bb8-9226-3acd16a048e9" 201 - "PUT http://localhost:8080/v1/AUTH_dacdb01a7d0947d2842647672ef8e3a8/gnocchi.bef13e43-1463-4bb8-9226-3acd16a048e9" "txeb96d4c5251e4947b086c-006a29205c" "proxy-server 12" 0.0201 "-" 22 0
Jun 10 08:29:16 standalone proxy-server[125940]: 172.18.0.2 ::1 10/Jun/2026/08/29/16 PUT /v1/AUTH_dacdb01a7d0947d2842647672ef8e3a8/gnocchi.bef13e43-1463-4bb8-9226-3acd16a048e9 HTTP/1.0 201 - python-swiftclient-3.11.1 gAAAAABqKR9o7Mi5... - - - txeb96d4c5251e4947b086c-006a29205c - 0.0247 - - 1781080156.743892193 1781080156.768598795 0
Jun 10 08:29:16 standalone container-server[123719]: 172.20.0.100 - - [10/Jun/2026:08:29:16 +0000] "HEAD /d1/647/AUTH_dacdb01a7d0947d2842647672ef8e3a8/gnocchi.bef13e43-1463-4bb8-9226-3acd16a048e9" 204 - "HEAD http://localhost:8080/v1/AUTH_dacdb01a7d0947d2842647672ef8e3a8/gnocchi.bef13e43-1463-4bb8-9226-3acd16a048e9?format=json&states=listing" "txf609459d08a640df909d4-006a29205c" "proxy-server 12" 0.0047 "-" 20 0
Jun 10 08:29:16 standalone proxy-server[125940]: - - 10/Jun/2026/08/29/16 HEAD /v1/AUTH_dacdb01a7d0947d2842647672ef8e3a8/gnocchi.bef13e43-1463-4bb8-9226-3acd16a048e9%3Fformat%3Djson%26states%3Dlisting HTTP/1.0 204 - Swift - - - - txf609459d08a640df909d4-006a29205c - 0.0102 RL - 1781080156.774027109 1781080156.784265995 0
Jun 10 08:29:16 standalone container-server[123727]: 172.20.0.100 - - [10/Jun/2026:08:29:16 +0000] "GET /d1/647/AUTH_dacdb01a7d0947d2842647672ef8e3a8/gnocchi.bef13e43-1463-4bb8-9226-3acd16a048e9" 200 2 "GET http://localhost:8080/v1/AUTH_dacdb01a7d0947d2842647672ef8e3a8/gnocchi.bef13e43-1463-4bb8-9226-3acd16a048e9?format=json&states=listing" "txf609459d08a640df909d4-006a29205c" "proxy-server 12" 0.0025 "-" 22 0
Jun 10 08:29:16 standalone proxy-server[125940]: 172.18.0.2 ::1 10/Jun/2026/08/29/16 GET /v1/AUTH_dacdb01a7d0947d2842647672ef8e3a8/gnocchi.bef13e43-1463-4bb8-9226-3acd16a048e9%3Fformat%3Djson%26states%3Dlisting HTTP/1.0 200 - python-swiftclient-3.11.1 gAAAAABqKR9o7Mi5... - 2 - txf609459d08a640df909d4-006a29205c - 0.0228 - - 1781080156.772450209 1781080156.795228004 0
Jun 10 08:29:16 standalone object-server[124050]: 172.20.0.100 - - [10/Jun/2026:08:29:16 +0000] "GET /d1/150/AUTH_dacdb01a7d0947d2842647672ef8e3a8/gnocchi.bef13e43-1463-4bb8-9226-3acd16a048e9/1780920000.0_mean_300.0_v3" 404 70 "GET http://localhost:8080/v1/AUTH_dacdb01a7d0947d2842647672ef8e3a8/gnocchi.bef13e43-1463-4bb8-9226-3acd16a048e9/1780920000.0_mean_300.0_v3" "tx532f017b65d548fbb59d9-006a29205c" "proxy-server 12" 0.0005 "-" 21 0
Jun 10 08:29:16 standalone proxy-server[125940]: 172.18.0.2 ::1 10/Jun/2026/08/29/16 GET /v1/AUTH_dacdb01a7d0947d2842647672ef8e3a8/gnocchi.bef13e43-1463-4bb8-9226-3acd16a048e9/1780920000.0_mean_300.0_v3 HTTP/1.0 404 - python-swiftclient-3.11.1 gAAAAABqKR9o7Mi5... - 70 - tx532f017b65d548fbb59d9-006a29205c - 0.0075 - - 1781080156.800593376 1781080156.808100939 0
Jun 10 08:29:16 standalone container-server[123742]: 172.20.0.100 - - [10/Jun/2026:08:29:16 +0000] "PUT /d1/647/AUTH_dacdb01a7d0947d2842647672ef8e3a8/gnocchi.bef13e43-1463-4bb8-9226-3acd16a048e9/1780920000.0_mean_300.0_v3" 201 - "PUT http://localhost:8080/d1/150/AUTH_dacdb01a7d0947d2842647672ef8e3a8/gnocchi.bef13e43-1463-4bb8-9226-3acd16a048e9/1780920000.0_mean_300.0_v3" "txd8c291fb839f4e2abbae4-006a29205c" "object-server 23" 0.0010 "-" 23 0
Jun 10 08:29:16 standalone object-server[124059]: 172.20.0.100 - - [10/Jun/2026:08:29:16 +0000] "PUT /d1/150/AUTH_dacdb01a7d0947d2842647672ef8e3a8/gnocchi.bef13e43-1463-4bb8-9226-3acd16a048e9/1780920000.0_mean_300.0_v3" 201 - "PUT http://localhost:8080/v1/AUTH_dacdb01a7d0947d2842647672ef8e3a8/gnocchi.bef13e43-1463-4bb8-9226-3acd16a048e9/1780920000.0_mean_300.0_v3" "txd8c291fb839f4e2abbae4-006a29205c" "proxy-server 12" 0.0122 "-" 23 0
Jun 10 08:29:16 standalone proxy-server[125940]: 172.18.0.2 ::1 10/Jun/2026/08/29/16 PUT /v1/AUTH_dacdb01a7d0947d2842647672ef8e3a8/gnocchi.bef13e43-1463-4bb8-9226-3acd16a048e9/1780920000.0_mean_300.0_v3 HTTP/1.0 201 - python-swiftclient-3.11.1 gAAAAABqKR9o7Mi5... 16 - - txd8c291fb839f4e2abbae4-006a29205c - 0.0199 - - 1781080156.812924623 1781080156.832802057 0
Jun 10 08:29:16 standalone container-server[123742]: 172.20.0.100 - - [10/Jun/2026:08:29:16 +0000] "PUT /d1/647/AUTH_dacdb01a7d0947d2842647672ef8e3a8/gnocchi.bef13e43-1463-4bb8-9226-3acd16a048e9/none_v3" 201 - "PUT http://localhost:8080/d1/755/AUTH_dacdb01a7d0947d2842647672ef8e3a8/gnocchi.bef13e43-1463-4bb8-9226-3acd16a048e9/none_v3" "tx9ac3100630bc4b5d89970-006a29205c" "object-server 21" 0.0007 "-" 23 0
Jun 10 08:29:16 standalone object-server[124050]: 172.20.0.100 - - [10/Jun/2026:08:29:16 +0000] "PUT /d1/755/AUTH_dacdb01a7d0947d2842647672ef8e3a8/gnocchi.bef13e43-1463-4bb8-9226-3acd16a048e9/none_v3" 201 - "PUT http://localhost:8080/v1/AUTH_dacdb01a7d0947d2842647672ef8e3a8/gnocchi.bef13e43-1463-4bb8-9226-3acd16a048e9/none_v3" "tx9ac3100630bc4b5d89970-006a29205c" "proxy-server 12" 0.0113 "-" 21 0
Jun 10 08:29:16 standalone proxy-server[125940]: 172.18.0.2 ::1 10/Jun/2026/08/29/16 PUT /v1/AUTH_dacdb01a7d0947d2842647672ef8e3a8/gnocchi.bef13e43-1463-4bb8-9226-3acd16a048e9/none_v3 HTTP/1.0 201 - python-swiftclient-3.11.1 gAAAAABqKR9o7Mi5... 22 - - tx9ac3100630bc4b5d89970-006a29205c - 0.0199 - - 1781080156.837265730 1781080156.857151508 0
Jun 10 08:29:16 standalone container-server[123723]: 172.20.0.100 - - [10/Jun/2026:08:29:16 +0000] "HEAD /d1/39/AUTH_dacdb01a7d0947d2842647672ef8e3a8/gnocchi.6f19bf30-307c-4cf8-b52b-9ef578fa7bcb" 404 - "HEAD http://localhost:8080/v1/AUTH_dacdb01a7d0947d2842647672ef8e3a8/gnocchi.6f19bf30-307c-4cf8-b52b-9ef578fa7bcb?format=json&states=listing" "tx6c23266c38e24f4e93a62-006a29205c" "proxy-server 12" 0.0006 "-" 21 0
Jun 10 08:29:16 standalone object-server[124050]: 172.20.0.100 - - [10/Jun/2026:08:29:16 +0000] "GET /d1/740/AUTH_dacdb01a7d0947d2842647672ef8e3a8/gnocchi.6f19bf30-307c-4cf8-b52b-9ef578fa7bcb/none_v3" 404 70 "GET http://localhost:8080/v1/AUTH_dacdb01a7d0947d2842647672ef8e3a8/gnocchi.6f19bf30-307c-4cf8-b52b-9ef578fa7bcb/none_v3" "tx6c23266c38e24f4e93a62-006a29205c" "proxy-server 12" 0.0006 "-" 21 0
Jun 10 08:29:16 standalone proxy-server[125940]: 172.18.0.2 ::1 10/Jun/2026/08/29/16 GET /v1/AUTH_dacdb01a7d0947d2842647672ef8e3a8/gnocchi.6f19bf30-307c-4cf8-b52b-9ef578fa7bcb/none_v3 HTTP/1.0 404 - python-swiftclient-3.11.1 gAAAAABqKR9o7Mi5... - 70 - tx6c23266c38e24f4e93a62-006a29205c - 0.0150 - - 1781080156.872508526 1781080156.887517929 0
Jun 10 08:29:16 standalone account-server[123854]: 172.20.0.100 - - [10/Jun/2026:08:29:16 +0000] "PUT /d1/162/AUTH_dacdb01a7d0947d2842647672ef8e3a8/gnocchi.6f19bf30-307c-4cf8-b52b-9ef578fa7bcb" 201 - "PUT http://172.20.0.100:6001/d1/39/AUTH_dacdb01a7d0947d2842647672ef8e3a8/gnocchi.6f19bf30-307c-4cf8-b52b-9ef578fa7bcb" "tx645fb77d41c84ce0b633b-006a29205c" "container-server 21" 0.0069 "-" 22 0
Jun 10 08:29:16 standalone container-server[123723]: 172.20.0.100 - - [10/Jun/2026:08:29:16 +0000] "PUT /d1/39/AUTH_dacdb01a7d0947d2842647672ef8e3a8/gnocchi.6f19bf30-307c-4cf8-b52b-9ef578fa7bcb" 201 - "PUT http://localhost:8080/v1/AUTH_dacdb01a7d0947d2842647672ef8e3a8/gnocchi.6f19bf30-307c-4cf8-b52b-9ef578fa7bcb" "tx645fb77d41c84ce0b633b-006a29205c" "proxy-server 12" 0.0202 "-" 21 0
Jun 10 08:29:16 standalone proxy-server[125940]: 172.18.0.2 ::1 10/Jun/2026/08/29/16 PUT /v1/AUTH_dacdb01a7d0947d2842647672ef8e3a8/gnocchi.6f19bf30-307c-4cf8-b52b-9ef578fa7bcb HTTP/1.0 201 - python-swiftclient-3.11.1 gAAAAABqKR9o7Mi5... - - - tx645fb77d41c84ce0b633b-006a29205c - 0.0290 - - 1781080156.893769741 1781080156.922759533 0
Jun 10 08:29:16 standalone container-server[123723]: 172.20.0.100 - - [10/Jun/2026:08:29:16 +0000] "HEAD /d1/39/AUTH_dacdb01a7d0947d2842647672ef8e3a8/gnocchi.6f19bf30-307c-4cf8-b52b-9ef578fa7bcb" 204 - "HEAD http://localhost:8080/v1/AUTH_dacdb01a7d0947d2842647672ef8e3a8/gnocchi.6f19bf30-307c-4cf8-b52b-9ef578fa7bcb?format=json&states=listing" "tx21af8958f1234315bdb71-006a29205c" "proxy-server 12" 0.0020 "-" 21 0
Jun 10 08:29:16 standalone proxy-server[125940]: - - 10/Jun/2026/08/29/16 HEAD /v1/AUTH_dacdb01a7d0947d2842647672ef8e3a8/gnocchi.6f19bf30-307c-4cf8-b52b-9ef578fa7bcb%3Fformat%3Djson%26states%3Dlisting HTTP/1.0 204 - Swift - - - - tx21af8958f1234315bdb71-006a29205c - 0.0069 RL - 1781080156.932543278 1781080156.939445257 0
Jun 10 08:29:16 standalone container-server[123719]: 172.20.0.100 - - [10/Jun/2026:08:29:16 +0000] "GET /d1/39/AUTH_dacdb01a7d0947d2842647672ef8e3a8/gnocchi.6f19bf30-307c-4cf8-b52b-9ef578fa7bcb" 200 2 "GET http://localhost:8080/v1/AUTH_dacdb01a7d0947d2842647672ef8e3a8/gnocchi.6f19bf30-307c-4cf8-b52b-9ef578fa7bcb?format=json&states=listing" "tx21af8958f1234315bdb71-006a29205c" "proxy-server 12" 0.0032 "-" 20 0
Jun 10 08:29:16 standalone proxy-server[125940]: 172.18.0.2 ::1 10/Jun/2026/08/29/16 GET /v1/AUTH_dacdb01a7d0947d2842647672ef8e3a8/gnocchi.6f19bf30-307c-4cf8-b52b-9ef578fa7bcb%3Fformat%3Djson%26states%3Dlisting HTTP/1.0 200 - python-swiftclient-3.11.1 gAAAAABqKR9o7Mi5... - 2 - tx21af8958f1234315bdb71-006a29205c - 0.0221 - - 1781080156.930642605 1781080156.952783823 0
Jun 10 08:29:16 standalone object-server[124058]: 172.20.0.100 - - [10/Jun/2026:08:29:16 +0000] "GET /d1/191/AUTH_dacdb01a7d0947d2842647672ef8e3a8/gnocchi.6f19bf30-307c-4cf8-b52b-9ef578fa7bcb/1780920000.0_mean_300.0_v3" 404 70 "GET http://localhost:8080/v1/AUTH_dacdb01a7d0947d2842647672ef8e3a8/gnocchi.6f19bf30-307c-4cf8-b52b-9ef578fa7bcb/1780920000.0_mean_300.0_v3" "tx0ecdb584c37c4447a086f-006a29205c" "proxy-server 12" 0.0005 "-" 22 0
Jun 10 08:29:16 standalone proxy-server[125940]: 172.18.0.2 ::1 10/Jun/2026/08/29/16 GET /v1/AUTH_dacdb01a7d0947d2842647672ef8e3a8/gnocchi.6f19bf30-307c-4cf8-b52b-9ef578fa7bcb/1780920000.0_mean_300.0_v3 HTTP/1.0 404 - python-swiftclient-3.11.1 gAAAAABqKR9o7Mi5... - 70 - tx0ecdb584c37c4447a086f-006a29205c - 0.0085 - - 1781080156.960929394 1781080156.969416142 0
Jun 10 08:29:16 standalone container-server[123727]: 172.20.0.100 - - [10/Jun/2026:08:29:16 +0000] "PUT /d1/39/AUTH_dacdb01a7d0947d2842647672ef8e3a8/gnocchi.6f19bf30-307c-4cf8-b52b-9ef578fa7bcb/1780920000.0_mean_300.0_v3" 201 - "PUT http://localhost:8080/d1/191/AUTH_dacdb01a7d0947d2842647672ef8e3a8/gnocchi.6f19bf30-307c-4cf8-b52b-9ef578fa7bcb/1780920000.0_mean_300.0_v3" "txddb976c15a1342699bf5b-006a29205c" "object-server 20" 0.0008 "-" 22 0
Jun 10 08:29:16 standalone object-server[124047]: 172.20.0.100 - - [10/Jun/2026:08:29:16 +0000] "PUT /d1/191/AUTH_dacdb01a7d0947d2842647672ef8e3a8/gnocchi.6f19bf30-307c-4cf8-b52b-9ef578fa7bcb/1780920000.0_mean_300.0_v3" 201 - "PUT http://localhost:8080/v1/AUTH_dacdb01a7d0947d2842647672ef8e3a8/gnocchi.6f19bf30-307c-4cf8-b52b-9ef578fa7bcb/1780920000.0_mean_300.0_v3" "txddb976c15a1342699bf5b-006a29205c" "proxy-server 12" 0.0124 "-" 20 0
Jun 10 08:29:16 standalone proxy-server[125940]: 172.18.0.2 ::1 10/Jun/2026/08/29/16 PUT /v1/AUTH_dacdb01a7d0947d2842647672ef8e3a8/gnocchi.6f19bf30-307c-4cf8-b52b-9ef578fa7bcb/1780920000.0_mean_300.0_v3 HTTP/1.0 201 - python-swiftclient-3.11.1 gAAAAABqKR9o7Mi5... 16 - - txddb976c15a1342699bf5b-006a29205c - 0.0217 - - 1781080156.973979235 1781080156.995666981 0
Jun 10 08:29:17 standalone container-server[123723]: 172.20.0.100 - - [10/Jun/2026:08:29:17 +0000] "PUT /d1/39/AUTH_dacdb01a7d0947d2842647672ef8e3a8/gnocchi.6f19bf30-307c-4cf8-b52b-9ef578fa7bcb/none_v3" 201 - "PUT http://localhost:8080/d1/740/AUTH_dacdb01a7d0947d2842647672ef8e3a8/gnocchi.6f19bf30-307c-4cf8-b52b-9ef578fa7bcb/none_v3" "tx536f70b2380d48388fa3f-006a29205d" "object-server 22" 0.0006 "-" 21 0
Jun 10 08:29:17 standalone object-server[124058]: 172.20.0.100 - - [10/Jun/2026:08:29:17 +0000] "PUT /d1/740/AUTH_dacdb01a7d0947d2842647672ef8e3a8/gnocchi.6f19bf30-307c-4cf8-b52b-9ef578fa7bcb/none_v3" 201 - "PUT http://localhost:8080/v1/AUTH_dacdb01a7d0947d2842647672ef8e3a8/gnocchi.6f19bf30-307c-4cf8-b52b-9ef578fa7bcb/none_v3" "tx536f70b2380d48388fa3f-006a29205d" "proxy-server 12" 0.0115 "-" 22 0
Jun 10 08:29:17 standalone proxy-server[125940]: 172.18.0.2 ::1 10/Jun/2026/08/29/17 PUT /v1/AUTH_dacdb01a7d0947d2842647672ef8e3a8/gnocchi.6f19bf30-307c-4cf8-b52b-9ef578fa7bcb/none_v3 HTTP/1.0 201 - python-swiftclient-3.11.1 gAAAAABqKR9o7Mi5... 22 - - tx536f70b2380d48388fa3f-006a29205d - 0.0203 - - 1781080157.001974344 1781080157.022321224 0
Jun 10 08:29:17 standalone container-server[123719]: 172.20.0.100 - - [10/Jun/2026:08:29:17 +0000] "HEAD /d1/379/AUTH_dacdb01a7d0947d2842647672ef8e3a8/gnocchi.957f0df5-568d-49e0-9a8a-d4e4795aa3a7" 404 - "HEAD http://localhost:8080/v1/AUTH_dacdb01a7d0947d2842647672ef8e3a8/gnocchi.957f0df5-568d-49e0-9a8a-d4e4795aa3a7?format=json&states=listing" "tx62d14b42463641dd9a519-006a29205d" "proxy-server 12" 0.0008 "-" 20 0
Jun 10 08:29:17 standalone object-server[124058]: 172.20.0.100 - - [10/Jun/2026:08:29:17 +0000] "GET /d1/762/AUTH_dacdb01a7d0947d2842647672ef8e3a8/gnocchi.957f0df5-568d-49e0-9a8a-d4e4795aa3a7/none_v3" 404 70 "GET http://localhost:8080/v1/AUTH_dacdb01a7d0947d2842647672ef8e3a8/gnocchi.957f0df5-568d-49e0-9a8a-d4e4795aa3a7/none_v3" "tx62d14b42463641dd9a519-006a29205d" "proxy-server 12" 0.0004 "-" 22 0
Jun 10 08:29:17 standalone proxy-server[125940]: 172.18.0.2 ::1 10/Jun/2026/08/29/17 GET /v1/AUTH_dacdb01a7d0947d2842647672ef8e3a8/gnocchi.957f0df5-568d-49e0-9a8a-d4e4795aa3a7/none_v3 HTTP/1.0 404 - python-swiftclient-3.11.1 gAAAAABqKR9o7Mi5... - 70 - tx62d14b42463641dd9a519-006a29205d - 0.0149 - - 1781080157.046268463 1781080157.061136961 0
Jun 10 08:29:17 standalone account-server[123854]: 172.20.0.100 - - [10/Jun/2026:08:29:17 +0000] "PUT /d1/162/AUTH_dacdb01a7d0947d2842647672ef8e3a8/gnocchi.957f0df5-568d-49e0-9a8a-d4e4795aa3a7" 201 - "PUT http://172.20.0.100:6001/d1/379/AUTH_dacdb01a7d0947d2842647672ef8e3a8/gnocchi.957f0df5-568d-49e0-9a8a-d4e4795aa3a7" "txd78fcb053a624be386892-006a29205d" "container-server 21" 0.0061 "-" 22 0
Jun 10 08:29:17 standalone container-server[123723]: 172.20.0.100 - - [10/Jun/2026:08:29:17 +0000] "PUT /d1/379/AUTH_dacdb01a7d0947d2842647672ef8e3a8/gnocchi.957f0df5-568d-49e0-9a8a-d4e4795aa3a7" 201 - "PUT http://localhost:8080/v1/AUTH_dacdb01a7d0947d2842647672ef8e3a8/gnocchi.957f0df5-568d-49e0-9a8a-d4e4795aa3a7" "txd78fcb053a624be386892-006a29205d" "proxy-server 12" 0.0204 "-" 21 0
Jun 10 08:29:17 standalone proxy-server[125940]: 172.18.0.2 ::1 10/Jun/2026/08/29/17 PUT /v1/AUTH_dacdb01a7d0947d2842647672ef8e3a8/gnocchi.957f0df5-568d-49e0-9a8a-d4e4795aa3a7 HTTP/1.0 201 - python-swiftclient-3.11.1 gAAAAABqKR9o7Mi5... - - - txd78fcb053a624be386892-006a29205d - 0.0316 - - 1781080157.067364693 1781080157.098970890 0
Jun 10 08:29:17 standalone container-server[123742]: 172.20.0.100 - - [10/Jun/2026:08:29:17 +0000] "HEAD /d1/102/AUTH_dacdb01a7d0947d2842647672ef8e3a8/gnocchi.ff244dba-980b-4ff4-9e94-3dd224f46f27" 404 - "HEAD http://localhost:8080/v1/AUTH_dacdb01a7d0947d2842647672ef8e3a8/gnocchi.ff244dba-980b-4ff4-9e94-3dd224f46f27?format=json&states=listing" "txb1081ae957ea458398f6a-006a29205d" "proxy-server 12" 0.0004 "-" 23 0
Jun 10 08:29:17 standalone object-server[124059]: 172.20.0.100 - - [10/Jun/2026:08:29:17 +0000] "GET /d1/716/AUTH_dacdb01a7d0947d2842647672ef8e3a8/gnocchi.ff244dba-980b-4ff4-9e94-3dd224f46f27/none_v3" 404 70 "GET http://localhost:8080/v1/AUTH_dacdb01a7d0947d2842647672ef8e3a8/gnocchi.ff244dba-980b-4ff4-9e94-3dd224f46f27/none_v3" "txb1081ae957ea458398f6a-006a29205d" "proxy-server 12" 0.0006 "-" 23 0
Jun 10 08:29:17 standalone proxy-server[125940]: 172.18.0.2 ::1 10/Jun/2026/08/29/17 GET /v1/AUTH_dacdb01a7d0947d2842647672ef8e3a8/gnocchi.ff244dba-980b-4ff4-9e94-3dd224f46f27/none_v3 HTTP/1.0 404 - python-swiftclient-3.11.1 gAAAAABqKR9o7Mi5... - 70 - txb1081ae957ea458398f6a-006a29205d - 0.0109 - - 1781080157.103566170 1781080157.114500761 0
Jun 10 08:29:17 standalone account-server[123845]: 172.20.0.100 - - [10/Jun/2026:08:29:17 +0000] "PUT /d1/162/AUTH_dacdb01a7d0947d2842647672ef8e3a8/gnocchi.ff244dba-980b-4ff4-9e94-3dd224f46f27" 201 - "PUT http://172.20.0.100:6001/d1/102/AUTH_dacdb01a7d0947d2842647672ef8e3a8/gnocchi.ff244dba-980b-4ff4-9e94-3dd224f46f27" "txa204dee2ddb44b8dbe485-006a29205d" "container-server 21" 0.0054 "-" 20 0
Jun 10 08:29:17 standalone container-server[123723]: 172.20.0.100 - - [10/Jun/2026:08:29:17 +0000] "PUT /d1/102/AUTH_dacdb01a7d0947d2842647672ef8e3a8/gnocchi.ff244dba-980b-4ff4-9e94-3dd224f46f27" 201 - "PUT http://localhost:8080/v1/AUTH_dacdb01a7d0947d2842647672ef8e3a8/gnocchi.ff244dba-980b-4ff4-9e94-3dd224f46f27" "txa204dee2ddb44b8dbe485-006a29205d" "proxy-server 12" 0.0211 "-" 21 0
Jun 10 08:29:17 standalone proxy-server[125940]: 172.18.0.2 ::1 10/Jun/2026/08/29/17 PUT /v1/AUTH_dacdb01a7d0947d2842647672ef8e3a8/gnocchi.ff244dba-980b-4ff4-9e94-3dd224f46f27 HTTP/1.0 201 - python-swiftclient-3.11.1 gAAAAABqKR9o7Mi5... - - - txa204dee2ddb44b8dbe485-006a29205d - 0.0279 - - 1781080157.118638039 1781080157.146523714 0
Jun 10 08:29:17 standalone container-server[123727]: 172.20.0.100 - - [10/Jun/2026:08:29:17 +0000] "HEAD /d1/379/AUTH_dacdb01a7d0947d2842647672ef8e3a8/gnocchi.957f0df5-568d-49e0-9a8a-d4e4795aa3a7" 204 - "HEAD http://localhost:8080/v1/AUTH_dacdb01a7d0947d2842647672ef8e3a8/gnocchi.957f0df5-568d-49e0-9a8a-d4e4795aa3a7?format=json&states=listing" "txed33d5b631a74266ad50a-006a29205d" "proxy-server 12" 0.0016 "-" 22 0
Jun 10 08:29:17 standalone proxy-server[125940]: - - 10/Jun/2026/08/29/17 HEAD /v1/AUTH_dacdb01a7d0947d2842647672ef8e3a8/gnocchi.957f0df5-568d-49e0-9a8a-d4e4795aa3a7%3Fformat%3Djson%26states%3Dlisting HTTP/1.0 204 - Swift - - - - txed33d5b631a74266ad50a-006a29205d - 0.0063 RL - 1781080157.154407978 1781080157.160751581 0
Jun 10 08:29:17 standalone container-server[123719]: 172.20.0.100 - - [10/Jun/2026:08:29:17 +0000] "GET /d1/379/AUTH_dacdb01a7d0947d2842647672ef8e3a8/gnocchi.957f0df5-568d-49e0-9a8a-d4e4795aa3a7" 200 2 "GET http://localhost:8080/v1/AUTH_dacdb01a7d0947d2842647672ef8e3a8/gnocchi.957f0df5-568d-49e0-9a8a-d4e4795aa3a7?format=json&states=listing" "txed33d5b631a74266ad50a-006a29205d" "proxy-server 12" 0.0040 "-" 20 0
Jun 10 08:29:17 standalone proxy-server[125940]: 172.18.0.2 ::1 10/Jun/2026/08/29/17 GET /v1/AUTH_dacdb01a7d0947d2842647672ef8e3a8/gnocchi.957f0df5-568d-49e0-9a8a-d4e4795aa3a7%3Fformat%3Djson%26states%3Dlisting HTTP/1.0 200 - python-swiftclient-3.11.1 gAAAAABqKR9o7Mi5... - 2 - txed33d5b631a74266ad50a-006a29205d - 0.0218 - - 1781080157.152716637 1781080157.174475431 0
Jun 10 08:29:17 standalone container-server[123719]: 172.20.0.100 - - [10/Jun/2026:08:29:17 +0000] "HEAD /d1/102/AUTH_dacdb01a7d0947d2842647672ef8e3a8/gnocchi.ff244dba-980b-4ff4-9e94-3dd224f46f27" 204 - "HEAD http://localhost:8080/v1/AUTH_dacdb01a7d0947d2842647672ef8e3a8/gnocchi.ff244dba-980b-4ff4-9e94-3dd224f46f27?format=json&states=listing" "tx078f22aa53524a53bb17b-006a29205d" "proxy-server 12" 0.0019 "-" 20 0
Jun 10 08:29:17 standalone proxy-server[125940]: - - 10/Jun/2026/08/29/17 HEAD /v1/AUTH_dacdb01a7d0947d2842647672ef8e3a8/gnocchi.ff244dba-980b-4ff4-9e94-3dd224f46f27%3Fformat%3Djson%26states%3Dlisting HTTP/1.0 204 - Swift - - - - tx078f22aa53524a53bb17b-006a29205d - 0.0064 RL - 1781080157.183098078 1781080157.189527512 0
Jun 10 08:29:17 standalone container-server[123723]: 172.20.0.100 - - [10/Jun/2026:08:29:17 +0000] "GET /d1/102/AUTH_dacdb01a7d0947d2842647672ef8e3a8/gnocchi.ff244dba-980b-4ff4-9e94-3dd224f46f27" 200 2 "GET http://localhost:8080/v1/AUTH_dacdb01a7d0947d2842647672ef8e3a8/gnocchi.ff244dba-980b-4ff4-9e94-3dd224f46f27?format=json&states=listing" "tx078f22aa53524a53bb17b-006a29205d" "proxy-server 12" 0.0033 "-" 21 0
Jun 10 08:29:17 standalone proxy-server[125940]: 172.18.0.2 ::1 10/Jun/2026/08/29/17 GET /v1/AUTH_dacdb01a7d0947d2842647672ef8e3a8/gnocchi.ff244dba-980b-4ff4-9e94-3dd224f46f27%3Fformat%3Djson%26states%3Dlisting HTTP/1.0 200 - python-swiftclient-3.11.1 gAAAAABqKR9o7Mi5... - 2 - tx078f22aa53524a53bb17b-006a29205d - 0.0219 - - 1781080157.181522131 1781080157.203448057 0
Jun 10 08:29:17 standalone object-server[124058]: 172.20.0.100 - - [10/Jun/2026:08:29:17 +0000] "GET /d1/180/AUTH_dacdb01a7d0947d2842647672ef8e3a8/gnocchi.957f0df5-568d-49e0-9a8a-d4e4795aa3a7/1780920000.0_mean_300.0_v3" 404 70 "GET http://localhost:8080/v1/AUTH_dacdb01a7d0947d2842647672ef8e3a8/gnocchi.957f0df5-568d-49e0-9a8a-d4e4795aa3a7/1780920000.0_mean_300.0_v3" "tx668960e79de74d9b822ae-006a29205d" "proxy-server 12" 0.0004 "-" 22 0
Jun 10 08:29:17 standalone proxy-server[125940]: 172.18.0.2 ::1 10/Jun/2026/08/29/17 GET /v1/AUTH_dacdb01a7d0947d2842647672ef8e3a8/gnocchi.957f0df5-568d-49e0-9a8a-d4e4795aa3a7/1780920000.0_mean_300.0_v3 HTTP/1.0 404 - python-swiftclient-3.11.1 gAAAAABqKR9o7Mi5... - 70 - tx668960e79de74d9b822ae-006a29205d - 0.0086 - - 1781080157.209573030 1781080157.218155146 0
Jun 10 08:29:17 standalone object-server[124059]: 172.20.0.100 - - [10/Jun/2026:08:29:17 +0000] "GET /d1/452/AUTH_dacdb01a7d0947d2842647672ef8e3a8/gnocchi.ff244dba-980b-4ff4-9e94-3dd224f46f27/1780920000.0_mean_300.0_v3" 404 70 "GET http://localhost:8080/v1/AUTH_dacdb01a7d0947d2842647672ef8e3a8/gnocchi.ff244dba-980b-4ff4-9e94-3dd224f46f27/1780920000.0_mean_300.0_v3" "txe9bc904d22b646929b66b-006a29205d" "proxy-server 12" 0.0007 "-" 23 0
Jun 10 08:29:17 standalone proxy-server[125940]: 172.18.0.2 ::1 10/Jun/2026/08/29/17 GET /v1/AUTH_dacdb01a7d0947d2842647672ef8e3a8/gnocchi.ff244dba-980b-4ff4-9e94-3dd224f46f27/1780920000.0_mean_300.0_v3 HTTP/1.0 404 - python-swiftclient-3.11.1 gAAAAABqKR9o7Mi5... - 70 - txe9bc904d22b646929b66b-006a29205d - 0.0090 - - 1781080157.223344088 1781080157.232351780 0
Jun 10 08:29:17 standalone container-server[123742]: 172.20.0.100 - - [10/Jun/2026:08:29:17 +0000] "PUT /d1/379/AUTH_dacdb01a7d0947d2842647672ef8e3a8/gnocchi.957f0df5-568d-49e0-9a8a-d4e4795aa3a7/1780920000.0_mean_300.0_v3" 201 - "PUT http://localhost:8080/d1/180/AUTH_dacdb01a7d0947d2842647672ef8e3a8/gnocchi.957f0df5-568d-49e0-9a8a-d4e4795aa3a7/1780920000.0_mean_300.0_v3" "tx6f07ebba300045d3b784e-006a29205d" "object-server 22" 0.0011 "-" 23 0
Jun 10 08:29:17 standalone object-server[124058]: 172.20.0.100 - - [10/Jun/2026:08:29:17 +0000] "PUT /d1/180/AUTH_dacdb01a7d0947d2842647672ef8e3a8/gnocchi.957f0df5-568d-49e0-9a8a-d4e4795aa3a7/1780920000.0_mean_300.0_v3" 201 - "PUT http://localhost:8080/v1/AUTH_dacdb01a7d0947d2842647672ef8e3a8/gnocchi.957f0df5-568d-49e0-9a8a-d4e4795aa3a7/1780920000.0_mean_300.0_v3" "tx6f07ebba300045d3b784e-006a29205d" "proxy-server 12" 0.0138 "-" 22 0
Jun 10 08:29:17 standalone proxy-server[125940]: 172.18.0.2 ::1 10/Jun/2026/08/29/17 PUT /v1/AUTH_dacdb01a7d0947d2842647672ef8e3a8/gnocchi.957f0df5-568d-49e0-9a8a-d4e4795aa3a7/1780920000.0_mean_300.0_v3 HTTP/1.0 201 - python-swiftclient-3.11.1 gAAAAABqKR9o7Mi5... 16 - - tx6f07ebba300045d3b784e-006a29205d - 0.0231 - - 1781080157.237835169 1781080157.260901213 0
Jun 10 08:29:17 standalone container-server[123742]: 172.20.0.100 - - [10/Jun/2026:08:29:17 +0000] "PUT /d1/102/AUTH_dacdb01a7d0947d2842647672ef8e3a8/gnocchi.ff244dba-980b-4ff4-9e94-3dd224f46f27/1780920000.0_mean_300.0_v3" 201 - "PUT http://localhost:8080/d1/452/AUTH_dacdb01a7d0947d2842647672ef8e3a8/gnocchi.ff244dba-980b-4ff4-9e94-3dd224f46f27/1780920000.0_mean_300.0_v3" "tx90be5303a30d40f1a60db-006a29205d" "object-server 22" 0.0011 "-" 23 0
Jun 10 08:29:17 standalone object-server[124058]: 172.20.0.100 - - [10/Jun/2026:08:29:17 +0000] "PUT /d1/452/AUTH_dacdb01a7d0947d2842647672ef8e3a8/gnocchi.ff244dba-980b-4ff4-9e94-3dd224f46f27/1780920000.0_mean_300.0_v3" 201 - "PUT http://localhost:8080/v1/AUTH_dacdb01a7d0947d2842647672ef8e3a8/gnocchi.ff244dba-980b-4ff4-9e94-3dd224f46f27/1780920000.0_mean_300.0_v3" "tx90be5303a30d40f1a60db-006a29205d" "proxy-server 12" 0.0149 "-" 22 0
Jun 10 08:29:17 standalone proxy-server[125940]: 172.18.0.2 ::1 10/Jun/2026/08/29/17 PUT /v1/AUTH_dacdb01a7d0947d2842647672ef8e3a8/gnocchi.ff244dba-980b-4ff4-9e94-3dd224f46f27/1780920000.0_mean_300.0_v3 HTTP/1.0 201 - python-swiftclient-3.11.1 gAAAAABqKR9o7Mi5... 16 - - tx90be5303a30d40f1a60db-006a29205d - 0.0264 - - 1781080157.265963554 1781080157.292411566 0
Jun 10 08:29:17 standalone container-server[123727]: 172.20.0.100 - - [10/Jun/2026:08:29:17 +0000] "PUT /d1/379/AUTH_dacdb01a7d0947d2842647672ef8e3a8/gnocchi.957f0df5-568d-49e0-9a8a-d4e4795aa3a7/none_v3" 201 - "PUT http://localhost:8080/d1/762/AUTH_dacdb01a7d0947d2842647672ef8e3a8/gnocchi.957f0df5-568d-49e0-9a8a-d4e4795aa3a7/none_v3" "tx3b8e1eac4e5f469b8161a-006a29205d" "object-server 23" 0.0006 "-" 22 0
Jun 10 08:29:17 standalone object-server[124059]: 172.20.0.100 - - [10/Jun/2026:08:29:17 +0000] "PUT /d1/762/AUTH_dacdb01a7d0947d2842647672ef8e3a8/gnocchi.957f0df5-568d-49e0-9a8a-d4e4795aa3a7/none_v3" 201 - "PUT http://localhost:8080/v1/AUTH_dacdb01a7d0947d2842647672ef8e3a8/gnocchi.957f0df5-568d-49e0-9a8a-d4e4795aa3a7/none_v3" "tx3b8e1eac4e5f469b8161a-006a29205d" "proxy-server 12" 0.0130 "-" 23 0
Jun 10 08:29:17 standalone proxy-server[125940]: 172.18.0.2 ::1 10/Jun/2026/08/29/17 PUT /v1/AUTH_dacdb01a7d0947d2842647672ef8e3a8/gnocchi.957f0df5-568d-49e0-9a8a-d4e4795aa3a7/none_v3 HTTP/1.0 201 - python-swiftclient-3.11.1 gAAAAABqKR9o7Mi5... 22 - - tx3b8e1eac4e5f469b8161a-006a29205d - 0.0237 - - 1781080157.296718359 1781080157.320452929 0
Jun 10 08:29:17 standalone container-server[123723]: 172.20.0.100 - - [10/Jun/2026:08:29:17 +0000] "PUT /d1/102/AUTH_dacdb01a7d0947d2842647672ef8e3a8/gnocchi.ff244dba-980b-4ff4-9e94-3dd224f46f27/none_v3" 201 - "PUT http://localhost:8080/d1/716/AUTH_dacdb01a7d0947d2842647672ef8e3a8/gnocchi.ff244dba-980b-4ff4-9e94-3dd224f46f27/none_v3" "txb11b067f902e42b49d89b-006a29205d" "object-server 23" 0.0008 "-" 21 0
Jun 10 08:29:17 standalone object-server[124059]: 172.20.0.100 - - [10/Jun/2026:08:29:17 +0000] "PUT /d1/716/AUTH_dacdb01a7d0947d2842647672ef8e3a8/gnocchi.ff244dba-980b-4ff4-9e94-3dd224f46f27/none_v3" 201 - "PUT http://localhost:8080/v1/AUTH_dacdb01a7d0947d2842647672ef8e3a8/gnocchi.ff244dba-980b-4ff4-9e94-3dd224f46f27/none_v3" "txb11b067f902e42b49d89b-006a29205d" "proxy-server 12" 0.0175 "-" 23 0
Jun 10 08:29:17 standalone proxy-server[125940]: 172.18.0.2 ::1 10/Jun/2026/08/29/17 PUT /v1/AUTH_dacdb01a7d0947d2842647672ef8e3a8/gnocchi.ff244dba-980b-4ff4-9e94-3dd224f46f27/none_v3 HTTP/1.0 201 - python-swiftclient-3.11.1 gAAAAABqKR9o7Mi5... 22 - - txb11b067f902e42b49d89b-006a29205d - 0.0279 - - 1781080157.325553179 1781080157.353433847 0
Jun 10 08:29:17 standalone container-server[123742]: 172.20.0.100 - - [10/Jun/2026:08:29:17 +0000] "HEAD /d1/917/AUTH_dacdb01a7d0947d2842647672ef8e3a8/gnocchi.25820b42-49b8-48e2-a6dd-b4de672fcce5" 404 - "HEAD http://localhost:8080/v1/AUTH_dacdb01a7d0947d2842647672ef8e3a8/gnocchi.25820b42-49b8-48e2-a6dd-b4de672fcce5?format=json&states=listing" "txa7b7f1d5a95f419eb5583-006a29205d" "proxy-server 12" 0.0006 "-" 23 0
Jun 10 08:29:17 standalone object-server[124058]: 172.20.0.100 - - [10/Jun/2026:08:29:17 +0000] "GET /d1/159/AUTH_dacdb01a7d0947d2842647672ef8e3a8/gnocchi.25820b42-49b8-48e2-a6dd-b4de672fcce5/none_v3" 404 70 "GET http://localhost:8080/v1/AUTH_dacdb01a7d0947d2842647672ef8e3a8/gnocchi.25820b42-49b8-48e2-a6dd-b4de672fcce5/none_v3" "txa7b7f1d5a95f419eb5583-006a29205d" "proxy-server 12" 0.0005 "-" 22 0
Jun 10 08:29:17 standalone proxy-server[125940]: 172.18.0.2 ::1 10/Jun/2026/08/29/17 GET /v1/AUTH_dacdb01a7d0947d2842647672ef8e3a8/gnocchi.25820b42-49b8-48e2-a6dd-b4de672fcce5/none_v3 HTTP/1.0 404 - python-swiftclient-3.11.1 gAAAAABqKR9o7Mi5... - 70 - txa7b7f1d5a95f419eb5583-006a29205d - 0.0142 - - 1781080157.381473064 1781080157.395638466 0
Jun 10 08:29:17 standalone account-server[123854]: 172.20.0.100 - - [10/Jun/2026:08:29:17 +0000] "PUT /d1/162/AUTH_dacdb01a7d0947d2842647672ef8e3a8/gnocchi.25820b42-49b8-48e2-a6dd-b4de672fcce5" 201 - "PUT http://172.20.0.100:6001/d1/917/AUTH_dacdb01a7d0947d2842647672ef8e3a8/gnocchi.25820b42-49b8-48e2-a6dd-b4de672fcce5" "tx1de2f57b4ee84d7d93293-006a29205d" "container-server 23" 0.0052 "-" 22 0
Jun 10 08:29:17 standalone container-server[123742]: 172.20.0.100 - - [10/Jun/2026:08:29:17 +0000] "PUT /d1/917/AUTH_dacdb01a7d0947d2842647672ef8e3a8/gnocchi.25820b42-49b8-48e2-a6dd-b4de672fcce5" 201 - "PUT http://localhost:8080/v1/AUTH_dacdb01a7d0947d2842647672ef8e3a8/gnocchi.25820b42-49b8-48e2-a6dd-b4de672fcce5" "tx1de2f57b4ee84d7d93293-006a29205d" "proxy-server 12" 0.0178 "-" 23 0
