Jun 11 20:25:54 standalone account-server[127061]: Starting 2
Jun 11 20:25:54 standalone account-server[127098]: Started child 20 from parent 2
Jun 11 20:25:54 standalone account-server[127098]: Started child 21 from parent 2
Jun 11 20:25:54 standalone account-server[127098]: Started child 22 from parent 2
Jun 11 20:25:54 standalone account-server[127098]: Started child 23 from parent 2
Jun 11 20:25:54 standalone container-server[127221]: Option allow_versions is deprecated. Configure the versioned_writes middleware in the proxy-server instead. This option will be ignored in a future release.
Jun 11 20:25:54 standalone container-server[127516]: Option allow_versions is deprecated. Configure the versioned_writes middleware in the proxy-server instead. This option will be ignored in a future release.
Jun 11 20:25:54 standalone container-server[127221]: Started child 20 from parent 2
Jun 11 20:25:54 standalone container-server[127524]: Option allow_versions is deprecated. Configure the versioned_writes middleware in the proxy-server instead. This option will be ignored in a future release.
Jun 11 20:25:54 standalone container-server[127378]: Starting 2
Jun 11 20:25:54 standalone container-server[127221]: Started child 21 from parent 2
Jun 11 20:25:55 standalone container-server[127529]: Option allow_versions is deprecated. Configure the versioned_writes middleware in the proxy-server instead. This option will be ignored in a future release.
Jun 11 20:25:55 standalone container-server[127221]: Started child 22 from parent 2
Jun 11 20:25:55 standalone container-server[127531]: Option allow_versions is deprecated. Configure the versioned_writes middleware in the proxy-server instead. This option will be ignored in a future release.
Jun 11 20:25:55 standalone container-server[127221]: Started child 23 from parent 2
Jun 11 20:25:55 standalone object-expirer[127469]: Starting 2
Jun 11 20:25:55 standalone object-expirer[127469]: Option auto_create_account_prefix is deprecated. Configure auto_create_account_prefix under the swift-constraints section of swift.conf. This option will be ignored in a future release.
Jun 11 20:25:55 standalone object-server[127552]: Starting 2
Jun 11 20:25:55 standalone object-server[127557]: Started child 22 from parent 2
Jun 11 20:25:55 standalone object-server[127557]: Started child 23 from parent 2
Jun 11 20:25:55 standalone object-server[127557]: Started child 24 from parent 2
Jun 11 20:25:55 standalone object-server[127557]: Started child 25 from parent 2
Jun 11 20:26:01 standalone proxy-server[129424]: Starting Keystone auth_token middleware
Jun 11 20:26:01 standalone proxy-server[129424]: AuthToken middleware is set with keystone_authtoken.service_token_roles_required set to False. This is backwards compatible but deprecated behaviour. Please set this to True.
Jun 11 20:26:01 standalone proxy-server[129647]: Starting Keystone auth_token middleware
Jun 11 20:26:01 standalone proxy-server[129647]: STDERR: The option "bind_port" is not known to keystonemiddleware
Jun 11 20:26:01 standalone proxy-server[129647]: STDERR: The option "workers" is not known to keystonemiddleware
Jun 11 20:26:01 standalone proxy-server[129647]: STDERR: The option "user" is not known to keystonemiddleware
Jun 11 20:26:01 standalone proxy-server[129647]: STDERR: The option "bind_ip" is not known to keystonemiddleware
Jun 11 20:26:01 standalone proxy-server[129647]: STDERR: The option "log_name" is not known to keystonemiddleware
Jun 11 20:26:01 standalone proxy-server[129647]: STDERR: The option "log_facility" is not known to keystonemiddleware
Jun 11 20:26:01 standalone proxy-server[129647]: STDERR: The option "log_level" is not known to keystonemiddleware
Jun 11 20:26:01 standalone proxy-server[129647]: STDERR: The option "log_headers" is not known to keystonemiddleware
Jun 11 20:26:01 standalone proxy-server[129647]: STDERR: The option "log_address" is not known to keystonemiddleware
Jun 11 20:26:01 standalone proxy-server[129647]: STDERR: The option "project_name" is not known to keystonemiddleware
Jun 11 20:26:01 standalone proxy-server[129647]: STDERR: The option "username" is not known to keystonemiddleware
Jun 11 20:26:01 standalone proxy-server[129647]: STDERR: The option "password" is not known to keystonemiddleware
Jun 11 20:26:01 standalone proxy-server[129647]: STDERR: The option "auth_url" is not known to keystonemiddleware
Jun 11 20:26:01 standalone proxy-server[129647]: STDERR: The option "signing_dir" is not known to keystonemiddleware
Jun 11 20:26:01 standalone proxy-server[129647]: STDERR: The option "project_domain_id" is not known to keystonemiddleware
Jun 11 20:26:01 standalone proxy-server[129647]: STDERR: The option "user_domain_id" is not known to keystonemiddleware
Jun 11 20:26:01 standalone proxy-server[129647]: STDERR: The option "__name__" is not known to keystonemiddleware
Jun 11 20:26:01 standalone proxy-server[129647]: AuthToken middleware is set with keystone_authtoken.service_token_roles_required set to False. This is backwards compatible but deprecated behaviour. Please set this to True.
Jun 11 20:26:01 standalone proxy-server[129424]: Started child 20 from parent 2
Jun 11 20:27:53 standalone account-server[127402]: 172.20.0.100 - - [11/Jun/2026:20:27:53 +0000] "HEAD /d1/73/.expiring_objects" 404 - "HEAD http://localhost/v1/.expiring_objects?format=json" "txabd929e3953c49458c71d-006a2b1a49" "proxy-server 2" 0.0023 "-" 20 -
Jun 11 20:27:53 standalone object-expirer[127469]: Pass completed in 0s; 0 objects expired (txn: txabd929e3953c49458c71d-006a2b1a49)
Jun 11 20:28:48 standalone account-server[127407]: 172.20.0.100 - - [11/Jun/2026:20:28:48 +0000] "HEAD /d1/73/.expiring_objects" 404 - "HEAD http://localhost/v1/.expiring_objects?format=json" "txf879b551d9684db0838ce-006a2b1a80" "proxy-server 2" 0.0010 "-" 21 -
Jun 11 20:28:48 standalone object-expirer[127469]: Pass completed in 0s; 0 objects expired (txn: txf879b551d9684db0838ce-006a2b1a80)
Jun 11 20:29:05 standalone container-server[127378]: Begin container update sweep
Jun 11 20:29:05 standalone container-server[127378]: Container update sweep completed: 0.00s
Jun 11 20:30:16 standalone object-server[127552]: Begin object update sweep
Jun 11 20:30:16 standalone object-server[159057]: Object update sweep starting on /srv/node/d1 (pid: 12)
Jun 11 20:30:16 standalone object-server[159057]: Object update sweep completed on /srv/node/d1 in 0.00s seconds:, 0 successes, 0 failures, 0 quarantines, 0 unlinks, 0 errors, 0 redirects (pid: 12)
Jun 11 20:30:16 standalone object-server[159057]: Object update sweep of d1 completed: 0.00s, 0 successes, 0 failures, 0 quarantines, 0 unlinks, 0 errors, 0 redirects
Jun 11 20:30:16 standalone object-server[127552]: Object update sweep completed: 0.08s
Jun 11 20:30:16 standalone account-server[127407]: 172.20.0.100 - - [11/Jun/2026:20:30:16 +0000] "HEAD /d1/73/.expiring_objects" 404 - "HEAD http://localhost/v1/.expiring_objects?format=json" "tx4e25875828bc429c8addf-006a2b1ad8" "proxy-server 2" 0.0005 "-" 21 -
Jun 11 20:30:16 standalone object-expirer[127469]: Pass completed in 0s; 0 objects expired (txn: tx4e25875828bc429c8addf-006a2b1ad8)
Jun 11 20:30:26 standalone account-server[127407]: 172.20.0.100 - - [11/Jun/2026:20:30:26 +0000] "HEAD /d1/73/.expiring_objects" 404 - "HEAD http://localhost/v1/.expiring_objects?format=json" "tx33f03cc7807d4aa585e34-006a2b1ae2" "proxy-server 2" 0.0007 "-" 21 -
Jun 11 20:30:26 standalone object-expirer[127469]: Pass completed in 0s; 0 objects expired (txn: tx33f03cc7807d4aa585e34-006a2b1ae2)
Jun 11 20:34:05 standalone container-server[127378]: Begin container update sweep
Jun 11 20:34:05 standalone container-server[127378]: Container update sweep completed: 0.00s
Jun 11 20:35:11 standalone account-server[127402]: 172.20.0.100 - - [11/Jun/2026:20:35:11 +0000] "HEAD /d1/73/.expiring_objects" 404 - "HEAD http://localhost/v1/.expiring_objects?format=json" "txbda75d90d5f74d6497c67-006a2b1bff" "proxy-server 2" 0.0009 "-" 20 -
Jun 11 20:35:11 standalone object-expirer[127469]: Pass completed in 0s; 0 objects expired (txn: txbda75d90d5f74d6497c67-006a2b1bff)
Jun 11 20:35:16 standalone object-server[127552]: Begin object update sweep
Jun 11 20:35:16 standalone object-server[203005]: Object update sweep starting on /srv/node/d1 (pid: 13)
Jun 11 20:35:16 standalone object-server[203005]: Object update sweep completed on /srv/node/d1 in 0.00s seconds:, 0 successes, 0 failures, 0 quarantines, 0 unlinks, 0 errors, 0 redirects (pid: 13)
Jun 11 20:35:16 standalone object-server[203005]: Object update sweep of d1 completed: 0.00s, 0 successes, 0 failures, 0 quarantines, 0 unlinks, 0 errors, 0 redirects
Jun 11 20:35:16 standalone object-server[127552]: Object update sweep completed: 0.08s
Jun 11 20:37:55 standalone account-server[127407]: 172.20.0.100 - - [11/Jun/2026:20:37:55 +0000] "HEAD /d1/712/AUTH_fd9564c948c44943b806f211065fa3ac" 404 - "HEAD http://172.18.0.2:8080/v1/AUTH_fd9564c948c44943b806f211065fa3ac?format=json" "txd4d31e7d1b2548d5b698c-006a2b1ca3" "proxy-server 20" 0.0004 "-" 21 -
Jun 11 20:37:55 standalone proxy-server[129647]: - - 11/Jun/2026/20/37/55 HEAD /v1/AUTH_fd9564c948c44943b806f211065fa3ac%3Fformat%3Djson HTTP/1.0 200 - Swift - - - - txd4d31e7d1b2548d5b698c-006a2b1ca3 - 0.0059 RL - 1781210275.925353289 1781210275.931244850 -
Jun 11 20:37:56 standalone object-server[127656]: 172.20.0.100 - - [11/Jun/2026:20:37:56 +0000] "GET /d1/975/AUTH_fd9564c948c44943b806f211065fa3ac/gnocchi.dfaf784c-2585-43d3-9ecd-34fca1ca6f4d/none_v3" 404 70 "GET http://172.18.0.2:8080/v1/AUTH_fd9564c948c44943b806f211065fa3ac/gnocchi.dfaf784c-2585-43d3-9ecd-34fca1ca6f4d/none_v3" "txd4d31e7d1b2548d5b698c-006a2b1ca3" "proxy-server 20" 0.0013 "-" 22 0
Jun 11 20:37:56 standalone proxy-server[129647]: 172.18.0.2 172.18.0.100 11/Jun/2026/20/37/56 GET /v1/AUTH_fd9564c948c44943b806f211065fa3ac/gnocchi.dfaf784c-2585-43d3-9ecd-34fca1ca6f4d/none_v3 HTTP/1.0 404 - python-swiftclient-3.11.1 gAAAAABqKxyjOzTl... - 70 - txd4d31e7d1b2548d5b698c-006a2b1ca3 - 0.3906 - - 1781210275.921678543 1781210276.312291145 0
Jun 11 20:37:56 standalone account-server[127402]: 172.20.0.100 - - [11/Jun/2026:20:37:56 +0000] "PUT /d1/712/AUTH_fd9564c948c44943b806f211065fa3ac" 201 - "-" "txbec3a8b612014b95b630a-006a2b1ca4" "-" 0.0204 "-" 20 -
Jun 11 20:37:56 standalone proxy-server[129647]: autocreate account '/AUTH_fd9564c948c44943b806f211065fa3ac' (txn: txbec3a8b612014b95b630a-006a2b1ca4)
Jun 11 20:37:56 standalone account-server[127421]: 172.20.0.100 - - [11/Jun/2026:20:37:56 +0000] "HEAD /d1/712/AUTH_fd9564c948c44943b806f211065fa3ac" 204 - "HEAD http://172.18.0.2:8080/v1/AUTH_fd9564c948c44943b806f211065fa3ac?format=json" "txbec3a8b612014b95b630a-006a2b1ca4" "proxy-server 20" 0.0022 "-" 23 -
Jun 11 20:37:56 standalone account-server[127420]: 172.20.0.100 - - [11/Jun/2026:20:37:56 +0000] "PUT /d1/712/AUTH_fd9564c948c44943b806f211065fa3ac/gnocchi.dfaf784c-2585-43d3-9ecd-34fca1ca6f4d" 201 - "PUT http://172.20.0.100:6001/d1/49/AUTH_fd9564c948c44943b806f211065fa3ac/gnocchi.dfaf784c-2585-43d3-9ecd-34fca1ca6f4d" "txbec3a8b612014b95b630a-006a2b1ca4" "container-server 22" 0.0032 "-" 22 0
Jun 11 20:37:56 standalone container-server[127529]: 172.20.0.100 - - [11/Jun/2026:20:37:56 +0000] "PUT /d1/49/AUTH_fd9564c948c44943b806f211065fa3ac/gnocchi.dfaf784c-2585-43d3-9ecd-34fca1ca6f4d" 201 - "PUT http://172.18.0.2:8080/v1/AUTH_fd9564c948c44943b806f211065fa3ac/gnocchi.dfaf784c-2585-43d3-9ecd-34fca1ca6f4d" "txbec3a8b612014b95b630a-006a2b1ca4" "proxy-server 20" 0.0200 "-" 22 0
Jun 11 20:37:56 standalone proxy-server[129647]: 172.18.0.2 172.18.0.100 11/Jun/2026/20/37/56 PUT /v1/AUTH_fd9564c948c44943b806f211065fa3ac/gnocchi.dfaf784c-2585-43d3-9ecd-34fca1ca6f4d HTTP/1.0 201 - python-swiftclient-3.11.1 gAAAAABqKxyjOzTl... - - - txbec3a8b612014b95b630a-006a2b1ca4 - 0.0577 - - 1781210276.317014456 1781210276.374731064 0
Jun 11 20:37:56 standalone container-server[127531]: 172.20.0.100 - - [11/Jun/2026:20:37:56 +0000] "HEAD /d1/49/AUTH_fd9564c948c44943b806f211065fa3ac/gnocchi.dfaf784c-2585-43d3-9ecd-34fca1ca6f4d" 204 - "HEAD http://172.18.0.2:8080/v1/AUTH_fd9564c948c44943b806f211065fa3ac/gnocchi.dfaf784c-2585-43d3-9ecd-34fca1ca6f4d?format=json&states=listing" "tx29f9b6bacfdf4eca9a41c-006a2b1ca4" "proxy-server 20" 0.0042 "-" 23 0
Jun 11 20:37:56 standalone proxy-server[129647]: - - 11/Jun/2026/20/37/56 HEAD /v1/AUTH_fd9564c948c44943b806f211065fa3ac/gnocchi.dfaf784c-2585-43d3-9ecd-34fca1ca6f4d%3Fformat%3Djson%26states%3Dlisting HTTP/1.0 204 - Swift - - - - tx29f9b6bacfdf4eca9a41c-006a2b1ca4 - 0.0104 RL - 1781210276.381266832 1781210276.391714334 0
Jun 11 20:37:56 standalone container-server[127516]: 172.20.0.100 - - [11/Jun/2026:20:37:56 +0000] "GET /d1/49/AUTH_fd9564c948c44943b806f211065fa3ac/gnocchi.dfaf784c-2585-43d3-9ecd-34fca1ca6f4d" 200 2 "GET http://172.18.0.2:8080/v1/AUTH_fd9564c948c44943b806f211065fa3ac/gnocchi.dfaf784c-2585-43d3-9ecd-34fca1ca6f4d?format=json&states=listing" "tx29f9b6bacfdf4eca9a41c-006a2b1ca4" "proxy-server 20" 0.0068 "-" 20 0
Jun 11 20:37:56 standalone proxy-server[129647]: 172.18.0.2 172.18.0.100 11/Jun/2026/20/37/56 GET /v1/AUTH_fd9564c948c44943b806f211065fa3ac/gnocchi.dfaf784c-2585-43d3-9ecd-34fca1ca6f4d%3Fformat%3Djson%26states%3Dlisting HTTP/1.0 200 - python-swiftclient-3.11.1 gAAAAABqKxyjOzTl... - 2 - tx29f9b6bacfdf4eca9a41c-006a2b1ca4 - 0.0287 - - 1781210276.379833698 1781210276.408499718 0
Jun 11 20:37:56 standalone object-server[127661]: 172.20.0.100 - - [11/Jun/2026:20:37:56 +0000] "GET /d1/897/AUTH_fd9564c948c44943b806f211065fa3ac/gnocchi.dfaf784c-2585-43d3-9ecd-34fca1ca6f4d/1780920000.0_mean_300.0_v3" 404 70 "GET http://172.18.0.2:8080/v1/AUTH_fd9564c948c44943b806f211065fa3ac/gnocchi.dfaf784c-2585-43d3-9ecd-34fca1ca6f4d/1780920000.0_mean_300.0_v3" "tx1f44ecfd8a7a4711a71f9-006a2b1ca4" "proxy-server 20" 0.0010 "-" 24 0
Jun 11 20:37:56 standalone proxy-server[129647]: 172.18.0.2 172.18.0.100 11/Jun/2026/20/37/56 GET /v1/AUTH_fd9564c948c44943b806f211065fa3ac/gnocchi.dfaf784c-2585-43d3-9ecd-34fca1ca6f4d/1780920000.0_mean_300.0_v3 HTTP/1.0 404 - python-swiftclient-3.11.1 gAAAAABqKxyjOzTl... - 70 - tx1f44ecfd8a7a4711a71f9-006a2b1ca4 - 0.0088 - - 1781210276.414337635 1781210276.423121452 0
Jun 11 20:37:56 standalone container-server[127529]: 172.20.0.100 - - [11/Jun/2026:20:37:56 +0000] "PUT /d1/49/AUTH_fd9564c948c44943b806f211065fa3ac/gnocchi.dfaf784c-2585-43d3-9ecd-34fca1ca6f4d/1780920000.0_mean_300.0_v3" 201 - "PUT http://172.18.0.2:8080/d1/897/AUTH_fd9564c948c44943b806f211065fa3ac/gnocchi.dfaf784c-2585-43d3-9ecd-34fca1ca6f4d/1780920000.0_mean_300.0_v3" "txa41f503aea724d0fb401d-006a2b1ca4" "object-server 22" 0.0011 "-" 22 0
Jun 11 20:37:56 standalone object-server[127656]: 172.20.0.100 - - [11/Jun/2026:20:37:56 +0000] "PUT /d1/897/AUTH_fd9564c948c44943b806f211065fa3ac/gnocchi.dfaf784c-2585-43d3-9ecd-34fca1ca6f4d/1780920000.0_mean_300.0_v3" 201 - "PUT http://172.18.0.2:8080/v1/AUTH_fd9564c948c44943b806f211065fa3ac/gnocchi.dfaf784c-2585-43d3-9ecd-34fca1ca6f4d/1780920000.0_mean_300.0_v3" "txa41f503aea724d0fb401d-006a2b1ca4" "proxy-server 20" 0.0373 "-" 22 0
Jun 11 20:37:56 standalone proxy-server[129647]: 172.18.0.2 172.18.0.100 11/Jun/2026/20/37/56 PUT /v1/AUTH_fd9564c948c44943b806f211065fa3ac/gnocchi.dfaf784c-2585-43d3-9ecd-34fca1ca6f4d/1780920000.0_mean_300.0_v3 HTTP/1.0 201 - python-swiftclient-3.11.1 gAAAAABqKxyjOzTl... 16 - - txa41f503aea724d0fb401d-006a2b1ca4 - 0.0458 - - 1781210276.427212715 1781210276.472964048 0
Jun 11 20:37:56 standalone container-server[127524]: 172.20.0.100 - - [11/Jun/2026:20:37:56 +0000] "PUT /d1/49/AUTH_fd9564c948c44943b806f211065fa3ac/gnocchi.dfaf784c-2585-43d3-9ecd-34fca1ca6f4d/none_v3" 201 - "PUT http://172.18.0.2:8080/d1/975/AUTH_fd9564c948c44943b806f211065fa3ac/gnocchi.dfaf784c-2585-43d3-9ecd-34fca1ca6f4d/none_v3" "tx02101377658b45afa1464-006a2b1ca4" "object-server 25" 0.0015 "-" 21 0
Jun 11 20:37:56 standalone object-server[127662]: 172.20.0.100 - - [11/Jun/2026:20:37:56 +0000] "PUT /d1/975/AUTH_fd9564c948c44943b806f211065fa3ac/gnocchi.dfaf784c-2585-43d3-9ecd-34fca1ca6f4d/none_v3" 201 - "PUT http://172.18.0.2:8080/v1/AUTH_fd9564c948c44943b806f211065fa3ac/gnocchi.dfaf784c-2585-43d3-9ecd-34fca1ca6f4d/none_v3" "tx02101377658b45afa1464-006a2b1ca4" "proxy-server 20" 0.0334 "-" 25 0
Jun 11 20:37:56 standalone proxy-server[129647]: 172.18.0.2 172.18.0.100 11/Jun/2026/20/37/56 PUT /v1/AUTH_fd9564c948c44943b806f211065fa3ac/gnocchi.dfaf784c-2585-43d3-9ecd-34fca1ca6f4d/none_v3 HTTP/1.0 201 - python-swiftclient-3.11.1 gAAAAABqKxyjOzTl... 22 - - tx02101377658b45afa1464-006a2b1ca4 - 0.0431 - - 1781210276.477239847 1781210276.520302057 0
Jun 11 20:38:25 standalone object-server[127658]: 172.20.0.100 - - [11/Jun/2026:20:38:25 +0000] "GET /d1/975/AUTH_fd9564c948c44943b806f211065fa3ac/gnocchi.dfaf784c-2585-43d3-9ecd-34fca1ca6f4d/none_v3" 200 22 "GET http://172.18.0.2:8080/v1/AUTH_fd9564c948c44943b806f211065fa3ac/gnocchi.dfaf784c-2585-43d3-9ecd-34fca1ca6f4d/none_v3" "txdc6d9a80c64a46b1af596-006a2b1cc1" "proxy-server 20" 0.0022 "-" 23 0
Jun 11 20:38:25 standalone proxy-server[129647]: 172.18.0.2 172.18.0.100 11/Jun/2026/20/38/25 GET /v1/AUTH_fd9564c948c44943b806f211065fa3ac/gnocchi.dfaf784c-2585-43d3-9ecd-34fca1ca6f4d/none_v3 HTTP/1.0 200 - python-swiftclient-3.11.1 gAAAAABqKxyjOzTl... - 22 - txdc6d9a80c64a46b1af596-006a2b1cc1 - 0.0203 - - 1781210305.699196577 1781210305.719457865 0
Jun 11 20:38:25 standalone container-server[127524]: 172.20.0.100 - - [11/Jun/2026:20:38:25 +0000] "GET /d1/49/AUTH_fd9564c948c44943b806f211065fa3ac/gnocchi.dfaf784c-2585-43d3-9ecd-34fca1ca6f4d" 200 357 "GET http://172.18.0.2:8080/v1/AUTH_fd9564c948c44943b806f211065fa3ac/gnocchi.dfaf784c-2585-43d3-9ecd-34fca1ca6f4d?format=json&states=listing" "tx762a8c8ecd8f4ec3a2cb8-006a2b1cc1" "proxy-server 20" 0.0200 "-" 21 0
Jun 11 20:38:25 standalone proxy-server[129647]: 172.18.0.2 172.18.0.100 11/Jun/2026/20/38/25 GET /v1/AUTH_fd9564c948c44943b806f211065fa3ac/gnocchi.dfaf784c-2585-43d3-9ecd-34fca1ca6f4d%3Fformat%3Djson%26states%3Dlisting HTTP/1.0 200 - python-swiftclient-3.11.1 gAAAAABqKxyjOzTl... - 357 - tx762a8c8ecd8f4ec3a2cb8-006a2b1cc1 - 0.0307 - - 1781210305.725350380 1781210305.756020546 0
Jun 11 20:38:25 standalone container-server[127529]: 172.20.0.100 - - [11/Jun/2026:20:38:25 +0000] "GET /d1/49/AUTH_fd9564c948c44943b806f211065fa3ac/gnocchi.dfaf784c-2585-43d3-9ecd-34fca1ca6f4d" 200 2 "GET http://172.18.0.2:8080/v1/AUTH_fd9564c948c44943b806f211065fa3ac/gnocchi.dfaf784c-2585-43d3-9ecd-34fca1ca6f4d?format=json&marker=none_v3&states=listing" "tx5af212d1d3004ff98bc74-006a2b1cc1" "proxy-server 20" 0.0045 "-" 22 0
Jun 11 20:38:25 standalone proxy-server[129647]: 172.18.0.2 172.18.0.100 11/Jun/2026/20/38/25 GET /v1/AUTH_fd9564c948c44943b806f211065fa3ac/gnocchi.dfaf784c-2585-43d3-9ecd-34fca1ca6f4d%3Fformat%3Djson%26marker%3Dnone_v3%26states%3Dlisting HTTP/1.0 200 - python-swiftclient-3.11.1 gAAAAABqKxyjOzTl... - 2 - tx5af212d1d3004ff98bc74-006a2b1cc1 - 0.0136 - - 1781210305.760615349 1781210305.774222612 0
Jun 11 20:38:25 standalone object-server[127658]: 172.20.0.100 - - [11/Jun/2026:20:38:25 +0000] "GET /d1/897/AUTH_fd9564c948c44943b806f211065fa3ac/gnocchi.dfaf784c-2585-43d3-9ecd-34fca1ca6f4d/1780920000.0_mean_300.0_v3" 200 16 "GET http://172.18.0.2:8080/v1/AUTH_fd9564c948c44943b806f211065fa3ac/gnocchi.dfaf784c-2585-43d3-9ecd-34fca1ca6f4d/1780920000.0_mean_300.0_v3" "tx091e4892b6f2454588b10-006a2b1cc1" "proxy-server 20" 0.0014 "-" 23 0
Jun 11 20:38:25 standalone proxy-server[129647]: 172.18.0.2 172.18.0.100 11/Jun/2026/20/38/25 GET /v1/AUTH_fd9564c948c44943b806f211065fa3ac/gnocchi.dfaf784c-2585-43d3-9ecd-34fca1ca6f4d/1780920000.0_mean_300.0_v3 HTTP/1.0 200 - python-swiftclient-3.11.1 gAAAAABqKxyjOzTl... - 16 - tx091e4892b6f2454588b10-006a2b1cc1 - 0.0149 - - 1781210305.779232025 1781210305.794178009 0
Jun 11 20:38:25 standalone container-server[127524]: 172.20.0.100 - - [11/Jun/2026:20:38:25 +0000] "PUT /d1/49/AUTH_fd9564c948c44943b806f211065fa3ac/gnocchi.dfaf784c-2585-43d3-9ecd-34fca1ca6f4d/1780920000.0_mean_300.0_v3" 201 - "PUT http://172.18.0.2:8080/d1/897/AUTH_fd9564c948c44943b806f211065fa3ac/gnocchi.dfaf784c-2585-43d3-9ecd-34fca1ca6f4d/1780920000.0_mean_300.0_v3" "tx3b268a7f70d44e63a827c-006a2b1cc1" "object-server 22" 0.0010 "-" 21 0
Jun 11 20:38:25 standalone object-server[127656]: 172.20.0.100 - - [11/Jun/2026:20:38:25 +0000] "PUT /d1/897/AUTH_fd9564c948c44943b806f211065fa3ac/gnocchi.dfaf784c-2585-43d3-9ecd-34fca1ca6f4d/1780920000.0_mean_300.0_v3" 201 - "PUT http://172.18.0.2:8080/v1/AUTH_fd9564c948c44943b806f211065fa3ac/gnocchi.dfaf784c-2585-43d3-9ecd-34fca1ca6f4d/1780920000.0_mean_300.0_v3" "tx3b268a7f70d44e63a827c-006a2b1cc1" "proxy-server 20" 0.0119 "-" 22 0
Jun 11 20:38:25 standalone proxy-server[129647]: 172.18.0.2 172.18.0.100 11/Jun/2026/20/38/25 PUT /v1/AUTH_fd9564c948c44943b806f211065fa3ac/gnocchi.dfaf784c-2585-43d3-9ecd-34fca1ca6f4d/1780920000.0_mean_300.0_v3 HTTP/1.0 201 - python-swiftclient-3.11.1 gAAAAABqKxyjOzTl... 16 - - tx3b268a7f70d44e63a827c-006a2b1cc1 - 0.0237 - - 1781210305.798275232 1781210305.821989059 0
Jun 11 20:38:25 standalone container-server[127516]: 172.20.0.100 - - [11/Jun/2026:20:38:25 +0000] "PUT /d1/49/AUTH_fd9564c948c44943b806f211065fa3ac/gnocchi.dfaf784c-2585-43d3-9ecd-34fca1ca6f4d/none_v3" 201 - "PUT http://172.18.0.2:8080/d1/975/AUTH_fd9564c948c44943b806f211065fa3ac/gnocchi.dfaf784c-2585-43d3-9ecd-34fca1ca6f4d/none_v3" "txd7bcdd6d596d460a902d8-006a2b1cc1" "object-server 23" 0.0010 "-" 20 0
Jun 11 20:38:25 standalone object-server[127658]: 172.20.0.100 - - [11/Jun/2026:20:38:25 +0000] "PUT /d1/975/AUTH_fd9564c948c44943b806f211065fa3ac/gnocchi.dfaf784c-2585-43d3-9ecd-34fca1ca6f4d/none_v3" 201 - "PUT http://172.18.0.2:8080/v1/AUTH_fd9564c948c44943b806f211065fa3ac/gnocchi.dfaf784c-2585-43d3-9ecd-34fca1ca6f4d/none_v3" "txd7bcdd6d596d460a902d8-006a2b1cc1" "proxy-server 20" 0.0282 "-" 23 0
Jun 11 20:38:25 standalone proxy-server[129647]: 172.18.0.2 172.18.0.100 11/Jun/2026/20/38/25 PUT /v1/AUTH_fd9564c948c44943b806f211065fa3ac/gnocchi.dfaf784c-2585-43d3-9ecd-34fca1ca6f4d/none_v3 HTTP/1.0 201 - python-swiftclient-3.11.1 gAAAAABqKxyjOzTl... 32 - - txd7bcdd6d596d460a902d8-006a2b1cc1 - 0.0365 - - 1781210305.825952530 1781210305.862432718 0
Jun 11 20:38:55 standalone account-server[127420]: 172.20.0.100 - - [11/Jun/2026:20:38:55 +0000] "HEAD /d1/73/.expiring_objects" 404 - "HEAD http://localhost/v1/.expiring_objects?format=json" "txfd7b76df65014f4fb0a4d-006a2b1cdf" "proxy-server 2" 0.0009 "-" 22 -
Jun 11 20:38:55 standalone object-expirer[127469]: Pass completed in 0s; 0 objects expired (txn: txfd7b76df65014f4fb0a4d-006a2b1cdf)
Jun 11 20:38:55 standalone container-server[127531]: 172.20.0.100 - - [11/Jun/2026:20:38:55 +0000] "HEAD /d1/837/AUTH_fd9564c948c44943b806f211065fa3ac/gnocchi.fb9aab92-6c26-4bcf-bd87-25dfea5a4b64" 404 - "HEAD http://172.18.0.2:8080/v1/AUTH_fd9564c948c44943b806f211065fa3ac/gnocchi.fb9aab92-6c26-4bcf-bd87-25dfea5a4b64?format=json&states=listing" "txd4fd135123c246e9b35cd-006a2b1cdf" "proxy-server 20" 0.0006 "-" 23 0
Jun 11 20:38:55 standalone object-server[127662]: 172.20.0.100 - - [11/Jun/2026:20:38:55 +0000] "GET /d1/593/AUTH_fd9564c948c44943b806f211065fa3ac/gnocchi.fb9aab92-6c26-4bcf-bd87-25dfea5a4b64/none_v3" 404 70 "GET http://172.18.0.2:8080/v1/AUTH_fd9564c948c44943b806f211065fa3ac/gnocchi.fb9aab92-6c26-4bcf-bd87-25dfea5a4b64/none_v3" "txd4fd135123c246e9b35cd-006a2b1cdf" "proxy-server 20" 0.0005 "-" 25 0
Jun 11 20:38:55 standalone proxy-server[129647]: 172.18.0.2 172.18.0.100 11/Jun/2026/20/38/55 GET /v1/AUTH_fd9564c948c44943b806f211065fa3ac/gnocchi.fb9aab92-6c26-4bcf-bd87-25dfea5a4b64/none_v3 HTTP/1.0 404 - python-swiftclient-3.11.1 gAAAAABqKxyjOzTl... - 70 - txd4fd135123c246e9b35cd-006a2b1cdf - 0.0087 - - 1781210335.726964712 1781210335.735616446 0
Jun 11 20:38:55 standalone account-server[127420]: 172.20.0.100 - - [11/Jun/2026:20:38:55 +0000] "PUT /d1/712/AUTH_fd9564c948c44943b806f211065fa3ac/gnocchi.fb9aab92-6c26-4bcf-bd87-25dfea5a4b64" 201 - "PUT http://172.20.0.100:6001/d1/837/AUTH_fd9564c948c44943b806f211065fa3ac/gnocchi.fb9aab92-6c26-4bcf-bd87-25dfea5a4b64" "tx21a8f708fe594632b2dda-006a2b1cdf" "container-server 21" 0.0063 "-" 22 0
Jun 11 20:38:55 standalone container-server[127524]: 172.20.0.100 - - [11/Jun/2026:20:38:55 +0000] "PUT /d1/837/AUTH_fd9564c948c44943b806f211065fa3ac/gnocchi.fb9aab92-6c26-4bcf-bd87-25dfea5a4b64" 201 - "PUT http://172.18.0.2:8080/v1/AUTH_fd9564c948c44943b806f211065fa3ac/gnocchi.fb9aab92-6c26-4bcf-bd87-25dfea5a4b64" "tx21a8f708fe594632b2dda-006a2b1cdf" "proxy-server 20" 0.0229 "-" 21 0
Jun 11 20:38:55 standalone proxy-server[129647]: 172.18.0.2 172.18.0.100 11/Jun/2026/20/38/55 PUT /v1/AUTH_fd9564c948c44943b806f211065fa3ac/gnocchi.fb9aab92-6c26-4bcf-bd87-25dfea5a4b64 HTTP/1.0 201 - python-swiftclient-3.11.1 gAAAAABqKxyjOzTl... - - - tx21a8f708fe594632b2dda-006a2b1cdf - 0.0263 - - 1781210335.739959478 1781210335.766222954 0
Jun 11 20:38:55 standalone container-server[127531]: 172.20.0.100 - - [11/Jun/2026:20:38:55 +0000] "HEAD /d1/837/AUTH_fd9564c948c44943b806f211065fa3ac/gnocchi.fb9aab92-6c26-4bcf-bd87-25dfea5a4b64" 204 - "HEAD http://172.18.0.2:8080/v1/AUTH_fd9564c948c44943b806f211065fa3ac/gnocchi.fb9aab92-6c26-4bcf-bd87-25dfea5a4b64?format=json&states=listing" "tx4c4f7148c4a74f0aa5832-006a2b1cdf" "proxy-server 20" 0.0013 "-" 23 0
Jun 11 20:38:55 standalone proxy-server[129647]: - - 11/Jun/2026/20/38/55 HEAD /v1/AUTH_fd9564c948c44943b806f211065fa3ac/gnocchi.fb9aab92-6c26-4bcf-bd87-25dfea5a4b64%3Fformat%3Djson%26states%3Dlisting HTTP/1.0 204 - Swift - - - - tx4c4f7148c4a74f0aa5832-006a2b1cdf - 0.0036 RL - 1781210335.771890163 1781210335.775480747 0
Jun 11 20:38:55 standalone container-server[127529]: 172.20.0.100 - - [11/Jun/2026:20:38:55 +0000] "GET /d1/837/AUTH_fd9564c948c44943b806f211065fa3ac/gnocchi.fb9aab92-6c26-4bcf-bd87-25dfea5a4b64" 200 2 "GET http://172.18.0.2:8080/v1/AUTH_fd9564c948c44943b806f211065fa3ac/gnocchi.fb9aab92-6c26-4bcf-bd87-25dfea5a4b64?format=json&states=listing" "tx4c4f7148c4a74f0aa5832-006a2b1cdf" "proxy-server 20" 0.0018 "-" 22 0
Jun 11 20:38:55 standalone proxy-server[129647]: 172.18.0.2 172.18.0.100 11/Jun/2026/20/38/55 GET /v1/AUTH_fd9564c948c44943b806f211065fa3ac/gnocchi.fb9aab92-6c26-4bcf-bd87-25dfea5a4b64%3Fformat%3Djson%26states%3Dlisting HTTP/1.0 200 - python-swiftclient-3.11.1 gAAAAABqKxyjOzTl... - 2 - tx4c4f7148c4a74f0aa5832-006a2b1cdf - 0.0104 - - 1781210335.771123409 1781210335.781538963 0
Jun 11 20:38:55 standalone object-server[127656]: 172.20.0.100 - - [11/Jun/2026:20:38:55 +0000] "GET /d1/312/AUTH_fd9564c948c44943b806f211065fa3ac/gnocchi.fb9aab92-6c26-4bcf-bd87-25dfea5a4b64/1780920000.0_mean_300.0_v3" 404 70 "GET http://172.18.0.2:8080/v1/AUTH_fd9564c948c44943b806f211065fa3ac/gnocchi.fb9aab92-6c26-4bcf-bd87-25dfea5a4b64/1780920000.0_mean_300.0_v3" "tx7d978891538546bcaec6a-006a2b1cdf" "proxy-server 20" 0.0003 "-" 22 0
Jun 11 20:38:55 standalone proxy-server[129647]: 172.18.0.2 172.18.0.100 11/Jun/2026/20/38/55 GET /v1/AUTH_fd9564c948c44943b806f211065fa3ac/gnocchi.fb9aab92-6c26-4bcf-bd87-25dfea5a4b64/1780920000.0_mean_300.0_v3 HTTP/1.0 404 - python-swiftclient-3.11.1 gAAAAABqKxyjOzTl... - 70 - tx7d978891538546bcaec6a-006a2b1cdf - 0.0037 - - 1781210335.785263300 1781210335.788962364 0
Jun 11 20:38:55 standalone container-server[127516]: 172.20.0.100 - - [11/Jun/2026:20:38:55 +0000] "PUT /d1/837/AUTH_fd9564c948c44943b806f211065fa3ac/gnocchi.fb9aab92-6c26-4bcf-bd87-25dfea5a4b64/1780920000.0_mean_300.0_v3" 201 - "PUT http://172.18.0.2:8080/d1/312/AUTH_fd9564c948c44943b806f211065fa3ac/gnocchi.fb9aab92-6c26-4bcf-bd87-25dfea5a4b64/1780920000.0_mean_300.0_v3" "tx2632c6c6947f44278229a-006a2b1cdf" "object-server 24" 0.0010 "-" 20 0
Jun 11 20:38:55 standalone object-server[127661]: 172.20.0.100 - - [11/Jun/2026:20:38:55 +0000] "PUT /d1/312/AUTH_fd9564c948c44943b806f211065fa3ac/gnocchi.fb9aab92-6c26-4bcf-bd87-25dfea5a4b64/1780920000.0_mean_300.0_v3" 201 - "PUT http://172.18.0.2:8080/v1/AUTH_fd9564c948c44943b806f211065fa3ac/gnocchi.fb9aab92-6c26-4bcf-bd87-25dfea5a4b64/1780920000.0_mean_300.0_v3" "tx2632c6c6947f44278229a-006a2b1cdf" "proxy-server 20" 0.0246 "-" 24 0
Jun 11 20:38:55 standalone proxy-server[129647]: 172.18.0.2 172.18.0.100 11/Jun/2026/20/38/55 PUT /v1/AUTH_fd9564c948c44943b806f211065fa3ac/gnocchi.fb9aab92-6c26-4bcf-bd87-25dfea5a4b64/1780920000.0_mean_300.0_v3 HTTP/1.0 201 - python-swiftclient-3.11.1 gAAAAABqKxyjOzTl... 16 - - tx2632c6c6947f44278229a-006a2b1cdf - 0.0288 - - 1781210335.792093515 1781210335.820889235 0
Jun 11 20:38:55 standalone container-server[127531]: 172.20.0.100 - - [11/Jun/2026:20:38:55 +0000] "PUT /d1/837/AUTH_fd9564c948c44943b806f211065fa3ac/gnocchi.fb9aab92-6c26-4bcf-bd87-25dfea5a4b64/none_v3" 201 - "PUT http://172.18.0.2:8080/d1/593/AUTH_fd9564c948c44943b806f211065fa3ac/gnocchi.fb9aab92-6c26-4bcf-bd87-25dfea5a4b64/none_v3" "tx8cf4092bdff548a0bb511-006a2b1cdf" "object-server 23" 0.0007 "-" 23 0
Jun 11 20:38:55 standalone object-server[127658]: 172.20.0.100 - - [11/Jun/2026:20:38:55 +0000] "PUT /d1/593/AUTH_fd9564c948c44943b806f211065fa3ac/gnocchi.fb9aab92-6c26-4bcf-bd87-25dfea5a4b64/none_v3" 201 - "PUT http://172.18.0.2:8080/v1/AUTH_fd9564c948c44943b806f211065fa3ac/gnocchi.fb9aab92-6c26-4bcf-bd87-25dfea5a4b64/none_v3" "tx8cf4092bdff548a0bb511-006a2b1cdf" "proxy-server 20" 0.0102 "-" 23 0
Jun 11 20:38:55 standalone proxy-server[129647]: 172.18.0.2 172.18.0.100 11/Jun/2026/20/38/55 PUT /v1/AUTH_fd9564c948c44943b806f211065fa3ac/gnocchi.fb9aab92-6c26-4bcf-bd87-25dfea5a4b64/none_v3 HTTP/1.0 201 - python-swiftclient-3.11.1 gAAAAABqKxyjOzTl... 22 - - tx8cf4092bdff548a0bb511-006a2b1cdf - 0.0146 - - 1781210335.825714350 1781210335.840267658 0
Jun 11 20:38:55 standalone container-server[127529]: 172.20.0.100 - - [11/Jun/2026:20:38:55 +0000] "HEAD /d1/603/AUTH_fd9564c948c44943b806f211065fa3ac/gnocchi.1e8726bb-f7a9-44f0-b459-5fe3ba4b6065" 404 - "HEAD http://172.18.0.2:8080/v1/AUTH_fd9564c948c44943b806f211065fa3ac/gnocchi.1e8726bb-f7a9-44f0-b459-5fe3ba4b6065?format=json&states=listing" "tx7adf9b2b41b449f4a2798-006a2b1cdf" "proxy-server 20" 0.0003 "-" 22 0
Jun 11 20:38:55 standalone object-server[127658]: 172.20.0.100 - - [11/Jun/2026:20:38:55 +0000] "GET /d1/599/AUTH_fd9564c948c44943b806f211065fa3ac/gnocchi.1e8726bb-f7a9-44f0-b459-5fe3ba4b6065/none_v3" 404 70 "GET http://172.18.0.2:8080/v1/AUTH_fd9564c948c44943b806f211065fa3ac/gnocchi.1e8726bb-f7a9-44f0-b459-5fe3ba4b6065/none_v3" "tx7adf9b2b41b449f4a2798-006a2b1cdf" "proxy-server 20" 0.0003 "-" 23 0
Jun 11 20:38:55 standalone proxy-server[129647]: 172.18.0.2 172.18.0.100 11/Jun/2026/20/38/55 GET /v1/AUTH_fd9564c948c44943b806f211065fa3ac/gnocchi.1e8726bb-f7a9-44f0-b459-5fe3ba4b6065/none_v3 HTTP/1.0 404 - python-swiftclient-3.11.1 gAAAAABqKxyjOzTl... - 70 - tx7adf9b2b41b449f4a2798-006a2b1cdf - 0.0094 - - 1781210335.852682829 1781210335.862082481 0
Jun 11 20:38:55 standalone account-server[127407]: 172.20.0.100 - - [11/Jun/2026:20:38:55 +0000] "PUT /d1/712/AUTH_fd9564c948c44943b806f211065fa3ac/gnocchi.1e8726bb-f7a9-44f0-b459-5fe3ba4b6065" 201 - "PUT http://172.20.0.100:6001/d1/603/AUTH_fd9564c948c44943b806f211065fa3ac/gnocchi.1e8726bb-f7a9-44f0-b459-5fe3ba4b6065" "tx3fff53e1537f43f4a2b7e-006a2b1cdf" "container-server 23" 0.0062 "-" 21 0
Jun 11 20:38:55 standalone container-server[127531]: 172.20.0.100 - - [11/Jun/2026:20:38:55 +0000] "PUT /d1/603/AUTH_fd9564c948c44943b806f211065fa3ac/gnocchi.1e8726bb-f7a9-44f0-b459-5fe3ba4b6065" 201 - "PUT http://172.18.0.2:8080/v1/AUTH_fd9564c948c44943b806f211065fa3ac/gnocchi.1e8726bb-f7a9-44f0-b459-5fe3ba4b6065" "tx3fff53e1537f43f4a2b7e-006a2b1cdf" "proxy-server 20" 0.0204 "-" 23 0
Jun 11 20:38:55 standalone proxy-server[129647]: 172.18.0.2 172.18.0.100 11/Jun/2026/20/38/55 PUT /v1/AUTH_fd9564c948c44943b806f211065fa3ac/gnocchi.1e8726bb-f7a9-44f0-b459-5fe3ba4b6065 HTTP/1.0 201 - python-swiftclient-3.11.1 gAAAAABqKxyjOzTl... - - - tx3fff53e1537f43f4a2b7e-006a2b1cdf - 0.0238 - - 1781210335.867813587 1781210335.891623020 0
Jun 11 20:38:55 standalone container-server[127524]: 172.20.0.100 - - [11/Jun/2026:20:38:55 +0000] "HEAD /d1/603/AUTH_fd9564c948c44943b806f211065fa3ac/gnocchi.1e8726bb-f7a9-44f0-b459-5fe3ba4b6065" 204 - "HEAD http://172.18.0.2:8080/v1/AUTH_fd9564c948c44943b806f211065fa3ac/gnocchi.1e8726bb-f7a9-44f0-b459-5fe3ba4b6065?format=json&states=listing" "tx13c6c841b0444cf581ce2-006a2b1cdf" "proxy-server 20" 0.0012 "-" 21 0
Jun 11 20:38:55 standalone proxy-server[129647]: - - 11/Jun/2026/20/38/55 HEAD /v1/AUTH_fd9564c948c44943b806f211065fa3ac/gnocchi.1e8726bb-f7a9-44f0-b459-5fe3ba4b6065%3Fformat%3Djson%26states%3Dlisting HTTP/1.0 204 - Swift - - - - tx13c6c841b0444cf581ce2-006a2b1cdf - 0.0035 RL - 1781210335.894884348 1781210335.898374081 0
Jun 11 20:38:55 standalone container-server[127529]: 172.20.0.100 - - [11/Jun/2026:20:38:55 +0000] "GET /d1/603/AUTH_fd9564c948c44943b806f211065fa3ac/gnocchi.1e8726bb-f7a9-44f0-b459-5fe3ba4b6065" 200 2 "GET http://172.18.0.2:8080/v1/AUTH_fd9564c948c44943b806f211065fa3ac/gnocchi.1e8726bb-f7a9-44f0-b459-5fe3ba4b6065?format=json&states=listing" "tx13c6c841b0444cf581ce2-006a2b1cdf" "proxy-server 20" 0.0019 "-" 22 0
Jun 11 20:38:55 standalone proxy-server[129647]: 172.18.0.2 172.18.0.100 11/Jun/2026/20/38/55 GET /v1/AUTH_fd9564c948c44943b806f211065fa3ac/gnocchi.1e8726bb-f7a9-44f0-b459-5fe3ba4b6065%3Fformat%3Djson%26states%3Dlisting HTTP/1.0 200 - python-swiftclient-3.11.1 gAAAAABqKxyjOzTl... - 2 - tx13c6c841b0444cf581ce2-006a2b1cdf - 0.0098 - - 1781210335.894218922 1781210335.904028654 0
Jun 11 20:38:55 standalone object-server[127661]: 172.20.0.100 - - [11/Jun/2026:20:38:55 +0000] "GET /d1/1001/AUTH_fd9564c948c44943b806f211065fa3ac/gnocchi.1e8726bb-f7a9-44f0-b459-5fe3ba4b6065/1780920000.0_mean_300.0_v3" 404 70 "GET http://172.18.0.2:8080/v1/AUTH_fd9564c948c44943b806f211065fa3ac/gnocchi.1e8726bb-f7a9-44f0-b459-5fe3ba4b6065/1780920000.0_mean_300.0_v3" "tx72d2687772e543e2a4d97-006a2b1cdf" "proxy-server 20" 0.0003 "-" 24 0
Jun 11 20:38:55 standalone proxy-server[129647]: 172.18.0.2 172.18.0.100 11/Jun/2026/20/38/55 GET /v1/AUTH_fd9564c948c44943b806f211065fa3ac/gnocchi.1e8726bb-f7a9-44f0-b459-5fe3ba4b6065/1780920000.0_mean_300.0_v3 HTTP/1.0 404 - python-swiftclient-3.11.1 gAAAAABqKxyjOzTl... - 70 - tx72d2687772e543e2a4d97-006a2b1cdf - 0.0037 - - 1781210335.906773090 1781210335.910465717 0
Jun 11 20:38:55 standalone container-server[127529]: 172.20.0.100 - - [11/Jun/2026:20:38:55 +0000] "PUT /d1/603/AUTH_fd9564c948c44943b806f211065fa3ac/gnocchi.1e8726bb-f7a9-44f0-b459-5fe3ba4b6065/1780920000.0_mean_300.0_v3" 201 - "PUT http://172.18.0.2:8080/d1/1001/AUTH_fd9564c948c44943b806f211065fa3ac/gnocchi.1e8726bb-f7a9-44f0-b459-5fe3ba4b6065/1780920000.0_mean_300.0_v3" "tx119f485a3c5b45adb293f-006a2b1cdf" "object-server 23" 0.0007 "-" 22 0
Jun 11 20:38:55 standalone object-server[127658]: 172.20.0.100 - - [11/Jun/2026:20:38:55 +0000] "PUT /d1/1001/AUTH_fd9564c948c44943b806f211065fa3ac/gnocchi.1e8726bb-f7a9-44f0-b459-5fe3ba4b6065/1780920000.0_mean_300.0_v3" 201 - "PUT http://172.18.0.2:8080/v1/AUTH_fd9564c948c44943b806f211065fa3ac/gnocchi.1e8726bb-f7a9-44f0-b459-5fe3ba4b6065/1780920000.0_mean_300.0_v3" "tx119f485a3c5b45adb293f-006a2b1cdf" "proxy-server 20" 0.0284 "-" 23 0
Jun 11 20:38:55 standalone proxy-server[129647]: 172.18.0.2 172.18.0.100 11/Jun/2026/20/38/55 PUT /v1/AUTH_fd9564c948c44943b806f211065fa3ac/gnocchi.1e8726bb-f7a9-44f0-b459-5fe3ba4b6065/1780920000.0_mean_300.0_v3 HTTP/1.0 201 - python-swiftclient-3.11.1 gAAAAABqKxyjOzTl... 16 - - tx119f485a3c5b45adb293f-006a2b1cdf - 0.0320 - - 1781210335.912844658 1781210335.944818735 0
Jun 11 20:38:55 standalone container-server[127529]: 172.20.0.100 - - [11/Jun/2026:20:38:55 +0000] "PUT /d1/603/AUTH_fd9564c948c44943b806f211065fa3ac/gnocchi.1e8726bb-f7a9-44f0-b459-5fe3ba4b6065/none_v3" 201 - "PUT http://172.18.0.2:8080/d1/599/AUTH_fd9564c948c44943b806f211065fa3ac/gnocchi.1e8726bb-f7a9-44f0-b459-5fe3ba4b6065/none_v3" "tx11db2cd9a2cf4c7d90b74-006a2b1cdf" "object-server 24" 0.0003 "-" 22 0
Jun 11 20:38:55 standalone object-server[127661]: 172.20.0.100 - - [11/Jun/2026:20:38:55 +0000] "PUT /d1/599/AUTH_fd9564c948c44943b806f211065fa3ac/gnocchi.1e8726bb-f7a9-44f0-b459-5fe3ba4b6065/none_v3" 201 - "PUT http://172.18.0.2:8080/v1/AUTH_fd9564c948c44943b806f211065fa3ac/gnocchi.1e8726bb-f7a9-44f0-b459-5fe3ba4b6065/none_v3" "tx11db2cd9a2cf4c7d90b74-006a2b1cdf" "proxy-server 20" 0.0102 "-" 24 0
Jun 11 20:38:55 standalone proxy-server[129647]: 172.18.0.2 172.18.0.100 11/Jun/2026/20/38/55 PUT /v1/AUTH_fd9564c948c44943b806f211065fa3ac/gnocchi.1e8726bb-f7a9-44f0-b459-5fe3ba4b6065/none_v3 HTTP/1.0 201 - python-swiftclient-3.11.1 gAAAAABqKxyjOzTl... 22 - - tx11db2cd9a2cf4c7d90b74-006a2b1cdf - 0.0141 - - 1781210335.950944662 1781210335.965031624 0
Jun 11 20:39:03 standalone account-server[127420]: 172.20.0.100 - - [11/Jun/2026:20:39:03 +0000] "HEAD /d1/712/AUTH_fd9564c948c44943b806f211065fa3ac" 204 - "HEAD http://172.18.0.2:8080/v1/AUTH_fd9564c948c44943b806f211065fa3ac?format=json" "tx5fd4f44c0e1e4e58b598d-006a2b1ce7" "proxy-server 20" 0.0086 "-" 22 -
Jun 11 20:39:03 standalone proxy-server[129647]: - - 11/Jun/2026/20/39/03 HEAD /v1/AUTH_fd9564c948c44943b806f211065fa3ac%3Fformat%3Djson HTTP/1.0 204 - Swift - - - - tx5fd4f44c0e1e4e58b598d-006a2b1ce7 - 0.0137 RL - 1781210343.758505821 1781210343.772228003 -
Jun 11 20:39:03 standalone container-server[127516]: 172.20.0.100 - - [11/Jun/2026:20:39:03 +0000] "HEAD /d1/457/AUTH_fd9564c948c44943b806f211065fa3ac/gnocchi.3e97ba9a-0f5f-4662-bf17-9e46fc24d5db" 404 - "HEAD http://172.18.0.2:8080/v1/AUTH_fd9564c948c44943b806f211065fa3ac/gnocchi.3e97ba9a-0f5f-4662-bf17-9e46fc24d5db?format=json&states=listing" "tx5fd4f44c0e1e4e58b598d-006a2b1ce7" "proxy-server 20" 0.0008 "-" 20 0
Jun 11 20:39:03 standalone object-server[127656]: 172.20.0.100 - - [11/Jun/2026:20:39:03 +0000] "GET /d1/275/AUTH_fd9564c948c44943b806f211065fa3ac/gnocchi.3e97ba9a-0f5f-4662-bf17-9e46fc24d5db/none_v3" 404 70 "GET http://172.18.0.2:8080/v1/AUTH_fd9564c948c44943b806f211065fa3ac/gnocchi.3e97ba9a-0f5f-4662-bf17-9e46fc24d5db/none_v3" "tx5fd4f44c0e1e4e58b598d-006a2b1ce7" "proxy-server 20" 0.0007 "-" 22 0
Jun 11 20:39:03 standalone proxy-server[129647]: 172.18.0.2 172.18.0.100 11/Jun/2026/20/39/03 GET /v1/AUTH_fd9564c948c44943b806f211065fa3ac/gnocchi.3e97ba9a-0f5f-4662-bf17-9e46fc24d5db/none_v3 HTTP/1.0 404 - python-swiftclient-3.11.1 gAAAAABqKxyjOzTl... - 70 - tx5fd4f44c0e1e4e58b598d-006a2b1ce7 - 0.0275 - - 1781210343.757722139 1781210343.785240650 0
Jun 11 20:39:03 standalone account-server[127420]: 172.20.0.100 - - [11/Jun/2026:20:39:03 +0000] "PUT /d1/712/AUTH_fd9564c948c44943b806f211065fa3ac/gnocchi.3e97ba9a-0f5f-4662-bf17-9e46fc24d5db" 201 - "PUT http://172.20.0.100:6001/d1/457/AUTH_fd9564c948c44943b806f211065fa3ac/gnocchi.3e97ba9a-0f5f-4662-bf17-9e46fc24d5db" "tx236cf6b6650a438eab592-006a2b1ce7" "container-server 21" 0.0030 "-" 22 0
Jun 11 20:39:03 standalone container-server[127524]: 172.20.0.100 - - [11/Jun/2026:20:39:03 +0000] "PUT /d1/457/AUTH_fd9564c948c44943b806f211065fa3ac/gnocchi.3e97ba9a-0f5f-4662-bf17-9e46fc24d5db" 201 - "PUT http://172.18.0.2:8080/v1/AUTH_fd9564c948c44943b806f211065fa3ac/gnocchi.3e97ba9a-0f5f-4662-bf17-9e46fc24d5db" "tx236cf6b6650a438eab592-006a2b1ce7" "proxy-server 20" 0.0205 "-" 21 0
Jun 11 20:39:03 standalone proxy-server[129647]: 172.18.0.2 172.18.0.100 11/Jun/2026/20/39/03 PUT /v1/AUTH_fd9564c948c44943b806f211065fa3ac/gnocchi.3e97ba9a-0f5f-4662-bf17-9e46fc24d5db HTTP/1.0 201 - python-swiftclient-3.11.1 gAAAAABqKxyjOzTl... - - - tx236cf6b6650a438eab592-006a2b1ce7 - 0.0272 - - 1781210343.789854050 1781210343.817071199 0
Jun 11 20:39:03 standalone container-server[127531]: 172.20.0.100 - - [11/Jun/2026:20:39:03 +0000] "HEAD /d1/457/AUTH_fd9564c948c44943b806f211065fa3ac/gnocchi.3e97ba9a-0f5f-4662-bf17-9e46fc24d5db" 204 - "HEAD http://172.18.0.2:8080/v1/AUTH_fd9564c948c44943b806f211065fa3ac/gnocchi.3e97ba9a-0f5f-4662-bf17-9e46fc24d5db?format=json&states=listing" "tx1e5a41a07cfb4bb590219-006a2b1ce7" "proxy-server 20" 0.0020 "-" 23 0
Jun 11 20:39:03 standalone proxy-server[129647]: - - 11/Jun/2026/20/39/03 HEAD /v1/AUTH_fd9564c948c44943b806f211065fa3ac/gnocchi.3e97ba9a-0f5f-4662-bf17-9e46fc24d5db%3Fformat%3Djson%26states%3Dlisting HTTP/1.0 204 - Swift - - - - tx1e5a41a07cfb4bb590219-006a2b1ce7 - 0.0054 RL - 1781210343.822438240 1781210343.827871799 0
Jun 11 20:39:03 standalone container-server[127529]: 172.20.0.100 - - [11/Jun/2026:20:39:03 +0000] "GET /d1/457/AUTH_fd9564c948c44943b806f211065fa3ac/gnocchi.3e97ba9a-0f5f-4662-bf17-9e46fc24d5db" 200 2 "GET http://172.18.0.2:8080/v1/AUTH_fd9564c948c44943b806f211065fa3ac/gnocchi.3e97ba9a-0f5f-4662-bf17-9e46fc24d5db?format=json&states=listing" "tx1e5a41a07cfb4bb590219-006a2b1ce7" "proxy-server 20" 0.0036 "-" 22 0
Jun 11 20:39:03 standalone proxy-server[129647]: 172.18.0.2 172.18.0.100 11/Jun/2026/20/39/03 GET /v1/AUTH_fd9564c948c44943b806f211065fa3ac/gnocchi.3e97ba9a-0f5f-4662-bf17-9e46fc24d5db%3Fformat%3Djson%26states%3Dlisting HTTP/1.0 200 - python-swiftclient-3.11.1 gAAAAABqKxyjOzTl... - 2 - tx1e5a41a07cfb4bb590219-006a2b1ce7 - 0.0167 - - 1781210343.821644545 1781210343.838341951 0
Jun 11 20:39:03 standalone object-server[127661]: 172.20.0.100 - - [11/Jun/2026:20:39:03 +0000] "GET /d1/897/AUTH_fd9564c948c44943b806f211065fa3ac/gnocchi.3e97ba9a-0f5f-4662-bf17-9e46fc24d5db/1780920000.0_mean_300.0_v3" 404 70 "GET http://172.18.0.2:8080/v1/AUTH_fd9564c948c44943b806f211065fa3ac/gnocchi.3e97ba9a-0f5f-4662-bf17-9e46fc24d5db/1780920000.0_mean_300.0_v3" "tx5e1dab0a1b614703b76d7-006a2b1ce7" "proxy-server 20" 0.0005 "-" 24 0
Jun 11 20:39:03 standalone proxy-server[129647]: 172.18.0.2 172.18.0.100 11/Jun/2026/20/39/03 GET /v1/AUTH_fd9564c948c44943b806f211065fa3ac/gnocchi.3e97ba9a-0f5f-4662-bf17-9e46fc24d5db/1780920000.0_mean_300.0_v3 HTTP/1.0 404 - python-swiftclient-3.11.1 gAAAAABqKxyjOzTl... - 70 - tx5e1dab0a1b614703b76d7-006a2b1ce7 - 0.0061 - - 1781210343.843298674 1781210343.849426746 0
Jun 11 20:39:03 standalone container-server[127531]: 172.20.0.100 - - [11/Jun/2026:20:39:03 +0000] "PUT /d1/457/AUTH_fd9564c948c44943b806f211065fa3ac/gnocchi.3e97ba9a-0f5f-4662-bf17-9e46fc24d5db/1780920000.0_mean_300.0_v3" 201 - "PUT http://172.18.0.2:8080/d1/897/AUTH_fd9564c948c44943b806f211065fa3ac/gnocchi.3e97ba9a-0f5f-4662-bf17-9e46fc24d5db/1780920000.0_mean_300.0_v3" "tx9d7d7024fd96476bbddf4-006a2b1ce7" "object-server 25" 0.0009 "-" 23 0
Jun 11 20:39:03 standalone object-server[127662]: 172.20.0.100 - - [11/Jun/2026:20:39:03 +0000] "PUT /d1/897/AUTH_fd9564c948c44943b806f211065fa3ac/gnocchi.3e97ba9a-0f5f-4662-bf17-9e46fc24d5db/1780920000.0_mean_300.0_v3" 201 - "PUT http://172.18.0.2:8080/v1/AUTH_fd9564c948c44943b806f211065fa3ac/gnocchi.3e97ba9a-0f5f-4662-bf17-9e46fc24d5db/1780920000.0_mean_300.0_v3" "tx9d7d7024fd96476bbddf4-006a2b1ce7" "proxy-server 20" 0.0126 "-" 25 0
Jun 11 20:39:03 standalone proxy-server[129647]: 172.18.0.2 172.18.0.100 11/Jun/2026/20/39/03 PUT /v1/AUTH_fd9564c948c44943b806f211065fa3ac/gnocchi.3e97ba9a-0f5f-4662-bf17-9e46fc24d5db/1780920000.0_mean_300.0_v3 HTTP/1.0 201 - python-swiftclient-3.11.1 gAAAAABqKxyjOzTl... 16 - - tx9d7d7024fd96476bbddf4-006a2b1ce7 - 0.0181 - - 1781210343.853725672 1781210343.871829033 0
Jun 11 20:39:03 standalone container-server[127531]: 172.20.0.100 - - [11/Jun/2026:20:39:03 +0000] "PUT /d1/457/AUTH_fd9564c948c44943b806f211065fa3ac/gnocchi.3e97ba9a-0f5f-4662-bf17-9e46fc24d5db/none_v3" 201 - "PUT http://172.18.0.2:8080/d1/275/AUTH_fd9564c948c44943b806f211065fa3ac/gnocchi.3e97ba9a-0f5f-4662-bf17-9e46fc24d5db/none_v3" "tx4c774ffa34da481483b97-006a2b1ce7" "object-server 25" 0.0006 "-" 23 0
Jun 11 20:39:03 standalone object-server[127662]: 172.20.0.100 - - [11/Jun/2026:20:39:03 +0000] "PUT /d1/275/AUTH_fd9564c948c44943b806f211065fa3ac/gnocchi.3e97ba9a-0f5f-4662-bf17-9e46fc24d5db/none_v3" 201 - "PUT http://172.18.0.2:8080/v1/AUTH_fd9564c948c44943b806f211065fa3ac/gnocchi.3e97ba9a-0f5f-4662-bf17-9e46fc24d5db/none_v3" "tx4c774ffa34da481483b97-006a2b1ce7" "proxy-server 20" 0.0115 "-" 25 0
Jun 11 20:39:03 standalone proxy-server[129647]: 172.18.0.2 172.18.0.100 11/Jun/2026/20/39/03 PUT /v1/AUTH_fd9564c948c44943b806f211065fa3ac/gnocchi.3e97ba9a-0f5f-4662-bf17-9e46fc24d5db/none_v3 HTTP/1.0 201 - python-swiftclient-3.11.1 gAAAAABqKxyjOzTl... 22 - - tx4c774ffa34da481483b97-006a2b1ce7 - 0.0161 - - 1781210343.875946045 1781210343.892040253 0
Jun 11 20:39:03 standalone container-server[127529]: 172.20.0.100 - - [11/Jun/2026:20:39:03 +0000] "HEAD /d1/761/AUTH_fd9564c948c44943b806f211065fa3ac/gnocchi.3747f9d9-79b1-4e23-953f-2a03dbe2ad92" 404 - "HEAD http://172.18.0.2:8080/v1/AUTH_fd9564c948c44943b806f211065fa3ac/gnocchi.3747f9d9-79b1-4e23-953f-2a03dbe2ad92?format=json&states=listing" "tx6626bf4eafc24f67b69b0-006a2b1ce7" "proxy-server 20" 0.0004 "-" 22 0
Jun 11 20:39:03 standalone object-server[127656]: 172.20.0.100 - - [11/Jun/2026:20:39:03 +0000] "GET /d1/211/AUTH_fd9564c948c44943b806f211065fa3ac/gnocchi.3747f9d9-79b1-4e23-953f-2a03dbe2ad92/none_v3" 404 70 "GET http://172.18.0.2:8080/v1/AUTH_fd9564c948c44943b806f211065fa3ac/gnocchi.3747f9d9-79b1-4e23-953f-2a03dbe2ad92/none_v3" "tx6626bf4eafc24f67b69b0-006a2b1ce7" "proxy-server 20" 0.0005 "-" 22 0
Jun 11 20:39:03 standalone proxy-server[129647]: 172.18.0.2 172.18.0.100 11/Jun/2026/20/39/03 GET /v1/AUTH_fd9564c948c44943b806f211065fa3ac/gnocchi.3747f9d9-79b1-4e23-953f-2a03dbe2ad92/none_v3 HTTP/1.0 404 - python-swiftclient-3.11.1 gAAAAABqKxyjOzTl... - 70 - tx6626bf4eafc24f67b69b0-006a2b1ce7 - 0.0153 - - 1781210343.907647848 1781210343.922964334 0
Jun 11 20:39:03 standalone account-server[127407]: 172.20.0.100 - - [11/Jun/2026:20:39:03 +0000] "PUT /d1/712/AUTH_fd9564c948c44943b806f211065fa3ac/gnocchi.3747f9d9-79b1-4e23-953f-2a03dbe2ad92" 201 - "PUT http://172.20.0.100:6001/d1/761/AUTH_fd9564c948c44943b806f211065fa3ac/gnocchi.3747f9d9-79b1-4e23-953f-2a03dbe2ad92" "txf76465c8ea934ff2a5e00-006a2b1ce7" "container-server 23" 0.0051 "-" 21 0
Jun 11 20:39:03 standalone container-server[127531]: 172.20.0.100 - - [11/Jun/2026:20:39:03 +0000] "PUT /d1/761/AUTH_fd9564c948c44943b806f211065fa3ac/gnocchi.3747f9d9-79b1-4e23-953f-2a03dbe2ad92" 201 - "PUT http://172.18.0.2:8080/v1/AUTH_fd9564c948c44943b806f211065fa3ac/gnocchi.3747f9d9-79b1-4e23-953f-2a03dbe2ad92" "txf76465c8ea934ff2a5e00-006a2b1ce7" "proxy-server 20" 0.0167 "-" 23 0
Jun 11 20:39:03 standalone proxy-server[129647]: 172.18.0.2 172.18.0.100 11/Jun/2026/20/39/03 PUT /v1/AUTH_fd9564c948c44943b806f211065fa3ac/gnocchi.3747f9d9-79b1-4e23-953f-2a03dbe2ad92 HTTP/1.0 201 - python-swiftclient-3.11.1 gAAAAABqKxyjOzTl... - - - txf76465c8ea934ff2a5e00-006a2b1ce7 - 0.0240 - - 1781210343.927194834 1781210343.951209545 0
Jun 11 20:39:03 standalone container-server[127531]: 172.20.0.100 - - [11/Jun/2026:20:39:03 +0000] "HEAD /d1/761/AUTH_fd9564c948c44943b806f211065fa3ac/gnocchi.3747f9d9-79b1-4e23-953f-2a03dbe2ad92" 204 - "HEAD http://172.18.0.2:8080/v1/AUTH_fd9564c948c44943b806f211065fa3ac/gnocchi.3747f9d9-79b1-4e23-953f-2a03dbe2ad92?format=json&states=listing" "tx83912bc819cc40d6bb47e-006a2b1ce7" "proxy-server 20" 0.0012 "-" 23 0
Jun 11 20:39:03 standalone proxy-server[129647]: - - 11/Jun/2026/20/39/03 HEAD /v1/AUTH_fd9564c948c44943b806f211065fa3ac/gnocchi.3747f9d9-79b1-4e23-953f-2a03dbe2ad92%3Fformat%3Djson%26states%3Dlisting HTTP/1.0 204 - Swift - - - - tx83912bc819cc40d6bb47e-006a2b1ce7 - 0.0048 RL - 1781210343.956908226 1781210343.961709023 0
Jun 11 20:39:03 standalone container-server[127531]: 172.20.0.100 - - [11/Jun/2026:20:39:03 +0000] "GET /d1/761/AUTH_fd9564c948c44943b806f211065fa3ac/gnocchi.3747f9d9-79b1-4e23-953f-2a03dbe2ad92" 200 2 "GET http://172.18.0.2:8080/v1/AUTH_fd9564c948c44943b806f211065fa3ac/gnocchi.3747f9d9-79b1-4e23-953f-2a03dbe2ad92?format=json&states=listing" "tx83912bc819cc40d6bb47e-006a2b1ce7" "proxy-server 20" 0.0021 "-" 23 0
Jun 11 20:39:03 standalone proxy-server[129647]: 172.18.0.2 172.18.0.100 11/Jun/2026/20/39/03 GET /v1/AUTH_fd9564c948c44943b806f211065fa3ac/gnocchi.3747f9d9-79b1-4e23-953f-2a03dbe2ad92%3Fformat%3Djson%26states%3Dlisting HTTP/1.0 200 - python-swiftclient-3.11.1 gAAAAABqKxyjOzTl... - 2 - tx83912bc819cc40d6bb47e-006a2b1ce7 - 0.0153 - - 1781210343.955548763 1781210343.970869780 0
Jun 11 20:39:03 standalone object-server[127656]: 172.20.0.100 - - [11/Jun/2026:20:39:03 +0000] "GET /d1/14/AUTH_fd9564c948c44943b806f211065fa3ac/gnocchi.3747f9d9-79b1-4e23-953f-2a03dbe2ad92/1780920000.0_mean_300.0_v3" 404 70 "GET http://172.18.0.2:8080/v1/AUTH_fd9564c948c44943b806f211065fa3ac/gnocchi.3747f9d9-79b1-4e23-953f-2a03dbe2ad92/1780920000.0_mean_300.0_v3" "tx65bd4aa973fc465ab34e1-006a2b1ce7" "proxy-server 20" 0.0004 "-" 22 0
Jun 11 20:39:03 standalone proxy-server[129647]: 172.18.0.2 172.18.0.100 11/Jun/2026/20/39/03 GET /v1/AUTH_fd9564c948c44943b806f211065fa3ac/gnocchi.3747f9d9-79b1-4e23-953f-2a03dbe2ad92/1780920000.0_mean_300.0_v3 HTTP/1.0 404 - python-swiftclient-3.11.1 gAAAAABqKxyjOzTl... - 70 - tx65bd4aa973fc465ab34e1-006a2b1ce7 - 0.0143 - - 1781210343.975243330 1781210343.989510059 0
Jun 11 20:39:04 standalone container-server[127529]: 172.20.0.100 - - [11/Jun/2026:20:39:04 +0000] "PUT /d1/761/AUTH_fd9564c948c44943b806f211065fa3ac/gnocchi.3747f9d9-79b1-4e23-953f-2a03dbe2ad92/1780920000.0_mean_300.0_v3" 201 - "PUT http://172.18.0.2:8080/d1/14/AUTH_fd9564c948c44943b806f211065fa3ac/gnocchi.3747f9d9-79b1-4e23-953f-2a03dbe2ad92/1780920000.0_mean_300.0_v3" "txe4663838f17c4a0995dc6-006a2b1ce7" "object-server 24" 0.0011 "-" 22 0
Jun 11 20:39:04 standalone object-server[127661]: 172.20.0.100 - - [11/Jun/2026:20:39:04 +0000] "PUT /d1/14/AUTH_fd9564c948c44943b806f211065fa3ac/gnocchi.3747f9d9-79b1-4e23-953f-2a03dbe2ad92/1780920000.0_mean_300.0_v3" 201 - "PUT http://172.18.0.2:8080/v1/AUTH_fd9564c948c44943b806f211065fa3ac/gnocchi.3747f9d9-79b1-4e23-953f-2a03dbe2ad92/1780920000.0_mean_300.0_v3" "txe4663838f17c4a0995dc6-006a2b1ce7" "proxy-server 20" 0.0209 "-" 24 0
