Jun 11 20:39:49 standalone account-server[127420]: 172.20.0.100 - - [11/Jun/2026:20:39:49 +0000] "PUT /d1/712/AUTH_fd9564c948c44943b806f211065fa3ac/gnocchi.10860215-0a96-4325-a6d6-2ce853c852cc" 201 - "PUT http://172.20.0.100:6001/d1/179/AUTH_fd9564c948c44943b806f211065fa3ac/gnocchi.10860215-0a96-4325-a6d6-2ce853c852cc" "tx5a18dc945bd4443d9360f-006a2b1d15" "container-server 20" 0.0054 "-" 22 0
Jun 11 20:39:49 standalone container-server[127516]: 172.20.0.100 - - [11/Jun/2026:20:39:49 +0000] "PUT /d1/179/AUTH_fd9564c948c44943b806f211065fa3ac/gnocchi.10860215-0a96-4325-a6d6-2ce853c852cc" 201 - "PUT http://172.18.0.2:8080/v1/AUTH_fd9564c948c44943b806f211065fa3ac/gnocchi.10860215-0a96-4325-a6d6-2ce853c852cc" "tx5a18dc945bd4443d9360f-006a2b1d15" "proxy-server 20" 0.0161 "-" 20 0
Jun 11 20:39:49 standalone proxy-server[129647]: 172.18.0.2 172.18.0.100 11/Jun/2026/20/39/49 PUT /v1/AUTH_fd9564c948c44943b806f211065fa3ac/gnocchi.10860215-0a96-4325-a6d6-2ce853c852cc HTTP/1.0 201 - python-swiftclient-3.11.1 gAAAAABqKxyjOzTl... - - - tx5a18dc945bd4443d9360f-006a2b1d15 - 0.0236 - - 1781210389.252019167 1781210389.275619268 0
Jun 11 20:39:49 standalone container-server[127524]: 172.20.0.100 - - [11/Jun/2026:20:39:49 +0000] "HEAD /d1/179/AUTH_fd9564c948c44943b806f211065fa3ac/gnocchi.10860215-0a96-4325-a6d6-2ce853c852cc" 204 - "HEAD http://172.18.0.2:8080/v1/AUTH_fd9564c948c44943b806f211065fa3ac/gnocchi.10860215-0a96-4325-a6d6-2ce853c852cc?format=json&states=listing" "txcee5981188594df6806b4-006a2b1d15" "proxy-server 20" 0.0014 "-" 21 0
Jun 11 20:39:49 standalone proxy-server[129647]: - - 11/Jun/2026/20/39/49 HEAD /v1/AUTH_fd9564c948c44943b806f211065fa3ac/gnocchi.10860215-0a96-4325-a6d6-2ce853c852cc%3Fformat%3Djson%26states%3Dlisting HTTP/1.0 204 - Swift - - - - txcee5981188594df6806b4-006a2b1d15 - 0.0043 RL - 1781210389.281172276 1781210389.285430670 0
Jun 11 20:39:49 standalone container-server[127524]: 172.20.0.100 - - [11/Jun/2026:20:39:49 +0000] "GET /d1/179/AUTH_fd9564c948c44943b806f211065fa3ac/gnocchi.10860215-0a96-4325-a6d6-2ce853c852cc" 200 2 "GET http://172.18.0.2:8080/v1/AUTH_fd9564c948c44943b806f211065fa3ac/gnocchi.10860215-0a96-4325-a6d6-2ce853c852cc?format=json&states=listing" "txcee5981188594df6806b4-006a2b1d15" "proxy-server 20" 0.0019 "-" 21 0
Jun 11 20:39:49 standalone proxy-server[129647]: 172.18.0.2 172.18.0.100 11/Jun/2026/20/39/49 GET /v1/AUTH_fd9564c948c44943b806f211065fa3ac/gnocchi.10860215-0a96-4325-a6d6-2ce853c852cc%3Fformat%3Djson%26states%3Dlisting HTTP/1.0 200 - python-swiftclient-3.11.1 gAAAAABqKxyjOzTl... - 2 - txcee5981188594df6806b4-006a2b1d15 - 0.0108 - - 1781210389.280332088 1781210389.291143417 0
Jun 11 20:39:49 standalone object-server[127661]: 172.20.0.100 - - [11/Jun/2026:20:39:49 +0000] "GET /d1/251/AUTH_fd9564c948c44943b806f211065fa3ac/gnocchi.10860215-0a96-4325-a6d6-2ce853c852cc/1780920000.0_mean_300.0_v3" 404 70 "GET http://172.18.0.2:8080/v1/AUTH_fd9564c948c44943b806f211065fa3ac/gnocchi.10860215-0a96-4325-a6d6-2ce853c852cc/1780920000.0_mean_300.0_v3" "tx718eef5c77ad4be599b44-006a2b1d15" "proxy-server 20" 0.0005 "-" 24 0
Jun 11 20:39:49 standalone proxy-server[129647]: 172.18.0.2 172.18.0.100 11/Jun/2026/20/39/49 GET /v1/AUTH_fd9564c948c44943b806f211065fa3ac/gnocchi.10860215-0a96-4325-a6d6-2ce853c852cc/1780920000.0_mean_300.0_v3 HTTP/1.0 404 - python-swiftclient-3.11.1 gAAAAABqKxyjOzTl... - 70 - tx718eef5c77ad4be599b44-006a2b1d15 - 0.0071 - - 1781210389.294060707 1781210389.301162004 0
Jun 11 20:39:49 standalone container-server[127529]: 172.20.0.100 - - [11/Jun/2026:20:39:49 +0000] "PUT /d1/179/AUTH_fd9564c948c44943b806f211065fa3ac/gnocchi.10860215-0a96-4325-a6d6-2ce853c852cc/1780920000.0_mean_300.0_v3" 201 - "PUT http://172.18.0.2:8080/d1/251/AUTH_fd9564c948c44943b806f211065fa3ac/gnocchi.10860215-0a96-4325-a6d6-2ce853c852cc/1780920000.0_mean_300.0_v3" "txb08778269a8b491ba90b6-006a2b1d15" "object-server 23" 0.0005 "-" 22 0
Jun 11 20:39:49 standalone object-server[127658]: 172.20.0.100 - - [11/Jun/2026:20:39:49 +0000] "PUT /d1/251/AUTH_fd9564c948c44943b806f211065fa3ac/gnocchi.10860215-0a96-4325-a6d6-2ce853c852cc/1780920000.0_mean_300.0_v3" 201 - "PUT http://172.18.0.2:8080/v1/AUTH_fd9564c948c44943b806f211065fa3ac/gnocchi.10860215-0a96-4325-a6d6-2ce853c852cc/1780920000.0_mean_300.0_v3" "txb08778269a8b491ba90b6-006a2b1d15" "proxy-server 20" 0.0130 "-" 23 0
Jun 11 20:39:49 standalone proxy-server[129647]: 172.18.0.2 172.18.0.100 11/Jun/2026/20/39/49 PUT /v1/AUTH_fd9564c948c44943b806f211065fa3ac/gnocchi.10860215-0a96-4325-a6d6-2ce853c852cc/1780920000.0_mean_300.0_v3 HTTP/1.0 201 - python-swiftclient-3.11.1 gAAAAABqKxyjOzTl... 16 - - txb08778269a8b491ba90b6-006a2b1d15 - 0.0219 - - 1781210389.304752588 1781210389.326607704 0
Jun 11 20:39:49 standalone container-server[127529]: 172.20.0.100 - - [11/Jun/2026:20:39:49 +0000] "PUT /d1/179/AUTH_fd9564c948c44943b806f211065fa3ac/gnocchi.10860215-0a96-4325-a6d6-2ce853c852cc/none_v3" 201 - "PUT http://172.18.0.2:8080/d1/216/AUTH_fd9564c948c44943b806f211065fa3ac/gnocchi.10860215-0a96-4325-a6d6-2ce853c852cc/none_v3" "tx61a727a604c64739870a8-006a2b1d15" "object-server 23" 0.0005 "-" 22 0
Jun 11 20:39:49 standalone object-server[127658]: 172.20.0.100 - - [11/Jun/2026:20:39:49 +0000] "PUT /d1/216/AUTH_fd9564c948c44943b806f211065fa3ac/gnocchi.10860215-0a96-4325-a6d6-2ce853c852cc/none_v3" 201 - "PUT http://172.18.0.2:8080/v1/AUTH_fd9564c948c44943b806f211065fa3ac/gnocchi.10860215-0a96-4325-a6d6-2ce853c852cc/none_v3" "tx61a727a604c64739870a8-006a2b1d15" "proxy-server 20" 0.0097 "-" 23 0
Jun 11 20:39:49 standalone proxy-server[129647]: 172.18.0.2 172.18.0.100 11/Jun/2026/20/39/49 PUT /v1/AUTH_fd9564c948c44943b806f211065fa3ac/gnocchi.10860215-0a96-4325-a6d6-2ce853c852cc/none_v3 HTTP/1.0 201 - python-swiftclient-3.11.1 gAAAAABqKxyjOzTl... 22 - - tx61a727a604c64739870a8-006a2b1d15 - 0.0157 - - 1781210389.331966639 1781210389.347630739 0
Jun 11 20:39:49 standalone object-server[127658]: 172.20.0.100 - - [11/Jun/2026:20:39:49 +0000] "GET /d1/216/AUTH_fd9564c948c44943b806f211065fa3ac/gnocchi.10860215-0a96-4325-a6d6-2ce853c852cc/none_v3" 200 22 "GET http://172.18.0.2:8080/v1/AUTH_fd9564c948c44943b806f211065fa3ac/gnocchi.10860215-0a96-4325-a6d6-2ce853c852cc/none_v3" "tx90690b3120a74da491d4b-006a2b1d15" "proxy-server 20" 0.0012 "-" 23 0
Jun 11 20:39:49 standalone proxy-server[129647]: 172.18.0.2 172.18.0.100 11/Jun/2026/20/39/49 GET /v1/AUTH_fd9564c948c44943b806f211065fa3ac/gnocchi.10860215-0a96-4325-a6d6-2ce853c852cc/none_v3 HTTP/1.0 200 - python-swiftclient-3.11.1 gAAAAABqKxyjOzTl... - 22 - tx90690b3120a74da491d4b-006a2b1d15 - 0.0129 - - 1781210389.535843372 1781210389.548736095 0
Jun 11 20:39:49 standalone container-server[127531]: 172.20.0.100 - - [11/Jun/2026:20:39:49 +0000] "GET /d1/179/AUTH_fd9564c948c44943b806f211065fa3ac/gnocchi.10860215-0a96-4325-a6d6-2ce853c852cc" 200 357 "GET http://172.18.0.2:8080/v1/AUTH_fd9564c948c44943b806f211065fa3ac/gnocchi.10860215-0a96-4325-a6d6-2ce853c852cc?format=json&states=listing" "txea444a71968640ddb446f-006a2b1d15" "proxy-server 20" 0.0183 "-" 23 0
Jun 11 20:39:49 standalone proxy-server[129647]: 172.18.0.2 172.18.0.100 11/Jun/2026/20/39/49 GET /v1/AUTH_fd9564c948c44943b806f211065fa3ac/gnocchi.10860215-0a96-4325-a6d6-2ce853c852cc%3Fformat%3Djson%26states%3Dlisting HTTP/1.0 200 - python-swiftclient-3.11.1 gAAAAABqKxyjOzTl... - 357 - txea444a71968640ddb446f-006a2b1d15 - 0.0265 - - 1781210389.551867485 1781210389.578329802 0
Jun 11 20:39:49 standalone container-server[127531]: 172.20.0.100 - - [11/Jun/2026:20:39:49 +0000] "GET /d1/179/AUTH_fd9564c948c44943b806f211065fa3ac/gnocchi.10860215-0a96-4325-a6d6-2ce853c852cc" 200 2 "GET http://172.18.0.2:8080/v1/AUTH_fd9564c948c44943b806f211065fa3ac/gnocchi.10860215-0a96-4325-a6d6-2ce853c852cc?format=json&marker=none_v3&states=listing" "tx9995a9b84e3243fa97c6b-006a2b1d15" "proxy-server 20" 0.0021 "-" 23 0
Jun 11 20:39:49 standalone proxy-server[129647]: 172.18.0.2 172.18.0.100 11/Jun/2026/20/39/49 GET /v1/AUTH_fd9564c948c44943b806f211065fa3ac/gnocchi.10860215-0a96-4325-a6d6-2ce853c852cc%3Fformat%3Djson%26marker%3Dnone_v3%26states%3Dlisting HTTP/1.0 200 - python-swiftclient-3.11.1 gAAAAABqKxyjOzTl... - 2 - tx9995a9b84e3243fa97c6b-006a2b1d15 - 0.0079 - - 1781210389.581078053 1781210389.588985443 0
Jun 11 20:39:49 standalone object-server[127662]: 172.20.0.100 - - [11/Jun/2026:20:39:49 +0000] "GET /d1/251/AUTH_fd9564c948c44943b806f211065fa3ac/gnocchi.10860215-0a96-4325-a6d6-2ce853c852cc/1780920000.0_mean_300.0_v3" 200 16 "GET http://172.18.0.2:8080/v1/AUTH_fd9564c948c44943b806f211065fa3ac/gnocchi.10860215-0a96-4325-a6d6-2ce853c852cc/1780920000.0_mean_300.0_v3" "tx15fab95b638c4bab99d39-006a2b1d15" "proxy-server 20" 0.0007 "-" 25 0
Jun 11 20:39:49 standalone proxy-server[129647]: 172.18.0.2 172.18.0.100 11/Jun/2026/20/39/49 GET /v1/AUTH_fd9564c948c44943b806f211065fa3ac/gnocchi.10860215-0a96-4325-a6d6-2ce853c852cc/1780920000.0_mean_300.0_v3 HTTP/1.0 200 - python-swiftclient-3.11.1 gAAAAABqKxyjOzTl... - 16 - tx15fab95b638c4bab99d39-006a2b1d15 - 0.0065 - - 1781210389.594305038 1781210389.600806713 0
Jun 11 20:39:49 standalone container-server[127531]: 172.20.0.100 - - [11/Jun/2026:20:39:49 +0000] "PUT /d1/179/AUTH_fd9564c948c44943b806f211065fa3ac/gnocchi.10860215-0a96-4325-a6d6-2ce853c852cc/1780920000.0_mean_300.0_v3" 201 - "PUT http://172.18.0.2:8080/d1/251/AUTH_fd9564c948c44943b806f211065fa3ac/gnocchi.10860215-0a96-4325-a6d6-2ce853c852cc/1780920000.0_mean_300.0_v3" "txfa094b4eb5ca463391b75-006a2b1d15" "object-server 25" 0.0005 "-" 23 0
Jun 11 20:39:49 standalone object-server[127662]: 172.20.0.100 - - [11/Jun/2026:20:39:49 +0000] "PUT /d1/251/AUTH_fd9564c948c44943b806f211065fa3ac/gnocchi.10860215-0a96-4325-a6d6-2ce853c852cc/1780920000.0_mean_300.0_v3" 201 - "PUT http://172.18.0.2:8080/v1/AUTH_fd9564c948c44943b806f211065fa3ac/gnocchi.10860215-0a96-4325-a6d6-2ce853c852cc/1780920000.0_mean_300.0_v3" "txfa094b4eb5ca463391b75-006a2b1d15" "proxy-server 20" 0.0080 "-" 25 0
Jun 11 20:39:49 standalone proxy-server[129647]: 172.18.0.2 172.18.0.100 11/Jun/2026/20/39/49 PUT /v1/AUTH_fd9564c948c44943b806f211065fa3ac/gnocchi.10860215-0a96-4325-a6d6-2ce853c852cc/1780920000.0_mean_300.0_v3 HTTP/1.0 201 - python-swiftclient-3.11.1 gAAAAABqKxyjOzTl... 16 - - txfa094b4eb5ca463391b75-006a2b1d15 - 0.0116 - - 1781210389.602830887 1781210389.614405632 0
Jun 11 20:39:49 standalone container-server[127524]: 172.20.0.100 - - [11/Jun/2026:20:39:49 +0000] "PUT /d1/179/AUTH_fd9564c948c44943b806f211065fa3ac/gnocchi.10860215-0a96-4325-a6d6-2ce853c852cc/none_v3" 201 - "PUT http://172.18.0.2:8080/d1/216/AUTH_fd9564c948c44943b806f211065fa3ac/gnocchi.10860215-0a96-4325-a6d6-2ce853c852cc/none_v3" "tx3e473e2bf319489cabca7-006a2b1d15" "object-server 25" 0.0005 "-" 21 0
Jun 11 20:39:49 standalone object-server[127662]: 172.20.0.100 - - [11/Jun/2026:20:39:49 +0000] "PUT /d1/216/AUTH_fd9564c948c44943b806f211065fa3ac/gnocchi.10860215-0a96-4325-a6d6-2ce853c852cc/none_v3" 201 - "PUT http://172.18.0.2:8080/v1/AUTH_fd9564c948c44943b806f211065fa3ac/gnocchi.10860215-0a96-4325-a6d6-2ce853c852cc/none_v3" "tx3e473e2bf319489cabca7-006a2b1d15" "proxy-server 20" 0.0075 "-" 25 0
Jun 11 20:39:49 standalone proxy-server[129647]: 172.18.0.2 172.18.0.100 11/Jun/2026/20/39/49 PUT /v1/AUTH_fd9564c948c44943b806f211065fa3ac/gnocchi.10860215-0a96-4325-a6d6-2ce853c852cc/none_v3 HTTP/1.0 201 - python-swiftclient-3.11.1 gAAAAABqKxyjOzTl... 31 - - tx3e473e2bf319489cabca7-006a2b1d15 - 0.0117 - - 1781210389.616271973 1781210389.627985239 0
Jun 11 20:39:58 standalone object-server[127662]: 172.20.0.100 - - [11/Jun/2026:20:39:58 +0000] "GET /d1/308/AUTH_fd9564c948c44943b806f211065fa3ac/gnocchi.77a9b2ec-120e-4aa4-82c5-361e8b366be8/none_v3" 200 32 "GET http://172.18.0.2:8080/v1/AUTH_fd9564c948c44943b806f211065fa3ac/gnocchi.77a9b2ec-120e-4aa4-82c5-361e8b366be8/none_v3" "tx2243826f985d44c4ab1d9-006a2b1d1e" "proxy-server 20" 0.0016 "-" 25 0
Jun 11 20:39:58 standalone proxy-server[129647]: 172.18.0.2 172.18.0.100 11/Jun/2026/20/39/58 GET /v1/AUTH_fd9564c948c44943b806f211065fa3ac/gnocchi.77a9b2ec-120e-4aa4-82c5-361e8b366be8/none_v3 HTTP/1.0 200 - python-swiftclient-3.11.1 gAAAAABqKxyjOzTl... - 32 - tx2243826f985d44c4ab1d9-006a2b1d1e - 0.0129 - - 1781210398.581726789 1781210398.594661474 0
Jun 11 20:39:58 standalone container-server[127524]: 172.20.0.100 - - [11/Jun/2026:20:39:58 +0000] "GET /d1/60/AUTH_fd9564c948c44943b806f211065fa3ac/gnocchi.77a9b2ec-120e-4aa4-82c5-361e8b366be8" 200 357 "GET http://172.18.0.2:8080/v1/AUTH_fd9564c948c44943b806f211065fa3ac/gnocchi.77a9b2ec-120e-4aa4-82c5-361e8b366be8?format=json&states=listing" "tx92f17fdc602e482aa1e47-006a2b1d1e" "proxy-server 20" 0.0094 "-" 21 0
Jun 11 20:39:58 standalone proxy-server[129647]: 172.18.0.2 172.18.0.100 11/Jun/2026/20/39/58 GET /v1/AUTH_fd9564c948c44943b806f211065fa3ac/gnocchi.77a9b2ec-120e-4aa4-82c5-361e8b366be8%3Fformat%3Djson%26states%3Dlisting HTTP/1.0 200 - python-swiftclient-3.11.1 gAAAAABqKxyjOzTl... - 357 - tx92f17fdc602e482aa1e47-006a2b1d1e - 0.0194 - - 1781210398.599576235 1781210398.618982077 0
Jun 11 20:39:58 standalone container-server[127524]: 172.20.0.100 - - [11/Jun/2026:20:39:58 +0000] "GET /d1/60/AUTH_fd9564c948c44943b806f211065fa3ac/gnocchi.77a9b2ec-120e-4aa4-82c5-361e8b366be8" 200 2 "GET http://172.18.0.2:8080/v1/AUTH_fd9564c948c44943b806f211065fa3ac/gnocchi.77a9b2ec-120e-4aa4-82c5-361e8b366be8?format=json&marker=none_v3&states=listing" "tx84ea4c549f494537861eb-006a2b1d1e" "proxy-server 20" 0.0034 "-" 21 0
Jun 11 20:39:58 standalone proxy-server[129647]: 172.18.0.2 172.18.0.100 11/Jun/2026/20/39/58 GET /v1/AUTH_fd9564c948c44943b806f211065fa3ac/gnocchi.77a9b2ec-120e-4aa4-82c5-361e8b366be8%3Fformat%3Djson%26marker%3Dnone_v3%26states%3Dlisting HTTP/1.0 200 - python-swiftclient-3.11.1 gAAAAABqKxyjOzTl... - 2 - tx84ea4c549f494537861eb-006a2b1d1e - 0.0119 - - 1781210398.623362064 1781210398.635277271 0
Jun 11 20:39:58 standalone object-server[127662]: 172.20.0.100 - - [11/Jun/2026:20:39:58 +0000] "GET /d1/553/AUTH_fd9564c948c44943b806f211065fa3ac/gnocchi.77a9b2ec-120e-4aa4-82c5-361e8b366be8/1780920000.0_mean_300.0_v3" 200 16 "GET http://172.18.0.2:8080/v1/AUTH_fd9564c948c44943b806f211065fa3ac/gnocchi.77a9b2ec-120e-4aa4-82c5-361e8b366be8/1780920000.0_mean_300.0_v3" "tx6e4f2cbceecf4bc9b2a1f-006a2b1d1e" "proxy-server 20" 0.0013 "-" 25 0
Jun 11 20:39:58 standalone proxy-server[129647]: 172.18.0.2 172.18.0.100 11/Jun/2026/20/39/58 GET /v1/AUTH_fd9564c948c44943b806f211065fa3ac/gnocchi.77a9b2ec-120e-4aa4-82c5-361e8b366be8/1780920000.0_mean_300.0_v3 HTTP/1.0 200 - python-swiftclient-3.11.1 gAAAAABqKxyjOzTl... - 16 - tx6e4f2cbceecf4bc9b2a1f-006a2b1d1e - 0.0108 - - 1781210398.639973640 1781210398.650809526 0
Jun 11 20:39:58 standalone container-server[127516]: 172.20.0.100 - - [11/Jun/2026:20:39:58 +0000] "PUT /d1/60/AUTH_fd9564c948c44943b806f211065fa3ac/gnocchi.77a9b2ec-120e-4aa4-82c5-361e8b366be8/1780920000.0_mean_300.0_v3" 201 - "PUT http://172.18.0.2:8080/d1/553/AUTH_fd9564c948c44943b806f211065fa3ac/gnocchi.77a9b2ec-120e-4aa4-82c5-361e8b366be8/1780920000.0_mean_300.0_v3" "txd8b21da7817e4c119cc35-006a2b1d1e" "object-server 23" 0.0005 "-" 20 0
Jun 11 20:39:58 standalone object-server[127658]: 172.20.0.100 - - [11/Jun/2026:20:39:58 +0000] "PUT /d1/553/AUTH_fd9564c948c44943b806f211065fa3ac/gnocchi.77a9b2ec-120e-4aa4-82c5-361e8b366be8/1780920000.0_mean_300.0_v3" 201 - "PUT http://172.18.0.2:8080/v1/AUTH_fd9564c948c44943b806f211065fa3ac/gnocchi.77a9b2ec-120e-4aa4-82c5-361e8b366be8/1780920000.0_mean_300.0_v3" "txd8b21da7817e4c119cc35-006a2b1d1e" "proxy-server 20" 0.0103 "-" 23 0
Jun 11 20:39:58 standalone proxy-server[129647]: 172.18.0.2 172.18.0.100 11/Jun/2026/20/39/58 PUT /v1/AUTH_fd9564c948c44943b806f211065fa3ac/gnocchi.77a9b2ec-120e-4aa4-82c5-361e8b366be8/1780920000.0_mean_300.0_v3 HTTP/1.0 201 - python-swiftclient-3.11.1 gAAAAABqKxyjOzTl... 16 - - txd8b21da7817e4c119cc35-006a2b1d1e - 0.0180 - - 1781210398.655004740 1781210398.673022985 0
Jun 11 20:39:58 standalone container-server[127529]: 172.20.0.100 - - [11/Jun/2026:20:39:58 +0000] "PUT /d1/60/AUTH_fd9564c948c44943b806f211065fa3ac/gnocchi.77a9b2ec-120e-4aa4-82c5-361e8b366be8/none_v3" 201 - "PUT http://172.18.0.2:8080/d1/308/AUTH_fd9564c948c44943b806f211065fa3ac/gnocchi.77a9b2ec-120e-4aa4-82c5-361e8b366be8/none_v3" "txe08baf1d4a0a49d5ae1e0-006a2b1d1e" "object-server 25" 0.0004 "-" 22 0
Jun 11 20:39:58 standalone object-server[127662]: 172.20.0.100 - - [11/Jun/2026:20:39:58 +0000] "PUT /d1/308/AUTH_fd9564c948c44943b806f211065fa3ac/gnocchi.77a9b2ec-120e-4aa4-82c5-361e8b366be8/none_v3" 201 - "PUT http://172.18.0.2:8080/v1/AUTH_fd9564c948c44943b806f211065fa3ac/gnocchi.77a9b2ec-120e-4aa4-82c5-361e8b366be8/none_v3" "txe08baf1d4a0a49d5ae1e0-006a2b1d1e" "proxy-server 20" 0.0148 "-" 25 0
Jun 11 20:39:58 standalone proxy-server[129647]: 172.18.0.2 172.18.0.100 11/Jun/2026/20/39/58 PUT /v1/AUTH_fd9564c948c44943b806f211065fa3ac/gnocchi.77a9b2ec-120e-4aa4-82c5-361e8b366be8/none_v3 HTTP/1.0 201 - python-swiftclient-3.11.1 gAAAAABqKxyjOzTl... 46 - - txe08baf1d4a0a49d5ae1e0-006a2b1d1e - 0.0233 - - 1781210398.676769972 1781210398.700024605 0
Jun 11 20:39:59 standalone object-server[127656]: 172.20.0.100 - - [11/Jun/2026:20:39:59 +0000] "GET /d1/308/AUTH_fd9564c948c44943b806f211065fa3ac/gnocchi.77a9b2ec-120e-4aa4-82c5-361e8b366be8/none_v3" 200 46 "GET http://172.18.0.2:8080/v1/AUTH_fd9564c948c44943b806f211065fa3ac/gnocchi.77a9b2ec-120e-4aa4-82c5-361e8b366be8/none_v3" "tx320e0d495bb049538901a-006a2b1d1f" "proxy-server 20" 0.0010 "-" 22 0
Jun 11 20:39:59 standalone proxy-server[129647]: 172.18.0.2 172.18.0.100 11/Jun/2026/20/39/59 GET /v1/AUTH_fd9564c948c44943b806f211065fa3ac/gnocchi.77a9b2ec-120e-4aa4-82c5-361e8b366be8/none_v3 HTTP/1.0 200 - python-swiftclient-3.11.1 gAAAAABqKxyjOzTl... - 46 - tx320e0d495bb049538901a-006a2b1d1f - 0.0106 - - 1781210399.570008278 1781210399.580631495 0
Jun 11 20:39:59 standalone container-server[127524]: 172.20.0.100 - - [11/Jun/2026:20:39:59 +0000] "GET /d1/60/AUTH_fd9564c948c44943b806f211065fa3ac/gnocchi.77a9b2ec-120e-4aa4-82c5-361e8b366be8" 200 357 "GET http://172.18.0.2:8080/v1/AUTH_fd9564c948c44943b806f211065fa3ac/gnocchi.77a9b2ec-120e-4aa4-82c5-361e8b366be8?format=json&states=listing" "txeb16029f3bc14334aa48e-006a2b1d1f" "proxy-server 20" 0.0081 "-" 21 0
Jun 11 20:39:59 standalone proxy-server[129647]: 172.18.0.2 172.18.0.100 11/Jun/2026/20/39/59 GET /v1/AUTH_fd9564c948c44943b806f211065fa3ac/gnocchi.77a9b2ec-120e-4aa4-82c5-361e8b366be8%3Fformat%3Djson%26states%3Dlisting HTTP/1.0 200 - python-swiftclient-3.11.1 gAAAAABqKxyjOzTl... - 357 - txeb16029f3bc14334aa48e-006a2b1d1f - 0.0163 - - 1781210399.585237741 1781210399.601565123 0
Jun 11 20:39:59 standalone container-server[127531]: 172.20.0.100 - - [11/Jun/2026:20:39:59 +0000] "GET /d1/60/AUTH_fd9564c948c44943b806f211065fa3ac/gnocchi.77a9b2ec-120e-4aa4-82c5-361e8b366be8" 200 2 "GET http://172.18.0.2:8080/v1/AUTH_fd9564c948c44943b806f211065fa3ac/gnocchi.77a9b2ec-120e-4aa4-82c5-361e8b366be8?format=json&marker=none_v3&states=listing" "tx9e9cee990638496caa3ae-006a2b1d1f" "proxy-server 20" 0.0023 "-" 23 0
Jun 11 20:39:59 standalone proxy-server[129647]: 172.18.0.2 172.18.0.100 11/Jun/2026/20/39/59 GET /v1/AUTH_fd9564c948c44943b806f211065fa3ac/gnocchi.77a9b2ec-120e-4aa4-82c5-361e8b366be8%3Fformat%3Djson%26marker%3Dnone_v3%26states%3Dlisting HTTP/1.0 200 - python-swiftclient-3.11.1 gAAAAABqKxyjOzTl... - 2 - tx9e9cee990638496caa3ae-006a2b1d1f - 0.0099 - - 1781210399.604511976 1781210399.614456892 0
Jun 11 20:39:59 standalone object-server[127658]: 172.20.0.100 - - [11/Jun/2026:20:39:59 +0000] "GET /d1/553/AUTH_fd9564c948c44943b806f211065fa3ac/gnocchi.77a9b2ec-120e-4aa4-82c5-361e8b366be8/1780920000.0_mean_300.0_v3" 200 16 "GET http://172.18.0.2:8080/v1/AUTH_fd9564c948c44943b806f211065fa3ac/gnocchi.77a9b2ec-120e-4aa4-82c5-361e8b366be8/1780920000.0_mean_300.0_v3" "tx693abdfc2c7342629c845-006a2b1d1f" "proxy-server 20" 0.0007 "-" 23 0
Jun 11 20:39:59 standalone proxy-server[129647]: 172.18.0.2 172.18.0.100 11/Jun/2026/20/39/59 GET /v1/AUTH_fd9564c948c44943b806f211065fa3ac/gnocchi.77a9b2ec-120e-4aa4-82c5-361e8b366be8/1780920000.0_mean_300.0_v3 HTTP/1.0 200 - python-swiftclient-3.11.1 gAAAAABqKxyjOzTl... - 16 - tx693abdfc2c7342629c845-006a2b1d1f - 0.0081 - - 1781210399.617672682 1781210399.625763178 0
Jun 11 20:39:59 standalone container-server[127516]: 172.20.0.100 - - [11/Jun/2026:20:39:59 +0000] "PUT /d1/60/AUTH_fd9564c948c44943b806f211065fa3ac/gnocchi.77a9b2ec-120e-4aa4-82c5-361e8b366be8/1780920000.0_mean_300.0_v3" 201 - "PUT http://172.18.0.2:8080/d1/553/AUTH_fd9564c948c44943b806f211065fa3ac/gnocchi.77a9b2ec-120e-4aa4-82c5-361e8b366be8/1780920000.0_mean_300.0_v3" "tx9dc15177513a4e97ad552-006a2b1d1f" "object-server 22" 0.0013 "-" 20 0
Jun 11 20:39:59 standalone object-server[127656]: 172.20.0.100 - - [11/Jun/2026:20:39:59 +0000] "PUT /d1/553/AUTH_fd9564c948c44943b806f211065fa3ac/gnocchi.77a9b2ec-120e-4aa4-82c5-361e8b366be8/1780920000.0_mean_300.0_v3" 201 - "PUT http://172.18.0.2:8080/v1/AUTH_fd9564c948c44943b806f211065fa3ac/gnocchi.77a9b2ec-120e-4aa4-82c5-361e8b366be8/1780920000.0_mean_300.0_v3" "tx9dc15177513a4e97ad552-006a2b1d1f" "proxy-server 20" 0.0099 "-" 22 0
Jun 11 20:39:59 standalone proxy-server[129647]: 172.18.0.2 172.18.0.100 11/Jun/2026/20/39/59 PUT /v1/AUTH_fd9564c948c44943b806f211065fa3ac/gnocchi.77a9b2ec-120e-4aa4-82c5-361e8b366be8/1780920000.0_mean_300.0_v3 HTTP/1.0 201 - python-swiftclient-3.11.1 gAAAAABqKxyjOzTl... 16 - - tx9dc15177513a4e97ad552-006a2b1d1f - 0.0174 - - 1781210399.628489017 1781210399.645869970 0
Jun 11 20:39:59 standalone container-server[127529]: 172.20.0.100 - - [11/Jun/2026:20:39:59 +0000] "PUT /d1/60/AUTH_fd9564c948c44943b806f211065fa3ac/gnocchi.77a9b2ec-120e-4aa4-82c5-361e8b366be8/none_v3" 201 - "PUT http://172.18.0.2:8080/d1/308/AUTH_fd9564c948c44943b806f211065fa3ac/gnocchi.77a9b2ec-120e-4aa4-82c5-361e8b366be8/none_v3" "tx999f6e3457d444c88e6a6-006a2b1d1f" "object-server 25" 0.0005 "-" 22 0
Jun 11 20:39:59 standalone object-server[127662]: 172.20.0.100 - - [11/Jun/2026:20:39:59 +0000] "PUT /d1/308/AUTH_fd9564c948c44943b806f211065fa3ac/gnocchi.77a9b2ec-120e-4aa4-82c5-361e8b366be8/none_v3" 201 - "PUT http://172.18.0.2:8080/v1/AUTH_fd9564c948c44943b806f211065fa3ac/gnocchi.77a9b2ec-120e-4aa4-82c5-361e8b366be8/none_v3" "tx999f6e3457d444c88e6a6-006a2b1d1f" "proxy-server 20" 0.0109 "-" 25 0
Jun 11 20:39:59 standalone proxy-server[129647]: 172.18.0.2 172.18.0.100 11/Jun/2026/20/39/59 PUT /v1/AUTH_fd9564c948c44943b806f211065fa3ac/gnocchi.77a9b2ec-120e-4aa4-82c5-361e8b366be8/none_v3 HTTP/1.0 201 - python-swiftclient-3.11.1 gAAAAABqKxyjOzTl... 51 - - tx999f6e3457d444c88e6a6-006a2b1d1f - 0.0183 - - 1781210399.648518085 1781210399.666830778 0
Jun 11 20:39:59 standalone object-server[127656]: 172.20.0.100 - - [11/Jun/2026:20:39:59 +0000] "GET /d1/275/AUTH_fd9564c948c44943b806f211065fa3ac/gnocchi.3e97ba9a-0f5f-4662-bf17-9e46fc24d5db/none_v3" 200 22 "GET http://172.18.0.2:8080/v1/AUTH_fd9564c948c44943b806f211065fa3ac/gnocchi.3e97ba9a-0f5f-4662-bf17-9e46fc24d5db/none_v3" "tx045dc257723f499896fd5-006a2b1d1f" "proxy-server 20" 0.0005 "-" 22 0
Jun 11 20:39:59 standalone proxy-server[129647]: 172.18.0.2 172.18.0.100 11/Jun/2026/20/39/59 GET /v1/AUTH_fd9564c948c44943b806f211065fa3ac/gnocchi.3e97ba9a-0f5f-4662-bf17-9e46fc24d5db/none_v3 HTTP/1.0 200 - python-swiftclient-3.11.1 gAAAAABqKxyjOzTl... - 22 - tx045dc257723f499896fd5-006a2b1d1f - 0.0079 - - 1781210399.676648855 1781210399.684595108 0
Jun 11 20:39:59 standalone container-server[127524]: 172.20.0.100 - - [11/Jun/2026:20:39:59 +0000] "GET /d1/457/AUTH_fd9564c948c44943b806f211065fa3ac/gnocchi.3e97ba9a-0f5f-4662-bf17-9e46fc24d5db" 200 357 "GET http://172.18.0.2:8080/v1/AUTH_fd9564c948c44943b806f211065fa3ac/gnocchi.3e97ba9a-0f5f-4662-bf17-9e46fc24d5db?format=json&states=listing" "tx8353da7bd40b41a185253-006a2b1d1f" "proxy-server 20" 0.0020 "-" 21 0
Jun 11 20:39:59 standalone proxy-server[129647]: 172.18.0.2 172.18.0.100 11/Jun/2026/20/39/59 GET /v1/AUTH_fd9564c948c44943b806f211065fa3ac/gnocchi.3e97ba9a-0f5f-4662-bf17-9e46fc24d5db%3Fformat%3Djson%26states%3Dlisting HTTP/1.0 200 - python-swiftclient-3.11.1 gAAAAABqKxyjOzTl... - 357 - tx8353da7bd40b41a185253-006a2b1d1f - 0.0154 - - 1781210399.687780857 1781210399.703229666 0
Jun 11 20:39:59 standalone container-server[127516]: 172.20.0.100 - - [11/Jun/2026:20:39:59 +0000] "GET /d1/457/AUTH_fd9564c948c44943b806f211065fa3ac/gnocchi.3e97ba9a-0f5f-4662-bf17-9e46fc24d5db" 200 2 "GET http://172.18.0.2:8080/v1/AUTH_fd9564c948c44943b806f211065fa3ac/gnocchi.3e97ba9a-0f5f-4662-bf17-9e46fc24d5db?format=json&marker=none_v3&states=listing" "txc3dc59d815e24b018d3e8-006a2b1d1f" "proxy-server 20" 0.0035 "-" 20 0
Jun 11 20:39:59 standalone proxy-server[129647]: 172.18.0.2 172.18.0.100 11/Jun/2026/20/39/59 GET /v1/AUTH_fd9564c948c44943b806f211065fa3ac/gnocchi.3e97ba9a-0f5f-4662-bf17-9e46fc24d5db%3Fformat%3Djson%26marker%3Dnone_v3%26states%3Dlisting HTTP/1.0 200 - python-swiftclient-3.11.1 gAAAAABqKxyjOzTl... - 2 - txc3dc59d815e24b018d3e8-006a2b1d1f - 0.0120 - - 1781210399.705777645 1781210399.717792511 0
Jun 11 20:39:59 standalone object-server[127661]: 172.20.0.100 - - [11/Jun/2026:20:39:59 +0000] "GET /d1/897/AUTH_fd9564c948c44943b806f211065fa3ac/gnocchi.3e97ba9a-0f5f-4662-bf17-9e46fc24d5db/1780920000.0_mean_300.0_v3" 200 16 "GET http://172.18.0.2:8080/v1/AUTH_fd9564c948c44943b806f211065fa3ac/gnocchi.3e97ba9a-0f5f-4662-bf17-9e46fc24d5db/1780920000.0_mean_300.0_v3" "tx9038ac3133444deeb08c7-006a2b1d1f" "proxy-server 20" 0.0011 "-" 24 0
Jun 11 20:39:59 standalone proxy-server[129647]: 172.18.0.2 172.18.0.100 11/Jun/2026/20/39/59 GET /v1/AUTH_fd9564c948c44943b806f211065fa3ac/gnocchi.3e97ba9a-0f5f-4662-bf17-9e46fc24d5db/1780920000.0_mean_300.0_v3 HTTP/1.0 200 - python-swiftclient-3.11.1 gAAAAABqKxyjOzTl... - 16 - tx9038ac3133444deeb08c7-006a2b1d1f - 0.0095 - - 1781210399.721527576 1781210399.730978012 0
Jun 11 20:39:59 standalone container-server[127531]: 172.20.0.100 - - [11/Jun/2026:20:39:59 +0000] "PUT /d1/457/AUTH_fd9564c948c44943b806f211065fa3ac/gnocchi.3e97ba9a-0f5f-4662-bf17-9e46fc24d5db/1780920000.0_mean_300.0_v3" 201 - "PUT http://172.18.0.2:8080/d1/897/AUTH_fd9564c948c44943b806f211065fa3ac/gnocchi.3e97ba9a-0f5f-4662-bf17-9e46fc24d5db/1780920000.0_mean_300.0_v3" "txd0f47ccbd83f419992a1a-006a2b1d1f" "object-server 23" 0.0008 "-" 23 0
Jun 11 20:39:59 standalone object-server[127658]: 172.20.0.100 - - [11/Jun/2026:20:39:59 +0000] "PUT /d1/897/AUTH_fd9564c948c44943b806f211065fa3ac/gnocchi.3e97ba9a-0f5f-4662-bf17-9e46fc24d5db/1780920000.0_mean_300.0_v3" 201 - "PUT http://172.18.0.2:8080/v1/AUTH_fd9564c948c44943b806f211065fa3ac/gnocchi.3e97ba9a-0f5f-4662-bf17-9e46fc24d5db/1780920000.0_mean_300.0_v3" "txd0f47ccbd83f419992a1a-006a2b1d1f" "proxy-server 20" 0.0105 "-" 23 0
Jun 11 20:39:59 standalone proxy-server[129647]: 172.18.0.2 172.18.0.100 11/Jun/2026/20/39/59 PUT /v1/AUTH_fd9564c948c44943b806f211065fa3ac/gnocchi.3e97ba9a-0f5f-4662-bf17-9e46fc24d5db/1780920000.0_mean_300.0_v3 HTTP/1.0 201 - python-swiftclient-3.11.1 gAAAAABqKxyjOzTl... 16 - - txd0f47ccbd83f419992a1a-006a2b1d1f - 0.0172 - - 1781210399.733563185 1781210399.750743151 0
Jun 11 20:39:59 standalone container-server[127516]: 172.20.0.100 - - [11/Jun/2026:20:39:59 +0000] "PUT /d1/457/AUTH_fd9564c948c44943b806f211065fa3ac/gnocchi.3e97ba9a-0f5f-4662-bf17-9e46fc24d5db/none_v3" 201 - "PUT http://172.18.0.2:8080/d1/275/AUTH_fd9564c948c44943b806f211065fa3ac/gnocchi.3e97ba9a-0f5f-4662-bf17-9e46fc24d5db/none_v3" "tx2c773590d09e45adbbd93-006a2b1d1f" "object-server 23" 0.0009 "-" 20 0
Jun 11 20:39:59 standalone object-server[127658]: 172.20.0.100 - - [11/Jun/2026:20:39:59 +0000] "PUT /d1/275/AUTH_fd9564c948c44943b806f211065fa3ac/gnocchi.3e97ba9a-0f5f-4662-bf17-9e46fc24d5db/none_v3" 201 - "PUT http://172.18.0.2:8080/v1/AUTH_fd9564c948c44943b806f211065fa3ac/gnocchi.3e97ba9a-0f5f-4662-bf17-9e46fc24d5db/none_v3" "tx2c773590d09e45adbbd93-006a2b1d1f" "proxy-server 20" 0.0099 "-" 23 0
Jun 11 20:39:59 standalone proxy-server[129647]: 172.18.0.2 172.18.0.100 11/Jun/2026/20/39/59 PUT /v1/AUTH_fd9564c948c44943b806f211065fa3ac/gnocchi.3e97ba9a-0f5f-4662-bf17-9e46fc24d5db/none_v3 HTTP/1.0 201 - python-swiftclient-3.11.1 gAAAAABqKxyjOzTl... 32 - - tx2c773590d09e45adbbd93-006a2b1d1f - 0.0169 - - 1781210399.754349709 1781210399.771226406 0
Jun 11 20:39:59 standalone object-server[127662]: 172.20.0.100 - - [11/Jun/2026:20:39:59 +0000] "GET /d1/573/AUTH_fd9564c948c44943b806f211065fa3ac/gnocchi.dd74ae8e-ed70-48de-bfee-07215c09e5f4/none_v3" 200 22 "GET http://172.18.0.2:8080/v1/AUTH_fd9564c948c44943b806f211065fa3ac/gnocchi.dd74ae8e-ed70-48de-bfee-07215c09e5f4/none_v3" "tx8dd59cb62d734a23aac45-006a2b1d1f" "proxy-server 20" 0.0012 "-" 25 0
Jun 11 20:39:59 standalone proxy-server[129647]: 172.18.0.2 172.18.0.100 11/Jun/2026/20/39/59 GET /v1/AUTH_fd9564c948c44943b806f211065fa3ac/gnocchi.dd74ae8e-ed70-48de-bfee-07215c09e5f4/none_v3 HTTP/1.0 200 - python-swiftclient-3.11.1 gAAAAABqKxyjOzTl... - 22 - tx8dd59cb62d734a23aac45-006a2b1d1f - 0.0114 - - 1781210399.788205385 1781210399.799648046 0
Jun 11 20:39:59 standalone container-server[127529]: 172.20.0.100 - - [11/Jun/2026:20:39:59 +0000] "GET /d1/804/AUTH_fd9564c948c44943b806f211065fa3ac/gnocchi.dd74ae8e-ed70-48de-bfee-07215c09e5f4" 200 357 "GET http://172.18.0.2:8080/v1/AUTH_fd9564c948c44943b806f211065fa3ac/gnocchi.dd74ae8e-ed70-48de-bfee-07215c09e5f4?format=json&states=listing" "txaac2dbfa6b144294a5e92-006a2b1d1f" "proxy-server 20" 0.0042 "-" 22 0
Jun 11 20:39:59 standalone proxy-server[129647]: 172.18.0.2 172.18.0.100 11/Jun/2026/20/39/59 GET /v1/AUTH_fd9564c948c44943b806f211065fa3ac/gnocchi.dd74ae8e-ed70-48de-bfee-07215c09e5f4%3Fformat%3Djson%26states%3Dlisting HTTP/1.0 200 - python-swiftclient-3.11.1 gAAAAABqKxyjOzTl... - 357 - txaac2dbfa6b144294a5e92-006a2b1d1f - 0.0142 - - 1781210399.804462194 1781210399.818623781 0
Jun 11 20:39:59 standalone container-server[127531]: 172.20.0.100 - - [11/Jun/2026:20:39:59 +0000] "GET /d1/804/AUTH_fd9564c948c44943b806f211065fa3ac/gnocchi.dd74ae8e-ed70-48de-bfee-07215c09e5f4" 200 2 "GET http://172.18.0.2:8080/v1/AUTH_fd9564c948c44943b806f211065fa3ac/gnocchi.dd74ae8e-ed70-48de-bfee-07215c09e5f4?format=json&marker=none_v3&states=listing" "tx93fb7d1162354f12b1d11-006a2b1d1f" "proxy-server 20" 0.0035 "-" 23 0
Jun 11 20:39:59 standalone proxy-server[129647]: 172.18.0.2 172.18.0.100 11/Jun/2026/20/39/59 GET /v1/AUTH_fd9564c948c44943b806f211065fa3ac/gnocchi.dd74ae8e-ed70-48de-bfee-07215c09e5f4%3Fformat%3Djson%26marker%3Dnone_v3%26states%3Dlisting HTTP/1.0 200 - python-swiftclient-3.11.1 gAAAAABqKxyjOzTl... - 2 - tx93fb7d1162354f12b1d11-006a2b1d1f - 0.0127 - - 1781210399.822228909 1781210399.834895849 0
Jun 11 20:39:59 standalone object-server[127661]: 172.20.0.100 - - [11/Jun/2026:20:39:59 +0000] "GET /d1/796/AUTH_fd9564c948c44943b806f211065fa3ac/gnocchi.dd74ae8e-ed70-48de-bfee-07215c09e5f4/1780920000.0_mean_300.0_v3" 200 16 "GET http://172.18.0.2:8080/v1/AUTH_fd9564c948c44943b806f211065fa3ac/gnocchi.dd74ae8e-ed70-48de-bfee-07215c09e5f4/1780920000.0_mean_300.0_v3" "tx7b3b8e732cc149a4a7311-006a2b1d1f" "proxy-server 20" 0.0011 "-" 24 0
Jun 11 20:39:59 standalone proxy-server[129647]: 172.18.0.2 172.18.0.100 11/Jun/2026/20/39/59 GET /v1/AUTH_fd9564c948c44943b806f211065fa3ac/gnocchi.dd74ae8e-ed70-48de-bfee-07215c09e5f4/1780920000.0_mean_300.0_v3 HTTP/1.0 200 - python-swiftclient-3.11.1 gAAAAABqKxyjOzTl... - 16 - tx7b3b8e732cc149a4a7311-006a2b1d1f - 0.0095 - - 1781210399.839893341 1781210399.849407673 0
Jun 11 20:39:59 standalone container-server[127531]: 172.20.0.100 - - [11/Jun/2026:20:39:59 +0000] "PUT /d1/804/AUTH_fd9564c948c44943b806f211065fa3ac/gnocchi.dd74ae8e-ed70-48de-bfee-07215c09e5f4/1780920000.0_mean_300.0_v3" 201 - "PUT http://172.18.0.2:8080/d1/796/AUTH_fd9564c948c44943b806f211065fa3ac/gnocchi.dd74ae8e-ed70-48de-bfee-07215c09e5f4/1780920000.0_mean_300.0_v3" "tx7130c7d8b8b946b6b7b78-006a2b1d1f" "object-server 22" 0.0007 "-" 23 0
Jun 11 20:39:59 standalone object-server[127656]: 172.20.0.100 - - [11/Jun/2026:20:39:59 +0000] "PUT /d1/796/AUTH_fd9564c948c44943b806f211065fa3ac/gnocchi.dd74ae8e-ed70-48de-bfee-07215c09e5f4/1780920000.0_mean_300.0_v3" 201 - "PUT http://172.18.0.2:8080/v1/AUTH_fd9564c948c44943b806f211065fa3ac/gnocchi.dd74ae8e-ed70-48de-bfee-07215c09e5f4/1780920000.0_mean_300.0_v3" "tx7130c7d8b8b946b6b7b78-006a2b1d1f" "proxy-server 20" 0.0107 "-" 22 0
Jun 11 20:39:59 standalone proxy-server[129647]: 172.18.0.2 172.18.0.100 11/Jun/2026/20/39/59 PUT /v1/AUTH_fd9564c948c44943b806f211065fa3ac/gnocchi.dd74ae8e-ed70-48de-bfee-07215c09e5f4/1780920000.0_mean_300.0_v3 HTTP/1.0 201 - python-swiftclient-3.11.1 gAAAAABqKxyjOzTl... 16 - - tx7130c7d8b8b946b6b7b78-006a2b1d1f - 0.0206 - - 1781210399.853670835 1781210399.874288797 0
Jun 11 20:39:59 standalone container-server[127516]: 172.20.0.100 - - [11/Jun/2026:20:39:59 +0000] "PUT /d1/804/AUTH_fd9564c948c44943b806f211065fa3ac/gnocchi.dd74ae8e-ed70-48de-bfee-07215c09e5f4/none_v3" 201 - "PUT http://172.18.0.2:8080/d1/573/AUTH_fd9564c948c44943b806f211065fa3ac/gnocchi.dd74ae8e-ed70-48de-bfee-07215c09e5f4/none_v3" "tx526aac76c50b4731aa2d6-006a2b1d1f" "object-server 24" 0.0008 "-" 20 0
Jun 11 20:39:59 standalone object-server[127661]: 172.20.0.100 - - [11/Jun/2026:20:39:59 +0000] "PUT /d1/573/AUTH_fd9564c948c44943b806f211065fa3ac/gnocchi.dd74ae8e-ed70-48de-bfee-07215c09e5f4/none_v3" 201 - "PUT http://172.18.0.2:8080/v1/AUTH_fd9564c948c44943b806f211065fa3ac/gnocchi.dd74ae8e-ed70-48de-bfee-07215c09e5f4/none_v3" "tx526aac76c50b4731aa2d6-006a2b1d1f" "proxy-server 20" 0.0134 "-" 24 0
Jun 11 20:39:59 standalone proxy-server[129647]: 172.18.0.2 172.18.0.100 11/Jun/2026/20/39/59 PUT /v1/AUTH_fd9564c948c44943b806f211065fa3ac/gnocchi.dd74ae8e-ed70-48de-bfee-07215c09e5f4/none_v3 HTTP/1.0 201 - python-swiftclient-3.11.1 gAAAAABqKxyjOzTl... 32 - - tx526aac76c50b4731aa2d6-006a2b1d1f - 0.0223 - - 1781210399.878169537 1781210399.900481939 0
Jun 11 20:39:59 standalone object-server[127656]: 172.20.0.100 - - [11/Jun/2026:20:39:59 +0000] "GET /d1/675/AUTH_fd9564c948c44943b806f211065fa3ac/gnocchi.79131575-bb24-4af0-8a56-81ed4a82cf82/none_v3" 200 22 "GET http://172.18.0.2:8080/v1/AUTH_fd9564c948c44943b806f211065fa3ac/gnocchi.79131575-bb24-4af0-8a56-81ed4a82cf82/none_v3" "txf9b65f74f6134a3a92e8e-006a2b1d1f" "proxy-server 20" 0.0007 "-" 22 0
Jun 11 20:39:59 standalone proxy-server[129647]: 172.18.0.2 172.18.0.100 11/Jun/2026/20/39/59 GET /v1/AUTH_fd9564c948c44943b806f211065fa3ac/gnocchi.79131575-bb24-4af0-8a56-81ed4a82cf82/none_v3 HTTP/1.0 200 - python-swiftclient-3.11.1 gAAAAABqKxyjOzTl... - 22 - txf9b65f74f6134a3a92e8e-006a2b1d1f - 0.0073 - - 1781210399.926363468 1781210399.933670998 0
Jun 11 20:39:59 standalone container-server[127524]: 172.20.0.100 - - [11/Jun/2026:20:39:59 +0000] "GET /d1/368/AUTH_fd9564c948c44943b806f211065fa3ac/gnocchi.79131575-bb24-4af0-8a56-81ed4a82cf82" 200 357 "GET http://172.18.0.2:8080/v1/AUTH_fd9564c948c44943b806f211065fa3ac/gnocchi.79131575-bb24-4af0-8a56-81ed4a82cf82?format=json&states=listing" "tx7729e639c0824dcb8295e-006a2b1d1f" "proxy-server 20" 0.0038 "-" 21 0
Jun 11 20:39:59 standalone proxy-server[129647]: 172.18.0.2 172.18.0.100 11/Jun/2026/20/39/59 GET /v1/AUTH_fd9564c948c44943b806f211065fa3ac/gnocchi.79131575-bb24-4af0-8a56-81ed4a82cf82%3Fformat%3Djson%26states%3Dlisting HTTP/1.0 200 - python-swiftclient-3.11.1 gAAAAABqKxyjOzTl... - 357 - tx7729e639c0824dcb8295e-006a2b1d1f - 0.0109 - - 1781210399.937990904 1781210399.948932171 0
Jun 11 20:39:59 standalone container-server[127529]: 172.20.0.100 - - [11/Jun/2026:20:39:59 +0000] "GET /d1/368/AUTH_fd9564c948c44943b806f211065fa3ac/gnocchi.79131575-bb24-4af0-8a56-81ed4a82cf82" 200 2 "GET http://172.18.0.2:8080/v1/AUTH_fd9564c948c44943b806f211065fa3ac/gnocchi.79131575-bb24-4af0-8a56-81ed4a82cf82?format=json&marker=none_v3&states=listing" "tx00dde61b81ea49f8abcfc-006a2b1d1f" "proxy-server 20" 0.0035 "-" 22 0
Jun 11 20:39:59 standalone proxy-server[129647]: 172.18.0.2 172.18.0.100 11/Jun/2026/20/39/59 GET /v1/AUTH_fd9564c948c44943b806f211065fa3ac/gnocchi.79131575-bb24-4af0-8a56-81ed4a82cf82%3Fformat%3Djson%26marker%3Dnone_v3%26states%3Dlisting HTTP/1.0 200 - python-swiftclient-3.11.1 gAAAAABqKxyjOzTl... - 2 - tx00dde61b81ea49f8abcfc-006a2b1d1f - 0.0102 - - 1781210399.952033997 1781210399.962273359 0
Jun 11 20:39:59 standalone object-server[127658]: 172.20.0.100 - - [11/Jun/2026:20:39:59 +0000] "GET /d1/228/AUTH_fd9564c948c44943b806f211065fa3ac/gnocchi.79131575-bb24-4af0-8a56-81ed4a82cf82/1780920000.0_mean_300.0_v3" 200 16 "GET http://172.18.0.2:8080/v1/AUTH_fd9564c948c44943b806f211065fa3ac/gnocchi.79131575-bb24-4af0-8a56-81ed4a82cf82/1780920000.0_mean_300.0_v3" "tx55bd0223a98a455a9046c-006a2b1d1f" "proxy-server 20" 0.0008 "-" 23 0
Jun 11 20:39:59 standalone proxy-server[129647]: 172.18.0.2 172.18.0.100 11/Jun/2026/20/39/59 GET /v1/AUTH_fd9564c948c44943b806f211065fa3ac/gnocchi.79131575-bb24-4af0-8a56-81ed4a82cf82/1780920000.0_mean_300.0_v3 HTTP/1.0 200 - python-swiftclient-3.11.1 gAAAAABqKxyjOzTl... - 16 - tx55bd0223a98a455a9046c-006a2b1d1f - 0.0066 - - 1781210399.966439486 1781210399.973086119 0
Jun 11 20:39:59 standalone container-server[127529]: 172.20.0.100 - - [11/Jun/2026:20:39:59 +0000] "PUT /d1/368/AUTH_fd9564c948c44943b806f211065fa3ac/gnocchi.79131575-bb24-4af0-8a56-81ed4a82cf82/1780920000.0_mean_300.0_v3" 201 - "PUT http://172.18.0.2:8080/d1/228/AUTH_fd9564c948c44943b806f211065fa3ac/gnocchi.79131575-bb24-4af0-8a56-81ed4a82cf82/1780920000.0_mean_300.0_v3" "txb634bf33e5e641cdac5d2-006a2b1d1f" "object-server 23" 0.0009 "-" 22 0
Jun 11 20:40:00 standalone object-server[127658]: 172.20.0.100 - - [11/Jun/2026:20:40:00 +0000] "PUT /d1/228/AUTH_fd9564c948c44943b806f211065fa3ac/gnocchi.79131575-bb24-4af0-8a56-81ed4a82cf82/1780920000.0_mean_300.0_v3" 201 - "PUT http://172.18.0.2:8080/v1/AUTH_fd9564c948c44943b806f211065fa3ac/gnocchi.79131575-bb24-4af0-8a56-81ed4a82cf82/1780920000.0_mean_300.0_v3" "txb634bf33e5e641cdac5d2-006a2b1d1f" "proxy-server 20" 0.0262 "-" 23 0
Jun 11 20:40:00 standalone proxy-server[129647]: 172.18.0.2 172.18.0.100 11/Jun/2026/20/40/00 PUT /v1/AUTH_fd9564c948c44943b806f211065fa3ac/gnocchi.79131575-bb24-4af0-8a56-81ed4a82cf82/1780920000.0_mean_300.0_v3 HTTP/1.0 201 - python-swiftclient-3.11.1 gAAAAABqKxyjOzTl... 16 - - txb634bf33e5e641cdac5d2-006a2b1d1f - 0.0310 - - 1781210399.976343155 1781210400.007360935 0
Jun 11 20:40:00 standalone container-server[127529]: 172.20.0.100 - - [11/Jun/2026:20:40:00 +0000] "PUT /d1/368/AUTH_fd9564c948c44943b806f211065fa3ac/gnocchi.79131575-bb24-4af0-8a56-81ed4a82cf82/none_v3" 201 - "PUT http://172.18.0.2:8080/d1/675/AUTH_fd9564c948c44943b806f211065fa3ac/gnocchi.79131575-bb24-4af0-8a56-81ed4a82cf82/none_v3" "tx330663a0a80d4f05b682b-006a2b1d20" "object-server 25" 0.0014 "-" 22 0
Jun 11 20:40:00 standalone object-server[127662]: 172.20.0.100 - - [11/Jun/2026:20:40:00 +0000] "PUT /d1/675/AUTH_fd9564c948c44943b806f211065fa3ac/gnocchi.79131575-bb24-4af0-8a56-81ed4a82cf82/none_v3" 201 - "PUT http://172.18.0.2:8080/v1/AUTH_fd9564c948c44943b806f211065fa3ac/gnocchi.79131575-bb24-4af0-8a56-81ed4a82cf82/none_v3" "tx330663a0a80d4f05b682b-006a2b1d20" "proxy-server 20" 0.0158 "-" 25 0
Jun 11 20:40:00 standalone proxy-server[129647]: 172.18.0.2 172.18.0.100 11/Jun/2026/20/40/00 PUT /v1/AUTH_fd9564c948c44943b806f211065fa3ac/gnocchi.79131575-bb24-4af0-8a56-81ed4a82cf82/none_v3 HTTP/1.0 201 - python-swiftclient-3.11.1 gAAAAABqKxyjOzTl... 32 - - tx330663a0a80d4f05b682b-006a2b1d20 - 0.0230 - - 1781210400.011790276 1781210400.034807444 0
Jun 11 20:40:00 standalone object-server[127656]: 172.20.0.100 - - [11/Jun/2026:20:40:00 +0000] "GET /d1/211/AUTH_fd9564c948c44943b806f211065fa3ac/gnocchi.3747f9d9-79b1-4e23-953f-2a03dbe2ad92/none_v3" 200 22 "GET http://172.18.0.2:8080/v1/AUTH_fd9564c948c44943b806f211065fa3ac/gnocchi.3747f9d9-79b1-4e23-953f-2a03dbe2ad92/none_v3" "tx58abae0416714d1aa2d37-006a2b1d20" "proxy-server 20" 0.0006 "-" 22 0
Jun 11 20:40:00 standalone proxy-server[129647]: 172.18.0.2 172.18.0.100 11/Jun/2026/20/40/00 GET /v1/AUTH_fd9564c948c44943b806f211065fa3ac/gnocchi.3747f9d9-79b1-4e23-953f-2a03dbe2ad92/none_v3 HTTP/1.0 200 - python-swiftclient-3.11.1 gAAAAABqKxyjOzTl... - 22 - tx58abae0416714d1aa2d37-006a2b1d20 - 0.0127 - - 1781210400.063873053 1781210400.076602221 0
Jun 11 20:40:00 standalone container-server[127516]: 172.20.0.100 - - [11/Jun/2026:20:40:00 +0000] "GET /d1/761/AUTH_fd9564c948c44943b806f211065fa3ac/gnocchi.3747f9d9-79b1-4e23-953f-2a03dbe2ad92" 200 357 "GET http://172.18.0.2:8080/v1/AUTH_fd9564c948c44943b806f211065fa3ac/gnocchi.3747f9d9-79b1-4e23-953f-2a03dbe2ad92?format=json&states=listing" "tx69a9ec7911fa49b2b9f3b-006a2b1d20" "proxy-server 20" 0.0038 "-" 20 0
Jun 11 20:40:00 standalone proxy-server[129647]: 172.18.0.2 172.18.0.100 11/Jun/2026/20/40/00 GET /v1/AUTH_fd9564c948c44943b806f211065fa3ac/gnocchi.3747f9d9-79b1-4e23-953f-2a03dbe2ad92%3Fformat%3Djson%26states%3Dlisting HTTP/1.0 200 - python-swiftclient-3.11.1 gAAAAABqKxyjOzTl... - 357 - tx69a9ec7911fa49b2b9f3b-006a2b1d20 - 0.0139 - - 1781210400.085442066 1781210400.099330902 0
Jun 11 20:40:00 standalone container-server[127529]: 172.20.0.100 - - [11/Jun/2026:20:40:00 +0000] "GET /d1/761/AUTH_fd9564c948c44943b806f211065fa3ac/gnocchi.3747f9d9-79b1-4e23-953f-2a03dbe2ad92" 200 2 "GET http://172.18.0.2:8080/v1/AUTH_fd9564c948c44943b806f211065fa3ac/gnocchi.3747f9d9-79b1-4e23-953f-2a03dbe2ad92?format=json&marker=none_v3&states=listing" "txd4c8ddd4422f41ccbd053-006a2b1d20" "proxy-server 20" 0.0040 "-" 22 0
Jun 11 20:40:00 standalone proxy-server[129647]: 172.18.0.2 172.18.0.100 11/Jun/2026/20/40/00 GET /v1/AUTH_fd9564c948c44943b806f211065fa3ac/gnocchi.3747f9d9-79b1-4e23-953f-2a03dbe2ad92%3Fformat%3Djson%26marker%3Dnone_v3%26states%3Dlisting HTTP/1.0 200 - python-swiftclient-3.11.1 gAAAAABqKxyjOzTl... - 2 - txd4c8ddd4422f41ccbd053-006a2b1d20 - 0.0125 - - 1781210400.102903605 1781210400.115355730 0
Jun 11 20:40:00 standalone object-server[127661]: 172.20.0.100 - - [11/Jun/2026:20:40:00 +0000] "GET /d1/14/AUTH_fd9564c948c44943b806f211065fa3ac/gnocchi.3747f9d9-79b1-4e23-953f-2a03dbe2ad92/1780920000.0_mean_300.0_v3" 200 16 "GET http://172.18.0.2:8080/v1/AUTH_fd9564c948c44943b806f211065fa3ac/gnocchi.3747f9d9-79b1-4e23-953f-2a03dbe2ad92/1780920000.0_mean_300.0_v3" "tx07eeb320127140eeb28cf-006a2b1d20" "proxy-server 20" 0.0013 "-" 24 0
Jun 11 20:40:00 standalone proxy-server[129647]: 172.18.0.2 172.18.0.100 11/Jun/2026/20/40/00 GET /v1/AUTH_fd9564c948c44943b806f211065fa3ac/gnocchi.3747f9d9-79b1-4e23-953f-2a03dbe2ad92/1780920000.0_mean_300.0_v3 HTTP/1.0 200 - python-swiftclient-3.11.1 gAAAAABqKxyjOzTl... - 16 - tx07eeb320127140eeb28cf-006a2b1d20 - 0.0105 - - 1781210400.119610548 1781210400.130118847 0
Jun 11 20:40:00 standalone container-server[127516]: 172.20.0.100 - - [11/Jun/2026:20:40:00 +0000] "PUT /d1/761/AUTH_fd9564c948c44943b806f211065fa3ac/gnocchi.3747f9d9-79b1-4e23-953f-2a03dbe2ad92/1780920000.0_mean_300.0_v3" 201 - "PUT http://172.18.0.2:8080/d1/14/AUTH_fd9564c948c44943b806f211065fa3ac/gnocchi.3747f9d9-79b1-4e23-953f-2a03dbe2ad92/1780920000.0_mean_300.0_v3" "tx92c5e5375a7d4263a7168-006a2b1d20" "object-server 24" 0.0008 "-" 20 0
Jun 11 20:40:00 standalone object-server[127661]: 172.20.0.100 - - [11/Jun/2026:20:40:00 +0000] "PUT /d1/14/AUTH_fd9564c948c44943b806f211065fa3ac/gnocchi.3747f9d9-79b1-4e23-953f-2a03dbe2ad92/1780920000.0_mean_300.0_v3" 201 - "PUT http://172.18.0.2:8080/v1/AUTH_fd9564c948c44943b806f211065fa3ac/gnocchi.3747f9d9-79b1-4e23-953f-2a03dbe2ad92/1780920000.0_mean_300.0_v3" "tx92c5e5375a7d4263a7168-006a2b1d20" "proxy-server 20" 0.0121 "-" 24 0
Jun 11 20:40:00 standalone proxy-server[129647]: 172.18.0.2 172.18.0.100 11/Jun/2026/20/40/00 PUT /v1/AUTH_fd9564c948c44943b806f211065fa3ac/gnocchi.3747f9d9-79b1-4e23-953f-2a03dbe2ad92/1780920000.0_mean_300.0_v3 HTTP/1.0 201 - python-swiftclient-3.11.1 gAAAAABqKxyjOzTl... 16 - - tx92c5e5375a7d4263a7168-006a2b1d20 - 0.0210 - - 1781210400.135216236 1781210400.156213999 0
Jun 11 20:40:00 standalone container-server[127529]: 172.20.0.100 - - [11/Jun/2026:20:40:00 +0000] "PUT /d1/761/AUTH_fd9564c948c44943b806f211065fa3ac/gnocchi.3747f9d9-79b1-4e23-953f-2a03dbe2ad92/none_v3" 201 - "PUT http://172.18.0.2:8080/d1/211/AUTH_fd9564c948c44943b806f211065fa3ac/gnocchi.3747f9d9-79b1-4e23-953f-2a03dbe2ad92/none_v3" "txff4ab5ce914643f4bf54d-006a2b1d20" "object-server 25" 0.0008 "-" 22 0
Jun 11 20:40:00 standalone object-server[127662]: 172.20.0.100 - - [11/Jun/2026:20:40:00 +0000] "PUT /d1/211/AUTH_fd9564c948c44943b806f211065fa3ac/gnocchi.3747f9d9-79b1-4e23-953f-2a03dbe2ad92/none_v3" 201 - "PUT http://172.18.0.2:8080/v1/AUTH_fd9564c948c44943b806f211065fa3ac/gnocchi.3747f9d9-79b1-4e23-953f-2a03dbe2ad92/none_v3" "txff4ab5ce914643f4bf54d-006a2b1d20" "proxy-server 20" 0.0125 "-" 25 0
Jun 11 20:40:00 standalone proxy-server[129647]: 172.18.0.2 172.18.0.100 11/Jun/2026/20/40/00 PUT /v1/AUTH_fd9564c948c44943b806f211065fa3ac/gnocchi.3747f9d9-79b1-4e23-953f-2a03dbe2ad92/none_v3 HTTP/1.0 201 - python-swiftclient-3.11.1 gAAAAABqKxyjOzTl... 32 - - txff4ab5ce914643f4bf54d-006a2b1d20 - 0.0199 - - 1781210400.159060240 1781210400.178925753 0
Jun 11 20:40:03 standalone container-server[127531]: 172.20.0.100 - - [11/Jun/2026:20:40:03 +0000] "HEAD /d1/890/AUTH_fd9564c948c44943b806f211065fa3ac/gnocchi.42a704e3-26aa-4f7c-9c3b-92bfddeda801" 404 - "HEAD http://172.18.0.2:8080/v1/AUTH_fd9564c948c44943b806f211065fa3ac/gnocchi.42a704e3-26aa-4f7c-9c3b-92bfddeda801?format=json&states=listing" "txf4a129517e4a4039b3bde-006a2b1d23" "proxy-server 20" 0.0011 "-" 23 0
Jun 11 20:40:03 standalone object-server[127662]: 172.20.0.100 - - [11/Jun/2026:20:40:03 +0000] "GET /d1/198/AUTH_fd9564c948c44943b806f211065fa3ac/gnocchi.42a704e3-26aa-4f7c-9c3b-92bfddeda801/none_v3" 404 70 "GET http://172.18.0.2:8080/v1/AUTH_fd9564c948c44943b806f211065fa3ac/gnocchi.42a704e3-26aa-4f7c-9c3b-92bfddeda801/none_v3" "txf4a129517e4a4039b3bde-006a2b1d23" "proxy-server 20" 0.0009 "-" 25 0
Jun 11 20:40:03 standalone proxy-server[129647]: 172.18.0.2 172.18.0.100 11/Jun/2026/20/40/03 GET /v1/AUTH_fd9564c948c44943b806f211065fa3ac/gnocchi.42a704e3-26aa-4f7c-9c3b-92bfddeda801/none_v3 HTTP/1.0 404 - python-swiftclient-3.11.1 gAAAAABqKxyjOzTl... - 70 - txf4a129517e4a4039b3bde-006a2b1d23 - 0.0159 - - 1781210403.120804548 1781210403.136705637 0
Jun 11 20:40:03 standalone account-server[127402]: 172.20.0.100 - - [11/Jun/2026:20:40:03 +0000] "PUT /d1/712/AUTH_fd9564c948c44943b806f211065fa3ac/gnocchi.42a704e3-26aa-4f7c-9c3b-92bfddeda801" 201 - "PUT http://172.20.0.100:6001/d1/890/AUTH_fd9564c948c44943b806f211065fa3ac/gnocchi.42a704e3-26aa-4f7c-9c3b-92bfddeda801" "txaf79474d7d00416fb381e-006a2b1d23" "container-server 22" 0.0084 "-" 20 0
Jun 11 20:40:03 standalone container-server[127529]: 172.20.0.100 - - [11/Jun/2026:20:40:03 +0000] "PUT /d1/890/AUTH_fd9564c948c44943b806f211065fa3ac/gnocchi.42a704e3-26aa-4f7c-9c3b-92bfddeda801" 201 - "PUT http://172.18.0.2:8080/v1/AUTH_fd9564c948c44943b806f211065fa3ac/gnocchi.42a704e3-26aa-4f7c-9c3b-92bfddeda801" "txaf79474d7d00416fb381e-006a2b1d23" "proxy-server 20" 0.0206 "-" 22 0
Jun 11 20:40:03 standalone proxy-server[129647]: 172.18.0.2 172.18.0.100 11/Jun/2026/20/40/03 PUT /v1/AUTH_fd9564c948c44943b806f211065fa3ac/gnocchi.42a704e3-26aa-4f7c-9c3b-92bfddeda801 HTTP/1.0 201 - python-swiftclient-3.11.1 gAAAAABqKxyjOzTl... - - - txaf79474d7d00416fb381e-006a2b1d23 - 0.0268 - - 1781210403.140908957 1781210403.167752504 0
Jun 11 20:40:03 standalone container-server[127531]: 172.20.0.100 - - [11/Jun/2026:20:40:03 +0000] "HEAD /d1/890/AUTH_fd9564c948c44943b806f211065fa3ac/gnocchi.42a704e3-26aa-4f7c-9c3b-92bfddeda801" 204 - "HEAD http://172.18.0.2:8080/v1/AUTH_fd9564c948c44943b806f211065fa3ac/gnocchi.42a704e3-26aa-4f7c-9c3b-92bfddeda801?format=json&states=listing" "tx84bc065caed24b4ea67d6-006a2b1d23" "proxy-server 20" 0.0023 "-" 23 0
Jun 11 20:40:03 standalone proxy-server[129647]: - - 11/Jun/2026/20/40/03 HEAD /v1/AUTH_fd9564c948c44943b806f211065fa3ac/gnocchi.42a704e3-26aa-4f7c-9c3b-92bfddeda801%3Fformat%3Djson%26states%3Dlisting HTTP/1.0 204 - Swift - - - - tx84bc065caed24b4ea67d6-006a2b1d23 - 0.0069 RL - 1781210403.173733234 1781210403.180594683 0
Jun 11 20:40:03 standalone container-server[127516]: 172.20.0.100 - - [11/Jun/2026:20:40:03 +0000] "GET /d1/890/AUTH_fd9564c948c44943b806f211065fa3ac/gnocchi.42a704e3-26aa-4f7c-9c3b-92bfddeda801" 200 2 "GET http://172.18.0.2:8080/v1/AUTH_fd9564c948c44943b806f211065fa3ac/gnocchi.42a704e3-26aa-4f7c-9c3b-92bfddeda801?format=json&states=listing" "tx84bc065caed24b4ea67d6-006a2b1d23" "proxy-server 20" 0.0046 "-" 20 0
Jun 11 20:40:03 standalone proxy-server[129647]: 172.18.0.2 172.18.0.100 11/Jun/2026/20/40/03 GET /v1/AUTH_fd9564c948c44943b806f211065fa3ac/gnocchi.42a704e3-26aa-4f7c-9c3b-92bfddeda801%3Fformat%3Djson%26states%3Dlisting HTTP/1.0 200 - python-swiftclient-3.11.1 gAAAAABqKxyjOzTl... - 2 - tx84bc065caed24b4ea67d6-006a2b1d23 - 0.0232 - - 1781210403.172138929 1781210403.195303917 0
Jun 11 20:40:03 standalone object-server[127658]: 172.20.0.100 - - [11/Jun/2026:20:40:03 +0000] "GET /d1/412/AUTH_fd9564c948c44943b806f211065fa3ac/gnocchi.42a704e3-26aa-4f7c-9c3b-92bfddeda801/1780920000.0_mean_300.0_v3" 404 70 "GET http://172.18.0.2:8080/v1/AUTH_fd9564c948c44943b806f211065fa3ac/gnocchi.42a704e3-26aa-4f7c-9c3b-92bfddeda801/1780920000.0_mean_300.0_v3" "txa104df1f548d421b96326-006a2b1d23" "proxy-server 20" 0.0003 "-" 23 0
Jun 11 20:40:03 standalone proxy-server[129647]: 172.18.0.2 172.18.0.100 11/Jun/2026/20/40/03 GET /v1/AUTH_fd9564c948c44943b806f211065fa3ac/gnocchi.42a704e3-26aa-4f7c-9c3b-92bfddeda801/1780920000.0_mean_300.0_v3 HTTP/1.0 404 - python-swiftclient-3.11.1 gAAAAABqKxyjOzTl... - 70 - txa104df1f548d421b96326-006a2b1d23 - 0.0074 - - 1781210403.200889349 1781210403.208270073 0
