Jun 11 20:40:03 standalone container-server[127516]: 172.20.0.100 - - [11/Jun/2026:20:40:03 +0000] "PUT /d1/890/AUTH_fd9564c948c44943b806f211065fa3ac/gnocchi.42a704e3-26aa-4f7c-9c3b-92bfddeda801/1780920000.0_mean_300.0_v3" 201 - "PUT http://172.18.0.2:8080/d1/412/AUTH_fd9564c948c44943b806f211065fa3ac/gnocchi.42a704e3-26aa-4f7c-9c3b-92bfddeda801/1780920000.0_mean_300.0_v3" "tx77fb0f149c254cd79827a-006a2b1d23" "object-server 22" 0.0010 "-" 20 0
Jun 11 20:40:03 standalone object-server[127656]: 172.20.0.100 - - [11/Jun/2026:20:40:03 +0000] "PUT /d1/412/AUTH_fd9564c948c44943b806f211065fa3ac/gnocchi.42a704e3-26aa-4f7c-9c3b-92bfddeda801/1780920000.0_mean_300.0_v3" 201 - "PUT http://172.18.0.2:8080/v1/AUTH_fd9564c948c44943b806f211065fa3ac/gnocchi.42a704e3-26aa-4f7c-9c3b-92bfddeda801/1780920000.0_mean_300.0_v3" "tx77fb0f149c254cd79827a-006a2b1d23" "proxy-server 20" 0.0137 "-" 22 0
Jun 11 20:40:03 standalone proxy-server[129647]: 172.18.0.2 172.18.0.100 11/Jun/2026/20/40/03 PUT /v1/AUTH_fd9564c948c44943b806f211065fa3ac/gnocchi.42a704e3-26aa-4f7c-9c3b-92bfddeda801/1780920000.0_mean_300.0_v3 HTTP/1.0 201 - python-swiftclient-3.11.1 gAAAAABqKxyjOzTl... 16 - - tx77fb0f149c254cd79827a-006a2b1d23 - 0.0205 - - 1781210403.211907387 1781210403.232445002 0
Jun 11 20:40:03 standalone container-server[127529]: 172.20.0.100 - - [11/Jun/2026:20:40:03 +0000] "PUT /d1/890/AUTH_fd9564c948c44943b806f211065fa3ac/gnocchi.42a704e3-26aa-4f7c-9c3b-92bfddeda801/none_v3" 201 - "PUT http://172.18.0.2:8080/d1/198/AUTH_fd9564c948c44943b806f211065fa3ac/gnocchi.42a704e3-26aa-4f7c-9c3b-92bfddeda801/none_v3" "txe8c79e66061146b4b9fa5-006a2b1d23" "object-server 22" 0.0005 "-" 22 0
Jun 11 20:40:03 standalone object-server[127656]: 172.20.0.100 - - [11/Jun/2026:20:40:03 +0000] "PUT /d1/198/AUTH_fd9564c948c44943b806f211065fa3ac/gnocchi.42a704e3-26aa-4f7c-9c3b-92bfddeda801/none_v3" 201 - "PUT http://172.18.0.2:8080/v1/AUTH_fd9564c948c44943b806f211065fa3ac/gnocchi.42a704e3-26aa-4f7c-9c3b-92bfddeda801/none_v3" "txe8c79e66061146b4b9fa5-006a2b1d23" "proxy-server 20" 0.0106 "-" 22 0
Jun 11 20:40:03 standalone proxy-server[129647]: 172.18.0.2 172.18.0.100 11/Jun/2026/20/40/03 PUT /v1/AUTH_fd9564c948c44943b806f211065fa3ac/gnocchi.42a704e3-26aa-4f7c-9c3b-92bfddeda801/none_v3 HTTP/1.0 201 - python-swiftclient-3.11.1 gAAAAABqKxyjOzTl... 22 - - txe8c79e66061146b4b9fa5-006a2b1d23 - 0.0195 - - 1781210403.238496065 1781210403.257958412 0
Jun 11 20:40:03 standalone object-server[127661]: 172.20.0.100 - - [11/Jun/2026:20:40:03 +0000] "GET /d1/593/AUTH_fd9564c948c44943b806f211065fa3ac/gnocchi.fb9aab92-6c26-4bcf-bd87-25dfea5a4b64/none_v3" 200 33 "GET http://172.18.0.2:8080/v1/AUTH_fd9564c948c44943b806f211065fa3ac/gnocchi.fb9aab92-6c26-4bcf-bd87-25dfea5a4b64/none_v3" "tx2c0d9855db0040869c859-006a2b1d23" "proxy-server 20" 0.0011 "-" 24 0
Jun 11 20:40:03 standalone proxy-server[129647]: 172.18.0.2 172.18.0.100 11/Jun/2026/20/40/03 GET /v1/AUTH_fd9564c948c44943b806f211065fa3ac/gnocchi.fb9aab92-6c26-4bcf-bd87-25dfea5a4b64/none_v3 HTTP/1.0 200 - python-swiftclient-3.11.1 gAAAAABqKxyjOzTl... - 33 - tx2c0d9855db0040869c859-006a2b1d23 - 0.0106 - - 1781210403.335565805 1781210403.346169233 0
Jun 11 20:40:03 standalone container-server[127531]: 172.20.0.100 - - [11/Jun/2026:20:40:03 +0000] "GET /d1/837/AUTH_fd9564c948c44943b806f211065fa3ac/gnocchi.fb9aab92-6c26-4bcf-bd87-25dfea5a4b64" 200 357 "GET http://172.18.0.2:8080/v1/AUTH_fd9564c948c44943b806f211065fa3ac/gnocchi.fb9aab92-6c26-4bcf-bd87-25dfea5a4b64?format=json&states=listing" "txdc540ccbd41142068244e-006a2b1d23" "proxy-server 20" 0.0170 "-" 23 0
Jun 11 20:40:03 standalone proxy-server[129647]: 172.18.0.2 172.18.0.100 11/Jun/2026/20/40/03 GET /v1/AUTH_fd9564c948c44943b806f211065fa3ac/gnocchi.fb9aab92-6c26-4bcf-bd87-25dfea5a4b64%3Fformat%3Djson%26states%3Dlisting HTTP/1.0 200 - python-swiftclient-3.11.1 gAAAAABqKxyjOzTl... - 357 - txdc540ccbd41142068244e-006a2b1d23 - 0.0305 - - 1781210403.351567984 1781210403.382063866 0
Jun 11 20:40:03 standalone account-server[127421]: 172.20.0.100 - - [11/Jun/2026:20:40:03 +0000] "HEAD /d1/712/AUTH_fd9564c948c44943b806f211065fa3ac" 204 - "HEAD http://172.18.0.2:8080/v1/AUTH_fd9564c948c44943b806f211065fa3ac?format=json" "txcf510b033f3843c7a6989-006a2b1d23" "proxy-server 20" 0.0101 "-" 23 -
Jun 11 20:40:03 standalone proxy-server[129647]: - - 11/Jun/2026/20/40/03 HEAD /v1/AUTH_fd9564c948c44943b806f211065fa3ac%3Fformat%3Djson HTTP/1.0 204 - Swift - - - - txcf510b033f3843c7a6989-006a2b1d23 - 0.0150 RL - 1781210403.390371084 1781210403.405338049 -
Jun 11 20:40:03 standalone container-server[127524]: 172.20.0.100 - - [11/Jun/2026:20:40:03 +0000] "GET /d1/837/AUTH_fd9564c948c44943b806f211065fa3ac/gnocchi.fb9aab92-6c26-4bcf-bd87-25dfea5a4b64" 200 2 "GET http://172.18.0.2:8080/v1/AUTH_fd9564c948c44943b806f211065fa3ac/gnocchi.fb9aab92-6c26-4bcf-bd87-25dfea5a4b64?format=json&marker=none_v3&states=listing" "txcf510b033f3843c7a6989-006a2b1d23" "proxy-server 20" 0.0019 "-" 21 0
Jun 11 20:40:03 standalone proxy-server[129647]: 172.18.0.2 172.18.0.100 11/Jun/2026/20/40/03 GET /v1/AUTH_fd9564c948c44943b806f211065fa3ac/gnocchi.fb9aab92-6c26-4bcf-bd87-25dfea5a4b64%3Fformat%3Djson%26marker%3Dnone_v3%26states%3Dlisting HTTP/1.0 200 - python-swiftclient-3.11.1 gAAAAABqKxyjOzTl... - 2 - txcf510b033f3843c7a6989-006a2b1d23 - 0.0308 - - 1781210403.387901068 1781210403.418704033 0
Jun 11 20:40:03 standalone object-server[127662]: 172.20.0.100 - - [11/Jun/2026:20:40:03 +0000] "GET /d1/312/AUTH_fd9564c948c44943b806f211065fa3ac/gnocchi.fb9aab92-6c26-4bcf-bd87-25dfea5a4b64/1780920000.0_mean_300.0_v3" 200 16 "GET http://172.18.0.2:8080/v1/AUTH_fd9564c948c44943b806f211065fa3ac/gnocchi.fb9aab92-6c26-4bcf-bd87-25dfea5a4b64/1780920000.0_mean_300.0_v3" "tx7c646d545d1748cd891e1-006a2b1d23" "proxy-server 20" 0.0011 "-" 25 0
Jun 11 20:40:03 standalone proxy-server[129647]: 172.18.0.2 172.18.0.100 11/Jun/2026/20/40/03 GET /v1/AUTH_fd9564c948c44943b806f211065fa3ac/gnocchi.fb9aab92-6c26-4bcf-bd87-25dfea5a4b64/1780920000.0_mean_300.0_v3 HTTP/1.0 200 - python-swiftclient-3.11.1 gAAAAABqKxyjOzTl... - 16 - tx7c646d545d1748cd891e1-006a2b1d23 - 0.0114 - - 1781210403.428523302 1781210403.439915419 0
Jun 11 20:40:03 standalone container-server[127524]: 172.20.0.100 - - [11/Jun/2026:20:40:03 +0000] "PUT /d1/837/AUTH_fd9564c948c44943b806f211065fa3ac/gnocchi.fb9aab92-6c26-4bcf-bd87-25dfea5a4b64/1780920000.0_mean_300.0_v3" 201 - "PUT http://172.18.0.2:8080/d1/312/AUTH_fd9564c948c44943b806f211065fa3ac/gnocchi.fb9aab92-6c26-4bcf-bd87-25dfea5a4b64/1780920000.0_mean_300.0_v3" "txd18967d2052a43da973ec-006a2b1d23" "object-server 24" 0.0005 "-" 21 0
Jun 11 20:40:03 standalone object-server[127661]: 172.20.0.100 - - [11/Jun/2026:20:40:03 +0000] "PUT /d1/312/AUTH_fd9564c948c44943b806f211065fa3ac/gnocchi.fb9aab92-6c26-4bcf-bd87-25dfea5a4b64/1780920000.0_mean_300.0_v3" 201 - "PUT http://172.18.0.2:8080/v1/AUTH_fd9564c948c44943b806f211065fa3ac/gnocchi.fb9aab92-6c26-4bcf-bd87-25dfea5a4b64/1780920000.0_mean_300.0_v3" "txd18967d2052a43da973ec-006a2b1d23" "proxy-server 20" 0.0081 "-" 24 0
Jun 11 20:40:03 standalone proxy-server[129647]: 172.18.0.2 172.18.0.100 11/Jun/2026/20/40/03 PUT /v1/AUTH_fd9564c948c44943b806f211065fa3ac/gnocchi.fb9aab92-6c26-4bcf-bd87-25dfea5a4b64/1780920000.0_mean_300.0_v3 HTTP/1.0 201 - python-swiftclient-3.11.1 gAAAAABqKxyjOzTl... 24 - - txd18967d2052a43da973ec-006a2b1d23 - 0.0137 - - 1781210403.443565607 1781210403.457260370 0
Jun 11 20:40:03 standalone container-server[127531]: 172.20.0.100 - - [11/Jun/2026:20:40:03 +0000] "PUT /d1/837/AUTH_fd9564c948c44943b806f211065fa3ac/gnocchi.fb9aab92-6c26-4bcf-bd87-25dfea5a4b64/none_v3" 201 - "PUT http://172.18.0.2:8080/d1/593/AUTH_fd9564c948c44943b806f211065fa3ac/gnocchi.fb9aab92-6c26-4bcf-bd87-25dfea5a4b64/none_v3" "tx2f50d76015164bfca4c90-006a2b1d23" "object-server 23" 0.0006 "-" 23 0
Jun 11 20:40:03 standalone object-server[127658]: 172.20.0.100 - - [11/Jun/2026:20:40:03 +0000] "PUT /d1/593/AUTH_fd9564c948c44943b806f211065fa3ac/gnocchi.fb9aab92-6c26-4bcf-bd87-25dfea5a4b64/none_v3" 201 - "PUT http://172.18.0.2:8080/v1/AUTH_fd9564c948c44943b806f211065fa3ac/gnocchi.fb9aab92-6c26-4bcf-bd87-25dfea5a4b64/none_v3" "tx2f50d76015164bfca4c90-006a2b1d23" "proxy-server 20" 0.0120 "-" 23 0
Jun 11 20:40:03 standalone proxy-server[129647]: 172.18.0.2 172.18.0.100 11/Jun/2026/20/40/03 PUT /v1/AUTH_fd9564c948c44943b806f211065fa3ac/gnocchi.fb9aab92-6c26-4bcf-bd87-25dfea5a4b64/none_v3 HTTP/1.0 201 - python-swiftclient-3.11.1 gAAAAABqKxyjOzTl... 22 - - tx2f50d76015164bfca4c90-006a2b1d23 - 0.0178 - - 1781210403.460521221 1781210403.478278160 0
Jun 11 20:40:03 standalone object-server[127662]: 172.20.0.100 - - [11/Jun/2026:20:40:03 +0000] "GET /d1/599/AUTH_fd9564c948c44943b806f211065fa3ac/gnocchi.1e8726bb-f7a9-44f0-b459-5fe3ba4b6065/none_v3" 200 33 "GET http://172.18.0.2:8080/v1/AUTH_fd9564c948c44943b806f211065fa3ac/gnocchi.1e8726bb-f7a9-44f0-b459-5fe3ba4b6065/none_v3" "tx2f1e20e06049448ead38f-006a2b1d23" "proxy-server 20" 0.0014 "-" 25 0
Jun 11 20:40:03 standalone proxy-server[129647]: 172.18.0.2 172.18.0.100 11/Jun/2026/20/40/03 GET /v1/AUTH_fd9564c948c44943b806f211065fa3ac/gnocchi.1e8726bb-f7a9-44f0-b459-5fe3ba4b6065/none_v3 HTTP/1.0 200 - python-swiftclient-3.11.1 gAAAAABqKxyjOzTl... - 33 - tx2f1e20e06049448ead38f-006a2b1d23 - 0.0075 - - 1781210403.491136074 1781210403.498678684 0
Jun 11 20:40:03 standalone container-server[127516]: 172.20.0.100 - - [11/Jun/2026:20:40:03 +0000] "GET /d1/603/AUTH_fd9564c948c44943b806f211065fa3ac/gnocchi.1e8726bb-f7a9-44f0-b459-5fe3ba4b6065" 200 357 "GET http://172.18.0.2:8080/v1/AUTH_fd9564c948c44943b806f211065fa3ac/gnocchi.1e8726bb-f7a9-44f0-b459-5fe3ba4b6065?format=json&states=listing" "txb1a4bae329bf441cbedf3-006a2b1d23" "proxy-server 20" 0.0136 "-" 20 0
Jun 11 20:40:03 standalone proxy-server[129647]: 172.18.0.2 172.18.0.100 11/Jun/2026/20/40/03 GET /v1/AUTH_fd9564c948c44943b806f211065fa3ac/gnocchi.1e8726bb-f7a9-44f0-b459-5fe3ba4b6065%3Fformat%3Djson%26states%3Dlisting HTTP/1.0 200 - python-swiftclient-3.11.1 gAAAAABqKxyjOzTl... - 357 - txb1a4bae329bf441cbedf3-006a2b1d23 - 0.0205 - - 1781210403.504052162 1781210403.524572134 0
Jun 11 20:40:03 standalone container-server[127524]: 172.20.0.100 - - [11/Jun/2026:20:40:03 +0000] "GET /d1/603/AUTH_fd9564c948c44943b806f211065fa3ac/gnocchi.1e8726bb-f7a9-44f0-b459-5fe3ba4b6065" 200 2 "GET http://172.18.0.2:8080/v1/AUTH_fd9564c948c44943b806f211065fa3ac/gnocchi.1e8726bb-f7a9-44f0-b459-5fe3ba4b6065?format=json&marker=none_v3&states=listing" "tx9fe0212b25724d62908fa-006a2b1d23" "proxy-server 20" 0.0047 "-" 21 0
Jun 11 20:40:03 standalone proxy-server[129647]: 172.18.0.2 172.18.0.100 11/Jun/2026/20/40/03 GET /v1/AUTH_fd9564c948c44943b806f211065fa3ac/gnocchi.1e8726bb-f7a9-44f0-b459-5fe3ba4b6065%3Fformat%3Djson%26marker%3Dnone_v3%26states%3Dlisting HTTP/1.0 200 - python-swiftclient-3.11.1 gAAAAABqKxyjOzTl... - 2 - tx9fe0212b25724d62908fa-006a2b1d23 - 0.0141 - - 1781210403.527561426 1781210403.541617393 0
Jun 11 20:40:03 standalone object-server[127661]: 172.20.0.100 - - [11/Jun/2026:20:40:03 +0000] "GET /d1/1001/AUTH_fd9564c948c44943b806f211065fa3ac/gnocchi.1e8726bb-f7a9-44f0-b459-5fe3ba4b6065/1780920000.0_mean_300.0_v3" 200 16 "GET http://172.18.0.2:8080/v1/AUTH_fd9564c948c44943b806f211065fa3ac/gnocchi.1e8726bb-f7a9-44f0-b459-5fe3ba4b6065/1780920000.0_mean_300.0_v3" "tx5a184fc4426c43029903f-006a2b1d23" "proxy-server 20" 0.0009 "-" 24 0
Jun 11 20:40:03 standalone proxy-server[129647]: 172.18.0.2 172.18.0.100 11/Jun/2026/20/40/03 GET /v1/AUTH_fd9564c948c44943b806f211065fa3ac/gnocchi.1e8726bb-f7a9-44f0-b459-5fe3ba4b6065/1780920000.0_mean_300.0_v3 HTTP/1.0 200 - python-swiftclient-3.11.1 gAAAAABqKxyjOzTl... - 16 - tx5a184fc4426c43029903f-006a2b1d23 - 0.0077 - - 1781210403.545220613 1781210403.552902699 0
Jun 11 20:40:03 standalone container-server[127516]: 172.20.0.100 - - [11/Jun/2026:20:40:03 +0000] "PUT /d1/603/AUTH_fd9564c948c44943b806f211065fa3ac/gnocchi.1e8726bb-f7a9-44f0-b459-5fe3ba4b6065/1780920000.0_mean_300.0_v3" 201 - "PUT http://172.18.0.2:8080/d1/1001/AUTH_fd9564c948c44943b806f211065fa3ac/gnocchi.1e8726bb-f7a9-44f0-b459-5fe3ba4b6065/1780920000.0_mean_300.0_v3" "tx95ebaafb115d404e87f68-006a2b1d23" "object-server 22" 0.0011 "-" 20 0
Jun 11 20:40:03 standalone object-server[127656]: 172.20.0.100 - - [11/Jun/2026:20:40:03 +0000] "PUT /d1/1001/AUTH_fd9564c948c44943b806f211065fa3ac/gnocchi.1e8726bb-f7a9-44f0-b459-5fe3ba4b6065/1780920000.0_mean_300.0_v3" 201 - "PUT http://172.18.0.2:8080/v1/AUTH_fd9564c948c44943b806f211065fa3ac/gnocchi.1e8726bb-f7a9-44f0-b459-5fe3ba4b6065/1780920000.0_mean_300.0_v3" "tx95ebaafb115d404e87f68-006a2b1d23" "proxy-server 20" 0.0095 "-" 22 0
Jun 11 20:40:03 standalone proxy-server[129647]: 172.18.0.2 172.18.0.100 11/Jun/2026/20/40/03 PUT /v1/AUTH_fd9564c948c44943b806f211065fa3ac/gnocchi.1e8726bb-f7a9-44f0-b459-5fe3ba4b6065/1780920000.0_mean_300.0_v3 HTTP/1.0 201 - python-swiftclient-3.11.1 gAAAAABqKxyjOzTl... 24 - - tx95ebaafb115d404e87f68-006a2b1d23 - 0.0154 - - 1781210403.555988073 1781210403.571417809 0
Jun 11 20:40:03 standalone container-server[127531]: 172.20.0.100 - - [11/Jun/2026:20:40:03 +0000] "PUT /d1/603/AUTH_fd9564c948c44943b806f211065fa3ac/gnocchi.1e8726bb-f7a9-44f0-b459-5fe3ba4b6065/none_v3" 201 - "PUT http://172.18.0.2:8080/d1/599/AUTH_fd9564c948c44943b806f211065fa3ac/gnocchi.1e8726bb-f7a9-44f0-b459-5fe3ba4b6065/none_v3" "tx59794f8c52b34202b66c3-006a2b1d23" "object-server 25" 0.0005 "-" 23 0
Jun 11 20:40:03 standalone object-server[127662]: 172.20.0.100 - - [11/Jun/2026:20:40:03 +0000] "PUT /d1/599/AUTH_fd9564c948c44943b806f211065fa3ac/gnocchi.1e8726bb-f7a9-44f0-b459-5fe3ba4b6065/none_v3" 201 - "PUT http://172.18.0.2:8080/v1/AUTH_fd9564c948c44943b806f211065fa3ac/gnocchi.1e8726bb-f7a9-44f0-b459-5fe3ba4b6065/none_v3" "tx59794f8c52b34202b66c3-006a2b1d23" "proxy-server 20" 0.0122 "-" 25 0
Jun 11 20:40:03 standalone proxy-server[129647]: 172.18.0.2 172.18.0.100 11/Jun/2026/20/40/03 PUT /v1/AUTH_fd9564c948c44943b806f211065fa3ac/gnocchi.1e8726bb-f7a9-44f0-b459-5fe3ba4b6065/none_v3 HTTP/1.0 201 - python-swiftclient-3.11.1 gAAAAABqKxyjOzTl... 22 - - tx59794f8c52b34202b66c3-006a2b1d23 - 0.0186 - - 1781210403.574297190 1781210403.592860460 0
Jun 11 20:40:04 standalone object-server[127661]: 172.20.0.100 - - [11/Jun/2026:20:40:04 +0000] "GET /d1/198/AUTH_fd9564c948c44943b806f211065fa3ac/gnocchi.42a704e3-26aa-4f7c-9c3b-92bfddeda801/none_v3" 200 22 "GET http://172.18.0.2:8080/v1/AUTH_fd9564c948c44943b806f211065fa3ac/gnocchi.42a704e3-26aa-4f7c-9c3b-92bfddeda801/none_v3" "txa46d7bdd75ec486db5e89-006a2b1d24" "proxy-server 20" 0.0014 "-" 24 0
Jun 11 20:40:04 standalone proxy-server[129647]: 172.18.0.2 172.18.0.100 11/Jun/2026/20/40/04 GET /v1/AUTH_fd9564c948c44943b806f211065fa3ac/gnocchi.42a704e3-26aa-4f7c-9c3b-92bfddeda801/none_v3 HTTP/1.0 200 - python-swiftclient-3.11.1 gAAAAABqKxyjOzTl... - 22 - txa46d7bdd75ec486db5e89-006a2b1d24 - 0.0102 - - 1781210404.927410841 1781210404.937587976 0
Jun 11 20:40:04 standalone container-server[127516]: 172.20.0.100 - - [11/Jun/2026:20:40:04 +0000] "GET /d1/890/AUTH_fd9564c948c44943b806f211065fa3ac/gnocchi.42a704e3-26aa-4f7c-9c3b-92bfddeda801" 200 357 "GET http://172.18.0.2:8080/v1/AUTH_fd9564c948c44943b806f211065fa3ac/gnocchi.42a704e3-26aa-4f7c-9c3b-92bfddeda801?format=json&states=listing" "tx135a13f1bf924fb39dd0d-006a2b1d24" "proxy-server 20" 0.0115 "-" 20 0
Jun 11 20:40:04 standalone proxy-server[129647]: 172.18.0.2 172.18.0.100 11/Jun/2026/20/40/04 GET /v1/AUTH_fd9564c948c44943b806f211065fa3ac/gnocchi.42a704e3-26aa-4f7c-9c3b-92bfddeda801%3Fformat%3Djson%26states%3Dlisting HTTP/1.0 200 - python-swiftclient-3.11.1 gAAAAABqKxyjOzTl... - 357 - tx135a13f1bf924fb39dd0d-006a2b1d24 - 0.0213 - - 1781210404.946120739 1781210404.967427254 0
Jun 11 20:40:04 standalone container-server[127529]: 172.20.0.100 - - [11/Jun/2026:20:40:04 +0000] "GET /d1/890/AUTH_fd9564c948c44943b806f211065fa3ac/gnocchi.42a704e3-26aa-4f7c-9c3b-92bfddeda801" 200 2 "GET http://172.18.0.2:8080/v1/AUTH_fd9564c948c44943b806f211065fa3ac/gnocchi.42a704e3-26aa-4f7c-9c3b-92bfddeda801?format=json&marker=none_v3&states=listing" "tx2c44ca296f1a4669841b3-006a2b1d24" "proxy-server 20" 0.0018 "-" 22 0
Jun 11 20:40:04 standalone proxy-server[129647]: 172.18.0.2 172.18.0.100 11/Jun/2026/20/40/04 GET /v1/AUTH_fd9564c948c44943b806f211065fa3ac/gnocchi.42a704e3-26aa-4f7c-9c3b-92bfddeda801%3Fformat%3Djson%26marker%3Dnone_v3%26states%3Dlisting HTTP/1.0 200 - python-swiftclient-3.11.1 gAAAAABqKxyjOzTl... - 2 - tx2c44ca296f1a4669841b3-006a2b1d24 - 0.0079 - - 1781210404.970263481 1781210404.978192329 0
Jun 11 20:40:04 standalone object-server[127662]: 172.20.0.100 - - [11/Jun/2026:20:40:04 +0000] "GET /d1/412/AUTH_fd9564c948c44943b806f211065fa3ac/gnocchi.42a704e3-26aa-4f7c-9c3b-92bfddeda801/1780920000.0_mean_300.0_v3" 200 16 "GET http://172.18.0.2:8080/v1/AUTH_fd9564c948c44943b806f211065fa3ac/gnocchi.42a704e3-26aa-4f7c-9c3b-92bfddeda801/1780920000.0_mean_300.0_v3" "tx0fc918302ca44e11be541-006a2b1d24" "proxy-server 20" 0.0008 "-" 25 0
Jun 11 20:40:04 standalone proxy-server[129647]: 172.18.0.2 172.18.0.100 11/Jun/2026/20/40/04 GET /v1/AUTH_fd9564c948c44943b806f211065fa3ac/gnocchi.42a704e3-26aa-4f7c-9c3b-92bfddeda801/1780920000.0_mean_300.0_v3 HTTP/1.0 200 - python-swiftclient-3.11.1 gAAAAABqKxyjOzTl... - 16 - tx0fc918302ca44e11be541-006a2b1d24 - 0.0104 - - 1781210404.983215809 1781210404.993610859 0
Jun 11 20:40:05 standalone container-server[127529]: 172.20.0.100 - - [11/Jun/2026:20:40:05 +0000] "PUT /d1/890/AUTH_fd9564c948c44943b806f211065fa3ac/gnocchi.42a704e3-26aa-4f7c-9c3b-92bfddeda801/1780920000.0_mean_300.0_v3" 201 - "PUT http://172.18.0.2:8080/d1/412/AUTH_fd9564c948c44943b806f211065fa3ac/gnocchi.42a704e3-26aa-4f7c-9c3b-92bfddeda801/1780920000.0_mean_300.0_v3" "tx61c4663b6f124bffbe46f-006a2b1d24" "object-server 25" 0.0006 "-" 22 0
Jun 11 20:40:05 standalone object-server[127662]: 172.20.0.100 - - [11/Jun/2026:20:40:05 +0000] "PUT /d1/412/AUTH_fd9564c948c44943b806f211065fa3ac/gnocchi.42a704e3-26aa-4f7c-9c3b-92bfddeda801/1780920000.0_mean_300.0_v3" 201 - "PUT http://172.18.0.2:8080/v1/AUTH_fd9564c948c44943b806f211065fa3ac/gnocchi.42a704e3-26aa-4f7c-9c3b-92bfddeda801/1780920000.0_mean_300.0_v3" "tx61c4663b6f124bffbe46f-006a2b1d24" "proxy-server 20" 0.0103 "-" 25 0
Jun 11 20:40:05 standalone proxy-server[129647]: 172.18.0.2 172.18.0.100 11/Jun/2026/20/40/05 PUT /v1/AUTH_fd9564c948c44943b806f211065fa3ac/gnocchi.42a704e3-26aa-4f7c-9c3b-92bfddeda801/1780920000.0_mean_300.0_v3 HTTP/1.0 201 - python-swiftclient-3.11.1 gAAAAABqKxyjOzTl... 16 - - tx61c4663b6f124bffbe46f-006a2b1d24 - 0.0156 - - 1781210404.996093750 1781210405.011662960 0
Jun 11 20:40:05 standalone container-server[127531]: 172.20.0.100 - - [11/Jun/2026:20:40:05 +0000] "PUT /d1/890/AUTH_fd9564c948c44943b806f211065fa3ac/gnocchi.42a704e3-26aa-4f7c-9c3b-92bfddeda801/none_v3" 201 - "PUT http://172.18.0.2:8080/d1/198/AUTH_fd9564c948c44943b806f211065fa3ac/gnocchi.42a704e3-26aa-4f7c-9c3b-92bfddeda801/none_v3" "tx6cc7695c27654575bc80b-006a2b1d25" "object-server 22" 0.0006 "-" 23 0
Jun 11 20:40:05 standalone object-server[127656]: 172.20.0.100 - - [11/Jun/2026:20:40:05 +0000] "PUT /d1/198/AUTH_fd9564c948c44943b806f211065fa3ac/gnocchi.42a704e3-26aa-4f7c-9c3b-92bfddeda801/none_v3" 201 - "PUT http://172.18.0.2:8080/v1/AUTH_fd9564c948c44943b806f211065fa3ac/gnocchi.42a704e3-26aa-4f7c-9c3b-92bfddeda801/none_v3" "tx6cc7695c27654575bc80b-006a2b1d25" "proxy-server 20" 0.0100 "-" 22 0
Jun 11 20:40:05 standalone proxy-server[129647]: 172.18.0.2 172.18.0.100 11/Jun/2026/20/40/05 PUT /v1/AUTH_fd9564c948c44943b806f211065fa3ac/gnocchi.42a704e3-26aa-4f7c-9c3b-92bfddeda801/none_v3 HTTP/1.0 201 - python-swiftclient-3.11.1 gAAAAABqKxyjOzTl... 31 - - tx6cc7695c27654575bc80b-006a2b1d25 - 0.0154 - - 1781210405.014307022 1781210405.029710770 0
Jun 11 20:40:13 standalone object-server[127658]: 172.20.0.100 - - [11/Jun/2026:20:40:13 +0000] "GET /d1/198/AUTH_fd9564c948c44943b806f211065fa3ac/gnocchi.42a704e3-26aa-4f7c-9c3b-92bfddeda801/none_v3" 200 31 "GET http://172.18.0.2:8080/v1/AUTH_fd9564c948c44943b806f211065fa3ac/gnocchi.42a704e3-26aa-4f7c-9c3b-92bfddeda801/none_v3" "tx5566f5f8197140b589817-006a2b1d2d" "proxy-server 20" 0.0011 "-" 23 0
Jun 11 20:40:13 standalone proxy-server[129647]: 172.18.0.2 172.18.0.100 11/Jun/2026/20/40/13 GET /v1/AUTH_fd9564c948c44943b806f211065fa3ac/gnocchi.42a704e3-26aa-4f7c-9c3b-92bfddeda801/none_v3 HTTP/1.0 200 - python-swiftclient-3.11.1 gAAAAABqKxyjOzTl... - 31 - tx5566f5f8197140b589817-006a2b1d2d - 0.0082 - - 1781210413.334680080 1781210413.342859745 0
Jun 11 20:40:13 standalone container-server[127516]: 172.20.0.100 - - [11/Jun/2026:20:40:13 +0000] "GET /d1/890/AUTH_fd9564c948c44943b806f211065fa3ac/gnocchi.42a704e3-26aa-4f7c-9c3b-92bfddeda801" 200 357 "GET http://172.18.0.2:8080/v1/AUTH_fd9564c948c44943b806f211065fa3ac/gnocchi.42a704e3-26aa-4f7c-9c3b-92bfddeda801?format=json&states=listing" "tx333ca74b68c6496eb327a-006a2b1d2d" "proxy-server 20" 0.0070 "-" 20 0
Jun 11 20:40:13 standalone proxy-server[129647]: 172.18.0.2 172.18.0.100 11/Jun/2026/20/40/13 GET /v1/AUTH_fd9564c948c44943b806f211065fa3ac/gnocchi.42a704e3-26aa-4f7c-9c3b-92bfddeda801%3Fformat%3Djson%26states%3Dlisting HTTP/1.0 200 - python-swiftclient-3.11.1 gAAAAABqKxyjOzTl... - 357 - tx333ca74b68c6496eb327a-006a2b1d2d - 0.0138 - - 1781210413.348047256 1781210413.361855984 0
Jun 11 20:40:13 standalone container-server[127524]: 172.20.0.100 - - [11/Jun/2026:20:40:13 +0000] "GET /d1/890/AUTH_fd9564c948c44943b806f211065fa3ac/gnocchi.42a704e3-26aa-4f7c-9c3b-92bfddeda801" 200 2 "GET http://172.18.0.2:8080/v1/AUTH_fd9564c948c44943b806f211065fa3ac/gnocchi.42a704e3-26aa-4f7c-9c3b-92bfddeda801?format=json&marker=none_v3&states=listing" "tx18f4920d18b44edcb40c7-006a2b1d2d" "proxy-server 20" 0.0045 "-" 21 0
Jun 11 20:40:13 standalone proxy-server[129647]: 172.18.0.2 172.18.0.100 11/Jun/2026/20/40/13 GET /v1/AUTH_fd9564c948c44943b806f211065fa3ac/gnocchi.42a704e3-26aa-4f7c-9c3b-92bfddeda801%3Fformat%3Djson%26marker%3Dnone_v3%26states%3Dlisting HTTP/1.0 200 - python-swiftclient-3.11.1 gAAAAABqKxyjOzTl... - 2 - tx18f4920d18b44edcb40c7-006a2b1d2d - 0.0147 - - 1781210413.366147995 1781210413.380845785 0
Jun 11 20:40:13 standalone object-server[127661]: 172.20.0.100 - - [11/Jun/2026:20:40:13 +0000] "GET /d1/412/AUTH_fd9564c948c44943b806f211065fa3ac/gnocchi.42a704e3-26aa-4f7c-9c3b-92bfddeda801/1780920000.0_mean_300.0_v3" 200 16 "GET http://172.18.0.2:8080/v1/AUTH_fd9564c948c44943b806f211065fa3ac/gnocchi.42a704e3-26aa-4f7c-9c3b-92bfddeda801/1780920000.0_mean_300.0_v3" "txc0c335a0a7644202a981c-006a2b1d2d" "proxy-server 20" 0.0006 "-" 24 0
Jun 11 20:40:13 standalone proxy-server[129647]: 172.18.0.2 172.18.0.100 11/Jun/2026/20/40/13 GET /v1/AUTH_fd9564c948c44943b806f211065fa3ac/gnocchi.42a704e3-26aa-4f7c-9c3b-92bfddeda801/1780920000.0_mean_300.0_v3 HTTP/1.0 200 - python-swiftclient-3.11.1 gAAAAABqKxyjOzTl... - 16 - txc0c335a0a7644202a981c-006a2b1d2d - 0.0080 - - 1781210413.388172626 1781210413.396207571 0
Jun 11 20:40:13 standalone container-server[127516]: 172.20.0.100 - - [11/Jun/2026:20:40:13 +0000] "PUT /d1/890/AUTH_fd9564c948c44943b806f211065fa3ac/gnocchi.42a704e3-26aa-4f7c-9c3b-92bfddeda801/1780920000.0_mean_300.0_v3" 201 - "PUT http://172.18.0.2:8080/d1/412/AUTH_fd9564c948c44943b806f211065fa3ac/gnocchi.42a704e3-26aa-4f7c-9c3b-92bfddeda801/1780920000.0_mean_300.0_v3" "txf9a13236bc0a4bd6a83fd-006a2b1d2d" "object-server 22" 0.0005 "-" 20 0
Jun 11 20:40:13 standalone object-server[127656]: 172.20.0.100 - - [11/Jun/2026:20:40:13 +0000] "PUT /d1/412/AUTH_fd9564c948c44943b806f211065fa3ac/gnocchi.42a704e3-26aa-4f7c-9c3b-92bfddeda801/1780920000.0_mean_300.0_v3" 201 - "PUT http://172.18.0.2:8080/v1/AUTH_fd9564c948c44943b806f211065fa3ac/gnocchi.42a704e3-26aa-4f7c-9c3b-92bfddeda801/1780920000.0_mean_300.0_v3" "txf9a13236bc0a4bd6a83fd-006a2b1d2d" "proxy-server 20" 0.0246 "-" 22 0
Jun 11 20:40:13 standalone proxy-server[129647]: 172.18.0.2 172.18.0.100 11/Jun/2026/20/40/13 PUT /v1/AUTH_fd9564c948c44943b806f211065fa3ac/gnocchi.42a704e3-26aa-4f7c-9c3b-92bfddeda801/1780920000.0_mean_300.0_v3 HTTP/1.0 201 - python-swiftclient-3.11.1 gAAAAABqKxyjOzTl... 16 - - txf9a13236bc0a4bd6a83fd-006a2b1d2d - 0.0332 - - 1781210413.405299664 1781210413.438483000 0
Jun 11 20:40:13 standalone container-server[127524]: 172.20.0.100 - - [11/Jun/2026:20:40:13 +0000] "PUT /d1/890/AUTH_fd9564c948c44943b806f211065fa3ac/gnocchi.42a704e3-26aa-4f7c-9c3b-92bfddeda801/none_v3" 201 - "PUT http://172.18.0.2:8080/d1/198/AUTH_fd9564c948c44943b806f211065fa3ac/gnocchi.42a704e3-26aa-4f7c-9c3b-92bfddeda801/none_v3" "tx9356d23616ab43e6b2ea5-006a2b1d2d" "object-server 23" 0.0005 "-" 21 0
Jun 11 20:40:13 standalone object-server[127658]: 172.20.0.100 - - [11/Jun/2026:20:40:13 +0000] "PUT /d1/198/AUTH_fd9564c948c44943b806f211065fa3ac/gnocchi.42a704e3-26aa-4f7c-9c3b-92bfddeda801/none_v3" 201 - "PUT http://172.18.0.2:8080/v1/AUTH_fd9564c948c44943b806f211065fa3ac/gnocchi.42a704e3-26aa-4f7c-9c3b-92bfddeda801/none_v3" "tx9356d23616ab43e6b2ea5-006a2b1d2d" "proxy-server 20" 0.0182 "-" 23 0
Jun 11 20:40:13 standalone proxy-server[129647]: 172.18.0.2 172.18.0.100 11/Jun/2026/20/40/13 PUT /v1/AUTH_fd9564c948c44943b806f211065fa3ac/gnocchi.42a704e3-26aa-4f7c-9c3b-92bfddeda801/none_v3 HTTP/1.0 201 - python-swiftclient-3.11.1 gAAAAABqKxyjOzTl... 46 - - tx9356d23616ab43e6b2ea5-006a2b1d2d - 0.0297 - - 1781210413.446900368 1781210413.476609468 0
Jun 11 20:40:14 standalone object-server[127661]: 172.20.0.100 - - [11/Jun/2026:20:40:14 +0000] "GET /d1/198/AUTH_fd9564c948c44943b806f211065fa3ac/gnocchi.42a704e3-26aa-4f7c-9c3b-92bfddeda801/none_v3" 200 46 "GET http://172.18.0.2:8080/v1/AUTH_fd9564c948c44943b806f211065fa3ac/gnocchi.42a704e3-26aa-4f7c-9c3b-92bfddeda801/none_v3" "tx38bdfd4eeff9404b8ca30-006a2b1d2e" "proxy-server 20" 0.0007 "-" 24 0
Jun 11 20:40:14 standalone proxy-server[129647]: 172.18.0.2 172.18.0.100 11/Jun/2026/20/40/14 GET /v1/AUTH_fd9564c948c44943b806f211065fa3ac/gnocchi.42a704e3-26aa-4f7c-9c3b-92bfddeda801/none_v3 HTTP/1.0 200 - python-swiftclient-3.11.1 gAAAAABqKxyjOzTl... - 46 - tx38bdfd4eeff9404b8ca30-006a2b1d2e - 0.0085 - - 1781210414.048552275 1781210414.057017565 0
Jun 11 20:40:14 standalone container-server[127516]: 172.20.0.100 - - [11/Jun/2026:20:40:14 +0000] "GET /d1/890/AUTH_fd9564c948c44943b806f211065fa3ac/gnocchi.42a704e3-26aa-4f7c-9c3b-92bfddeda801" 200 357 "GET http://172.18.0.2:8080/v1/AUTH_fd9564c948c44943b806f211065fa3ac/gnocchi.42a704e3-26aa-4f7c-9c3b-92bfddeda801?format=json&states=listing" "tx64bf40549eb74d89b7041-006a2b1d2e" "proxy-server 20" 0.0086 "-" 20 0
Jun 11 20:40:14 standalone proxy-server[129647]: 172.18.0.2 172.18.0.100 11/Jun/2026/20/40/14 GET /v1/AUTH_fd9564c948c44943b806f211065fa3ac/gnocchi.42a704e3-26aa-4f7c-9c3b-92bfddeda801%3Fformat%3Djson%26states%3Dlisting HTTP/1.0 200 - python-swiftclient-3.11.1 gAAAAABqKxyjOzTl... - 357 - tx64bf40549eb74d89b7041-006a2b1d2e - 0.0141 - - 1781210414.062797546 1781210414.076869965 0
Jun 11 20:40:14 standalone container-server[127516]: 172.20.0.100 - - [11/Jun/2026:20:40:14 +0000] "GET /d1/890/AUTH_fd9564c948c44943b806f211065fa3ac/gnocchi.42a704e3-26aa-4f7c-9c3b-92bfddeda801" 200 2 "GET http://172.18.0.2:8080/v1/AUTH_fd9564c948c44943b806f211065fa3ac/gnocchi.42a704e3-26aa-4f7c-9c3b-92bfddeda801?format=json&marker=none_v3&states=listing" "tx6da16af50b74421c88d89-006a2b1d2e" "proxy-server 20" 0.0718 "-" 20 0
Jun 11 20:40:14 standalone proxy-server[129647]: 172.18.0.2 172.18.0.100 11/Jun/2026/20/40/14 GET /v1/AUTH_fd9564c948c44943b806f211065fa3ac/gnocchi.42a704e3-26aa-4f7c-9c3b-92bfddeda801%3Fformat%3Djson%26marker%3Dnone_v3%26states%3Dlisting HTTP/1.0 200 - python-swiftclient-3.11.1 gAAAAABqKxyjOzTl... - 2 - tx6da16af50b74421c88d89-006a2b1d2e - 0.0793 - - 1781210414.080857754 1781210414.160200119 0
Jun 11 20:40:14 standalone object-server[127661]: 172.20.0.100 - - [11/Jun/2026:20:40:14 +0000] "GET /d1/412/AUTH_fd9564c948c44943b806f211065fa3ac/gnocchi.42a704e3-26aa-4f7c-9c3b-92bfddeda801/1780920000.0_mean_300.0_v3" 200 16 "GET http://172.18.0.2:8080/v1/AUTH_fd9564c948c44943b806f211065fa3ac/gnocchi.42a704e3-26aa-4f7c-9c3b-92bfddeda801/1780920000.0_mean_300.0_v3" "tx5118ecee70cf4ba68a244-006a2b1d2e" "proxy-server 20" 0.0006 "-" 24 0
Jun 11 20:40:14 standalone proxy-server[129647]: 172.18.0.2 172.18.0.100 11/Jun/2026/20/40/14 GET /v1/AUTH_fd9564c948c44943b806f211065fa3ac/gnocchi.42a704e3-26aa-4f7c-9c3b-92bfddeda801/1780920000.0_mean_300.0_v3 HTTP/1.0 200 - python-swiftclient-3.11.1 gAAAAABqKxyjOzTl... - 16 - tx5118ecee70cf4ba68a244-006a2b1d2e - 0.0056 - - 1781210414.163684845 1781210414.169308186 0
Jun 11 20:40:14 standalone container-server[127524]: 172.20.0.100 - - [11/Jun/2026:20:40:14 +0000] "PUT /d1/890/AUTH_fd9564c948c44943b806f211065fa3ac/gnocchi.42a704e3-26aa-4f7c-9c3b-92bfddeda801/1780920000.0_mean_300.0_v3" 201 - "PUT http://172.18.0.2:8080/d1/412/AUTH_fd9564c948c44943b806f211065fa3ac/gnocchi.42a704e3-26aa-4f7c-9c3b-92bfddeda801/1780920000.0_mean_300.0_v3" "txb9432a2e2a214bdfba31d-006a2b1d2e" "object-server 23" 0.0016 "-" 21 0
Jun 11 20:40:14 standalone object-server[127658]: 172.20.0.100 - - [11/Jun/2026:20:40:14 +0000] "PUT /d1/412/AUTH_fd9564c948c44943b806f211065fa3ac/gnocchi.42a704e3-26aa-4f7c-9c3b-92bfddeda801/1780920000.0_mean_300.0_v3" 201 - "PUT http://172.18.0.2:8080/v1/AUTH_fd9564c948c44943b806f211065fa3ac/gnocchi.42a704e3-26aa-4f7c-9c3b-92bfddeda801/1780920000.0_mean_300.0_v3" "txb9432a2e2a214bdfba31d-006a2b1d2e" "proxy-server 20" 0.0220 "-" 23 0
Jun 11 20:40:14 standalone proxy-server[129647]: 172.18.0.2 172.18.0.100 11/Jun/2026/20/40/14 PUT /v1/AUTH_fd9564c948c44943b806f211065fa3ac/gnocchi.42a704e3-26aa-4f7c-9c3b-92bfddeda801/1780920000.0_mean_300.0_v3 HTTP/1.0 201 - python-swiftclient-3.11.1 gAAAAABqKxyjOzTl... 16 - - txb9432a2e2a214bdfba31d-006a2b1d2e - 0.0264 - - 1781210414.172416210 1781210414.198838234 0
Jun 11 20:40:14 standalone container-server[127529]: 172.20.0.100 - - [11/Jun/2026:20:40:14 +0000] "PUT /d1/890/AUTH_fd9564c948c44943b806f211065fa3ac/gnocchi.42a704e3-26aa-4f7c-9c3b-92bfddeda801/none_v3" 201 - "PUT http://172.18.0.2:8080/d1/198/AUTH_fd9564c948c44943b806f211065fa3ac/gnocchi.42a704e3-26aa-4f7c-9c3b-92bfddeda801/none_v3" "txa955b0ad30fa4efb80755-006a2b1d2e" "object-server 23" 0.0005 "-" 22 0
Jun 11 20:40:14 standalone object-server[127658]: 172.20.0.100 - - [11/Jun/2026:20:40:14 +0000] "PUT /d1/198/AUTH_fd9564c948c44943b806f211065fa3ac/gnocchi.42a704e3-26aa-4f7c-9c3b-92bfddeda801/none_v3" 201 - "PUT http://172.18.0.2:8080/v1/AUTH_fd9564c948c44943b806f211065fa3ac/gnocchi.42a704e3-26aa-4f7c-9c3b-92bfddeda801/none_v3" "txa955b0ad30fa4efb80755-006a2b1d2e" "proxy-server 20" 0.0113 "-" 23 0
Jun 11 20:40:14 standalone proxy-server[129647]: 172.18.0.2 172.18.0.100 11/Jun/2026/20/40/14 PUT /v1/AUTH_fd9564c948c44943b806f211065fa3ac/gnocchi.42a704e3-26aa-4f7c-9c3b-92bfddeda801/none_v3 HTTP/1.0 201 - python-swiftclient-3.11.1 gAAAAABqKxyjOzTl... 51 - - txa955b0ad30fa4efb80755-006a2b1d2e - 0.0186 - - 1781210414.205932617 1781210414.224505663 0
Jun 11 20:40:16 standalone object-server[127552]: Begin object update sweep
Jun 11 20:40:16 standalone object-server[239256]: Object update sweep starting on /srv/node/d1 (pid: 14)
Jun 11 20:40:16 standalone object-server[239256]: Object update sweep completed on /srv/node/d1 in 0.00s seconds:, 0 successes, 0 failures, 0 quarantines, 0 unlinks, 0 errors, 0 redirects (pid: 14)
Jun 11 20:40:16 standalone object-server[239256]: Object update sweep of d1 completed: 0.00s, 0 successes, 0 failures, 0 quarantines, 0 unlinks, 0 errors, 0 redirects
Jun 11 20:40:16 standalone object-server[127552]: Object update sweep completed: 0.14s
Jun 11 20:40:16 standalone container-server[127516]: 172.20.0.100 - - [11/Jun/2026:20:40:16 +0000] "HEAD /d1/398/AUTH_fd9564c948c44943b806f211065fa3ac/gnocchi.b0581335-8d23-48ff-a633-9f056ec4c99f" 404 - "HEAD http://172.18.0.2:8080/v1/AUTH_fd9564c948c44943b806f211065fa3ac/gnocchi.b0581335-8d23-48ff-a633-9f056ec4c99f?format=json&states=listing" "tx0d43f2783bc744228aecb-006a2b1d30" "proxy-server 20" 0.0008 "-" 20 0
Jun 11 20:40:16 standalone object-server[127661]: 172.20.0.100 - - [11/Jun/2026:20:40:16 +0000] "GET /d1/284/AUTH_fd9564c948c44943b806f211065fa3ac/gnocchi.b0581335-8d23-48ff-a633-9f056ec4c99f/none_v3" 404 70 "GET http://172.18.0.2:8080/v1/AUTH_fd9564c948c44943b806f211065fa3ac/gnocchi.b0581335-8d23-48ff-a633-9f056ec4c99f/none_v3" "tx0d43f2783bc744228aecb-006a2b1d30" "proxy-server 20" 0.0005 "-" 24 0
Jun 11 20:40:17 standalone proxy-server[129647]: 172.18.0.2 172.18.0.100 11/Jun/2026/20/40/17 GET /v1/AUTH_fd9564c948c44943b806f211065fa3ac/gnocchi.b0581335-8d23-48ff-a633-9f056ec4c99f/none_v3 HTTP/1.0 404 - python-swiftclient-3.11.1 gAAAAABqKxyjOzTl... - 70 - tx0d43f2783bc744228aecb-006a2b1d30 - 0.0130 - - 1781210416.987847090 1781210417.000853539 0
Jun 11 20:40:17 standalone account-server[127421]: 172.20.0.100 - - [11/Jun/2026:20:40:17 +0000] "PUT /d1/712/AUTH_fd9564c948c44943b806f211065fa3ac/gnocchi.b0581335-8d23-48ff-a633-9f056ec4c99f" 201 - "PUT http://172.20.0.100:6001/d1/398/AUTH_fd9564c948c44943b806f211065fa3ac/gnocchi.b0581335-8d23-48ff-a633-9f056ec4c99f" "tx0e6ca30945674f3bb517a-006a2b1d31" "container-server 23" 0.0014 "-" 23 0
Jun 11 20:40:17 standalone container-server[127531]: 172.20.0.100 - - [11/Jun/2026:20:40:17 +0000] "PUT /d1/398/AUTH_fd9564c948c44943b806f211065fa3ac/gnocchi.b0581335-8d23-48ff-a633-9f056ec4c99f" 201 - "PUT http://172.18.0.2:8080/v1/AUTH_fd9564c948c44943b806f211065fa3ac/gnocchi.b0581335-8d23-48ff-a633-9f056ec4c99f" "tx0e6ca30945674f3bb517a-006a2b1d31" "proxy-server 20" 0.0132 "-" 23 0
Jun 11 20:40:17 standalone proxy-server[129647]: 172.18.0.2 172.18.0.100 11/Jun/2026/20/40/17 PUT /v1/AUTH_fd9564c948c44943b806f211065fa3ac/gnocchi.b0581335-8d23-48ff-a633-9f056ec4c99f HTTP/1.0 201 - python-swiftclient-3.11.1 gAAAAABqKxyjOzTl... - - - tx0e6ca30945674f3bb517a-006a2b1d31 - 0.0196 - - 1781210417.004116774 1781210417.023761511 0
Jun 11 20:40:17 standalone container-server[127516]: 172.20.0.100 - - [11/Jun/2026:20:40:17 +0000] "HEAD /d1/398/AUTH_fd9564c948c44943b806f211065fa3ac/gnocchi.b0581335-8d23-48ff-a633-9f056ec4c99f" 204 - "HEAD http://172.18.0.2:8080/v1/AUTH_fd9564c948c44943b806f211065fa3ac/gnocchi.b0581335-8d23-48ff-a633-9f056ec4c99f?format=json&states=listing" "tx79fa0468ce6b4609aff3e-006a2b1d31" "proxy-server 20" 0.0013 "-" 20 0
Jun 11 20:40:17 standalone proxy-server[129647]: - - 11/Jun/2026/20/40/17 HEAD /v1/AUTH_fd9564c948c44943b806f211065fa3ac/gnocchi.b0581335-8d23-48ff-a633-9f056ec4c99f%3Fformat%3Djson%26states%3Dlisting HTTP/1.0 204 - Swift - - - - tx79fa0468ce6b4609aff3e-006a2b1d31 - 0.0054 RL - 1781210417.032198906 1781210417.037589550 0
Jun 11 20:40:17 standalone container-server[127524]: 172.20.0.100 - - [11/Jun/2026:20:40:17 +0000] "GET /d1/398/AUTH_fd9564c948c44943b806f211065fa3ac/gnocchi.b0581335-8d23-48ff-a633-9f056ec4c99f" 200 2 "GET http://172.18.0.2:8080/v1/AUTH_fd9564c948c44943b806f211065fa3ac/gnocchi.b0581335-8d23-48ff-a633-9f056ec4c99f?format=json&states=listing" "tx79fa0468ce6b4609aff3e-006a2b1d31" "proxy-server 20" 0.0016 "-" 21 0
Jun 11 20:40:17 standalone proxy-server[129647]: 172.18.0.2 172.18.0.100 11/Jun/2026/20/40/17 GET /v1/AUTH_fd9564c948c44943b806f211065fa3ac/gnocchi.b0581335-8d23-48ff-a633-9f056ec4c99f%3Fformat%3Djson%26states%3Dlisting HTTP/1.0 200 - python-swiftclient-3.11.1 gAAAAABqKxyjOzTl... - 2 - tx79fa0468ce6b4609aff3e-006a2b1d31 - 0.0154 - - 1781210417.029625893 1781210417.045047283 0
Jun 11 20:40:17 standalone object-server[127658]: 172.20.0.100 - - [11/Jun/2026:20:40:17 +0000] "GET /d1/59/AUTH_fd9564c948c44943b806f211065fa3ac/gnocchi.b0581335-8d23-48ff-a633-9f056ec4c99f/1780920000.0_mean_300.0_v3" 404 70 "GET http://172.18.0.2:8080/v1/AUTH_fd9564c948c44943b806f211065fa3ac/gnocchi.b0581335-8d23-48ff-a633-9f056ec4c99f/1780920000.0_mean_300.0_v3" "tx6a177049d88f48ab9aaa8-006a2b1d31" "proxy-server 20" 0.0004 "-" 23 0
Jun 11 20:40:17 standalone proxy-server[129647]: 172.18.0.2 172.18.0.100 11/Jun/2026/20/40/17 GET /v1/AUTH_fd9564c948c44943b806f211065fa3ac/gnocchi.b0581335-8d23-48ff-a633-9f056ec4c99f/1780920000.0_mean_300.0_v3 HTTP/1.0 404 - python-swiftclient-3.11.1 gAAAAABqKxyjOzTl... - 70 - tx6a177049d88f48ab9aaa8-006a2b1d31 - 0.0064 - - 1781210417.048629761 1781210417.055074930 0
Jun 11 20:40:17 standalone container-server[127529]: 172.20.0.100 - - [11/Jun/2026:20:40:17 +0000] "PUT /d1/398/AUTH_fd9564c948c44943b806f211065fa3ac/gnocchi.b0581335-8d23-48ff-a633-9f056ec4c99f/1780920000.0_mean_300.0_v3" 201 - "PUT http://172.18.0.2:8080/d1/59/AUTH_fd9564c948c44943b806f211065fa3ac/gnocchi.b0581335-8d23-48ff-a633-9f056ec4c99f/1780920000.0_mean_300.0_v3" "tx463548374e93410198378-006a2b1d31" "object-server 24" 0.0008 "-" 22 0
Jun 11 20:40:17 standalone object-server[127661]: 172.20.0.100 - - [11/Jun/2026:20:40:17 +0000] "PUT /d1/59/AUTH_fd9564c948c44943b806f211065fa3ac/gnocchi.b0581335-8d23-48ff-a633-9f056ec4c99f/1780920000.0_mean_300.0_v3" 201 - "PUT http://172.18.0.2:8080/v1/AUTH_fd9564c948c44943b806f211065fa3ac/gnocchi.b0581335-8d23-48ff-a633-9f056ec4c99f/1780920000.0_mean_300.0_v3" "tx463548374e93410198378-006a2b1d31" "proxy-server 20" 0.0110 "-" 24 0
Jun 11 20:40:17 standalone proxy-server[129647]: 172.18.0.2 172.18.0.100 11/Jun/2026/20/40/17 PUT /v1/AUTH_fd9564c948c44943b806f211065fa3ac/gnocchi.b0581335-8d23-48ff-a633-9f056ec4c99f/1780920000.0_mean_300.0_v3 HTTP/1.0 201 - python-swiftclient-3.11.1 gAAAAABqKxyjOzTl... 16 - - tx463548374e93410198378-006a2b1d31 - 0.0173 - - 1781210417.057269812 1781210417.074592590 0
Jun 11 20:40:17 standalone container-server[127531]: 172.20.0.100 - - [11/Jun/2026:20:40:17 +0000] "PUT /d1/398/AUTH_fd9564c948c44943b806f211065fa3ac/gnocchi.b0581335-8d23-48ff-a633-9f056ec4c99f/none_v3" 201 - "PUT http://172.18.0.2:8080/d1/284/AUTH_fd9564c948c44943b806f211065fa3ac/gnocchi.b0581335-8d23-48ff-a633-9f056ec4c99f/none_v3" "txfafb130b78314118a4cc0-006a2b1d31" "object-server 24" 0.0005 "-" 23 0
Jun 11 20:40:17 standalone object-server[127661]: 172.20.0.100 - - [11/Jun/2026:20:40:17 +0000] "PUT /d1/284/AUTH_fd9564c948c44943b806f211065fa3ac/gnocchi.b0581335-8d23-48ff-a633-9f056ec4c99f/none_v3" 201 - "PUT http://172.18.0.2:8080/v1/AUTH_fd9564c948c44943b806f211065fa3ac/gnocchi.b0581335-8d23-48ff-a633-9f056ec4c99f/none_v3" "txfafb130b78314118a4cc0-006a2b1d31" "proxy-server 20" 0.0097 "-" 24 0
Jun 11 20:40:17 standalone proxy-server[129647]: 172.18.0.2 172.18.0.100 11/Jun/2026/20/40/17 PUT /v1/AUTH_fd9564c948c44943b806f211065fa3ac/gnocchi.b0581335-8d23-48ff-a633-9f056ec4c99f/none_v3 HTTP/1.0 201 - python-swiftclient-3.11.1 gAAAAABqKxyjOzTl... 22 - - txfafb130b78314118a4cc0-006a2b1d31 - 0.0154 - - 1781210417.077163458 1781210417.092586040 0
Jun 11 20:40:17 standalone container-server[127531]: 172.20.0.100 - - [11/Jun/2026:20:40:17 +0000] "HEAD /d1/614/AUTH_fd9564c948c44943b806f211065fa3ac/gnocchi.15ba93ad-e243-4f5c-aa0b-a439d9f96815" 404 - "HEAD http://172.18.0.2:8080/v1/AUTH_fd9564c948c44943b806f211065fa3ac/gnocchi.15ba93ad-e243-4f5c-aa0b-a439d9f96815?format=json&states=listing" "tx1f2d61a0ae6d44cdacc1b-006a2b1d31" "proxy-server 20" 0.0003 "-" 23 0
Jun 11 20:40:17 standalone object-server[127662]: 172.20.0.100 - - [11/Jun/2026:20:40:17 +0000] "GET /d1/896/AUTH_fd9564c948c44943b806f211065fa3ac/gnocchi.15ba93ad-e243-4f5c-aa0b-a439d9f96815/none_v3" 404 70 "GET http://172.18.0.2:8080/v1/AUTH_fd9564c948c44943b806f211065fa3ac/gnocchi.15ba93ad-e243-4f5c-aa0b-a439d9f96815/none_v3" "tx1f2d61a0ae6d44cdacc1b-006a2b1d31" "proxy-server 20" 0.0003 "-" 25 0
Jun 11 20:40:17 standalone proxy-server[129647]: 172.18.0.2 172.18.0.100 11/Jun/2026/20/40/17 GET /v1/AUTH_fd9564c948c44943b806f211065fa3ac/gnocchi.15ba93ad-e243-4f5c-aa0b-a439d9f96815/none_v3 HTTP/1.0 404 - python-swiftclient-3.11.1 gAAAAABqKxyjOzTl... - 70 - tx1f2d61a0ae6d44cdacc1b-006a2b1d31 - 0.0089 - - 1781210417.106268406 1781210417.115186453 0
Jun 11 20:40:17 standalone account-server[127402]: 172.20.0.100 - - [11/Jun/2026:20:40:17 +0000] "PUT /d1/712/AUTH_fd9564c948c44943b806f211065fa3ac/gnocchi.15ba93ad-e243-4f5c-aa0b-a439d9f96815" 201 - "PUT http://172.20.0.100:6001/d1/614/AUTH_fd9564c948c44943b806f211065fa3ac/gnocchi.15ba93ad-e243-4f5c-aa0b-a439d9f96815" "tx7c98e45f18bb40e6a4139-006a2b1d31" "container-server 23" 0.0048 "-" 20 0
Jun 11 20:40:17 standalone container-server[127531]: 172.20.0.100 - - [11/Jun/2026:20:40:17 +0000] "PUT /d1/614/AUTH_fd9564c948c44943b806f211065fa3ac/gnocchi.15ba93ad-e243-4f5c-aa0b-a439d9f96815" 201 - "PUT http://172.18.0.2:8080/v1/AUTH_fd9564c948c44943b806f211065fa3ac/gnocchi.15ba93ad-e243-4f5c-aa0b-a439d9f96815" "tx7c98e45f18bb40e6a4139-006a2b1d31" "proxy-server 20" 0.0159 "-" 23 0
Jun 11 20:40:17 standalone proxy-server[129647]: 172.18.0.2 172.18.0.100 11/Jun/2026/20/40/17 PUT /v1/AUTH_fd9564c948c44943b806f211065fa3ac/gnocchi.15ba93ad-e243-4f5c-aa0b-a439d9f96815 HTTP/1.0 201 - python-swiftclient-3.11.1 gAAAAABqKxyjOzTl... - - - tx7c98e45f18bb40e6a4139-006a2b1d31 - 0.0199 - - 1781210417.118374825 1781210417.138262987 0
Jun 11 20:40:17 standalone container-server[127529]: 172.20.0.100 - - [11/Jun/2026:20:40:17 +0000] "HEAD /d1/36/AUTH_fd9564c948c44943b806f211065fa3ac/gnocchi.8e9e67c1-bfd3-4b92-9a15-c90560033095" 404 - "HEAD http://172.18.0.2:8080/v1/AUTH_fd9564c948c44943b806f211065fa3ac/gnocchi.8e9e67c1-bfd3-4b92-9a15-c90560033095?format=json&states=listing" "tx503b3423354b46d1bc877-006a2b1d31" "proxy-server 20" 0.0004 "-" 22 0
Jun 11 20:40:17 standalone object-server[127661]: 172.20.0.100 - - [11/Jun/2026:20:40:17 +0000] "GET /d1/629/AUTH_fd9564c948c44943b806f211065fa3ac/gnocchi.8e9e67c1-bfd3-4b92-9a15-c90560033095/none_v3" 404 70 "GET http://172.18.0.2:8080/v1/AUTH_fd9564c948c44943b806f211065fa3ac/gnocchi.8e9e67c1-bfd3-4b92-9a15-c90560033095/none_v3" "tx503b3423354b46d1bc877-006a2b1d31" "proxy-server 20" 0.0004 "-" 24 0
Jun 11 20:40:17 standalone proxy-server[129647]: 172.18.0.2 172.18.0.100 11/Jun/2026/20/40/17 GET /v1/AUTH_fd9564c948c44943b806f211065fa3ac/gnocchi.8e9e67c1-bfd3-4b92-9a15-c90560033095/none_v3 HTTP/1.0 404 - python-swiftclient-3.11.1 gAAAAABqKxyjOzTl... - 70 - tx503b3423354b46d1bc877-006a2b1d31 - 0.0081 - - 1781210417.141512632 1781210417.149564266 0
Jun 11 20:40:17 standalone account-server[127402]: 172.20.0.100 - - [11/Jun/2026:20:40:17 +0000] "PUT /d1/712/AUTH_fd9564c948c44943b806f211065fa3ac/gnocchi.8e9e67c1-bfd3-4b92-9a15-c90560033095" 201 - "PUT http://172.20.0.100:6001/d1/36/AUTH_fd9564c948c44943b806f211065fa3ac/gnocchi.8e9e67c1-bfd3-4b92-9a15-c90560033095" "tx05d2b3642d8746d09f5f7-006a2b1d31" "container-server 20" 0.0041 "-" 20 0
Jun 11 20:40:17 standalone container-server[127516]: 172.20.0.100 - - [11/Jun/2026:20:40:17 +0000] "PUT /d1/36/AUTH_fd9564c948c44943b806f211065fa3ac/gnocchi.8e9e67c1-bfd3-4b92-9a15-c90560033095" 201 - "PUT http://172.18.0.2:8080/v1/AUTH_fd9564c948c44943b806f211065fa3ac/gnocchi.8e9e67c1-bfd3-4b92-9a15-c90560033095" "tx05d2b3642d8746d09f5f7-006a2b1d31" "proxy-server 20" 0.0146 "-" 20 0
Jun 11 20:40:17 standalone proxy-server[129647]: 172.18.0.2 172.18.0.100 11/Jun/2026/20/40/17 PUT /v1/AUTH_fd9564c948c44943b806f211065fa3ac/gnocchi.8e9e67c1-bfd3-4b92-9a15-c90560033095 HTTP/1.0 201 - python-swiftclient-3.11.1 gAAAAABqKxyjOzTl... - - - tx05d2b3642d8746d09f5f7-006a2b1d31 - 0.0207 - - 1781210417.153418064 1781210417.174098015 0
Jun 11 20:40:17 standalone container-server[127529]: 172.20.0.100 - - [11/Jun/2026:20:40:17 +0000] "HEAD /d1/614/AUTH_fd9564c948c44943b806f211065fa3ac/gnocchi.15ba93ad-e243-4f5c-aa0b-a439d9f96815" 204 - "HEAD http://172.18.0.2:8080/v1/AUTH_fd9564c948c44943b806f211065fa3ac/gnocchi.15ba93ad-e243-4f5c-aa0b-a439d9f96815?format=json&states=listing" "tx98a3c738a7304a06b487a-006a2b1d31" "proxy-server 20" 0.0032 "-" 22 0
Jun 11 20:40:17 standalone proxy-server[129647]: - - 11/Jun/2026/20/40/17 HEAD /v1/AUTH_fd9564c948c44943b806f211065fa3ac/gnocchi.15ba93ad-e243-4f5c-aa0b-a439d9f96815%3Fformat%3Djson%26states%3Dlisting HTTP/1.0 204 - Swift - - - - tx98a3c738a7304a06b487a-006a2b1d31 - 0.0073 RL - 1781210417.181411982 1781210417.188727617 0
Jun 11 20:40:17 standalone container-server[127516]: 172.20.0.100 - - [11/Jun/2026:20:40:17 +0000] "GET /d1/614/AUTH_fd9564c948c44943b806f211065fa3ac/gnocchi.15ba93ad-e243-4f5c-aa0b-a439d9f96815" 200 2 "GET http://172.18.0.2:8080/v1/AUTH_fd9564c948c44943b806f211065fa3ac/gnocchi.15ba93ad-e243-4f5c-aa0b-a439d9f96815?format=json&states=listing" "tx98a3c738a7304a06b487a-006a2b1d31" "proxy-server 20" 0.0077 "-" 20 0
Jun 11 20:40:17 standalone proxy-server[129647]: 172.18.0.2 172.18.0.100 11/Jun/2026/20/40/17 GET /v1/AUTH_fd9564c948c44943b806f211065fa3ac/gnocchi.15ba93ad-e243-4f5c-aa0b-a439d9f96815%3Fformat%3Djson%26states%3Dlisting HTTP/1.0 200 - python-swiftclient-3.11.1 gAAAAABqKxyjOzTl... - 2 - tx98a3c738a7304a06b487a-006a2b1d31 - 0.0226 - - 1781210417.180498600 1781210417.203136206 0
Jun 11 20:40:17 standalone container-server[127531]: 172.20.0.100 - - [11/Jun/2026:20:40:17 +0000] "HEAD /d1/36/AUTH_fd9564c948c44943b806f211065fa3ac/gnocchi.8e9e67c1-bfd3-4b92-9a15-c90560033095" 204 - "HEAD http://172.18.0.2:8080/v1/AUTH_fd9564c948c44943b806f211065fa3ac/gnocchi.8e9e67c1-bfd3-4b92-9a15-c90560033095?format=json&states=listing" "tx184e45485c1a489b889d3-006a2b1d31" "proxy-server 20" 0.0014 "-" 23 0
Jun 11 20:40:17 standalone proxy-server[129647]: - - 11/Jun/2026/20/40/17 HEAD /v1/AUTH_fd9564c948c44943b806f211065fa3ac/gnocchi.8e9e67c1-bfd3-4b92-9a15-c90560033095%3Fformat%3Djson%26states%3Dlisting HTTP/1.0 204 - Swift - - - - tx184e45485c1a489b889d3-006a2b1d31 - 0.0061 RL - 1781210417.207312822 1781210417.213416815 0
Jun 11 20:40:17 standalone container-server[127529]: 172.20.0.100 - - [11/Jun/2026:20:40:17 +0000] "GET /d1/36/AUTH_fd9564c948c44943b806f211065fa3ac/gnocchi.8e9e67c1-bfd3-4b92-9a15-c90560033095" 200 2 "GET http://172.18.0.2:8080/v1/AUTH_fd9564c948c44943b806f211065fa3ac/gnocchi.8e9e67c1-bfd3-4b92-9a15-c90560033095?format=json&states=listing" "tx184e45485c1a489b889d3-006a2b1d31" "proxy-server 20" 0.0022 "-" 22 0
Jun 11 20:40:17 standalone proxy-server[129647]: 172.18.0.2 172.18.0.100 11/Jun/2026/20/40/17 GET /v1/AUTH_fd9564c948c44943b806f211065fa3ac/gnocchi.8e9e67c1-bfd3-4b92-9a15-c90560033095%3Fformat%3Djson%26states%3Dlisting HTTP/1.0 200 - python-swiftclient-3.11.1 gAAAAABqKxyjOzTl... - 2 - tx184e45485c1a489b889d3-006a2b1d31 - 0.0158 - - 1781210417.206434727 1781210417.222250938 0
Jun 11 20:40:17 standalone object-server[127658]: 172.20.0.100 - - [11/Jun/2026:20:40:17 +0000] "GET /d1/592/AUTH_fd9564c948c44943b806f211065fa3ac/gnocchi.15ba93ad-e243-4f5c-aa0b-a439d9f96815/1780920000.0_mean_300.0_v3" 404 70 "GET http://172.18.0.2:8080/v1/AUTH_fd9564c948c44943b806f211065fa3ac/gnocchi.15ba93ad-e243-4f5c-aa0b-a439d9f96815/1780920000.0_mean_300.0_v3" "tx991708da6c2544bf83005-006a2b1d31" "proxy-server 20" 0.0005 "-" 23 0
Jun 11 20:40:17 standalone proxy-server[129647]: 172.18.0.2 172.18.0.100 11/Jun/2026/20/40/17 GET /v1/AUTH_fd9564c948c44943b806f211065fa3ac/gnocchi.15ba93ad-e243-4f5c-aa0b-a439d9f96815/1780920000.0_mean_300.0_v3 HTTP/1.0 404 - python-swiftclient-3.11.1 gAAAAABqKxyjOzTl... - 70 - tx991708da6c2544bf83005-006a2b1d31 - 0.0051 - - 1781210417.225000620 1781210417.230056763 0
Jun 11 20:40:17 standalone object-server[127658]: 172.20.0.100 - - [11/Jun/2026:20:40:17 +0000] "GET /d1/794/AUTH_fd9564c948c44943b806f211065fa3ac/gnocchi.8e9e67c1-bfd3-4b92-9a15-c90560033095/1780920000.0_mean_300.0_v3" 404 70 "GET http://172.18.0.2:8080/v1/AUTH_fd9564c948c44943b806f211065fa3ac/gnocchi.8e9e67c1-bfd3-4b92-9a15-c90560033095/1780920000.0_mean_300.0_v3" "tx43b20c6188fe469491d4f-006a2b1d31" "proxy-server 20" 0.0003 "-" 23 0
Jun 11 20:40:17 standalone proxy-server[129647]: 172.18.0.2 172.18.0.100 11/Jun/2026/20/40/17 GET /v1/AUTH_fd9564c948c44943b806f211065fa3ac/gnocchi.8e9e67c1-bfd3-4b92-9a15-c90560033095/1780920000.0_mean_300.0_v3 HTTP/1.0 404 - python-swiftclient-3.11.1 gAAAAABqKxyjOzTl... - 70 - tx43b20c6188fe469491d4f-006a2b1d31 - 0.0097 - - 1781210417.235394239 1781210417.245100260 0
Jun 11 20:40:17 standalone container-server[127524]: 172.20.0.100 - - [11/Jun/2026:20:40:17 +0000] "PUT /d1/614/AUTH_fd9564c948c44943b806f211065fa3ac/gnocchi.15ba93ad-e243-4f5c-aa0b-a439d9f96815/1780920000.0_mean_300.0_v3" 201 - "PUT http://172.18.0.2:8080/d1/592/AUTH_fd9564c948c44943b806f211065fa3ac/gnocchi.15ba93ad-e243-4f5c-aa0b-a439d9f96815/1780920000.0_mean_300.0_v3" "txa1818c0f64c643eb91504-006a2b1d31" "object-server 22" 0.0006 "-" 21 0
Jun 11 20:40:17 standalone object-server[127656]: 172.20.0.100 - - [11/Jun/2026:20:40:17 +0000] "PUT /d1/592/AUTH_fd9564c948c44943b806f211065fa3ac/gnocchi.15ba93ad-e243-4f5c-aa0b-a439d9f96815/1780920000.0_mean_300.0_v3" 201 - "PUT http://172.18.0.2:8080/v1/AUTH_fd9564c948c44943b806f211065fa3ac/gnocchi.15ba93ad-e243-4f5c-aa0b-a439d9f96815/1780920000.0_mean_300.0_v3" "txa1818c0f64c643eb91504-006a2b1d31" "proxy-server 20" 0.0130 "-" 22 0
Jun 11 20:40:17 standalone proxy-server[129647]: 172.18.0.2 172.18.0.100 11/Jun/2026/20/40/17 PUT /v1/AUTH_fd9564c948c44943b806f211065fa3ac/gnocchi.15ba93ad-e243-4f5c-aa0b-a439d9f96815/1780920000.0_mean_300.0_v3 HTTP/1.0 201 - python-swiftclient-3.11.1 gAAAAABqKxyjOzTl... 16 - - txa1818c0f64c643eb91504-006a2b1d31 - 0.0223 - - 1781210417.249491930 1781210417.271778345 0
Jun 11 20:40:17 standalone container-server[127529]: 172.20.0.100 - - [11/Jun/2026:20:40:17 +0000] "PUT /d1/36/AUTH_fd9564c948c44943b806f211065fa3ac/gnocchi.8e9e67c1-bfd3-4b92-9a15-c90560033095/1780920000.0_mean_300.0_v3" 201 - "PUT http://172.18.0.2:8080/d1/794/AUTH_fd9564c948c44943b806f211065fa3ac/gnocchi.8e9e67c1-bfd3-4b92-9a15-c90560033095/1780920000.0_mean_300.0_v3" "txd639dd7d79bf4a3aaedfe-006a2b1d31" "object-server 23" 0.0006 "-" 22 0
