Jun 11 20:39:04 standalone proxy-server[129647]: 172.18.0.2 172.18.0.100 11/Jun/2026/20/39/04 PUT /v1/AUTH_fd9564c948c44943b806f211065fa3ac/gnocchi.3747f9d9-79b1-4e23-953f-2a03dbe2ad92/1780920000.0_mean_300.0_v3 HTTP/1.0 201 - python-swiftclient-3.11.1 gAAAAABqKxyjOzTl... 16 - - txe4663838f17c4a0995dc6-006a2b1ce7 - 0.0328 - - 1781210343.996472120 1781210344.029290915 0
Jun 11 20:39:04 standalone container-server[127529]: 172.20.0.100 - - [11/Jun/2026:20:39:04 +0000] "PUT /d1/761/AUTH_fd9564c948c44943b806f211065fa3ac/gnocchi.3747f9d9-79b1-4e23-953f-2a03dbe2ad92/none_v3" 201 - "PUT http://172.18.0.2:8080/d1/211/AUTH_fd9564c948c44943b806f211065fa3ac/gnocchi.3747f9d9-79b1-4e23-953f-2a03dbe2ad92/none_v3" "tx7b0b291ea9444506b6d42-006a2b1ce8" "object-server 23" 0.0006 "-" 22 0
Jun 11 20:39:04 standalone object-server[127658]: 172.20.0.100 - - [11/Jun/2026:20:39:04 +0000] "PUT /d1/211/AUTH_fd9564c948c44943b806f211065fa3ac/gnocchi.3747f9d9-79b1-4e23-953f-2a03dbe2ad92/none_v3" 201 - "PUT http://172.18.0.2:8080/v1/AUTH_fd9564c948c44943b806f211065fa3ac/gnocchi.3747f9d9-79b1-4e23-953f-2a03dbe2ad92/none_v3" "tx7b0b291ea9444506b6d42-006a2b1ce8" "proxy-server 20" 0.0209 "-" 23 0
Jun 11 20:39:04 standalone proxy-server[129647]: 172.18.0.2 172.18.0.100 11/Jun/2026/20/39/04 PUT /v1/AUTH_fd9564c948c44943b806f211065fa3ac/gnocchi.3747f9d9-79b1-4e23-953f-2a03dbe2ad92/none_v3 HTTP/1.0 201 - python-swiftclient-3.11.1 gAAAAABqKxyjOzTl... 22 - - tx7b0b291ea9444506b6d42-006a2b1ce8 - 0.0319 - - 1781210344.035571575 1781210344.067472935 0
Jun 11 20:39:04 standalone container-server[127516]: 172.20.0.100 - - [11/Jun/2026:20:39:04 +0000] "HEAD /d1/368/AUTH_fd9564c948c44943b806f211065fa3ac/gnocchi.79131575-bb24-4af0-8a56-81ed4a82cf82" 404 - "HEAD http://172.18.0.2:8080/v1/AUTH_fd9564c948c44943b806f211065fa3ac/gnocchi.79131575-bb24-4af0-8a56-81ed4a82cf82?format=json&states=listing" "txa17cbfc7eb3141268f4a6-006a2b1ce8" "proxy-server 20" 0.0007 "-" 20 0
Jun 11 20:39:04 standalone object-server[127661]: 172.20.0.100 - - [11/Jun/2026:20:39:04 +0000] "GET /d1/675/AUTH_fd9564c948c44943b806f211065fa3ac/gnocchi.79131575-bb24-4af0-8a56-81ed4a82cf82/none_v3" 404 70 "GET http://172.18.0.2:8080/v1/AUTH_fd9564c948c44943b806f211065fa3ac/gnocchi.79131575-bb24-4af0-8a56-81ed4a82cf82/none_v3" "txa17cbfc7eb3141268f4a6-006a2b1ce8" "proxy-server 20" 0.0005 "-" 24 0
Jun 11 20:39:04 standalone proxy-server[129647]: 172.18.0.2 172.18.0.100 11/Jun/2026/20/39/04 GET /v1/AUTH_fd9564c948c44943b806f211065fa3ac/gnocchi.79131575-bb24-4af0-8a56-81ed4a82cf82/none_v3 HTTP/1.0 404 - python-swiftclient-3.11.1 gAAAAABqKxyjOzTl... - 70 - txa17cbfc7eb3141268f4a6-006a2b1ce8 - 0.0703 - - 1781210344.093504190 1781210344.163851976 0
Jun 11 20:39:04 standalone account-server[127407]: 172.20.0.100 - - [11/Jun/2026:20:39:04 +0000] "PUT /d1/712/AUTH_fd9564c948c44943b806f211065fa3ac/gnocchi.79131575-bb24-4af0-8a56-81ed4a82cf82" 201 - "PUT http://172.20.0.100:6001/d1/368/AUTH_fd9564c948c44943b806f211065fa3ac/gnocchi.79131575-bb24-4af0-8a56-81ed4a82cf82" "txfc155b2e008d43ec9c22d-006a2b1ce8" "container-server 22" 0.0066 "-" 21 0
Jun 11 20:39:04 standalone container-server[127529]: 172.20.0.100 - - [11/Jun/2026:20:39:04 +0000] "PUT /d1/368/AUTH_fd9564c948c44943b806f211065fa3ac/gnocchi.79131575-bb24-4af0-8a56-81ed4a82cf82" 201 - "PUT http://172.18.0.2:8080/v1/AUTH_fd9564c948c44943b806f211065fa3ac/gnocchi.79131575-bb24-4af0-8a56-81ed4a82cf82" "txfc155b2e008d43ec9c22d-006a2b1ce8" "proxy-server 20" 0.0163 "-" 22 0
Jun 11 20:39:04 standalone proxy-server[129647]: 172.18.0.2 172.18.0.100 11/Jun/2026/20/39/04 PUT /v1/AUTH_fd9564c948c44943b806f211065fa3ac/gnocchi.79131575-bb24-4af0-8a56-81ed4a82cf82 HTTP/1.0 201 - python-swiftclient-3.11.1 gAAAAABqKxyjOzTl... - - - txfc155b2e008d43ec9c22d-006a2b1ce8 - 0.0230 - - 1781210344.167398930 1781210344.190355539 0
Jun 11 20:39:04 standalone container-server[127524]: 172.20.0.100 - - [11/Jun/2026:20:39:04 +0000] "HEAD /d1/368/AUTH_fd9564c948c44943b806f211065fa3ac/gnocchi.79131575-bb24-4af0-8a56-81ed4a82cf82" 204 - "HEAD http://172.18.0.2:8080/v1/AUTH_fd9564c948c44943b806f211065fa3ac/gnocchi.79131575-bb24-4af0-8a56-81ed4a82cf82?format=json&states=listing" "tx8eef2f8a53c2437e83f07-006a2b1ce8" "proxy-server 20" 0.0013 "-" 21 0
Jun 11 20:39:04 standalone proxy-server[129647]: - - 11/Jun/2026/20/39/04 HEAD /v1/AUTH_fd9564c948c44943b806f211065fa3ac/gnocchi.79131575-bb24-4af0-8a56-81ed4a82cf82%3Fformat%3Djson%26states%3Dlisting HTTP/1.0 204 - Swift - - - - tx8eef2f8a53c2437e83f07-006a2b1ce8 - 0.0061 RL - 1781210344.198041916 1781210344.204160213 0
Jun 11 20:39:04 standalone container-server[127516]: 172.20.0.100 - - [11/Jun/2026:20:39:04 +0000] "GET /d1/368/AUTH_fd9564c948c44943b806f211065fa3ac/gnocchi.79131575-bb24-4af0-8a56-81ed4a82cf82" 200 2 "GET http://172.18.0.2:8080/v1/AUTH_fd9564c948c44943b806f211065fa3ac/gnocchi.79131575-bb24-4af0-8a56-81ed4a82cf82?format=json&states=listing" "tx8eef2f8a53c2437e83f07-006a2b1ce8" "proxy-server 20" 0.0052 "-" 20 0
Jun 11 20:39:04 standalone proxy-server[129647]: 172.18.0.2 172.18.0.100 11/Jun/2026/20/39/04 GET /v1/AUTH_fd9564c948c44943b806f211065fa3ac/gnocchi.79131575-bb24-4af0-8a56-81ed4a82cf82%3Fformat%3Djson%26states%3Dlisting HTTP/1.0 200 - python-swiftclient-3.11.1 gAAAAABqKxyjOzTl... - 2 - tx8eef2f8a53c2437e83f07-006a2b1ce8 - 0.0263 - - 1781210344.196016550 1781210344.222336054 0
Jun 11 20:39:04 standalone object-server[127661]: 172.20.0.100 - - [11/Jun/2026:20:39:04 +0000] "GET /d1/228/AUTH_fd9564c948c44943b806f211065fa3ac/gnocchi.79131575-bb24-4af0-8a56-81ed4a82cf82/1780920000.0_mean_300.0_v3" 404 70 "GET http://172.18.0.2:8080/v1/AUTH_fd9564c948c44943b806f211065fa3ac/gnocchi.79131575-bb24-4af0-8a56-81ed4a82cf82/1780920000.0_mean_300.0_v3" "tx42678c97c2f048f9af396-006a2b1ce8" "proxy-server 20" 0.0010 "-" 24 0
Jun 11 20:39:04 standalone proxy-server[129647]: 172.18.0.2 172.18.0.100 11/Jun/2026/20/39/04 GET /v1/AUTH_fd9564c948c44943b806f211065fa3ac/gnocchi.79131575-bb24-4af0-8a56-81ed4a82cf82/1780920000.0_mean_300.0_v3 HTTP/1.0 404 - python-swiftclient-3.11.1 gAAAAABqKxyjOzTl... - 70 - tx42678c97c2f048f9af396-006a2b1ce8 - 0.0110 - - 1781210344.228852034 1781210344.239843607 0
Jun 11 20:39:04 standalone container-server[127529]: 172.20.0.100 - - [11/Jun/2026:20:39:04 +0000] "PUT /d1/368/AUTH_fd9564c948c44943b806f211065fa3ac/gnocchi.79131575-bb24-4af0-8a56-81ed4a82cf82/1780920000.0_mean_300.0_v3" 201 - "PUT http://172.18.0.2:8080/d1/228/AUTH_fd9564c948c44943b806f211065fa3ac/gnocchi.79131575-bb24-4af0-8a56-81ed4a82cf82/1780920000.0_mean_300.0_v3" "tx2b840e1d27c54159be9e9-006a2b1ce8" "object-server 25" 0.0006 "-" 22 0
Jun 11 20:39:04 standalone object-server[127662]: 172.20.0.100 - - [11/Jun/2026:20:39:04 +0000] "PUT /d1/228/AUTH_fd9564c948c44943b806f211065fa3ac/gnocchi.79131575-bb24-4af0-8a56-81ed4a82cf82/1780920000.0_mean_300.0_v3" 201 - "PUT http://172.18.0.2:8080/v1/AUTH_fd9564c948c44943b806f211065fa3ac/gnocchi.79131575-bb24-4af0-8a56-81ed4a82cf82/1780920000.0_mean_300.0_v3" "tx2b840e1d27c54159be9e9-006a2b1ce8" "proxy-server 20" 0.0142 "-" 25 0
Jun 11 20:39:04 standalone proxy-server[129647]: 172.18.0.2 172.18.0.100 11/Jun/2026/20/39/04 PUT /v1/AUTH_fd9564c948c44943b806f211065fa3ac/gnocchi.79131575-bb24-4af0-8a56-81ed4a82cf82/1780920000.0_mean_300.0_v3 HTTP/1.0 201 - python-swiftclient-3.11.1 gAAAAABqKxyjOzTl... 16 - - tx2b840e1d27c54159be9e9-006a2b1ce8 - 0.0250 - - 1781210344.245298624 1781210344.270273447 0
Jun 11 20:39:04 standalone container-server[127529]: 172.20.0.100 - - [11/Jun/2026:20:39:04 +0000] "PUT /d1/368/AUTH_fd9564c948c44943b806f211065fa3ac/gnocchi.79131575-bb24-4af0-8a56-81ed4a82cf82/none_v3" 201 - "PUT http://172.18.0.2:8080/d1/675/AUTH_fd9564c948c44943b806f211065fa3ac/gnocchi.79131575-bb24-4af0-8a56-81ed4a82cf82/none_v3" "tx238a3cf2d1fb4ca096ea4-006a2b1ce8" "object-server 24" 0.0006 "-" 22 0
Jun 11 20:39:04 standalone object-server[127661]: 172.20.0.100 - - [11/Jun/2026:20:39:04 +0000] "PUT /d1/675/AUTH_fd9564c948c44943b806f211065fa3ac/gnocchi.79131575-bb24-4af0-8a56-81ed4a82cf82/none_v3" 201 - "PUT http://172.18.0.2:8080/v1/AUTH_fd9564c948c44943b806f211065fa3ac/gnocchi.79131575-bb24-4af0-8a56-81ed4a82cf82/none_v3" "tx238a3cf2d1fb4ca096ea4-006a2b1ce8" "proxy-server 20" 0.0133 "-" 24 0
Jun 11 20:39:04 standalone proxy-server[129647]: 172.18.0.2 172.18.0.100 11/Jun/2026/20/39/04 PUT /v1/AUTH_fd9564c948c44943b806f211065fa3ac/gnocchi.79131575-bb24-4af0-8a56-81ed4a82cf82/none_v3 HTTP/1.0 201 - python-swiftclient-3.11.1 gAAAAABqKxyjOzTl... 22 - - tx238a3cf2d1fb4ca096ea4-006a2b1ce8 - 0.0215 - - 1781210344.274570704 1781210344.296069622 0
Jun 11 20:39:04 standalone container-server[127524]: 172.20.0.100 - - [11/Jun/2026:20:39:04 +0000] "HEAD /d1/761/AUTH_fd9564c948c44943b806f211065fa3ac/gnocchi.14a675d0-5c79-47be-a27c-ac9eec13e27f" 404 - "HEAD http://172.18.0.2:8080/v1/AUTH_fd9564c948c44943b806f211065fa3ac/gnocchi.14a675d0-5c79-47be-a27c-ac9eec13e27f?format=json&states=listing" "tx2bc91befdd6340c5a92c6-006a2b1ce8" "proxy-server 20" 0.0004 "-" 21 0
Jun 11 20:39:04 standalone object-server[127656]: 172.20.0.100 - - [11/Jun/2026:20:39:04 +0000] "GET /d1/1008/AUTH_fd9564c948c44943b806f211065fa3ac/gnocchi.14a675d0-5c79-47be-a27c-ac9eec13e27f/none_v3" 404 70 "GET http://172.18.0.2:8080/v1/AUTH_fd9564c948c44943b806f211065fa3ac/gnocchi.14a675d0-5c79-47be-a27c-ac9eec13e27f/none_v3" "tx2bc91befdd6340c5a92c6-006a2b1ce8" "proxy-server 20" 0.0003 "-" 22 0
Jun 11 20:39:04 standalone proxy-server[129647]: 172.18.0.2 172.18.0.100 11/Jun/2026/20/39/04 GET /v1/AUTH_fd9564c948c44943b806f211065fa3ac/gnocchi.14a675d0-5c79-47be-a27c-ac9eec13e27f/none_v3 HTTP/1.0 404 - python-swiftclient-3.11.1 gAAAAABqKxyjOzTl... - 70 - tx2bc91befdd6340c5a92c6-006a2b1ce8 - 0.0128 - - 1781210344.311472178 1781210344.324253798 0
Jun 11 20:39:04 standalone account-server[127421]: 172.20.0.100 - - [11/Jun/2026:20:39:04 +0000] "PUT /d1/712/AUTH_fd9564c948c44943b806f211065fa3ac/gnocchi.14a675d0-5c79-47be-a27c-ac9eec13e27f" 201 - "PUT http://172.20.0.100:6001/d1/761/AUTH_fd9564c948c44943b806f211065fa3ac/gnocchi.14a675d0-5c79-47be-a27c-ac9eec13e27f" "tx6973cd2a6fa645c096913-006a2b1ce8" "container-server 23" 0.0080 "-" 23 0
Jun 11 20:39:04 standalone container-server[127531]: 172.20.0.100 - - [11/Jun/2026:20:39:04 +0000] "PUT /d1/761/AUTH_fd9564c948c44943b806f211065fa3ac/gnocchi.14a675d0-5c79-47be-a27c-ac9eec13e27f" 201 - "PUT http://172.18.0.2:8080/v1/AUTH_fd9564c948c44943b806f211065fa3ac/gnocchi.14a675d0-5c79-47be-a27c-ac9eec13e27f" "tx6973cd2a6fa645c096913-006a2b1ce8" "proxy-server 20" 0.0215 "-" 23 0
Jun 11 20:39:04 standalone proxy-server[129647]: 172.18.0.2 172.18.0.100 11/Jun/2026/20/39/04 PUT /v1/AUTH_fd9564c948c44943b806f211065fa3ac/gnocchi.14a675d0-5c79-47be-a27c-ac9eec13e27f HTTP/1.0 201 - python-swiftclient-3.11.1 gAAAAABqKxyjOzTl... - - - tx6973cd2a6fa645c096913-006a2b1ce8 - 0.0304 - - 1781210344.337641954 1781210344.368008852 0
Jun 11 20:39:04 standalone container-server[127516]: 172.20.0.100 - - [11/Jun/2026:20:39:04 +0000] "HEAD /d1/761/AUTH_fd9564c948c44943b806f211065fa3ac/gnocchi.14a675d0-5c79-47be-a27c-ac9eec13e27f" 204 - "HEAD http://172.18.0.2:8080/v1/AUTH_fd9564c948c44943b806f211065fa3ac/gnocchi.14a675d0-5c79-47be-a27c-ac9eec13e27f?format=json&states=listing" "tx4a370ed149a5487ea1666-006a2b1ce8" "proxy-server 20" 0.0036 "-" 20 0
Jun 11 20:39:04 standalone proxy-server[129647]: - - 11/Jun/2026/20/39/04 HEAD /v1/AUTH_fd9564c948c44943b806f211065fa3ac/gnocchi.14a675d0-5c79-47be-a27c-ac9eec13e27f%3Fformat%3Djson%26states%3Dlisting HTTP/1.0 204 - Swift - - - - tx4a370ed149a5487ea1666-006a2b1ce8 - 0.0102 RL - 1781210344.375308037 1781210344.385513544 0
Jun 11 20:39:04 standalone container-server[127516]: 172.20.0.100 - - [11/Jun/2026:20:39:04 +0000] "GET /d1/761/AUTH_fd9564c948c44943b806f211065fa3ac/gnocchi.14a675d0-5c79-47be-a27c-ac9eec13e27f" 200 2 "GET http://172.18.0.2:8080/v1/AUTH_fd9564c948c44943b806f211065fa3ac/gnocchi.14a675d0-5c79-47be-a27c-ac9eec13e27f?format=json&states=listing" "tx4a370ed149a5487ea1666-006a2b1ce8" "proxy-server 20" 0.0046 "-" 20 0
Jun 11 20:39:04 standalone proxy-server[129647]: 172.18.0.2 172.18.0.100 11/Jun/2026/20/39/04 GET /v1/AUTH_fd9564c948c44943b806f211065fa3ac/gnocchi.14a675d0-5c79-47be-a27c-ac9eec13e27f%3Fformat%3Djson%26states%3Dlisting HTTP/1.0 200 - python-swiftclient-3.11.1 gAAAAABqKxyjOzTl... - 2 - tx4a370ed149a5487ea1666-006a2b1ce8 - 0.0307 - - 1781210344.373245955 1781210344.403913736 0
Jun 11 20:39:04 standalone object-server[127662]: 172.20.0.100 - - [11/Jun/2026:20:39:04 +0000] "GET /d1/633/AUTH_fd9564c948c44943b806f211065fa3ac/gnocchi.14a675d0-5c79-47be-a27c-ac9eec13e27f/1780920000.0_mean_300.0_v3" 404 70 "GET http://172.18.0.2:8080/v1/AUTH_fd9564c948c44943b806f211065fa3ac/gnocchi.14a675d0-5c79-47be-a27c-ac9eec13e27f/1780920000.0_mean_300.0_v3" "txaca9a95b43544632a6b46-006a2b1ce8" "proxy-server 20" 0.0005 "-" 25 0
Jun 11 20:39:04 standalone proxy-server[129647]: 172.18.0.2 172.18.0.100 11/Jun/2026/20/39/04 GET /v1/AUTH_fd9564c948c44943b806f211065fa3ac/gnocchi.14a675d0-5c79-47be-a27c-ac9eec13e27f/1780920000.0_mean_300.0_v3 HTTP/1.0 404 - python-swiftclient-3.11.1 gAAAAABqKxyjOzTl... - 70 - txaca9a95b43544632a6b46-006a2b1ce8 - 0.0104 - - 1781210344.410300255 1781210344.420723438 0
Jun 11 20:39:04 standalone container-server[127531]: 172.20.0.100 - - [11/Jun/2026:20:39:04 +0000] "PUT /d1/761/AUTH_fd9564c948c44943b806f211065fa3ac/gnocchi.14a675d0-5c79-47be-a27c-ac9eec13e27f/1780920000.0_mean_300.0_v3" 201 - "PUT http://172.18.0.2:8080/d1/633/AUTH_fd9564c948c44943b806f211065fa3ac/gnocchi.14a675d0-5c79-47be-a27c-ac9eec13e27f/1780920000.0_mean_300.0_v3" "tx932411554b02411da39b2-006a2b1ce8" "object-server 25" 0.0009 "-" 23 0
Jun 11 20:39:04 standalone object-server[127662]: 172.20.0.100 - - [11/Jun/2026:20:39:04 +0000] "PUT /d1/633/AUTH_fd9564c948c44943b806f211065fa3ac/gnocchi.14a675d0-5c79-47be-a27c-ac9eec13e27f/1780920000.0_mean_300.0_v3" 201 - "PUT http://172.18.0.2:8080/v1/AUTH_fd9564c948c44943b806f211065fa3ac/gnocchi.14a675d0-5c79-47be-a27c-ac9eec13e27f/1780920000.0_mean_300.0_v3" "tx932411554b02411da39b2-006a2b1ce8" "proxy-server 20" 0.0127 "-" 25 0
Jun 11 20:39:04 standalone proxy-server[129647]: 172.18.0.2 172.18.0.100 11/Jun/2026/20/39/04 PUT /v1/AUTH_fd9564c948c44943b806f211065fa3ac/gnocchi.14a675d0-5c79-47be-a27c-ac9eec13e27f/1780920000.0_mean_300.0_v3 HTTP/1.0 201 - python-swiftclient-3.11.1 gAAAAABqKxyjOzTl... 16 - - tx932411554b02411da39b2-006a2b1ce8 - 0.0227 - - 1781210344.426664114 1781210344.449355125 0
Jun 11 20:39:04 standalone container-server[127524]: 172.20.0.100 - - [11/Jun/2026:20:39:04 +0000] "PUT /d1/761/AUTH_fd9564c948c44943b806f211065fa3ac/gnocchi.14a675d0-5c79-47be-a27c-ac9eec13e27f/none_v3" 201 - "PUT http://172.18.0.2:8080/d1/1008/AUTH_fd9564c948c44943b806f211065fa3ac/gnocchi.14a675d0-5c79-47be-a27c-ac9eec13e27f/none_v3" "tx9a2d191bf8c348f3b3e7b-006a2b1ce8" "object-server 24" 0.0005 "-" 21 0
Jun 11 20:39:04 standalone object-server[127661]: 172.20.0.100 - - [11/Jun/2026:20:39:04 +0000] "PUT /d1/1008/AUTH_fd9564c948c44943b806f211065fa3ac/gnocchi.14a675d0-5c79-47be-a27c-ac9eec13e27f/none_v3" 201 - "PUT http://172.18.0.2:8080/v1/AUTH_fd9564c948c44943b806f211065fa3ac/gnocchi.14a675d0-5c79-47be-a27c-ac9eec13e27f/none_v3" "tx9a2d191bf8c348f3b3e7b-006a2b1ce8" "proxy-server 20" 0.0133 "-" 24 0
Jun 11 20:39:04 standalone proxy-server[129647]: 172.18.0.2 172.18.0.100 11/Jun/2026/20/39/04 PUT /v1/AUTH_fd9564c948c44943b806f211065fa3ac/gnocchi.14a675d0-5c79-47be-a27c-ac9eec13e27f/none_v3 HTTP/1.0 201 - python-swiftclient-3.11.1 gAAAAABqKxyjOzTl... 22 - - tx9a2d191bf8c348f3b3e7b-006a2b1ce8 - 0.0245 - - 1781210344.460941792 1781210344.485463858 0
Jun 11 20:39:04 standalone container-server[127531]: 172.20.0.100 - - [11/Jun/2026:20:39:04 +0000] "HEAD /d1/804/AUTH_fd9564c948c44943b806f211065fa3ac/gnocchi.dd74ae8e-ed70-48de-bfee-07215c09e5f4" 404 - "HEAD http://172.18.0.2:8080/v1/AUTH_fd9564c948c44943b806f211065fa3ac/gnocchi.dd74ae8e-ed70-48de-bfee-07215c09e5f4?format=json&states=listing" "tx2e3599a05a674d61834be-006a2b1ce8" "proxy-server 20" 0.0005 "-" 23 0
Jun 11 20:39:04 standalone object-server[127661]: 172.20.0.100 - - [11/Jun/2026:20:39:04 +0000] "GET /d1/573/AUTH_fd9564c948c44943b806f211065fa3ac/gnocchi.dd74ae8e-ed70-48de-bfee-07215c09e5f4/none_v3" 404 70 "GET http://172.18.0.2:8080/v1/AUTH_fd9564c948c44943b806f211065fa3ac/gnocchi.dd74ae8e-ed70-48de-bfee-07215c09e5f4/none_v3" "tx2e3599a05a674d61834be-006a2b1ce8" "proxy-server 20" 0.0008 "-" 24 0
Jun 11 20:39:04 standalone proxy-server[129647]: 172.18.0.2 172.18.0.100 11/Jun/2026/20/39/04 GET /v1/AUTH_fd9564c948c44943b806f211065fa3ac/gnocchi.dd74ae8e-ed70-48de-bfee-07215c09e5f4/none_v3 HTTP/1.0 404 - python-swiftclient-3.11.1 gAAAAABqKxyjOzTl... - 70 - tx2e3599a05a674d61834be-006a2b1ce8 - 0.0116 - - 1781210344.499974728 1781210344.511540413 0
Jun 11 20:39:04 standalone account-server[127420]: 172.20.0.100 - - [11/Jun/2026:20:39:04 +0000] "PUT /d1/712/AUTH_fd9564c948c44943b806f211065fa3ac/gnocchi.dd74ae8e-ed70-48de-bfee-07215c09e5f4" 201 - "PUT http://172.20.0.100:6001/d1/804/AUTH_fd9564c948c44943b806f211065fa3ac/gnocchi.dd74ae8e-ed70-48de-bfee-07215c09e5f4" "tx36c3b49f44fc4eef9a7e7-006a2b1ce8" "container-server 21" 0.0074 "-" 22 0
Jun 11 20:39:04 standalone container-server[127524]: 172.20.0.100 - - [11/Jun/2026:20:39:04 +0000] "PUT /d1/804/AUTH_fd9564c948c44943b806f211065fa3ac/gnocchi.dd74ae8e-ed70-48de-bfee-07215c09e5f4" 201 - "PUT http://172.18.0.2:8080/v1/AUTH_fd9564c948c44943b806f211065fa3ac/gnocchi.dd74ae8e-ed70-48de-bfee-07215c09e5f4" "tx36c3b49f44fc4eef9a7e7-006a2b1ce8" "proxy-server 20" 0.0195 "-" 21 0
Jun 11 20:39:04 standalone proxy-server[129647]: 172.18.0.2 172.18.0.100 11/Jun/2026/20/39/04 PUT /v1/AUTH_fd9564c948c44943b806f211065fa3ac/gnocchi.dd74ae8e-ed70-48de-bfee-07215c09e5f4 HTTP/1.0 201 - python-swiftclient-3.11.1 gAAAAABqKxyjOzTl... - - - tx36c3b49f44fc4eef9a7e7-006a2b1ce8 - 0.0236 - - 1781210344.515022278 1781210344.538595438 0
Jun 11 20:39:04 standalone container-server[127524]: 172.20.0.100 - - [11/Jun/2026:20:39:04 +0000] "HEAD /d1/804/AUTH_fd9564c948c44943b806f211065fa3ac/gnocchi.dd74ae8e-ed70-48de-bfee-07215c09e5f4" 204 - "HEAD http://172.18.0.2:8080/v1/AUTH_fd9564c948c44943b806f211065fa3ac/gnocchi.dd74ae8e-ed70-48de-bfee-07215c09e5f4?format=json&states=listing" "tx9c1a2626788246b2806a5-006a2b1ce8" "proxy-server 20" 0.0011 "-" 21 0
Jun 11 20:39:04 standalone proxy-server[129647]: - - 11/Jun/2026/20/39/04 HEAD /v1/AUTH_fd9564c948c44943b806f211065fa3ac/gnocchi.dd74ae8e-ed70-48de-bfee-07215c09e5f4%3Fformat%3Djson%26states%3Dlisting HTTP/1.0 204 - Swift - - - - tx9c1a2626788246b2806a5-006a2b1ce8 - 0.0037 RL - 1781210344.544109821 1781210344.547772408 0
Jun 11 20:39:04 standalone container-server[127531]: 172.20.0.100 - - [11/Jun/2026:20:39:04 +0000] "GET /d1/804/AUTH_fd9564c948c44943b806f211065fa3ac/gnocchi.dd74ae8e-ed70-48de-bfee-07215c09e5f4" 200 2 "GET http://172.18.0.2:8080/v1/AUTH_fd9564c948c44943b806f211065fa3ac/gnocchi.dd74ae8e-ed70-48de-bfee-07215c09e5f4?format=json&states=listing" "tx9c1a2626788246b2806a5-006a2b1ce8" "proxy-server 20" 0.0044 "-" 23 0
Jun 11 20:39:04 standalone proxy-server[129647]: 172.18.0.2 172.18.0.100 11/Jun/2026/20/39/04 GET /v1/AUTH_fd9564c948c44943b806f211065fa3ac/gnocchi.dd74ae8e-ed70-48de-bfee-07215c09e5f4%3Fformat%3Djson%26states%3Dlisting HTTP/1.0 200 - python-swiftclient-3.11.1 gAAAAABqKxyjOzTl... - 2 - tx9c1a2626788246b2806a5-006a2b1ce8 - 0.0169 - - 1781210344.543249369 1781210344.560161352 0
Jun 11 20:39:04 standalone object-server[127662]: 172.20.0.100 - - [11/Jun/2026:20:39:04 +0000] "GET /d1/796/AUTH_fd9564c948c44943b806f211065fa3ac/gnocchi.dd74ae8e-ed70-48de-bfee-07215c09e5f4/1780920000.0_mean_300.0_v3" 404 70 "GET http://172.18.0.2:8080/v1/AUTH_fd9564c948c44943b806f211065fa3ac/gnocchi.dd74ae8e-ed70-48de-bfee-07215c09e5f4/1780920000.0_mean_300.0_v3" "tx679d56b58783477fae3a4-006a2b1ce8" "proxy-server 20" 0.0004 "-" 25 0
Jun 11 20:39:04 standalone proxy-server[129647]: 172.18.0.2 172.18.0.100 11/Jun/2026/20/39/04 GET /v1/AUTH_fd9564c948c44943b806f211065fa3ac/gnocchi.dd74ae8e-ed70-48de-bfee-07215c09e5f4/1780920000.0_mean_300.0_v3 HTTP/1.0 404 - python-swiftclient-3.11.1 gAAAAABqKxyjOzTl... - 70 - tx679d56b58783477fae3a4-006a2b1ce8 - 0.0086 - - 1781210344.565411091 1781210344.574058056 0
Jun 11 20:39:04 standalone container-server[127524]: 172.20.0.100 - - [11/Jun/2026:20:39:04 +0000] "PUT /d1/804/AUTH_fd9564c948c44943b806f211065fa3ac/gnocchi.dd74ae8e-ed70-48de-bfee-07215c09e5f4/1780920000.0_mean_300.0_v3" 201 - "PUT http://172.18.0.2:8080/d1/796/AUTH_fd9564c948c44943b806f211065fa3ac/gnocchi.dd74ae8e-ed70-48de-bfee-07215c09e5f4/1780920000.0_mean_300.0_v3" "tx61813e67ad5549ec8d5aa-006a2b1ce8" "object-server 24" 0.0005 "-" 21 0
Jun 11 20:39:04 standalone object-server[127661]: 172.20.0.100 - - [11/Jun/2026:20:39:04 +0000] "PUT /d1/796/AUTH_fd9564c948c44943b806f211065fa3ac/gnocchi.dd74ae8e-ed70-48de-bfee-07215c09e5f4/1780920000.0_mean_300.0_v3" 201 - "PUT http://172.18.0.2:8080/v1/AUTH_fd9564c948c44943b806f211065fa3ac/gnocchi.dd74ae8e-ed70-48de-bfee-07215c09e5f4/1780920000.0_mean_300.0_v3" "tx61813e67ad5549ec8d5aa-006a2b1ce8" "proxy-server 20" 0.0125 "-" 24 0
Jun 11 20:39:04 standalone proxy-server[129647]: 172.18.0.2 172.18.0.100 11/Jun/2026/20/39/04 PUT /v1/AUTH_fd9564c948c44943b806f211065fa3ac/gnocchi.dd74ae8e-ed70-48de-bfee-07215c09e5f4/1780920000.0_mean_300.0_v3 HTTP/1.0 201 - python-swiftclient-3.11.1 gAAAAABqKxyjOzTl... 16 - - tx61813e67ad5549ec8d5aa-006a2b1ce8 - 0.0229 - - 1781210344.579121351 1781210344.601976395 0
Jun 11 20:39:04 standalone container-server[127531]: 172.20.0.100 - - [11/Jun/2026:20:39:04 +0000] "PUT /d1/804/AUTH_fd9564c948c44943b806f211065fa3ac/gnocchi.dd74ae8e-ed70-48de-bfee-07215c09e5f4/none_v3" 201 - "PUT http://172.18.0.2:8080/d1/573/AUTH_fd9564c948c44943b806f211065fa3ac/gnocchi.dd74ae8e-ed70-48de-bfee-07215c09e5f4/none_v3" "txb2bdc851b0834ab185a77-006a2b1ce8" "object-server 22" 0.0011 "-" 23 0
Jun 11 20:39:04 standalone object-server[127656]: 172.20.0.100 - - [11/Jun/2026:20:39:04 +0000] "PUT /d1/573/AUTH_fd9564c948c44943b806f211065fa3ac/gnocchi.dd74ae8e-ed70-48de-bfee-07215c09e5f4/none_v3" 201 - "PUT http://172.18.0.2:8080/v1/AUTH_fd9564c948c44943b806f211065fa3ac/gnocchi.dd74ae8e-ed70-48de-bfee-07215c09e5f4/none_v3" "txb2bdc851b0834ab185a77-006a2b1ce8" "proxy-server 20" 0.0114 "-" 22 0
Jun 11 20:39:04 standalone proxy-server[129647]: 172.18.0.2 172.18.0.100 11/Jun/2026/20/39/04 PUT /v1/AUTH_fd9564c948c44943b806f211065fa3ac/gnocchi.dd74ae8e-ed70-48de-bfee-07215c09e5f4/none_v3 HTTP/1.0 201 - python-swiftclient-3.11.1 gAAAAABqKxyjOzTl... 22 - - txb2bdc851b0834ab185a77-006a2b1ce8 - 0.0199 - - 1781210344.606220961 1781210344.626093864 0
Jun 11 20:39:05 standalone container-server[127378]: Begin container update sweep
Jun 11 20:39:05 standalone account-server[127421]: 172.20.0.100 - - [11/Jun/2026:20:39:05 +0000] "PUT /d1/712/AUTH_fd9564c948c44943b806f211065fa3ac/gnocchi.dd74ae8e-ed70-48de-bfee-07215c09e5f4" 201 - "-" "-" "container-updater 2" 0.0010 "-" 23 0
Jun 11 20:39:05 standalone account-server[127407]: 172.20.0.100 - - [11/Jun/2026:20:39:05 +0000] "PUT /d1/712/AUTH_fd9564c948c44943b806f211065fa3ac/gnocchi.79131575-bb24-4af0-8a56-81ed4a82cf82" 201 - "-" "-" "container-updater 2" 0.0004 "-" 21 0
Jun 11 20:39:05 standalone account-server[127420]: 172.20.0.100 - - [11/Jun/2026:20:39:05 +0000] "PUT /d1/712/AUTH_fd9564c948c44943b806f211065fa3ac/gnocchi.1e8726bb-f7a9-44f0-b459-5fe3ba4b6065" 201 - "-" "-" "container-updater 2" 0.0007 "-" 22 0
Jun 11 20:39:05 standalone account-server[127402]: 172.20.0.100 - - [11/Jun/2026:20:39:05 +0000] "PUT /d1/712/AUTH_fd9564c948c44943b806f211065fa3ac/gnocchi.3747f9d9-79b1-4e23-953f-2a03dbe2ad92" 201 - "-" "-" "container-updater 2" 0.0006 "-" 20 0
Jun 11 20:39:05 standalone account-server[127407]: 172.20.0.100 - - [11/Jun/2026:20:39:05 +0000] "PUT /d1/712/AUTH_fd9564c948c44943b806f211065fa3ac/gnocchi.14a675d0-5c79-47be-a27c-ac9eec13e27f" 201 - "-" "-" "container-updater 2" 0.0004 "-" 21 0
Jun 11 20:39:06 standalone account-server[127402]: 172.20.0.100 - - [11/Jun/2026:20:39:06 +0000] "PUT /d1/712/AUTH_fd9564c948c44943b806f211065fa3ac/gnocchi.fb9aab92-6c26-4bcf-bd87-25dfea5a4b64" 201 - "-" "-" "container-updater 2" 0.0006 "-" 20 0
Jun 11 20:39:06 standalone account-server[127407]: 172.20.0.100 - - [11/Jun/2026:20:39:06 +0000] "PUT /d1/712/AUTH_fd9564c948c44943b806f211065fa3ac/gnocchi.3e97ba9a-0f5f-4662-bf17-9e46fc24d5db" 201 - "-" "-" "container-updater 2" 0.0005 "-" 21 0
Jun 11 20:39:06 standalone account-server[127402]: 172.20.0.100 - - [11/Jun/2026:20:39:06 +0000] "PUT /d1/712/AUTH_fd9564c948c44943b806f211065fa3ac/gnocchi.dfaf784c-2585-43d3-9ecd-34fca1ca6f4d" 201 - "-" "-" "container-updater 2" 0.0005 "-" 20 0
Jun 11 20:39:06 standalone container-server[127378]: Container update sweep completed: 0.83s
Jun 11 20:39:34 standalone container-server[127529]: 172.20.0.100 - - [11/Jun/2026:20:39:34 +0000] "HEAD /d1/60/AUTH_fd9564c948c44943b806f211065fa3ac/gnocchi.77a9b2ec-120e-4aa4-82c5-361e8b366be8" 404 - "HEAD http://172.18.0.2:8080/v1/AUTH_fd9564c948c44943b806f211065fa3ac/gnocchi.77a9b2ec-120e-4aa4-82c5-361e8b366be8?format=json&states=listing" "txe3afeac388d840a7a3c59-006a2b1d06" "proxy-server 20" 0.0008 "-" 22 0
Jun 11 20:39:34 standalone object-server[127661]: 172.20.0.100 - - [11/Jun/2026:20:39:34 +0000] "GET /d1/308/AUTH_fd9564c948c44943b806f211065fa3ac/gnocchi.77a9b2ec-120e-4aa4-82c5-361e8b366be8/none_v3" 404 70 "GET http://172.18.0.2:8080/v1/AUTH_fd9564c948c44943b806f211065fa3ac/gnocchi.77a9b2ec-120e-4aa4-82c5-361e8b366be8/none_v3" "txe3afeac388d840a7a3c59-006a2b1d06" "proxy-server 20" 0.0005 "-" 24 0
Jun 11 20:39:34 standalone proxy-server[129647]: 172.18.0.2 172.18.0.100 11/Jun/2026/20/39/34 GET /v1/AUTH_fd9564c948c44943b806f211065fa3ac/gnocchi.77a9b2ec-120e-4aa4-82c5-361e8b366be8/none_v3 HTTP/1.0 404 - python-swiftclient-3.11.1 gAAAAABqKxyjOzTl... - 70 - txe3afeac388d840a7a3c59-006a2b1d06 - 0.0118 - - 1781210374.452460766 1781210374.464235306 0
Jun 11 20:39:34 standalone account-server[127402]: 172.20.0.100 - - [11/Jun/2026:20:39:34 +0000] "PUT /d1/712/AUTH_fd9564c948c44943b806f211065fa3ac/gnocchi.77a9b2ec-120e-4aa4-82c5-361e8b366be8" 201 - "PUT http://172.20.0.100:6001/d1/60/AUTH_fd9564c948c44943b806f211065fa3ac/gnocchi.77a9b2ec-120e-4aa4-82c5-361e8b366be8" "tx700c472ce4734639a0e10-006a2b1d06" "container-server 20" 0.0096 "-" 20 0
Jun 11 20:39:34 standalone container-server[127516]: 172.20.0.100 - - [11/Jun/2026:20:39:34 +0000] "PUT /d1/60/AUTH_fd9564c948c44943b806f211065fa3ac/gnocchi.77a9b2ec-120e-4aa4-82c5-361e8b366be8" 201 - "PUT http://172.18.0.2:8080/v1/AUTH_fd9564c948c44943b806f211065fa3ac/gnocchi.77a9b2ec-120e-4aa4-82c5-361e8b366be8" "tx700c472ce4734639a0e10-006a2b1d06" "proxy-server 20" 0.0213 "-" 20 0
Jun 11 20:39:34 standalone proxy-server[129647]: 172.18.0.2 172.18.0.100 11/Jun/2026/20/39/34 PUT /v1/AUTH_fd9564c948c44943b806f211065fa3ac/gnocchi.77a9b2ec-120e-4aa4-82c5-361e8b366be8 HTTP/1.0 201 - python-swiftclient-3.11.1 gAAAAABqKxyjOzTl... - - - tx700c472ce4734639a0e10-006a2b1d06 - 0.0271 - - 1781210374.468104362 1781210374.495218754 0
Jun 11 20:39:34 standalone container-server[127529]: 172.20.0.100 - - [11/Jun/2026:20:39:34 +0000] "HEAD /d1/60/AUTH_fd9564c948c44943b806f211065fa3ac/gnocchi.77a9b2ec-120e-4aa4-82c5-361e8b366be8" 204 - "HEAD http://172.18.0.2:8080/v1/AUTH_fd9564c948c44943b806f211065fa3ac/gnocchi.77a9b2ec-120e-4aa4-82c5-361e8b366be8?format=json&states=listing" "txe92fa60e34f342a0b150c-006a2b1d06" "proxy-server 20" 0.0021 "-" 22 0
Jun 11 20:39:34 standalone proxy-server[129647]: - - 11/Jun/2026/20/39/34 HEAD /v1/AUTH_fd9564c948c44943b806f211065fa3ac/gnocchi.77a9b2ec-120e-4aa4-82c5-361e8b366be8%3Fformat%3Djson%26states%3Dlisting HTTP/1.0 204 - Swift - - - - txe92fa60e34f342a0b150c-006a2b1d06 - 0.0052 RL - 1781210374.500301838 1781210374.505512714 0
Jun 11 20:39:34 standalone container-server[127524]: 172.20.0.100 - - [11/Jun/2026:20:39:34 +0000] "GET /d1/60/AUTH_fd9564c948c44943b806f211065fa3ac/gnocchi.77a9b2ec-120e-4aa4-82c5-361e8b366be8" 200 2 "GET http://172.18.0.2:8080/v1/AUTH_fd9564c948c44943b806f211065fa3ac/gnocchi.77a9b2ec-120e-4aa4-82c5-361e8b366be8?format=json&states=listing" "txe92fa60e34f342a0b150c-006a2b1d06" "proxy-server 20" 0.0036 "-" 21 0
Jun 11 20:39:34 standalone proxy-server[129647]: 172.18.0.2 172.18.0.100 11/Jun/2026/20/39/34 GET /v1/AUTH_fd9564c948c44943b806f211065fa3ac/gnocchi.77a9b2ec-120e-4aa4-82c5-361e8b366be8%3Fformat%3Djson%26states%3Dlisting HTTP/1.0 200 - python-swiftclient-3.11.1 gAAAAABqKxyjOzTl... - 2 - txe92fa60e34f342a0b150c-006a2b1d06 - 0.0159 - - 1781210374.499416590 1781210374.515292406 0
Jun 11 20:39:34 standalone object-server[127661]: 172.20.0.100 - - [11/Jun/2026:20:39:34 +0000] "GET /d1/553/AUTH_fd9564c948c44943b806f211065fa3ac/gnocchi.77a9b2ec-120e-4aa4-82c5-361e8b366be8/1780920000.0_mean_300.0_v3" 404 70 "GET http://172.18.0.2:8080/v1/AUTH_fd9564c948c44943b806f211065fa3ac/gnocchi.77a9b2ec-120e-4aa4-82c5-361e8b366be8/1780920000.0_mean_300.0_v3" "tx1f76e6414488482bbcab1-006a2b1d06" "proxy-server 20" 0.0003 "-" 24 0
Jun 11 20:39:34 standalone proxy-server[129647]: 172.18.0.2 172.18.0.100 11/Jun/2026/20/39/34 GET /v1/AUTH_fd9564c948c44943b806f211065fa3ac/gnocchi.77a9b2ec-120e-4aa4-82c5-361e8b366be8/1780920000.0_mean_300.0_v3 HTTP/1.0 404 - python-swiftclient-3.11.1 gAAAAABqKxyjOzTl... - 70 - tx1f76e6414488482bbcab1-006a2b1d06 - 0.0049 - - 1781210374.520946026 1781210374.525879145 0
Jun 11 20:39:34 standalone container-server[127524]: 172.20.0.100 - - [11/Jun/2026:20:39:34 +0000] "PUT /d1/60/AUTH_fd9564c948c44943b806f211065fa3ac/gnocchi.77a9b2ec-120e-4aa4-82c5-361e8b366be8/1780920000.0_mean_300.0_v3" 201 - "PUT http://172.18.0.2:8080/d1/553/AUTH_fd9564c948c44943b806f211065fa3ac/gnocchi.77a9b2ec-120e-4aa4-82c5-361e8b366be8/1780920000.0_mean_300.0_v3" "txa65d0cedc6dc479aa66e2-006a2b1d06" "object-server 22" 0.0008 "-" 21 0
Jun 11 20:39:34 standalone object-server[127656]: 172.20.0.100 - - [11/Jun/2026:20:39:34 +0000] "PUT /d1/553/AUTH_fd9564c948c44943b806f211065fa3ac/gnocchi.77a9b2ec-120e-4aa4-82c5-361e8b366be8/1780920000.0_mean_300.0_v3" 201 - "PUT http://172.18.0.2:8080/v1/AUTH_fd9564c948c44943b806f211065fa3ac/gnocchi.77a9b2ec-120e-4aa4-82c5-361e8b366be8/1780920000.0_mean_300.0_v3" "txa65d0cedc6dc479aa66e2-006a2b1d06" "proxy-server 20" 0.0190 "-" 22 0
Jun 11 20:39:34 standalone proxy-server[129647]: 172.18.0.2 172.18.0.100 11/Jun/2026/20/39/34 PUT /v1/AUTH_fd9564c948c44943b806f211065fa3ac/gnocchi.77a9b2ec-120e-4aa4-82c5-361e8b366be8/1780920000.0_mean_300.0_v3 HTTP/1.0 201 - python-swiftclient-3.11.1 gAAAAABqKxyjOzTl... 16 - - txa65d0cedc6dc479aa66e2-006a2b1d06 - 0.0262 - - 1781210374.529251575 1781210374.555472374 0
Jun 11 20:39:34 standalone container-server[127531]: 172.20.0.100 - - [11/Jun/2026:20:39:34 +0000] "PUT /d1/60/AUTH_fd9564c948c44943b806f211065fa3ac/gnocchi.77a9b2ec-120e-4aa4-82c5-361e8b366be8/none_v3" 201 - "PUT http://172.18.0.2:8080/d1/308/AUTH_fd9564c948c44943b806f211065fa3ac/gnocchi.77a9b2ec-120e-4aa4-82c5-361e8b366be8/none_v3" "tx48652c76e01144008f1e1-006a2b1d06" "object-server 25" 0.0005 "-" 23 0
Jun 11 20:39:34 standalone object-server[127662]: 172.20.0.100 - - [11/Jun/2026:20:39:34 +0000] "PUT /d1/308/AUTH_fd9564c948c44943b806f211065fa3ac/gnocchi.77a9b2ec-120e-4aa4-82c5-361e8b366be8/none_v3" 201 - "PUT http://172.18.0.2:8080/v1/AUTH_fd9564c948c44943b806f211065fa3ac/gnocchi.77a9b2ec-120e-4aa4-82c5-361e8b366be8/none_v3" "tx48652c76e01144008f1e1-006a2b1d06" "proxy-server 20" 0.0103 "-" 25 0
Jun 11 20:39:34 standalone proxy-server[129647]: 172.18.0.2 172.18.0.100 11/Jun/2026/20/39/34 PUT /v1/AUTH_fd9564c948c44943b806f211065fa3ac/gnocchi.77a9b2ec-120e-4aa4-82c5-361e8b366be8/none_v3 HTTP/1.0 201 - python-swiftclient-3.11.1 gAAAAABqKxyjOzTl... 22 - - tx48652c76e01144008f1e1-006a2b1d06 - 0.0223 - - 1781210374.559958935 1781210374.582257748 0
Jun 11 20:39:34 standalone object-server[127662]: 172.20.0.100 - - [11/Jun/2026:20:39:34 +0000] "GET /d1/593/AUTH_fd9564c948c44943b806f211065fa3ac/gnocchi.fb9aab92-6c26-4bcf-bd87-25dfea5a4b64/none_v3" 200 22 "GET http://172.18.0.2:8080/v1/AUTH_fd9564c948c44943b806f211065fa3ac/gnocchi.fb9aab92-6c26-4bcf-bd87-25dfea5a4b64/none_v3" "txa458f5b106e949dcbbff0-006a2b1d06" "proxy-server 20" 0.0010 "-" 25 0
Jun 11 20:39:34 standalone proxy-server[129647]: 172.18.0.2 172.18.0.100 11/Jun/2026/20/39/34 GET /v1/AUTH_fd9564c948c44943b806f211065fa3ac/gnocchi.fb9aab92-6c26-4bcf-bd87-25dfea5a4b64/none_v3 HTTP/1.0 200 - python-swiftclient-3.11.1 gAAAAABqKxyjOzTl... - 22 - txa458f5b106e949dcbbff0-006a2b1d06 - 0.0091 - - 1781210374.641803741 1781210374.650949001 0
Jun 11 20:39:34 standalone container-server[127531]: 172.20.0.100 - - [11/Jun/2026:20:39:34 +0000] "GET /d1/837/AUTH_fd9564c948c44943b806f211065fa3ac/gnocchi.fb9aab92-6c26-4bcf-bd87-25dfea5a4b64" 200 357 "GET http://172.18.0.2:8080/v1/AUTH_fd9564c948c44943b806f211065fa3ac/gnocchi.fb9aab92-6c26-4bcf-bd87-25dfea5a4b64?format=json&states=listing" "txdcdf11fef2ec4ab1bfdc5-006a2b1d06" "proxy-server 20" 0.0021 "-" 23 0
Jun 11 20:39:34 standalone proxy-server[129647]: 172.18.0.2 172.18.0.100 11/Jun/2026/20/39/34 GET /v1/AUTH_fd9564c948c44943b806f211065fa3ac/gnocchi.fb9aab92-6c26-4bcf-bd87-25dfea5a4b64%3Fformat%3Djson%26states%3Dlisting HTTP/1.0 200 - python-swiftclient-3.11.1 gAAAAABqKxyjOzTl... - 357 - txdcdf11fef2ec4ab1bfdc5-006a2b1d06 - 0.0108 - - 1781210374.656281948 1781210374.667121172 0
Jun 11 20:39:34 standalone container-server[127531]: 172.20.0.100 - - [11/Jun/2026:20:39:34 +0000] "GET /d1/837/AUTH_fd9564c948c44943b806f211065fa3ac/gnocchi.fb9aab92-6c26-4bcf-bd87-25dfea5a4b64" 200 2 "GET http://172.18.0.2:8080/v1/AUTH_fd9564c948c44943b806f211065fa3ac/gnocchi.fb9aab92-6c26-4bcf-bd87-25dfea5a4b64?format=json&marker=none_v3&states=listing" "txba849ee510b241c2b9141-006a2b1d06" "proxy-server 20" 0.0037 "-" 23 0
Jun 11 20:39:34 standalone proxy-server[129647]: 172.18.0.2 172.18.0.100 11/Jun/2026/20/39/34 GET /v1/AUTH_fd9564c948c44943b806f211065fa3ac/gnocchi.fb9aab92-6c26-4bcf-bd87-25dfea5a4b64%3Fformat%3Djson%26marker%3Dnone_v3%26states%3Dlisting HTTP/1.0 200 - python-swiftclient-3.11.1 gAAAAABqKxyjOzTl... - 2 - txba849ee510b241c2b9141-006a2b1d06 - 0.0108 - - 1781210374.671219110 1781210374.682035446 0
Jun 11 20:39:34 standalone object-server[127662]: 172.20.0.100 - - [11/Jun/2026:20:39:34 +0000] "GET /d1/312/AUTH_fd9564c948c44943b806f211065fa3ac/gnocchi.fb9aab92-6c26-4bcf-bd87-25dfea5a4b64/1780920000.0_mean_300.0_v3" 200 16 "GET http://172.18.0.2:8080/v1/AUTH_fd9564c948c44943b806f211065fa3ac/gnocchi.fb9aab92-6c26-4bcf-bd87-25dfea5a4b64/1780920000.0_mean_300.0_v3" "txc76c045203a748a7a11f8-006a2b1d06" "proxy-server 20" 0.0007 "-" 25 0
Jun 11 20:39:34 standalone proxy-server[129647]: 172.18.0.2 172.18.0.100 11/Jun/2026/20/39/34 GET /v1/AUTH_fd9564c948c44943b806f211065fa3ac/gnocchi.fb9aab92-6c26-4bcf-bd87-25dfea5a4b64/1780920000.0_mean_300.0_v3 HTTP/1.0 200 - python-swiftclient-3.11.1 gAAAAABqKxyjOzTl... - 16 - txc76c045203a748a7a11f8-006a2b1d06 - 0.0094 - - 1781210374.686633587 1781210374.696010351 0
Jun 11 20:39:34 standalone container-server[127516]: 172.20.0.100 - - [11/Jun/2026:20:39:34 +0000] "PUT /d1/837/AUTH_fd9564c948c44943b806f211065fa3ac/gnocchi.fb9aab92-6c26-4bcf-bd87-25dfea5a4b64/1780920000.0_mean_300.0_v3" 201 - "PUT http://172.18.0.2:8080/d1/312/AUTH_fd9564c948c44943b806f211065fa3ac/gnocchi.fb9aab92-6c26-4bcf-bd87-25dfea5a4b64/1780920000.0_mean_300.0_v3" "tx744a05b0179a42ac8233d-006a2b1d06" "object-server 25" 0.0005 "-" 20 0
Jun 11 20:39:34 standalone object-server[127662]: 172.20.0.100 - - [11/Jun/2026:20:39:34 +0000] "PUT /d1/312/AUTH_fd9564c948c44943b806f211065fa3ac/gnocchi.fb9aab92-6c26-4bcf-bd87-25dfea5a4b64/1780920000.0_mean_300.0_v3" 201 - "PUT http://172.18.0.2:8080/v1/AUTH_fd9564c948c44943b806f211065fa3ac/gnocchi.fb9aab92-6c26-4bcf-bd87-25dfea5a4b64/1780920000.0_mean_300.0_v3" "tx744a05b0179a42ac8233d-006a2b1d06" "proxy-server 20" 0.0096 "-" 25 0
Jun 11 20:39:34 standalone proxy-server[129647]: 172.18.0.2 172.18.0.100 11/Jun/2026/20/39/34 PUT /v1/AUTH_fd9564c948c44943b806f211065fa3ac/gnocchi.fb9aab92-6c26-4bcf-bd87-25dfea5a4b64/1780920000.0_mean_300.0_v3 HTTP/1.0 201 - python-swiftclient-3.11.1 gAAAAABqKxyjOzTl... 16 - - tx744a05b0179a42ac8233d-006a2b1d06 - 0.0168 - - 1781210374.700226307 1781210374.717044592 0
Jun 11 20:39:34 standalone container-server[127516]: 172.20.0.100 - - [11/Jun/2026:20:39:34 +0000] "PUT /d1/837/AUTH_fd9564c948c44943b806f211065fa3ac/gnocchi.fb9aab92-6c26-4bcf-bd87-25dfea5a4b64/none_v3" 201 - "PUT http://172.18.0.2:8080/d1/593/AUTH_fd9564c948c44943b806f211065fa3ac/gnocchi.fb9aab92-6c26-4bcf-bd87-25dfea5a4b64/none_v3" "tx5d908021fee64db997314-006a2b1d06" "object-server 25" 0.0004 "-" 20 0
Jun 11 20:39:34 standalone object-server[127662]: 172.20.0.100 - - [11/Jun/2026:20:39:34 +0000] "PUT /d1/593/AUTH_fd9564c948c44943b806f211065fa3ac/gnocchi.fb9aab92-6c26-4bcf-bd87-25dfea5a4b64/none_v3" 201 - "PUT http://172.18.0.2:8080/v1/AUTH_fd9564c948c44943b806f211065fa3ac/gnocchi.fb9aab92-6c26-4bcf-bd87-25dfea5a4b64/none_v3" "tx5d908021fee64db997314-006a2b1d06" "proxy-server 20" 0.0098 "-" 25 0
Jun 11 20:39:34 standalone proxy-server[129647]: 172.18.0.2 172.18.0.100 11/Jun/2026/20/39/34 PUT /v1/AUTH_fd9564c948c44943b806f211065fa3ac/gnocchi.fb9aab92-6c26-4bcf-bd87-25dfea5a4b64/none_v3 HTTP/1.0 201 - python-swiftclient-3.11.1 gAAAAABqKxyjOzTl... 33 - - tx5d908021fee64db997314-006a2b1d06 - 0.0195 - - 1781210374.720418215 1781210374.739891052 0
Jun 11 20:39:34 standalone object-server[127658]: 172.20.0.100 - - [11/Jun/2026:20:39:34 +0000] "GET /d1/599/AUTH_fd9564c948c44943b806f211065fa3ac/gnocchi.1e8726bb-f7a9-44f0-b459-5fe3ba4b6065/none_v3" 200 22 "GET http://172.18.0.2:8080/v1/AUTH_fd9564c948c44943b806f211065fa3ac/gnocchi.1e8726bb-f7a9-44f0-b459-5fe3ba4b6065/none_v3" "txfec9945b22344173b8b87-006a2b1d06" "proxy-server 20" 0.0012 "-" 23 0
Jun 11 20:39:34 standalone proxy-server[129647]: 172.18.0.2 172.18.0.100 11/Jun/2026/20/39/34 GET /v1/AUTH_fd9564c948c44943b806f211065fa3ac/gnocchi.1e8726bb-f7a9-44f0-b459-5fe3ba4b6065/none_v3 HTTP/1.0 200 - python-swiftclient-3.11.1 gAAAAABqKxyjOzTl... - 22 - txfec9945b22344173b8b87-006a2b1d06 - 0.0133 - - 1781210374.754892588 1781210374.768154860 0
Jun 11 20:39:34 standalone container-server[127524]: 172.20.0.100 - - [11/Jun/2026:20:39:34 +0000] "GET /d1/603/AUTH_fd9564c948c44943b806f211065fa3ac/gnocchi.1e8726bb-f7a9-44f0-b459-5fe3ba4b6065" 200 357 "GET http://172.18.0.2:8080/v1/AUTH_fd9564c948c44943b806f211065fa3ac/gnocchi.1e8726bb-f7a9-44f0-b459-5fe3ba4b6065?format=json&states=listing" "txa8e834c90d0943a08bb1a-006a2b1d06" "proxy-server 20" 0.0041 "-" 21 0
Jun 11 20:39:34 standalone proxy-server[129647]: 172.18.0.2 172.18.0.100 11/Jun/2026/20/39/34 GET /v1/AUTH_fd9564c948c44943b806f211065fa3ac/gnocchi.1e8726bb-f7a9-44f0-b459-5fe3ba4b6065%3Fformat%3Djson%26states%3Dlisting HTTP/1.0 200 - python-swiftclient-3.11.1 gAAAAABqKxyjOzTl... - 357 - txa8e834c90d0943a08bb1a-006a2b1d06 - 0.0133 - - 1781210374.772572756 1781210374.785915375 0
Jun 11 20:39:34 standalone container-server[127531]: 172.20.0.100 - - [11/Jun/2026:20:39:34 +0000] "GET /d1/603/AUTH_fd9564c948c44943b806f211065fa3ac/gnocchi.1e8726bb-f7a9-44f0-b459-5fe3ba4b6065" 200 2 "GET http://172.18.0.2:8080/v1/AUTH_fd9564c948c44943b806f211065fa3ac/gnocchi.1e8726bb-f7a9-44f0-b459-5fe3ba4b6065?format=json&marker=none_v3&states=listing" "tx5a265cf8914645399eca4-006a2b1d06" "proxy-server 20" 0.0025 "-" 23 0
Jun 11 20:39:34 standalone proxy-server[129647]: 172.18.0.2 172.18.0.100 11/Jun/2026/20/39/34 GET /v1/AUTH_fd9564c948c44943b806f211065fa3ac/gnocchi.1e8726bb-f7a9-44f0-b459-5fe3ba4b6065%3Fformat%3Djson%26marker%3Dnone_v3%26states%3Dlisting HTTP/1.0 200 - python-swiftclient-3.11.1 gAAAAABqKxyjOzTl... - 2 - tx5a265cf8914645399eca4-006a2b1d06 - 0.0106 - - 1781210374.789223433 1781210374.799837589 0
Jun 11 20:39:34 standalone object-server[127661]: 172.20.0.100 - - [11/Jun/2026:20:39:34 +0000] "GET /d1/1001/AUTH_fd9564c948c44943b806f211065fa3ac/gnocchi.1e8726bb-f7a9-44f0-b459-5fe3ba4b6065/1780920000.0_mean_300.0_v3" 200 16 "GET http://172.18.0.2:8080/v1/AUTH_fd9564c948c44943b806f211065fa3ac/gnocchi.1e8726bb-f7a9-44f0-b459-5fe3ba4b6065/1780920000.0_mean_300.0_v3" "tx38c3405a138745288c8c4-006a2b1d06" "proxy-server 20" 0.0012 "-" 24 0
Jun 11 20:39:34 standalone proxy-server[129647]: 172.18.0.2 172.18.0.100 11/Jun/2026/20/39/34 GET /v1/AUTH_fd9564c948c44943b806f211065fa3ac/gnocchi.1e8726bb-f7a9-44f0-b459-5fe3ba4b6065/1780920000.0_mean_300.0_v3 HTTP/1.0 200 - python-swiftclient-3.11.1 gAAAAABqKxyjOzTl... - 16 - tx38c3405a138745288c8c4-006a2b1d06 - 0.0086 - - 1781210374.804988623 1781210374.813614130 0
Jun 11 20:39:34 standalone container-server[127516]: 172.20.0.100 - - [11/Jun/2026:20:39:34 +0000] "PUT /d1/603/AUTH_fd9564c948c44943b806f211065fa3ac/gnocchi.1e8726bb-f7a9-44f0-b459-5fe3ba4b6065/1780920000.0_mean_300.0_v3" 201 - "PUT http://172.18.0.2:8080/d1/1001/AUTH_fd9564c948c44943b806f211065fa3ac/gnocchi.1e8726bb-f7a9-44f0-b459-5fe3ba4b6065/1780920000.0_mean_300.0_v3" "txebab11af893346ea8033b-006a2b1d06" "object-server 24" 0.0006 "-" 20 0
Jun 11 20:39:34 standalone object-server[127661]: 172.20.0.100 - - [11/Jun/2026:20:39:34 +0000] "PUT /d1/1001/AUTH_fd9564c948c44943b806f211065fa3ac/gnocchi.1e8726bb-f7a9-44f0-b459-5fe3ba4b6065/1780920000.0_mean_300.0_v3" 201 - "PUT http://172.18.0.2:8080/v1/AUTH_fd9564c948c44943b806f211065fa3ac/gnocchi.1e8726bb-f7a9-44f0-b459-5fe3ba4b6065/1780920000.0_mean_300.0_v3" "txebab11af893346ea8033b-006a2b1d06" "proxy-server 20" 0.0129 "-" 24 0
Jun 11 20:39:34 standalone proxy-server[129647]: 172.18.0.2 172.18.0.100 11/Jun/2026/20/39/34 PUT /v1/AUTH_fd9564c948c44943b806f211065fa3ac/gnocchi.1e8726bb-f7a9-44f0-b459-5fe3ba4b6065/1780920000.0_mean_300.0_v3 HTTP/1.0 201 - python-swiftclient-3.11.1 gAAAAABqKxyjOzTl... 16 - - txebab11af893346ea8033b-006a2b1d06 - 0.0200 - - 1781210374.817955494 1781210374.837923527 0
Jun 11 20:39:34 standalone container-server[127529]: 172.20.0.100 - - [11/Jun/2026:20:39:34 +0000] "PUT /d1/603/AUTH_fd9564c948c44943b806f211065fa3ac/gnocchi.1e8726bb-f7a9-44f0-b459-5fe3ba4b6065/none_v3" 201 - "PUT http://172.18.0.2:8080/d1/599/AUTH_fd9564c948c44943b806f211065fa3ac/gnocchi.1e8726bb-f7a9-44f0-b459-5fe3ba4b6065/none_v3" "txbcba0ac8034b4022bff93-006a2b1d06" "object-server 23" 0.0006 "-" 22 0
Jun 11 20:39:34 standalone object-server[127658]: 172.20.0.100 - - [11/Jun/2026:20:39:34 +0000] "PUT /d1/599/AUTH_fd9564c948c44943b806f211065fa3ac/gnocchi.1e8726bb-f7a9-44f0-b459-5fe3ba4b6065/none_v3" 201 - "PUT http://172.18.0.2:8080/v1/AUTH_fd9564c948c44943b806f211065fa3ac/gnocchi.1e8726bb-f7a9-44f0-b459-5fe3ba4b6065/none_v3" "txbcba0ac8034b4022bff93-006a2b1d06" "proxy-server 20" 0.0147 "-" 23 0
Jun 11 20:39:34 standalone proxy-server[129647]: 172.18.0.2 172.18.0.100 11/Jun/2026/20/39/34 PUT /v1/AUTH_fd9564c948c44943b806f211065fa3ac/gnocchi.1e8726bb-f7a9-44f0-b459-5fe3ba4b6065/none_v3 HTTP/1.0 201 - python-swiftclient-3.11.1 gAAAAABqKxyjOzTl... 33 - - txbcba0ac8034b4022bff93-006a2b1d06 - 0.0235 - - 1781210374.842092991 1781210374.865615845 0
Jun 11 20:39:38 standalone object-server[127656]: 172.20.0.100 - - [11/Jun/2026:20:39:38 +0000] "GET /d1/308/AUTH_fd9564c948c44943b806f211065fa3ac/gnocchi.77a9b2ec-120e-4aa4-82c5-361e8b366be8/none_v3" 200 22 "GET http://172.18.0.2:8080/v1/AUTH_fd9564c948c44943b806f211065fa3ac/gnocchi.77a9b2ec-120e-4aa4-82c5-361e8b366be8/none_v3" "tx3ca70a3607a24bcf82820-006a2b1d0a" "proxy-server 20" 0.0015 "-" 22 0
Jun 11 20:39:38 standalone proxy-server[129647]: 172.18.0.2 172.18.0.100 11/Jun/2026/20/39/38 GET /v1/AUTH_fd9564c948c44943b806f211065fa3ac/gnocchi.77a9b2ec-120e-4aa4-82c5-361e8b366be8/none_v3 HTTP/1.0 200 - python-swiftclient-3.11.1 gAAAAABqKxyjOzTl... - 22 - tx3ca70a3607a24bcf82820-006a2b1d0a - 0.0092 - - 1781210378.750220060 1781210378.759401321 0
Jun 11 20:39:38 standalone container-server[127524]: 172.20.0.100 - - [11/Jun/2026:20:39:38 +0000] "GET /d1/60/AUTH_fd9564c948c44943b806f211065fa3ac/gnocchi.77a9b2ec-120e-4aa4-82c5-361e8b366be8" 200 357 "GET http://172.18.0.2:8080/v1/AUTH_fd9564c948c44943b806f211065fa3ac/gnocchi.77a9b2ec-120e-4aa4-82c5-361e8b366be8?format=json&states=listing" "tx8a68af54331349b59099f-006a2b1d0a" "proxy-server 20" 0.0108 "-" 21 0
Jun 11 20:39:38 standalone proxy-server[129647]: 172.18.0.2 172.18.0.100 11/Jun/2026/20/39/38 GET /v1/AUTH_fd9564c948c44943b806f211065fa3ac/gnocchi.77a9b2ec-120e-4aa4-82c5-361e8b366be8%3Fformat%3Djson%26states%3Dlisting HTTP/1.0 200 - python-swiftclient-3.11.1 gAAAAABqKxyjOzTl... - 357 - tx8a68af54331349b59099f-006a2b1d0a - 0.0190 - - 1781210378.765799522 1781210378.784799814 0
Jun 11 20:39:38 standalone container-server[127516]: 172.20.0.100 - - [11/Jun/2026:20:39:38 +0000] "GET /d1/60/AUTH_fd9564c948c44943b806f211065fa3ac/gnocchi.77a9b2ec-120e-4aa4-82c5-361e8b366be8" 200 2 "GET http://172.18.0.2:8080/v1/AUTH_fd9564c948c44943b806f211065fa3ac/gnocchi.77a9b2ec-120e-4aa4-82c5-361e8b366be8?format=json&marker=none_v3&states=listing" "txbde61f3f5e41401dace2b-006a2b1d0a" "proxy-server 20" 0.0020 "-" 20 0
Jun 11 20:39:38 standalone proxy-server[129647]: 172.18.0.2 172.18.0.100 11/Jun/2026/20/39/38 GET /v1/AUTH_fd9564c948c44943b806f211065fa3ac/gnocchi.77a9b2ec-120e-4aa4-82c5-361e8b366be8%3Fformat%3Djson%26marker%3Dnone_v3%26states%3Dlisting HTTP/1.0 200 - python-swiftclient-3.11.1 gAAAAABqKxyjOzTl... - 2 - txbde61f3f5e41401dace2b-006a2b1d0a - 0.0114 - - 1781210378.789139032 1781210378.800529957 0
Jun 11 20:39:38 standalone object-server[127661]: 172.20.0.100 - - [11/Jun/2026:20:39:38 +0000] "GET /d1/553/AUTH_fd9564c948c44943b806f211065fa3ac/gnocchi.77a9b2ec-120e-4aa4-82c5-361e8b366be8/1780920000.0_mean_300.0_v3" 200 16 "GET http://172.18.0.2:8080/v1/AUTH_fd9564c948c44943b806f211065fa3ac/gnocchi.77a9b2ec-120e-4aa4-82c5-361e8b366be8/1780920000.0_mean_300.0_v3" "tx59039c95310740a9bce57-006a2b1d0a" "proxy-server 20" 0.0007 "-" 24 0
Jun 11 20:39:38 standalone proxy-server[129647]: 172.18.0.2 172.18.0.100 11/Jun/2026/20/39/38 GET /v1/AUTH_fd9564c948c44943b806f211065fa3ac/gnocchi.77a9b2ec-120e-4aa4-82c5-361e8b366be8/1780920000.0_mean_300.0_v3 HTTP/1.0 200 - python-swiftclient-3.11.1 gAAAAABqKxyjOzTl... - 16 - tx59039c95310740a9bce57-006a2b1d0a - 0.0094 - - 1781210378.806857824 1781210378.816248178 0
Jun 11 20:39:38 standalone container-server[127529]: 172.20.0.100 - - [11/Jun/2026:20:39:38 +0000] "PUT /d1/60/AUTH_fd9564c948c44943b806f211065fa3ac/gnocchi.77a9b2ec-120e-4aa4-82c5-361e8b366be8/1780920000.0_mean_300.0_v3" 201 - "PUT http://172.18.0.2:8080/d1/553/AUTH_fd9564c948c44943b806f211065fa3ac/gnocchi.77a9b2ec-120e-4aa4-82c5-361e8b366be8/1780920000.0_mean_300.0_v3" "txa33aed7413044241b50e3-006a2b1d0a" "object-server 24" 0.0015 "-" 22 0
Jun 11 20:39:38 standalone object-server[127661]: 172.20.0.100 - - [11/Jun/2026:20:39:38 +0000] "PUT /d1/553/AUTH_fd9564c948c44943b806f211065fa3ac/gnocchi.77a9b2ec-120e-4aa4-82c5-361e8b366be8/1780920000.0_mean_300.0_v3" 201 - "PUT http://172.18.0.2:8080/v1/AUTH_fd9564c948c44943b806f211065fa3ac/gnocchi.77a9b2ec-120e-4aa4-82c5-361e8b366be8/1780920000.0_mean_300.0_v3" "txa33aed7413044241b50e3-006a2b1d0a" "proxy-server 20" 0.0094 "-" 24 0
Jun 11 20:39:38 standalone proxy-server[129647]: 172.18.0.2 172.18.0.100 11/Jun/2026/20/39/38 PUT /v1/AUTH_fd9564c948c44943b806f211065fa3ac/gnocchi.77a9b2ec-120e-4aa4-82c5-361e8b366be8/1780920000.0_mean_300.0_v3 HTTP/1.0 201 - python-swiftclient-3.11.1 gAAAAABqKxyjOzTl... 16 - - txa33aed7413044241b50e3-006a2b1d0a - 0.0162 - - 1781210378.820589781 1781210378.836781263 0
Jun 11 20:39:38 standalone container-server[127529]: 172.20.0.100 - - [11/Jun/2026:20:39:38 +0000] "PUT /d1/60/AUTH_fd9564c948c44943b806f211065fa3ac/gnocchi.77a9b2ec-120e-4aa4-82c5-361e8b366be8/none_v3" 201 - "PUT http://172.18.0.2:8080/d1/308/AUTH_fd9564c948c44943b806f211065fa3ac/gnocchi.77a9b2ec-120e-4aa4-82c5-361e8b366be8/none_v3" "tx3ec424aaed184739840bc-006a2b1d0a" "object-server 24" 0.0007 "-" 22 0
Jun 11 20:39:38 standalone object-server[127661]: 172.20.0.100 - - [11/Jun/2026:20:39:38 +0000] "PUT /d1/308/AUTH_fd9564c948c44943b806f211065fa3ac/gnocchi.77a9b2ec-120e-4aa4-82c5-361e8b366be8/none_v3" 201 - "PUT http://172.18.0.2:8080/v1/AUTH_fd9564c948c44943b806f211065fa3ac/gnocchi.77a9b2ec-120e-4aa4-82c5-361e8b366be8/none_v3" "tx3ec424aaed184739840bc-006a2b1d0a" "proxy-server 20" 0.0401 "-" 24 0
Jun 11 20:39:38 standalone proxy-server[129647]: 172.18.0.2 172.18.0.100 11/Jun/2026/20/39/38 PUT /v1/AUTH_fd9564c948c44943b806f211065fa3ac/gnocchi.77a9b2ec-120e-4aa4-82c5-361e8b366be8/none_v3 HTTP/1.0 201 - python-swiftclient-3.11.1 gAAAAABqKxyjOzTl... 32 - - tx3ec424aaed184739840bc-006a2b1d0a - 0.0475 - - 1781210378.840703726 1781210378.888175726 0
Jun 11 20:39:49 standalone container-server[127516]: 172.20.0.100 - - [11/Jun/2026:20:39:49 +0000] "HEAD /d1/179/AUTH_fd9564c948c44943b806f211065fa3ac/gnocchi.10860215-0a96-4325-a6d6-2ce853c852cc" 404 - "HEAD http://172.18.0.2:8080/v1/AUTH_fd9564c948c44943b806f211065fa3ac/gnocchi.10860215-0a96-4325-a6d6-2ce853c852cc?format=json&states=listing" "tx9cec2685146445db94d66-006a2b1d15" "proxy-server 20" 0.0006 "-" 20 0
Jun 11 20:39:49 standalone object-server[127656]: 172.20.0.100 - - [11/Jun/2026:20:39:49 +0000] "GET /d1/216/AUTH_fd9564c948c44943b806f211065fa3ac/gnocchi.10860215-0a96-4325-a6d6-2ce853c852cc/none_v3" 404 70 "GET http://172.18.0.2:8080/v1/AUTH_fd9564c948c44943b806f211065fa3ac/gnocchi.10860215-0a96-4325-a6d6-2ce853c852cc/none_v3" "tx9cec2685146445db94d66-006a2b1d15" "proxy-server 20" 0.0005 "-" 22 0
Jun 11 20:39:49 standalone proxy-server[129647]: 172.18.0.2 172.18.0.100 11/Jun/2026/20/39/49 GET /v1/AUTH_fd9564c948c44943b806f211065fa3ac/gnocchi.10860215-0a96-4325-a6d6-2ce853c852cc/none_v3 HTTP/1.0 404 - python-swiftclient-3.11.1 gAAAAABqKxyjOzTl... - 70 - tx9cec2685146445db94d66-006a2b1d15 - 0.0124 - - 1781210389.236207008 1781210389.248584747 0
