Jun 10 08:55:49 standalone account-server[126351]: Starting 2
Jun 10 08:55:50 standalone container-server[126526]: Option allow_versions is deprecated. Configure the versioned_writes middleware in the proxy-server instead. This option will be ignored in a future release.
Jun 10 08:55:50 standalone container-server[126738]: Option allow_versions is deprecated. Configure the versioned_writes middleware in the proxy-server instead. This option will be ignored in a future release.
Jun 10 08:55:50 standalone container-server[126526]: Started child 19 from parent 2
Jun 10 08:55:50 standalone container-server[126740]: Option allow_versions is deprecated. Configure the versioned_writes middleware in the proxy-server instead. This option will be ignored in a future release.
Jun 10 08:55:50 standalone container-server[126526]: Started child 20 from parent 2
Jun 10 08:55:50 standalone container-server[126771]: Option allow_versions is deprecated. Configure the versioned_writes middleware in the proxy-server instead. This option will be ignored in a future release.
Jun 10 08:55:50 standalone container-server[126526]: Started child 22 from parent 2
Jun 10 08:55:50 standalone container-server[126773]: Option allow_versions is deprecated. Configure the versioned_writes middleware in the proxy-server instead. This option will be ignored in a future release.
Jun 10 08:55:50 standalone container-server[126526]: Started child 23 from parent 2
Jun 10 08:55:50 standalone account-server[126552]: Started child 20 from parent 2
Jun 10 08:55:50 standalone account-server[126552]: Started child 21 from parent 2
Jun 10 08:55:50 standalone account-server[126552]: Started child 22 from parent 2
Jun 10 08:55:50 standalone account-server[126552]: Started child 23 from parent 2
Jun 10 08:55:50 standalone object-expirer[126689]: Starting 2
Jun 10 08:55:50 standalone object-expirer[126689]: Option auto_create_account_prefix is deprecated. Configure auto_create_account_prefix under the swift-constraints section of swift.conf. This option will be ignored in a future release.
Jun 10 08:55:50 standalone container-server[126682]: Starting 2
Jun 10 08:55:51 standalone object-server[126857]: Started child 22 from parent 2
Jun 10 08:55:51 standalone object-server[126857]: Started child 23 from parent 2
Jun 10 08:55:51 standalone object-server[126857]: Started child 24 from parent 2
Jun 10 08:55:51 standalone object-server[126857]: Started child 25 from parent 2
Jun 10 08:55:51 standalone object-server[126904]: Starting 2
Jun 10 08:55:56 standalone proxy-server[128642]: Starting Keystone auth_token middleware
Jun 10 08:55:56 standalone proxy-server[128642]: AuthToken middleware is set with keystone_authtoken.service_token_roles_required set to False. This is backwards compatible but deprecated behaviour. Please set this to True.
Jun 10 08:55:56 standalone proxy-server[128787]: Starting Keystone auth_token middleware
Jun 10 08:55:56 standalone proxy-server[128787]: STDERR: The option "bind_port" is not known to keystonemiddleware
Jun 10 08:55:56 standalone proxy-server[128787]: STDERR: The option "workers" is not known to keystonemiddleware
Jun 10 08:55:56 standalone proxy-server[128787]: STDERR: The option "user" is not known to keystonemiddleware
Jun 10 08:55:56 standalone proxy-server[128787]: STDERR: The option "bind_ip" is not known to keystonemiddleware
Jun 10 08:55:56 standalone proxy-server[128787]: STDERR: The option "log_name" is not known to keystonemiddleware
Jun 10 08:55:56 standalone proxy-server[128787]: STDERR: The option "log_facility" is not known to keystonemiddleware
Jun 10 08:55:56 standalone proxy-server[128787]: STDERR: The option "log_level" is not known to keystonemiddleware
Jun 10 08:55:56 standalone proxy-server[128787]: STDERR: The option "log_headers" is not known to keystonemiddleware
Jun 10 08:55:56 standalone proxy-server[128787]: STDERR: The option "log_address" is not known to keystonemiddleware
Jun 10 08:55:56 standalone proxy-server[128787]: STDERR: The option "project_name" is not known to keystonemiddleware
Jun 10 08:55:56 standalone proxy-server[128787]: STDERR: The option "username" is not known to keystonemiddleware
Jun 10 08:55:56 standalone proxy-server[128787]: STDERR: The option "password" is not known to keystonemiddleware
Jun 10 08:55:56 standalone proxy-server[128787]: STDERR: The option "auth_url" is not known to keystonemiddleware
Jun 10 08:55:56 standalone proxy-server[128787]: STDERR: The option "signing_dir" is not known to keystonemiddleware
Jun 10 08:55:56 standalone proxy-server[128787]: STDERR: The option "project_domain_id" is not known to keystonemiddleware
Jun 10 08:55:56 standalone proxy-server[128787]: STDERR: The option "user_domain_id" is not known to keystonemiddleware
Jun 10 08:55:56 standalone proxy-server[128787]: STDERR: The option "__name__" is not known to keystonemiddleware
Jun 10 08:55:56 standalone proxy-server[128787]: AuthToken middleware is set with keystone_authtoken.service_token_roles_required set to False. This is backwards compatible but deprecated behaviour. Please set this to True.
Jun 10 08:55:56 standalone proxy-server[128642]: Started child 12 from parent 2
Jun 10 08:56:13 standalone object-server[126904]: Begin object update sweep
Jun 10 08:56:13 standalone object-server[130570]: Object update sweep starting on /srv/node/d1 (pid: 11)
Jun 10 08:56:13 standalone object-server[130570]: Object update sweep completed on /srv/node/d1 in 0.00s seconds:, 0 successes, 0 failures, 0 quarantines, 0 unlinks, 0 errors, 0 redirects (pid: 11)
Jun 10 08:56:13 standalone object-server[130570]: Object update sweep of d1 completed: 0.00s, 0 successes, 0 failures, 0 quarantines, 0 unlinks, 0 errors, 0 redirects
Jun 10 08:56:13 standalone object-server[126904]: Object update sweep completed: 0.08s
Jun 10 08:59:34 standalone container-server[126682]: Begin container update sweep
Jun 10 08:59:34 standalone container-server[126682]: Container update sweep completed: 0.00s
Jun 10 09:00:07 standalone account-server[126808]: 172.20.0.100 - - [10/Jun/2026:09:00:07 +0000] "HEAD /d1/592/.expiring_objects" 404 - "HEAD http://localhost/v1/.expiring_objects?format=json" "tx13be51ea9e85483895c45-006a292797" "proxy-server 2" 0.0012 "-" 20 -
Jun 10 09:00:07 standalone object-expirer[126689]: Pass completed in 0s; 0 objects expired (txn: tx13be51ea9e85483895c45-006a292797)
Jun 10 09:01:13 standalone object-server[126904]: Begin object update sweep
Jun 10 09:01:13 standalone object-server[167102]: Object update sweep starting on /srv/node/d1 (pid: 13)
Jun 10 09:01:13 standalone object-server[167102]: Object update sweep completed on /srv/node/d1 in 0.00s seconds:, 0 successes, 0 failures, 0 quarantines, 0 unlinks, 0 errors, 0 redirects (pid: 13)
Jun 10 09:01:13 standalone object-server[167102]: Object update sweep of d1 completed: 0.00s, 0 successes, 0 failures, 0 quarantines, 0 unlinks, 0 errors, 0 redirects
Jun 10 09:01:13 standalone object-server[126904]: Object update sweep completed: 0.07s
Jun 10 09:03:47 standalone account-server[126823]: 172.20.0.100 - - [10/Jun/2026:09:03:47 +0000] "HEAD /d1/592/.expiring_objects" 404 - "HEAD http://localhost/v1/.expiring_objects?format=json" "tx6df636f0c1954cb0b9810-006a292873" "proxy-server 2" 0.0010 "-" 21 -
Jun 10 09:03:47 standalone object-expirer[126689]: Pass completed in 0s; 0 objects expired (txn: tx6df636f0c1954cb0b9810-006a292873)
Jun 10 09:04:34 standalone container-server[126682]: Begin container update sweep
Jun 10 09:04:34 standalone container-server[126682]: Container update sweep completed: 0.00s
Jun 10 09:06:02 standalone account-server[126824]: 172.20.0.100 - - [10/Jun/2026:09:06:02 +0000] "HEAD /d1/592/.expiring_objects" 404 - "HEAD http://localhost/v1/.expiring_objects?format=json" "txe210da4f51264b26820ef-006a2928fa" "proxy-server 2" 0.0010 "-" 22 -
Jun 10 09:06:02 standalone object-expirer[126689]: Pass completed in 0s; 0 objects expired (txn: txe210da4f51264b26820ef-006a2928fa)
Jun 10 09:06:13 standalone object-server[126904]: Begin object update sweep
Jun 10 09:06:14 standalone object-server[209173]: Object update sweep starting on /srv/node/d1 (pid: 14)
Jun 10 09:06:14 standalone object-server[209173]: Object update sweep completed on /srv/node/d1 in 0.00s seconds:, 0 successes, 0 failures, 0 quarantines, 0 unlinks, 0 errors, 0 redirects (pid: 14)
Jun 10 09:06:14 standalone object-server[209173]: Object update sweep of d1 completed: 0.00s, 0 successes, 0 failures, 0 quarantines, 0 unlinks, 0 errors, 0 redirects
Jun 10 09:06:14 standalone object-server[126904]: Object update sweep completed: 0.10s
Jun 10 09:07:06 standalone account-server[126808]: 172.20.0.100 - - [10/Jun/2026:09:07:06 +0000] "HEAD /d1/374/AUTH_cb9833fe5ea641649cb26bc687a9c748" 404 - "HEAD http://172.18.0.2:8080/v1/AUTH_cb9833fe5ea641649cb26bc687a9c748?format=json" "txb87e8be60803410996fd4-006a292939" "proxy-server 12" 0.0007 "-" 20 -
Jun 10 09:07:06 standalone proxy-server[128787]: - - 10/Jun/2026/09/07/06 HEAD /v1/AUTH_cb9833fe5ea641649cb26bc687a9c748%3Fformat%3Djson HTTP/1.0 200 - Swift - - - - txb87e8be60803410996fd4-006a292939 - 0.0096 RL - 1781082426.001144171 1781082426.010703564 -
Jun 10 09:07:06 standalone object-server[126990]: 172.20.0.100 - - [10/Jun/2026:09:07:06 +0000] "GET /d1/119/AUTH_cb9833fe5ea641649cb26bc687a9c748/gnocchi.8ca98aa5-b0a1-456b-a051-0fa2394f57ba/none_v3" 404 70 "GET http://172.18.0.2:8080/v1/AUTH_cb9833fe5ea641649cb26bc687a9c748/gnocchi.8ca98aa5-b0a1-456b-a051-0fa2394f57ba/none_v3" "txb87e8be60803410996fd4-006a292939" "proxy-server 12" 0.0008 "-" 24 0
Jun 10 09:07:06 standalone proxy-server[128787]: 172.18.0.2 172.18.0.100 10/Jun/2026/09/07/06 GET /v1/AUTH_cb9833fe5ea641649cb26bc687a9c748/gnocchi.8ca98aa5-b0a1-456b-a051-0fa2394f57ba/none_v3 HTTP/1.0 404 - python-swiftclient-3.11.1 gAAAAABqKSk5vUXe... - 70 - txb87e8be60803410996fd4-006a292939 - 0.3928 - - 1781082425.997666597 1781082426.390453815 0
Jun 10 09:07:06 standalone account-server[126823]: 172.20.0.100 - - [10/Jun/2026:09:07:06 +0000] "PUT /d1/374/AUTH_cb9833fe5ea641649cb26bc687a9c748" 201 - "-" "tx8dd02210377d437eb1d63-006a29293a" "-" 0.0117 "-" 21 -
Jun 10 09:07:06 standalone proxy-server[128787]: autocreate account '/AUTH_cb9833fe5ea641649cb26bc687a9c748' (txn: tx8dd02210377d437eb1d63-006a29293a)
Jun 10 09:07:06 standalone account-server[126825]: 172.20.0.100 - - [10/Jun/2026:09:07:06 +0000] "HEAD /d1/374/AUTH_cb9833fe5ea641649cb26bc687a9c748" 204 - "HEAD http://172.18.0.2:8080/v1/AUTH_cb9833fe5ea641649cb26bc687a9c748?format=json" "tx8dd02210377d437eb1d63-006a29293a" "proxy-server 12" 0.0037 "-" 23 -
Jun 10 09:07:06 standalone account-server[126824]: 172.20.0.100 - - [10/Jun/2026:09:07:06 +0000] "PUT /d1/374/AUTH_cb9833fe5ea641649cb26bc687a9c748/gnocchi.8ca98aa5-b0a1-456b-a051-0fa2394f57ba" 201 - "PUT http://172.20.0.100:6001/d1/923/AUTH_cb9833fe5ea641649cb26bc687a9c748/gnocchi.8ca98aa5-b0a1-456b-a051-0fa2394f57ba" "tx8dd02210377d437eb1d63-006a29293a" "container-server 23" 0.0025 "-" 22 0
Jun 10 09:07:06 standalone container-server[126773]: 172.20.0.100 - - [10/Jun/2026:09:07:06 +0000] "PUT /d1/923/AUTH_cb9833fe5ea641649cb26bc687a9c748/gnocchi.8ca98aa5-b0a1-456b-a051-0fa2394f57ba" 201 - "PUT http://172.18.0.2:8080/v1/AUTH_cb9833fe5ea641649cb26bc687a9c748/gnocchi.8ca98aa5-b0a1-456b-a051-0fa2394f57ba" "tx8dd02210377d437eb1d63-006a29293a" "proxy-server 12" 0.0181 "-" 23 0
Jun 10 09:07:06 standalone proxy-server[128787]: 172.18.0.2 172.18.0.100 10/Jun/2026/09/07/06 PUT /v1/AUTH_cb9833fe5ea641649cb26bc687a9c748/gnocchi.8ca98aa5-b0a1-456b-a051-0fa2394f57ba HTTP/1.0 201 - python-swiftclient-3.11.1 gAAAAABqKSk5vUXe... - - - tx8dd02210377d437eb1d63-006a29293a - 0.0497 - - 1781082426.395039797 1781082426.444768429 0
Jun 10 09:07:06 standalone container-server[126740]: 172.20.0.100 - - [10/Jun/2026:09:07:06 +0000] "HEAD /d1/923/AUTH_cb9833fe5ea641649cb26bc687a9c748/gnocchi.8ca98aa5-b0a1-456b-a051-0fa2394f57ba" 204 - "HEAD http://172.18.0.2:8080/v1/AUTH_cb9833fe5ea641649cb26bc687a9c748/gnocchi.8ca98aa5-b0a1-456b-a051-0fa2394f57ba?format=json&states=listing" "tx4c59c215bc8f46cf9d746-006a29293a" "proxy-server 12" 0.0043 "-" 20 0
Jun 10 09:07:06 standalone proxy-server[128787]: - - 10/Jun/2026/09/07/06 HEAD /v1/AUTH_cb9833fe5ea641649cb26bc687a9c748/gnocchi.8ca98aa5-b0a1-456b-a051-0fa2394f57ba%3Fformat%3Djson%26states%3Dlisting HTTP/1.0 204 - Swift - - - - tx4c59c215bc8f46cf9d746-006a29293a - 0.0110 RL - 1781082426.452039957 1781082426.463016987 0
Jun 10 09:07:06 standalone container-server[126773]: 172.20.0.100 - - [10/Jun/2026:09:07:06 +0000] "GET /d1/923/AUTH_cb9833fe5ea641649cb26bc687a9c748/gnocchi.8ca98aa5-b0a1-456b-a051-0fa2394f57ba" 200 2 "GET http://172.18.0.2:8080/v1/AUTH_cb9833fe5ea641649cb26bc687a9c748/gnocchi.8ca98aa5-b0a1-456b-a051-0fa2394f57ba?format=json&states=listing" "tx4c59c215bc8f46cf9d746-006a29293a" "proxy-server 12" 0.0043 "-" 23 0
Jun 10 09:07:06 standalone proxy-server[128787]: 172.18.0.2 172.18.0.100 10/Jun/2026/09/07/06 GET /v1/AUTH_cb9833fe5ea641649cb26bc687a9c748/gnocchi.8ca98aa5-b0a1-456b-a051-0fa2394f57ba%3Fformat%3Djson%26states%3Dlisting HTTP/1.0 200 - python-swiftclient-3.11.1 gAAAAABqKSk5vUXe... - 2 - tx4c59c215bc8f46cf9d746-006a29293a - 0.0275 - - 1781082426.450480223 1781082426.478000641 0
Jun 10 09:07:06 standalone object-server[126979]: 172.20.0.100 - - [10/Jun/2026:09:07:06 +0000] "GET /d1/788/AUTH_cb9833fe5ea641649cb26bc687a9c748/gnocchi.8ca98aa5-b0a1-456b-a051-0fa2394f57ba/1780920000.0_mean_300.0_v3" 404 70 "GET http://172.18.0.2:8080/v1/AUTH_cb9833fe5ea641649cb26bc687a9c748/gnocchi.8ca98aa5-b0a1-456b-a051-0fa2394f57ba/1780920000.0_mean_300.0_v3" "tx2e9631d4fff44536949c4-006a29293a" "proxy-server 12" 0.0007 "-" 22 0
Jun 10 09:07:06 standalone proxy-server[128787]: 172.18.0.2 172.18.0.100 10/Jun/2026/09/07/06 GET /v1/AUTH_cb9833fe5ea641649cb26bc687a9c748/gnocchi.8ca98aa5-b0a1-456b-a051-0fa2394f57ba/1780920000.0_mean_300.0_v3 HTTP/1.0 404 - python-swiftclient-3.11.1 gAAAAABqKSk5vUXe... - 70 - tx2e9631d4fff44536949c4-006a29293a - 0.0063 - - 1781082426.482721567 1781082426.489065647 0
Jun 10 09:07:06 standalone container-server[126773]: 172.20.0.100 - - [10/Jun/2026:09:07:06 +0000] "PUT /d1/923/AUTH_cb9833fe5ea641649cb26bc687a9c748/gnocchi.8ca98aa5-b0a1-456b-a051-0fa2394f57ba/1780920000.0_mean_300.0_v3" 201 - "PUT http://172.18.0.2:8080/d1/788/AUTH_cb9833fe5ea641649cb26bc687a9c748/gnocchi.8ca98aa5-b0a1-456b-a051-0fa2394f57ba/1780920000.0_mean_300.0_v3" "txc8a178d8232e4863be48b-006a29293a" "object-server 24" 0.0006 "-" 23 0
Jun 10 09:07:06 standalone object-server[126990]: 172.20.0.100 - - [10/Jun/2026:09:07:06 +0000] "PUT /d1/788/AUTH_cb9833fe5ea641649cb26bc687a9c748/gnocchi.8ca98aa5-b0a1-456b-a051-0fa2394f57ba/1780920000.0_mean_300.0_v3" 201 - "PUT http://172.18.0.2:8080/v1/AUTH_cb9833fe5ea641649cb26bc687a9c748/gnocchi.8ca98aa5-b0a1-456b-a051-0fa2394f57ba/1780920000.0_mean_300.0_v3" "txc8a178d8232e4863be48b-006a29293a" "proxy-server 12" 0.0235 "-" 24 0
Jun 10 09:07:06 standalone proxy-server[128787]: 172.18.0.2 172.18.0.100 10/Jun/2026/09/07/06 PUT /v1/AUTH_cb9833fe5ea641649cb26bc687a9c748/gnocchi.8ca98aa5-b0a1-456b-a051-0fa2394f57ba/1780920000.0_mean_300.0_v3 HTTP/1.0 201 - python-swiftclient-3.11.1 gAAAAABqKSk5vUXe... 16 - - txc8a178d8232e4863be48b-006a29293a - 0.0291 - - 1781082426.492499828 1781082426.521617413 0
Jun 10 09:07:06 standalone container-server[126738]: 172.20.0.100 - - [10/Jun/2026:09:07:06 +0000] "PUT /d1/923/AUTH_cb9833fe5ea641649cb26bc687a9c748/gnocchi.8ca98aa5-b0a1-456b-a051-0fa2394f57ba/none_v3" 201 - "PUT http://172.18.0.2:8080/d1/119/AUTH_cb9833fe5ea641649cb26bc687a9c748/gnocchi.8ca98aa5-b0a1-456b-a051-0fa2394f57ba/none_v3" "txbde94714fc41465e87aa5-006a29293a" "object-server 24" 0.0016 "-" 19 0
Jun 10 09:07:06 standalone object-server[126990]: 172.20.0.100 - - [10/Jun/2026:09:07:06 +0000] "PUT /d1/119/AUTH_cb9833fe5ea641649cb26bc687a9c748/gnocchi.8ca98aa5-b0a1-456b-a051-0fa2394f57ba/none_v3" 201 - "PUT http://172.18.0.2:8080/v1/AUTH_cb9833fe5ea641649cb26bc687a9c748/gnocchi.8ca98aa5-b0a1-456b-a051-0fa2394f57ba/none_v3" "txbde94714fc41465e87aa5-006a29293a" "proxy-server 12" 0.0108 "-" 24 0
Jun 10 09:07:06 standalone proxy-server[128787]: 172.18.0.2 172.18.0.100 10/Jun/2026/09/07/06 PUT /v1/AUTH_cb9833fe5ea641649cb26bc687a9c748/gnocchi.8ca98aa5-b0a1-456b-a051-0fa2394f57ba/none_v3 HTTP/1.0 201 - python-swiftclient-3.11.1 gAAAAABqKSk5vUXe... 22 - - txbde94714fc41465e87aa5-006a29293a - 0.0160 - - 1781082426.524634838 1781082426.540648222 0
Jun 10 09:07:32 standalone account-server[126823]: 172.20.0.100 - - [10/Jun/2026:09:07:32 +0000] "HEAD /d1/592/.expiring_objects" 404 - "HEAD http://localhost/v1/.expiring_objects?format=json" "tx4fac548fb6ed420aa7af1-006a292954" "proxy-server 2" 0.0009 "-" 21 -
Jun 10 09:07:32 standalone object-expirer[126689]: Pass completed in 0s; 0 objects expired (txn: tx4fac548fb6ed420aa7af1-006a292954)
Jun 10 09:07:35 standalone object-server[126990]: 172.20.0.100 - - [10/Jun/2026:09:07:35 +0000] "GET /d1/119/AUTH_cb9833fe5ea641649cb26bc687a9c748/gnocchi.8ca98aa5-b0a1-456b-a051-0fa2394f57ba/none_v3" 200 22 "GET http://172.18.0.2:8080/v1/AUTH_cb9833fe5ea641649cb26bc687a9c748/gnocchi.8ca98aa5-b0a1-456b-a051-0fa2394f57ba/none_v3" "tx16e6a99ae9a244789ed61-006a292957" "proxy-server 12" 0.0012 "-" 24 0
Jun 10 09:07:35 standalone proxy-server[128787]: 172.18.0.2 172.18.0.100 10/Jun/2026/09/07/35 GET /v1/AUTH_cb9833fe5ea641649cb26bc687a9c748/gnocchi.8ca98aa5-b0a1-456b-a051-0fa2394f57ba/none_v3 HTTP/1.0 200 - python-swiftclient-3.11.1 gAAAAABqKSk5vUXe... - 22 - tx16e6a99ae9a244789ed61-006a292957 - 0.0096 - - 1781082455.717575073 1781082455.727205992 0
Jun 10 09:07:35 standalone container-server[126771]: 172.20.0.100 - - [10/Jun/2026:09:07:35 +0000] "GET /d1/923/AUTH_cb9833fe5ea641649cb26bc687a9c748/gnocchi.8ca98aa5-b0a1-456b-a051-0fa2394f57ba" 200 357 "GET http://172.18.0.2:8080/v1/AUTH_cb9833fe5ea641649cb26bc687a9c748/gnocchi.8ca98aa5-b0a1-456b-a051-0fa2394f57ba?format=json&states=listing" "tx6332621be860438c87bfa-006a292957" "proxy-server 12" 0.0230 "-" 22 0
Jun 10 09:07:35 standalone proxy-server[128787]: 172.18.0.2 172.18.0.100 10/Jun/2026/09/07/35 GET /v1/AUTH_cb9833fe5ea641649cb26bc687a9c748/gnocchi.8ca98aa5-b0a1-456b-a051-0fa2394f57ba%3Fformat%3Djson%26states%3Dlisting HTTP/1.0 200 - python-swiftclient-3.11.1 gAAAAABqKSk5vUXe... - 357 - tx6332621be860438c87bfa-006a292957 - 0.0322 - - 1781082455.730906010 1781082455.763131380 0
Jun 10 09:07:35 standalone container-server[126773]: 172.20.0.100 - - [10/Jun/2026:09:07:35 +0000] "GET /d1/923/AUTH_cb9833fe5ea641649cb26bc687a9c748/gnocchi.8ca98aa5-b0a1-456b-a051-0fa2394f57ba" 200 2 "GET http://172.18.0.2:8080/v1/AUTH_cb9833fe5ea641649cb26bc687a9c748/gnocchi.8ca98aa5-b0a1-456b-a051-0fa2394f57ba?format=json&marker=none_v3&states=listing" "tx97e1dcb2e86e405094659-006a292957" "proxy-server 12" 0.0019 "-" 23 0
Jun 10 09:07:35 standalone proxy-server[128787]: 172.18.0.2 172.18.0.100 10/Jun/2026/09/07/35 GET /v1/AUTH_cb9833fe5ea641649cb26bc687a9c748/gnocchi.8ca98aa5-b0a1-456b-a051-0fa2394f57ba%3Fformat%3Djson%26marker%3Dnone_v3%26states%3Dlisting HTTP/1.0 200 - python-swiftclient-3.11.1 gAAAAABqKSk5vUXe... - 2 - tx97e1dcb2e86e405094659-006a292957 - 0.0086 - - 1781082455.765835762 1781082455.774418116 0
Jun 10 09:07:35 standalone object-server[126981]: 172.20.0.100 - - [10/Jun/2026:09:07:35 +0000] "GET /d1/788/AUTH_cb9833fe5ea641649cb26bc687a9c748/gnocchi.8ca98aa5-b0a1-456b-a051-0fa2394f57ba/1780920000.0_mean_300.0_v3" 200 16 "GET http://172.18.0.2:8080/v1/AUTH_cb9833fe5ea641649cb26bc687a9c748/gnocchi.8ca98aa5-b0a1-456b-a051-0fa2394f57ba/1780920000.0_mean_300.0_v3" "txa60e1ca64e774783be8f1-006a292957" "proxy-server 12" 0.0011 "-" 23 0
Jun 10 09:07:35 standalone proxy-server[128787]: 172.18.0.2 172.18.0.100 10/Jun/2026/09/07/35 GET /v1/AUTH_cb9833fe5ea641649cb26bc687a9c748/gnocchi.8ca98aa5-b0a1-456b-a051-0fa2394f57ba/1780920000.0_mean_300.0_v3 HTTP/1.0 200 - python-swiftclient-3.11.1 gAAAAABqKSk5vUXe... - 16 - txa60e1ca64e774783be8f1-006a292957 - 0.0120 - - 1781082455.777623415 1781082455.789659023 0
Jun 10 09:07:35 standalone container-server[126740]: 172.20.0.100 - - [10/Jun/2026:09:07:35 +0000] "PUT /d1/923/AUTH_cb9833fe5ea641649cb26bc687a9c748/gnocchi.8ca98aa5-b0a1-456b-a051-0fa2394f57ba/1780920000.0_mean_300.0_v3" 201 - "PUT http://172.18.0.2:8080/d1/788/AUTH_cb9833fe5ea641649cb26bc687a9c748/gnocchi.8ca98aa5-b0a1-456b-a051-0fa2394f57ba/1780920000.0_mean_300.0_v3" "txa6bc9545ab8a4209b1b6d-006a292957" "object-server 22" 0.0013 "-" 20 0
Jun 10 09:07:35 standalone object-server[126979]: 172.20.0.100 - - [10/Jun/2026:09:07:35 +0000] "PUT /d1/788/AUTH_cb9833fe5ea641649cb26bc687a9c748/gnocchi.8ca98aa5-b0a1-456b-a051-0fa2394f57ba/1780920000.0_mean_300.0_v3" 201 - "PUT http://172.18.0.2:8080/v1/AUTH_cb9833fe5ea641649cb26bc687a9c748/gnocchi.8ca98aa5-b0a1-456b-a051-0fa2394f57ba/1780920000.0_mean_300.0_v3" "txa6bc9545ab8a4209b1b6d-006a292957" "proxy-server 12" 0.0439 "-" 22 0
Jun 10 09:07:35 standalone proxy-server[128787]: 172.18.0.2 172.18.0.100 10/Jun/2026/09/07/35 PUT /v1/AUTH_cb9833fe5ea641649cb26bc687a9c748/gnocchi.8ca98aa5-b0a1-456b-a051-0fa2394f57ba/1780920000.0_mean_300.0_v3 HTTP/1.0 201 - python-swiftclient-3.11.1 gAAAAABqKSk5vUXe... 16 - - txa6bc9545ab8a4209b1b6d-006a292957 - 0.0593 - - 1781082455.792666435 1781082455.851927996 0
Jun 10 09:07:35 standalone container-server[126773]: 172.20.0.100 - - [10/Jun/2026:09:07:35 +0000] "PUT /d1/923/AUTH_cb9833fe5ea641649cb26bc687a9c748/gnocchi.8ca98aa5-b0a1-456b-a051-0fa2394f57ba/none_v3" 201 - "PUT http://172.18.0.2:8080/d1/119/AUTH_cb9833fe5ea641649cb26bc687a9c748/gnocchi.8ca98aa5-b0a1-456b-a051-0fa2394f57ba/none_v3" "tx406dac205c9f4116a810e-006a292957" "object-server 25" 0.0004 "-" 23 0
Jun 10 09:07:35 standalone object-server[127007]: 172.20.0.100 - - [10/Jun/2026:09:07:35 +0000] "PUT /d1/119/AUTH_cb9833fe5ea641649cb26bc687a9c748/gnocchi.8ca98aa5-b0a1-456b-a051-0fa2394f57ba/none_v3" 201 - "PUT http://172.18.0.2:8080/v1/AUTH_cb9833fe5ea641649cb26bc687a9c748/gnocchi.8ca98aa5-b0a1-456b-a051-0fa2394f57ba/none_v3" "tx406dac205c9f4116a810e-006a292957" "proxy-server 12" 0.0319 "-" 25 0
Jun 10 09:07:35 standalone proxy-server[128787]: 172.18.0.2 172.18.0.100 10/Jun/2026/09/07/35 PUT /v1/AUTH_cb9833fe5ea641649cb26bc687a9c748/gnocchi.8ca98aa5-b0a1-456b-a051-0fa2394f57ba/none_v3 HTTP/1.0 201 - python-swiftclient-3.11.1 gAAAAABqKSk5vUXe... 32 - - tx406dac205c9f4116a810e-006a292957 - 0.0385 - - 1781082455.856130362 1781082455.894642115 0
Jun 10 09:08:05 standalone account-server[126825]: 172.20.0.100 - - [10/Jun/2026:09:08:05 +0000] "HEAD /d1/374/AUTH_cb9833fe5ea641649cb26bc687a9c748" 204 - "HEAD http://172.18.0.2:8080/v1/AUTH_cb9833fe5ea641649cb26bc687a9c748?format=json" "txb5bcb752f65e470980950-006a292975" "proxy-server 12" 0.0102 "-" 23 -
Jun 10 09:08:05 standalone proxy-server[128787]: - - 10/Jun/2026/09/08/05 HEAD /v1/AUTH_cb9833fe5ea641649cb26bc687a9c748%3Fformat%3Djson HTTP/1.0 204 - Swift - - - - txb5bcb752f65e470980950-006a292975 - 0.0146 RL - 1781082485.787293434 1781082485.801943302 -
Jun 10 09:08:05 standalone container-server[126773]: 172.20.0.100 - - [10/Jun/2026:09:08:05 +0000] "HEAD /d1/308/AUTH_cb9833fe5ea641649cb26bc687a9c748/gnocchi.2750479b-6ef3-42d1-8129-f80a0afaf082" 404 - "HEAD http://172.18.0.2:8080/v1/AUTH_cb9833fe5ea641649cb26bc687a9c748/gnocchi.2750479b-6ef3-42d1-8129-f80a0afaf082?format=json&states=listing" "txb5bcb752f65e470980950-006a292975" "proxy-server 12" 0.0006 "-" 23 0
Jun 10 09:08:05 standalone object-server[126990]: 172.20.0.100 - - [10/Jun/2026:09:08:05 +0000] "GET /d1/999/AUTH_cb9833fe5ea641649cb26bc687a9c748/gnocchi.2750479b-6ef3-42d1-8129-f80a0afaf082/none_v3" 404 70 "GET http://172.18.0.2:8080/v1/AUTH_cb9833fe5ea641649cb26bc687a9c748/gnocchi.2750479b-6ef3-42d1-8129-f80a0afaf082/none_v3" "txb5bcb752f65e470980950-006a292975" "proxy-server 12" 0.0005 "-" 24 0
Jun 10 09:08:05 standalone proxy-server[128787]: 172.18.0.2 172.18.0.100 10/Jun/2026/09/08/05 GET /v1/AUTH_cb9833fe5ea641649cb26bc687a9c748/gnocchi.2750479b-6ef3-42d1-8129-f80a0afaf082/none_v3 HTTP/1.0 404 - python-swiftclient-3.11.1 gAAAAABqKSk5vUXe... - 70 - txb5bcb752f65e470980950-006a292975 - 0.0267 - - 1781082485.786249876 1781082485.812919855 0
Jun 10 09:08:05 standalone account-server[126823]: 172.20.0.100 - - [10/Jun/2026:09:08:05 +0000] "PUT /d1/374/AUTH_cb9833fe5ea641649cb26bc687a9c748/gnocchi.2750479b-6ef3-42d1-8129-f80a0afaf082" 201 - "PUT http://172.20.0.100:6001/d1/308/AUTH_cb9833fe5ea641649cb26bc687a9c748/gnocchi.2750479b-6ef3-42d1-8129-f80a0afaf082" "tx1410760ba4e847fbaaead-006a292975" "container-server 20" 0.0013 "-" 21 0
Jun 10 09:08:05 standalone container-server[126740]: 172.20.0.100 - - [10/Jun/2026:09:08:05 +0000] "PUT /d1/308/AUTH_cb9833fe5ea641649cb26bc687a9c748/gnocchi.2750479b-6ef3-42d1-8129-f80a0afaf082" 201 - "PUT http://172.18.0.2:8080/v1/AUTH_cb9833fe5ea641649cb26bc687a9c748/gnocchi.2750479b-6ef3-42d1-8129-f80a0afaf082" "tx1410760ba4e847fbaaead-006a292975" "proxy-server 12" 0.0114 "-" 20 0
Jun 10 09:08:05 standalone proxy-server[128787]: 172.18.0.2 172.18.0.100 10/Jun/2026/09/08/05 PUT /v1/AUTH_cb9833fe5ea641649cb26bc687a9c748/gnocchi.2750479b-6ef3-42d1-8129-f80a0afaf082 HTTP/1.0 201 - python-swiftclient-3.11.1 gAAAAABqKSk5vUXe... - - - tx1410760ba4e847fbaaead-006a292975 - 0.0160 - - 1781082485.817326069 1781082485.833312511 0
Jun 10 09:08:05 standalone container-server[126771]: 172.20.0.100 - - [10/Jun/2026:09:08:05 +0000] "HEAD /d1/308/AUTH_cb9833fe5ea641649cb26bc687a9c748/gnocchi.2750479b-6ef3-42d1-8129-f80a0afaf082" 204 - "HEAD http://172.18.0.2:8080/v1/AUTH_cb9833fe5ea641649cb26bc687a9c748/gnocchi.2750479b-6ef3-42d1-8129-f80a0afaf082?format=json&states=listing" "tx4ec6242fea154cbc86a7e-006a292975" "proxy-server 12" 0.0023 "-" 22 0
Jun 10 09:08:05 standalone proxy-server[128787]: - - 10/Jun/2026/09/08/05 HEAD /v1/AUTH_cb9833fe5ea641649cb26bc687a9c748/gnocchi.2750479b-6ef3-42d1-8129-f80a0afaf082%3Fformat%3Djson%26states%3Dlisting HTTP/1.0 204 - Swift - - - - tx4ec6242fea154cbc86a7e-006a292975 - 0.0060 RL - 1781082485.838495255 1781082485.844501972 0
Jun 10 09:08:05 standalone container-server[126771]: 172.20.0.100 - - [10/Jun/2026:09:08:05 +0000] "GET /d1/308/AUTH_cb9833fe5ea641649cb26bc687a9c748/gnocchi.2750479b-6ef3-42d1-8129-f80a0afaf082" 200 2 "GET http://172.18.0.2:8080/v1/AUTH_cb9833fe5ea641649cb26bc687a9c748/gnocchi.2750479b-6ef3-42d1-8129-f80a0afaf082?format=json&states=listing" "tx4ec6242fea154cbc86a7e-006a292975" "proxy-server 12" 0.0032 "-" 22 0
Jun 10 09:08:05 standalone proxy-server[128787]: 172.18.0.2 172.18.0.100 10/Jun/2026/09/08/05 GET /v1/AUTH_cb9833fe5ea641649cb26bc687a9c748/gnocchi.2750479b-6ef3-42d1-8129-f80a0afaf082%3Fformat%3Djson%26states%3Dlisting HTTP/1.0 200 - python-swiftclient-3.11.1 gAAAAABqKSk5vUXe... - 2 - tx4ec6242fea154cbc86a7e-006a292975 - 0.0159 - - 1781082485.837645531 1781082485.853502512 0
Jun 10 09:08:05 standalone object-server[126990]: 172.20.0.100 - - [10/Jun/2026:09:08:05 +0000] "GET /d1/749/AUTH_cb9833fe5ea641649cb26bc687a9c748/gnocchi.2750479b-6ef3-42d1-8129-f80a0afaf082/1780920000.0_mean_300.0_v3" 404 70 "GET http://172.18.0.2:8080/v1/AUTH_cb9833fe5ea641649cb26bc687a9c748/gnocchi.2750479b-6ef3-42d1-8129-f80a0afaf082/1780920000.0_mean_300.0_v3" "tx26e757d650b844b0834d9-006a292975" "proxy-server 12" 0.0004 "-" 24 0
Jun 10 09:08:05 standalone proxy-server[128787]: 172.18.0.2 172.18.0.100 10/Jun/2026/09/08/05 GET /v1/AUTH_cb9833fe5ea641649cb26bc687a9c748/gnocchi.2750479b-6ef3-42d1-8129-f80a0afaf082/1780920000.0_mean_300.0_v3 HTTP/1.0 404 - python-swiftclient-3.11.1 gAAAAABqKSk5vUXe... - 70 - tx26e757d650b844b0834d9-006a292975 - 0.0056 - - 1781082485.858597040 1781082485.864208937 0
Jun 10 09:08:05 standalone container-server[126773]: 172.20.0.100 - - [10/Jun/2026:09:08:05 +0000] "PUT /d1/308/AUTH_cb9833fe5ea641649cb26bc687a9c748/gnocchi.2750479b-6ef3-42d1-8129-f80a0afaf082/1780920000.0_mean_300.0_v3" 201 - "PUT http://172.18.0.2:8080/d1/749/AUTH_cb9833fe5ea641649cb26bc687a9c748/gnocchi.2750479b-6ef3-42d1-8129-f80a0afaf082/1780920000.0_mean_300.0_v3" "txdcbd9523774a466d9ab11-006a292975" "object-server 25" 0.0009 "-" 23 0
Jun 10 09:08:05 standalone object-server[127007]: 172.20.0.100 - - [10/Jun/2026:09:08:05 +0000] "PUT /d1/749/AUTH_cb9833fe5ea641649cb26bc687a9c748/gnocchi.2750479b-6ef3-42d1-8129-f80a0afaf082/1780920000.0_mean_300.0_v3" 201 - "PUT http://172.18.0.2:8080/v1/AUTH_cb9833fe5ea641649cb26bc687a9c748/gnocchi.2750479b-6ef3-42d1-8129-f80a0afaf082/1780920000.0_mean_300.0_v3" "txdcbd9523774a466d9ab11-006a292975" "proxy-server 12" 0.0126 "-" 25 0
Jun 10 09:08:05 standalone proxy-server[128787]: 172.18.0.2 172.18.0.100 10/Jun/2026/09/08/05 PUT /v1/AUTH_cb9833fe5ea641649cb26bc687a9c748/gnocchi.2750479b-6ef3-42d1-8129-f80a0afaf082/1780920000.0_mean_300.0_v3 HTTP/1.0 201 - python-swiftclient-3.11.1 gAAAAABqKSk5vUXe... 16 - - txdcbd9523774a466d9ab11-006a292975 - 0.0220 - - 1781082485.868211508 1781082485.890200615 0
Jun 10 09:08:05 standalone container-server[126738]: 172.20.0.100 - - [10/Jun/2026:09:08:05 +0000] "PUT /d1/308/AUTH_cb9833fe5ea641649cb26bc687a9c748/gnocchi.2750479b-6ef3-42d1-8129-f80a0afaf082/none_v3" 201 - "PUT http://172.18.0.2:8080/d1/999/AUTH_cb9833fe5ea641649cb26bc687a9c748/gnocchi.2750479b-6ef3-42d1-8129-f80a0afaf082/none_v3" "txde810a544fb94814b615e-006a292975" "object-server 24" 0.0005 "-" 19 0
Jun 10 09:08:05 standalone object-server[126990]: 172.20.0.100 - - [10/Jun/2026:09:08:05 +0000] "PUT /d1/999/AUTH_cb9833fe5ea641649cb26bc687a9c748/gnocchi.2750479b-6ef3-42d1-8129-f80a0afaf082/none_v3" 201 - "PUT http://172.18.0.2:8080/v1/AUTH_cb9833fe5ea641649cb26bc687a9c748/gnocchi.2750479b-6ef3-42d1-8129-f80a0afaf082/none_v3" "txde810a544fb94814b615e-006a292975" "proxy-server 12" 0.0080 "-" 24 0
Jun 10 09:08:05 standalone proxy-server[128787]: 172.18.0.2 172.18.0.100 10/Jun/2026/09/08/05 PUT /v1/AUTH_cb9833fe5ea641649cb26bc687a9c748/gnocchi.2750479b-6ef3-42d1-8129-f80a0afaf082/none_v3 HTTP/1.0 201 - python-swiftclient-3.11.1 gAAAAABqKSk5vUXe... 22 - - txde810a544fb94814b615e-006a292975 - 0.0149 - - 1781082485.894578457 1781082485.909501791 0
Jun 10 09:08:05 standalone container-server[126771]: 172.20.0.100 - - [10/Jun/2026:09:08:05 +0000] "HEAD /d1/605/AUTH_cb9833fe5ea641649cb26bc687a9c748/gnocchi.6e437bff-418e-4687-9ceb-7725975667ea" 404 - "HEAD http://172.18.0.2:8080/v1/AUTH_cb9833fe5ea641649cb26bc687a9c748/gnocchi.6e437bff-418e-4687-9ceb-7725975667ea?format=json&states=listing" "tx1ed887cb93114a5cb29ab-006a292975" "proxy-server 12" 0.0006 "-" 22 0
Jun 10 09:08:05 standalone object-server[127007]: 172.20.0.100 - - [10/Jun/2026:09:08:05 +0000] "GET /d1/30/AUTH_cb9833fe5ea641649cb26bc687a9c748/gnocchi.6e437bff-418e-4687-9ceb-7725975667ea/none_v3" 404 70 "GET http://172.18.0.2:8080/v1/AUTH_cb9833fe5ea641649cb26bc687a9c748/gnocchi.6e437bff-418e-4687-9ceb-7725975667ea/none_v3" "tx1ed887cb93114a5cb29ab-006a292975" "proxy-server 12" 0.0005 "-" 25 0
Jun 10 09:08:05 standalone proxy-server[128787]: 172.18.0.2 172.18.0.100 10/Jun/2026/09/08/05 GET /v1/AUTH_cb9833fe5ea641649cb26bc687a9c748/gnocchi.6e437bff-418e-4687-9ceb-7725975667ea/none_v3 HTTP/1.0 404 - python-swiftclient-3.11.1 gAAAAABqKSk5vUXe... - 70 - tx1ed887cb93114a5cb29ab-006a292975 - 0.0100 - - 1781082485.922807693 1781082485.932779551 0
Jun 10 09:08:05 standalone account-server[126825]: 172.20.0.100 - - [10/Jun/2026:09:08:05 +0000] "PUT /d1/374/AUTH_cb9833fe5ea641649cb26bc687a9c748/gnocchi.6e437bff-418e-4687-9ceb-7725975667ea" 201 - "PUT http://172.20.0.100:6001/d1/605/AUTH_cb9833fe5ea641649cb26bc687a9c748/gnocchi.6e437bff-418e-4687-9ceb-7725975667ea" "txe39dd152b92a416c9ed2c-006a292975" "container-server 19" 0.0061 "-" 23 0
Jun 10 09:08:05 standalone container-server[126738]: 172.20.0.100 - - [10/Jun/2026:09:08:05 +0000] "PUT /d1/605/AUTH_cb9833fe5ea641649cb26bc687a9c748/gnocchi.6e437bff-418e-4687-9ceb-7725975667ea" 201 - "PUT http://172.18.0.2:8080/v1/AUTH_cb9833fe5ea641649cb26bc687a9c748/gnocchi.6e437bff-418e-4687-9ceb-7725975667ea" "txe39dd152b92a416c9ed2c-006a292975" "proxy-server 12" 0.0148 "-" 19 0
Jun 10 09:08:05 standalone proxy-server[128787]: 172.18.0.2 172.18.0.100 10/Jun/2026/09/08/05 PUT /v1/AUTH_cb9833fe5ea641649cb26bc687a9c748/gnocchi.6e437bff-418e-4687-9ceb-7725975667ea HTTP/1.0 201 - python-swiftclient-3.11.1 gAAAAABqKSk5vUXe... - - - txe39dd152b92a416c9ed2c-006a292975 - 0.0186 - - 1781082485.936316967 1781082485.954919100 0
Jun 10 09:08:05 standalone container-server[126773]: 172.20.0.100 - - [10/Jun/2026:09:08:05 +0000] "HEAD /d1/605/AUTH_cb9833fe5ea641649cb26bc687a9c748/gnocchi.6e437bff-418e-4687-9ceb-7725975667ea" 204 - "HEAD http://172.18.0.2:8080/v1/AUTH_cb9833fe5ea641649cb26bc687a9c748/gnocchi.6e437bff-418e-4687-9ceb-7725975667ea?format=json&states=listing" "tx3a261593911541b182474-006a292975" "proxy-server 12" 0.0027 "-" 23 0
Jun 10 09:08:05 standalone proxy-server[128787]: - - 10/Jun/2026/09/08/05 HEAD /v1/AUTH_cb9833fe5ea641649cb26bc687a9c748/gnocchi.6e437bff-418e-4687-9ceb-7725975667ea%3Fformat%3Djson%26states%3Dlisting HTTP/1.0 204 - Swift - - - - tx3a261593911541b182474-006a292975 - 0.0066 RL - 1781082485.960196018 1781082485.966805220 0
Jun 10 09:08:05 standalone container-server[126773]: 172.20.0.100 - - [10/Jun/2026:09:08:05 +0000] "GET /d1/605/AUTH_cb9833fe5ea641649cb26bc687a9c748/gnocchi.6e437bff-418e-4687-9ceb-7725975667ea" 200 2 "GET http://172.18.0.2:8080/v1/AUTH_cb9833fe5ea641649cb26bc687a9c748/gnocchi.6e437bff-418e-4687-9ceb-7725975667ea?format=json&states=listing" "tx3a261593911541b182474-006a292975" "proxy-server 12" 0.0033 "-" 23 0
Jun 10 09:08:05 standalone proxy-server[128787]: 172.18.0.2 172.18.0.100 10/Jun/2026/09/08/05 GET /v1/AUTH_cb9833fe5ea641649cb26bc687a9c748/gnocchi.6e437bff-418e-4687-9ceb-7725975667ea%3Fformat%3Djson%26states%3Dlisting HTTP/1.0 200 - python-swiftclient-3.11.1 gAAAAABqKSk5vUXe... - 2 - tx3a261593911541b182474-006a292975 - 0.0165 - - 1781082485.959336758 1781082485.975841761 0
Jun 10 09:08:05 standalone object-server[127007]: 172.20.0.100 - - [10/Jun/2026:09:08:05 +0000] "GET /d1/887/AUTH_cb9833fe5ea641649cb26bc687a9c748/gnocchi.6e437bff-418e-4687-9ceb-7725975667ea/1780920000.0_mean_300.0_v3" 404 70 "GET http://172.18.0.2:8080/v1/AUTH_cb9833fe5ea641649cb26bc687a9c748/gnocchi.6e437bff-418e-4687-9ceb-7725975667ea/1780920000.0_mean_300.0_v3" "txf08f5bd56f8f44bfa0cc1-006a292975" "proxy-server 12" 0.0005 "-" 25 0
Jun 10 09:08:05 standalone proxy-server[128787]: 172.18.0.2 172.18.0.100 10/Jun/2026/09/08/05 GET /v1/AUTH_cb9833fe5ea641649cb26bc687a9c748/gnocchi.6e437bff-418e-4687-9ceb-7725975667ea/1780920000.0_mean_300.0_v3 HTTP/1.0 404 - python-swiftclient-3.11.1 gAAAAABqKSk5vUXe... - 70 - txf08f5bd56f8f44bfa0cc1-006a292975 - 0.0058 - - 1781082485.980287552 1781082485.986083984 0
Jun 10 09:08:06 standalone container-server[126738]: 172.20.0.100 - - [10/Jun/2026:09:08:06 +0000] "PUT /d1/605/AUTH_cb9833fe5ea641649cb26bc687a9c748/gnocchi.6e437bff-418e-4687-9ceb-7725975667ea/1780920000.0_mean_300.0_v3" 201 - "PUT http://172.18.0.2:8080/d1/887/AUTH_cb9833fe5ea641649cb26bc687a9c748/gnocchi.6e437bff-418e-4687-9ceb-7725975667ea/1780920000.0_mean_300.0_v3" "tx9e1d8c4c36e24127b242e-006a292975" "object-server 25" 0.0004 "-" 19 0
Jun 10 09:08:06 standalone object-server[127007]: 172.20.0.100 - - [10/Jun/2026:09:08:06 +0000] "PUT /d1/887/AUTH_cb9833fe5ea641649cb26bc687a9c748/gnocchi.6e437bff-418e-4687-9ceb-7725975667ea/1780920000.0_mean_300.0_v3" 201 - "PUT http://172.18.0.2:8080/v1/AUTH_cb9833fe5ea641649cb26bc687a9c748/gnocchi.6e437bff-418e-4687-9ceb-7725975667ea/1780920000.0_mean_300.0_v3" "tx9e1d8c4c36e24127b242e-006a292975" "proxy-server 12" 0.0092 "-" 25 0
Jun 10 09:08:06 standalone proxy-server[128787]: 172.18.0.2 172.18.0.100 10/Jun/2026/09/08/06 PUT /v1/AUTH_cb9833fe5ea641649cb26bc687a9c748/gnocchi.6e437bff-418e-4687-9ceb-7725975667ea/1780920000.0_mean_300.0_v3 HTTP/1.0 201 - python-swiftclient-3.11.1 gAAAAABqKSk5vUXe... 16 - - tx9e1d8c4c36e24127b242e-006a292975 - 0.0151 - - 1781082485.989668608 1781082486.004787922 0
Jun 10 09:08:06 standalone container-server[126773]: 172.20.0.100 - - [10/Jun/2026:09:08:06 +0000] "PUT /d1/605/AUTH_cb9833fe5ea641649cb26bc687a9c748/gnocchi.6e437bff-418e-4687-9ceb-7725975667ea/none_v3" 201 - "PUT http://172.18.0.2:8080/d1/30/AUTH_cb9833fe5ea641649cb26bc687a9c748/gnocchi.6e437bff-418e-4687-9ceb-7725975667ea/none_v3" "tx89b2da2dff28400d9e9eb-006a292976" "object-server 24" 0.0005 "-" 23 0
Jun 10 09:08:06 standalone object-server[126990]: 172.20.0.100 - - [10/Jun/2026:09:08:06 +0000] "PUT /d1/30/AUTH_cb9833fe5ea641649cb26bc687a9c748/gnocchi.6e437bff-418e-4687-9ceb-7725975667ea/none_v3" 201 - "PUT http://172.18.0.2:8080/v1/AUTH_cb9833fe5ea641649cb26bc687a9c748/gnocchi.6e437bff-418e-4687-9ceb-7725975667ea/none_v3" "tx89b2da2dff28400d9e9eb-006a292976" "proxy-server 12" 0.0082 "-" 24 0
Jun 10 09:08:06 standalone proxy-server[128787]: 172.18.0.2 172.18.0.100 10/Jun/2026/09/08/06 PUT /v1/AUTH_cb9833fe5ea641649cb26bc687a9c748/gnocchi.6e437bff-418e-4687-9ceb-7725975667ea/none_v3 HTTP/1.0 201 - python-swiftclient-3.11.1 gAAAAABqKSk5vUXe... 22 - - tx89b2da2dff28400d9e9eb-006a292976 - 0.0135 - - 1781082486.008300066 1781082486.021756411 0
Jun 10 09:08:12 standalone container-server[126738]: 172.20.0.100 - - [10/Jun/2026:09:08:12 +0000] "HEAD /d1/826/AUTH_cb9833fe5ea641649cb26bc687a9c748/gnocchi.2296986e-23d8-4e42-93ae-af1c777e2a2c" 404 - "HEAD http://172.18.0.2:8080/v1/AUTH_cb9833fe5ea641649cb26bc687a9c748/gnocchi.2296986e-23d8-4e42-93ae-af1c777e2a2c?format=json&states=listing" "tx4cb2760dda1b472886fb6-006a29297c" "proxy-server 12" 0.0009 "-" 19 0
Jun 10 09:08:12 standalone object-server[126990]: 172.20.0.100 - - [10/Jun/2026:09:08:12 +0000] "GET /d1/975/AUTH_cb9833fe5ea641649cb26bc687a9c748/gnocchi.2296986e-23d8-4e42-93ae-af1c777e2a2c/none_v3" 404 70 "GET http://172.18.0.2:8080/v1/AUTH_cb9833fe5ea641649cb26bc687a9c748/gnocchi.2296986e-23d8-4e42-93ae-af1c777e2a2c/none_v3" "tx4cb2760dda1b472886fb6-006a29297c" "proxy-server 12" 0.0005 "-" 24 0
Jun 10 09:08:12 standalone proxy-server[128787]: 172.18.0.2 172.18.0.100 10/Jun/2026/09/08/12 GET /v1/AUTH_cb9833fe5ea641649cb26bc687a9c748/gnocchi.2296986e-23d8-4e42-93ae-af1c777e2a2c/none_v3 HTTP/1.0 404 - python-swiftclient-3.11.1 gAAAAABqKSk5vUXe... - 70 - tx4cb2760dda1b472886fb6-006a29297c - 0.0170 - - 1781082492.633960247 1781082492.650955200 0
Jun 10 09:08:12 standalone account-server[126824]: 172.20.0.100 - - [10/Jun/2026:09:08:12 +0000] "PUT /d1/374/AUTH_cb9833fe5ea641649cb26bc687a9c748/gnocchi.2296986e-23d8-4e42-93ae-af1c777e2a2c" 201 - "PUT http://172.20.0.100:6001/d1/826/AUTH_cb9833fe5ea641649cb26bc687a9c748/gnocchi.2296986e-23d8-4e42-93ae-af1c777e2a2c" "txd18fc0f020ad42cb90ad9-006a29297c" "container-server 23" 0.0076 "-" 22 0
Jun 10 09:08:12 standalone container-server[126773]: 172.20.0.100 - - [10/Jun/2026:09:08:12 +0000] "PUT /d1/826/AUTH_cb9833fe5ea641649cb26bc687a9c748/gnocchi.2296986e-23d8-4e42-93ae-af1c777e2a2c" 201 - "PUT http://172.18.0.2:8080/v1/AUTH_cb9833fe5ea641649cb26bc687a9c748/gnocchi.2296986e-23d8-4e42-93ae-af1c777e2a2c" "txd18fc0f020ad42cb90ad9-006a29297c" "proxy-server 12" 0.0258 "-" 23 0
Jun 10 09:08:12 standalone proxy-server[128787]: 172.18.0.2 172.18.0.100 10/Jun/2026/09/08/12 PUT /v1/AUTH_cb9833fe5ea641649cb26bc687a9c748/gnocchi.2296986e-23d8-4e42-93ae-af1c777e2a2c HTTP/1.0 201 - python-swiftclient-3.11.1 gAAAAABqKSk5vUXe... - - - txd18fc0f020ad42cb90ad9-006a29297c - 0.0328 - - 1781082492.658106327 1781082492.690869570 0
Jun 10 09:08:12 standalone container-server[126740]: 172.20.0.100 - - [10/Jun/2026:09:08:12 +0000] "HEAD /d1/826/AUTH_cb9833fe5ea641649cb26bc687a9c748/gnocchi.2296986e-23d8-4e42-93ae-af1c777e2a2c" 204 - "HEAD http://172.18.0.2:8080/v1/AUTH_cb9833fe5ea641649cb26bc687a9c748/gnocchi.2296986e-23d8-4e42-93ae-af1c777e2a2c?format=json&states=listing" "tx41ab9a76285542d8b3dc3-006a29297c" "proxy-server 12" 0.0031 "-" 20 0
Jun 10 09:08:12 standalone proxy-server[128787]: - - 10/Jun/2026/09/08/12 HEAD /v1/AUTH_cb9833fe5ea641649cb26bc687a9c748/gnocchi.2296986e-23d8-4e42-93ae-af1c777e2a2c%3Fformat%3Djson%26states%3Dlisting HTTP/1.0 204 - Swift - - - - tx41ab9a76285542d8b3dc3-006a29297c - 0.0085 RL - 1781082492.696404219 1781082492.704946518 0
Jun 10 09:08:12 standalone container-server[126740]: 172.20.0.100 - - [10/Jun/2026:09:08:12 +0000] "GET /d1/826/AUTH_cb9833fe5ea641649cb26bc687a9c748/gnocchi.2296986e-23d8-4e42-93ae-af1c777e2a2c" 200 2 "GET http://172.18.0.2:8080/v1/AUTH_cb9833fe5ea641649cb26bc687a9c748/gnocchi.2296986e-23d8-4e42-93ae-af1c777e2a2c?format=json&states=listing" "tx41ab9a76285542d8b3dc3-006a29297c" "proxy-server 12" 0.0053 "-" 20 0
Jun 10 09:08:12 standalone proxy-server[128787]: 172.18.0.2 172.18.0.100 10/Jun/2026/09/08/12 GET /v1/AUTH_cb9833fe5ea641649cb26bc687a9c748/gnocchi.2296986e-23d8-4e42-93ae-af1c777e2a2c%3Fformat%3Djson%26states%3Dlisting HTTP/1.0 200 - python-swiftclient-3.11.1 gAAAAABqKSk5vUXe... - 2 - tx41ab9a76285542d8b3dc3-006a29297c - 0.0252 - - 1781082492.695326090 1781082492.720563173 0
Jun 10 09:08:12 standalone object-server[126979]: 172.20.0.100 - - [10/Jun/2026:09:08:12 +0000] "GET /d1/996/AUTH_cb9833fe5ea641649cb26bc687a9c748/gnocchi.2296986e-23d8-4e42-93ae-af1c777e2a2c/1780920000.0_mean_300.0_v3" 404 70 "GET http://172.18.0.2:8080/v1/AUTH_cb9833fe5ea641649cb26bc687a9c748/gnocchi.2296986e-23d8-4e42-93ae-af1c777e2a2c/1780920000.0_mean_300.0_v3" "txea3e718527934724a99e0-006a29297c" "proxy-server 12" 0.0005 "-" 22 0
Jun 10 09:08:12 standalone proxy-server[128787]: 172.18.0.2 172.18.0.100 10/Jun/2026/09/08/12 GET /v1/AUTH_cb9833fe5ea641649cb26bc687a9c748/gnocchi.2296986e-23d8-4e42-93ae-af1c777e2a2c/1780920000.0_mean_300.0_v3 HTTP/1.0 404 - python-swiftclient-3.11.1 gAAAAABqKSk5vUXe... - 70 - txea3e718527934724a99e0-006a29297c - 0.0085 - - 1781082492.725646257 1781082492.734120131 0
Jun 10 09:08:12 standalone container-server[126740]: 172.20.0.100 - - [10/Jun/2026:09:08:12 +0000] "PUT /d1/826/AUTH_cb9833fe5ea641649cb26bc687a9c748/gnocchi.2296986e-23d8-4e42-93ae-af1c777e2a2c/1780920000.0_mean_300.0_v3" 201 - "PUT http://172.18.0.2:8080/d1/996/AUTH_cb9833fe5ea641649cb26bc687a9c748/gnocchi.2296986e-23d8-4e42-93ae-af1c777e2a2c/1780920000.0_mean_300.0_v3" "txf9d6b66a5d254f7fae931-006a29297c" "object-server 23" 0.0014 "-" 20 0
Jun 10 09:08:12 standalone object-server[126981]: 172.20.0.100 - - [10/Jun/2026:09:08:12 +0000] "PUT /d1/996/AUTH_cb9833fe5ea641649cb26bc687a9c748/gnocchi.2296986e-23d8-4e42-93ae-af1c777e2a2c/1780920000.0_mean_300.0_v3" 201 - "PUT http://172.18.0.2:8080/v1/AUTH_cb9833fe5ea641649cb26bc687a9c748/gnocchi.2296986e-23d8-4e42-93ae-af1c777e2a2c/1780920000.0_mean_300.0_v3" "txf9d6b66a5d254f7fae931-006a29297c" "proxy-server 12" 0.0382 "-" 23 0
Jun 10 09:08:12 standalone proxy-server[128787]: 172.18.0.2 172.18.0.100 10/Jun/2026/09/08/12 PUT /v1/AUTH_cb9833fe5ea641649cb26bc687a9c748/gnocchi.2296986e-23d8-4e42-93ae-af1c777e2a2c/1780920000.0_mean_300.0_v3 HTTP/1.0 201 - python-swiftclient-3.11.1 gAAAAABqKSk5vUXe... 16 - - txf9d6b66a5d254f7fae931-006a29297c - 0.0491 - - 1781082492.737810135 1781082492.786889315 0
Jun 10 09:08:12 standalone container-server[126738]: 172.20.0.100 - - [10/Jun/2026:09:08:12 +0000] "PUT /d1/826/AUTH_cb9833fe5ea641649cb26bc687a9c748/gnocchi.2296986e-23d8-4e42-93ae-af1c777e2a2c/none_v3" 201 - "PUT http://172.18.0.2:8080/d1/975/AUTH_cb9833fe5ea641649cb26bc687a9c748/gnocchi.2296986e-23d8-4e42-93ae-af1c777e2a2c/none_v3" "txe0057a31ea12470f9d2f2-006a29297c" "object-server 25" 0.0008 "-" 19 0
Jun 10 09:08:12 standalone object-server[127007]: 172.20.0.100 - - [10/Jun/2026:09:08:12 +0000] "PUT /d1/975/AUTH_cb9833fe5ea641649cb26bc687a9c748/gnocchi.2296986e-23d8-4e42-93ae-af1c777e2a2c/none_v3" 201 - "PUT http://172.18.0.2:8080/v1/AUTH_cb9833fe5ea641649cb26bc687a9c748/gnocchi.2296986e-23d8-4e42-93ae-af1c777e2a2c/none_v3" "txe0057a31ea12470f9d2f2-006a29297c" "proxy-server 12" 0.0233 "-" 25 0
Jun 10 09:08:12 standalone proxy-server[128787]: 172.18.0.2 172.18.0.100 10/Jun/2026/09/08/12 PUT /v1/AUTH_cb9833fe5ea641649cb26bc687a9c748/gnocchi.2296986e-23d8-4e42-93ae-af1c777e2a2c/none_v3 HTTP/1.0 201 - python-swiftclient-3.11.1 gAAAAABqKSk5vUXe... 22 - - txe0057a31ea12470f9d2f2-006a29297c - 0.0312 - - 1781082492.791049480 1781082492.822225094 0
Jun 10 09:08:12 standalone container-server[126740]: 172.20.0.100 - - [10/Jun/2026:09:08:12 +0000] "HEAD /d1/535/AUTH_cb9833fe5ea641649cb26bc687a9c748/gnocchi.c12c7ccd-4258-4239-8f69-0dab603eaaba" 404 - "HEAD http://172.18.0.2:8080/v1/AUTH_cb9833fe5ea641649cb26bc687a9c748/gnocchi.c12c7ccd-4258-4239-8f69-0dab603eaaba?format=json&states=listing" "tx23caae1f33d1413aba5dd-006a29297c" "proxy-server 12" 0.0009 "-" 20 0
Jun 10 09:08:12 standalone object-server[126990]: 172.20.0.100 - - [10/Jun/2026:09:08:12 +0000] "GET /d1/838/AUTH_cb9833fe5ea641649cb26bc687a9c748/gnocchi.c12c7ccd-4258-4239-8f69-0dab603eaaba/none_v3" 404 70 "GET http://172.18.0.2:8080/v1/AUTH_cb9833fe5ea641649cb26bc687a9c748/gnocchi.c12c7ccd-4258-4239-8f69-0dab603eaaba/none_v3" "tx23caae1f33d1413aba5dd-006a29297c" "proxy-server 12" 0.0014 "-" 24 0
Jun 10 09:08:12 standalone proxy-server[128787]: 172.18.0.2 172.18.0.100 10/Jun/2026/09/08/12 GET /v1/AUTH_cb9833fe5ea641649cb26bc687a9c748/gnocchi.c12c7ccd-4258-4239-8f69-0dab603eaaba/none_v3 HTTP/1.0 404 - python-swiftclient-3.11.1 gAAAAABqKSk5vUXe... - 70 - tx23caae1f33d1413aba5dd-006a29297c - 0.0188 - - 1781082492.834954739 1781082492.853766918 0
Jun 10 09:08:12 standalone account-server[126808]: 172.20.0.100 - - [10/Jun/2026:09:08:12 +0000] "PUT /d1/374/AUTH_cb9833fe5ea641649cb26bc687a9c748/gnocchi.c12c7ccd-4258-4239-8f69-0dab603eaaba" 201 - "PUT http://172.20.0.100:6001/d1/535/AUTH_cb9833fe5ea641649cb26bc687a9c748/gnocchi.c12c7ccd-4258-4239-8f69-0dab603eaaba" "txa565d6470abe4c5a864a1-006a29297c" "container-server 19" 0.0064 "-" 20 0
Jun 10 09:08:12 standalone container-server[126738]: 172.20.0.100 - - [10/Jun/2026:09:08:12 +0000] "PUT /d1/535/AUTH_cb9833fe5ea641649cb26bc687a9c748/gnocchi.c12c7ccd-4258-4239-8f69-0dab603eaaba" 201 - "PUT http://172.18.0.2:8080/v1/AUTH_cb9833fe5ea641649cb26bc687a9c748/gnocchi.c12c7ccd-4258-4239-8f69-0dab603eaaba" "txa565d6470abe4c5a864a1-006a29297c" "proxy-server 12" 0.0261 "-" 19 0
Jun 10 09:08:12 standalone proxy-server[128787]: 172.18.0.2 172.18.0.100 10/Jun/2026/09/08/12 PUT /v1/AUTH_cb9833fe5ea641649cb26bc687a9c748/gnocchi.c12c7ccd-4258-4239-8f69-0dab603eaaba HTTP/1.0 201 - python-swiftclient-3.11.1 gAAAAABqKSk5vUXe... - - - txa565d6470abe4c5a864a1-006a29297c - 0.0347 - - 1781082492.857707500 1781082492.892422915 0
Jun 10 09:08:12 standalone container-server[126771]: 172.20.0.100 - - [10/Jun/2026:09:08:12 +0000] "HEAD /d1/535/AUTH_cb9833fe5ea641649cb26bc687a9c748/gnocchi.c12c7ccd-4258-4239-8f69-0dab603eaaba" 204 - "HEAD http://172.18.0.2:8080/v1/AUTH_cb9833fe5ea641649cb26bc687a9c748/gnocchi.c12c7ccd-4258-4239-8f69-0dab603eaaba?format=json&states=listing" "tx3e772464ebe9412293106-006a29297c" "proxy-server 12" 0.0019 "-" 22 0
Jun 10 09:08:12 standalone proxy-server[128787]: - - 10/Jun/2026/09/08/12 HEAD /v1/AUTH_cb9833fe5ea641649cb26bc687a9c748/gnocchi.c12c7ccd-4258-4239-8f69-0dab603eaaba%3Fformat%3Djson%26states%3Dlisting HTTP/1.0 204 - Swift - - - - tx3e772464ebe9412293106-006a29297c - 0.0066 RL - 1781082492.899194002 1781082492.905754566 0
Jun 10 09:08:12 standalone container-server[126740]: 172.20.0.100 - - [10/Jun/2026:09:08:12 +0000] "GET /d1/535/AUTH_cb9833fe5ea641649cb26bc687a9c748/gnocchi.c12c7ccd-4258-4239-8f69-0dab603eaaba" 200 2 "GET http://172.18.0.2:8080/v1/AUTH_cb9833fe5ea641649cb26bc687a9c748/gnocchi.c12c7ccd-4258-4239-8f69-0dab603eaaba?format=json&states=listing" "tx3e772464ebe9412293106-006a29297c" "proxy-server 12" 0.0052 "-" 20 0
Jun 10 09:08:12 standalone proxy-server[128787]: 172.18.0.2 172.18.0.100 10/Jun/2026/09/08/12 GET /v1/AUTH_cb9833fe5ea641649cb26bc687a9c748/gnocchi.c12c7ccd-4258-4239-8f69-0dab603eaaba%3Fformat%3Djson%26states%3Dlisting HTTP/1.0 200 - python-swiftclient-3.11.1 gAAAAABqKSk5vUXe... - 2 - tx3e772464ebe9412293106-006a29297c - 0.0246 - - 1781082492.896889687 1781082492.921523809 0
Jun 10 09:08:12 standalone object-server[126990]: 172.20.0.100 - - [10/Jun/2026:09:08:12 +0000] "GET /d1/626/AUTH_cb9833fe5ea641649cb26bc687a9c748/gnocchi.c12c7ccd-4258-4239-8f69-0dab603eaaba/1780920000.0_mean_300.0_v3" 404 70 "GET http://172.18.0.2:8080/v1/AUTH_cb9833fe5ea641649cb26bc687a9c748/gnocchi.c12c7ccd-4258-4239-8f69-0dab603eaaba/1780920000.0_mean_300.0_v3" "txffa8666cf65740e6bf6bc-006a29297c" "proxy-server 12" 0.0006 "-" 24 0
Jun 10 09:08:12 standalone proxy-server[128787]: 172.18.0.2 172.18.0.100 10/Jun/2026/09/08/12 GET /v1/AUTH_cb9833fe5ea641649cb26bc687a9c748/gnocchi.c12c7ccd-4258-4239-8f69-0dab603eaaba/1780920000.0_mean_300.0_v3 HTTP/1.0 404 - python-swiftclient-3.11.1 gAAAAABqKSk5vUXe... - 70 - txffa8666cf65740e6bf6bc-006a29297c - 0.0108 - - 1781082492.926910877 1781082492.937717676 0
Jun 10 09:08:12 standalone container-server[126740]: 172.20.0.100 - - [10/Jun/2026:09:08:12 +0000] "PUT /d1/535/AUTH_cb9833fe5ea641649cb26bc687a9c748/gnocchi.c12c7ccd-4258-4239-8f69-0dab603eaaba/1780920000.0_mean_300.0_v3" 201 - "PUT http://172.18.0.2:8080/d1/626/AUTH_cb9833fe5ea641649cb26bc687a9c748/gnocchi.c12c7ccd-4258-4239-8f69-0dab603eaaba/1780920000.0_mean_300.0_v3" "tx5c350f9bea7645d1a8a50-006a29297c" "object-server 24" 0.0013 "-" 20 0
Jun 10 09:08:12 standalone object-server[126990]: 172.20.0.100 - - [10/Jun/2026:09:08:12 +0000] "PUT /d1/626/AUTH_cb9833fe5ea641649cb26bc687a9c748/gnocchi.c12c7ccd-4258-4239-8f69-0dab603eaaba/1780920000.0_mean_300.0_v3" 201 - "PUT http://172.18.0.2:8080/v1/AUTH_cb9833fe5ea641649cb26bc687a9c748/gnocchi.c12c7ccd-4258-4239-8f69-0dab603eaaba/1780920000.0_mean_300.0_v3" "tx5c350f9bea7645d1a8a50-006a29297c" "proxy-server 12" 0.0148 "-" 24 0
