Jun 10 09:08:55 standalone container-server[126738]: 172.20.0.100 - - [10/Jun/2026:09:08:55 +0000] "GET /d1/932/AUTH_cb9833fe5ea641649cb26bc687a9c748/gnocchi.6242ceee-a614-4f33-a802-f7275adb7ef1" 200 2 "GET http://172.18.0.2:8080/v1/AUTH_cb9833fe5ea641649cb26bc687a9c748/gnocchi.6242ceee-a614-4f33-a802-f7275adb7ef1?format=json&states=listing" "tx3b58bb94958d4a6f96111-006a2929a7" "proxy-server 12" 0.0022 "-" 19 0
Jun 10 09:08:55 standalone proxy-server[128787]: 172.18.0.2 172.18.0.100 10/Jun/2026/09/08/55 GET /v1/AUTH_cb9833fe5ea641649cb26bc687a9c748/gnocchi.6242ceee-a614-4f33-a802-f7275adb7ef1%3Fformat%3Djson%26states%3Dlisting HTTP/1.0 200 - python-swiftclient-3.11.1 gAAAAABqKSk5vUXe... - 2 - tx3b58bb94958d4a6f96111-006a2929a7 - 0.0182 - - 1781082535.197821617 1781082535.216014862 0
Jun 10 09:08:55 standalone object-server[126979]: 172.20.0.100 - - [10/Jun/2026:09:08:55 +0000] "GET /d1/922/AUTH_cb9833fe5ea641649cb26bc687a9c748/gnocchi.6242ceee-a614-4f33-a802-f7275adb7ef1/1780920000.0_mean_300.0_v3" 404 70 "GET http://172.18.0.2:8080/v1/AUTH_cb9833fe5ea641649cb26bc687a9c748/gnocchi.6242ceee-a614-4f33-a802-f7275adb7ef1/1780920000.0_mean_300.0_v3" "txc61801b6ef2d40e4b16c7-006a2929a7" "proxy-server 12" 0.0003 "-" 22 0
Jun 10 09:08:55 standalone proxy-server[128787]: 172.18.0.2 172.18.0.100 10/Jun/2026/09/08/55 GET /v1/AUTH_cb9833fe5ea641649cb26bc687a9c748/gnocchi.6242ceee-a614-4f33-a802-f7275adb7ef1/1780920000.0_mean_300.0_v3 HTTP/1.0 404 - python-swiftclient-3.11.1 gAAAAABqKSk5vUXe... - 70 - txc61801b6ef2d40e4b16c7-006a2929a7 - 0.0067 - - 1781082535.220760822 1781082535.227449417 0
Jun 10 09:08:55 standalone container-server[126773]: 172.20.0.100 - - [10/Jun/2026:09:08:55 +0000] "PUT /d1/932/AUTH_cb9833fe5ea641649cb26bc687a9c748/gnocchi.6242ceee-a614-4f33-a802-f7275adb7ef1/1780920000.0_mean_300.0_v3" 201 - "PUT http://172.18.0.2:8080/d1/922/AUTH_cb9833fe5ea641649cb26bc687a9c748/gnocchi.6242ceee-a614-4f33-a802-f7275adb7ef1/1780920000.0_mean_300.0_v3" "txeee898f9d86641849c3e9-006a2929a7" "object-server 23" 0.0007 "-" 23 0
Jun 10 09:08:55 standalone object-server[126981]: 172.20.0.100 - - [10/Jun/2026:09:08:55 +0000] "PUT /d1/922/AUTH_cb9833fe5ea641649cb26bc687a9c748/gnocchi.6242ceee-a614-4f33-a802-f7275adb7ef1/1780920000.0_mean_300.0_v3" 201 - "PUT http://172.18.0.2:8080/v1/AUTH_cb9833fe5ea641649cb26bc687a9c748/gnocchi.6242ceee-a614-4f33-a802-f7275adb7ef1/1780920000.0_mean_300.0_v3" "txeee898f9d86641849c3e9-006a2929a7" "proxy-server 12" 0.0115 "-" 23 0
Jun 10 09:08:55 standalone proxy-server[128787]: 172.18.0.2 172.18.0.100 10/Jun/2026/09/08/55 PUT /v1/AUTH_cb9833fe5ea641649cb26bc687a9c748/gnocchi.6242ceee-a614-4f33-a802-f7275adb7ef1/1780920000.0_mean_300.0_v3 HTTP/1.0 201 - python-swiftclient-3.11.1 gAAAAABqKSk5vUXe... 16 - - txeee898f9d86641849c3e9-006a2929a7 - 0.0239 - - 1781082535.233473301 1781082535.257340908 0
Jun 10 09:08:55 standalone container-server[126738]: 172.20.0.100 - - [10/Jun/2026:09:08:55 +0000] "PUT /d1/932/AUTH_cb9833fe5ea641649cb26bc687a9c748/gnocchi.6242ceee-a614-4f33-a802-f7275adb7ef1/none_v3" 201 - "PUT http://172.18.0.2:8080/d1/544/AUTH_cb9833fe5ea641649cb26bc687a9c748/gnocchi.6242ceee-a614-4f33-a802-f7275adb7ef1/none_v3" "tx06fb461feaa94fb5b78d3-006a2929a7" "object-server 24" 0.0004 "-" 19 0
Jun 10 09:08:55 standalone object-server[126990]: 172.20.0.100 - - [10/Jun/2026:09:08:55 +0000] "PUT /d1/544/AUTH_cb9833fe5ea641649cb26bc687a9c748/gnocchi.6242ceee-a614-4f33-a802-f7275adb7ef1/none_v3" 201 - "PUT http://172.18.0.2:8080/v1/AUTH_cb9833fe5ea641649cb26bc687a9c748/gnocchi.6242ceee-a614-4f33-a802-f7275adb7ef1/none_v3" "tx06fb461feaa94fb5b78d3-006a2929a7" "proxy-server 12" 0.0086 "-" 24 0
Jun 10 09:08:55 standalone proxy-server[128787]: 172.18.0.2 172.18.0.100 10/Jun/2026/09/08/55 PUT /v1/AUTH_cb9833fe5ea641649cb26bc687a9c748/gnocchi.6242ceee-a614-4f33-a802-f7275adb7ef1/none_v3 HTTP/1.0 201 - python-swiftclient-3.11.1 gAAAAABqKSk5vUXe... 22 - - tx06fb461feaa94fb5b78d3-006a2929a7 - 0.0132 - - 1781082535.260775566 1781082535.273951769 0
Jun 10 09:08:56 standalone object-server[126990]: 172.20.0.100 - - [10/Jun/2026:09:08:56 +0000] "GET /d1/544/AUTH_cb9833fe5ea641649cb26bc687a9c748/gnocchi.6242ceee-a614-4f33-a802-f7275adb7ef1/none_v3" 200 22 "GET http://172.18.0.2:8080/v1/AUTH_cb9833fe5ea641649cb26bc687a9c748/gnocchi.6242ceee-a614-4f33-a802-f7275adb7ef1/none_v3" "tx2f254cff31994f45bcb3c-006a2929a8" "proxy-server 12" 0.0022 "-" 24 0
Jun 10 09:08:56 standalone proxy-server[128787]: 172.18.0.2 172.18.0.100 10/Jun/2026/09/08/56 GET /v1/AUTH_cb9833fe5ea641649cb26bc687a9c748/gnocchi.6242ceee-a614-4f33-a802-f7275adb7ef1/none_v3 HTTP/1.0 200 - python-swiftclient-3.11.1 gAAAAABqKSk5vUXe... - 22 - tx2f254cff31994f45bcb3c-006a2929a8 - 0.0129 - - 1781082536.259959221 1781082536.272818804 0
Jun 10 09:08:56 standalone container-server[126740]: 172.20.0.100 - - [10/Jun/2026:09:08:56 +0000] "GET /d1/932/AUTH_cb9833fe5ea641649cb26bc687a9c748/gnocchi.6242ceee-a614-4f33-a802-f7275adb7ef1" 200 357 "GET http://172.18.0.2:8080/v1/AUTH_cb9833fe5ea641649cb26bc687a9c748/gnocchi.6242ceee-a614-4f33-a802-f7275adb7ef1?format=json&states=listing" "tx691be06c23224a10a2332-006a2929a8" "proxy-server 12" 0.0327 "-" 20 0
Jun 10 09:08:56 standalone proxy-server[128787]: 172.18.0.2 172.18.0.100 10/Jun/2026/09/08/56 GET /v1/AUTH_cb9833fe5ea641649cb26bc687a9c748/gnocchi.6242ceee-a614-4f33-a802-f7275adb7ef1%3Fformat%3Djson%26states%3Dlisting HTTP/1.0 200 - python-swiftclient-3.11.1 gAAAAABqKSk5vUXe... - 357 - tx691be06c23224a10a2332-006a2929a8 - 0.0490 - - 1781082536.278158903 1781082536.327135324 0
Jun 10 09:08:56 standalone container-server[126771]: 172.20.0.100 - - [10/Jun/2026:09:08:56 +0000] "GET /d1/932/AUTH_cb9833fe5ea641649cb26bc687a9c748/gnocchi.6242ceee-a614-4f33-a802-f7275adb7ef1" 200 2 "GET http://172.18.0.2:8080/v1/AUTH_cb9833fe5ea641649cb26bc687a9c748/gnocchi.6242ceee-a614-4f33-a802-f7275adb7ef1?format=json&marker=none_v3&states=listing" "txc128676723d5403196518-006a2929a8" "proxy-server 12" 0.0026 "-" 22 0
Jun 10 09:08:56 standalone proxy-server[128787]: 172.18.0.2 172.18.0.100 10/Jun/2026/09/08/56 GET /v1/AUTH_cb9833fe5ea641649cb26bc687a9c748/gnocchi.6242ceee-a614-4f33-a802-f7275adb7ef1%3Fformat%3Djson%26marker%3Dnone_v3%26states%3Dlisting HTTP/1.0 200 - python-swiftclient-3.11.1 gAAAAABqKSk5vUXe... - 2 - txc128676723d5403196518-006a2929a8 - 0.0091 - - 1781082536.332103729 1781082536.341157436 0
Jun 10 09:08:56 standalone object-server[126979]: 172.20.0.100 - - [10/Jun/2026:09:08:56 +0000] "GET /d1/922/AUTH_cb9833fe5ea641649cb26bc687a9c748/gnocchi.6242ceee-a614-4f33-a802-f7275adb7ef1/1780920000.0_mean_300.0_v3" 200 16 "GET http://172.18.0.2:8080/v1/AUTH_cb9833fe5ea641649cb26bc687a9c748/gnocchi.6242ceee-a614-4f33-a802-f7275adb7ef1/1780920000.0_mean_300.0_v3" "txb5b4cd36562b41f799d00-006a2929a8" "proxy-server 12" 0.0010 "-" 22 0
Jun 10 09:08:56 standalone proxy-server[128787]: 172.18.0.2 172.18.0.100 10/Jun/2026/09/08/56 GET /v1/AUTH_cb9833fe5ea641649cb26bc687a9c748/gnocchi.6242ceee-a614-4f33-a802-f7275adb7ef1/1780920000.0_mean_300.0_v3 HTTP/1.0 200 - python-swiftclient-3.11.1 gAAAAABqKSk5vUXe... - 16 - txb5b4cd36562b41f799d00-006a2929a8 - 0.0080 - - 1781082536.345920324 1781082536.353968382 0
Jun 10 09:08:56 standalone container-server[126773]: 172.20.0.100 - - [10/Jun/2026:09:08:56 +0000] "PUT /d1/932/AUTH_cb9833fe5ea641649cb26bc687a9c748/gnocchi.6242ceee-a614-4f33-a802-f7275adb7ef1/1780920000.0_mean_300.0_v3" 201 - "PUT http://172.18.0.2:8080/d1/922/AUTH_cb9833fe5ea641649cb26bc687a9c748/gnocchi.6242ceee-a614-4f33-a802-f7275adb7ef1/1780920000.0_mean_300.0_v3" "tx332e8a5a6e7c4839b2314-006a2929a8" "object-server 24" 0.0006 "-" 23 0
Jun 10 09:08:56 standalone object-server[126990]: 172.20.0.100 - - [10/Jun/2026:09:08:56 +0000] "PUT /d1/922/AUTH_cb9833fe5ea641649cb26bc687a9c748/gnocchi.6242ceee-a614-4f33-a802-f7275adb7ef1/1780920000.0_mean_300.0_v3" 201 - "PUT http://172.18.0.2:8080/v1/AUTH_cb9833fe5ea641649cb26bc687a9c748/gnocchi.6242ceee-a614-4f33-a802-f7275adb7ef1/1780920000.0_mean_300.0_v3" "tx332e8a5a6e7c4839b2314-006a2929a8" "proxy-server 12" 0.0101 "-" 24 0
Jun 10 09:08:56 standalone proxy-server[128787]: 172.18.0.2 172.18.0.100 10/Jun/2026/09/08/56 PUT /v1/AUTH_cb9833fe5ea641649cb26bc687a9c748/gnocchi.6242ceee-a614-4f33-a802-f7275adb7ef1/1780920000.0_mean_300.0_v3 HTTP/1.0 201 - python-swiftclient-3.11.1 gAAAAABqKSk5vUXe... 16 - - tx332e8a5a6e7c4839b2314-006a2929a8 - 0.0192 - - 1781082536.357777119 1781082536.377017975 0
Jun 10 09:08:56 standalone container-server[126773]: 172.20.0.100 - - [10/Jun/2026:09:08:56 +0000] "PUT /d1/932/AUTH_cb9833fe5ea641649cb26bc687a9c748/gnocchi.6242ceee-a614-4f33-a802-f7275adb7ef1/none_v3" 201 - "PUT http://172.18.0.2:8080/d1/544/AUTH_cb9833fe5ea641649cb26bc687a9c748/gnocchi.6242ceee-a614-4f33-a802-f7275adb7ef1/none_v3" "tx08a80d24153d421aa0ec0-006a2929a8" "object-server 23" 0.0006 "-" 23 0
Jun 10 09:08:56 standalone object-server[126981]: 172.20.0.100 - - [10/Jun/2026:09:08:56 +0000] "PUT /d1/544/AUTH_cb9833fe5ea641649cb26bc687a9c748/gnocchi.6242ceee-a614-4f33-a802-f7275adb7ef1/none_v3" 201 - "PUT http://172.18.0.2:8080/v1/AUTH_cb9833fe5ea641649cb26bc687a9c748/gnocchi.6242ceee-a614-4f33-a802-f7275adb7ef1/none_v3" "tx08a80d24153d421aa0ec0-006a2929a8" "proxy-server 12" 0.0098 "-" 23 0
Jun 10 09:08:56 standalone proxy-server[128787]: 172.18.0.2 172.18.0.100 10/Jun/2026/09/08/56 PUT /v1/AUTH_cb9833fe5ea641649cb26bc687a9c748/gnocchi.6242ceee-a614-4f33-a802-f7275adb7ef1/none_v3 HTTP/1.0 201 - python-swiftclient-3.11.1 gAAAAABqKSk5vUXe... 31 - - tx08a80d24153d421aa0ec0-006a2929a8 - 0.0153 - - 1781082536.380672216 1781082536.396015882 0
Jun 10 09:09:04 standalone object-server[126979]: 172.20.0.100 - - [10/Jun/2026:09:09:04 +0000] "GET /d1/1/AUTH_cb9833fe5ea641649cb26bc687a9c748/gnocchi.078ffc10-89a3-432e-93c1-6ac584dcb57b/none_v3" 200 31 "GET http://172.18.0.2:8080/v1/AUTH_cb9833fe5ea641649cb26bc687a9c748/gnocchi.078ffc10-89a3-432e-93c1-6ac584dcb57b/none_v3" "tx2d4b3edf167d4114832cf-006a2929b0" "proxy-server 12" 0.0014 "-" 22 0
Jun 10 09:09:04 standalone proxy-server[128787]: 172.18.0.2 172.18.0.100 10/Jun/2026/09/09/04 GET /v1/AUTH_cb9833fe5ea641649cb26bc687a9c748/gnocchi.078ffc10-89a3-432e-93c1-6ac584dcb57b/none_v3 HTTP/1.0 200 - python-swiftclient-3.11.1 gAAAAABqKSk5vUXe... - 31 - tx2d4b3edf167d4114832cf-006a2929b0 - 0.0114 - - 1781082544.718884706 1781082544.730265856 0
Jun 10 09:09:04 standalone container-server[126771]: 172.20.0.100 - - [10/Jun/2026:09:09:04 +0000] "GET /d1/76/AUTH_cb9833fe5ea641649cb26bc687a9c748/gnocchi.078ffc10-89a3-432e-93c1-6ac584dcb57b" 200 357 "GET http://172.18.0.2:8080/v1/AUTH_cb9833fe5ea641649cb26bc687a9c748/gnocchi.078ffc10-89a3-432e-93c1-6ac584dcb57b?format=json&states=listing" "txa09e2cd0eab142b9ab4d4-006a2929b0" "proxy-server 12" 0.0099 "-" 22 0
Jun 10 09:09:04 standalone proxy-server[128787]: 172.18.0.2 172.18.0.100 10/Jun/2026/09/09/04 GET /v1/AUTH_cb9833fe5ea641649cb26bc687a9c748/gnocchi.078ffc10-89a3-432e-93c1-6ac584dcb57b%3Fformat%3Djson%26states%3Dlisting HTTP/1.0 200 - python-swiftclient-3.11.1 gAAAAABqKSk5vUXe... - 357 - txa09e2cd0eab142b9ab4d4-006a2929b0 - 0.0200 - - 1781082544.735418558 1781082544.755369902 0
Jun 10 09:09:04 standalone container-server[126738]: 172.20.0.100 - - [10/Jun/2026:09:09:04 +0000] "GET /d1/76/AUTH_cb9833fe5ea641649cb26bc687a9c748/gnocchi.078ffc10-89a3-432e-93c1-6ac584dcb57b" 200 2 "GET http://172.18.0.2:8080/v1/AUTH_cb9833fe5ea641649cb26bc687a9c748/gnocchi.078ffc10-89a3-432e-93c1-6ac584dcb57b?format=json&marker=none_v3&states=listing" "tx6bf9e85d4c4f41dc92dc4-006a2929b0" "proxy-server 12" 0.0036 "-" 19 0
Jun 10 09:09:04 standalone proxy-server[128787]: 172.18.0.2 172.18.0.100 10/Jun/2026/09/09/04 GET /v1/AUTH_cb9833fe5ea641649cb26bc687a9c748/gnocchi.078ffc10-89a3-432e-93c1-6ac584dcb57b%3Fformat%3Djson%26marker%3Dnone_v3%26states%3Dlisting HTTP/1.0 200 - python-swiftclient-3.11.1 gAAAAABqKSk5vUXe... - 2 - tx6bf9e85d4c4f41dc92dc4-006a2929b0 - 0.0129 - - 1781082544.759361267 1781082544.772251844 0
Jun 10 09:09:04 standalone object-server[127007]: 172.20.0.100 - - [10/Jun/2026:09:09:04 +0000] "GET /d1/122/AUTH_cb9833fe5ea641649cb26bc687a9c748/gnocchi.078ffc10-89a3-432e-93c1-6ac584dcb57b/1780920000.0_mean_300.0_v3" 200 16 "GET http://172.18.0.2:8080/v1/AUTH_cb9833fe5ea641649cb26bc687a9c748/gnocchi.078ffc10-89a3-432e-93c1-6ac584dcb57b/1780920000.0_mean_300.0_v3" "txe71114dee5724bf39397c-006a2929b0" "proxy-server 12" 0.0011 "-" 25 0
Jun 10 09:09:04 standalone proxy-server[128787]: 172.18.0.2 172.18.0.100 10/Jun/2026/09/09/04 GET /v1/AUTH_cb9833fe5ea641649cb26bc687a9c748/gnocchi.078ffc10-89a3-432e-93c1-6ac584dcb57b/1780920000.0_mean_300.0_v3 HTTP/1.0 200 - python-swiftclient-3.11.1 gAAAAABqKSk5vUXe... - 16 - txe71114dee5724bf39397c-006a2929b0 - 0.0097 - - 1781082544.778651237 1781082544.788401127 0
Jun 10 09:09:04 standalone container-server[126771]: 172.20.0.100 - - [10/Jun/2026:09:09:04 +0000] "PUT /d1/76/AUTH_cb9833fe5ea641649cb26bc687a9c748/gnocchi.078ffc10-89a3-432e-93c1-6ac584dcb57b/1780920000.0_mean_300.0_v3" 201 - "PUT http://172.18.0.2:8080/d1/122/AUTH_cb9833fe5ea641649cb26bc687a9c748/gnocchi.078ffc10-89a3-432e-93c1-6ac584dcb57b/1780920000.0_mean_300.0_v3" "tx9e903e241df6424fa7d11-006a2929b0" "object-server 23" 0.0008 "-" 22 0
Jun 10 09:09:04 standalone object-server[126981]: 172.20.0.100 - - [10/Jun/2026:09:09:04 +0000] "PUT /d1/122/AUTH_cb9833fe5ea641649cb26bc687a9c748/gnocchi.078ffc10-89a3-432e-93c1-6ac584dcb57b/1780920000.0_mean_300.0_v3" 201 - "PUT http://172.18.0.2:8080/v1/AUTH_cb9833fe5ea641649cb26bc687a9c748/gnocchi.078ffc10-89a3-432e-93c1-6ac584dcb57b/1780920000.0_mean_300.0_v3" "tx9e903e241df6424fa7d11-006a2929b0" "proxy-server 12" 0.0100 "-" 23 0
Jun 10 09:09:04 standalone proxy-server[128787]: 172.18.0.2 172.18.0.100 10/Jun/2026/09/09/04 PUT /v1/AUTH_cb9833fe5ea641649cb26bc687a9c748/gnocchi.078ffc10-89a3-432e-93c1-6ac584dcb57b/1780920000.0_mean_300.0_v3 HTTP/1.0 201 - python-swiftclient-3.11.1 gAAAAABqKSk5vUXe... 16 - - tx9e903e241df6424fa7d11-006a2929b0 - 0.0167 - - 1781082544.795633554 1781082544.812320232 0
Jun 10 09:09:04 standalone container-server[126773]: 172.20.0.100 - - [10/Jun/2026:09:09:04 +0000] "PUT /d1/76/AUTH_cb9833fe5ea641649cb26bc687a9c748/gnocchi.078ffc10-89a3-432e-93c1-6ac584dcb57b/none_v3" 201 - "PUT http://172.18.0.2:8080/d1/1/AUTH_cb9833fe5ea641649cb26bc687a9c748/gnocchi.078ffc10-89a3-432e-93c1-6ac584dcb57b/none_v3" "tx6bc2d5ff25eb4416a8515-006a2929b0" "object-server 23" 0.0007 "-" 23 0
Jun 10 09:09:04 standalone object-server[126981]: 172.20.0.100 - - [10/Jun/2026:09:09:04 +0000] "PUT /d1/1/AUTH_cb9833fe5ea641649cb26bc687a9c748/gnocchi.078ffc10-89a3-432e-93c1-6ac584dcb57b/none_v3" 201 - "PUT http://172.18.0.2:8080/v1/AUTH_cb9833fe5ea641649cb26bc687a9c748/gnocchi.078ffc10-89a3-432e-93c1-6ac584dcb57b/none_v3" "tx6bc2d5ff25eb4416a8515-006a2929b0" "proxy-server 12" 0.0165 "-" 23 0
Jun 10 09:09:04 standalone proxy-server[128787]: 172.18.0.2 172.18.0.100 10/Jun/2026/09/09/04 PUT /v1/AUTH_cb9833fe5ea641649cb26bc687a9c748/gnocchi.078ffc10-89a3-432e-93c1-6ac584dcb57b/none_v3 HTTP/1.0 201 - python-swiftclient-3.11.1 gAAAAABqKSk5vUXe... 46 - - tx6bc2d5ff25eb4416a8515-006a2929b0 - 0.0239 - - 1781082544.816998243 1781082544.840903759 0
Jun 10 09:09:05 standalone object-server[126979]: 172.20.0.100 - - [10/Jun/2026:09:09:05 +0000] "GET /d1/1/AUTH_cb9833fe5ea641649cb26bc687a9c748/gnocchi.078ffc10-89a3-432e-93c1-6ac584dcb57b/none_v3" 200 46 "GET http://172.18.0.2:8080/v1/AUTH_cb9833fe5ea641649cb26bc687a9c748/gnocchi.078ffc10-89a3-432e-93c1-6ac584dcb57b/none_v3" "tx5f88ec78e35c4267af02c-006a2929b1" "proxy-server 12" 0.0009 "-" 22 0
Jun 10 09:09:05 standalone proxy-server[128787]: 172.18.0.2 172.18.0.100 10/Jun/2026/09/09/05 GET /v1/AUTH_cb9833fe5ea641649cb26bc687a9c748/gnocchi.078ffc10-89a3-432e-93c1-6ac584dcb57b/none_v3 HTTP/1.0 200 - python-swiftclient-3.11.1 gAAAAABqKSk5vUXe... - 46 - tx5f88ec78e35c4267af02c-006a2929b1 - 0.0076 - - 1781082545.592398405 1781082545.600038767 0
Jun 10 09:09:05 standalone container-server[126771]: 172.20.0.100 - - [10/Jun/2026:09:09:05 +0000] "GET /d1/76/AUTH_cb9833fe5ea641649cb26bc687a9c748/gnocchi.078ffc10-89a3-432e-93c1-6ac584dcb57b" 200 357 "GET http://172.18.0.2:8080/v1/AUTH_cb9833fe5ea641649cb26bc687a9c748/gnocchi.078ffc10-89a3-432e-93c1-6ac584dcb57b?format=json&states=listing" "tx7e67f12c872149fdbada6-006a2929b1" "proxy-server 12" 0.0076 "-" 22 0
Jun 10 09:09:05 standalone proxy-server[128787]: 172.18.0.2 172.18.0.100 10/Jun/2026/09/09/05 GET /v1/AUTH_cb9833fe5ea641649cb26bc687a9c748/gnocchi.078ffc10-89a3-432e-93c1-6ac584dcb57b%3Fformat%3Djson%26states%3Dlisting HTTP/1.0 200 - python-swiftclient-3.11.1 gAAAAABqKSk5vUXe... - 357 - tx7e67f12c872149fdbada6-006a2929b1 - 0.0156 - - 1781082545.603796721 1781082545.619438648 0
Jun 10 09:09:05 standalone container-server[126771]: 172.20.0.100 - - [10/Jun/2026:09:09:05 +0000] "GET /d1/76/AUTH_cb9833fe5ea641649cb26bc687a9c748/gnocchi.078ffc10-89a3-432e-93c1-6ac584dcb57b" 200 2 "GET http://172.18.0.2:8080/v1/AUTH_cb9833fe5ea641649cb26bc687a9c748/gnocchi.078ffc10-89a3-432e-93c1-6ac584dcb57b?format=json&marker=none_v3&states=listing" "txeee792c4fbde4388bfca0-006a2929b1" "proxy-server 12" 0.0026 "-" 22 0
Jun 10 09:09:05 standalone proxy-server[128787]: 172.18.0.2 172.18.0.100 10/Jun/2026/09/09/05 GET /v1/AUTH_cb9833fe5ea641649cb26bc687a9c748/gnocchi.078ffc10-89a3-432e-93c1-6ac584dcb57b%3Fformat%3Djson%26marker%3Dnone_v3%26states%3Dlisting HTTP/1.0 200 - python-swiftclient-3.11.1 gAAAAABqKSk5vUXe... - 2 - txeee792c4fbde4388bfca0-006a2929b1 - 0.0125 - - 1781082545.625013590 1781082545.637524128 0
Jun 10 09:09:05 standalone account-server[126808]: 172.20.0.100 - - [10/Jun/2026:09:09:05 +0000] "HEAD /d1/374/AUTH_cb9833fe5ea641649cb26bc687a9c748" 204 - "HEAD http://172.18.0.2:8080/v1/AUTH_cb9833fe5ea641649cb26bc687a9c748?format=json" "tx289dc51f63054cfca067c-006a2929b1" "proxy-server 12" 0.0070 "-" 20 -
Jun 10 09:09:05 standalone proxy-server[128787]: - - 10/Jun/2026/09/09/05 HEAD /v1/AUTH_cb9833fe5ea641649cb26bc687a9c748%3Fformat%3Djson HTTP/1.0 204 - Swift - - - - tx289dc51f63054cfca067c-006a2929b1 - 0.0134 RL - 1781082545.642088890 1781082545.655537605 -
Jun 10 09:09:05 standalone object-server[127007]: 172.20.0.100 - - [10/Jun/2026:09:09:05 +0000] "GET /d1/122/AUTH_cb9833fe5ea641649cb26bc687a9c748/gnocchi.078ffc10-89a3-432e-93c1-6ac584dcb57b/1780920000.0_mean_300.0_v3" 200 16 "GET http://172.18.0.2:8080/v1/AUTH_cb9833fe5ea641649cb26bc687a9c748/gnocchi.078ffc10-89a3-432e-93c1-6ac584dcb57b/1780920000.0_mean_300.0_v3" "tx289dc51f63054cfca067c-006a2929b1" "proxy-server 12" 0.0008 "-" 25 0
Jun 10 09:09:05 standalone proxy-server[128787]: 172.18.0.2 172.18.0.100 10/Jun/2026/09/09/05 GET /v1/AUTH_cb9833fe5ea641649cb26bc687a9c748/gnocchi.078ffc10-89a3-432e-93c1-6ac584dcb57b/1780920000.0_mean_300.0_v3 HTTP/1.0 200 - python-swiftclient-3.11.1 gAAAAABqKSk5vUXe... - 16 - tx289dc51f63054cfca067c-006a2929b1 - 0.0249 - - 1781082545.641110182 1781082545.665987730 0
Jun 10 09:09:05 standalone container-server[126771]: 172.20.0.100 - - [10/Jun/2026:09:09:05 +0000] "PUT /d1/76/AUTH_cb9833fe5ea641649cb26bc687a9c748/gnocchi.078ffc10-89a3-432e-93c1-6ac584dcb57b/1780920000.0_mean_300.0_v3" 201 - "PUT http://172.18.0.2:8080/d1/122/AUTH_cb9833fe5ea641649cb26bc687a9c748/gnocchi.078ffc10-89a3-432e-93c1-6ac584dcb57b/1780920000.0_mean_300.0_v3" "txeaf715a2d56846b8bf8eb-006a2929b1" "object-server 23" 0.0007 "-" 22 0
Jun 10 09:09:05 standalone object-server[126981]: 172.20.0.100 - - [10/Jun/2026:09:09:05 +0000] "PUT /d1/122/AUTH_cb9833fe5ea641649cb26bc687a9c748/gnocchi.078ffc10-89a3-432e-93c1-6ac584dcb57b/1780920000.0_mean_300.0_v3" 201 - "PUT http://172.18.0.2:8080/v1/AUTH_cb9833fe5ea641649cb26bc687a9c748/gnocchi.078ffc10-89a3-432e-93c1-6ac584dcb57b/1780920000.0_mean_300.0_v3" "txeaf715a2d56846b8bf8eb-006a2929b1" "proxy-server 12" 0.0106 "-" 23 0
Jun 10 09:09:05 standalone proxy-server[128787]: 172.18.0.2 172.18.0.100 10/Jun/2026/09/09/05 PUT /v1/AUTH_cb9833fe5ea641649cb26bc687a9c748/gnocchi.078ffc10-89a3-432e-93c1-6ac584dcb57b/1780920000.0_mean_300.0_v3 HTTP/1.0 201 - python-swiftclient-3.11.1 gAAAAABqKSk5vUXe... 16 - - txeaf715a2d56846b8bf8eb-006a2929b1 - 0.0190 - - 1781082545.670491934 1781082545.689510584 0
Jun 10 09:09:05 standalone container-server[126771]: 172.20.0.100 - - [10/Jun/2026:09:09:05 +0000] "PUT /d1/76/AUTH_cb9833fe5ea641649cb26bc687a9c748/gnocchi.078ffc10-89a3-432e-93c1-6ac584dcb57b/none_v3" 201 - "PUT http://172.18.0.2:8080/d1/1/AUTH_cb9833fe5ea641649cb26bc687a9c748/gnocchi.078ffc10-89a3-432e-93c1-6ac584dcb57b/none_v3" "tx94904765ae134b599c93c-006a2929b1" "object-server 25" 0.0009 "-" 22 0
Jun 10 09:09:05 standalone object-server[127007]: 172.20.0.100 - - [10/Jun/2026:09:09:05 +0000] "PUT /d1/1/AUTH_cb9833fe5ea641649cb26bc687a9c748/gnocchi.078ffc10-89a3-432e-93c1-6ac584dcb57b/none_v3" 201 - "PUT http://172.18.0.2:8080/v1/AUTH_cb9833fe5ea641649cb26bc687a9c748/gnocchi.078ffc10-89a3-432e-93c1-6ac584dcb57b/none_v3" "tx94904765ae134b599c93c-006a2929b1" "proxy-server 12" 0.0111 "-" 25 0
Jun 10 09:09:05 standalone proxy-server[128787]: 172.18.0.2 172.18.0.100 10/Jun/2026/09/09/05 PUT /v1/AUTH_cb9833fe5ea641649cb26bc687a9c748/gnocchi.078ffc10-89a3-432e-93c1-6ac584dcb57b/none_v3 HTTP/1.0 201 - python-swiftclient-3.11.1 gAAAAABqKSk5vUXe... 51 - - tx94904765ae134b599c93c-006a2929b1 - 0.0162 - - 1781082545.694467068 1781082545.710653067 0
Jun 10 09:09:05 standalone object-server[126981]: 172.20.0.100 - - [10/Jun/2026:09:09:05 +0000] "GET /d1/291/AUTH_cb9833fe5ea641649cb26bc687a9c748/gnocchi.a5933ee3-334b-42fe-9c8f-f15ccd6c8d2a/none_v3" 200 22 "GET http://172.18.0.2:8080/v1/AUTH_cb9833fe5ea641649cb26bc687a9c748/gnocchi.a5933ee3-334b-42fe-9c8f-f15ccd6c8d2a/none_v3" "tx360d0c04a85b44aba4f34-006a2929b1" "proxy-server 12" 0.0006 "-" 23 0
Jun 10 09:09:05 standalone proxy-server[128787]: 172.18.0.2 172.18.0.100 10/Jun/2026/09/09/05 GET /v1/AUTH_cb9833fe5ea641649cb26bc687a9c748/gnocchi.a5933ee3-334b-42fe-9c8f-f15ccd6c8d2a/none_v3 HTTP/1.0 200 - python-swiftclient-3.11.1 gAAAAABqKSk5vUXe... - 22 - tx360d0c04a85b44aba4f34-006a2929b1 - 0.0054 - - 1781082545.722922087 1781082545.728293657 0
Jun 10 09:09:05 standalone container-server[126740]: 172.20.0.100 - - [10/Jun/2026:09:09:05 +0000] "GET /d1/29/AUTH_cb9833fe5ea641649cb26bc687a9c748/gnocchi.a5933ee3-334b-42fe-9c8f-f15ccd6c8d2a" 200 357 "GET http://172.18.0.2:8080/v1/AUTH_cb9833fe5ea641649cb26bc687a9c748/gnocchi.a5933ee3-334b-42fe-9c8f-f15ccd6c8d2a?format=json&states=listing" "tx828b2ffe75504ffea4d25-006a2929b1" "proxy-server 12" 0.0072 "-" 20 0
Jun 10 09:09:05 standalone proxy-server[128787]: 172.18.0.2 172.18.0.100 10/Jun/2026/09/09/05 GET /v1/AUTH_cb9833fe5ea641649cb26bc687a9c748/gnocchi.a5933ee3-334b-42fe-9c8f-f15ccd6c8d2a%3Fformat%3Djson%26states%3Dlisting HTTP/1.0 200 - python-swiftclient-3.11.1 gAAAAABqKSk5vUXe... - 357 - tx828b2ffe75504ffea4d25-006a2929b1 - 0.0122 - - 1781082545.732035398 1781082545.744222641 0
Jun 10 09:09:05 standalone container-server[126771]: 172.20.0.100 - - [10/Jun/2026:09:09:05 +0000] "GET /d1/29/AUTH_cb9833fe5ea641649cb26bc687a9c748/gnocchi.a5933ee3-334b-42fe-9c8f-f15ccd6c8d2a" 200 2 "GET http://172.18.0.2:8080/v1/AUTH_cb9833fe5ea641649cb26bc687a9c748/gnocchi.a5933ee3-334b-42fe-9c8f-f15ccd6c8d2a?format=json&marker=none_v3&states=listing" "tx67a239f0169041fb9d540-006a2929b1" "proxy-server 12" 0.0045 "-" 22 0
Jun 10 09:09:05 standalone proxy-server[128787]: 172.18.0.2 172.18.0.100 10/Jun/2026/09/09/05 GET /v1/AUTH_cb9833fe5ea641649cb26bc687a9c748/gnocchi.a5933ee3-334b-42fe-9c8f-f15ccd6c8d2a%3Fformat%3Djson%26marker%3Dnone_v3%26states%3Dlisting HTTP/1.0 200 - python-swiftclient-3.11.1 gAAAAABqKSk5vUXe... - 2 - tx67a239f0169041fb9d540-006a2929b1 - 0.0100 - - 1781082545.747066975 1781082545.757024050 0
Jun 10 09:09:05 standalone object-server[126979]: 172.20.0.100 - - [10/Jun/2026:09:09:05 +0000] "GET /d1/749/AUTH_cb9833fe5ea641649cb26bc687a9c748/gnocchi.a5933ee3-334b-42fe-9c8f-f15ccd6c8d2a/1780920000.0_mean_300.0_v3" 200 16 "GET http://172.18.0.2:8080/v1/AUTH_cb9833fe5ea641649cb26bc687a9c748/gnocchi.a5933ee3-334b-42fe-9c8f-f15ccd6c8d2a/1780920000.0_mean_300.0_v3" "tx53f326819dc145afbc056-006a2929b1" "proxy-server 12" 0.0010 "-" 22 0
Jun 10 09:09:05 standalone proxy-server[128787]: 172.18.0.2 172.18.0.100 10/Jun/2026/09/09/05 GET /v1/AUTH_cb9833fe5ea641649cb26bc687a9c748/gnocchi.a5933ee3-334b-42fe-9c8f-f15ccd6c8d2a/1780920000.0_mean_300.0_v3 HTTP/1.0 200 - python-swiftclient-3.11.1 gAAAAABqKSk5vUXe... - 16 - tx53f326819dc145afbc056-006a2929b1 - 0.0062 - - 1781082545.761206627 1781082545.767385006 0
Jun 10 09:09:05 standalone container-server[126771]: 172.20.0.100 - - [10/Jun/2026:09:09:05 +0000] "PUT /d1/29/AUTH_cb9833fe5ea641649cb26bc687a9c748/gnocchi.a5933ee3-334b-42fe-9c8f-f15ccd6c8d2a/1780920000.0_mean_300.0_v3" 201 - "PUT http://172.18.0.2:8080/d1/749/AUTH_cb9833fe5ea641649cb26bc687a9c748/gnocchi.a5933ee3-334b-42fe-9c8f-f15ccd6c8d2a/1780920000.0_mean_300.0_v3" "txe824d5e3ce67499fb983a-006a2929b1" "object-server 22" 0.0007 "-" 22 0
Jun 10 09:09:05 standalone object-server[126979]: 172.20.0.100 - - [10/Jun/2026:09:09:05 +0000] "PUT /d1/749/AUTH_cb9833fe5ea641649cb26bc687a9c748/gnocchi.a5933ee3-334b-42fe-9c8f-f15ccd6c8d2a/1780920000.0_mean_300.0_v3" 201 - "PUT http://172.18.0.2:8080/v1/AUTH_cb9833fe5ea641649cb26bc687a9c748/gnocchi.a5933ee3-334b-42fe-9c8f-f15ccd6c8d2a/1780920000.0_mean_300.0_v3" "txe824d5e3ce67499fb983a-006a2929b1" "proxy-server 12" 0.0104 "-" 22 0
Jun 10 09:09:05 standalone proxy-server[128787]: 172.18.0.2 172.18.0.100 10/Jun/2026/09/09/05 PUT /v1/AUTH_cb9833fe5ea641649cb26bc687a9c748/gnocchi.a5933ee3-334b-42fe-9c8f-f15ccd6c8d2a/1780920000.0_mean_300.0_v3 HTTP/1.0 201 - python-swiftclient-3.11.1 gAAAAABqKSk5vUXe... 16 - - txe824d5e3ce67499fb983a-006a2929b1 - 0.0149 - - 1781082545.771244287 1781082545.786163807 0
Jun 10 09:09:05 standalone container-server[126738]: 172.20.0.100 - - [10/Jun/2026:09:09:05 +0000] "PUT /d1/29/AUTH_cb9833fe5ea641649cb26bc687a9c748/gnocchi.a5933ee3-334b-42fe-9c8f-f15ccd6c8d2a/none_v3" 201 - "PUT http://172.18.0.2:8080/d1/291/AUTH_cb9833fe5ea641649cb26bc687a9c748/gnocchi.a5933ee3-334b-42fe-9c8f-f15ccd6c8d2a/none_v3" "txc0200057237d4e13b3f42-006a2929b1" "object-server 23" 0.0007 "-" 19 0
Jun 10 09:09:05 standalone object-server[126981]: 172.20.0.100 - - [10/Jun/2026:09:09:05 +0000] "PUT /d1/291/AUTH_cb9833fe5ea641649cb26bc687a9c748/gnocchi.a5933ee3-334b-42fe-9c8f-f15ccd6c8d2a/none_v3" 201 - "PUT http://172.18.0.2:8080/v1/AUTH_cb9833fe5ea641649cb26bc687a9c748/gnocchi.a5933ee3-334b-42fe-9c8f-f15ccd6c8d2a/none_v3" "txc0200057237d4e13b3f42-006a2929b1" "proxy-server 12" 0.0087 "-" 23 0
Jun 10 09:09:05 standalone proxy-server[128787]: 172.18.0.2 172.18.0.100 10/Jun/2026/09/09/05 PUT /v1/AUTH_cb9833fe5ea641649cb26bc687a9c748/gnocchi.a5933ee3-334b-42fe-9c8f-f15ccd6c8d2a/none_v3 HTTP/1.0 201 - python-swiftclient-3.11.1 gAAAAABqKSk5vUXe... 32 - - txc0200057237d4e13b3f42-006a2929b1 - 0.0127 - - 1781082545.789359093 1781082545.802079201 0
Jun 10 09:09:05 standalone object-server[126979]: 172.20.0.100 - - [10/Jun/2026:09:09:05 +0000] "GET /d1/975/AUTH_cb9833fe5ea641649cb26bc687a9c748/gnocchi.2296986e-23d8-4e42-93ae-af1c777e2a2c/none_v3" 200 22 "GET http://172.18.0.2:8080/v1/AUTH_cb9833fe5ea641649cb26bc687a9c748/gnocchi.2296986e-23d8-4e42-93ae-af1c777e2a2c/none_v3" "tx31edc0e563f84e5e9145c-006a2929b1" "proxy-server 12" 0.0013 "-" 22 0
Jun 10 09:09:05 standalone proxy-server[128787]: 172.18.0.2 172.18.0.100 10/Jun/2026/09/09/05 GET /v1/AUTH_cb9833fe5ea641649cb26bc687a9c748/gnocchi.2296986e-23d8-4e42-93ae-af1c777e2a2c/none_v3 HTTP/1.0 200 - python-swiftclient-3.11.1 gAAAAABqKSk5vUXe... - 22 - tx31edc0e563f84e5e9145c-006a2929b1 - 0.0072 - - 1781082545.813431025 1781082545.820637226 0
Jun 10 09:09:05 standalone container-server[126738]: 172.20.0.100 - - [10/Jun/2026:09:09:05 +0000] "GET /d1/826/AUTH_cb9833fe5ea641649cb26bc687a9c748/gnocchi.2296986e-23d8-4e42-93ae-af1c777e2a2c" 200 357 "GET http://172.18.0.2:8080/v1/AUTH_cb9833fe5ea641649cb26bc687a9c748/gnocchi.2296986e-23d8-4e42-93ae-af1c777e2a2c?format=json&states=listing" "tx8469e93ec8884a168e2ee-006a2929b1" "proxy-server 12" 0.0078 "-" 19 0
Jun 10 09:09:05 standalone proxy-server[128787]: 172.18.0.2 172.18.0.100 10/Jun/2026/09/09/05 GET /v1/AUTH_cb9833fe5ea641649cb26bc687a9c748/gnocchi.2296986e-23d8-4e42-93ae-af1c777e2a2c%3Fformat%3Djson%26states%3Dlisting HTTP/1.0 200 - python-swiftclient-3.11.1 gAAAAABqKSk5vUXe... - 357 - tx8469e93ec8884a168e2ee-006a2929b1 - 0.0133 - - 1781082545.825355291 1781082545.838696241 0
Jun 10 09:09:05 standalone container-server[126738]: 172.20.0.100 - - [10/Jun/2026:09:09:05 +0000] "GET /d1/826/AUTH_cb9833fe5ea641649cb26bc687a9c748/gnocchi.2296986e-23d8-4e42-93ae-af1c777e2a2c" 200 2 "GET http://172.18.0.2:8080/v1/AUTH_cb9833fe5ea641649cb26bc687a9c748/gnocchi.2296986e-23d8-4e42-93ae-af1c777e2a2c?format=json&marker=none_v3&states=listing" "tx56b137cdf9dd4f9d85e56-006a2929b1" "proxy-server 12" 0.0032 "-" 19 0
Jun 10 09:09:05 standalone proxy-server[128787]: 172.18.0.2 172.18.0.100 10/Jun/2026/09/09/05 GET /v1/AUTH_cb9833fe5ea641649cb26bc687a9c748/gnocchi.2296986e-23d8-4e42-93ae-af1c777e2a2c%3Fformat%3Djson%26marker%3Dnone_v3%26states%3Dlisting HTTP/1.0 200 - python-swiftclient-3.11.1 gAAAAABqKSk5vUXe... - 2 - tx56b137cdf9dd4f9d85e56-006a2929b1 - 0.0082 - - 1781082545.841897726 1781082545.850055456 0
Jun 10 09:09:05 standalone object-server[126979]: 172.20.0.100 - - [10/Jun/2026:09:09:05 +0000] "GET /d1/996/AUTH_cb9833fe5ea641649cb26bc687a9c748/gnocchi.2296986e-23d8-4e42-93ae-af1c777e2a2c/1780920000.0_mean_300.0_v3" 200 16 "GET http://172.18.0.2:8080/v1/AUTH_cb9833fe5ea641649cb26bc687a9c748/gnocchi.2296986e-23d8-4e42-93ae-af1c777e2a2c/1780920000.0_mean_300.0_v3" "tx1332193ad07746d7b34c1-006a2929b1" "proxy-server 12" 0.0010 "-" 22 0
Jun 10 09:09:05 standalone proxy-server[128787]: 172.18.0.2 172.18.0.100 10/Jun/2026/09/09/05 GET /v1/AUTH_cb9833fe5ea641649cb26bc687a9c748/gnocchi.2296986e-23d8-4e42-93ae-af1c777e2a2c/1780920000.0_mean_300.0_v3 HTTP/1.0 200 - python-swiftclient-3.11.1 gAAAAABqKSk5vUXe... - 16 - tx1332193ad07746d7b34c1-006a2929b1 - 0.0061 - - 1781082545.854079962 1781082545.860148430 0
Jun 10 09:09:05 standalone container-server[126771]: 172.20.0.100 - - [10/Jun/2026:09:09:05 +0000] "PUT /d1/826/AUTH_cb9833fe5ea641649cb26bc687a9c748/gnocchi.2296986e-23d8-4e42-93ae-af1c777e2a2c/1780920000.0_mean_300.0_v3" 201 - "PUT http://172.18.0.2:8080/d1/996/AUTH_cb9833fe5ea641649cb26bc687a9c748/gnocchi.2296986e-23d8-4e42-93ae-af1c777e2a2c/1780920000.0_mean_300.0_v3" "tx03c094224b774297ba161-006a2929b1" "object-server 25" 0.0008 "-" 22 0
Jun 10 09:09:05 standalone object-server[127007]: 172.20.0.100 - - [10/Jun/2026:09:09:05 +0000] "PUT /d1/996/AUTH_cb9833fe5ea641649cb26bc687a9c748/gnocchi.2296986e-23d8-4e42-93ae-af1c777e2a2c/1780920000.0_mean_300.0_v3" 201 - "PUT http://172.18.0.2:8080/v1/AUTH_cb9833fe5ea641649cb26bc687a9c748/gnocchi.2296986e-23d8-4e42-93ae-af1c777e2a2c/1780920000.0_mean_300.0_v3" "tx03c094224b774297ba161-006a2929b1" "proxy-server 12" 0.0102 "-" 25 0
Jun 10 09:09:05 standalone proxy-server[128787]: 172.18.0.2 172.18.0.100 10/Jun/2026/09/09/05 PUT /v1/AUTH_cb9833fe5ea641649cb26bc687a9c748/gnocchi.2296986e-23d8-4e42-93ae-af1c777e2a2c/1780920000.0_mean_300.0_v3 HTTP/1.0 201 - python-swiftclient-3.11.1 gAAAAABqKSk5vUXe... 16 - - tx03c094224b774297ba161-006a2929b1 - 0.0147 - - 1781082545.864388466 1781082545.879043341 0
Jun 10 09:09:05 standalone container-server[126771]: 172.20.0.100 - - [10/Jun/2026:09:09:05 +0000] "PUT /d1/826/AUTH_cb9833fe5ea641649cb26bc687a9c748/gnocchi.2296986e-23d8-4e42-93ae-af1c777e2a2c/none_v3" 201 - "PUT http://172.18.0.2:8080/d1/975/AUTH_cb9833fe5ea641649cb26bc687a9c748/gnocchi.2296986e-23d8-4e42-93ae-af1c777e2a2c/none_v3" "txbf5d9cc984574ebd8c052-006a2929b1" "object-server 23" 0.0006 "-" 22 0
Jun 10 09:09:05 standalone object-server[126981]: 172.20.0.100 - - [10/Jun/2026:09:09:05 +0000] "PUT /d1/975/AUTH_cb9833fe5ea641649cb26bc687a9c748/gnocchi.2296986e-23d8-4e42-93ae-af1c777e2a2c/none_v3" 201 - "PUT http://172.18.0.2:8080/v1/AUTH_cb9833fe5ea641649cb26bc687a9c748/gnocchi.2296986e-23d8-4e42-93ae-af1c777e2a2c/none_v3" "txbf5d9cc984574ebd8c052-006a2929b1" "proxy-server 12" 0.0104 "-" 23 0
Jun 10 09:09:05 standalone proxy-server[128787]: 172.18.0.2 172.18.0.100 10/Jun/2026/09/09/05 PUT /v1/AUTH_cb9833fe5ea641649cb26bc687a9c748/gnocchi.2296986e-23d8-4e42-93ae-af1c777e2a2c/none_v3 HTTP/1.0 201 - python-swiftclient-3.11.1 gAAAAABqKSk5vUXe... 32 - - txbf5d9cc984574ebd8c052-006a2929b1 - 0.0145 - - 1781082545.881793499 1781082545.896322489 0
Jun 10 09:09:05 standalone object-server[126990]: 172.20.0.100 - - [10/Jun/2026:09:09:05 +0000] "GET /d1/203/AUTH_cb9833fe5ea641649cb26bc687a9c748/gnocchi.edbbc741-7c15-4645-a17d-a04dd2337399/none_v3" 200 22 "GET http://172.18.0.2:8080/v1/AUTH_cb9833fe5ea641649cb26bc687a9c748/gnocchi.edbbc741-7c15-4645-a17d-a04dd2337399/none_v3" "txd7fa1ee15d8c4824b508a-006a2929b1" "proxy-server 12" 0.0010 "-" 24 0
Jun 10 09:09:05 standalone proxy-server[128787]: 172.18.0.2 172.18.0.100 10/Jun/2026/09/09/05 GET /v1/AUTH_cb9833fe5ea641649cb26bc687a9c748/gnocchi.edbbc741-7c15-4645-a17d-a04dd2337399/none_v3 HTTP/1.0 200 - python-swiftclient-3.11.1 gAAAAABqKSk5vUXe... - 22 - txd7fa1ee15d8c4824b508a-006a2929b1 - 0.0066 - - 1781082545.908613920 1781082545.915211201 0
Jun 10 09:09:05 standalone container-server[126740]: 172.20.0.100 - - [10/Jun/2026:09:09:05 +0000] "GET /d1/784/AUTH_cb9833fe5ea641649cb26bc687a9c748/gnocchi.edbbc741-7c15-4645-a17d-a04dd2337399" 200 357 "GET http://172.18.0.2:8080/v1/AUTH_cb9833fe5ea641649cb26bc687a9c748/gnocchi.edbbc741-7c15-4645-a17d-a04dd2337399?format=json&states=listing" "txd121959285384ed0921b6-006a2929b1" "proxy-server 12" 0.0094 "-" 20 0
Jun 10 09:09:05 standalone proxy-server[128787]: 172.18.0.2 172.18.0.100 10/Jun/2026/09/09/05 GET /v1/AUTH_cb9833fe5ea641649cb26bc687a9c748/gnocchi.edbbc741-7c15-4645-a17d-a04dd2337399%3Fformat%3Djson%26states%3Dlisting HTTP/1.0 200 - python-swiftclient-3.11.1 gAAAAABqKSk5vUXe... - 357 - txd121959285384ed0921b6-006a2929b1 - 0.0149 - - 1781082545.918832302 1781082545.933732033 0
Jun 10 09:09:05 standalone container-server[126740]: 172.20.0.100 - - [10/Jun/2026:09:09:05 +0000] "GET /d1/784/AUTH_cb9833fe5ea641649cb26bc687a9c748/gnocchi.edbbc741-7c15-4645-a17d-a04dd2337399" 200 2 "GET http://172.18.0.2:8080/v1/AUTH_cb9833fe5ea641649cb26bc687a9c748/gnocchi.edbbc741-7c15-4645-a17d-a04dd2337399?format=json&marker=none_v3&states=listing" "txae31ac18099a4ef3baf49-006a2929b1" "proxy-server 12" 0.0033 "-" 20 0
Jun 10 09:09:05 standalone proxy-server[128787]: 172.18.0.2 172.18.0.100 10/Jun/2026/09/09/05 GET /v1/AUTH_cb9833fe5ea641649cb26bc687a9c748/gnocchi.edbbc741-7c15-4645-a17d-a04dd2337399%3Fformat%3Djson%26marker%3Dnone_v3%26states%3Dlisting HTTP/1.0 200 - python-swiftclient-3.11.1 gAAAAABqKSk5vUXe... - 2 - txae31ac18099a4ef3baf49-006a2929b1 - 0.0086 - - 1781082545.936578751 1781082545.945146561 0
Jun 10 09:09:05 standalone object-server[126990]: 172.20.0.100 - - [10/Jun/2026:09:09:05 +0000] "GET /d1/970/AUTH_cb9833fe5ea641649cb26bc687a9c748/gnocchi.edbbc741-7c15-4645-a17d-a04dd2337399/1780920000.0_mean_300.0_v3" 200 16 "GET http://172.18.0.2:8080/v1/AUTH_cb9833fe5ea641649cb26bc687a9c748/gnocchi.edbbc741-7c15-4645-a17d-a04dd2337399/1780920000.0_mean_300.0_v3" "tx598b70d7124c4fc6ad255-006a2929b1" "proxy-server 12" 0.0010 "-" 24 0
Jun 10 09:09:05 standalone proxy-server[128787]: 172.18.0.2 172.18.0.100 10/Jun/2026/09/09/05 GET /v1/AUTH_cb9833fe5ea641649cb26bc687a9c748/gnocchi.edbbc741-7c15-4645-a17d-a04dd2337399/1780920000.0_mean_300.0_v3 HTTP/1.0 200 - python-swiftclient-3.11.1 gAAAAABqKSk5vUXe... - 16 - tx598b70d7124c4fc6ad255-006a2929b1 - 0.0065 - - 1781082545.948953629 1781082545.955462217 0
Jun 10 09:09:05 standalone container-server[126740]: 172.20.0.100 - - [10/Jun/2026:09:09:05 +0000] "PUT /d1/784/AUTH_cb9833fe5ea641649cb26bc687a9c748/gnocchi.edbbc741-7c15-4645-a17d-a04dd2337399/1780920000.0_mean_300.0_v3" 201 - "PUT http://172.18.0.2:8080/d1/970/AUTH_cb9833fe5ea641649cb26bc687a9c748/gnocchi.edbbc741-7c15-4645-a17d-a04dd2337399/1780920000.0_mean_300.0_v3" "txf9fa23dc9b294adda2800-006a2929b1" "object-server 22" 0.0008 "-" 20 0
Jun 10 09:09:05 standalone object-server[126979]: 172.20.0.100 - - [10/Jun/2026:09:09:05 +0000] "PUT /d1/970/AUTH_cb9833fe5ea641649cb26bc687a9c748/gnocchi.edbbc741-7c15-4645-a17d-a04dd2337399/1780920000.0_mean_300.0_v3" 201 - "PUT http://172.18.0.2:8080/v1/AUTH_cb9833fe5ea641649cb26bc687a9c748/gnocchi.edbbc741-7c15-4645-a17d-a04dd2337399/1780920000.0_mean_300.0_v3" "txf9fa23dc9b294adda2800-006a2929b1" "proxy-server 12" 0.0099 "-" 22 0
Jun 10 09:09:05 standalone proxy-server[128787]: 172.18.0.2 172.18.0.100 10/Jun/2026/09/09/05 PUT /v1/AUTH_cb9833fe5ea641649cb26bc687a9c748/gnocchi.edbbc741-7c15-4645-a17d-a04dd2337399/1780920000.0_mean_300.0_v3 HTTP/1.0 201 - python-swiftclient-3.11.1 gAAAAABqKSk5vUXe... 16 - - txf9fa23dc9b294adda2800-006a2929b1 - 0.0162 - - 1781082545.958672523 1781082545.974918604 0
Jun 10 09:09:05 standalone container-server[126773]: 172.20.0.100 - - [10/Jun/2026:09:09:05 +0000] "PUT /d1/784/AUTH_cb9833fe5ea641649cb26bc687a9c748/gnocchi.edbbc741-7c15-4645-a17d-a04dd2337399/none_v3" 201 - "PUT http://172.18.0.2:8080/d1/203/AUTH_cb9833fe5ea641649cb26bc687a9c748/gnocchi.edbbc741-7c15-4645-a17d-a04dd2337399/none_v3" "txc687234025134977b08d4-006a2929b1" "object-server 22" 0.0007 "-" 23 0
Jun 10 09:09:06 standalone object-server[126979]: 172.20.0.100 - - [10/Jun/2026:09:09:06 +0000] "PUT /d1/203/AUTH_cb9833fe5ea641649cb26bc687a9c748/gnocchi.edbbc741-7c15-4645-a17d-a04dd2337399/none_v3" 201 - "PUT http://172.18.0.2:8080/v1/AUTH_cb9833fe5ea641649cb26bc687a9c748/gnocchi.edbbc741-7c15-4645-a17d-a04dd2337399/none_v3" "txc687234025134977b08d4-006a2929b1" "proxy-server 12" 0.0152 "-" 22 0
Jun 10 09:09:06 standalone proxy-server[128787]: 172.18.0.2 172.18.0.100 10/Jun/2026/09/09/06 PUT /v1/AUTH_cb9833fe5ea641649cb26bc687a9c748/gnocchi.edbbc741-7c15-4645-a17d-a04dd2337399/none_v3 HTTP/1.0 201 - python-swiftclient-3.11.1 gAAAAABqKSk5vUXe... 32 - - txc687234025134977b08d4-006a2929b1 - 0.0243 - - 1781082545.979198694 1781082546.003496647 0
Jun 10 09:09:06 standalone object-server[126990]: 172.20.0.100 - - [10/Jun/2026:09:09:06 +0000] "GET /d1/166/AUTH_cb9833fe5ea641649cb26bc687a9c748/gnocchi.20169023-40d4-489d-ba38-a70ec5c3e3d1/none_v3" 200 22 "GET http://172.18.0.2:8080/v1/AUTH_cb9833fe5ea641649cb26bc687a9c748/gnocchi.20169023-40d4-489d-ba38-a70ec5c3e3d1/none_v3" "tx3fe16564f397458a8272d-006a2929b2" "proxy-server 12" 0.0010 "-" 24 0
Jun 10 09:09:06 standalone proxy-server[128787]: 172.18.0.2 172.18.0.100 10/Jun/2026/09/09/06 GET /v1/AUTH_cb9833fe5ea641649cb26bc687a9c748/gnocchi.20169023-40d4-489d-ba38-a70ec5c3e3d1/none_v3 HTTP/1.0 200 - python-swiftclient-3.11.1 gAAAAABqKSk5vUXe... - 22 - tx3fe16564f397458a8272d-006a2929b2 - 0.0102 - - 1781082546.012247324 1781082546.022459984 0
Jun 10 09:09:06 standalone container-server[126771]: 172.20.0.100 - - [10/Jun/2026:09:09:06 +0000] "GET /d1/292/AUTH_cb9833fe5ea641649cb26bc687a9c748/gnocchi.20169023-40d4-489d-ba38-a70ec5c3e3d1" 200 357 "GET http://172.18.0.2:8080/v1/AUTH_cb9833fe5ea641649cb26bc687a9c748/gnocchi.20169023-40d4-489d-ba38-a70ec5c3e3d1?format=json&states=listing" "tx5a8ee6f0faf343a9b8536-006a2929b2" "proxy-server 12" 0.0081 "-" 22 0
Jun 10 09:09:06 standalone proxy-server[128787]: 172.18.0.2 172.18.0.100 10/Jun/2026/09/09/06 GET /v1/AUTH_cb9833fe5ea641649cb26bc687a9c748/gnocchi.20169023-40d4-489d-ba38-a70ec5c3e3d1%3Fformat%3Djson%26states%3Dlisting HTTP/1.0 200 - python-swiftclient-3.11.1 gAAAAABqKSk5vUXe... - 357 - tx5a8ee6f0faf343a9b8536-006a2929b2 - 0.0176 - - 1781082546.025984049 1781082546.043558598 0
Jun 10 09:09:06 standalone container-server[126738]: 172.20.0.100 - - [10/Jun/2026:09:09:06 +0000] "GET /d1/292/AUTH_cb9833fe5ea641649cb26bc687a9c748/gnocchi.20169023-40d4-489d-ba38-a70ec5c3e3d1" 200 2 "GET http://172.18.0.2:8080/v1/AUTH_cb9833fe5ea641649cb26bc687a9c748/gnocchi.20169023-40d4-489d-ba38-a70ec5c3e3d1?format=json&marker=none_v3&states=listing" "txc0aac93d2b9c4b8ca5cf6-006a2929b2" "proxy-server 12" 0.0036 "-" 19 0
Jun 10 09:09:06 standalone proxy-server[128787]: 172.18.0.2 172.18.0.100 10/Jun/2026/09/09/06 GET /v1/AUTH_cb9833fe5ea641649cb26bc687a9c748/gnocchi.20169023-40d4-489d-ba38-a70ec5c3e3d1%3Fformat%3Djson%26marker%3Dnone_v3%26states%3Dlisting HTTP/1.0 200 - python-swiftclient-3.11.1 gAAAAABqKSk5vUXe... - 2 - txc0aac93d2b9c4b8ca5cf6-006a2929b2 - 0.0127 - - 1781082546.046384096 1781082546.059128523 0
Jun 10 09:09:06 standalone object-server[127007]: 172.20.0.100 - - [10/Jun/2026:09:09:06 +0000] "GET /d1/614/AUTH_cb9833fe5ea641649cb26bc687a9c748/gnocchi.20169023-40d4-489d-ba38-a70ec5c3e3d1/1780920000.0_mean_300.0_v3" 200 16 "GET http://172.18.0.2:8080/v1/AUTH_cb9833fe5ea641649cb26bc687a9c748/gnocchi.20169023-40d4-489d-ba38-a70ec5c3e3d1/1780920000.0_mean_300.0_v3" "tx5e6f500bc769478e92424-006a2929b2" "proxy-server 12" 0.0007 "-" 25 0
Jun 10 09:09:06 standalone proxy-server[128787]: 172.18.0.2 172.18.0.100 10/Jun/2026/09/09/06 GET /v1/AUTH_cb9833fe5ea641649cb26bc687a9c748/gnocchi.20169023-40d4-489d-ba38-a70ec5c3e3d1/1780920000.0_mean_300.0_v3 HTTP/1.0 200 - python-swiftclient-3.11.1 gAAAAABqKSk5vUXe... - 16 - tx5e6f500bc769478e92424-006a2929b2 - 0.0078 - - 1781082546.062242746 1781082546.070004463 0
Jun 10 09:09:06 standalone container-server[126740]: 172.20.0.100 - - [10/Jun/2026:09:09:06 +0000] "PUT /d1/292/AUTH_cb9833fe5ea641649cb26bc687a9c748/gnocchi.20169023-40d4-489d-ba38-a70ec5c3e3d1/1780920000.0_mean_300.0_v3" 201 - "PUT http://172.18.0.2:8080/d1/614/AUTH_cb9833fe5ea641649cb26bc687a9c748/gnocchi.20169023-40d4-489d-ba38-a70ec5c3e3d1/1780920000.0_mean_300.0_v3" "txb1b0d4dca2024132875ec-006a2929b2" "object-server 24" 0.0008 "-" 20 0
Jun 10 09:09:06 standalone object-server[126990]: 172.20.0.100 - - [10/Jun/2026:09:09:06 +0000] "PUT /d1/614/AUTH_cb9833fe5ea641649cb26bc687a9c748/gnocchi.20169023-40d4-489d-ba38-a70ec5c3e3d1/1780920000.0_mean_300.0_v3" 201 - "PUT http://172.18.0.2:8080/v1/AUTH_cb9833fe5ea641649cb26bc687a9c748/gnocchi.20169023-40d4-489d-ba38-a70ec5c3e3d1/1780920000.0_mean_300.0_v3" "txb1b0d4dca2024132875ec-006a2929b2" "proxy-server 12" 0.0135 "-" 24 0
Jun 10 09:09:06 standalone proxy-server[128787]: 172.18.0.2 172.18.0.100 10/Jun/2026/09/09/06 PUT /v1/AUTH_cb9833fe5ea641649cb26bc687a9c748/gnocchi.20169023-40d4-489d-ba38-a70ec5c3e3d1/1780920000.0_mean_300.0_v3 HTTP/1.0 201 - python-swiftclient-3.11.1 gAAAAABqKSk5vUXe... 16 - - txb1b0d4dca2024132875ec-006a2929b2 - 0.0212 - - 1781082546.073456526 1781082546.094679356 0
Jun 10 09:09:06 standalone container-server[126771]: 172.20.0.100 - - [10/Jun/2026:09:09:06 +0000] "PUT /d1/292/AUTH_cb9833fe5ea641649cb26bc687a9c748/gnocchi.20169023-40d4-489d-ba38-a70ec5c3e3d1/none_v3" 201 - "PUT http://172.18.0.2:8080/d1/166/AUTH_cb9833fe5ea641649cb26bc687a9c748/gnocchi.20169023-40d4-489d-ba38-a70ec5c3e3d1/none_v3" "tx8a05f4fcacb148a5b0739-006a2929b2" "object-server 22" 0.0004 "-" 22 0
Jun 10 09:09:06 standalone object-server[126979]: 172.20.0.100 - - [10/Jun/2026:09:09:06 +0000] "PUT /d1/166/AUTH_cb9833fe5ea641649cb26bc687a9c748/gnocchi.20169023-40d4-489d-ba38-a70ec5c3e3d1/none_v3" 201 - "PUT http://172.18.0.2:8080/v1/AUTH_cb9833fe5ea641649cb26bc687a9c748/gnocchi.20169023-40d4-489d-ba38-a70ec5c3e3d1/none_v3" "tx8a05f4fcacb148a5b0739-006a2929b2" "proxy-server 12" 0.0068 "-" 22 0
Jun 10 09:09:06 standalone proxy-server[128787]: 172.18.0.2 172.18.0.100 10/Jun/2026/09/09/06 PUT /v1/AUTH_cb9833fe5ea641649cb26bc687a9c748/gnocchi.20169023-40d4-489d-ba38-a70ec5c3e3d1/none_v3 HTTP/1.0 201 - python-swiftclient-3.11.1 gAAAAABqKSk5vUXe... 32 - - tx8a05f4fcacb148a5b0739-006a2929b2 - 0.0111 - - 1781082546.096773148 1781082546.107839823 0
Jun 10 09:09:09 standalone container-server[126773]: 172.20.0.100 - - [10/Jun/2026:09:09:09 +0000] "HEAD /d1/293/AUTH_cb9833fe5ea641649cb26bc687a9c748/gnocchi.016140d0-5b83-476f-afba-febe89cbb821" 404 - "HEAD http://172.18.0.2:8080/v1/AUTH_cb9833fe5ea641649cb26bc687a9c748/gnocchi.016140d0-5b83-476f-afba-febe89cbb821?format=json&states=listing" "txbe80c6eecbdd4e13834e9-006a2929b5" "proxy-server 12" 0.0007 "-" 23 0
Jun 10 09:09:09 standalone object-server[126990]: 172.20.0.100 - - [10/Jun/2026:09:09:09 +0000] "GET /d1/780/AUTH_cb9833fe5ea641649cb26bc687a9c748/gnocchi.016140d0-5b83-476f-afba-febe89cbb821/none_v3" 404 70 "GET http://172.18.0.2:8080/v1/AUTH_cb9833fe5ea641649cb26bc687a9c748/gnocchi.016140d0-5b83-476f-afba-febe89cbb821/none_v3" "txbe80c6eecbdd4e13834e9-006a2929b5" "proxy-server 12" 0.0008 "-" 24 0
Jun 10 09:09:09 standalone proxy-server[128787]: 172.18.0.2 172.18.0.100 10/Jun/2026/09/09/09 GET /v1/AUTH_cb9833fe5ea641649cb26bc687a9c748/gnocchi.016140d0-5b83-476f-afba-febe89cbb821/none_v3 HTTP/1.0 404 - python-swiftclient-3.11.1 gAAAAABqKSk5vUXe... - 70 - txbe80c6eecbdd4e13834e9-006a2929b5 - 0.0174 - - 1781082549.467457294 1781082549.484897852 0
Jun 10 09:09:09 standalone account-server[126823]: 172.20.0.100 - - [10/Jun/2026:09:09:09 +0000] "PUT /d1/374/AUTH_cb9833fe5ea641649cb26bc687a9c748/gnocchi.016140d0-5b83-476f-afba-febe89cbb821" 201 - "PUT http://172.20.0.100:6001/d1/293/AUTH_cb9833fe5ea641649cb26bc687a9c748/gnocchi.016140d0-5b83-476f-afba-febe89cbb821" "txf6ac68baba7a47afa8221-006a2929b5" "container-server 20" 0.0042 "-" 21 0
Jun 10 09:09:09 standalone container-server[126740]: 172.20.0.100 - - [10/Jun/2026:09:09:09 +0000] "PUT /d1/293/AUTH_cb9833fe5ea641649cb26bc687a9c748/gnocchi.016140d0-5b83-476f-afba-febe89cbb821" 201 - "PUT http://172.18.0.2:8080/v1/AUTH_cb9833fe5ea641649cb26bc687a9c748/gnocchi.016140d0-5b83-476f-afba-febe89cbb821" "txf6ac68baba7a47afa8221-006a2929b5" "proxy-server 12" 0.0186 "-" 20 0
Jun 10 09:09:09 standalone proxy-server[128787]: 172.18.0.2 172.18.0.100 10/Jun/2026/09/09/09 PUT /v1/AUTH_cb9833fe5ea641649cb26bc687a9c748/gnocchi.016140d0-5b83-476f-afba-febe89cbb821 HTTP/1.0 201 - python-swiftclient-3.11.1 gAAAAABqKSk5vUXe... - - - txf6ac68baba7a47afa8221-006a2929b5 - 0.0261 - - 1781082549.490259409 1781082549.516352177 0
Jun 10 09:09:09 standalone container-server[126773]: 172.20.0.100 - - [10/Jun/2026:09:09:09 +0000] "HEAD /d1/293/AUTH_cb9833fe5ea641649cb26bc687a9c748/gnocchi.016140d0-5b83-476f-afba-febe89cbb821" 204 - "HEAD http://172.18.0.2:8080/v1/AUTH_cb9833fe5ea641649cb26bc687a9c748/gnocchi.016140d0-5b83-476f-afba-febe89cbb821?format=json&states=listing" "tx97ce2e05bddf48a9a6f0f-006a2929b5" "proxy-server 12" 0.0026 "-" 23 0
Jun 10 09:09:09 standalone proxy-server[128787]: - - 10/Jun/2026/09/09/09 HEAD /v1/AUTH_cb9833fe5ea641649cb26bc687a9c748/gnocchi.016140d0-5b83-476f-afba-febe89cbb821%3Fformat%3Djson%26states%3Dlisting HTTP/1.0 204 - Swift - - - - tx97ce2e05bddf48a9a6f0f-006a2929b5 - 0.0078 RL - 1781082549.523511410 1781082549.531345606 0
Jun 10 09:09:09 standalone container-server[126773]: 172.20.0.100 - - [10/Jun/2026:09:09:09 +0000] "GET /d1/293/AUTH_cb9833fe5ea641649cb26bc687a9c748/gnocchi.016140d0-5b83-476f-afba-febe89cbb821" 200 2 "GET http://172.18.0.2:8080/v1/AUTH_cb9833fe5ea641649cb26bc687a9c748/gnocchi.016140d0-5b83-476f-afba-febe89cbb821?format=json&states=listing" "tx97ce2e05bddf48a9a6f0f-006a2929b5" "proxy-server 12" 0.0036 "-" 23 0
Jun 10 09:09:09 standalone proxy-server[128787]: 172.18.0.2 172.18.0.100 10/Jun/2026/09/09/09 GET /v1/AUTH_cb9833fe5ea641649cb26bc687a9c748/gnocchi.016140d0-5b83-476f-afba-febe89cbb821%3Fformat%3Djson%26states%3Dlisting HTTP/1.0 200 - python-swiftclient-3.11.1 gAAAAABqKSk5vUXe... - 2 - tx97ce2e05bddf48a9a6f0f-006a2929b5 - 0.0227 - - 1781082549.521865845 1781082549.544569969 0
Jun 10 09:09:09 standalone object-server[127007]: 172.20.0.100 - - [10/Jun/2026:09:09:09 +0000] "GET /d1/381/AUTH_cb9833fe5ea641649cb26bc687a9c748/gnocchi.016140d0-5b83-476f-afba-febe89cbb821/1780920000.0_mean_300.0_v3" 404 70 "GET http://172.18.0.2:8080/v1/AUTH_cb9833fe5ea641649cb26bc687a9c748/gnocchi.016140d0-5b83-476f-afba-febe89cbb821/1780920000.0_mean_300.0_v3" "tx6e8f00cde4a54f2981ea5-006a2929b5" "proxy-server 12" 0.0006 "-" 25 0
Jun 10 09:09:09 standalone proxy-server[128787]: 172.18.0.2 172.18.0.100 10/Jun/2026/09/09/09 GET /v1/AUTH_cb9833fe5ea641649cb26bc687a9c748/gnocchi.016140d0-5b83-476f-afba-febe89cbb821/1780920000.0_mean_300.0_v3 HTTP/1.0 404 - python-swiftclient-3.11.1 gAAAAABqKSk5vUXe... - 70 - tx6e8f00cde4a54f2981ea5-006a2929b5 - 0.0127 - - 1781082549.550423145 1781082549.563109636 0
Jun 10 09:09:09 standalone container-server[126773]: 172.20.0.100 - - [10/Jun/2026:09:09:09 +0000] "PUT /d1/293/AUTH_cb9833fe5ea641649cb26bc687a9c748/gnocchi.016140d0-5b83-476f-afba-febe89cbb821/1780920000.0_mean_300.0_v3" 201 - "PUT http://172.18.0.2:8080/d1/381/AUTH_cb9833fe5ea641649cb26bc687a9c748/gnocchi.016140d0-5b83-476f-afba-febe89cbb821/1780920000.0_mean_300.0_v3" "tx9b19d010a7784320837e2-006a2929b5" "object-server 25" 0.0009 "-" 23 0
Jun 10 09:09:09 standalone object-server[127007]: 172.20.0.100 - - [10/Jun/2026:09:09:09 +0000] "PUT /d1/381/AUTH_cb9833fe5ea641649cb26bc687a9c748/gnocchi.016140d0-5b83-476f-afba-febe89cbb821/1780920000.0_mean_300.0_v3" 201 - "PUT http://172.18.0.2:8080/v1/AUTH_cb9833fe5ea641649cb26bc687a9c748/gnocchi.016140d0-5b83-476f-afba-febe89cbb821/1780920000.0_mean_300.0_v3" "tx9b19d010a7784320837e2-006a2929b5" "proxy-server 12" 0.0138 "-" 25 0
Jun 10 09:09:09 standalone proxy-server[128787]: 172.18.0.2 172.18.0.100 10/Jun/2026/09/09/09 PUT /v1/AUTH_cb9833fe5ea641649cb26bc687a9c748/gnocchi.016140d0-5b83-476f-afba-febe89cbb821/1780920000.0_mean_300.0_v3 HTTP/1.0 201 - python-swiftclient-3.11.1 gAAAAABqKSk5vUXe... 16 - - tx9b19d010a7784320837e2-006a2929b5 - 0.0214 - - 1781082549.567224741 1781082549.588669538 0
