Jun 10 09:09:22 standalone object-server[127007]: 172.20.0.100 - - [10/Jun/2026:09:09:22 +0000] "PUT /d1/300/AUTH_cb9833fe5ea641649cb26bc687a9c748/gnocchi.fc634d93-3f1a-4049-874f-1de06fd72cc1/none_v3" 201 - "PUT http://172.18.0.2:8080/v1/AUTH_cb9833fe5ea641649cb26bc687a9c748/gnocchi.fc634d93-3f1a-4049-874f-1de06fd72cc1/none_v3" "tx516b518bb2824e07aa25f-006a2929c2" "proxy-server 12" 0.0121 "-" 25 0
Jun 10 09:09:22 standalone proxy-server[128787]: 172.18.0.2 172.18.0.100 10/Jun/2026/09/09/22 PUT /v1/AUTH_cb9833fe5ea641649cb26bc687a9c748/gnocchi.fc634d93-3f1a-4049-874f-1de06fd72cc1/none_v3 HTTP/1.0 201 - python-swiftclient-3.11.1 gAAAAABqKSk5vUXe... 22 - - tx516b518bb2824e07aa25f-006a2929c2 - 0.0190 - - 1781082562.842331409 1781082562.861316442 0
Jun 10 09:09:22 standalone container-server[126771]: 172.20.0.100 - - [10/Jun/2026:09:09:22 +0000] "HEAD /d1/756/AUTH_cb9833fe5ea641649cb26bc687a9c748/gnocchi.063fff0a-75c8-4c7e-ae67-e2f9cea3f97c" 404 - "HEAD http://172.18.0.2:8080/v1/AUTH_cb9833fe5ea641649cb26bc687a9c748/gnocchi.063fff0a-75c8-4c7e-ae67-e2f9cea3f97c?format=json&states=listing" "tx131bf925a8e74f8fbf561-006a2929c2" "proxy-server 12" 0.0010 "-" 22 0
Jun 10 09:09:22 standalone object-server[126981]: 172.20.0.100 - - [10/Jun/2026:09:09:22 +0000] "GET /d1/910/AUTH_cb9833fe5ea641649cb26bc687a9c748/gnocchi.063fff0a-75c8-4c7e-ae67-e2f9cea3f97c/none_v3" 404 70 "GET http://172.18.0.2:8080/v1/AUTH_cb9833fe5ea641649cb26bc687a9c748/gnocchi.063fff0a-75c8-4c7e-ae67-e2f9cea3f97c/none_v3" "tx131bf925a8e74f8fbf561-006a2929c2" "proxy-server 12" 0.0007 "-" 23 0
Jun 10 09:09:22 standalone proxy-server[128787]: 172.18.0.2 172.18.0.100 10/Jun/2026/09/09/22 GET /v1/AUTH_cb9833fe5ea641649cb26bc687a9c748/gnocchi.063fff0a-75c8-4c7e-ae67-e2f9cea3f97c/none_v3 HTTP/1.0 404 - python-swiftclient-3.11.1 gAAAAABqKSk5vUXe... - 70 - tx131bf925a8e74f8fbf561-006a2929c2 - 0.0138 - - 1781082562.883652449 1781082562.897418976 0
Jun 10 09:09:22 standalone account-server[126808]: 172.20.0.100 - - [10/Jun/2026:09:09:22 +0000] "PUT /d1/374/AUTH_cb9833fe5ea641649cb26bc687a9c748/gnocchi.063fff0a-75c8-4c7e-ae67-e2f9cea3f97c" 201 - "PUT http://172.20.0.100:6001/d1/756/AUTH_cb9833fe5ea641649cb26bc687a9c748/gnocchi.063fff0a-75c8-4c7e-ae67-e2f9cea3f97c" "tx121648d9de3549a0b50e4-006a2929c2" "container-server 19" 0.0085 "-" 20 0
Jun 10 09:09:22 standalone container-server[126738]: 172.20.0.100 - - [10/Jun/2026:09:09:22 +0000] "PUT /d1/756/AUTH_cb9833fe5ea641649cb26bc687a9c748/gnocchi.063fff0a-75c8-4c7e-ae67-e2f9cea3f97c" 201 - "PUT http://172.18.0.2:8080/v1/AUTH_cb9833fe5ea641649cb26bc687a9c748/gnocchi.063fff0a-75c8-4c7e-ae67-e2f9cea3f97c" "tx121648d9de3549a0b50e4-006a2929c2" "proxy-server 12" 0.0289 "-" 19 0
Jun 10 09:09:22 standalone proxy-server[128787]: 172.18.0.2 172.18.0.100 10/Jun/2026/09/09/22 PUT /v1/AUTH_cb9833fe5ea641649cb26bc687a9c748/gnocchi.063fff0a-75c8-4c7e-ae67-e2f9cea3f97c HTTP/1.0 201 - python-swiftclient-3.11.1 gAAAAABqKSk5vUXe... - - - tx121648d9de3549a0b50e4-006a2929c2 - 0.0374 - - 1781082562.902262211 1781082562.939671040 0
Jun 10 09:09:22 standalone container-server[126773]: 172.20.0.100 - - [10/Jun/2026:09:09:22 +0000] "HEAD /d1/756/AUTH_cb9833fe5ea641649cb26bc687a9c748/gnocchi.063fff0a-75c8-4c7e-ae67-e2f9cea3f97c" 204 - "HEAD http://172.18.0.2:8080/v1/AUTH_cb9833fe5ea641649cb26bc687a9c748/gnocchi.063fff0a-75c8-4c7e-ae67-e2f9cea3f97c?format=json&states=listing" "txff1125019c5c40e99a1f3-006a2929c2" "proxy-server 12" 0.0029 "-" 23 0
Jun 10 09:09:22 standalone proxy-server[128787]: - - 10/Jun/2026/09/09/22 HEAD /v1/AUTH_cb9833fe5ea641649cb26bc687a9c748/gnocchi.063fff0a-75c8-4c7e-ae67-e2f9cea3f97c%3Fformat%3Djson%26states%3Dlisting HTTP/1.0 204 - Swift - - - - txff1125019c5c40e99a1f3-006a2929c2 - 0.0082 RL - 1781082562.947604895 1781082562.955812931 0
Jun 10 09:09:22 standalone container-server[126771]: 172.20.0.100 - - [10/Jun/2026:09:09:22 +0000] "GET /d1/756/AUTH_cb9833fe5ea641649cb26bc687a9c748/gnocchi.063fff0a-75c8-4c7e-ae67-e2f9cea3f97c" 200 2 "GET http://172.18.0.2:8080/v1/AUTH_cb9833fe5ea641649cb26bc687a9c748/gnocchi.063fff0a-75c8-4c7e-ae67-e2f9cea3f97c?format=json&states=listing" "txff1125019c5c40e99a1f3-006a2929c2" "proxy-server 12" 0.0033 "-" 22 0
Jun 10 09:09:22 standalone proxy-server[128787]: 172.18.0.2 172.18.0.100 10/Jun/2026/09/09/22 GET /v1/AUTH_cb9833fe5ea641649cb26bc687a9c748/gnocchi.063fff0a-75c8-4c7e-ae67-e2f9cea3f97c%3Fformat%3Djson%26states%3Dlisting HTTP/1.0 200 - python-swiftclient-3.11.1 gAAAAABqKSk5vUXe... - 2 - txff1125019c5c40e99a1f3-006a2929c2 - 0.0242 - - 1781082562.946186304 1781082562.970371485 0
Jun 10 09:09:22 standalone object-server[126981]: 172.20.0.100 - - [10/Jun/2026:09:09:22 +0000] "GET /d1/157/AUTH_cb9833fe5ea641649cb26bc687a9c748/gnocchi.063fff0a-75c8-4c7e-ae67-e2f9cea3f97c/1780920000.0_mean_300.0_v3" 404 70 "GET http://172.18.0.2:8080/v1/AUTH_cb9833fe5ea641649cb26bc687a9c748/gnocchi.063fff0a-75c8-4c7e-ae67-e2f9cea3f97c/1780920000.0_mean_300.0_v3" "tx40edf6ea0e4c4391bf803-006a2929c2" "proxy-server 12" 0.0004 "-" 23 0
Jun 10 09:09:22 standalone proxy-server[128787]: 172.18.0.2 172.18.0.100 10/Jun/2026/09/09/22 GET /v1/AUTH_cb9833fe5ea641649cb26bc687a9c748/gnocchi.063fff0a-75c8-4c7e-ae67-e2f9cea3f97c/1780920000.0_mean_300.0_v3 HTTP/1.0 404 - python-swiftclient-3.11.1 gAAAAABqKSk5vUXe... - 70 - tx40edf6ea0e4c4391bf803-006a2929c2 - 0.0052 - - 1781082562.974667549 1781082562.979905367 0
Jun 10 09:09:23 standalone container-server[126773]: 172.20.0.100 - - [10/Jun/2026:09:09:23 +0000] "PUT /d1/756/AUTH_cb9833fe5ea641649cb26bc687a9c748/gnocchi.063fff0a-75c8-4c7e-ae67-e2f9cea3f97c/1780920000.0_mean_300.0_v3" 201 - "PUT http://172.18.0.2:8080/d1/157/AUTH_cb9833fe5ea641649cb26bc687a9c748/gnocchi.063fff0a-75c8-4c7e-ae67-e2f9cea3f97c/1780920000.0_mean_300.0_v3" "tx6f6d124401604526b097d-006a2929c2" "object-server 22" 0.0012 "-" 23 0
Jun 10 09:09:23 standalone object-server[126979]: 172.20.0.100 - - [10/Jun/2026:09:09:23 +0000] "PUT /d1/157/AUTH_cb9833fe5ea641649cb26bc687a9c748/gnocchi.063fff0a-75c8-4c7e-ae67-e2f9cea3f97c/1780920000.0_mean_300.0_v3" 201 - "PUT http://172.18.0.2:8080/v1/AUTH_cb9833fe5ea641649cb26bc687a9c748/gnocchi.063fff0a-75c8-4c7e-ae67-e2f9cea3f97c/1780920000.0_mean_300.0_v3" "tx6f6d124401604526b097d-006a2929c2" "proxy-server 12" 0.0142 "-" 22 0
Jun 10 09:09:23 standalone proxy-server[128787]: 172.18.0.2 172.18.0.100 10/Jun/2026/09/09/23 PUT /v1/AUTH_cb9833fe5ea641649cb26bc687a9c748/gnocchi.063fff0a-75c8-4c7e-ae67-e2f9cea3f97c/1780920000.0_mean_300.0_v3 HTTP/1.0 201 - python-swiftclient-3.11.1 gAAAAABqKSk5vUXe... 16 - - tx6f6d124401604526b097d-006a2929c2 - 0.0204 - - 1781082562.983662844 1781082563.004106760 0
Jun 10 09:09:23 standalone container-server[126771]: 172.20.0.100 - - [10/Jun/2026:09:09:23 +0000] "PUT /d1/756/AUTH_cb9833fe5ea641649cb26bc687a9c748/gnocchi.063fff0a-75c8-4c7e-ae67-e2f9cea3f97c/none_v3" 201 - "PUT http://172.18.0.2:8080/d1/910/AUTH_cb9833fe5ea641649cb26bc687a9c748/gnocchi.063fff0a-75c8-4c7e-ae67-e2f9cea3f97c/none_v3" "tx35b376dbf9ef49168a887-006a2929c3" "object-server 23" 0.0010 "-" 22 0
Jun 10 09:09:23 standalone object-server[126981]: 172.20.0.100 - - [10/Jun/2026:09:09:23 +0000] "PUT /d1/910/AUTH_cb9833fe5ea641649cb26bc687a9c748/gnocchi.063fff0a-75c8-4c7e-ae67-e2f9cea3f97c/none_v3" 201 - "PUT http://172.18.0.2:8080/v1/AUTH_cb9833fe5ea641649cb26bc687a9c748/gnocchi.063fff0a-75c8-4c7e-ae67-e2f9cea3f97c/none_v3" "tx35b376dbf9ef49168a887-006a2929c3" "proxy-server 12" 0.0187 "-" 23 0
Jun 10 09:09:23 standalone proxy-server[128787]: 172.18.0.2 172.18.0.100 10/Jun/2026/09/09/23 PUT /v1/AUTH_cb9833fe5ea641649cb26bc687a9c748/gnocchi.063fff0a-75c8-4c7e-ae67-e2f9cea3f97c/none_v3 HTTP/1.0 201 - python-swiftclient-3.11.1 gAAAAABqKSk5vUXe... 22 - - tx35b376dbf9ef49168a887-006a2929c3 - 0.0262 - - 1781082563.009155989 1781082563.035357714 0
Jun 10 09:09:23 standalone container-server[126773]: 172.20.0.100 - - [10/Jun/2026:09:09:23 +0000] "HEAD /d1/793/AUTH_cb9833fe5ea641649cb26bc687a9c748/gnocchi.b72965f5-d0de-4313-893a-73ac92b11ab0" 404 - "HEAD http://172.18.0.2:8080/v1/AUTH_cb9833fe5ea641649cb26bc687a9c748/gnocchi.b72965f5-d0de-4313-893a-73ac92b11ab0?format=json&states=listing" "tx262b55f4c9bc425bb0c03-006a2929c3" "proxy-server 12" 0.0007 "-" 23 0
Jun 10 09:09:23 standalone object-server[126990]: 172.20.0.100 - - [10/Jun/2026:09:09:23 +0000] "GET /d1/706/AUTH_cb9833fe5ea641649cb26bc687a9c748/gnocchi.b72965f5-d0de-4313-893a-73ac92b11ab0/none_v3" 404 70 "GET http://172.18.0.2:8080/v1/AUTH_cb9833fe5ea641649cb26bc687a9c748/gnocchi.b72965f5-d0de-4313-893a-73ac92b11ab0/none_v3" "tx262b55f4c9bc425bb0c03-006a2929c3" "proxy-server 12" 0.0005 "-" 24 0
Jun 10 09:09:23 standalone proxy-server[128787]: 172.18.0.2 172.18.0.100 10/Jun/2026/09/09/23 GET /v1/AUTH_cb9833fe5ea641649cb26bc687a9c748/gnocchi.b72965f5-d0de-4313-893a-73ac92b11ab0/none_v3 HTTP/1.0 404 - python-swiftclient-3.11.1 gAAAAABqKSk5vUXe... - 70 - tx262b55f4c9bc425bb0c03-006a2929c3 - 0.0145 - - 1781082563.046499252 1781082563.061029434 0
Jun 10 09:09:23 standalone account-server[126823]: 172.20.0.100 - - [10/Jun/2026:09:09:23 +0000] "PUT /d1/374/AUTH_cb9833fe5ea641649cb26bc687a9c748/gnocchi.b72965f5-d0de-4313-893a-73ac92b11ab0" 201 - "PUT http://172.20.0.100:6001/d1/793/AUTH_cb9833fe5ea641649cb26bc687a9c748/gnocchi.b72965f5-d0de-4313-893a-73ac92b11ab0" "tx774e5ac99e7f411bb0132-006a2929c3" "container-server 19" 0.0065 "-" 21 0
Jun 10 09:09:23 standalone container-server[126738]: 172.20.0.100 - - [10/Jun/2026:09:09:23 +0000] "PUT /d1/793/AUTH_cb9833fe5ea641649cb26bc687a9c748/gnocchi.b72965f5-d0de-4313-893a-73ac92b11ab0" 201 - "PUT http://172.18.0.2:8080/v1/AUTH_cb9833fe5ea641649cb26bc687a9c748/gnocchi.b72965f5-d0de-4313-893a-73ac92b11ab0" "tx774e5ac99e7f411bb0132-006a2929c3" "proxy-server 12" 0.0211 "-" 19 0
Jun 10 09:09:23 standalone proxy-server[128787]: 172.18.0.2 172.18.0.100 10/Jun/2026/09/09/23 PUT /v1/AUTH_cb9833fe5ea641649cb26bc687a9c748/gnocchi.b72965f5-d0de-4313-893a-73ac92b11ab0 HTTP/1.0 201 - python-swiftclient-3.11.1 gAAAAABqKSk5vUXe... - - - tx774e5ac99e7f411bb0132-006a2929c3 - 0.0364 - - 1781082563.065777779 1781082563.102209330 0
Jun 10 09:09:23 standalone container-server[126773]: 172.20.0.100 - - [10/Jun/2026:09:09:23 +0000] "HEAD /d1/793/AUTH_cb9833fe5ea641649cb26bc687a9c748/gnocchi.b72965f5-d0de-4313-893a-73ac92b11ab0" 204 - "HEAD http://172.18.0.2:8080/v1/AUTH_cb9833fe5ea641649cb26bc687a9c748/gnocchi.b72965f5-d0de-4313-893a-73ac92b11ab0?format=json&states=listing" "txff8542517c274d99ba2a9-006a2929c3" "proxy-server 12" 0.0029 "-" 23 0
Jun 10 09:09:23 standalone proxy-server[128787]: - - 10/Jun/2026/09/09/23 HEAD /v1/AUTH_cb9833fe5ea641649cb26bc687a9c748/gnocchi.b72965f5-d0de-4313-893a-73ac92b11ab0%3Fformat%3Djson%26states%3Dlisting HTTP/1.0 204 - Swift - - - - txff8542517c274d99ba2a9-006a2929c3 - 0.0103 RL - 1781082563.113642931 1781082563.123897076 0
Jun 10 09:09:23 standalone container-server[126773]: 172.20.0.100 - - [10/Jun/2026:09:09:23 +0000] "GET /d1/793/AUTH_cb9833fe5ea641649cb26bc687a9c748/gnocchi.b72965f5-d0de-4313-893a-73ac92b11ab0" 200 2 "GET http://172.18.0.2:8080/v1/AUTH_cb9833fe5ea641649cb26bc687a9c748/gnocchi.b72965f5-d0de-4313-893a-73ac92b11ab0?format=json&states=listing" "txff8542517c274d99ba2a9-006a2929c3" "proxy-server 12" 0.0051 "-" 23 0
Jun 10 09:09:23 standalone proxy-server[128787]: 172.18.0.2 172.18.0.100 10/Jun/2026/09/09/23 GET /v1/AUTH_cb9833fe5ea641649cb26bc687a9c748/gnocchi.b72965f5-d0de-4313-893a-73ac92b11ab0%3Fformat%3Djson%26states%3Dlisting HTTP/1.0 200 - python-swiftclient-3.11.1 gAAAAABqKSk5vUXe... - 2 - txff8542517c274d99ba2a9-006a2929c3 - 0.0282 - - 1781082563.111720562 1781082563.139934778 0
Jun 10 09:09:23 standalone object-server[126979]: 172.20.0.100 - - [10/Jun/2026:09:09:23 +0000] "GET /d1/651/AUTH_cb9833fe5ea641649cb26bc687a9c748/gnocchi.b72965f5-d0de-4313-893a-73ac92b11ab0/1780920000.0_mean_300.0_v3" 404 70 "GET http://172.18.0.2:8080/v1/AUTH_cb9833fe5ea641649cb26bc687a9c748/gnocchi.b72965f5-d0de-4313-893a-73ac92b11ab0/1780920000.0_mean_300.0_v3" "tx57d36e86134c4209b2c56-006a2929c3" "proxy-server 12" 0.0005 "-" 22 0
Jun 10 09:09:23 standalone proxy-server[128787]: 172.18.0.2 172.18.0.100 10/Jun/2026/09/09/23 GET /v1/AUTH_cb9833fe5ea641649cb26bc687a9c748/gnocchi.b72965f5-d0de-4313-893a-73ac92b11ab0/1780920000.0_mean_300.0_v3 HTTP/1.0 404 - python-swiftclient-3.11.1 gAAAAABqKSk5vUXe... - 70 - tx57d36e86134c4209b2c56-006a2929c3 - 0.0098 - - 1781082563.147796631 1781082563.157567501 0
Jun 10 09:09:23 standalone container-server[126740]: 172.20.0.100 - - [10/Jun/2026:09:09:23 +0000] "PUT /d1/793/AUTH_cb9833fe5ea641649cb26bc687a9c748/gnocchi.b72965f5-d0de-4313-893a-73ac92b11ab0/1780920000.0_mean_300.0_v3" 201 - "PUT http://172.18.0.2:8080/d1/651/AUTH_cb9833fe5ea641649cb26bc687a9c748/gnocchi.b72965f5-d0de-4313-893a-73ac92b11ab0/1780920000.0_mean_300.0_v3" "tx051a0aa0b620400dace92-006a2929c3" "object-server 25" 0.0014 "-" 20 0
Jun 10 09:09:23 standalone object-server[127007]: 172.20.0.100 - - [10/Jun/2026:09:09:23 +0000] "PUT /d1/651/AUTH_cb9833fe5ea641649cb26bc687a9c748/gnocchi.b72965f5-d0de-4313-893a-73ac92b11ab0/1780920000.0_mean_300.0_v3" 201 - "PUT http://172.18.0.2:8080/v1/AUTH_cb9833fe5ea641649cb26bc687a9c748/gnocchi.b72965f5-d0de-4313-893a-73ac92b11ab0/1780920000.0_mean_300.0_v3" "tx051a0aa0b620400dace92-006a2929c3" "proxy-server 12" 0.0162 "-" 25 0
Jun 10 09:09:23 standalone proxy-server[128787]: 172.18.0.2 172.18.0.100 10/Jun/2026/09/09/23 PUT /v1/AUTH_cb9833fe5ea641649cb26bc687a9c748/gnocchi.b72965f5-d0de-4313-893a-73ac92b11ab0/1780920000.0_mean_300.0_v3 HTTP/1.0 201 - python-swiftclient-3.11.1 gAAAAABqKSk5vUXe... 16 - - tx051a0aa0b620400dace92-006a2929c3 - 0.0285 - - 1781082563.163769007 1781082563.192286968 0
Jun 10 09:09:23 standalone container-server[126773]: 172.20.0.100 - - [10/Jun/2026:09:09:23 +0000] "PUT /d1/793/AUTH_cb9833fe5ea641649cb26bc687a9c748/gnocchi.b72965f5-d0de-4313-893a-73ac92b11ab0/none_v3" 201 - "PUT http://172.18.0.2:8080/d1/706/AUTH_cb9833fe5ea641649cb26bc687a9c748/gnocchi.b72965f5-d0de-4313-893a-73ac92b11ab0/none_v3" "tx26dc4be2107742d086e15-006a2929c3" "object-server 23" 0.0009 "-" 23 0
Jun 10 09:09:23 standalone object-server[126981]: 172.20.0.100 - - [10/Jun/2026:09:09:23 +0000] "PUT /d1/706/AUTH_cb9833fe5ea641649cb26bc687a9c748/gnocchi.b72965f5-d0de-4313-893a-73ac92b11ab0/none_v3" 201 - "PUT http://172.18.0.2:8080/v1/AUTH_cb9833fe5ea641649cb26bc687a9c748/gnocchi.b72965f5-d0de-4313-893a-73ac92b11ab0/none_v3" "tx26dc4be2107742d086e15-006a2929c3" "proxy-server 12" 0.0097 "-" 23 0
Jun 10 09:09:23 standalone proxy-server[128787]: 172.18.0.2 172.18.0.100 10/Jun/2026/09/09/23 PUT /v1/AUTH_cb9833fe5ea641649cb26bc687a9c748/gnocchi.b72965f5-d0de-4313-893a-73ac92b11ab0/none_v3 HTTP/1.0 201 - python-swiftclient-3.11.1 gAAAAABqKSk5vUXe... 22 - - tx26dc4be2107742d086e15-006a2929c3 - 0.0171 - - 1781082563.197839499 1781082563.214919329 0
Jun 10 09:09:29 standalone container-server[126740]: 172.20.0.100 - - [10/Jun/2026:09:09:29 +0000] "HEAD /d1/117/AUTH_cb9833fe5ea641649cb26bc687a9c748/gnocchi.e9ba4e77-ae4e-4376-a481-a5b856c0c754" 404 - "HEAD http://172.18.0.2:8080/v1/AUTH_cb9833fe5ea641649cb26bc687a9c748/gnocchi.e9ba4e77-ae4e-4376-a481-a5b856c0c754?format=json&states=listing" "tx7d4a008fd4fd4d8ab6353-006a2929c9" "proxy-server 12" 0.0008 "-" 20 0
Jun 10 09:09:29 standalone object-server[126979]: 172.20.0.100 - - [10/Jun/2026:09:09:29 +0000] "GET /d1/267/AUTH_cb9833fe5ea641649cb26bc687a9c748/gnocchi.e9ba4e77-ae4e-4376-a481-a5b856c0c754/none_v3" 404 70 "GET http://172.18.0.2:8080/v1/AUTH_cb9833fe5ea641649cb26bc687a9c748/gnocchi.e9ba4e77-ae4e-4376-a481-a5b856c0c754/none_v3" "tx7d4a008fd4fd4d8ab6353-006a2929c9" "proxy-server 12" 0.0006 "-" 22 0
Jun 10 09:09:29 standalone proxy-server[128787]: 172.18.0.2 172.18.0.100 10/Jun/2026/09/09/29 GET /v1/AUTH_cb9833fe5ea641649cb26bc687a9c748/gnocchi.e9ba4e77-ae4e-4376-a481-a5b856c0c754/none_v3 HTTP/1.0 404 - python-swiftclient-3.11.1 gAAAAABqKSk5vUXe... - 70 - tx7d4a008fd4fd4d8ab6353-006a2929c9 - 0.0211 - - 1781082569.666335344 1781082569.687389851 0
Jun 10 09:09:29 standalone account-server[126824]: 172.20.0.100 - - [10/Jun/2026:09:09:29 +0000] "PUT /d1/374/AUTH_cb9833fe5ea641649cb26bc687a9c748/gnocchi.e9ba4e77-ae4e-4376-a481-a5b856c0c754" 201 - "PUT http://172.20.0.100:6001/d1/117/AUTH_cb9833fe5ea641649cb26bc687a9c748/gnocchi.e9ba4e77-ae4e-4376-a481-a5b856c0c754" "txa513c061b3274c9e858f7-006a2929c9" "container-server 20" 0.0043 "-" 22 0
Jun 10 09:09:29 standalone container-server[126740]: 172.20.0.100 - - [10/Jun/2026:09:09:29 +0000] "PUT /d1/117/AUTH_cb9833fe5ea641649cb26bc687a9c748/gnocchi.e9ba4e77-ae4e-4376-a481-a5b856c0c754" 201 - "PUT http://172.18.0.2:8080/v1/AUTH_cb9833fe5ea641649cb26bc687a9c748/gnocchi.e9ba4e77-ae4e-4376-a481-a5b856c0c754" "txa513c061b3274c9e858f7-006a2929c9" "proxy-server 12" 0.0188 "-" 20 0
Jun 10 09:09:29 standalone proxy-server[128787]: 172.18.0.2 172.18.0.100 10/Jun/2026/09/09/29 PUT /v1/AUTH_cb9833fe5ea641649cb26bc687a9c748/gnocchi.e9ba4e77-ae4e-4376-a481-a5b856c0c754 HTTP/1.0 201 - python-swiftclient-3.11.1 gAAAAABqKSk5vUXe... - - - txa513c061b3274c9e858f7-006a2929c9 - 0.0271 - - 1781082569.692054749 1781082569.719156742 0
Jun 10 09:09:29 standalone container-server[126773]: 172.20.0.100 - - [10/Jun/2026:09:09:29 +0000] "HEAD /d1/117/AUTH_cb9833fe5ea641649cb26bc687a9c748/gnocchi.e9ba4e77-ae4e-4376-a481-a5b856c0c754" 204 - "HEAD http://172.18.0.2:8080/v1/AUTH_cb9833fe5ea641649cb26bc687a9c748/gnocchi.e9ba4e77-ae4e-4376-a481-a5b856c0c754?format=json&states=listing" "txea18b8a85a19403aa7001-006a2929c9" "proxy-server 12" 0.0026 "-" 23 0
Jun 10 09:09:29 standalone proxy-server[128787]: - - 10/Jun/2026/09/09/29 HEAD /v1/AUTH_cb9833fe5ea641649cb26bc687a9c748/gnocchi.e9ba4e77-ae4e-4376-a481-a5b856c0c754%3Fformat%3Djson%26states%3Dlisting HTTP/1.0 204 - Swift - - - - txea18b8a85a19403aa7001-006a2929c9 - 0.0064 RL - 1781082569.724649429 1781082569.731055498 0
Jun 10 09:09:29 standalone container-server[126773]: 172.20.0.100 - - [10/Jun/2026:09:09:29 +0000] "GET /d1/117/AUTH_cb9833fe5ea641649cb26bc687a9c748/gnocchi.e9ba4e77-ae4e-4376-a481-a5b856c0c754" 200 2 "GET http://172.18.0.2:8080/v1/AUTH_cb9833fe5ea641649cb26bc687a9c748/gnocchi.e9ba4e77-ae4e-4376-a481-a5b856c0c754?format=json&states=listing" "txea18b8a85a19403aa7001-006a2929c9" "proxy-server 12" 0.0039 "-" 23 0
Jun 10 09:09:29 standalone proxy-server[128787]: 172.18.0.2 172.18.0.100 10/Jun/2026/09/09/29 GET /v1/AUTH_cb9833fe5ea641649cb26bc687a9c748/gnocchi.e9ba4e77-ae4e-4376-a481-a5b856c0c754%3Fformat%3Djson%26states%3Dlisting HTTP/1.0 200 - python-swiftclient-3.11.1 gAAAAABqKSk5vUXe... - 2 - txea18b8a85a19403aa7001-006a2929c9 - 0.0170 - - 1781082569.723650455 1781082569.740623951 0
Jun 10 09:09:29 standalone object-server[126979]: 172.20.0.100 - - [10/Jun/2026:09:09:29 +0000] "GET /d1/59/AUTH_cb9833fe5ea641649cb26bc687a9c748/gnocchi.e9ba4e77-ae4e-4376-a481-a5b856c0c754/1780920000.0_mean_300.0_v3" 404 70 "GET http://172.18.0.2:8080/v1/AUTH_cb9833fe5ea641649cb26bc687a9c748/gnocchi.e9ba4e77-ae4e-4376-a481-a5b856c0c754/1780920000.0_mean_300.0_v3" "tx372d69cddb604e15a8d8d-006a2929c9" "proxy-server 12" 0.0005 "-" 22 0
Jun 10 09:09:29 standalone proxy-server[128787]: 172.18.0.2 172.18.0.100 10/Jun/2026/09/09/29 GET /v1/AUTH_cb9833fe5ea641649cb26bc687a9c748/gnocchi.e9ba4e77-ae4e-4376-a481-a5b856c0c754/1780920000.0_mean_300.0_v3 HTTP/1.0 404 - python-swiftclient-3.11.1 gAAAAABqKSk5vUXe... - 70 - tx372d69cddb604e15a8d8d-006a2929c9 - 0.0052 - - 1781082569.745205164 1781082569.750438213 0
Jun 10 09:09:29 standalone container-server[126771]: 172.20.0.100 - - [10/Jun/2026:09:09:29 +0000] "PUT /d1/117/AUTH_cb9833fe5ea641649cb26bc687a9c748/gnocchi.e9ba4e77-ae4e-4376-a481-a5b856c0c754/1780920000.0_mean_300.0_v3" 201 - "PUT http://172.18.0.2:8080/d1/59/AUTH_cb9833fe5ea641649cb26bc687a9c748/gnocchi.e9ba4e77-ae4e-4376-a481-a5b856c0c754/1780920000.0_mean_300.0_v3" "tx34bcccd79d9a4f4a97ec2-006a2929c9" "object-server 23" 0.0009 "-" 22 0
Jun 10 09:09:29 standalone object-server[126981]: 172.20.0.100 - - [10/Jun/2026:09:09:29 +0000] "PUT /d1/59/AUTH_cb9833fe5ea641649cb26bc687a9c748/gnocchi.e9ba4e77-ae4e-4376-a481-a5b856c0c754/1780920000.0_mean_300.0_v3" 201 - "PUT http://172.18.0.2:8080/v1/AUTH_cb9833fe5ea641649cb26bc687a9c748/gnocchi.e9ba4e77-ae4e-4376-a481-a5b856c0c754/1780920000.0_mean_300.0_v3" "tx34bcccd79d9a4f4a97ec2-006a2929c9" "proxy-server 12" 0.0105 "-" 23 0
Jun 10 09:09:29 standalone proxy-server[128787]: 172.18.0.2 172.18.0.100 10/Jun/2026/09/09/29 PUT /v1/AUTH_cb9833fe5ea641649cb26bc687a9c748/gnocchi.e9ba4e77-ae4e-4376-a481-a5b856c0c754/1780920000.0_mean_300.0_v3 HTTP/1.0 201 - python-swiftclient-3.11.1 gAAAAABqKSk5vUXe... 16 - - tx34bcccd79d9a4f4a97ec2-006a2929c9 - 0.0174 - - 1781082569.754356384 1781082569.771802664 0
Jun 10 09:09:29 standalone container-server[126773]: 172.20.0.100 - - [10/Jun/2026:09:09:29 +0000] "PUT /d1/117/AUTH_cb9833fe5ea641649cb26bc687a9c748/gnocchi.e9ba4e77-ae4e-4376-a481-a5b856c0c754/none_v3" 201 - "PUT http://172.18.0.2:8080/d1/267/AUTH_cb9833fe5ea641649cb26bc687a9c748/gnocchi.e9ba4e77-ae4e-4376-a481-a5b856c0c754/none_v3" "tx66184cf0b3a943ad97186-006a2929c9" "object-server 23" 0.0008 "-" 23 0
Jun 10 09:09:29 standalone object-server[126981]: 172.20.0.100 - - [10/Jun/2026:09:09:29 +0000] "PUT /d1/267/AUTH_cb9833fe5ea641649cb26bc687a9c748/gnocchi.e9ba4e77-ae4e-4376-a481-a5b856c0c754/none_v3" 201 - "PUT http://172.18.0.2:8080/v1/AUTH_cb9833fe5ea641649cb26bc687a9c748/gnocchi.e9ba4e77-ae4e-4376-a481-a5b856c0c754/none_v3" "tx66184cf0b3a943ad97186-006a2929c9" "proxy-server 12" 0.0108 "-" 23 0
Jun 10 09:09:29 standalone proxy-server[128787]: 172.18.0.2 172.18.0.100 10/Jun/2026/09/09/29 PUT /v1/AUTH_cb9833fe5ea641649cb26bc687a9c748/gnocchi.e9ba4e77-ae4e-4376-a481-a5b856c0c754/none_v3 HTTP/1.0 201 - python-swiftclient-3.11.1 gAAAAABqKSk5vUXe... 22 - - tx66184cf0b3a943ad97186-006a2929c9 - 0.0151 - - 1781082569.775202274 1781082569.790302277 0
Jun 10 09:09:34 standalone container-server[126682]: Begin container update sweep
Jun 10 09:09:34 standalone account-server[126824]: 172.20.0.100 - - [10/Jun/2026:09:09:34 +0000] "PUT /d1/374/AUTH_cb9833fe5ea641649cb26bc687a9c748/gnocchi.33831e0b-b1c4-42b6-a5ca-bdf43b3f77d3" 201 - "-" "-" "container-updater 2" 0.0006 "-" 22 0
Jun 10 09:09:34 standalone account-server[126808]: 172.20.0.100 - - [10/Jun/2026:09:09:34 +0000] "PUT /d1/374/AUTH_cb9833fe5ea641649cb26bc687a9c748/gnocchi.edbbc741-7c15-4645-a17d-a04dd2337399" 201 - "-" "-" "container-updater 2" 0.0005 "-" 20 0
Jun 10 09:09:34 standalone account-server[126824]: 172.20.0.100 - - [10/Jun/2026:09:09:34 +0000] "PUT /d1/374/AUTH_cb9833fe5ea641649cb26bc687a9c748/gnocchi.8ca98aa5-b0a1-456b-a051-0fa2394f57ba" 201 - "-" "-" "container-updater 2" 0.0009 "-" 22 0
Jun 10 09:09:34 standalone object-server[127007]: 172.20.0.100 - - [10/Jun/2026:09:09:34 +0000] "GET /d1/267/AUTH_cb9833fe5ea641649cb26bc687a9c748/gnocchi.e9ba4e77-ae4e-4376-a481-a5b856c0c754/none_v3" 200 22 "GET http://172.18.0.2:8080/v1/AUTH_cb9833fe5ea641649cb26bc687a9c748/gnocchi.e9ba4e77-ae4e-4376-a481-a5b856c0c754/none_v3" "txa2ef4b8749494027bfbb9-006a2929ce" "proxy-server 12" 0.0012 "-" 25 0
Jun 10 09:09:34 standalone proxy-server[128787]: 172.18.0.2 172.18.0.100 10/Jun/2026/09/09/34 GET /v1/AUTH_cb9833fe5ea641649cb26bc687a9c748/gnocchi.e9ba4e77-ae4e-4376-a481-a5b856c0c754/none_v3 HTTP/1.0 200 - python-swiftclient-3.11.1 gAAAAABqKSk5vUXe... - 22 - txa2ef4b8749494027bfbb9-006a2929ce - 0.0122 - - 1781082574.713359118 1781082574.725547552 0
Jun 10 09:09:34 standalone container-server[126773]: 172.20.0.100 - - [10/Jun/2026:09:09:34 +0000] "GET /d1/117/AUTH_cb9833fe5ea641649cb26bc687a9c748/gnocchi.e9ba4e77-ae4e-4376-a481-a5b856c0c754" 200 357 "GET http://172.18.0.2:8080/v1/AUTH_cb9833fe5ea641649cb26bc687a9c748/gnocchi.e9ba4e77-ae4e-4376-a481-a5b856c0c754?format=json&states=listing" "txc8b33f11e94c416c8a6a5-006a2929ce" "proxy-server 12" 0.0133 "-" 23 0
Jun 10 09:09:34 standalone proxy-server[128787]: 172.18.0.2 172.18.0.100 10/Jun/2026/09/09/34 GET /v1/AUTH_cb9833fe5ea641649cb26bc687a9c748/gnocchi.e9ba4e77-ae4e-4376-a481-a5b856c0c754%3Fformat%3Djson%26states%3Dlisting HTTP/1.0 200 - python-swiftclient-3.11.1 gAAAAABqKSk5vUXe... - 357 - txc8b33f11e94c416c8a6a5-006a2929ce - 0.0239 - - 1781082574.730919123 1781082574.754800558 0
Jun 10 09:09:34 standalone container-server[126771]: 172.20.0.100 - - [10/Jun/2026:09:09:34 +0000] "GET /d1/117/AUTH_cb9833fe5ea641649cb26bc687a9c748/gnocchi.e9ba4e77-ae4e-4376-a481-a5b856c0c754" 200 2 "GET http://172.18.0.2:8080/v1/AUTH_cb9833fe5ea641649cb26bc687a9c748/gnocchi.e9ba4e77-ae4e-4376-a481-a5b856c0c754?format=json&marker=none_v3&states=listing" "tx6087d0e88ba342ebb7bfd-006a2929ce" "proxy-server 12" 0.0028 "-" 22 0
Jun 10 09:09:34 standalone proxy-server[128787]: 172.18.0.2 172.18.0.100 10/Jun/2026/09/09/34 GET /v1/AUTH_cb9833fe5ea641649cb26bc687a9c748/gnocchi.e9ba4e77-ae4e-4376-a481-a5b856c0c754%3Fformat%3Djson%26marker%3Dnone_v3%26states%3Dlisting HTTP/1.0 200 - python-swiftclient-3.11.1 gAAAAABqKSk5vUXe... - 2 - tx6087d0e88ba342ebb7bfd-006a2929ce - 0.0116 - - 1781082574.758847237 1781082574.770428896 0
Jun 10 09:09:34 standalone object-server[126981]: 172.20.0.100 - - [10/Jun/2026:09:09:34 +0000] "GET /d1/59/AUTH_cb9833fe5ea641649cb26bc687a9c748/gnocchi.e9ba4e77-ae4e-4376-a481-a5b856c0c754/1780920000.0_mean_300.0_v3" 200 16 "GET http://172.18.0.2:8080/v1/AUTH_cb9833fe5ea641649cb26bc687a9c748/gnocchi.e9ba4e77-ae4e-4376-a481-a5b856c0c754/1780920000.0_mean_300.0_v3" "tx8dfe5b2946b74b89833c6-006a2929ce" "proxy-server 12" 0.0006 "-" 23 0
Jun 10 09:09:34 standalone proxy-server[128787]: 172.18.0.2 172.18.0.100 10/Jun/2026/09/09/34 GET /v1/AUTH_cb9833fe5ea641649cb26bc687a9c748/gnocchi.e9ba4e77-ae4e-4376-a481-a5b856c0c754/1780920000.0_mean_300.0_v3 HTTP/1.0 200 - python-swiftclient-3.11.1 gAAAAABqKSk5vUXe... - 16 - tx8dfe5b2946b74b89833c6-006a2929ce - 0.0085 - - 1781082574.775022507 1781082574.783547640 0
Jun 10 09:09:34 standalone container-server[126738]: 172.20.0.100 - - [10/Jun/2026:09:09:34 +0000] "PUT /d1/117/AUTH_cb9833fe5ea641649cb26bc687a9c748/gnocchi.e9ba4e77-ae4e-4376-a481-a5b856c0c754/1780920000.0_mean_300.0_v3" 201 - "PUT http://172.18.0.2:8080/d1/59/AUTH_cb9833fe5ea641649cb26bc687a9c748/gnocchi.e9ba4e77-ae4e-4376-a481-a5b856c0c754/1780920000.0_mean_300.0_v3" "tx0e823027eb494986823ca-006a2929ce" "object-server 24" 0.0009 "-" 19 0
Jun 10 09:09:34 standalone object-server[126990]: 172.20.0.100 - - [10/Jun/2026:09:09:34 +0000] "PUT /d1/59/AUTH_cb9833fe5ea641649cb26bc687a9c748/gnocchi.e9ba4e77-ae4e-4376-a481-a5b856c0c754/1780920000.0_mean_300.0_v3" 201 - "PUT http://172.18.0.2:8080/v1/AUTH_cb9833fe5ea641649cb26bc687a9c748/gnocchi.e9ba4e77-ae4e-4376-a481-a5b856c0c754/1780920000.0_mean_300.0_v3" "tx0e823027eb494986823ca-006a2929ce" "proxy-server 12" 0.0126 "-" 24 0
Jun 10 09:09:34 standalone proxy-server[128787]: 172.18.0.2 172.18.0.100 10/Jun/2026/09/09/34 PUT /v1/AUTH_cb9833fe5ea641649cb26bc687a9c748/gnocchi.e9ba4e77-ae4e-4376-a481-a5b856c0c754/1780920000.0_mean_300.0_v3 HTTP/1.0 201 - python-swiftclient-3.11.1 gAAAAABqKSk5vUXe... 16 - - tx0e823027eb494986823ca-006a2929ce - 0.0207 - - 1781082574.786999226 1781082574.807717562 0
Jun 10 09:09:34 standalone account-server[126808]: 172.20.0.100 - - [10/Jun/2026:09:09:34 +0000] "PUT /d1/374/AUTH_cb9833fe5ea641649cb26bc687a9c748/gnocchi.6e437bff-418e-4687-9ceb-7725975667ea" 201 - "-" "-" "container-updater 2" 0.0005 "-" 20 0
Jun 10 09:09:34 standalone container-server[126771]: 172.20.0.100 - - [10/Jun/2026:09:09:34 +0000] "PUT /d1/117/AUTH_cb9833fe5ea641649cb26bc687a9c748/gnocchi.e9ba4e77-ae4e-4376-a481-a5b856c0c754/none_v3" 201 - "PUT http://172.18.0.2:8080/d1/267/AUTH_cb9833fe5ea641649cb26bc687a9c748/gnocchi.e9ba4e77-ae4e-4376-a481-a5b856c0c754/none_v3" "txa48218d04d20467cad63b-006a2929ce" "object-server 22" 0.0007 "-" 22 0
Jun 10 09:09:34 standalone object-server[126979]: 172.20.0.100 - - [10/Jun/2026:09:09:34 +0000] "PUT /d1/267/AUTH_cb9833fe5ea641649cb26bc687a9c748/gnocchi.e9ba4e77-ae4e-4376-a481-a5b856c0c754/none_v3" 201 - "PUT http://172.18.0.2:8080/v1/AUTH_cb9833fe5ea641649cb26bc687a9c748/gnocchi.e9ba4e77-ae4e-4376-a481-a5b856c0c754/none_v3" "txa48218d04d20467cad63b-006a2929ce" "proxy-server 12" 0.0110 "-" 22 0
Jun 10 09:09:34 standalone proxy-server[128787]: 172.18.0.2 172.18.0.100 10/Jun/2026/09/09/34 PUT /v1/AUTH_cb9833fe5ea641649cb26bc687a9c748/gnocchi.e9ba4e77-ae4e-4376-a481-a5b856c0c754/none_v3 HTTP/1.0 201 - python-swiftclient-3.11.1 gAAAAABqKSk5vUXe... 32 - - txa48218d04d20467cad63b-006a2929ce - 0.0210 - - 1781082574.813147306 1781082574.834144592 0
Jun 10 09:09:34 standalone account-server[126808]: 172.20.0.100 - - [10/Jun/2026:09:09:34 +0000] "PUT /d1/374/AUTH_cb9833fe5ea641649cb26bc687a9c748/gnocchi.e9ba4e77-ae4e-4376-a481-a5b856c0c754" 201 - "-" "-" "container-updater 2" 0.0008 "-" 20 0
Jun 10 09:09:34 standalone account-server[126825]: 172.20.0.100 - - [10/Jun/2026:09:09:34 +0000] "PUT /d1/374/AUTH_cb9833fe5ea641649cb26bc687a9c748/gnocchi.063fff0a-75c8-4c7e-ae67-e2f9cea3f97c" 201 - "-" "-" "container-updater 2" 0.0004 "-" 23 0
Jun 10 09:09:35 standalone account-server[126808]: 172.20.0.100 - - [10/Jun/2026:09:09:35 +0000] "PUT /d1/374/AUTH_cb9833fe5ea641649cb26bc687a9c748/gnocchi.b36e77f1-408f-494d-b919-b23aef541aa6" 201 - "-" "-" "container-updater 2" 0.0005 "-" 20 0
Jun 10 09:09:35 standalone account-server[126824]: 172.20.0.100 - - [10/Jun/2026:09:09:35 +0000] "PUT /d1/374/AUTH_cb9833fe5ea641649cb26bc687a9c748/gnocchi.fc634d93-3f1a-4049-874f-1de06fd72cc1" 201 - "-" "-" "container-updater 2" 0.0007 "-" 22 0
Jun 10 09:09:35 standalone account-server[126824]: 172.20.0.100 - - [10/Jun/2026:09:09:35 +0000] "PUT /d1/374/AUTH_cb9833fe5ea641649cb26bc687a9c748/gnocchi.2296986e-23d8-4e42-93ae-af1c777e2a2c" 201 - "-" "-" "container-updater 2" 0.0006 "-" 22 0
Jun 10 09:09:35 standalone account-server[126808]: 172.20.0.100 - - [10/Jun/2026:09:09:35 +0000] "PUT /d1/374/AUTH_cb9833fe5ea641649cb26bc687a9c748/gnocchi.2750479b-6ef3-42d1-8129-f80a0afaf082" 201 - "-" "-" "container-updater 2" 0.0006 "-" 20 0
Jun 10 09:09:35 standalone account-server[126824]: 172.20.0.100 - - [10/Jun/2026:09:09:35 +0000] "PUT /d1/374/AUTH_cb9833fe5ea641649cb26bc687a9c748/gnocchi.20169023-40d4-489d-ba38-a70ec5c3e3d1" 201 - "-" "-" "container-updater 2" 0.0008 "-" 22 0
Jun 10 09:09:35 standalone account-server[126823]: 172.20.0.100 - - [10/Jun/2026:09:09:35 +0000] "PUT /d1/374/AUTH_cb9833fe5ea641649cb26bc687a9c748/gnocchi.6242ceee-a614-4f33-a802-f7275adb7ef1" 201 - "-" "-" "container-updater 2" 0.0006 "-" 21 0
Jun 10 09:09:35 standalone account-server[126825]: 172.20.0.100 - - [10/Jun/2026:09:09:35 +0000] "PUT /d1/374/AUTH_cb9833fe5ea641649cb26bc687a9c748/gnocchi.016140d0-5b83-476f-afba-febe89cbb821" 201 - "-" "-" "container-updater 2" 0.0004 "-" 23 0
Jun 10 09:09:35 standalone account-server[126823]: 172.20.0.100 - - [10/Jun/2026:09:09:35 +0000] "PUT /d1/374/AUTH_cb9833fe5ea641649cb26bc687a9c748/gnocchi.c12c7ccd-4258-4239-8f69-0dab603eaaba" 201 - "-" "-" "container-updater 2" 0.0006 "-" 21 0
Jun 10 09:09:35 standalone account-server[126823]: 172.20.0.100 - - [10/Jun/2026:09:09:35 +0000] "PUT /d1/374/AUTH_cb9833fe5ea641649cb26bc687a9c748/gnocchi.078ffc10-89a3-432e-93c1-6ac584dcb57b" 201 - "-" "-" "container-updater 2" 0.0005 "-" 21 0
Jun 10 09:09:35 standalone account-server[126824]: 172.20.0.100 - - [10/Jun/2026:09:09:35 +0000] "PUT /d1/374/AUTH_cb9833fe5ea641649cb26bc687a9c748/gnocchi.b72965f5-d0de-4313-893a-73ac92b11ab0" 201 - "-" "-" "container-updater 2" 0.0005 "-" 22 0
Jun 10 09:09:36 standalone account-server[126825]: 172.20.0.100 - - [10/Jun/2026:09:09:36 +0000] "PUT /d1/374/AUTH_cb9833fe5ea641649cb26bc687a9c748/gnocchi.a5933ee3-334b-42fe-9c8f-f15ccd6c8d2a" 201 - "-" "-" "container-updater 2" 0.0006 "-" 23 0
Jun 10 09:09:36 standalone container-server[126682]: Container update sweep completed: 1.68s
Jun 10 09:10:47 standalone account-server[126824]: 172.20.0.100 - - [10/Jun/2026:09:10:47 +0000] "HEAD /d1/374/AUTH_cb9833fe5ea641649cb26bc687a9c748" 204 - "HEAD http://172.18.0.2:8080/v1/AUTH_cb9833fe5ea641649cb26bc687a9c748?format=json" "txbe10a027c3c949c897cdd-006a292a17" "proxy-server 12" 0.0101 "-" 22 -
Jun 10 09:10:47 standalone proxy-server[128787]: - - 10/Jun/2026/09/10/47 HEAD /v1/AUTH_cb9833fe5ea641649cb26bc687a9c748%3Fformat%3Djson HTTP/1.0 204 - Swift - - - - txbe10a027c3c949c897cdd-006a292a17 - 0.0153 RL - 1781082647.048685551 1781082647.064025640 -
Jun 10 09:10:47 standalone container-server[126740]: 172.20.0.100 - - [10/Jun/2026:09:10:47 +0000] "HEAD /d1/69/AUTH_cb9833fe5ea641649cb26bc687a9c748/gnocchi.2a676917-397c-4e17-af9a-89c84a1c728d" 404 - "HEAD http://172.18.0.2:8080/v1/AUTH_cb9833fe5ea641649cb26bc687a9c748/gnocchi.2a676917-397c-4e17-af9a-89c84a1c728d?format=json&states=listing" "txbe10a027c3c949c897cdd-006a292a17" "proxy-server 12" 0.0008 "-" 20 0
Jun 10 09:10:47 standalone object-server[126990]: 172.20.0.100 - - [10/Jun/2026:09:10:47 +0000] "GET /d1/65/AUTH_cb9833fe5ea641649cb26bc687a9c748/gnocchi.2a676917-397c-4e17-af9a-89c84a1c728d/none_v3" 404 70 "GET http://172.18.0.2:8080/v1/AUTH_cb9833fe5ea641649cb26bc687a9c748/gnocchi.2a676917-397c-4e17-af9a-89c84a1c728d/none_v3" "txbe10a027c3c949c897cdd-006a292a17" "proxy-server 12" 0.0007 "-" 24 0
Jun 10 09:10:47 standalone proxy-server[128787]: 172.18.0.2 172.18.0.100 10/Jun/2026/09/10/47 GET /v1/AUTH_cb9833fe5ea641649cb26bc687a9c748/gnocchi.2a676917-397c-4e17-af9a-89c84a1c728d/none_v3 HTTP/1.0 404 - python-swiftclient-3.11.1 gAAAAABqKSk5vUXe... - 70 - txbe10a027c3c949c897cdd-006a292a17 - 0.0302 - - 1781082647.047734499 1781082647.077937603 0
Jun 10 09:10:47 standalone account-server[126825]: 172.20.0.100 - - [10/Jun/2026:09:10:47 +0000] "PUT /d1/374/AUTH_cb9833fe5ea641649cb26bc687a9c748/gnocchi.2a676917-397c-4e17-af9a-89c84a1c728d" 201 - "PUT http://172.20.0.100:6001/d1/69/AUTH_cb9833fe5ea641649cb26bc687a9c748/gnocchi.2a676917-397c-4e17-af9a-89c84a1c728d" "txe62af388e8e74d2180b22-006a292a17" "container-server 23" 0.0019 "-" 23 0
Jun 10 09:10:47 standalone container-server[126773]: 172.20.0.100 - - [10/Jun/2026:09:10:47 +0000] "PUT /d1/69/AUTH_cb9833fe5ea641649cb26bc687a9c748/gnocchi.2a676917-397c-4e17-af9a-89c84a1c728d" 201 - "PUT http://172.18.0.2:8080/v1/AUTH_cb9833fe5ea641649cb26bc687a9c748/gnocchi.2a676917-397c-4e17-af9a-89c84a1c728d" "txe62af388e8e74d2180b22-006a292a17" "proxy-server 12" 0.0156 "-" 23 0
Jun 10 09:10:47 standalone proxy-server[128787]: 172.18.0.2 172.18.0.100 10/Jun/2026/09/10/47 PUT /v1/AUTH_cb9833fe5ea641649cb26bc687a9c748/gnocchi.2a676917-397c-4e17-af9a-89c84a1c728d HTTP/1.0 201 - python-swiftclient-3.11.1 gAAAAABqKSk5vUXe... - - - txe62af388e8e74d2180b22-006a292a17 - 0.0236 - - 1781082647.081827164 1781082647.105468750 0
Jun 10 09:10:47 standalone container-server[126738]: 172.20.0.100 - - [10/Jun/2026:09:10:47 +0000] "HEAD /d1/69/AUTH_cb9833fe5ea641649cb26bc687a9c748/gnocchi.2a676917-397c-4e17-af9a-89c84a1c728d" 204 - "HEAD http://172.18.0.2:8080/v1/AUTH_cb9833fe5ea641649cb26bc687a9c748/gnocchi.2a676917-397c-4e17-af9a-89c84a1c728d?format=json&states=listing" "tx38ad07a91880485ead85b-006a292a17" "proxy-server 12" 0.0027 "-" 19 0
Jun 10 09:10:47 standalone proxy-server[128787]: - - 10/Jun/2026/09/10/47 HEAD /v1/AUTH_cb9833fe5ea641649cb26bc687a9c748/gnocchi.2a676917-397c-4e17-af9a-89c84a1c728d%3Fformat%3Djson%26states%3Dlisting HTTP/1.0 204 - Swift - - - - tx38ad07a91880485ead85b-006a292a17 - 0.0069 RL - 1781082647.111253738 1781082647.118162394 0
Jun 10 09:10:47 standalone container-server[126738]: 172.20.0.100 - - [10/Jun/2026:09:10:47 +0000] "GET /d1/69/AUTH_cb9833fe5ea641649cb26bc687a9c748/gnocchi.2a676917-397c-4e17-af9a-89c84a1c728d" 200 2 "GET http://172.18.0.2:8080/v1/AUTH_cb9833fe5ea641649cb26bc687a9c748/gnocchi.2a676917-397c-4e17-af9a-89c84a1c728d?format=json&states=listing" "tx38ad07a91880485ead85b-006a292a17" "proxy-server 12" 0.0031 "-" 19 0
Jun 10 09:10:47 standalone proxy-server[128787]: 172.18.0.2 172.18.0.100 10/Jun/2026/09/10/47 GET /v1/AUTH_cb9833fe5ea641649cb26bc687a9c748/gnocchi.2a676917-397c-4e17-af9a-89c84a1c728d%3Fformat%3Djson%26states%3Dlisting HTTP/1.0 200 - python-swiftclient-3.11.1 gAAAAABqKSk5vUXe... - 2 - tx38ad07a91880485ead85b-006a292a17 - 0.0184 - - 1781082647.109899044 1781082647.128312349 0
Jun 10 09:10:47 standalone object-server[127007]: 172.20.0.100 - - [10/Jun/2026:09:10:47 +0000] "GET /d1/799/AUTH_cb9833fe5ea641649cb26bc687a9c748/gnocchi.2a676917-397c-4e17-af9a-89c84a1c728d/1780920000.0_mean_300.0_v3" 404 70 "GET http://172.18.0.2:8080/v1/AUTH_cb9833fe5ea641649cb26bc687a9c748/gnocchi.2a676917-397c-4e17-af9a-89c84a1c728d/1780920000.0_mean_300.0_v3" "tx06c0d2e3038d47128e25a-006a292a17" "proxy-server 12" 0.0005 "-" 25 0
Jun 10 09:10:47 standalone proxy-server[128787]: 172.18.0.2 172.18.0.100 10/Jun/2026/09/10/47 GET /v1/AUTH_cb9833fe5ea641649cb26bc687a9c748/gnocchi.2a676917-397c-4e17-af9a-89c84a1c728d/1780920000.0_mean_300.0_v3 HTTP/1.0 404 - python-swiftclient-3.11.1 gAAAAABqKSk5vUXe... - 70 - tx06c0d2e3038d47128e25a-006a292a17 - 0.0062 - - 1781082647.132888794 1781082647.139040709 0
Jun 10 09:10:47 standalone container-server[126771]: 172.20.0.100 - - [10/Jun/2026:09:10:47 +0000] "PUT /d1/69/AUTH_cb9833fe5ea641649cb26bc687a9c748/gnocchi.2a676917-397c-4e17-af9a-89c84a1c728d/1780920000.0_mean_300.0_v3" 201 - "PUT http://172.18.0.2:8080/d1/799/AUTH_cb9833fe5ea641649cb26bc687a9c748/gnocchi.2a676917-397c-4e17-af9a-89c84a1c728d/1780920000.0_mean_300.0_v3" "txed06f71147f2410e91a27-006a292a17" "object-server 22" 0.0008 "-" 22 0
Jun 10 09:10:47 standalone object-server[126979]: 172.20.0.100 - - [10/Jun/2026:09:10:47 +0000] "PUT /d1/799/AUTH_cb9833fe5ea641649cb26bc687a9c748/gnocchi.2a676917-397c-4e17-af9a-89c84a1c728d/1780920000.0_mean_300.0_v3" 201 - "PUT http://172.18.0.2:8080/v1/AUTH_cb9833fe5ea641649cb26bc687a9c748/gnocchi.2a676917-397c-4e17-af9a-89c84a1c728d/1780920000.0_mean_300.0_v3" "txed06f71147f2410e91a27-006a292a17" "proxy-server 12" 0.0154 "-" 22 0
Jun 10 09:10:47 standalone proxy-server[128787]: 172.18.0.2 172.18.0.100 10/Jun/2026/09/10/47 PUT /v1/AUTH_cb9833fe5ea641649cb26bc687a9c748/gnocchi.2a676917-397c-4e17-af9a-89c84a1c728d/1780920000.0_mean_300.0_v3 HTTP/1.0 201 - python-swiftclient-3.11.1 gAAAAABqKSk5vUXe... 16 - - txed06f71147f2410e91a27-006a292a17 - 0.0215 - - 1781082647.142832994 1781082647.164339781 0
Jun 10 09:10:47 standalone container-server[126740]: 172.20.0.100 - - [10/Jun/2026:09:10:47 +0000] "PUT /d1/69/AUTH_cb9833fe5ea641649cb26bc687a9c748/gnocchi.2a676917-397c-4e17-af9a-89c84a1c728d/none_v3" 201 - "PUT http://172.18.0.2:8080/d1/65/AUTH_cb9833fe5ea641649cb26bc687a9c748/gnocchi.2a676917-397c-4e17-af9a-89c84a1c728d/none_v3" "txb248bb74f74242b3acffb-006a292a17" "object-server 25" 0.0007 "-" 20 0
Jun 10 09:10:47 standalone object-server[127007]: 172.20.0.100 - - [10/Jun/2026:09:10:47 +0000] "PUT /d1/65/AUTH_cb9833fe5ea641649cb26bc687a9c748/gnocchi.2a676917-397c-4e17-af9a-89c84a1c728d/none_v3" 201 - "PUT http://172.18.0.2:8080/v1/AUTH_cb9833fe5ea641649cb26bc687a9c748/gnocchi.2a676917-397c-4e17-af9a-89c84a1c728d/none_v3" "txb248bb74f74242b3acffb-006a292a17" "proxy-server 12" 0.0116 "-" 25 0
Jun 10 09:10:47 standalone proxy-server[128787]: 172.18.0.2 172.18.0.100 10/Jun/2026/09/10/47 PUT /v1/AUTH_cb9833fe5ea641649cb26bc687a9c748/gnocchi.2a676917-397c-4e17-af9a-89c84a1c728d/none_v3 HTTP/1.0 201 - python-swiftclient-3.11.1 gAAAAABqKSk5vUXe... 22 - - txb248bb74f74242b3acffb-006a292a17 - 0.0221 - - 1781082647.168349028 1781082647.190401554 0
Jun 10 09:10:47 standalone container-server[126771]: 172.20.0.100 - - [10/Jun/2026:09:10:47 +0000] "HEAD /d1/762/AUTH_cb9833fe5ea641649cb26bc687a9c748/gnocchi.df759de4-52d5-4f1b-b4dc-39663d9c8a39" 404 - "HEAD http://172.18.0.2:8080/v1/AUTH_cb9833fe5ea641649cb26bc687a9c748/gnocchi.df759de4-52d5-4f1b-b4dc-39663d9c8a39?format=json&states=listing" "tx7b41a59324dd41a489c73-006a292a17" "proxy-server 12" 0.0005 "-" 22 0
Jun 10 09:10:47 standalone object-server[127007]: 172.20.0.100 - - [10/Jun/2026:09:10:47 +0000] "GET /d1/379/AUTH_cb9833fe5ea641649cb26bc687a9c748/gnocchi.df759de4-52d5-4f1b-b4dc-39663d9c8a39/none_v3" 404 70 "GET http://172.18.0.2:8080/v1/AUTH_cb9833fe5ea641649cb26bc687a9c748/gnocchi.df759de4-52d5-4f1b-b4dc-39663d9c8a39/none_v3" "tx7b41a59324dd41a489c73-006a292a17" "proxy-server 12" 0.0005 "-" 25 0
Jun 10 09:10:47 standalone proxy-server[128787]: 172.18.0.2 172.18.0.100 10/Jun/2026/09/10/47 GET /v1/AUTH_cb9833fe5ea641649cb26bc687a9c748/gnocchi.df759de4-52d5-4f1b-b4dc-39663d9c8a39/none_v3 HTTP/1.0 404 - python-swiftclient-3.11.1 gAAAAABqKSk5vUXe... - 70 - tx7b41a59324dd41a489c73-006a292a17 - 0.0125 - - 1781082647.202166080 1781082647.214632988 0
Jun 10 09:10:47 standalone account-server[126823]: 172.20.0.100 - - [10/Jun/2026:09:10:47 +0000] "PUT /d1/374/AUTH_cb9833fe5ea641649cb26bc687a9c748/gnocchi.df759de4-52d5-4f1b-b4dc-39663d9c8a39" 201 - "PUT http://172.20.0.100:6001/d1/762/AUTH_cb9833fe5ea641649cb26bc687a9c748/gnocchi.df759de4-52d5-4f1b-b4dc-39663d9c8a39" "txf6828c77e9da4289abc16-006a292a17" "container-server 19" 0.0058 "-" 21 0
Jun 10 09:10:47 standalone container-server[126738]: 172.20.0.100 - - [10/Jun/2026:09:10:47 +0000] "PUT /d1/762/AUTH_cb9833fe5ea641649cb26bc687a9c748/gnocchi.df759de4-52d5-4f1b-b4dc-39663d9c8a39" 201 - "PUT http://172.18.0.2:8080/v1/AUTH_cb9833fe5ea641649cb26bc687a9c748/gnocchi.df759de4-52d5-4f1b-b4dc-39663d9c8a39" "txf6828c77e9da4289abc16-006a292a17" "proxy-server 12" 0.0167 "-" 19 0
Jun 10 09:10:47 standalone proxy-server[128787]: 172.18.0.2 172.18.0.100 10/Jun/2026/09/10/47 PUT /v1/AUTH_cb9833fe5ea641649cb26bc687a9c748/gnocchi.df759de4-52d5-4f1b-b4dc-39663d9c8a39 HTTP/1.0 201 - python-swiftclient-3.11.1 gAAAAABqKSk5vUXe... - - - txf6828c77e9da4289abc16-006a292a17 - 0.0231 - - 1781082647.217865705 1781082647.241006374 0
Jun 10 09:10:47 standalone container-server[126773]: 172.20.0.100 - - [10/Jun/2026:09:10:47 +0000] "HEAD /d1/762/AUTH_cb9833fe5ea641649cb26bc687a9c748/gnocchi.df759de4-52d5-4f1b-b4dc-39663d9c8a39" 204 - "HEAD http://172.18.0.2:8080/v1/AUTH_cb9833fe5ea641649cb26bc687a9c748/gnocchi.df759de4-52d5-4f1b-b4dc-39663d9c8a39?format=json&states=listing" "tx9d5fe1a65168476ab288f-006a292a17" "proxy-server 12" 0.0013 "-" 23 0
Jun 10 09:10:47 standalone proxy-server[128787]: - - 10/Jun/2026/09/10/47 HEAD /v1/AUTH_cb9833fe5ea641649cb26bc687a9c748/gnocchi.df759de4-52d5-4f1b-b4dc-39663d9c8a39%3Fformat%3Djson%26states%3Dlisting HTTP/1.0 204 - Swift - - - - tx9d5fe1a65168476ab288f-006a292a17 - 0.0062 RL - 1781082647.246557951 1781082647.252758503 0
Jun 10 09:10:47 standalone container-server[126740]: 172.20.0.100 - - [10/Jun/2026:09:10:47 +0000] "GET /d1/762/AUTH_cb9833fe5ea641649cb26bc687a9c748/gnocchi.df759de4-52d5-4f1b-b4dc-39663d9c8a39" 200 2 "GET http://172.18.0.2:8080/v1/AUTH_cb9833fe5ea641649cb26bc687a9c748/gnocchi.df759de4-52d5-4f1b-b4dc-39663d9c8a39?format=json&states=listing" "tx9d5fe1a65168476ab288f-006a292a17" "proxy-server 12" 0.0025 "-" 20 0
Jun 10 09:10:47 standalone proxy-server[128787]: 172.18.0.2 172.18.0.100 10/Jun/2026/09/10/47 GET /v1/AUTH_cb9833fe5ea641649cb26bc687a9c748/gnocchi.df759de4-52d5-4f1b-b4dc-39663d9c8a39%3Fformat%3Djson%26states%3Dlisting HTTP/1.0 200 - python-swiftclient-3.11.1 gAAAAABqKSk5vUXe... - 2 - tx9d5fe1a65168476ab288f-006a292a17 - 0.0177 - - 1781082647.245049953 1781082647.262707472 0
Jun 10 09:10:47 standalone object-server[126981]: 172.20.0.100 - - [10/Jun/2026:09:10:47 +0000] "GET /d1/657/AUTH_cb9833fe5ea641649cb26bc687a9c748/gnocchi.df759de4-52d5-4f1b-b4dc-39663d9c8a39/1780920000.0_mean_300.0_v3" 404 70 "GET http://172.18.0.2:8080/v1/AUTH_cb9833fe5ea641649cb26bc687a9c748/gnocchi.df759de4-52d5-4f1b-b4dc-39663d9c8a39/1780920000.0_mean_300.0_v3" "tx27f6ca371bf44a98a83d3-006a292a17" "proxy-server 12" 0.0005 "-" 23 0
Jun 10 09:10:47 standalone proxy-server[128787]: 172.18.0.2 172.18.0.100 10/Jun/2026/09/10/47 GET /v1/AUTH_cb9833fe5ea641649cb26bc687a9c748/gnocchi.df759de4-52d5-4f1b-b4dc-39663d9c8a39/1780920000.0_mean_300.0_v3 HTTP/1.0 404 - python-swiftclient-3.11.1 gAAAAABqKSk5vUXe... - 70 - tx27f6ca371bf44a98a83d3-006a292a17 - 0.0068 - - 1781082647.266915560 1781082647.273722887 0
Jun 10 09:10:47 standalone container-server[126773]: 172.20.0.100 - - [10/Jun/2026:09:10:47 +0000] "PUT /d1/762/AUTH_cb9833fe5ea641649cb26bc687a9c748/gnocchi.df759de4-52d5-4f1b-b4dc-39663d9c8a39/1780920000.0_mean_300.0_v3" 201 - "PUT http://172.18.0.2:8080/d1/657/AUTH_cb9833fe5ea641649cb26bc687a9c748/gnocchi.df759de4-52d5-4f1b-b4dc-39663d9c8a39/1780920000.0_mean_300.0_v3" "tx66f007f086ac45108fd02-006a292a17" "object-server 22" 0.0007 "-" 23 0
Jun 10 09:10:47 standalone object-server[126979]: 172.20.0.100 - - [10/Jun/2026:09:10:47 +0000] "PUT /d1/657/AUTH_cb9833fe5ea641649cb26bc687a9c748/gnocchi.df759de4-52d5-4f1b-b4dc-39663d9c8a39/1780920000.0_mean_300.0_v3" 201 - "PUT http://172.18.0.2:8080/v1/AUTH_cb9833fe5ea641649cb26bc687a9c748/gnocchi.df759de4-52d5-4f1b-b4dc-39663d9c8a39/1780920000.0_mean_300.0_v3" "tx66f007f086ac45108fd02-006a292a17" "proxy-server 12" 0.0097 "-" 22 0
Jun 10 09:10:47 standalone proxy-server[128787]: 172.18.0.2 172.18.0.100 10/Jun/2026/09/10/47 PUT /v1/AUTH_cb9833fe5ea641649cb26bc687a9c748/gnocchi.df759de4-52d5-4f1b-b4dc-39663d9c8a39/1780920000.0_mean_300.0_v3 HTTP/1.0 201 - python-swiftclient-3.11.1 gAAAAABqKSk5vUXe... 16 - - tx66f007f086ac45108fd02-006a292a17 - 0.0159 - - 1781082647.277179241 1781082647.293112755 0
Jun 10 09:10:47 standalone container-server[126738]: 172.20.0.100 - - [10/Jun/2026:09:10:47 +0000] "PUT /d1/762/AUTH_cb9833fe5ea641649cb26bc687a9c748/gnocchi.df759de4-52d5-4f1b-b4dc-39663d9c8a39/none_v3" 201 - "PUT http://172.18.0.2:8080/d1/379/AUTH_cb9833fe5ea641649cb26bc687a9c748/gnocchi.df759de4-52d5-4f1b-b4dc-39663d9c8a39/none_v3" "tx447ecb2f897d4c208814b-006a292a17" "object-server 24" 0.0005 "-" 19 0
Jun 10 09:10:47 standalone object-server[126990]: 172.20.0.100 - - [10/Jun/2026:09:10:47 +0000] "PUT /d1/379/AUTH_cb9833fe5ea641649cb26bc687a9c748/gnocchi.df759de4-52d5-4f1b-b4dc-39663d9c8a39/none_v3" 201 - "PUT http://172.18.0.2:8080/v1/AUTH_cb9833fe5ea641649cb26bc687a9c748/gnocchi.df759de4-52d5-4f1b-b4dc-39663d9c8a39/none_v3" "tx447ecb2f897d4c208814b-006a292a17" "proxy-server 12" 0.0136 "-" 24 0
Jun 10 09:10:47 standalone proxy-server[128787]: 172.18.0.2 172.18.0.100 10/Jun/2026/09/10/47 PUT /v1/AUTH_cb9833fe5ea641649cb26bc687a9c748/gnocchi.df759de4-52d5-4f1b-b4dc-39663d9c8a39/none_v3 HTTP/1.0 201 - python-swiftclient-3.11.1 gAAAAABqKSk5vUXe... 22 - - tx447ecb2f897d4c208814b-006a292a17 - 0.0212 - - 1781082647.296726704 1781082647.317922354 0
Jun 10 09:10:47 standalone container-server[126773]: 172.20.0.100 - - [10/Jun/2026:09:10:47 +0000] "HEAD /d1/398/AUTH_cb9833fe5ea641649cb26bc687a9c748/gnocchi.d79a6d90-9932-4b0a-bb16-599c6f5fafdf" 404 - "HEAD http://172.18.0.2:8080/v1/AUTH_cb9833fe5ea641649cb26bc687a9c748/gnocchi.d79a6d90-9932-4b0a-bb16-599c6f5fafdf?format=json&states=listing" "txddc15a8be2cf4879b00b1-006a292a17" "proxy-server 12" 0.0004 "-" 23 0
Jun 10 09:10:47 standalone object-server[126979]: 172.20.0.100 - - [10/Jun/2026:09:10:47 +0000] "GET /d1/868/AUTH_cb9833fe5ea641649cb26bc687a9c748/gnocchi.d79a6d90-9932-4b0a-bb16-599c6f5fafdf/none_v3" 404 70 "GET http://172.18.0.2:8080/v1/AUTH_cb9833fe5ea641649cb26bc687a9c748/gnocchi.d79a6d90-9932-4b0a-bb16-599c6f5fafdf/none_v3" "txddc15a8be2cf4879b00b1-006a292a17" "proxy-server 12" 0.0004 "-" 22 0
Jun 10 09:10:47 standalone proxy-server[128787]: 172.18.0.2 172.18.0.100 10/Jun/2026/09/10/47 GET /v1/AUTH_cb9833fe5ea641649cb26bc687a9c748/gnocchi.d79a6d90-9932-4b0a-bb16-599c6f5fafdf/none_v3 HTTP/1.0 404 - python-swiftclient-3.11.1 gAAAAABqKSk5vUXe... - 70 - txddc15a8be2cf4879b00b1-006a292a17 - 0.0166 - - 1781082647.330937386 1781082647.347504377 0
Jun 10 09:10:47 standalone account-server[126823]: 172.20.0.100 - - [10/Jun/2026:09:10:47 +0000] "PUT /d1/374/AUTH_cb9833fe5ea641649cb26bc687a9c748/gnocchi.d79a6d90-9932-4b0a-bb16-599c6f5fafdf" 201 - "PUT http://172.20.0.100:6001/d1/398/AUTH_cb9833fe5ea641649cb26bc687a9c748/gnocchi.d79a6d90-9932-4b0a-bb16-599c6f5fafdf" "tx079adcda96f44c77ace0c-006a292a17" "container-server 20" 0.0043 "-" 21 0
Jun 10 09:10:47 standalone container-server[126740]: 172.20.0.100 - - [10/Jun/2026:09:10:47 +0000] "PUT /d1/398/AUTH_cb9833fe5ea641649cb26bc687a9c748/gnocchi.d79a6d90-9932-4b0a-bb16-599c6f5fafdf" 201 - "PUT http://172.18.0.2:8080/v1/AUTH_cb9833fe5ea641649cb26bc687a9c748/gnocchi.d79a6d90-9932-4b0a-bb16-599c6f5fafdf" "tx079adcda96f44c77ace0c-006a292a17" "proxy-server 12" 0.0169 "-" 20 0
Jun 10 09:10:47 standalone proxy-server[128787]: 172.18.0.2 172.18.0.100 10/Jun/2026/09/10/47 PUT /v1/AUTH_cb9833fe5ea641649cb26bc687a9c748/gnocchi.d79a6d90-9932-4b0a-bb16-599c6f5fafdf HTTP/1.0 201 - python-swiftclient-3.11.1 gAAAAABqKSk5vUXe... - - - tx079adcda96f44c77ace0c-006a292a17 - 0.0247 - - 1781082647.351056814 1781082647.375744581 0
Jun 10 09:10:47 standalone container-server[126740]: 172.20.0.100 - - [10/Jun/2026:09:10:47 +0000] "HEAD /d1/398/AUTH_cb9833fe5ea641649cb26bc687a9c748/gnocchi.d79a6d90-9932-4b0a-bb16-599c6f5fafdf" 204 - "HEAD http://172.18.0.2:8080/v1/AUTH_cb9833fe5ea641649cb26bc687a9c748/gnocchi.d79a6d90-9932-4b0a-bb16-599c6f5fafdf?format=json&states=listing" "tx5499b3e849244fe8b059f-006a292a17" "proxy-server 12" 0.0017 "-" 20 0
Jun 10 09:10:47 standalone proxy-server[128787]: - - 10/Jun/2026/09/10/47 HEAD /v1/AUTH_cb9833fe5ea641649cb26bc687a9c748/gnocchi.d79a6d90-9932-4b0a-bb16-599c6f5fafdf%3Fformat%3Djson%26states%3Dlisting HTTP/1.0 204 - Swift - - - - tx5499b3e849244fe8b059f-006a292a17 - 0.0058 RL - 1781082647.387362719 1781082647.393153429 0
