Jun 10 09:09:09 standalone container-server[126740]: 172.20.0.100 - - [10/Jun/2026:09:09:09 +0000] "PUT /d1/293/AUTH_cb9833fe5ea641649cb26bc687a9c748/gnocchi.016140d0-5b83-476f-afba-febe89cbb821/none_v3" 201 - "PUT http://172.18.0.2:8080/d1/780/AUTH_cb9833fe5ea641649cb26bc687a9c748/gnocchi.016140d0-5b83-476f-afba-febe89cbb821/none_v3" "tx7d0155ee3558433299784-006a2929b5" "object-server 25" 0.0005 "-" 20 0
Jun 10 09:09:09 standalone object-server[127007]: 172.20.0.100 - - [10/Jun/2026:09:09:09 +0000] "PUT /d1/780/AUTH_cb9833fe5ea641649cb26bc687a9c748/gnocchi.016140d0-5b83-476f-afba-febe89cbb821/none_v3" 201 - "PUT http://172.18.0.2:8080/v1/AUTH_cb9833fe5ea641649cb26bc687a9c748/gnocchi.016140d0-5b83-476f-afba-febe89cbb821/none_v3" "tx7d0155ee3558433299784-006a2929b5" "proxy-server 12" 0.0125 "-" 25 0
Jun 10 09:09:09 standalone proxy-server[128787]: 172.18.0.2 172.18.0.100 10/Jun/2026/09/09/09 PUT /v1/AUTH_cb9833fe5ea641649cb26bc687a9c748/gnocchi.016140d0-5b83-476f-afba-febe89cbb821/none_v3 HTTP/1.0 201 - python-swiftclient-3.11.1 gAAAAABqKSk5vUXe... 22 - - tx7d0155ee3558433299784-006a2929b5 - 0.0234 - - 1781082549.606012583 1781082549.629379988 0
Jun 10 09:09:09 standalone object-server[126981]: 172.20.0.100 - - [10/Jun/2026:09:09:09 +0000] "GET /d1/999/AUTH_cb9833fe5ea641649cb26bc687a9c748/gnocchi.2750479b-6ef3-42d1-8129-f80a0afaf082/none_v3" 200 33 "GET http://172.18.0.2:8080/v1/AUTH_cb9833fe5ea641649cb26bc687a9c748/gnocchi.2750479b-6ef3-42d1-8129-f80a0afaf082/none_v3" "tx858a8b33d6454bc1988ac-006a2929b5" "proxy-server 12" 0.0012 "-" 23 0
Jun 10 09:09:09 standalone proxy-server[128787]: 172.18.0.2 172.18.0.100 10/Jun/2026/09/09/09 GET /v1/AUTH_cb9833fe5ea641649cb26bc687a9c748/gnocchi.2750479b-6ef3-42d1-8129-f80a0afaf082/none_v3 HTTP/1.0 200 - python-swiftclient-3.11.1 gAAAAABqKSk5vUXe... - 33 - tx858a8b33d6454bc1988ac-006a2929b5 - 0.0106 - - 1781082549.685594797 1781082549.696151733 0
Jun 10 09:09:09 standalone container-server[126740]: 172.20.0.100 - - [10/Jun/2026:09:09:09 +0000] "GET /d1/308/AUTH_cb9833fe5ea641649cb26bc687a9c748/gnocchi.2750479b-6ef3-42d1-8129-f80a0afaf082" 200 357 "GET http://172.18.0.2:8080/v1/AUTH_cb9833fe5ea641649cb26bc687a9c748/gnocchi.2750479b-6ef3-42d1-8129-f80a0afaf082?format=json&states=listing" "tx86265b23a8c44aea82d93-006a2929b5" "proxy-server 12" 0.0069 "-" 20 0
Jun 10 09:09:09 standalone proxy-server[128787]: 172.18.0.2 172.18.0.100 10/Jun/2026/09/09/09 GET /v1/AUTH_cb9833fe5ea641649cb26bc687a9c748/gnocchi.2750479b-6ef3-42d1-8129-f80a0afaf082%3Fformat%3Djson%26states%3Dlisting HTTP/1.0 200 - python-swiftclient-3.11.1 gAAAAABqKSk5vUXe... - 357 - tx86265b23a8c44aea82d93-006a2929b5 - 0.0152 - - 1781082549.701180696 1781082549.716429472 0
Jun 10 09:09:09 standalone container-server[126771]: 172.20.0.100 - - [10/Jun/2026:09:09:09 +0000] "GET /d1/308/AUTH_cb9833fe5ea641649cb26bc687a9c748/gnocchi.2750479b-6ef3-42d1-8129-f80a0afaf082" 200 2 "GET http://172.18.0.2:8080/v1/AUTH_cb9833fe5ea641649cb26bc687a9c748/gnocchi.2750479b-6ef3-42d1-8129-f80a0afaf082?format=json&marker=none_v3&states=listing" "tx02307f74996d4a1084da8-006a2929b5" "proxy-server 12" 0.0034 "-" 22 0
Jun 10 09:09:09 standalone proxy-server[128787]: 172.18.0.2 172.18.0.100 10/Jun/2026/09/09/09 GET /v1/AUTH_cb9833fe5ea641649cb26bc687a9c748/gnocchi.2750479b-6ef3-42d1-8129-f80a0afaf082%3Fformat%3Djson%26marker%3Dnone_v3%26states%3Dlisting HTTP/1.0 200 - python-swiftclient-3.11.1 gAAAAABqKSk5vUXe... - 2 - tx02307f74996d4a1084da8-006a2929b5 - 0.0127 - - 1781082549.720725775 1781082549.733400106 0
Jun 10 09:09:09 standalone object-server[126990]: 172.20.0.100 - - [10/Jun/2026:09:09:09 +0000] "GET /d1/749/AUTH_cb9833fe5ea641649cb26bc687a9c748/gnocchi.2750479b-6ef3-42d1-8129-f80a0afaf082/1780920000.0_mean_300.0_v3" 200 16 "GET http://172.18.0.2:8080/v1/AUTH_cb9833fe5ea641649cb26bc687a9c748/gnocchi.2750479b-6ef3-42d1-8129-f80a0afaf082/1780920000.0_mean_300.0_v3" "txf9cb3ebcd6f749cfa7cdf-006a2929b5" "proxy-server 12" 0.0011 "-" 24 0
Jun 10 09:09:09 standalone proxy-server[128787]: 172.18.0.2 172.18.0.100 10/Jun/2026/09/09/09 GET /v1/AUTH_cb9833fe5ea641649cb26bc687a9c748/gnocchi.2750479b-6ef3-42d1-8129-f80a0afaf082/1780920000.0_mean_300.0_v3 HTTP/1.0 200 - python-swiftclient-3.11.1 gAAAAABqKSk5vUXe... - 16 - txf9cb3ebcd6f749cfa7cdf-006a2929b5 - 0.0091 - - 1781082549.737763166 1781082549.746820450 0
Jun 10 09:09:09 standalone container-server[126773]: 172.20.0.100 - - [10/Jun/2026:09:09:09 +0000] "PUT /d1/308/AUTH_cb9833fe5ea641649cb26bc687a9c748/gnocchi.2750479b-6ef3-42d1-8129-f80a0afaf082/1780920000.0_mean_300.0_v3" 201 - "PUT http://172.18.0.2:8080/d1/749/AUTH_cb9833fe5ea641649cb26bc687a9c748/gnocchi.2750479b-6ef3-42d1-8129-f80a0afaf082/1780920000.0_mean_300.0_v3" "tx7fddc55099c446c383e46-006a2929b5" "object-server 23" 0.0007 "-" 23 0
Jun 10 09:09:09 standalone object-server[126981]: 172.20.0.100 - - [10/Jun/2026:09:09:09 +0000] "PUT /d1/749/AUTH_cb9833fe5ea641649cb26bc687a9c748/gnocchi.2750479b-6ef3-42d1-8129-f80a0afaf082/1780920000.0_mean_300.0_v3" 201 - "PUT http://172.18.0.2:8080/v1/AUTH_cb9833fe5ea641649cb26bc687a9c748/gnocchi.2750479b-6ef3-42d1-8129-f80a0afaf082/1780920000.0_mean_300.0_v3" "tx7fddc55099c446c383e46-006a2929b5" "proxy-server 12" 0.0121 "-" 23 0
Jun 10 09:09:09 standalone proxy-server[128787]: 172.18.0.2 172.18.0.100 10/Jun/2026/09/09/09 PUT /v1/AUTH_cb9833fe5ea641649cb26bc687a9c748/gnocchi.2750479b-6ef3-42d1-8129-f80a0afaf082/1780920000.0_mean_300.0_v3 HTTP/1.0 201 - python-swiftclient-3.11.1 gAAAAABqKSk5vUXe... 16 - - tx7fddc55099c446c383e46-006a2929b5 - 0.0201 - - 1781082549.750287056 1781082549.770426273 0
Jun 10 09:09:09 standalone container-server[126771]: 172.20.0.100 - - [10/Jun/2026:09:09:09 +0000] "PUT /d1/308/AUTH_cb9833fe5ea641649cb26bc687a9c748/gnocchi.2750479b-6ef3-42d1-8129-f80a0afaf082/none_v3" 201 - "PUT http://172.18.0.2:8080/d1/999/AUTH_cb9833fe5ea641649cb26bc687a9c748/gnocchi.2750479b-6ef3-42d1-8129-f80a0afaf082/none_v3" "tx44b387b447904d4c86a38-006a2929b5" "object-server 22" 0.0006 "-" 22 0
Jun 10 09:09:09 standalone object-server[126979]: 172.20.0.100 - - [10/Jun/2026:09:09:09 +0000] "PUT /d1/999/AUTH_cb9833fe5ea641649cb26bc687a9c748/gnocchi.2750479b-6ef3-42d1-8129-f80a0afaf082/none_v3" 201 - "PUT http://172.18.0.2:8080/v1/AUTH_cb9833fe5ea641649cb26bc687a9c748/gnocchi.2750479b-6ef3-42d1-8129-f80a0afaf082/none_v3" "tx44b387b447904d4c86a38-006a2929b5" "proxy-server 12" 0.0106 "-" 22 0
Jun 10 09:09:09 standalone proxy-server[128787]: 172.18.0.2 172.18.0.100 10/Jun/2026/09/09/09 PUT /v1/AUTH_cb9833fe5ea641649cb26bc687a9c748/gnocchi.2750479b-6ef3-42d1-8129-f80a0afaf082/none_v3 HTTP/1.0 201 - python-swiftclient-3.11.1 gAAAAABqKSk5vUXe... 48 - - tx44b387b447904d4c86a38-006a2929b5 - 0.0188 - - 1781082549.774727821 1781082549.793529034 0
Jun 10 09:09:09 standalone object-server[126990]: 172.20.0.100 - - [10/Jun/2026:09:09:09 +0000] "GET /d1/30/AUTH_cb9833fe5ea641649cb26bc687a9c748/gnocchi.6e437bff-418e-4687-9ceb-7725975667ea/none_v3" 200 33 "GET http://172.18.0.2:8080/v1/AUTH_cb9833fe5ea641649cb26bc687a9c748/gnocchi.6e437bff-418e-4687-9ceb-7725975667ea/none_v3" "tx0ccdfd3c8ca94097bb684-006a2929b5" "proxy-server 12" 0.0011 "-" 24 0
Jun 10 09:09:09 standalone proxy-server[128787]: 172.18.0.2 172.18.0.100 10/Jun/2026/09/09/09 GET /v1/AUTH_cb9833fe5ea641649cb26bc687a9c748/gnocchi.6e437bff-418e-4687-9ceb-7725975667ea/none_v3 HTTP/1.0 200 - python-swiftclient-3.11.1 gAAAAABqKSk5vUXe... - 33 - tx0ccdfd3c8ca94097bb684-006a2929b5 - 0.0100 - - 1781082549.805981398 1781082549.816009521 0
Jun 10 09:09:09 standalone container-server[126771]: 172.20.0.100 - - [10/Jun/2026:09:09:09 +0000] "GET /d1/605/AUTH_cb9833fe5ea641649cb26bc687a9c748/gnocchi.6e437bff-418e-4687-9ceb-7725975667ea" 200 357 "GET http://172.18.0.2:8080/v1/AUTH_cb9833fe5ea641649cb26bc687a9c748/gnocchi.6e437bff-418e-4687-9ceb-7725975667ea?format=json&states=listing" "tx105a61aa8c4b4554b0807-006a2929b5" "proxy-server 12" 0.0171 "-" 22 0
Jun 10 09:09:09 standalone proxy-server[128787]: 172.18.0.2 172.18.0.100 10/Jun/2026/09/09/09 GET /v1/AUTH_cb9833fe5ea641649cb26bc687a9c748/gnocchi.6e437bff-418e-4687-9ceb-7725975667ea%3Fformat%3Djson%26states%3Dlisting HTTP/1.0 200 - python-swiftclient-3.11.1 gAAAAABqKSk5vUXe... - 357 - tx105a61aa8c4b4554b0807-006a2929b5 - 0.0277 - - 1781082549.825966835 1781082549.853694916 0
Jun 10 09:09:09 standalone container-server[126738]: 172.20.0.100 - - [10/Jun/2026:09:09:09 +0000] "GET /d1/605/AUTH_cb9833fe5ea641649cb26bc687a9c748/gnocchi.6e437bff-418e-4687-9ceb-7725975667ea" 200 2 "GET http://172.18.0.2:8080/v1/AUTH_cb9833fe5ea641649cb26bc687a9c748/gnocchi.6e437bff-418e-4687-9ceb-7725975667ea?format=json&marker=none_v3&states=listing" "txae082d14231544d4bc542-006a2929b5" "proxy-server 12" 0.0035 "-" 19 0
Jun 10 09:09:09 standalone proxy-server[128787]: 172.18.0.2 172.18.0.100 10/Jun/2026/09/09/09 GET /v1/AUTH_cb9833fe5ea641649cb26bc687a9c748/gnocchi.6e437bff-418e-4687-9ceb-7725975667ea%3Fformat%3Djson%26marker%3Dnone_v3%26states%3Dlisting HTTP/1.0 200 - python-swiftclient-3.11.1 gAAAAABqKSk5vUXe... - 2 - txae082d14231544d4bc542-006a2929b5 - 0.0088 - - 1781082549.858442545 1781082549.867203236 0
Jun 10 09:09:09 standalone object-server[126979]: 172.20.0.100 - - [10/Jun/2026:09:09:09 +0000] "GET /d1/887/AUTH_cb9833fe5ea641649cb26bc687a9c748/gnocchi.6e437bff-418e-4687-9ceb-7725975667ea/1780920000.0_mean_300.0_v3" 200 16 "GET http://172.18.0.2:8080/v1/AUTH_cb9833fe5ea641649cb26bc687a9c748/gnocchi.6e437bff-418e-4687-9ceb-7725975667ea/1780920000.0_mean_300.0_v3" "tx2bfa7da99991445ab3b45-006a2929b5" "proxy-server 12" 0.0006 "-" 22 0
Jun 10 09:09:09 standalone proxy-server[128787]: 172.18.0.2 172.18.0.100 10/Jun/2026/09/09/09 GET /v1/AUTH_cb9833fe5ea641649cb26bc687a9c748/gnocchi.6e437bff-418e-4687-9ceb-7725975667ea/1780920000.0_mean_300.0_v3 HTTP/1.0 200 - python-swiftclient-3.11.1 gAAAAABqKSk5vUXe... - 16 - tx2bfa7da99991445ab3b45-006a2929b5 - 0.0048 - - 1781082549.870545626 1781082549.875383377 0
Jun 10 09:09:09 standalone container-server[126773]: 172.20.0.100 - - [10/Jun/2026:09:09:09 +0000] "PUT /d1/605/AUTH_cb9833fe5ea641649cb26bc687a9c748/gnocchi.6e437bff-418e-4687-9ceb-7725975667ea/1780920000.0_mean_300.0_v3" 201 - "PUT http://172.18.0.2:8080/d1/887/AUTH_cb9833fe5ea641649cb26bc687a9c748/gnocchi.6e437bff-418e-4687-9ceb-7725975667ea/1780920000.0_mean_300.0_v3" "tx63a8c313d8cf4ed68fc76-006a2929b5" "object-server 22" 0.0010 "-" 23 0
Jun 10 09:09:09 standalone object-server[126979]: 172.20.0.100 - - [10/Jun/2026:09:09:09 +0000] "PUT /d1/887/AUTH_cb9833fe5ea641649cb26bc687a9c748/gnocchi.6e437bff-418e-4687-9ceb-7725975667ea/1780920000.0_mean_300.0_v3" 201 - "PUT http://172.18.0.2:8080/v1/AUTH_cb9833fe5ea641649cb26bc687a9c748/gnocchi.6e437bff-418e-4687-9ceb-7725975667ea/1780920000.0_mean_300.0_v3" "tx63a8c313d8cf4ed68fc76-006a2929b5" "proxy-server 12" 0.0102 "-" 22 0
Jun 10 09:09:09 standalone proxy-server[128787]: 172.18.0.2 172.18.0.100 10/Jun/2026/09/09/09 PUT /v1/AUTH_cb9833fe5ea641649cb26bc687a9c748/gnocchi.6e437bff-418e-4687-9ceb-7725975667ea/1780920000.0_mean_300.0_v3 HTTP/1.0 201 - python-swiftclient-3.11.1 gAAAAABqKSk5vUXe... 16 - - tx63a8c313d8cf4ed68fc76-006a2929b5 - 0.0138 - - 1781082549.877850771 1781082549.891656637 0
Jun 10 09:09:09 standalone container-server[126771]: 172.20.0.100 - - [10/Jun/2026:09:09:09 +0000] "PUT /d1/605/AUTH_cb9833fe5ea641649cb26bc687a9c748/gnocchi.6e437bff-418e-4687-9ceb-7725975667ea/none_v3" 201 - "PUT http://172.18.0.2:8080/d1/30/AUTH_cb9833fe5ea641649cb26bc687a9c748/gnocchi.6e437bff-418e-4687-9ceb-7725975667ea/none_v3" "tx27d7117e5bf041e6a99a9-006a2929b5" "object-server 24" 0.0007 "-" 22 0
Jun 10 09:09:09 standalone object-server[126990]: 172.20.0.100 - - [10/Jun/2026:09:09:09 +0000] "PUT /d1/30/AUTH_cb9833fe5ea641649cb26bc687a9c748/gnocchi.6e437bff-418e-4687-9ceb-7725975667ea/none_v3" 201 - "PUT http://172.18.0.2:8080/v1/AUTH_cb9833fe5ea641649cb26bc687a9c748/gnocchi.6e437bff-418e-4687-9ceb-7725975667ea/none_v3" "tx27d7117e5bf041e6a99a9-006a2929b5" "proxy-server 12" 0.0110 "-" 24 0
Jun 10 09:09:09 standalone proxy-server[128787]: 172.18.0.2 172.18.0.100 10/Jun/2026/09/09/09 PUT /v1/AUTH_cb9833fe5ea641649cb26bc687a9c748/gnocchi.6e437bff-418e-4687-9ceb-7725975667ea/none_v3 HTTP/1.0 201 - python-swiftclient-3.11.1 gAAAAABqKSk5vUXe... 48 - - tx27d7117e5bf041e6a99a9-006a2929b5 - 0.0154 - - 1781082549.893821955 1781082549.909211636 0
Jun 10 09:09:11 standalone object-server[126981]: 172.20.0.100 - - [10/Jun/2026:09:09:11 +0000] "GET /d1/780/AUTH_cb9833fe5ea641649cb26bc687a9c748/gnocchi.016140d0-5b83-476f-afba-febe89cbb821/none_v3" 200 22 "GET http://172.18.0.2:8080/v1/AUTH_cb9833fe5ea641649cb26bc687a9c748/gnocchi.016140d0-5b83-476f-afba-febe89cbb821/none_v3" "tx10dd8ed4d92948c0a6291-006a2929b7" "proxy-server 12" 0.0013 "-" 23 0
Jun 10 09:09:11 standalone proxy-server[128787]: 172.18.0.2 172.18.0.100 10/Jun/2026/09/09/11 GET /v1/AUTH_cb9833fe5ea641649cb26bc687a9c748/gnocchi.016140d0-5b83-476f-afba-febe89cbb821/none_v3 HTTP/1.0 200 - python-swiftclient-3.11.1 gAAAAABqKSk5vUXe... - 22 - tx10dd8ed4d92948c0a6291-006a2929b7 - 0.0180 - - 1781082551.659476519 1781082551.677508116 0
Jun 10 09:09:11 standalone container-server[126738]: 172.20.0.100 - - [10/Jun/2026:09:09:11 +0000] "GET /d1/293/AUTH_cb9833fe5ea641649cb26bc687a9c748/gnocchi.016140d0-5b83-476f-afba-febe89cbb821" 200 357 "GET http://172.18.0.2:8080/v1/AUTH_cb9833fe5ea641649cb26bc687a9c748/gnocchi.016140d0-5b83-476f-afba-febe89cbb821?format=json&states=listing" "tx9a8365eba976471b88e1d-006a2929b7" "proxy-server 12" 0.0094 "-" 19 0
Jun 10 09:09:11 standalone proxy-server[128787]: 172.18.0.2 172.18.0.100 10/Jun/2026/09/09/11 GET /v1/AUTH_cb9833fe5ea641649cb26bc687a9c748/gnocchi.016140d0-5b83-476f-afba-febe89cbb821%3Fformat%3Djson%26states%3Dlisting HTTP/1.0 200 - python-swiftclient-3.11.1 gAAAAABqKSk5vUXe... - 357 - tx9a8365eba976471b88e1d-006a2929b7 - 0.0218 - - 1781082551.684405804 1781082551.706182480 0
Jun 10 09:09:11 standalone container-server[126740]: 172.20.0.100 - - [10/Jun/2026:09:09:11 +0000] "GET /d1/293/AUTH_cb9833fe5ea641649cb26bc687a9c748/gnocchi.016140d0-5b83-476f-afba-febe89cbb821" 200 2 "GET http://172.18.0.2:8080/v1/AUTH_cb9833fe5ea641649cb26bc687a9c748/gnocchi.016140d0-5b83-476f-afba-febe89cbb821?format=json&marker=none_v3&states=listing" "tx6333ce638dc5418f82524-006a2929b7" "proxy-server 12" 0.0021 "-" 20 0
Jun 10 09:09:11 standalone proxy-server[128787]: 172.18.0.2 172.18.0.100 10/Jun/2026/09/09/11 GET /v1/AUTH_cb9833fe5ea641649cb26bc687a9c748/gnocchi.016140d0-5b83-476f-afba-febe89cbb821%3Fformat%3Djson%26marker%3Dnone_v3%26states%3Dlisting HTTP/1.0 200 - python-swiftclient-3.11.1 gAAAAABqKSk5vUXe... - 2 - tx6333ce638dc5418f82524-006a2929b7 - 0.0103 - - 1781082551.713218927 1781082551.723542929 0
Jun 10 09:09:11 standalone object-server[127007]: 172.20.0.100 - - [10/Jun/2026:09:09:11 +0000] "GET /d1/381/AUTH_cb9833fe5ea641649cb26bc687a9c748/gnocchi.016140d0-5b83-476f-afba-febe89cbb821/1780920000.0_mean_300.0_v3" 200 16 "GET http://172.18.0.2:8080/v1/AUTH_cb9833fe5ea641649cb26bc687a9c748/gnocchi.016140d0-5b83-476f-afba-febe89cbb821/1780920000.0_mean_300.0_v3" "tx86b9f60c785e44bc980a8-006a2929b7" "proxy-server 12" 0.0038 "-" 25 0
Jun 10 09:09:11 standalone proxy-server[128787]: 172.18.0.2 172.18.0.100 10/Jun/2026/09/09/11 GET /v1/AUTH_cb9833fe5ea641649cb26bc687a9c748/gnocchi.016140d0-5b83-476f-afba-febe89cbb821/1780920000.0_mean_300.0_v3 HTTP/1.0 200 - python-swiftclient-3.11.1 gAAAAABqKSk5vUXe... - 16 - tx86b9f60c785e44bc980a8-006a2929b7 - 0.0146 - - 1781082551.727639437 1781082551.742280483 0
Jun 10 09:09:11 standalone container-server[126738]: 172.20.0.100 - - [10/Jun/2026:09:09:11 +0000] "PUT /d1/293/AUTH_cb9833fe5ea641649cb26bc687a9c748/gnocchi.016140d0-5b83-476f-afba-febe89cbb821/1780920000.0_mean_300.0_v3" 201 - "PUT http://172.18.0.2:8080/d1/381/AUTH_cb9833fe5ea641649cb26bc687a9c748/gnocchi.016140d0-5b83-476f-afba-febe89cbb821/1780920000.0_mean_300.0_v3" "txf9c7977bbe484230b70f8-006a2929b7" "object-server 22" 0.0005 "-" 19 0
Jun 10 09:09:11 standalone object-server[126979]: 172.20.0.100 - - [10/Jun/2026:09:09:11 +0000] "PUT /d1/381/AUTH_cb9833fe5ea641649cb26bc687a9c748/gnocchi.016140d0-5b83-476f-afba-febe89cbb821/1780920000.0_mean_300.0_v3" 201 - "PUT http://172.18.0.2:8080/v1/AUTH_cb9833fe5ea641649cb26bc687a9c748/gnocchi.016140d0-5b83-476f-afba-febe89cbb821/1780920000.0_mean_300.0_v3" "txf9c7977bbe484230b70f8-006a2929b7" "proxy-server 12" 0.0116 "-" 22 0
Jun 10 09:09:11 standalone proxy-server[128787]: 172.18.0.2 172.18.0.100 10/Jun/2026/09/09/11 PUT /v1/AUTH_cb9833fe5ea641649cb26bc687a9c748/gnocchi.016140d0-5b83-476f-afba-febe89cbb821/1780920000.0_mean_300.0_v3 HTTP/1.0 201 - python-swiftclient-3.11.1 gAAAAABqKSk5vUXe... 16 - - txf9c7977bbe484230b70f8-006a2929b7 - 0.0257 - - 1781082551.746928453 1781082551.772632122 0
Jun 10 09:09:11 standalone container-server[126773]: 172.20.0.100 - - [10/Jun/2026:09:09:11 +0000] "PUT /d1/293/AUTH_cb9833fe5ea641649cb26bc687a9c748/gnocchi.016140d0-5b83-476f-afba-febe89cbb821/none_v3" 201 - "PUT http://172.18.0.2:8080/d1/780/AUTH_cb9833fe5ea641649cb26bc687a9c748/gnocchi.016140d0-5b83-476f-afba-febe89cbb821/none_v3" "txece6296c75ba4b94bcc14-006a2929b7" "object-server 24" 0.0008 "-" 23 0
Jun 10 09:09:11 standalone object-server[126990]: 172.20.0.100 - - [10/Jun/2026:09:09:11 +0000] "PUT /d1/780/AUTH_cb9833fe5ea641649cb26bc687a9c748/gnocchi.016140d0-5b83-476f-afba-febe89cbb821/none_v3" 201 - "PUT http://172.18.0.2:8080/v1/AUTH_cb9833fe5ea641649cb26bc687a9c748/gnocchi.016140d0-5b83-476f-afba-febe89cbb821/none_v3" "txece6296c75ba4b94bcc14-006a2929b7" "proxy-server 12" 0.0096 "-" 24 0
Jun 10 09:09:11 standalone proxy-server[128787]: 172.18.0.2 172.18.0.100 10/Jun/2026/09/09/11 PUT /v1/AUTH_cb9833fe5ea641649cb26bc687a9c748/gnocchi.016140d0-5b83-476f-afba-febe89cbb821/none_v3 HTTP/1.0 201 - python-swiftclient-3.11.1 gAAAAABqKSk5vUXe... 31 - - txece6296c75ba4b94bcc14-006a2929b7 - 0.0153 - - 1781082551.775125504 1781082551.790403128 0
Jun 10 09:09:18 standalone object-server[127007]: 172.20.0.100 - - [10/Jun/2026:09:09:18 +0000] "GET /d1/780/AUTH_cb9833fe5ea641649cb26bc687a9c748/gnocchi.016140d0-5b83-476f-afba-febe89cbb821/none_v3" 200 31 "GET http://172.18.0.2:8080/v1/AUTH_cb9833fe5ea641649cb26bc687a9c748/gnocchi.016140d0-5b83-476f-afba-febe89cbb821/none_v3" "tx3297a9fa8c81468f9c873-006a2929be" "proxy-server 12" 0.0015 "-" 25 0
Jun 10 09:09:18 standalone proxy-server[128787]: 172.18.0.2 172.18.0.100 10/Jun/2026/09/09/18 GET /v1/AUTH_cb9833fe5ea641649cb26bc687a9c748/gnocchi.016140d0-5b83-476f-afba-febe89cbb821/none_v3 HTTP/1.0 200 - python-swiftclient-3.11.1 gAAAAABqKSk5vUXe... - 31 - tx3297a9fa8c81468f9c873-006a2929be - 0.0116 - - 1781082558.971933603 1781082558.983505726 0
Jun 10 09:09:19 standalone container-server[126740]: 172.20.0.100 - - [10/Jun/2026:09:09:19 +0000] "GET /d1/293/AUTH_cb9833fe5ea641649cb26bc687a9c748/gnocchi.016140d0-5b83-476f-afba-febe89cbb821" 200 357 "GET http://172.18.0.2:8080/v1/AUTH_cb9833fe5ea641649cb26bc687a9c748/gnocchi.016140d0-5b83-476f-afba-febe89cbb821?format=json&states=listing" "txc7997bd8dd714a44b4c94-006a2929be" "proxy-server 12" 0.0082 "-" 20 0
Jun 10 09:09:19 standalone proxy-server[128787]: 172.18.0.2 172.18.0.100 10/Jun/2026/09/09/19 GET /v1/AUTH_cb9833fe5ea641649cb26bc687a9c748/gnocchi.016140d0-5b83-476f-afba-febe89cbb821%3Fformat%3Djson%26states%3Dlisting HTTP/1.0 200 - python-swiftclient-3.11.1 gAAAAABqKSk5vUXe... - 357 - txc7997bd8dd714a44b4c94-006a2929be - 0.0170 - - 1781082558.988855839 1781082559.005894899 0
Jun 10 09:09:19 standalone container-server[126773]: 172.20.0.100 - - [10/Jun/2026:09:09:19 +0000] "GET /d1/293/AUTH_cb9833fe5ea641649cb26bc687a9c748/gnocchi.016140d0-5b83-476f-afba-febe89cbb821" 200 2 "GET http://172.18.0.2:8080/v1/AUTH_cb9833fe5ea641649cb26bc687a9c748/gnocchi.016140d0-5b83-476f-afba-febe89cbb821?format=json&marker=none_v3&states=listing" "tx21231d5642eb4c67a5e5b-006a2929bf" "proxy-server 12" 0.0051 "-" 23 0
Jun 10 09:09:19 standalone proxy-server[128787]: 172.18.0.2 172.18.0.100 10/Jun/2026/09/09/19 GET /v1/AUTH_cb9833fe5ea641649cb26bc687a9c748/gnocchi.016140d0-5b83-476f-afba-febe89cbb821%3Fformat%3Djson%26marker%3Dnone_v3%26states%3Dlisting HTTP/1.0 200 - python-swiftclient-3.11.1 gAAAAABqKSk5vUXe... - 2 - tx21231d5642eb4c67a5e5b-006a2929bf - 0.0170 - - 1781082559.009967804 1781082559.026984453 0
Jun 10 09:09:19 standalone object-server[126990]: 172.20.0.100 - - [10/Jun/2026:09:09:19 +0000] "GET /d1/381/AUTH_cb9833fe5ea641649cb26bc687a9c748/gnocchi.016140d0-5b83-476f-afba-febe89cbb821/1780920000.0_mean_300.0_v3" 200 16 "GET http://172.18.0.2:8080/v1/AUTH_cb9833fe5ea641649cb26bc687a9c748/gnocchi.016140d0-5b83-476f-afba-febe89cbb821/1780920000.0_mean_300.0_v3" "txfa41abcb097f4a059726a-006a2929bf" "proxy-server 12" 0.0011 "-" 24 0
Jun 10 09:09:19 standalone proxy-server[128787]: 172.18.0.2 172.18.0.100 10/Jun/2026/09/09/19 GET /v1/AUTH_cb9833fe5ea641649cb26bc687a9c748/gnocchi.016140d0-5b83-476f-afba-febe89cbb821/1780920000.0_mean_300.0_v3 HTTP/1.0 200 - python-swiftclient-3.11.1 gAAAAABqKSk5vUXe... - 16 - txfa41abcb097f4a059726a-006a2929bf - 0.0152 - - 1781082559.032953024 1781082559.048157454 0
Jun 10 09:09:19 standalone container-server[126740]: 172.20.0.100 - - [10/Jun/2026:09:09:19 +0000] "PUT /d1/293/AUTH_cb9833fe5ea641649cb26bc687a9c748/gnocchi.016140d0-5b83-476f-afba-febe89cbb821/1780920000.0_mean_300.0_v3" 201 - "PUT http://172.18.0.2:8080/d1/381/AUTH_cb9833fe5ea641649cb26bc687a9c748/gnocchi.016140d0-5b83-476f-afba-febe89cbb821/1780920000.0_mean_300.0_v3" "tx3a3d25a6b2044a1981c49-006a2929bf" "object-server 22" 0.0013 "-" 20 0
Jun 10 09:09:19 standalone object-server[126979]: 172.20.0.100 - - [10/Jun/2026:09:09:19 +0000] "PUT /d1/381/AUTH_cb9833fe5ea641649cb26bc687a9c748/gnocchi.016140d0-5b83-476f-afba-febe89cbb821/1780920000.0_mean_300.0_v3" 201 - "PUT http://172.18.0.2:8080/v1/AUTH_cb9833fe5ea641649cb26bc687a9c748/gnocchi.016140d0-5b83-476f-afba-febe89cbb821/1780920000.0_mean_300.0_v3" "tx3a3d25a6b2044a1981c49-006a2929bf" "proxy-server 12" 0.0201 "-" 22 0
Jun 10 09:09:19 standalone proxy-server[128787]: 172.18.0.2 172.18.0.100 10/Jun/2026/09/09/19 PUT /v1/AUTH_cb9833fe5ea641649cb26bc687a9c748/gnocchi.016140d0-5b83-476f-afba-febe89cbb821/1780920000.0_mean_300.0_v3 HTTP/1.0 201 - python-swiftclient-3.11.1 gAAAAABqKSk5vUXe... 16 - - tx3a3d25a6b2044a1981c49-006a2929bf - 0.0302 - - 1781082559.053298712 1781082559.083522320 0
Jun 10 09:09:19 standalone container-server[126773]: 172.20.0.100 - - [10/Jun/2026:09:09:19 +0000] "PUT /d1/293/AUTH_cb9833fe5ea641649cb26bc687a9c748/gnocchi.016140d0-5b83-476f-afba-febe89cbb821/none_v3" 201 - "PUT http://172.18.0.2:8080/d1/780/AUTH_cb9833fe5ea641649cb26bc687a9c748/gnocchi.016140d0-5b83-476f-afba-febe89cbb821/none_v3" "tx76bfb8b3bd064f2e8b684-006a2929bf" "object-server 24" 0.0010 "-" 23 0
Jun 10 09:09:19 standalone object-server[126990]: 172.20.0.100 - - [10/Jun/2026:09:09:19 +0000] "PUT /d1/780/AUTH_cb9833fe5ea641649cb26bc687a9c748/gnocchi.016140d0-5b83-476f-afba-febe89cbb821/none_v3" 201 - "PUT http://172.18.0.2:8080/v1/AUTH_cb9833fe5ea641649cb26bc687a9c748/gnocchi.016140d0-5b83-476f-afba-febe89cbb821/none_v3" "tx76bfb8b3bd064f2e8b684-006a2929bf" "proxy-server 12" 0.0159 "-" 24 0
Jun 10 09:09:19 standalone proxy-server[128787]: 172.18.0.2 172.18.0.100 10/Jun/2026/09/09/19 PUT /v1/AUTH_cb9833fe5ea641649cb26bc687a9c748/gnocchi.016140d0-5b83-476f-afba-febe89cbb821/none_v3 HTTP/1.0 201 - python-swiftclient-3.11.1 gAAAAABqKSk5vUXe... 46 - - tx76bfb8b3bd064f2e8b684-006a2929bf - 0.0255 - - 1781082559.087524652 1781082559.113068342 0
Jun 10 09:09:19 standalone object-server[127007]: 172.20.0.100 - - [10/Jun/2026:09:09:19 +0000] "GET /d1/780/AUTH_cb9833fe5ea641649cb26bc687a9c748/gnocchi.016140d0-5b83-476f-afba-febe89cbb821/none_v3" 200 46 "GET http://172.18.0.2:8080/v1/AUTH_cb9833fe5ea641649cb26bc687a9c748/gnocchi.016140d0-5b83-476f-afba-febe89cbb821/none_v3" "tx24e4882112c9484284efb-006a2929bf" "proxy-server 12" 0.0010 "-" 25 0
Jun 10 09:09:19 standalone proxy-server[128787]: 172.18.0.2 172.18.0.100 10/Jun/2026/09/09/19 GET /v1/AUTH_cb9833fe5ea641649cb26bc687a9c748/gnocchi.016140d0-5b83-476f-afba-febe89cbb821/none_v3 HTTP/1.0 200 - python-swiftclient-3.11.1 gAAAAABqKSk5vUXe... - 46 - tx24e4882112c9484284efb-006a2929bf - 0.0099 - - 1781082559.699008703 1781082559.708925247 0
Jun 10 09:09:19 standalone container-server[126738]: 172.20.0.100 - - [10/Jun/2026:09:09:19 +0000] "GET /d1/293/AUTH_cb9833fe5ea641649cb26bc687a9c748/gnocchi.016140d0-5b83-476f-afba-febe89cbb821" 200 357 "GET http://172.18.0.2:8080/v1/AUTH_cb9833fe5ea641649cb26bc687a9c748/gnocchi.016140d0-5b83-476f-afba-febe89cbb821?format=json&states=listing" "tx628b105fe21246dd81861-006a2929bf" "proxy-server 12" 0.0080 "-" 19 0
Jun 10 09:09:19 standalone proxy-server[128787]: 172.18.0.2 172.18.0.100 10/Jun/2026/09/09/19 GET /v1/AUTH_cb9833fe5ea641649cb26bc687a9c748/gnocchi.016140d0-5b83-476f-afba-febe89cbb821%3Fformat%3Djson%26states%3Dlisting HTTP/1.0 200 - python-swiftclient-3.11.1 gAAAAABqKSk5vUXe... - 357 - tx628b105fe21246dd81861-006a2929bf - 0.0177 - - 1781082559.714073181 1781082559.731786251 0
Jun 10 09:09:19 standalone container-server[126771]: 172.20.0.100 - - [10/Jun/2026:09:09:19 +0000] "GET /d1/293/AUTH_cb9833fe5ea641649cb26bc687a9c748/gnocchi.016140d0-5b83-476f-afba-febe89cbb821" 200 2 "GET http://172.18.0.2:8080/v1/AUTH_cb9833fe5ea641649cb26bc687a9c748/gnocchi.016140d0-5b83-476f-afba-febe89cbb821?format=json&marker=none_v3&states=listing" "tx33679194bd81425891c37-006a2929bf" "proxy-server 12" 0.0026 "-" 22 0
Jun 10 09:09:19 standalone proxy-server[128787]: 172.18.0.2 172.18.0.100 10/Jun/2026/09/09/19 GET /v1/AUTH_cb9833fe5ea641649cb26bc687a9c748/gnocchi.016140d0-5b83-476f-afba-febe89cbb821%3Fformat%3Djson%26marker%3Dnone_v3%26states%3Dlisting HTTP/1.0 200 - python-swiftclient-3.11.1 gAAAAABqKSk5vUXe... - 2 - tx33679194bd81425891c37-006a2929bf - 0.0123 - - 1781082559.736173391 1781082559.748488665 0
Jun 10 09:09:19 standalone object-server[127007]: 172.20.0.100 - - [10/Jun/2026:09:09:19 +0000] "GET /d1/381/AUTH_cb9833fe5ea641649cb26bc687a9c748/gnocchi.016140d0-5b83-476f-afba-febe89cbb821/1780920000.0_mean_300.0_v3" 200 16 "GET http://172.18.0.2:8080/v1/AUTH_cb9833fe5ea641649cb26bc687a9c748/gnocchi.016140d0-5b83-476f-afba-febe89cbb821/1780920000.0_mean_300.0_v3" "tx4bc0a0594f734dbb80154-006a2929bf" "proxy-server 12" 0.0008 "-" 25 0
Jun 10 09:09:19 standalone proxy-server[128787]: 172.18.0.2 172.18.0.100 10/Jun/2026/09/09/19 GET /v1/AUTH_cb9833fe5ea641649cb26bc687a9c748/gnocchi.016140d0-5b83-476f-afba-febe89cbb821/1780920000.0_mean_300.0_v3 HTTP/1.0 200 - python-swiftclient-3.11.1 gAAAAABqKSk5vUXe... - 16 - tx4bc0a0594f734dbb80154-006a2929bf - 0.0092 - - 1781082559.754698753 1781082559.763857841 0
Jun 10 09:09:19 standalone container-server[126740]: 172.20.0.100 - - [10/Jun/2026:09:09:19 +0000] "PUT /d1/293/AUTH_cb9833fe5ea641649cb26bc687a9c748/gnocchi.016140d0-5b83-476f-afba-febe89cbb821/1780920000.0_mean_300.0_v3" 201 - "PUT http://172.18.0.2:8080/d1/381/AUTH_cb9833fe5ea641649cb26bc687a9c748/gnocchi.016140d0-5b83-476f-afba-febe89cbb821/1780920000.0_mean_300.0_v3" "txc6e31494f0d9422990402-006a2929bf" "object-server 23" 0.0008 "-" 20 0
Jun 10 09:09:19 standalone object-server[126981]: 172.20.0.100 - - [10/Jun/2026:09:09:19 +0000] "PUT /d1/381/AUTH_cb9833fe5ea641649cb26bc687a9c748/gnocchi.016140d0-5b83-476f-afba-febe89cbb821/1780920000.0_mean_300.0_v3" 201 - "PUT http://172.18.0.2:8080/v1/AUTH_cb9833fe5ea641649cb26bc687a9c748/gnocchi.016140d0-5b83-476f-afba-febe89cbb821/1780920000.0_mean_300.0_v3" "txc6e31494f0d9422990402-006a2929bf" "proxy-server 12" 0.0106 "-" 23 0
Jun 10 09:09:19 standalone proxy-server[128787]: 172.18.0.2 172.18.0.100 10/Jun/2026/09/09/19 PUT /v1/AUTH_cb9833fe5ea641649cb26bc687a9c748/gnocchi.016140d0-5b83-476f-afba-febe89cbb821/1780920000.0_mean_300.0_v3 HTTP/1.0 201 - python-swiftclient-3.11.1 gAAAAABqKSk5vUXe... 16 - - txc6e31494f0d9422990402-006a2929bf - 0.0183 - - 1781082559.768872499 1781082559.787163496 0
Jun 10 09:09:19 standalone container-server[126740]: 172.20.0.100 - - [10/Jun/2026:09:09:19 +0000] "PUT /d1/293/AUTH_cb9833fe5ea641649cb26bc687a9c748/gnocchi.016140d0-5b83-476f-afba-febe89cbb821/none_v3" 201 - "PUT http://172.18.0.2:8080/d1/780/AUTH_cb9833fe5ea641649cb26bc687a9c748/gnocchi.016140d0-5b83-476f-afba-febe89cbb821/none_v3" "tx340ed683b8554c6486dc7-006a2929bf" "object-server 25" 0.0013 "-" 20 0
Jun 10 09:09:19 standalone object-server[127007]: 172.20.0.100 - - [10/Jun/2026:09:09:19 +0000] "PUT /d1/780/AUTH_cb9833fe5ea641649cb26bc687a9c748/gnocchi.016140d0-5b83-476f-afba-febe89cbb821/none_v3" 201 - "PUT http://172.18.0.2:8080/v1/AUTH_cb9833fe5ea641649cb26bc687a9c748/gnocchi.016140d0-5b83-476f-afba-febe89cbb821/none_v3" "tx340ed683b8554c6486dc7-006a2929bf" "proxy-server 12" 0.0127 "-" 25 0
Jun 10 09:09:19 standalone proxy-server[128787]: 172.18.0.2 172.18.0.100 10/Jun/2026/09/09/19 PUT /v1/AUTH_cb9833fe5ea641649cb26bc687a9c748/gnocchi.016140d0-5b83-476f-afba-febe89cbb821/none_v3 HTTP/1.0 201 - python-swiftclient-3.11.1 gAAAAABqKSk5vUXe... 51 - - tx340ed683b8554c6486dc7-006a2929bf - 0.0207 - - 1781082559.791375637 1781082559.812045097 0
Jun 10 09:09:22 standalone container-server[126738]: 172.20.0.100 - - [10/Jun/2026:09:09:22 +0000] "HEAD /d1/992/AUTH_cb9833fe5ea641649cb26bc687a9c748/gnocchi.b36e77f1-408f-494d-b919-b23aef541aa6" 404 - "HEAD http://172.18.0.2:8080/v1/AUTH_cb9833fe5ea641649cb26bc687a9c748/gnocchi.b36e77f1-408f-494d-b919-b23aef541aa6?format=json&states=listing" "tx90916cb943b04ed9954c1-006a2929c2" "proxy-server 12" 0.0009 "-" 19 0
Jun 10 09:09:22 standalone object-server[127007]: 172.20.0.100 - - [10/Jun/2026:09:09:22 +0000] "GET /d1/537/AUTH_cb9833fe5ea641649cb26bc687a9c748/gnocchi.b36e77f1-408f-494d-b919-b23aef541aa6/none_v3" 404 70 "GET http://172.18.0.2:8080/v1/AUTH_cb9833fe5ea641649cb26bc687a9c748/gnocchi.b36e77f1-408f-494d-b919-b23aef541aa6/none_v3" "tx90916cb943b04ed9954c1-006a2929c2" "proxy-server 12" 0.0006 "-" 25 0
Jun 10 09:09:22 standalone proxy-server[128787]: 172.18.0.2 172.18.0.100 10/Jun/2026/09/09/22 GET /v1/AUTH_cb9833fe5ea641649cb26bc687a9c748/gnocchi.b36e77f1-408f-494d-b919-b23aef541aa6/none_v3 HTTP/1.0 404 - python-swiftclient-3.11.1 gAAAAABqKSk5vUXe... - 70 - tx90916cb943b04ed9954c1-006a2929c2 - 0.0152 - - 1781082562.497711897 1781082562.512943506 0
Jun 10 09:09:22 standalone account-server[126808]: 172.20.0.100 - - [10/Jun/2026:09:09:22 +0000] "PUT /d1/374/AUTH_cb9833fe5ea641649cb26bc687a9c748/gnocchi.b36e77f1-408f-494d-b919-b23aef541aa6" 201 - "PUT http://172.20.0.100:6001/d1/992/AUTH_cb9833fe5ea641649cb26bc687a9c748/gnocchi.b36e77f1-408f-494d-b919-b23aef541aa6" "tx10dd7bcc56e54fb79b25b-006a2929c2" "container-server 23" 0.0058 "-" 20 0
Jun 10 09:09:22 standalone container-server[126773]: 172.20.0.100 - - [10/Jun/2026:09:09:22 +0000] "PUT /d1/992/AUTH_cb9833fe5ea641649cb26bc687a9c748/gnocchi.b36e77f1-408f-494d-b919-b23aef541aa6" 201 - "PUT http://172.18.0.2:8080/v1/AUTH_cb9833fe5ea641649cb26bc687a9c748/gnocchi.b36e77f1-408f-494d-b919-b23aef541aa6" "tx10dd7bcc56e54fb79b25b-006a2929c2" "proxy-server 12" 0.0191 "-" 23 0
Jun 10 09:09:22 standalone proxy-server[128787]: 172.18.0.2 172.18.0.100 10/Jun/2026/09/09/22 PUT /v1/AUTH_cb9833fe5ea641649cb26bc687a9c748/gnocchi.b36e77f1-408f-494d-b919-b23aef541aa6 HTTP/1.0 201 - python-swiftclient-3.11.1 gAAAAABqKSk5vUXe... - - - tx10dd7bcc56e54fb79b25b-006a2929c2 - 0.0261 - - 1781082562.518184423 1781082562.544238091 0
Jun 10 09:09:22 standalone container-server[126773]: 172.20.0.100 - - [10/Jun/2026:09:09:22 +0000] "HEAD /d1/992/AUTH_cb9833fe5ea641649cb26bc687a9c748/gnocchi.b36e77f1-408f-494d-b919-b23aef541aa6" 204 - "HEAD http://172.18.0.2:8080/v1/AUTH_cb9833fe5ea641649cb26bc687a9c748/gnocchi.b36e77f1-408f-494d-b919-b23aef541aa6?format=json&states=listing" "tx9176c0d3fffe449aad159-006a2929c2" "proxy-server 12" 0.0021 "-" 23 0
Jun 10 09:09:22 standalone proxy-server[128787]: - - 10/Jun/2026/09/09/22 HEAD /v1/AUTH_cb9833fe5ea641649cb26bc687a9c748/gnocchi.b36e77f1-408f-494d-b919-b23aef541aa6%3Fformat%3Djson%26states%3Dlisting HTTP/1.0 204 - Swift - - - - tx9176c0d3fffe449aad159-006a2929c2 - 0.0058 RL - 1781082562.550125599 1781082562.555896282 0
Jun 10 09:09:22 standalone container-server[126773]: 172.20.0.100 - - [10/Jun/2026:09:09:22 +0000] "GET /d1/992/AUTH_cb9833fe5ea641649cb26bc687a9c748/gnocchi.b36e77f1-408f-494d-b919-b23aef541aa6" 200 2 "GET http://172.18.0.2:8080/v1/AUTH_cb9833fe5ea641649cb26bc687a9c748/gnocchi.b36e77f1-408f-494d-b919-b23aef541aa6?format=json&states=listing" "tx9176c0d3fffe449aad159-006a2929c2" "proxy-server 12" 0.0030 "-" 23 0
Jun 10 09:09:22 standalone proxy-server[128787]: 172.18.0.2 172.18.0.100 10/Jun/2026/09/09/22 GET /v1/AUTH_cb9833fe5ea641649cb26bc687a9c748/gnocchi.b36e77f1-408f-494d-b919-b23aef541aa6%3Fformat%3Djson%26states%3Dlisting HTTP/1.0 200 - python-swiftclient-3.11.1 gAAAAABqKSk5vUXe... - 2 - tx9176c0d3fffe449aad159-006a2929c2 - 0.0161 - - 1781082562.548863411 1781082562.564955711 0
Jun 10 09:09:22 standalone object-server[126981]: 172.20.0.100 - - [10/Jun/2026:09:09:22 +0000] "GET /d1/902/AUTH_cb9833fe5ea641649cb26bc687a9c748/gnocchi.b36e77f1-408f-494d-b919-b23aef541aa6/1780920000.0_mean_300.0_v3" 404 70 "GET http://172.18.0.2:8080/v1/AUTH_cb9833fe5ea641649cb26bc687a9c748/gnocchi.b36e77f1-408f-494d-b919-b23aef541aa6/1780920000.0_mean_300.0_v3" "tx99f2d83af4d94ce3bf992-006a2929c2" "proxy-server 12" 0.0006 "-" 23 0
Jun 10 09:09:22 standalone proxy-server[128787]: 172.18.0.2 172.18.0.100 10/Jun/2026/09/09/22 GET /v1/AUTH_cb9833fe5ea641649cb26bc687a9c748/gnocchi.b36e77f1-408f-494d-b919-b23aef541aa6/1780920000.0_mean_300.0_v3 HTTP/1.0 404 - python-swiftclient-3.11.1 gAAAAABqKSk5vUXe... - 70 - tx99f2d83af4d94ce3bf992-006a2929c2 - 0.0068 - - 1781082562.569401741 1781082562.576154470 0
Jun 10 09:09:22 standalone container-server[126773]: 172.20.0.100 - - [10/Jun/2026:09:09:22 +0000] "PUT /d1/992/AUTH_cb9833fe5ea641649cb26bc687a9c748/gnocchi.b36e77f1-408f-494d-b919-b23aef541aa6/1780920000.0_mean_300.0_v3" 201 - "PUT http://172.18.0.2:8080/d1/902/AUTH_cb9833fe5ea641649cb26bc687a9c748/gnocchi.b36e77f1-408f-494d-b919-b23aef541aa6/1780920000.0_mean_300.0_v3" "tx189843f6cfe1445990d66-006a2929c2" "object-server 23" 0.0007 "-" 23 0
Jun 10 09:09:22 standalone object-server[126981]: 172.20.0.100 - - [10/Jun/2026:09:09:22 +0000] "PUT /d1/902/AUTH_cb9833fe5ea641649cb26bc687a9c748/gnocchi.b36e77f1-408f-494d-b919-b23aef541aa6/1780920000.0_mean_300.0_v3" 201 - "PUT http://172.18.0.2:8080/v1/AUTH_cb9833fe5ea641649cb26bc687a9c748/gnocchi.b36e77f1-408f-494d-b919-b23aef541aa6/1780920000.0_mean_300.0_v3" "tx189843f6cfe1445990d66-006a2929c2" "proxy-server 12" 0.0113 "-" 23 0
Jun 10 09:09:22 standalone proxy-server[128787]: 172.18.0.2 172.18.0.100 10/Jun/2026/09/09/22 PUT /v1/AUTH_cb9833fe5ea641649cb26bc687a9c748/gnocchi.b36e77f1-408f-494d-b919-b23aef541aa6/1780920000.0_mean_300.0_v3 HTTP/1.0 201 - python-swiftclient-3.11.1 gAAAAABqKSk5vUXe... 16 - - tx189843f6cfe1445990d66-006a2929c2 - 0.0176 - - 1781082562.579713106 1781082562.597311497 0
Jun 10 09:09:22 standalone container-server[126738]: 172.20.0.100 - - [10/Jun/2026:09:09:22 +0000] "PUT /d1/992/AUTH_cb9833fe5ea641649cb26bc687a9c748/gnocchi.b36e77f1-408f-494d-b919-b23aef541aa6/none_v3" 201 - "PUT http://172.18.0.2:8080/d1/537/AUTH_cb9833fe5ea641649cb26bc687a9c748/gnocchi.b36e77f1-408f-494d-b919-b23aef541aa6/none_v3" "tx416188e31d7046ddacce7-006a2929c2" "object-server 24" 0.0008 "-" 19 0
Jun 10 09:09:22 standalone object-server[126990]: 172.20.0.100 - - [10/Jun/2026:09:09:22 +0000] "PUT /d1/537/AUTH_cb9833fe5ea641649cb26bc687a9c748/gnocchi.b36e77f1-408f-494d-b919-b23aef541aa6/none_v3" 201 - "PUT http://172.18.0.2:8080/v1/AUTH_cb9833fe5ea641649cb26bc687a9c748/gnocchi.b36e77f1-408f-494d-b919-b23aef541aa6/none_v3" "tx416188e31d7046ddacce7-006a2929c2" "proxy-server 12" 0.0092 "-" 24 0
Jun 10 09:09:22 standalone proxy-server[128787]: 172.18.0.2 172.18.0.100 10/Jun/2026/09/09/22 PUT /v1/AUTH_cb9833fe5ea641649cb26bc687a9c748/gnocchi.b36e77f1-408f-494d-b919-b23aef541aa6/none_v3 HTTP/1.0 201 - python-swiftclient-3.11.1 gAAAAABqKSk5vUXe... 22 - - tx416188e31d7046ddacce7-006a2929c2 - 0.0156 - - 1781082562.600995302 1781082562.616550446 0
Jun 10 09:09:22 standalone container-server[126738]: 172.20.0.100 - - [10/Jun/2026:09:09:22 +0000] "HEAD /d1/3/AUTH_cb9833fe5ea641649cb26bc687a9c748/gnocchi.33831e0b-b1c4-42b6-a5ca-bdf43b3f77d3" 404 - "HEAD http://172.18.0.2:8080/v1/AUTH_cb9833fe5ea641649cb26bc687a9c748/gnocchi.33831e0b-b1c4-42b6-a5ca-bdf43b3f77d3?format=json&states=listing" "tx46353931d65b425aad721-006a2929c2" "proxy-server 12" 0.0004 "-" 19 0
Jun 10 09:09:22 standalone object-server[126981]: 172.20.0.100 - - [10/Jun/2026:09:09:22 +0000] "GET /d1/459/AUTH_cb9833fe5ea641649cb26bc687a9c748/gnocchi.33831e0b-b1c4-42b6-a5ca-bdf43b3f77d3/none_v3" 404 70 "GET http://172.18.0.2:8080/v1/AUTH_cb9833fe5ea641649cb26bc687a9c748/gnocchi.33831e0b-b1c4-42b6-a5ca-bdf43b3f77d3/none_v3" "tx46353931d65b425aad721-006a2929c2" "proxy-server 12" 0.0004 "-" 23 0
Jun 10 09:09:22 standalone proxy-server[128787]: 172.18.0.2 172.18.0.100 10/Jun/2026/09/09/22 GET /v1/AUTH_cb9833fe5ea641649cb26bc687a9c748/gnocchi.33831e0b-b1c4-42b6-a5ca-bdf43b3f77d3/none_v3 HTTP/1.0 404 - python-swiftclient-3.11.1 gAAAAABqKSk5vUXe... - 70 - tx46353931d65b425aad721-006a2929c2 - 0.0093 - - 1781082562.628711700 1781082562.638025045 0
Jun 10 09:09:22 standalone account-server[126825]: 172.20.0.100 - - [10/Jun/2026:09:09:22 +0000] "PUT /d1/374/AUTH_cb9833fe5ea641649cb26bc687a9c748/gnocchi.33831e0b-b1c4-42b6-a5ca-bdf43b3f77d3" 201 - "PUT http://172.20.0.100:6001/d1/3/AUTH_cb9833fe5ea641649cb26bc687a9c748/gnocchi.33831e0b-b1c4-42b6-a5ca-bdf43b3f77d3" "txcdeb045da0ac4374a754c-006a2929c2" "container-server 19" 0.0058 "-" 23 0
Jun 10 09:09:22 standalone container-server[126738]: 172.20.0.100 - - [10/Jun/2026:09:09:22 +0000] "PUT /d1/3/AUTH_cb9833fe5ea641649cb26bc687a9c748/gnocchi.33831e0b-b1c4-42b6-a5ca-bdf43b3f77d3" 201 - "PUT http://172.18.0.2:8080/v1/AUTH_cb9833fe5ea641649cb26bc687a9c748/gnocchi.33831e0b-b1c4-42b6-a5ca-bdf43b3f77d3" "txcdeb045da0ac4374a754c-006a2929c2" "proxy-server 12" 0.0162 "-" 19 0
Jun 10 09:09:22 standalone proxy-server[128787]: 172.18.0.2 172.18.0.100 10/Jun/2026/09/09/22 PUT /v1/AUTH_cb9833fe5ea641649cb26bc687a9c748/gnocchi.33831e0b-b1c4-42b6-a5ca-bdf43b3f77d3 HTTP/1.0 201 - python-swiftclient-3.11.1 gAAAAABqKSk5vUXe... - - - txcdeb045da0ac4374a754c-006a2929c2 - 0.0202 - - 1781082562.641300201 1781082562.661476851 0
Jun 10 09:09:22 standalone container-server[126740]: 172.20.0.100 - - [10/Jun/2026:09:09:22 +0000] "HEAD /d1/3/AUTH_cb9833fe5ea641649cb26bc687a9c748/gnocchi.33831e0b-b1c4-42b6-a5ca-bdf43b3f77d3" 204 - "HEAD http://172.18.0.2:8080/v1/AUTH_cb9833fe5ea641649cb26bc687a9c748/gnocchi.33831e0b-b1c4-42b6-a5ca-bdf43b3f77d3?format=json&states=listing" "txca5faeab0ec04168973be-006a2929c2" "proxy-server 12" 0.0013 "-" 20 0
Jun 10 09:09:22 standalone proxy-server[128787]: - - 10/Jun/2026/09/09/22 HEAD /v1/AUTH_cb9833fe5ea641649cb26bc687a9c748/gnocchi.33831e0b-b1c4-42b6-a5ca-bdf43b3f77d3%3Fformat%3Djson%26states%3Dlisting HTTP/1.0 204 - Swift - - - - txca5faeab0ec04168973be-006a2929c2 - 0.0046 RL - 1781082562.667063951 1781082562.671619177 0
Jun 10 09:09:22 standalone container-server[126738]: 172.20.0.100 - - [10/Jun/2026:09:09:22 +0000] "GET /d1/3/AUTH_cb9833fe5ea641649cb26bc687a9c748/gnocchi.33831e0b-b1c4-42b6-a5ca-bdf43b3f77d3" 200 2 "GET http://172.18.0.2:8080/v1/AUTH_cb9833fe5ea641649cb26bc687a9c748/gnocchi.33831e0b-b1c4-42b6-a5ca-bdf43b3f77d3?format=json&states=listing" "txca5faeab0ec04168973be-006a2929c2" "proxy-server 12" 0.0020 "-" 19 0
Jun 10 09:09:22 standalone proxy-server[128787]: 172.18.0.2 172.18.0.100 10/Jun/2026/09/09/22 GET /v1/AUTH_cb9833fe5ea641649cb26bc687a9c748/gnocchi.33831e0b-b1c4-42b6-a5ca-bdf43b3f77d3%3Fformat%3Djson%26states%3Dlisting HTTP/1.0 200 - python-swiftclient-3.11.1 gAAAAABqKSk5vUXe... - 2 - txca5faeab0ec04168973be-006a2929c2 - 0.0132 - - 1781082562.666103840 1781082562.679290533 0
Jun 10 09:09:22 standalone object-server[126990]: 172.20.0.100 - - [10/Jun/2026:09:09:22 +0000] "GET /d1/826/AUTH_cb9833fe5ea641649cb26bc687a9c748/gnocchi.33831e0b-b1c4-42b6-a5ca-bdf43b3f77d3/1780920000.0_mean_300.0_v3" 404 70 "GET http://172.18.0.2:8080/v1/AUTH_cb9833fe5ea641649cb26bc687a9c748/gnocchi.33831e0b-b1c4-42b6-a5ca-bdf43b3f77d3/1780920000.0_mean_300.0_v3" "tx1a4f34e88b404ac392c16-006a2929c2" "proxy-server 12" 0.0004 "-" 24 0
Jun 10 09:09:22 standalone proxy-server[128787]: 172.18.0.2 172.18.0.100 10/Jun/2026/09/09/22 GET /v1/AUTH_cb9833fe5ea641649cb26bc687a9c748/gnocchi.33831e0b-b1c4-42b6-a5ca-bdf43b3f77d3/1780920000.0_mean_300.0_v3 HTTP/1.0 404 - python-swiftclient-3.11.1 gAAAAABqKSk5vUXe... - 70 - tx1a4f34e88b404ac392c16-006a2929c2 - 0.0068 - - 1781082562.683578968 1781082562.690365076 0
Jun 10 09:09:22 standalone container-server[126740]: 172.20.0.100 - - [10/Jun/2026:09:09:22 +0000] "PUT /d1/3/AUTH_cb9833fe5ea641649cb26bc687a9c748/gnocchi.33831e0b-b1c4-42b6-a5ca-bdf43b3f77d3/1780920000.0_mean_300.0_v3" 201 - "PUT http://172.18.0.2:8080/d1/826/AUTH_cb9833fe5ea641649cb26bc687a9c748/gnocchi.33831e0b-b1c4-42b6-a5ca-bdf43b3f77d3/1780920000.0_mean_300.0_v3" "txaae2a160eb674214b3b6f-006a2929c2" "object-server 25" 0.0008 "-" 20 0
Jun 10 09:09:22 standalone object-server[127007]: 172.20.0.100 - - [10/Jun/2026:09:09:22 +0000] "PUT /d1/826/AUTH_cb9833fe5ea641649cb26bc687a9c748/gnocchi.33831e0b-b1c4-42b6-a5ca-bdf43b3f77d3/1780920000.0_mean_300.0_v3" 201 - "PUT http://172.18.0.2:8080/v1/AUTH_cb9833fe5ea641649cb26bc687a9c748/gnocchi.33831e0b-b1c4-42b6-a5ca-bdf43b3f77d3/1780920000.0_mean_300.0_v3" "txaae2a160eb674214b3b6f-006a2929c2" "proxy-server 12" 0.0101 "-" 25 0
Jun 10 09:09:22 standalone proxy-server[128787]: 172.18.0.2 172.18.0.100 10/Jun/2026/09/09/22 PUT /v1/AUTH_cb9833fe5ea641649cb26bc687a9c748/gnocchi.33831e0b-b1c4-42b6-a5ca-bdf43b3f77d3/1780920000.0_mean_300.0_v3 HTTP/1.0 201 - python-swiftclient-3.11.1 gAAAAABqKSk5vUXe... 16 - - txaae2a160eb674214b3b6f-006a2929c2 - 0.0173 - - 1781082562.697760582 1781082562.715064287 0
Jun 10 09:09:22 standalone container-server[126773]: 172.20.0.100 - - [10/Jun/2026:09:09:22 +0000] "PUT /d1/3/AUTH_cb9833fe5ea641649cb26bc687a9c748/gnocchi.33831e0b-b1c4-42b6-a5ca-bdf43b3f77d3/none_v3" 201 - "PUT http://172.18.0.2:8080/d1/459/AUTH_cb9833fe5ea641649cb26bc687a9c748/gnocchi.33831e0b-b1c4-42b6-a5ca-bdf43b3f77d3/none_v3" "tx07e89a19c1eb47189ed71-006a2929c2" "object-server 22" 0.0007 "-" 23 0
Jun 10 09:09:22 standalone object-server[126979]: 172.20.0.100 - - [10/Jun/2026:09:09:22 +0000] "PUT /d1/459/AUTH_cb9833fe5ea641649cb26bc687a9c748/gnocchi.33831e0b-b1c4-42b6-a5ca-bdf43b3f77d3/none_v3" 201 - "PUT http://172.18.0.2:8080/v1/AUTH_cb9833fe5ea641649cb26bc687a9c748/gnocchi.33831e0b-b1c4-42b6-a5ca-bdf43b3f77d3/none_v3" "tx07e89a19c1eb47189ed71-006a2929c2" "proxy-server 12" 0.0114 "-" 22 0
Jun 10 09:09:22 standalone proxy-server[128787]: 172.18.0.2 172.18.0.100 10/Jun/2026/09/09/22 PUT /v1/AUTH_cb9833fe5ea641649cb26bc687a9c748/gnocchi.33831e0b-b1c4-42b6-a5ca-bdf43b3f77d3/none_v3 HTTP/1.0 201 - python-swiftclient-3.11.1 gAAAAABqKSk5vUXe... 22 - - tx07e89a19c1eb47189ed71-006a2929c2 - 0.0190 - - 1781082562.719006300 1781082562.738020182 0
Jun 10 09:09:22 standalone container-server[126773]: 172.20.0.100 - - [10/Jun/2026:09:09:22 +0000] "HEAD /d1/852/AUTH_cb9833fe5ea641649cb26bc687a9c748/gnocchi.fc634d93-3f1a-4049-874f-1de06fd72cc1" 404 - "HEAD http://172.18.0.2:8080/v1/AUTH_cb9833fe5ea641649cb26bc687a9c748/gnocchi.fc634d93-3f1a-4049-874f-1de06fd72cc1?format=json&states=listing" "txb45cd6f55c874f8db26f0-006a2929c2" "proxy-server 12" 0.0004 "-" 23 0
Jun 10 09:09:22 standalone object-server[126981]: 172.20.0.100 - - [10/Jun/2026:09:09:22 +0000] "GET /d1/300/AUTH_cb9833fe5ea641649cb26bc687a9c748/gnocchi.fc634d93-3f1a-4049-874f-1de06fd72cc1/none_v3" 404 70 "GET http://172.18.0.2:8080/v1/AUTH_cb9833fe5ea641649cb26bc687a9c748/gnocchi.fc634d93-3f1a-4049-874f-1de06fd72cc1/none_v3" "txb45cd6f55c874f8db26f0-006a2929c2" "proxy-server 12" 0.0004 "-" 23 0
Jun 10 09:09:22 standalone proxy-server[128787]: 172.18.0.2 172.18.0.100 10/Jun/2026/09/09/22 GET /v1/AUTH_cb9833fe5ea641649cb26bc687a9c748/gnocchi.fc634d93-3f1a-4049-874f-1de06fd72cc1/none_v3 HTTP/1.0 404 - python-swiftclient-3.11.1 gAAAAABqKSk5vUXe... - 70 - txb45cd6f55c874f8db26f0-006a2929c2 - 0.0098 - - 1781082562.748344898 1781082562.758149147 0
Jun 10 09:09:22 standalone account-server[126823]: 172.20.0.100 - - [10/Jun/2026:09:09:22 +0000] "PUT /d1/374/AUTH_cb9833fe5ea641649cb26bc687a9c748/gnocchi.fc634d93-3f1a-4049-874f-1de06fd72cc1" 201 - "PUT http://172.20.0.100:6001/d1/852/AUTH_cb9833fe5ea641649cb26bc687a9c748/gnocchi.fc634d93-3f1a-4049-874f-1de06fd72cc1" "tx6fbda7d2bc8b4f348c979-006a2929c2" "container-server 22" 0.0055 "-" 21 0
Jun 10 09:09:22 standalone container-server[126771]: 172.20.0.100 - - [10/Jun/2026:09:09:22 +0000] "PUT /d1/852/AUTH_cb9833fe5ea641649cb26bc687a9c748/gnocchi.fc634d93-3f1a-4049-874f-1de06fd72cc1" 201 - "PUT http://172.18.0.2:8080/v1/AUTH_cb9833fe5ea641649cb26bc687a9c748/gnocchi.fc634d93-3f1a-4049-874f-1de06fd72cc1" "tx6fbda7d2bc8b4f348c979-006a2929c2" "proxy-server 12" 0.0188 "-" 22 0
Jun 10 09:09:22 standalone proxy-server[128787]: 172.18.0.2 172.18.0.100 10/Jun/2026/09/09/22 PUT /v1/AUTH_cb9833fe5ea641649cb26bc687a9c748/gnocchi.fc634d93-3f1a-4049-874f-1de06fd72cc1 HTTP/1.0 201 - python-swiftclient-3.11.1 gAAAAABqKSk5vUXe... - - - tx6fbda7d2bc8b4f348c979-006a2929c2 - 0.0240 - - 1781082562.760885239 1781082562.784895420 0
Jun 10 09:09:22 standalone container-server[126771]: 172.20.0.100 - - [10/Jun/2026:09:09:22 +0000] "HEAD /d1/852/AUTH_cb9833fe5ea641649cb26bc687a9c748/gnocchi.fc634d93-3f1a-4049-874f-1de06fd72cc1" 204 - "HEAD http://172.18.0.2:8080/v1/AUTH_cb9833fe5ea641649cb26bc687a9c748/gnocchi.fc634d93-3f1a-4049-874f-1de06fd72cc1?format=json&states=listing" "tx8b8c034191ee454795e7c-006a2929c2" "proxy-server 12" 0.0021 "-" 22 0
Jun 10 09:09:22 standalone proxy-server[128787]: - - 10/Jun/2026/09/09/22 HEAD /v1/AUTH_cb9833fe5ea641649cb26bc687a9c748/gnocchi.fc634d93-3f1a-4049-874f-1de06fd72cc1%3Fformat%3Djson%26states%3Dlisting HTTP/1.0 204 - Swift - - - - tx8b8c034191ee454795e7c-006a2929c2 - 0.0055 RL - 1781082562.789336205 1781082562.794852018 0
Jun 10 09:09:22 standalone container-server[126740]: 172.20.0.100 - - [10/Jun/2026:09:09:22 +0000] "GET /d1/852/AUTH_cb9833fe5ea641649cb26bc687a9c748/gnocchi.fc634d93-3f1a-4049-874f-1de06fd72cc1" 200 2 "GET http://172.18.0.2:8080/v1/AUTH_cb9833fe5ea641649cb26bc687a9c748/gnocchi.fc634d93-3f1a-4049-874f-1de06fd72cc1?format=json&states=listing" "tx8b8c034191ee454795e7c-006a2929c2" "proxy-server 12" 0.0025 "-" 20 0
Jun 10 09:09:22 standalone proxy-server[128787]: 172.18.0.2 172.18.0.100 10/Jun/2026/09/09/22 GET /v1/AUTH_cb9833fe5ea641649cb26bc687a9c748/gnocchi.fc634d93-3f1a-4049-874f-1de06fd72cc1%3Fformat%3Djson%26states%3Dlisting HTTP/1.0 200 - python-swiftclient-3.11.1 gAAAAABqKSk5vUXe... - 2 - tx8b8c034191ee454795e7c-006a2929c2 - 0.0152 - - 1781082562.788224936 1781082562.803426981 0
Jun 10 09:09:22 standalone object-server[127007]: 172.20.0.100 - - [10/Jun/2026:09:09:22 +0000] "GET /d1/577/AUTH_cb9833fe5ea641649cb26bc687a9c748/gnocchi.fc634d93-3f1a-4049-874f-1de06fd72cc1/1780920000.0_mean_300.0_v3" 404 70 "GET http://172.18.0.2:8080/v1/AUTH_cb9833fe5ea641649cb26bc687a9c748/gnocchi.fc634d93-3f1a-4049-874f-1de06fd72cc1/1780920000.0_mean_300.0_v3" "tx42fdc74d2d884fab97b4e-006a2929c2" "proxy-server 12" 0.0005 "-" 25 0
Jun 10 09:09:22 standalone proxy-server[128787]: 172.18.0.2 172.18.0.100 10/Jun/2026/09/09/22 GET /v1/AUTH_cb9833fe5ea641649cb26bc687a9c748/gnocchi.fc634d93-3f1a-4049-874f-1de06fd72cc1/1780920000.0_mean_300.0_v3 HTTP/1.0 404 - python-swiftclient-3.11.1 gAAAAABqKSk5vUXe... - 70 - tx42fdc74d2d884fab97b4e-006a2929c2 - 0.0070 - - 1781082562.807041883 1781082562.814053535 0
Jun 10 09:09:22 standalone container-server[126740]: 172.20.0.100 - - [10/Jun/2026:09:09:22 +0000] "PUT /d1/852/AUTH_cb9833fe5ea641649cb26bc687a9c748/gnocchi.fc634d93-3f1a-4049-874f-1de06fd72cc1/1780920000.0_mean_300.0_v3" 201 - "PUT http://172.18.0.2:8080/d1/577/AUTH_cb9833fe5ea641649cb26bc687a9c748/gnocchi.fc634d93-3f1a-4049-874f-1de06fd72cc1/1780920000.0_mean_300.0_v3" "tx5c299aeb1a2c47a1ad809-006a2929c2" "object-server 25" 0.0007 "-" 20 0
Jun 10 09:09:22 standalone object-server[127007]: 172.20.0.100 - - [10/Jun/2026:09:09:22 +0000] "PUT /d1/577/AUTH_cb9833fe5ea641649cb26bc687a9c748/gnocchi.fc634d93-3f1a-4049-874f-1de06fd72cc1/1780920000.0_mean_300.0_v3" 201 - "PUT http://172.18.0.2:8080/v1/AUTH_cb9833fe5ea641649cb26bc687a9c748/gnocchi.fc634d93-3f1a-4049-874f-1de06fd72cc1/1780920000.0_mean_300.0_v3" "tx5c299aeb1a2c47a1ad809-006a2929c2" "proxy-server 12" 0.0104 "-" 25 0
Jun 10 09:09:22 standalone proxy-server[128787]: 172.18.0.2 172.18.0.100 10/Jun/2026/09/09/22 PUT /v1/AUTH_cb9833fe5ea641649cb26bc687a9c748/gnocchi.fc634d93-3f1a-4049-874f-1de06fd72cc1/1780920000.0_mean_300.0_v3 HTTP/1.0 201 - python-swiftclient-3.11.1 gAAAAABqKSk5vUXe... 16 - - tx5c299aeb1a2c47a1ad809-006a2929c2 - 0.0192 - - 1781082562.819034338 1781082562.838263273 0
Jun 10 09:09:22 standalone container-server[126740]: 172.20.0.100 - - [10/Jun/2026:09:09:22 +0000] "PUT /d1/852/AUTH_cb9833fe5ea641649cb26bc687a9c748/gnocchi.fc634d93-3f1a-4049-874f-1de06fd72cc1/none_v3" 201 - "PUT http://172.18.0.2:8080/d1/300/AUTH_cb9833fe5ea641649cb26bc687a9c748/gnocchi.fc634d93-3f1a-4049-874f-1de06fd72cc1/none_v3" "tx516b518bb2824e07aa25f-006a2929c2" "object-server 25" 0.0007 "-" 20 0
