Jun 11 13:05:56 standalone object-server[127203]: 172.20.0.100 - - [11/Jun/2026:13:05:56 +0000] "PUT /d1/0/AUTH_7832f58621f8472aac4a78dc4760d88f/gnocchi.d2b87289-fcab-416c-a9ad-f8759b9e2857/1780920000.0_mean_300.0_v3" 201 - "PUT http://172.18.0.2:8080/v1/AUTH_7832f58621f8472aac4a78dc4760d88f/gnocchi.d2b87289-fcab-416c-a9ad-f8759b9e2857/1780920000.0_mean_300.0_v3" "txf58bb833295d481cb1779-006a2ab2b3" "proxy-server 20" 0.0076 "-" 23 0
Jun 11 13:05:56 standalone proxy-server[128813]: 172.18.0.2 172.18.0.100 11/Jun/2026/13/05/56 PUT /v1/AUTH_7832f58621f8472aac4a78dc4760d88f/gnocchi.d2b87289-fcab-416c-a9ad-f8759b9e2857/1780920000.0_mean_300.0_v3 HTTP/1.0 201 - python-swiftclient-3.11.1 gAAAAABqKrJkPf-5... 16 - - txf58bb833295d481cb1779-006a2ab2b3 - 0.0114 - - 1781183155.994016409 1781183156.005445480 0
Jun 11 13:05:56 standalone container-server[126933]: 172.20.0.100 - - [11/Jun/2026:13:05:56 +0000] "PUT /d1/260/AUTH_7832f58621f8472aac4a78dc4760d88f/gnocchi.d2b87289-fcab-416c-a9ad-f8759b9e2857/none_v3" 201 - "PUT http://172.18.0.2:8080/d1/342/AUTH_7832f58621f8472aac4a78dc4760d88f/gnocchi.d2b87289-fcab-416c-a9ad-f8759b9e2857/none_v3" "tx2ccb324a5a28487698ecf-006a2ab2b4" "object-server 23" 0.0006 "-" 21 0
Jun 11 13:05:56 standalone object-server[127203]: 172.20.0.100 - - [11/Jun/2026:13:05:56 +0000] "PUT /d1/342/AUTH_7832f58621f8472aac4a78dc4760d88f/gnocchi.d2b87289-fcab-416c-a9ad-f8759b9e2857/none_v3" 201 - "PUT http://172.18.0.2:8080/v1/AUTH_7832f58621f8472aac4a78dc4760d88f/gnocchi.d2b87289-fcab-416c-a9ad-f8759b9e2857/none_v3" "tx2ccb324a5a28487698ecf-006a2ab2b4" "proxy-server 20" 0.0080 "-" 23 0
Jun 11 13:05:56 standalone proxy-server[128813]: 172.18.0.2 172.18.0.100 11/Jun/2026/13/05/56 PUT /v1/AUTH_7832f58621f8472aac4a78dc4760d88f/gnocchi.d2b87289-fcab-416c-a9ad-f8759b9e2857/none_v3 HTTP/1.0 201 - python-swiftclient-3.11.1 gAAAAABqKrJkPf-5... 22 - - tx2ccb324a5a28487698ecf-006a2ab2b4 - 0.0124 - - 1781183156.009159327 1781183156.021579742 0
Jun 11 13:05:56 standalone container-server[126938]: 172.20.0.100 - - [11/Jun/2026:13:05:56 +0000] "HEAD /d1/680/AUTH_7832f58621f8472aac4a78dc4760d88f/gnocchi.5ab7f409-5e62-4ee7-8f98-78f276e98ebd" 404 - "HEAD http://172.18.0.2:8080/v1/AUTH_7832f58621f8472aac4a78dc4760d88f/gnocchi.5ab7f409-5e62-4ee7-8f98-78f276e98ebd?format=json&states=listing" "tx13ccdc58a776452c94705-006a2ab2b4" "proxy-server 20" 0.0006 "-" 22 0
Jun 11 13:05:56 standalone object-server[127206]: 172.20.0.100 - - [11/Jun/2026:13:05:56 +0000] "GET /d1/242/AUTH_7832f58621f8472aac4a78dc4760d88f/gnocchi.5ab7f409-5e62-4ee7-8f98-78f276e98ebd/none_v3" 404 70 "GET http://172.18.0.2:8080/v1/AUTH_7832f58621f8472aac4a78dc4760d88f/gnocchi.5ab7f409-5e62-4ee7-8f98-78f276e98ebd/none_v3" "tx13ccdc58a776452c94705-006a2ab2b4" "proxy-server 20" 0.0004 "-" 25 0
Jun 11 13:05:56 standalone proxy-server[128813]: 172.18.0.2 172.18.0.100 11/Jun/2026/13/05/56 GET /v1/AUTH_7832f58621f8472aac4a78dc4760d88f/gnocchi.5ab7f409-5e62-4ee7-8f98-78f276e98ebd/none_v3 HTTP/1.0 404 - python-swiftclient-3.11.1 gAAAAABqKrJkPf-5... - 70 - tx13ccdc58a776452c94705-006a2ab2b4 - 0.0117 - - 1781183156.033094883 1781183156.044769049 0
Jun 11 13:05:56 standalone account-server[126897]: 172.20.0.100 - - [11/Jun/2026:13:05:56 +0000] "PUT /d1/378/AUTH_7832f58621f8472aac4a78dc4760d88f/gnocchi.5ab7f409-5e62-4ee7-8f98-78f276e98ebd" 201 - "PUT http://172.20.0.100:6001/d1/680/AUTH_7832f58621f8472aac4a78dc4760d88f/gnocchi.5ab7f409-5e62-4ee7-8f98-78f276e98ebd" "tx5efaaef77a914c65b1dfd-006a2ab2b4" "container-server 23" 0.0047 "-" 20 0
Jun 11 13:05:56 standalone container-server[126949]: 172.20.0.100 - - [11/Jun/2026:13:05:56 +0000] "PUT /d1/680/AUTH_7832f58621f8472aac4a78dc4760d88f/gnocchi.5ab7f409-5e62-4ee7-8f98-78f276e98ebd" 201 - "PUT http://172.18.0.2:8080/v1/AUTH_7832f58621f8472aac4a78dc4760d88f/gnocchi.5ab7f409-5e62-4ee7-8f98-78f276e98ebd" "tx5efaaef77a914c65b1dfd-006a2ab2b4" "proxy-server 20" 0.0147 "-" 23 0
Jun 11 13:05:56 standalone proxy-server[128813]: 172.18.0.2 172.18.0.100 11/Jun/2026/13/05/56 PUT /v1/AUTH_7832f58621f8472aac4a78dc4760d88f/gnocchi.5ab7f409-5e62-4ee7-8f98-78f276e98ebd HTTP/1.0 201 - python-swiftclient-3.11.1 gAAAAABqKrJkPf-5... - - - tx5efaaef77a914c65b1dfd-006a2ab2b4 - 0.0224 - - 1781183156.048676252 1781183156.071124792 0
Jun 11 13:05:56 standalone container-server[126932]: 172.20.0.100 - - [11/Jun/2026:13:05:56 +0000] "HEAD /d1/680/AUTH_7832f58621f8472aac4a78dc4760d88f/gnocchi.5ab7f409-5e62-4ee7-8f98-78f276e98ebd" 204 - "HEAD http://172.18.0.2:8080/v1/AUTH_7832f58621f8472aac4a78dc4760d88f/gnocchi.5ab7f409-5e62-4ee7-8f98-78f276e98ebd?format=json&states=listing" "tx4d6fb4ad71f14cedafc6b-006a2ab2b4" "proxy-server 20" 0.0025 "-" 20 0
Jun 11 13:05:56 standalone proxy-server[128813]: - - 11/Jun/2026/13/05/56 HEAD /v1/AUTH_7832f58621f8472aac4a78dc4760d88f/gnocchi.5ab7f409-5e62-4ee7-8f98-78f276e98ebd%3Fformat%3Djson%26states%3Dlisting HTTP/1.0 204 - Swift - - - - tx4d6fb4ad71f14cedafc6b-006a2ab2b4 - 0.0064 RL - 1781183156.078228712 1781183156.084623575 0
Jun 11 13:05:56 standalone container-server[126949]: 172.20.0.100 - - [11/Jun/2026:13:05:56 +0000] "GET /d1/680/AUTH_7832f58621f8472aac4a78dc4760d88f/gnocchi.5ab7f409-5e62-4ee7-8f98-78f276e98ebd" 200 2 "GET http://172.18.0.2:8080/v1/AUTH_7832f58621f8472aac4a78dc4760d88f/gnocchi.5ab7f409-5e62-4ee7-8f98-78f276e98ebd?format=json&states=listing" "tx4d6fb4ad71f14cedafc6b-006a2ab2b4" "proxy-server 20" 0.0021 "-" 23 0
Jun 11 13:05:56 standalone proxy-server[128813]: 172.18.0.2 172.18.0.100 11/Jun/2026/13/05/56 GET /v1/AUTH_7832f58621f8472aac4a78dc4760d88f/gnocchi.5ab7f409-5e62-4ee7-8f98-78f276e98ebd%3Fformat%3Djson%26states%3Dlisting HTTP/1.0 200 - python-swiftclient-3.11.1 gAAAAABqKrJkPf-5... - 2 - tx4d6fb4ad71f14cedafc6b-006a2ab2b4 - 0.0158 - - 1781183156.076507568 1781183156.092303038 0
Jun 11 13:05:56 standalone object-server[127203]: 172.20.0.100 - - [11/Jun/2026:13:05:56 +0000] "GET /d1/852/AUTH_7832f58621f8472aac4a78dc4760d88f/gnocchi.5ab7f409-5e62-4ee7-8f98-78f276e98ebd/1780920000.0_mean_300.0_v3" 404 70 "GET http://172.18.0.2:8080/v1/AUTH_7832f58621f8472aac4a78dc4760d88f/gnocchi.5ab7f409-5e62-4ee7-8f98-78f276e98ebd/1780920000.0_mean_300.0_v3" "tx9af826c7a8174a76810b8-006a2ab2b4" "proxy-server 20" 0.0004 "-" 23 0
Jun 11 13:05:56 standalone proxy-server[128813]: 172.18.0.2 172.18.0.100 11/Jun/2026/13/05/56 GET /v1/AUTH_7832f58621f8472aac4a78dc4760d88f/gnocchi.5ab7f409-5e62-4ee7-8f98-78f276e98ebd/1780920000.0_mean_300.0_v3 HTTP/1.0 404 - python-swiftclient-3.11.1 gAAAAABqKrJkPf-5... - 70 - tx9af826c7a8174a76810b8-006a2ab2b4 - 0.0066 - - 1781183156.097110748 1781183156.103712320 0
Jun 11 13:05:56 standalone container-server[126932]: 172.20.0.100 - - [11/Jun/2026:13:05:56 +0000] "PUT /d1/680/AUTH_7832f58621f8472aac4a78dc4760d88f/gnocchi.5ab7f409-5e62-4ee7-8f98-78f276e98ebd/1780920000.0_mean_300.0_v3" 201 - "PUT http://172.18.0.2:8080/d1/852/AUTH_7832f58621f8472aac4a78dc4760d88f/gnocchi.5ab7f409-5e62-4ee7-8f98-78f276e98ebd/1780920000.0_mean_300.0_v3" "tx9d65330e6765412097fb9-006a2ab2b4" "object-server 23" 0.0009 "-" 20 0
Jun 11 13:05:56 standalone object-server[127203]: 172.20.0.100 - - [11/Jun/2026:13:05:56 +0000] "PUT /d1/852/AUTH_7832f58621f8472aac4a78dc4760d88f/gnocchi.5ab7f409-5e62-4ee7-8f98-78f276e98ebd/1780920000.0_mean_300.0_v3" 201 - "PUT http://172.18.0.2:8080/v1/AUTH_7832f58621f8472aac4a78dc4760d88f/gnocchi.5ab7f409-5e62-4ee7-8f98-78f276e98ebd/1780920000.0_mean_300.0_v3" "tx9d65330e6765412097fb9-006a2ab2b4" "proxy-server 20" 0.0118 "-" 23 0
Jun 11 13:05:56 standalone proxy-server[128813]: 172.18.0.2 172.18.0.100 11/Jun/2026/13/05/56 PUT /v1/AUTH_7832f58621f8472aac4a78dc4760d88f/gnocchi.5ab7f409-5e62-4ee7-8f98-78f276e98ebd/1780920000.0_mean_300.0_v3 HTTP/1.0 201 - python-swiftclient-3.11.1 gAAAAABqKrJkPf-5... 16 - - tx9d65330e6765412097fb9-006a2ab2b4 - 0.0178 - - 1781183156.107701063 1781183156.125468254 0
Jun 11 13:05:56 standalone container-server[126933]: 172.20.0.100 - - [11/Jun/2026:13:05:56 +0000] "PUT /d1/680/AUTH_7832f58621f8472aac4a78dc4760d88f/gnocchi.5ab7f409-5e62-4ee7-8f98-78f276e98ebd/none_v3" 201 - "PUT http://172.18.0.2:8080/d1/242/AUTH_7832f58621f8472aac4a78dc4760d88f/gnocchi.5ab7f409-5e62-4ee7-8f98-78f276e98ebd/none_v3" "tx11b957ff2e92449c818a2-006a2ab2b4" "object-server 24" 0.0009 "-" 21 0
Jun 11 13:05:56 standalone object-server[127205]: 172.20.0.100 - - [11/Jun/2026:13:05:56 +0000] "PUT /d1/242/AUTH_7832f58621f8472aac4a78dc4760d88f/gnocchi.5ab7f409-5e62-4ee7-8f98-78f276e98ebd/none_v3" 201 - "PUT http://172.18.0.2:8080/v1/AUTH_7832f58621f8472aac4a78dc4760d88f/gnocchi.5ab7f409-5e62-4ee7-8f98-78f276e98ebd/none_v3" "tx11b957ff2e92449c818a2-006a2ab2b4" "proxy-server 20" 0.0169 "-" 24 0
Jun 11 13:05:56 standalone proxy-server[128813]: 172.18.0.2 172.18.0.100 11/Jun/2026/13/05/56 PUT /v1/AUTH_7832f58621f8472aac4a78dc4760d88f/gnocchi.5ab7f409-5e62-4ee7-8f98-78f276e98ebd/none_v3 HTTP/1.0 201 - python-swiftclient-3.11.1 gAAAAABqKrJkPf-5... 22 - - tx11b957ff2e92449c818a2-006a2ab2b4 - 0.0241 - - 1781183156.130108118 1781183156.154236317 0
Jun 11 13:06:10 standalone container-server[126932]: 172.20.0.100 - - [11/Jun/2026:13:06:10 +0000] "HEAD /d1/404/AUTH_7832f58621f8472aac4a78dc4760d88f/gnocchi.1e4d5e9e-76d3-4174-b7b3-ab5e31324b8e" 404 - "HEAD http://172.18.0.2:8080/v1/AUTH_7832f58621f8472aac4a78dc4760d88f/gnocchi.1e4d5e9e-76d3-4174-b7b3-ab5e31324b8e?format=json&states=listing" "tx84673940a9a24633a6845-006a2ab2c2" "proxy-server 20" 0.0011 "-" 20 0
Jun 11 13:06:10 standalone object-server[127202]: 172.20.0.100 - - [11/Jun/2026:13:06:10 +0000] "GET /d1/857/AUTH_7832f58621f8472aac4a78dc4760d88f/gnocchi.1e4d5e9e-76d3-4174-b7b3-ab5e31324b8e/none_v3" 404 70 "GET http://172.18.0.2:8080/v1/AUTH_7832f58621f8472aac4a78dc4760d88f/gnocchi.1e4d5e9e-76d3-4174-b7b3-ab5e31324b8e/none_v3" "tx84673940a9a24633a6845-006a2ab2c2" "proxy-server 20" 0.0005 "-" 22 0
Jun 11 13:06:10 standalone proxy-server[128813]: 172.18.0.2 172.18.0.100 11/Jun/2026/13/06/10 GET /v1/AUTH_7832f58621f8472aac4a78dc4760d88f/gnocchi.1e4d5e9e-76d3-4174-b7b3-ab5e31324b8e/none_v3 HTTP/1.0 404 - python-swiftclient-3.11.1 gAAAAABqKrJkPf-5... - 70 - tx84673940a9a24633a6845-006a2ab2c2 - 0.0187 - - 1781183170.193047047 1781183170.211777210 0
Jun 11 13:06:10 standalone account-server[126914]: 172.20.0.100 - - [11/Jun/2026:13:06:10 +0000] "PUT /d1/378/AUTH_7832f58621f8472aac4a78dc4760d88f/gnocchi.1e4d5e9e-76d3-4174-b7b3-ab5e31324b8e" 201 - "PUT http://172.20.0.100:6001/d1/404/AUTH_7832f58621f8472aac4a78dc4760d88f/gnocchi.1e4d5e9e-76d3-4174-b7b3-ab5e31324b8e" "tx4ff30f3490b349aab7dab-006a2ab2c2" "container-server 22" 0.0050 "-" 22 0
Jun 11 13:06:10 standalone container-server[126938]: 172.20.0.100 - - [11/Jun/2026:13:06:10 +0000] "PUT /d1/404/AUTH_7832f58621f8472aac4a78dc4760d88f/gnocchi.1e4d5e9e-76d3-4174-b7b3-ab5e31324b8e" 201 - "PUT http://172.18.0.2:8080/v1/AUTH_7832f58621f8472aac4a78dc4760d88f/gnocchi.1e4d5e9e-76d3-4174-b7b3-ab5e31324b8e" "tx4ff30f3490b349aab7dab-006a2ab2c2" "proxy-server 20" 0.0232 "-" 22 0
Jun 11 13:06:10 standalone proxy-server[128813]: 172.18.0.2 172.18.0.100 11/Jun/2026/13/06/10 PUT /v1/AUTH_7832f58621f8472aac4a78dc4760d88f/gnocchi.1e4d5e9e-76d3-4174-b7b3-ab5e31324b8e HTTP/1.0 201 - python-swiftclient-3.11.1 gAAAAABqKrJkPf-5... - - - tx4ff30f3490b349aab7dab-006a2ab2c2 - 0.0310 - - 1781183170.216507196 1781183170.247501373 0
Jun 11 13:06:10 standalone container-server[126932]: 172.20.0.100 - - [11/Jun/2026:13:06:10 +0000] "HEAD /d1/404/AUTH_7832f58621f8472aac4a78dc4760d88f/gnocchi.1e4d5e9e-76d3-4174-b7b3-ab5e31324b8e" 204 - "HEAD http://172.18.0.2:8080/v1/AUTH_7832f58621f8472aac4a78dc4760d88f/gnocchi.1e4d5e9e-76d3-4174-b7b3-ab5e31324b8e?format=json&states=listing" "txafde2c4fe27c460ebcc12-006a2ab2c2" "proxy-server 20" 0.0025 "-" 20 0
Jun 11 13:06:10 standalone proxy-server[128813]: - - 11/Jun/2026/13/06/10 HEAD /v1/AUTH_7832f58621f8472aac4a78dc4760d88f/gnocchi.1e4d5e9e-76d3-4174-b7b3-ab5e31324b8e%3Fformat%3Djson%26states%3Dlisting HTTP/1.0 204 - Swift - - - - txafde2c4fe27c460ebcc12-006a2ab2c2 - 0.0074 RL - 1781183170.254712582 1781183170.262154102 0
Jun 11 13:06:10 standalone container-server[126932]: 172.20.0.100 - - [11/Jun/2026:13:06:10 +0000] "GET /d1/404/AUTH_7832f58621f8472aac4a78dc4760d88f/gnocchi.1e4d5e9e-76d3-4174-b7b3-ab5e31324b8e" 200 2 "GET http://172.18.0.2:8080/v1/AUTH_7832f58621f8472aac4a78dc4760d88f/gnocchi.1e4d5e9e-76d3-4174-b7b3-ab5e31324b8e?format=json&states=listing" "txafde2c4fe27c460ebcc12-006a2ab2c2" "proxy-server 20" 0.0070 "-" 20 0
Jun 11 13:06:10 standalone proxy-server[128813]: 172.18.0.2 172.18.0.100 11/Jun/2026/13/06/10 GET /v1/AUTH_7832f58621f8472aac4a78dc4760d88f/gnocchi.1e4d5e9e-76d3-4174-b7b3-ab5e31324b8e%3Fformat%3Djson%26states%3Dlisting HTTP/1.0 200 - python-swiftclient-3.11.1 gAAAAABqKrJkPf-5... - 2 - txafde2c4fe27c460ebcc12-006a2ab2c2 - 0.0270 - - 1781183170.253207207 1781183170.280218601 0
Jun 11 13:06:10 standalone object-server[127202]: 172.20.0.100 - - [11/Jun/2026:13:06:10 +0000] "GET /d1/681/AUTH_7832f58621f8472aac4a78dc4760d88f/gnocchi.1e4d5e9e-76d3-4174-b7b3-ab5e31324b8e/1780920000.0_mean_300.0_v3" 404 70 "GET http://172.18.0.2:8080/v1/AUTH_7832f58621f8472aac4a78dc4760d88f/gnocchi.1e4d5e9e-76d3-4174-b7b3-ab5e31324b8e/1780920000.0_mean_300.0_v3" "tx827dae758f8c4a6aac752-006a2ab2c2" "proxy-server 20" 0.0003 "-" 22 0
Jun 11 13:06:10 standalone proxy-server[128813]: 172.18.0.2 172.18.0.100 11/Jun/2026/13/06/10 GET /v1/AUTH_7832f58621f8472aac4a78dc4760d88f/gnocchi.1e4d5e9e-76d3-4174-b7b3-ab5e31324b8e/1780920000.0_mean_300.0_v3 HTTP/1.0 404 - python-swiftclient-3.11.1 gAAAAABqKrJkPf-5... - 70 - tx827dae758f8c4a6aac752-006a2ab2c2 - 0.0133 - - 1781183170.294648409 1781183170.307994127 0
Jun 11 13:06:10 standalone container-server[126938]: 172.20.0.100 - - [11/Jun/2026:13:06:10 +0000] "PUT /d1/404/AUTH_7832f58621f8472aac4a78dc4760d88f/gnocchi.1e4d5e9e-76d3-4174-b7b3-ab5e31324b8e/1780920000.0_mean_300.0_v3" 201 - "PUT http://172.18.0.2:8080/d1/681/AUTH_7832f58621f8472aac4a78dc4760d88f/gnocchi.1e4d5e9e-76d3-4174-b7b3-ab5e31324b8e/1780920000.0_mean_300.0_v3" "txb5b8b0ce7c0f4a288afc0-006a2ab2c2" "object-server 23" 0.0011 "-" 22 0
Jun 11 13:06:10 standalone object-server[127203]: 172.20.0.100 - - [11/Jun/2026:13:06:10 +0000] "PUT /d1/681/AUTH_7832f58621f8472aac4a78dc4760d88f/gnocchi.1e4d5e9e-76d3-4174-b7b3-ab5e31324b8e/1780920000.0_mean_300.0_v3" 201 - "PUT http://172.18.0.2:8080/v1/AUTH_7832f58621f8472aac4a78dc4760d88f/gnocchi.1e4d5e9e-76d3-4174-b7b3-ab5e31324b8e/1780920000.0_mean_300.0_v3" "txb5b8b0ce7c0f4a288afc0-006a2ab2c2" "proxy-server 20" 0.0243 "-" 23 0
Jun 11 13:06:10 standalone proxy-server[128813]: 172.18.0.2 172.18.0.100 11/Jun/2026/13/06/10 PUT /v1/AUTH_7832f58621f8472aac4a78dc4760d88f/gnocchi.1e4d5e9e-76d3-4174-b7b3-ab5e31324b8e/1780920000.0_mean_300.0_v3 HTTP/1.0 201 - python-swiftclient-3.11.1 gAAAAABqKrJkPf-5... 16 - - txb5b8b0ce7c0f4a288afc0-006a2ab2c2 - 0.0329 - - 1781183170.312067986 1781183170.344938993 0
Jun 11 13:06:10 standalone container-server[126949]: 172.20.0.100 - - [11/Jun/2026:13:06:10 +0000] "PUT /d1/404/AUTH_7832f58621f8472aac4a78dc4760d88f/gnocchi.1e4d5e9e-76d3-4174-b7b3-ab5e31324b8e/none_v3" 201 - "PUT http://172.18.0.2:8080/d1/857/AUTH_7832f58621f8472aac4a78dc4760d88f/gnocchi.1e4d5e9e-76d3-4174-b7b3-ab5e31324b8e/none_v3" "txe8d95c04a50e4d9f9b8af-006a2ab2c2" "object-server 23" 0.0009 "-" 23 0
Jun 11 13:06:10 standalone object-server[127203]: 172.20.0.100 - - [11/Jun/2026:13:06:10 +0000] "PUT /d1/857/AUTH_7832f58621f8472aac4a78dc4760d88f/gnocchi.1e4d5e9e-76d3-4174-b7b3-ab5e31324b8e/none_v3" 201 - "PUT http://172.18.0.2:8080/v1/AUTH_7832f58621f8472aac4a78dc4760d88f/gnocchi.1e4d5e9e-76d3-4174-b7b3-ab5e31324b8e/none_v3" "txe8d95c04a50e4d9f9b8af-006a2ab2c2" "proxy-server 20" 0.0109 "-" 23 0
Jun 11 13:06:10 standalone proxy-server[128813]: 172.18.0.2 172.18.0.100 11/Jun/2026/13/06/10 PUT /v1/AUTH_7832f58621f8472aac4a78dc4760d88f/gnocchi.1e4d5e9e-76d3-4174-b7b3-ab5e31324b8e/none_v3 HTTP/1.0 201 - python-swiftclient-3.11.1 gAAAAABqKrJkPf-5... 22 - - txe8d95c04a50e4d9f9b8af-006a2ab2c2 - 0.0188 - - 1781183170.349710941 1781183170.368530035 0
Jun 11 13:06:10 standalone object-server[127205]: 172.20.0.100 - - [11/Jun/2026:13:06:10 +0000] "GET /d1/104/AUTH_7832f58621f8472aac4a78dc4760d88f/gnocchi.a522e7c7-7ce9-43d5-b2f0-3c73ce005314/none_v3" 200 22 "GET http://172.18.0.2:8080/v1/AUTH_7832f58621f8472aac4a78dc4760d88f/gnocchi.a522e7c7-7ce9-43d5-b2f0-3c73ce005314/none_v3" "tx3c6ca6265e704337b02a5-006a2ab2c2" "proxy-server 20" 0.0011 "-" 24 0
Jun 11 13:06:10 standalone proxy-server[128813]: 172.18.0.2 172.18.0.100 11/Jun/2026/13/06/10 GET /v1/AUTH_7832f58621f8472aac4a78dc4760d88f/gnocchi.a522e7c7-7ce9-43d5-b2f0-3c73ce005314/none_v3 HTTP/1.0 200 - python-swiftclient-3.11.1 gAAAAABqKrJkPf-5... - 22 - tx3c6ca6265e704337b02a5-006a2ab2c2 - 0.0098 - - 1781183170.437726736 1781183170.447479010 0
Jun 11 13:06:10 standalone container-server[126938]: 172.20.0.100 - - [11/Jun/2026:13:06:10 +0000] "GET /d1/363/AUTH_7832f58621f8472aac4a78dc4760d88f/gnocchi.a522e7c7-7ce9-43d5-b2f0-3c73ce005314" 200 357 "GET http://172.18.0.2:8080/v1/AUTH_7832f58621f8472aac4a78dc4760d88f/gnocchi.a522e7c7-7ce9-43d5-b2f0-3c73ce005314?format=json&states=listing" "tx64bd63451ec34b99ad33f-006a2ab2c2" "proxy-server 20" 0.0188 "-" 22 0
Jun 11 13:06:10 standalone proxy-server[128813]: 172.18.0.2 172.18.0.100 11/Jun/2026/13/06/10 GET /v1/AUTH_7832f58621f8472aac4a78dc4760d88f/gnocchi.a522e7c7-7ce9-43d5-b2f0-3c73ce005314%3Fformat%3Djson%26states%3Dlisting HTTP/1.0 200 - python-swiftclient-3.11.1 gAAAAABqKrJkPf-5... - 357 - tx64bd63451ec34b99ad33f-006a2ab2c2 - 0.0309 - - 1781183170.452681780 1781183170.483548641 0
Jun 11 13:06:10 standalone container-server[126949]: 172.20.0.100 - - [11/Jun/2026:13:06:10 +0000] "GET /d1/363/AUTH_7832f58621f8472aac4a78dc4760d88f/gnocchi.a522e7c7-7ce9-43d5-b2f0-3c73ce005314" 200 2 "GET http://172.18.0.2:8080/v1/AUTH_7832f58621f8472aac4a78dc4760d88f/gnocchi.a522e7c7-7ce9-43d5-b2f0-3c73ce005314?format=json&marker=none_v3&states=listing" "txaf270755e73b463b8bc71-006a2ab2c2" "proxy-server 20" 0.0043 "-" 23 0
Jun 11 13:06:10 standalone proxy-server[128813]: 172.18.0.2 172.18.0.100 11/Jun/2026/13/06/10 GET /v1/AUTH_7832f58621f8472aac4a78dc4760d88f/gnocchi.a522e7c7-7ce9-43d5-b2f0-3c73ce005314%3Fformat%3Djson%26marker%3Dnone_v3%26states%3Dlisting HTTP/1.0 200 - python-swiftclient-3.11.1 gAAAAABqKrJkPf-5... - 2 - txaf270755e73b463b8bc71-006a2ab2c2 - 0.0147 - - 1781183170.487773418 1781183170.502472162 0
Jun 11 13:06:10 standalone object-server[127203]: 172.20.0.100 - - [11/Jun/2026:13:06:10 +0000] "GET /d1/498/AUTH_7832f58621f8472aac4a78dc4760d88f/gnocchi.a522e7c7-7ce9-43d5-b2f0-3c73ce005314/1780920000.0_mean_300.0_v3" 200 16 "GET http://172.18.0.2:8080/v1/AUTH_7832f58621f8472aac4a78dc4760d88f/gnocchi.a522e7c7-7ce9-43d5-b2f0-3c73ce005314/1780920000.0_mean_300.0_v3" "txf9ae4f8666cf4793a9ea5-006a2ab2c2" "proxy-server 20" 0.0017 "-" 23 0
Jun 11 13:06:10 standalone proxy-server[128813]: 172.18.0.2 172.18.0.100 11/Jun/2026/13/06/10 GET /v1/AUTH_7832f58621f8472aac4a78dc4760d88f/gnocchi.a522e7c7-7ce9-43d5-b2f0-3c73ce005314/1780920000.0_mean_300.0_v3 HTTP/1.0 200 - python-swiftclient-3.11.1 gAAAAABqKrJkPf-5... - 16 - txf9ae4f8666cf4793a9ea5-006a2ab2c2 - 0.0168 - - 1781183170.506573200 1781183170.523408890 0
Jun 11 13:06:10 standalone container-server[126932]: 172.20.0.100 - - [11/Jun/2026:13:06:10 +0000] "PUT /d1/363/AUTH_7832f58621f8472aac4a78dc4760d88f/gnocchi.a522e7c7-7ce9-43d5-b2f0-3c73ce005314/1780920000.0_mean_300.0_v3" 201 - "PUT http://172.18.0.2:8080/d1/498/AUTH_7832f58621f8472aac4a78dc4760d88f/gnocchi.a522e7c7-7ce9-43d5-b2f0-3c73ce005314/1780920000.0_mean_300.0_v3" "tx05cdf36ff50b4241bb189-006a2ab2c2" "object-server 23" 0.0009 "-" 20 0
Jun 11 13:06:10 standalone object-server[127203]: 172.20.0.100 - - [11/Jun/2026:13:06:10 +0000] "PUT /d1/498/AUTH_7832f58621f8472aac4a78dc4760d88f/gnocchi.a522e7c7-7ce9-43d5-b2f0-3c73ce005314/1780920000.0_mean_300.0_v3" 201 - "PUT http://172.18.0.2:8080/v1/AUTH_7832f58621f8472aac4a78dc4760d88f/gnocchi.a522e7c7-7ce9-43d5-b2f0-3c73ce005314/1780920000.0_mean_300.0_v3" "tx05cdf36ff50b4241bb189-006a2ab2c2" "proxy-server 20" 0.0115 "-" 23 0
Jun 11 13:06:10 standalone proxy-server[128813]: 172.18.0.2 172.18.0.100 11/Jun/2026/13/06/10 PUT /v1/AUTH_7832f58621f8472aac4a78dc4760d88f/gnocchi.a522e7c7-7ce9-43d5-b2f0-3c73ce005314/1780920000.0_mean_300.0_v3 HTTP/1.0 201 - python-swiftclient-3.11.1 gAAAAABqKrJkPf-5... 16 - - tx05cdf36ff50b4241bb189-006a2ab2c2 - 0.0209 - - 1781183170.527627230 1781183170.548545599 0
Jun 11 13:06:10 standalone container-server[126932]: 172.20.0.100 - - [11/Jun/2026:13:06:10 +0000] "PUT /d1/363/AUTH_7832f58621f8472aac4a78dc4760d88f/gnocchi.a522e7c7-7ce9-43d5-b2f0-3c73ce005314/none_v3" 201 - "PUT http://172.18.0.2:8080/d1/104/AUTH_7832f58621f8472aac4a78dc4760d88f/gnocchi.a522e7c7-7ce9-43d5-b2f0-3c73ce005314/none_v3" "txd2034d75127444e0b74e9-006a2ab2c2" "object-server 24" 0.0006 "-" 20 0
Jun 11 13:06:10 standalone object-server[127205]: 172.20.0.100 - - [11/Jun/2026:13:06:10 +0000] "PUT /d1/104/AUTH_7832f58621f8472aac4a78dc4760d88f/gnocchi.a522e7c7-7ce9-43d5-b2f0-3c73ce005314/none_v3" 201 - "PUT http://172.18.0.2:8080/v1/AUTH_7832f58621f8472aac4a78dc4760d88f/gnocchi.a522e7c7-7ce9-43d5-b2f0-3c73ce005314/none_v3" "txd2034d75127444e0b74e9-006a2ab2c2" "proxy-server 20" 0.0112 "-" 24 0
Jun 11 13:06:10 standalone proxy-server[128813]: 172.18.0.2 172.18.0.100 11/Jun/2026/13/06/10 PUT /v1/AUTH_7832f58621f8472aac4a78dc4760d88f/gnocchi.a522e7c7-7ce9-43d5-b2f0-3c73ce005314/none_v3 HTTP/1.0 201 - python-swiftclient-3.11.1 gAAAAABqKrJkPf-5... 33 - - txd2034d75127444e0b74e9-006a2ab2c2 - 0.0186 - - 1781183170.551871777 1781183170.570490837 0
Jun 11 13:06:10 standalone object-server[127205]: 172.20.0.100 - - [11/Jun/2026:13:06:10 +0000] "GET /d1/792/AUTH_7832f58621f8472aac4a78dc4760d88f/gnocchi.d1c96cd9-9c7d-4d6b-ac46-6fe5d5060b5d/none_v3" 200 22 "GET http://172.18.0.2:8080/v1/AUTH_7832f58621f8472aac4a78dc4760d88f/gnocchi.d1c96cd9-9c7d-4d6b-ac46-6fe5d5060b5d/none_v3" "tx29d4361cadaa41f8855df-006a2ab2c2" "proxy-server 20" 0.0012 "-" 24 0
Jun 11 13:06:10 standalone proxy-server[128813]: 172.18.0.2 172.18.0.100 11/Jun/2026/13/06/10 GET /v1/AUTH_7832f58621f8472aac4a78dc4760d88f/gnocchi.d1c96cd9-9c7d-4d6b-ac46-6fe5d5060b5d/none_v3 HTTP/1.0 200 - python-swiftclient-3.11.1 gAAAAABqKrJkPf-5... - 22 - tx29d4361cadaa41f8855df-006a2ab2c2 - 0.0098 - - 1781183170.582238436 1781183170.592069864 0
Jun 11 13:06:10 standalone container-server[126938]: 172.20.0.100 - - [11/Jun/2026:13:06:10 +0000] "GET /d1/740/AUTH_7832f58621f8472aac4a78dc4760d88f/gnocchi.d1c96cd9-9c7d-4d6b-ac46-6fe5d5060b5d" 200 357 "GET http://172.18.0.2:8080/v1/AUTH_7832f58621f8472aac4a78dc4760d88f/gnocchi.d1c96cd9-9c7d-4d6b-ac46-6fe5d5060b5d?format=json&states=listing" "txbd893295030949d4845df-006a2ab2c2" "proxy-server 20" 0.0085 "-" 22 0
Jun 11 13:06:10 standalone proxy-server[128813]: 172.18.0.2 172.18.0.100 11/Jun/2026/13/06/10 GET /v1/AUTH_7832f58621f8472aac4a78dc4760d88f/gnocchi.d1c96cd9-9c7d-4d6b-ac46-6fe5d5060b5d%3Fformat%3Djson%26states%3Dlisting HTTP/1.0 200 - python-swiftclient-3.11.1 gAAAAABqKrJkPf-5... - 357 - txbd893295030949d4845df-006a2ab2c2 - 0.0162 - - 1781183170.596295118 1781183170.612461567 0
Jun 11 13:06:10 standalone container-server[126932]: 172.20.0.100 - - [11/Jun/2026:13:06:10 +0000] "GET /d1/740/AUTH_7832f58621f8472aac4a78dc4760d88f/gnocchi.d1c96cd9-9c7d-4d6b-ac46-6fe5d5060b5d" 200 2 "GET http://172.18.0.2:8080/v1/AUTH_7832f58621f8472aac4a78dc4760d88f/gnocchi.d1c96cd9-9c7d-4d6b-ac46-6fe5d5060b5d?format=json&marker=none_v3&states=listing" "txf1919f97a1a049f99dfb7-006a2ab2c2" "proxy-server 20" 0.0021 "-" 20 0
Jun 11 13:06:10 standalone proxy-server[128813]: 172.18.0.2 172.18.0.100 11/Jun/2026/13/06/10 GET /v1/AUTH_7832f58621f8472aac4a78dc4760d88f/gnocchi.d1c96cd9-9c7d-4d6b-ac46-6fe5d5060b5d%3Fformat%3Djson%26marker%3Dnone_v3%26states%3Dlisting HTTP/1.0 200 - python-swiftclient-3.11.1 gAAAAABqKrJkPf-5... - 2 - txf1919f97a1a049f99dfb7-006a2ab2c2 - 0.0081 - - 1781183170.615686417 1781183170.623784542 0
Jun 11 13:06:10 standalone object-server[127206]: 172.20.0.100 - - [11/Jun/2026:13:06:10 +0000] "GET /d1/651/AUTH_7832f58621f8472aac4a78dc4760d88f/gnocchi.d1c96cd9-9c7d-4d6b-ac46-6fe5d5060b5d/1780920000.0_mean_300.0_v3" 200 16 "GET http://172.18.0.2:8080/v1/AUTH_7832f58621f8472aac4a78dc4760d88f/gnocchi.d1c96cd9-9c7d-4d6b-ac46-6fe5d5060b5d/1780920000.0_mean_300.0_v3" "txad3130b09acb45bdb7690-006a2ab2c2" "proxy-server 20" 0.0008 "-" 25 0
Jun 11 13:06:10 standalone proxy-server[128813]: 172.18.0.2 172.18.0.100 11/Jun/2026/13/06/10 GET /v1/AUTH_7832f58621f8472aac4a78dc4760d88f/gnocchi.d1c96cd9-9c7d-4d6b-ac46-6fe5d5060b5d/1780920000.0_mean_300.0_v3 HTTP/1.0 200 - python-swiftclient-3.11.1 gAAAAABqKrJkPf-5... - 16 - txad3130b09acb45bdb7690-006a2ab2c2 - 0.0074 - - 1781183170.627729893 1781183170.635082722 0
Jun 11 13:06:10 standalone container-server[126949]: 172.20.0.100 - - [11/Jun/2026:13:06:10 +0000] "PUT /d1/740/AUTH_7832f58621f8472aac4a78dc4760d88f/gnocchi.d1c96cd9-9c7d-4d6b-ac46-6fe5d5060b5d/1780920000.0_mean_300.0_v3" 201 - "PUT http://172.18.0.2:8080/d1/651/AUTH_7832f58621f8472aac4a78dc4760d88f/gnocchi.d1c96cd9-9c7d-4d6b-ac46-6fe5d5060b5d/1780920000.0_mean_300.0_v3" "txb3116c72fa9e4d7b85347-006a2ab2c2" "object-server 22" 0.0011 "-" 23 0
Jun 11 13:06:10 standalone object-server[127202]: 172.20.0.100 - - [11/Jun/2026:13:06:10 +0000] "PUT /d1/651/AUTH_7832f58621f8472aac4a78dc4760d88f/gnocchi.d1c96cd9-9c7d-4d6b-ac46-6fe5d5060b5d/1780920000.0_mean_300.0_v3" 201 - "PUT http://172.18.0.2:8080/v1/AUTH_7832f58621f8472aac4a78dc4760d88f/gnocchi.d1c96cd9-9c7d-4d6b-ac46-6fe5d5060b5d/1780920000.0_mean_300.0_v3" "txb3116c72fa9e4d7b85347-006a2ab2c2" "proxy-server 20" 0.0137 "-" 22 0
Jun 11 13:06:10 standalone proxy-server[128813]: 172.18.0.2 172.18.0.100 11/Jun/2026/13/06/10 PUT /v1/AUTH_7832f58621f8472aac4a78dc4760d88f/gnocchi.d1c96cd9-9c7d-4d6b-ac46-6fe5d5060b5d/1780920000.0_mean_300.0_v3 HTTP/1.0 201 - python-swiftclient-3.11.1 gAAAAABqKrJkPf-5... 16 - - txb3116c72fa9e4d7b85347-006a2ab2c2 - 0.0197 - - 1781183170.638491631 1781183170.658194542 0
Jun 11 13:06:10 standalone container-server[126938]: 172.20.0.100 - - [11/Jun/2026:13:06:10 +0000] "PUT /d1/740/AUTH_7832f58621f8472aac4a78dc4760d88f/gnocchi.d1c96cd9-9c7d-4d6b-ac46-6fe5d5060b5d/none_v3" 201 - "PUT http://172.18.0.2:8080/d1/792/AUTH_7832f58621f8472aac4a78dc4760d88f/gnocchi.d1c96cd9-9c7d-4d6b-ac46-6fe5d5060b5d/none_v3" "tx07a2bc22eb89454598df3-006a2ab2c2" "object-server 24" 0.0007 "-" 22 0
Jun 11 13:06:10 standalone object-server[127205]: 172.20.0.100 - - [11/Jun/2026:13:06:10 +0000] "PUT /d1/792/AUTH_7832f58621f8472aac4a78dc4760d88f/gnocchi.d1c96cd9-9c7d-4d6b-ac46-6fe5d5060b5d/none_v3" 201 - "PUT http://172.18.0.2:8080/v1/AUTH_7832f58621f8472aac4a78dc4760d88f/gnocchi.d1c96cd9-9c7d-4d6b-ac46-6fe5d5060b5d/none_v3" "tx07a2bc22eb89454598df3-006a2ab2c2" "proxy-server 20" 0.0097 "-" 24 0
Jun 11 13:06:10 standalone proxy-server[128813]: 172.18.0.2 172.18.0.100 11/Jun/2026/13/06/10 PUT /v1/AUTH_7832f58621f8472aac4a78dc4760d88f/gnocchi.d1c96cd9-9c7d-4d6b-ac46-6fe5d5060b5d/none_v3 HTTP/1.0 201 - python-swiftclient-3.11.1 gAAAAABqKrJkPf-5... 33 - - tx07a2bc22eb89454598df3-006a2ab2c2 - 0.0214 - - 1781183170.661675692 1781183170.683046341 0
Jun 11 13:06:14 standalone object-server[127203]: 172.20.0.100 - - [11/Jun/2026:13:06:14 +0000] "GET /d1/857/AUTH_7832f58621f8472aac4a78dc4760d88f/gnocchi.1e4d5e9e-76d3-4174-b7b3-ab5e31324b8e/none_v3" 200 22 "GET http://172.18.0.2:8080/v1/AUTH_7832f58621f8472aac4a78dc4760d88f/gnocchi.1e4d5e9e-76d3-4174-b7b3-ab5e31324b8e/none_v3" "txedbfbe2710a74ed1b6a94-006a2ab2c6" "proxy-server 20" 0.0017 "-" 23 0
Jun 11 13:06:14 standalone proxy-server[128813]: 172.18.0.2 172.18.0.100 11/Jun/2026/13/06/14 GET /v1/AUTH_7832f58621f8472aac4a78dc4760d88f/gnocchi.1e4d5e9e-76d3-4174-b7b3-ab5e31324b8e/none_v3 HTTP/1.0 200 - python-swiftclient-3.11.1 gAAAAABqKrJkPf-5... - 22 - txedbfbe2710a74ed1b6a94-006a2ab2c6 - 0.0128 - - 1781183174.856676340 1781183174.869493484 0
Jun 11 13:06:14 standalone container-server[126949]: 172.20.0.100 - - [11/Jun/2026:13:06:14 +0000] "GET /d1/404/AUTH_7832f58621f8472aac4a78dc4760d88f/gnocchi.1e4d5e9e-76d3-4174-b7b3-ab5e31324b8e" 200 357 "GET http://172.18.0.2:8080/v1/AUTH_7832f58621f8472aac4a78dc4760d88f/gnocchi.1e4d5e9e-76d3-4174-b7b3-ab5e31324b8e?format=json&states=listing" "tx85d82dd669a94f658a4f5-006a2ab2c6" "proxy-server 20" 0.0130 "-" 23 0
Jun 11 13:06:14 standalone proxy-server[128813]: 172.18.0.2 172.18.0.100 11/Jun/2026/13/06/14 GET /v1/AUTH_7832f58621f8472aac4a78dc4760d88f/gnocchi.1e4d5e9e-76d3-4174-b7b3-ab5e31324b8e%3Fformat%3Djson%26states%3Dlisting HTTP/1.0 200 - python-swiftclient-3.11.1 gAAAAABqKrJkPf-5... - 357 - tx85d82dd669a94f658a4f5-006a2ab2c6 - 0.0226 - - 1781183174.874516487 1781183174.897138596 0
Jun 11 13:06:14 standalone container-server[126949]: 172.20.0.100 - - [11/Jun/2026:13:06:14 +0000] "GET /d1/404/AUTH_7832f58621f8472aac4a78dc4760d88f/gnocchi.1e4d5e9e-76d3-4174-b7b3-ab5e31324b8e" 200 2 "GET http://172.18.0.2:8080/v1/AUTH_7832f58621f8472aac4a78dc4760d88f/gnocchi.1e4d5e9e-76d3-4174-b7b3-ab5e31324b8e?format=json&marker=none_v3&states=listing" "txd2745fc3976c4479b1cbf-006a2ab2c6" "proxy-server 20" 0.0018 "-" 23 0
Jun 11 13:06:14 standalone proxy-server[128813]: 172.18.0.2 172.18.0.100 11/Jun/2026/13/06/14 GET /v1/AUTH_7832f58621f8472aac4a78dc4760d88f/gnocchi.1e4d5e9e-76d3-4174-b7b3-ab5e31324b8e%3Fformat%3Djson%26marker%3Dnone_v3%26states%3Dlisting HTTP/1.0 200 - python-swiftclient-3.11.1 gAAAAABqKrJkPf-5... - 2 - txd2745fc3976c4479b1cbf-006a2ab2c6 - 0.0109 - - 1781183174.903461218 1781183174.914400339 0
Jun 11 13:06:14 standalone object-server[127206]: 172.20.0.100 - - [11/Jun/2026:13:06:14 +0000] "GET /d1/681/AUTH_7832f58621f8472aac4a78dc4760d88f/gnocchi.1e4d5e9e-76d3-4174-b7b3-ab5e31324b8e/1780920000.0_mean_300.0_v3" 200 16 "GET http://172.18.0.2:8080/v1/AUTH_7832f58621f8472aac4a78dc4760d88f/gnocchi.1e4d5e9e-76d3-4174-b7b3-ab5e31324b8e/1780920000.0_mean_300.0_v3" "tx8f004cc547044ebba2ff7-006a2ab2c6" "proxy-server 20" 0.0015 "-" 25 0
Jun 11 13:06:14 standalone proxy-server[128813]: 172.18.0.2 172.18.0.100 11/Jun/2026/13/06/14 GET /v1/AUTH_7832f58621f8472aac4a78dc4760d88f/gnocchi.1e4d5e9e-76d3-4174-b7b3-ab5e31324b8e/1780920000.0_mean_300.0_v3 HTTP/1.0 200 - python-swiftclient-3.11.1 gAAAAABqKrJkPf-5... - 16 - tx8f004cc547044ebba2ff7-006a2ab2c6 - 0.0109 - - 1781183174.920497656 1781183174.931415558 0
Jun 11 13:06:14 standalone container-server[126933]: 172.20.0.100 - - [11/Jun/2026:13:06:14 +0000] "PUT /d1/404/AUTH_7832f58621f8472aac4a78dc4760d88f/gnocchi.1e4d5e9e-76d3-4174-b7b3-ab5e31324b8e/1780920000.0_mean_300.0_v3" 201 - "PUT http://172.18.0.2:8080/d1/681/AUTH_7832f58621f8472aac4a78dc4760d88f/gnocchi.1e4d5e9e-76d3-4174-b7b3-ab5e31324b8e/1780920000.0_mean_300.0_v3" "tx75d968888e5b470fb30c4-006a2ab2c6" "object-server 25" 0.0006 "-" 21 0
Jun 11 13:06:14 standalone object-server[127206]: 172.20.0.100 - - [11/Jun/2026:13:06:14 +0000] "PUT /d1/681/AUTH_7832f58621f8472aac4a78dc4760d88f/gnocchi.1e4d5e9e-76d3-4174-b7b3-ab5e31324b8e/1780920000.0_mean_300.0_v3" 201 - "PUT http://172.18.0.2:8080/v1/AUTH_7832f58621f8472aac4a78dc4760d88f/gnocchi.1e4d5e9e-76d3-4174-b7b3-ab5e31324b8e/1780920000.0_mean_300.0_v3" "tx75d968888e5b470fb30c4-006a2ab2c6" "proxy-server 20" 0.0115 "-" 25 0
Jun 11 13:06:14 standalone proxy-server[128813]: 172.18.0.2 172.18.0.100 11/Jun/2026/13/06/14 PUT /v1/AUTH_7832f58621f8472aac4a78dc4760d88f/gnocchi.1e4d5e9e-76d3-4174-b7b3-ab5e31324b8e/1780920000.0_mean_300.0_v3 HTTP/1.0 201 - python-swiftclient-3.11.1 gAAAAABqKrJkPf-5... 16 - - tx75d968888e5b470fb30c4-006a2ab2c6 - 0.0180 - - 1781183174.935266733 1781183174.953302860 0
Jun 11 13:06:14 standalone container-server[126932]: 172.20.0.100 - - [11/Jun/2026:13:06:14 +0000] "PUT /d1/404/AUTH_7832f58621f8472aac4a78dc4760d88f/gnocchi.1e4d5e9e-76d3-4174-b7b3-ab5e31324b8e/none_v3" 201 - "PUT http://172.18.0.2:8080/d1/857/AUTH_7832f58621f8472aac4a78dc4760d88f/gnocchi.1e4d5e9e-76d3-4174-b7b3-ab5e31324b8e/none_v3" "tx6f3c0c25798b4977b7307-006a2ab2c6" "object-server 22" 0.0006 "-" 20 0
Jun 11 13:06:14 standalone object-server[127202]: 172.20.0.100 - - [11/Jun/2026:13:06:14 +0000] "PUT /d1/857/AUTH_7832f58621f8472aac4a78dc4760d88f/gnocchi.1e4d5e9e-76d3-4174-b7b3-ab5e31324b8e/none_v3" 201 - "PUT http://172.18.0.2:8080/v1/AUTH_7832f58621f8472aac4a78dc4760d88f/gnocchi.1e4d5e9e-76d3-4174-b7b3-ab5e31324b8e/none_v3" "tx6f3c0c25798b4977b7307-006a2ab2c6" "proxy-server 20" 0.0127 "-" 22 0
Jun 11 13:06:14 standalone proxy-server[128813]: 172.18.0.2 172.18.0.100 11/Jun/2026/13/06/14 PUT /v1/AUTH_7832f58621f8472aac4a78dc4760d88f/gnocchi.1e4d5e9e-76d3-4174-b7b3-ab5e31324b8e/none_v3 HTTP/1.0 201 - python-swiftclient-3.11.1 gAAAAABqKrJkPf-5... 32 - - tx6f3c0c25798b4977b7307-006a2ab2c6 - 0.0203 - - 1781183174.957129240 1781183174.977431536 0
Jun 11 13:06:25 standalone container-server[126933]: 172.20.0.100 - - [11/Jun/2026:13:06:25 +0000] "HEAD /d1/420/AUTH_7832f58621f8472aac4a78dc4760d88f/gnocchi.a024efba-e9d4-4b93-985b-a063ab2672f2" 404 - "HEAD http://172.18.0.2:8080/v1/AUTH_7832f58621f8472aac4a78dc4760d88f/gnocchi.a024efba-e9d4-4b93-985b-a063ab2672f2?format=json&states=listing" "txa5435f69f0144635905d9-006a2ab2d1" "proxy-server 20" 0.0007 "-" 21 0
Jun 11 13:06:25 standalone object-server[127205]: 172.20.0.100 - - [11/Jun/2026:13:06:25 +0000] "GET /d1/433/AUTH_7832f58621f8472aac4a78dc4760d88f/gnocchi.a024efba-e9d4-4b93-985b-a063ab2672f2/none_v3" 404 70 "GET http://172.18.0.2:8080/v1/AUTH_7832f58621f8472aac4a78dc4760d88f/gnocchi.a024efba-e9d4-4b93-985b-a063ab2672f2/none_v3" "txa5435f69f0144635905d9-006a2ab2d1" "proxy-server 20" 0.0008 "-" 24 0
Jun 11 13:06:25 standalone proxy-server[128813]: 172.18.0.2 172.18.0.100 11/Jun/2026/13/06/25 GET /v1/AUTH_7832f58621f8472aac4a78dc4760d88f/gnocchi.a024efba-e9d4-4b93-985b-a063ab2672f2/none_v3 HTTP/1.0 404 - python-swiftclient-3.11.1 gAAAAABqKrJkPf-5... - 70 - txa5435f69f0144635905d9-006a2ab2d1 - 0.0182 - - 1781183185.420784950 1781183185.438935041 0
Jun 11 13:06:25 standalone account-server[126914]: 172.20.0.100 - - [11/Jun/2026:13:06:25 +0000] "PUT /d1/378/AUTH_7832f58621f8472aac4a78dc4760d88f/gnocchi.a024efba-e9d4-4b93-985b-a063ab2672f2" 201 - "PUT http://172.20.0.100:6001/d1/420/AUTH_7832f58621f8472aac4a78dc4760d88f/gnocchi.a024efba-e9d4-4b93-985b-a063ab2672f2" "tx143700a111854b268f0d3-006a2ab2d1" "container-server 23" 0.0084 "-" 22 0
Jun 11 13:06:25 standalone container-server[126949]: 172.20.0.100 - - [11/Jun/2026:13:06:25 +0000] "PUT /d1/420/AUTH_7832f58621f8472aac4a78dc4760d88f/gnocchi.a024efba-e9d4-4b93-985b-a063ab2672f2" 201 - "PUT http://172.18.0.2:8080/v1/AUTH_7832f58621f8472aac4a78dc4760d88f/gnocchi.a024efba-e9d4-4b93-985b-a063ab2672f2" "tx143700a111854b268f0d3-006a2ab2d1" "proxy-server 20" 0.0245 "-" 23 0
Jun 11 13:06:25 standalone proxy-server[128813]: 172.18.0.2 172.18.0.100 11/Jun/2026/13/06/25 PUT /v1/AUTH_7832f58621f8472aac4a78dc4760d88f/gnocchi.a024efba-e9d4-4b93-985b-a063ab2672f2 HTTP/1.0 201 - python-swiftclient-3.11.1 gAAAAABqKrJkPf-5... - - - tx143700a111854b268f0d3-006a2ab2d1 - 0.0330 - - 1781183185.444829702 1781183185.477792740 0
Jun 11 13:06:25 standalone container-server[126932]: 172.20.0.100 - - [11/Jun/2026:13:06:25 +0000] "HEAD /d1/420/AUTH_7832f58621f8472aac4a78dc4760d88f/gnocchi.a024efba-e9d4-4b93-985b-a063ab2672f2" 204 - "HEAD http://172.18.0.2:8080/v1/AUTH_7832f58621f8472aac4a78dc4760d88f/gnocchi.a024efba-e9d4-4b93-985b-a063ab2672f2?format=json&states=listing" "tx7cec3f0dc33c46909aab4-006a2ab2d1" "proxy-server 20" 0.0024 "-" 20 0
Jun 11 13:06:25 standalone proxy-server[128813]: - - 11/Jun/2026/13/06/25 HEAD /v1/AUTH_7832f58621f8472aac4a78dc4760d88f/gnocchi.a024efba-e9d4-4b93-985b-a063ab2672f2%3Fformat%3Djson%26states%3Dlisting HTTP/1.0 204 - Swift - - - - tx7cec3f0dc33c46909aab4-006a2ab2d1 - 0.0098 RL - 1781183185.485685110 1781183185.495461941 0
Jun 11 13:06:25 standalone container-server[126938]: 172.20.0.100 - - [11/Jun/2026:13:06:25 +0000] "GET /d1/420/AUTH_7832f58621f8472aac4a78dc4760d88f/gnocchi.a024efba-e9d4-4b93-985b-a063ab2672f2" 200 2 "GET http://172.18.0.2:8080/v1/AUTH_7832f58621f8472aac4a78dc4760d88f/gnocchi.a024efba-e9d4-4b93-985b-a063ab2672f2?format=json&states=listing" "tx7cec3f0dc33c46909aab4-006a2ab2d1" "proxy-server 20" 0.0034 "-" 22 0
Jun 11 13:06:25 standalone proxy-server[128813]: 172.18.0.2 172.18.0.100 11/Jun/2026/13/06/25 GET /v1/AUTH_7832f58621f8472aac4a78dc4760d88f/gnocchi.a024efba-e9d4-4b93-985b-a063ab2672f2%3Fformat%3Djson%26states%3Dlisting HTTP/1.0 200 - python-swiftclient-3.11.1 gAAAAABqKrJkPf-5... - 2 - tx7cec3f0dc33c46909aab4-006a2ab2d1 - 0.0255 - - 1781183185.483406067 1781183185.508943319 0
Jun 11 13:06:25 standalone object-server[127202]: 172.20.0.100 - - [11/Jun/2026:13:06:25 +0000] "GET /d1/212/AUTH_7832f58621f8472aac4a78dc4760d88f/gnocchi.a024efba-e9d4-4b93-985b-a063ab2672f2/1780920000.0_mean_300.0_v3" 404 70 "GET http://172.18.0.2:8080/v1/AUTH_7832f58621f8472aac4a78dc4760d88f/gnocchi.a024efba-e9d4-4b93-985b-a063ab2672f2/1780920000.0_mean_300.0_v3" "txc012ef8ff9524e8099db7-006a2ab2d1" "proxy-server 20" 0.0005 "-" 22 0
Jun 11 13:06:25 standalone proxy-server[128813]: 172.18.0.2 172.18.0.100 11/Jun/2026/13/06/25 GET /v1/AUTH_7832f58621f8472aac4a78dc4760d88f/gnocchi.a024efba-e9d4-4b93-985b-a063ab2672f2/1780920000.0_mean_300.0_v3 HTTP/1.0 404 - python-swiftclient-3.11.1 gAAAAABqKrJkPf-5... - 70 - txc012ef8ff9524e8099db7-006a2ab2d1 - 0.0092 - - 1781183185.514853954 1781183185.524084806 0
Jun 11 13:06:25 standalone container-server[126949]: 172.20.0.100 - - [11/Jun/2026:13:06:25 +0000] "PUT /d1/420/AUTH_7832f58621f8472aac4a78dc4760d88f/gnocchi.a024efba-e9d4-4b93-985b-a063ab2672f2/1780920000.0_mean_300.0_v3" 201 - "PUT http://172.18.0.2:8080/d1/212/AUTH_7832f58621f8472aac4a78dc4760d88f/gnocchi.a024efba-e9d4-4b93-985b-a063ab2672f2/1780920000.0_mean_300.0_v3" "tx9572973f4d3947b2a19e0-006a2ab2d1" "object-server 23" 0.0009 "-" 23 0
Jun 11 13:06:25 standalone object-server[127203]: 172.20.0.100 - - [11/Jun/2026:13:06:25 +0000] "PUT /d1/212/AUTH_7832f58621f8472aac4a78dc4760d88f/gnocchi.a024efba-e9d4-4b93-985b-a063ab2672f2/1780920000.0_mean_300.0_v3" 201 - "PUT http://172.18.0.2:8080/v1/AUTH_7832f58621f8472aac4a78dc4760d88f/gnocchi.a024efba-e9d4-4b93-985b-a063ab2672f2/1780920000.0_mean_300.0_v3" "tx9572973f4d3947b2a19e0-006a2ab2d1" "proxy-server 20" 0.0138 "-" 23 0
Jun 11 13:06:25 standalone proxy-server[128813]: 172.18.0.2 172.18.0.100 11/Jun/2026/13/06/25 PUT /v1/AUTH_7832f58621f8472aac4a78dc4760d88f/gnocchi.a024efba-e9d4-4b93-985b-a063ab2672f2/1780920000.0_mean_300.0_v3 HTTP/1.0 201 - python-swiftclient-3.11.1 gAAAAABqKrJkPf-5... 16 - - tx9572973f4d3947b2a19e0-006a2ab2d1 - 0.0247 - - 1781183185.530882120 1781183185.555615902 0
Jun 11 13:06:25 standalone container-server[126949]: 172.20.0.100 - - [11/Jun/2026:13:06:25 +0000] "PUT /d1/420/AUTH_7832f58621f8472aac4a78dc4760d88f/gnocchi.a024efba-e9d4-4b93-985b-a063ab2672f2/none_v3" 201 - "PUT http://172.18.0.2:8080/d1/433/AUTH_7832f58621f8472aac4a78dc4760d88f/gnocchi.a024efba-e9d4-4b93-985b-a063ab2672f2/none_v3" "tx683f377cfe0549afbc886-006a2ab2d1" "object-server 24" 0.0011 "-" 23 0
Jun 11 13:06:25 standalone object-server[127205]: 172.20.0.100 - - [11/Jun/2026:13:06:25 +0000] "PUT /d1/433/AUTH_7832f58621f8472aac4a78dc4760d88f/gnocchi.a024efba-e9d4-4b93-985b-a063ab2672f2/none_v3" 201 - "PUT http://172.18.0.2:8080/v1/AUTH_7832f58621f8472aac4a78dc4760d88f/gnocchi.a024efba-e9d4-4b93-985b-a063ab2672f2/none_v3" "tx683f377cfe0549afbc886-006a2ab2d1" "proxy-server 20" 0.0138 "-" 24 0
Jun 11 13:06:25 standalone proxy-server[128813]: 172.18.0.2 172.18.0.100 11/Jun/2026/13/06/25 PUT /v1/AUTH_7832f58621f8472aac4a78dc4760d88f/gnocchi.a024efba-e9d4-4b93-985b-a063ab2672f2/none_v3 HTTP/1.0 201 - python-swiftclient-3.11.1 gAAAAABqKrJkPf-5... 22 - - tx683f377cfe0549afbc886-006a2ab2d1 - 0.0245 - - 1781183185.560714960 1781183185.585191011 0
Jun 11 13:06:25 standalone container-server[126949]: 172.20.0.100 - - [11/Jun/2026:13:06:25 +0000] "HEAD /d1/336/AUTH_7832f58621f8472aac4a78dc4760d88f/gnocchi.3990081d-49fd-4c21-8d9a-75f136240b79" 404 - "HEAD http://172.18.0.2:8080/v1/AUTH_7832f58621f8472aac4a78dc4760d88f/gnocchi.3990081d-49fd-4c21-8d9a-75f136240b79?format=json&states=listing" "tx08c8d9afaef34d0b9c092-006a2ab2d1" "proxy-server 20" 0.0006 "-" 23 0
Jun 11 13:06:25 standalone object-server[127205]: 172.20.0.100 - - [11/Jun/2026:13:06:25 +0000] "GET /d1/25/AUTH_7832f58621f8472aac4a78dc4760d88f/gnocchi.3990081d-49fd-4c21-8d9a-75f136240b79/none_v3" 404 70 "GET http://172.18.0.2:8080/v1/AUTH_7832f58621f8472aac4a78dc4760d88f/gnocchi.3990081d-49fd-4c21-8d9a-75f136240b79/none_v3" "tx08c8d9afaef34d0b9c092-006a2ab2d1" "proxy-server 20" 0.0005 "-" 24 0
Jun 11 13:06:25 standalone proxy-server[128813]: 172.18.0.2 172.18.0.100 11/Jun/2026/13/06/25 GET /v1/AUTH_7832f58621f8472aac4a78dc4760d88f/gnocchi.3990081d-49fd-4c21-8d9a-75f136240b79/none_v3 HTTP/1.0 404 - python-swiftclient-3.11.1 gAAAAABqKrJkPf-5... - 70 - tx08c8d9afaef34d0b9c092-006a2ab2d1 - 0.0135 - - 1781183185.618021965 1781183185.631548166 0
Jun 11 13:06:25 standalone account-server[126902]: 172.20.0.100 - - [11/Jun/2026:13:06:25 +0000] "PUT /d1/378/AUTH_7832f58621f8472aac4a78dc4760d88f/gnocchi.3990081d-49fd-4c21-8d9a-75f136240b79" 201 - "PUT http://172.20.0.100:6001/d1/336/AUTH_7832f58621f8472aac4a78dc4760d88f/gnocchi.3990081d-49fd-4c21-8d9a-75f136240b79" "txe4c01a8ce4fb485ab0ddd-006a2ab2d1" "container-server 22" 0.0068 "-" 21 0
Jun 11 13:06:25 standalone container-server[126938]: 172.20.0.100 - - [11/Jun/2026:13:06:25 +0000] "PUT /d1/336/AUTH_7832f58621f8472aac4a78dc4760d88f/gnocchi.3990081d-49fd-4c21-8d9a-75f136240b79" 201 - "PUT http://172.18.0.2:8080/v1/AUTH_7832f58621f8472aac4a78dc4760d88f/gnocchi.3990081d-49fd-4c21-8d9a-75f136240b79" "txe4c01a8ce4fb485ab0ddd-006a2ab2d1" "proxy-server 20" 0.0221 "-" 22 0
Jun 11 13:06:25 standalone proxy-server[128813]: 172.18.0.2 172.18.0.100 11/Jun/2026/13/06/25 PUT /v1/AUTH_7832f58621f8472aac4a78dc4760d88f/gnocchi.3990081d-49fd-4c21-8d9a-75f136240b79 HTTP/1.0 201 - python-swiftclient-3.11.1 gAAAAABqKrJkPf-5... - - - txe4c01a8ce4fb485ab0ddd-006a2ab2d1 - 0.0295 - - 1781183185.636671782 1781183185.666190624 0
Jun 11 13:06:25 standalone container-server[126933]: 172.20.0.100 - - [11/Jun/2026:13:06:25 +0000] "HEAD /d1/336/AUTH_7832f58621f8472aac4a78dc4760d88f/gnocchi.3990081d-49fd-4c21-8d9a-75f136240b79" 204 - "HEAD http://172.18.0.2:8080/v1/AUTH_7832f58621f8472aac4a78dc4760d88f/gnocchi.3990081d-49fd-4c21-8d9a-75f136240b79?format=json&states=listing" "tx66822a37d7584063bbe68-006a2ab2d1" "proxy-server 20" 0.0024 "-" 21 0
Jun 11 13:06:25 standalone proxy-server[128813]: - - 11/Jun/2026/13/06/25 HEAD /v1/AUTH_7832f58621f8472aac4a78dc4760d88f/gnocchi.3990081d-49fd-4c21-8d9a-75f136240b79%3Fformat%3Djson%26states%3Dlisting HTTP/1.0 204 - Swift - - - - tx66822a37d7584063bbe68-006a2ab2d1 - 0.0065 RL - 1781183185.671951056 1781183185.678444624 0
Jun 11 13:06:25 standalone container-server[126933]: 172.20.0.100 - - [11/Jun/2026:13:06:25 +0000] "GET /d1/336/AUTH_7832f58621f8472aac4a78dc4760d88f/gnocchi.3990081d-49fd-4c21-8d9a-75f136240b79" 200 2 "GET http://172.18.0.2:8080/v1/AUTH_7832f58621f8472aac4a78dc4760d88f/gnocchi.3990081d-49fd-4c21-8d9a-75f136240b79?format=json&states=listing" "tx66822a37d7584063bbe68-006a2ab2d1" "proxy-server 20" 0.0036 "-" 21 0
Jun 11 13:06:25 standalone proxy-server[128813]: 172.18.0.2 172.18.0.100 11/Jun/2026/13/06/25 GET /v1/AUTH_7832f58621f8472aac4a78dc4760d88f/gnocchi.3990081d-49fd-4c21-8d9a-75f136240b79%3Fformat%3Djson%26states%3Dlisting HTTP/1.0 200 - python-swiftclient-3.11.1 gAAAAABqKrJkPf-5... - 2 - tx66822a37d7584063bbe68-006a2ab2d1 - 0.0192 - - 1781183185.670688868 1781183185.689936638 0
Jun 11 13:06:25 standalone object-server[127203]: 172.20.0.100 - - [11/Jun/2026:13:06:25 +0000] "GET /d1/452/AUTH_7832f58621f8472aac4a78dc4760d88f/gnocchi.3990081d-49fd-4c21-8d9a-75f136240b79/1780920000.0_mean_300.0_v3" 404 70 "GET http://172.18.0.2:8080/v1/AUTH_7832f58621f8472aac4a78dc4760d88f/gnocchi.3990081d-49fd-4c21-8d9a-75f136240b79/1780920000.0_mean_300.0_v3" "txc72083632acc4eb195d5b-006a2ab2d1" "proxy-server 20" 0.0005 "-" 23 0
Jun 11 13:06:25 standalone proxy-server[128813]: 172.18.0.2 172.18.0.100 11/Jun/2026/13/06/25 GET /v1/AUTH_7832f58621f8472aac4a78dc4760d88f/gnocchi.3990081d-49fd-4c21-8d9a-75f136240b79/1780920000.0_mean_300.0_v3 HTTP/1.0 404 - python-swiftclient-3.11.1 gAAAAABqKrJkPf-5... - 70 - txc72083632acc4eb195d5b-006a2ab2d1 - 0.0069 - - 1781183185.695740461 1781183185.702618361 0
Jun 11 13:06:25 standalone container-server[126933]: 172.20.0.100 - - [11/Jun/2026:13:06:25 +0000] "PUT /d1/336/AUTH_7832f58621f8472aac4a78dc4760d88f/gnocchi.3990081d-49fd-4c21-8d9a-75f136240b79/1780920000.0_mean_300.0_v3" 201 - "PUT http://172.18.0.2:8080/d1/452/AUTH_7832f58621f8472aac4a78dc4760d88f/gnocchi.3990081d-49fd-4c21-8d9a-75f136240b79/1780920000.0_mean_300.0_v3" "txb0e356a170a1426fab5b8-006a2ab2d1" "object-server 25" 0.0008 "-" 21 0
Jun 11 13:06:25 standalone object-server[127206]: 172.20.0.100 - - [11/Jun/2026:13:06:25 +0000] "PUT /d1/452/AUTH_7832f58621f8472aac4a78dc4760d88f/gnocchi.3990081d-49fd-4c21-8d9a-75f136240b79/1780920000.0_mean_300.0_v3" 201 - "PUT http://172.18.0.2:8080/v1/AUTH_7832f58621f8472aac4a78dc4760d88f/gnocchi.3990081d-49fd-4c21-8d9a-75f136240b79/1780920000.0_mean_300.0_v3" "txb0e356a170a1426fab5b8-006a2ab2d1" "proxy-server 20" 0.0146 "-" 25 0
Jun 11 13:06:25 standalone proxy-server[128813]: 172.18.0.2 172.18.0.100 11/Jun/2026/13/06/25 PUT /v1/AUTH_7832f58621f8472aac4a78dc4760d88f/gnocchi.3990081d-49fd-4c21-8d9a-75f136240b79/1780920000.0_mean_300.0_v3 HTTP/1.0 201 - python-swiftclient-3.11.1 gAAAAABqKrJkPf-5... 16 - - txb0e356a170a1426fab5b8-006a2ab2d1 - 0.0229 - - 1781183185.707404852 1781183185.730345726 0
Jun 11 13:06:25 standalone container-server[126933]: 172.20.0.100 - - [11/Jun/2026:13:06:25 +0000] "PUT /d1/336/AUTH_7832f58621f8472aac4a78dc4760d88f/gnocchi.3990081d-49fd-4c21-8d9a-75f136240b79/none_v3" 201 - "PUT http://172.18.0.2:8080/d1/25/AUTH_7832f58621f8472aac4a78dc4760d88f/gnocchi.3990081d-49fd-4c21-8d9a-75f136240b79/none_v3" "tx22ab719436004023aeba6-006a2ab2d1" "object-server 24" 0.0008 "-" 21 0
Jun 11 13:06:25 standalone object-server[127205]: 172.20.0.100 - - [11/Jun/2026:13:06:25 +0000] "PUT /d1/25/AUTH_7832f58621f8472aac4a78dc4760d88f/gnocchi.3990081d-49fd-4c21-8d9a-75f136240b79/none_v3" 201 - "PUT http://172.18.0.2:8080/v1/AUTH_7832f58621f8472aac4a78dc4760d88f/gnocchi.3990081d-49fd-4c21-8d9a-75f136240b79/none_v3" "tx22ab719436004023aeba6-006a2ab2d1" "proxy-server 20" 0.0128 "-" 24 0
Jun 11 13:06:25 standalone proxy-server[128813]: 172.18.0.2 172.18.0.100 11/Jun/2026/13/06/25 PUT /v1/AUTH_7832f58621f8472aac4a78dc4760d88f/gnocchi.3990081d-49fd-4c21-8d9a-75f136240b79/none_v3 HTTP/1.0 201 - python-swiftclient-3.11.1 gAAAAABqKrJkPf-5... 22 - - tx22ab719436004023aeba6-006a2ab2d1 - 0.0200 - - 1781183185.734746456 1781183185.754791021 0
Jun 11 13:06:25 standalone object-server[127205]: 172.20.0.100 - - [11/Jun/2026:13:06:25 +0000] "GET /d1/25/AUTH_7832f58621f8472aac4a78dc4760d88f/gnocchi.3990081d-49fd-4c21-8d9a-75f136240b79/none_v3" 200 22 "GET http://172.18.0.2:8080/v1/AUTH_7832f58621f8472aac4a78dc4760d88f/gnocchi.3990081d-49fd-4c21-8d9a-75f136240b79/none_v3" "tx07662b62e227423da68d6-006a2ab2d1" "proxy-server 20" 0.0011 "-" 24 0
Jun 11 13:06:25 standalone proxy-server[128813]: 172.18.0.2 172.18.0.100 11/Jun/2026/13/06/25 GET /v1/AUTH_7832f58621f8472aac4a78dc4760d88f/gnocchi.3990081d-49fd-4c21-8d9a-75f136240b79/none_v3 HTTP/1.0 200 - python-swiftclient-3.11.1 gAAAAABqKrJkPf-5... - 22 - tx07662b62e227423da68d6-006a2ab2d1 - 0.0084 - - 1781183185.896561146 1781183185.904923439 0
Jun 11 13:06:25 standalone container-server[126938]: 172.20.0.100 - - [11/Jun/2026:13:06:25 +0000] "GET /d1/336/AUTH_7832f58621f8472aac4a78dc4760d88f/gnocchi.3990081d-49fd-4c21-8d9a-75f136240b79" 200 357 "GET http://172.18.0.2:8080/v1/AUTH_7832f58621f8472aac4a78dc4760d88f/gnocchi.3990081d-49fd-4c21-8d9a-75f136240b79?format=json&states=listing" "tx488da42f74484d9d81113-006a2ab2d1" "proxy-server 20" 0.0110 "-" 22 0
Jun 11 13:06:25 standalone proxy-server[128813]: 172.18.0.2 172.18.0.100 11/Jun/2026/13/06/25 GET /v1/AUTH_7832f58621f8472aac4a78dc4760d88f/gnocchi.3990081d-49fd-4c21-8d9a-75f136240b79%3Fformat%3Djson%26states%3Dlisting HTTP/1.0 200 - python-swiftclient-3.11.1 gAAAAABqKrJkPf-5... - 357 - tx488da42f74484d9d81113-006a2ab2d1 - 0.0183 - - 1781183185.909837961 1781183185.928157330 0
Jun 11 13:06:25 standalone container-server[126933]: 172.20.0.100 - - [11/Jun/2026:13:06:25 +0000] "GET /d1/336/AUTH_7832f58621f8472aac4a78dc4760d88f/gnocchi.3990081d-49fd-4c21-8d9a-75f136240b79" 200 2 "GET http://172.18.0.2:8080/v1/AUTH_7832f58621f8472aac4a78dc4760d88f/gnocchi.3990081d-49fd-4c21-8d9a-75f136240b79?format=json&marker=none_v3&states=listing" "tx8a2ee5defd5348f48ecbd-006a2ab2d1" "proxy-server 20" 0.0025 "-" 21 0
Jun 11 13:06:25 standalone proxy-server[128813]: 172.18.0.2 172.18.0.100 11/Jun/2026/13/06/25 GET /v1/AUTH_7832f58621f8472aac4a78dc4760d88f/gnocchi.3990081d-49fd-4c21-8d9a-75f136240b79%3Fformat%3Djson%26marker%3Dnone_v3%26states%3Dlisting HTTP/1.0 200 - python-swiftclient-3.11.1 gAAAAABqKrJkPf-5... - 2 - tx8a2ee5defd5348f48ecbd-006a2ab2d1 - 0.0092 - - 1781183185.931723595 1781183185.940925837 0
Jun 11 13:06:25 standalone object-server[127206]: 172.20.0.100 - - [11/Jun/2026:13:06:25 +0000] "GET /d1/452/AUTH_7832f58621f8472aac4a78dc4760d88f/gnocchi.3990081d-49fd-4c21-8d9a-75f136240b79/1780920000.0_mean_300.0_v3" 200 16 "GET http://172.18.0.2:8080/v1/AUTH_7832f58621f8472aac4a78dc4760d88f/gnocchi.3990081d-49fd-4c21-8d9a-75f136240b79/1780920000.0_mean_300.0_v3" "txea4c2664fb884f06be1f0-006a2ab2d1" "proxy-server 20" 0.0013 "-" 25 0
