Jun 11 13:05:44 standalone proxy-server[128813]: 172.18.0.2 172.18.0.100 11/Jun/2026/13/05/44 GET /v1/AUTH_7832f58621f8472aac4a78dc4760d88f/gnocchi.f3bc925e-fc58-4cd3-873a-0f45488a1ba3/1780920000.0_mean_300.0_v3 HTTP/1.0 404 - python-swiftclient-3.11.1 gAAAAABqKrJkPf-5... - 70 - txe74cf41439414b8981dc2-006a2ab2a8 - 0.0096 - - 1781183144.033201456 1781183144.042829514 0
Jun 11 13:05:44 standalone container-server[126949]: 172.20.0.100 - - [11/Jun/2026:13:05:44 +0000] "PUT /d1/565/AUTH_7832f58621f8472aac4a78dc4760d88f/gnocchi.f3bc925e-fc58-4cd3-873a-0f45488a1ba3/1780920000.0_mean_300.0_v3" 201 - "PUT http://172.18.0.2:8080/d1/718/AUTH_7832f58621f8472aac4a78dc4760d88f/gnocchi.f3bc925e-fc58-4cd3-873a-0f45488a1ba3/1780920000.0_mean_300.0_v3" "txd6933208157443d088e0f-006a2ab2a8" "object-server 24" 0.0008 "-" 23 0
Jun 11 13:05:44 standalone object-server[127205]: 172.20.0.100 - - [11/Jun/2026:13:05:44 +0000] "PUT /d1/718/AUTH_7832f58621f8472aac4a78dc4760d88f/gnocchi.f3bc925e-fc58-4cd3-873a-0f45488a1ba3/1780920000.0_mean_300.0_v3" 201 - "PUT http://172.18.0.2:8080/v1/AUTH_7832f58621f8472aac4a78dc4760d88f/gnocchi.f3bc925e-fc58-4cd3-873a-0f45488a1ba3/1780920000.0_mean_300.0_v3" "txd6933208157443d088e0f-006a2ab2a8" "proxy-server 20" 0.0188 "-" 24 0
Jun 11 13:05:44 standalone proxy-server[128813]: 172.18.0.2 172.18.0.100 11/Jun/2026/13/05/44 PUT /v1/AUTH_7832f58621f8472aac4a78dc4760d88f/gnocchi.f3bc925e-fc58-4cd3-873a-0f45488a1ba3/1780920000.0_mean_300.0_v3 HTTP/1.0 201 - python-swiftclient-3.11.1 gAAAAABqKrJkPf-5... 16 - - txd6933208157443d088e0f-006a2ab2a8 - 0.0295 - - 1781183144.049098730 1781183144.078596115 0
Jun 11 13:05:44 standalone container-server[126949]: 172.20.0.100 - - [11/Jun/2026:13:05:44 +0000] "PUT /d1/565/AUTH_7832f58621f8472aac4a78dc4760d88f/gnocchi.f3bc925e-fc58-4cd3-873a-0f45488a1ba3/none_v3" 201 - "PUT http://172.18.0.2:8080/d1/819/AUTH_7832f58621f8472aac4a78dc4760d88f/gnocchi.f3bc925e-fc58-4cd3-873a-0f45488a1ba3/none_v3" "txb9a37f6f639b4bafbb539-006a2ab2a8" "object-server 24" 0.0008 "-" 23 0
Jun 11 13:05:44 standalone object-server[127205]: 172.20.0.100 - - [11/Jun/2026:13:05:44 +0000] "PUT /d1/819/AUTH_7832f58621f8472aac4a78dc4760d88f/gnocchi.f3bc925e-fc58-4cd3-873a-0f45488a1ba3/none_v3" 201 - "PUT http://172.18.0.2:8080/v1/AUTH_7832f58621f8472aac4a78dc4760d88f/gnocchi.f3bc925e-fc58-4cd3-873a-0f45488a1ba3/none_v3" "txb9a37f6f639b4bafbb539-006a2ab2a8" "proxy-server 20" 0.0149 "-" 24 0
Jun 11 13:05:44 standalone proxy-server[128813]: 172.18.0.2 172.18.0.100 11/Jun/2026/13/05/44 PUT /v1/AUTH_7832f58621f8472aac4a78dc4760d88f/gnocchi.f3bc925e-fc58-4cd3-873a-0f45488a1ba3/none_v3 HTTP/1.0 201 - python-swiftclient-3.11.1 gAAAAABqKrJkPf-5... 22 - - txb9a37f6f639b4bafbb539-006a2ab2a8 - 0.0251 - - 1781183144.089182138 1781183144.114311457 0
Jun 11 13:05:44 standalone container-server[126949]: 172.20.0.100 - - [11/Jun/2026:13:05:44 +0000] "HEAD /d1/7/AUTH_7832f58621f8472aac4a78dc4760d88f/gnocchi.60a21275-2671-4548-8fe6-52c368ed06e6" 404 - "HEAD http://172.18.0.2:8080/v1/AUTH_7832f58621f8472aac4a78dc4760d88f/gnocchi.60a21275-2671-4548-8fe6-52c368ed06e6?format=json&states=listing" "tx4568f04b79fd4d6bb305a-006a2ab2a8" "proxy-server 20" 0.0006 "-" 23 0
Jun 11 13:05:44 standalone object-server[127203]: 172.20.0.100 - - [11/Jun/2026:13:05:44 +0000] "GET /d1/147/AUTH_7832f58621f8472aac4a78dc4760d88f/gnocchi.60a21275-2671-4548-8fe6-52c368ed06e6/none_v3" 404 70 "GET http://172.18.0.2:8080/v1/AUTH_7832f58621f8472aac4a78dc4760d88f/gnocchi.60a21275-2671-4548-8fe6-52c368ed06e6/none_v3" "tx4568f04b79fd4d6bb305a-006a2ab2a8" "proxy-server 20" 0.0004 "-" 23 0
Jun 11 13:05:44 standalone proxy-server[128813]: 172.18.0.2 172.18.0.100 11/Jun/2026/13/05/44 GET /v1/AUTH_7832f58621f8472aac4a78dc4760d88f/gnocchi.60a21275-2671-4548-8fe6-52c368ed06e6/none_v3 HTTP/1.0 404 - python-swiftclient-3.11.1 gAAAAABqKrJkPf-5... - 70 - tx4568f04b79fd4d6bb305a-006a2ab2a8 - 0.0113 - - 1781183144.329444408 1781183144.340694666 0
Jun 11 13:05:44 standalone account-server[126914]: 172.20.0.100 - - [11/Jun/2026:13:05:44 +0000] "PUT /d1/378/AUTH_7832f58621f8472aac4a78dc4760d88f/gnocchi.60a21275-2671-4548-8fe6-52c368ed06e6" 201 - "PUT http://172.20.0.100:6001/d1/7/AUTH_7832f58621f8472aac4a78dc4760d88f/gnocchi.60a21275-2671-4548-8fe6-52c368ed06e6" "tx9011cd5d9bd84de4b4bad-006a2ab2a8" "container-server 23" 0.0079 "-" 22 0
Jun 11 13:05:44 standalone container-server[126949]: 172.20.0.100 - - [11/Jun/2026:13:05:44 +0000] "PUT /d1/7/AUTH_7832f58621f8472aac4a78dc4760d88f/gnocchi.60a21275-2671-4548-8fe6-52c368ed06e6" 201 - "PUT http://172.18.0.2:8080/v1/AUTH_7832f58621f8472aac4a78dc4760d88f/gnocchi.60a21275-2671-4548-8fe6-52c368ed06e6" "tx9011cd5d9bd84de4b4bad-006a2ab2a8" "proxy-server 20" 0.0279 "-" 23 0
Jun 11 13:05:44 standalone proxy-server[128813]: 172.18.0.2 172.18.0.100 11/Jun/2026/13/05/44 PUT /v1/AUTH_7832f58621f8472aac4a78dc4760d88f/gnocchi.60a21275-2671-4548-8fe6-52c368ed06e6 HTTP/1.0 201 - python-swiftclient-3.11.1 gAAAAABqKrJkPf-5... - - - tx9011cd5d9bd84de4b4bad-006a2ab2a8 - 0.0354 - - 1781183144.345530272 1781183144.380914450 0
Jun 11 13:05:44 standalone container-server[126932]: 172.20.0.100 - - [11/Jun/2026:13:05:44 +0000] "HEAD /d1/983/AUTH_7832f58621f8472aac4a78dc4760d88f/gnocchi.ea6f5784-e76a-4f28-8a36-0a6124f20fe6" 404 - "HEAD http://172.18.0.2:8080/v1/AUTH_7832f58621f8472aac4a78dc4760d88f/gnocchi.ea6f5784-e76a-4f28-8a36-0a6124f20fe6?format=json&states=listing" "txc7434b9d2b664a3c94480-006a2ab2a8" "proxy-server 20" 0.0004 "-" 20 0
Jun 11 13:05:44 standalone object-server[127203]: 172.20.0.100 - - [11/Jun/2026:13:05:44 +0000] "GET /d1/380/AUTH_7832f58621f8472aac4a78dc4760d88f/gnocchi.ea6f5784-e76a-4f28-8a36-0a6124f20fe6/none_v3" 404 70 "GET http://172.18.0.2:8080/v1/AUTH_7832f58621f8472aac4a78dc4760d88f/gnocchi.ea6f5784-e76a-4f28-8a36-0a6124f20fe6/none_v3" "txc7434b9d2b664a3c94480-006a2ab2a8" "proxy-server 20" 0.0003 "-" 23 0
Jun 11 13:05:44 standalone proxy-server[128813]: 172.18.0.2 172.18.0.100 11/Jun/2026/13/05/44 GET /v1/AUTH_7832f58621f8472aac4a78dc4760d88f/gnocchi.ea6f5784-e76a-4f28-8a36-0a6124f20fe6/none_v3 HTTP/1.0 404 - python-swiftclient-3.11.1 gAAAAABqKrJkPf-5... - 70 - txc7434b9d2b664a3c94480-006a2ab2a8 - 0.0104 - - 1781183144.385603666 1781183144.396010399 0
Jun 11 13:05:44 standalone account-server[126918]: 172.20.0.100 - - [11/Jun/2026:13:05:44 +0000] "PUT /d1/378/AUTH_7832f58621f8472aac4a78dc4760d88f/gnocchi.ea6f5784-e76a-4f28-8a36-0a6124f20fe6" 201 - "PUT http://172.20.0.100:6001/d1/983/AUTH_7832f58621f8472aac4a78dc4760d88f/gnocchi.ea6f5784-e76a-4f28-8a36-0a6124f20fe6" "tx6c3965a6fda6421c9fcd8-006a2ab2a8" "container-server 20" 0.0106 "-" 23 0
Jun 11 13:05:44 standalone container-server[126932]: 172.20.0.100 - - [11/Jun/2026:13:05:44 +0000] "PUT /d1/983/AUTH_7832f58621f8472aac4a78dc4760d88f/gnocchi.ea6f5784-e76a-4f28-8a36-0a6124f20fe6" 201 - "PUT http://172.18.0.2:8080/v1/AUTH_7832f58621f8472aac4a78dc4760d88f/gnocchi.ea6f5784-e76a-4f28-8a36-0a6124f20fe6" "tx6c3965a6fda6421c9fcd8-006a2ab2a8" "proxy-server 20" 0.0295 "-" 20 0
Jun 11 13:05:44 standalone proxy-server[128813]: 172.18.0.2 172.18.0.100 11/Jun/2026/13/05/44 PUT /v1/AUTH_7832f58621f8472aac4a78dc4760d88f/gnocchi.ea6f5784-e76a-4f28-8a36-0a6124f20fe6 HTTP/1.0 201 - python-swiftclient-3.11.1 gAAAAABqKrJkPf-5... - - - tx6c3965a6fda6421c9fcd8-006a2ab2a8 - 0.0373 - - 1781183144.400048018 1781183144.437372684 0
Jun 11 13:05:44 standalone container-server[126933]: 172.20.0.100 - - [11/Jun/2026:13:05:44 +0000] "HEAD /d1/7/AUTH_7832f58621f8472aac4a78dc4760d88f/gnocchi.60a21275-2671-4548-8fe6-52c368ed06e6" 204 - "HEAD http://172.18.0.2:8080/v1/AUTH_7832f58621f8472aac4a78dc4760d88f/gnocchi.60a21275-2671-4548-8fe6-52c368ed06e6?format=json&states=listing" "txdd00cfd0f88a4036be358-006a2ab2a8" "proxy-server 20" 0.0018 "-" 21 0
Jun 11 13:05:44 standalone proxy-server[128813]: - - 11/Jun/2026/13/05/44 HEAD /v1/AUTH_7832f58621f8472aac4a78dc4760d88f/gnocchi.60a21275-2671-4548-8fe6-52c368ed06e6%3Fformat%3Djson%26states%3Dlisting HTTP/1.0 204 - Swift - - - - txdd00cfd0f88a4036be358-006a2ab2a8 - 0.0062 RL - 1781183144.443186760 1781183144.449417591 0
Jun 11 13:05:44 standalone container-server[126938]: 172.20.0.100 - - [11/Jun/2026:13:05:44 +0000] "GET /d1/7/AUTH_7832f58621f8472aac4a78dc4760d88f/gnocchi.60a21275-2671-4548-8fe6-52c368ed06e6" 200 2 "GET http://172.18.0.2:8080/v1/AUTH_7832f58621f8472aac4a78dc4760d88f/gnocchi.60a21275-2671-4548-8fe6-52c368ed06e6?format=json&states=listing" "txdd00cfd0f88a4036be358-006a2ab2a8" "proxy-server 20" 0.0037 "-" 22 0
Jun 11 13:05:44 standalone proxy-server[128813]: 172.18.0.2 172.18.0.100 11/Jun/2026/13/05/44 GET /v1/AUTH_7832f58621f8472aac4a78dc4760d88f/gnocchi.60a21275-2671-4548-8fe6-52c368ed06e6%3Fformat%3Djson%26states%3Dlisting HTTP/1.0 200 - python-swiftclient-3.11.1 gAAAAABqKrJkPf-5... - 2 - txdd00cfd0f88a4036be358-006a2ab2a8 - 0.0214 - - 1781183144.441726446 1781183144.463122845 0
Jun 11 13:05:44 standalone container-server[126938]: 172.20.0.100 - - [11/Jun/2026:13:05:44 +0000] "HEAD /d1/983/AUTH_7832f58621f8472aac4a78dc4760d88f/gnocchi.ea6f5784-e76a-4f28-8a36-0a6124f20fe6" 204 - "HEAD http://172.18.0.2:8080/v1/AUTH_7832f58621f8472aac4a78dc4760d88f/gnocchi.ea6f5784-e76a-4f28-8a36-0a6124f20fe6?format=json&states=listing" "tx448114eee8e54e059a724-006a2ab2a8" "proxy-server 20" 0.0022 "-" 22 0
Jun 11 13:05:44 standalone proxy-server[128813]: - - 11/Jun/2026/13/05/44 HEAD /v1/AUTH_7832f58621f8472aac4a78dc4760d88f/gnocchi.ea6f5784-e76a-4f28-8a36-0a6124f20fe6%3Fformat%3Djson%26states%3Dlisting HTTP/1.0 204 - Swift - - - - tx448114eee8e54e059a724-006a2ab2a8 - 0.0060 RL - 1781183144.470983744 1781183144.476975441 0
Jun 11 13:05:44 standalone container-server[126933]: 172.20.0.100 - - [11/Jun/2026:13:05:44 +0000] "GET /d1/983/AUTH_7832f58621f8472aac4a78dc4760d88f/gnocchi.ea6f5784-e76a-4f28-8a36-0a6124f20fe6" 200 2 "GET http://172.18.0.2:8080/v1/AUTH_7832f58621f8472aac4a78dc4760d88f/gnocchi.ea6f5784-e76a-4f28-8a36-0a6124f20fe6?format=json&states=listing" "tx448114eee8e54e059a724-006a2ab2a8" "proxy-server 20" 0.0030 "-" 21 0
Jun 11 13:05:44 standalone proxy-server[128813]: 172.18.0.2 172.18.0.100 11/Jun/2026/13/05/44 GET /v1/AUTH_7832f58621f8472aac4a78dc4760d88f/gnocchi.ea6f5784-e76a-4f28-8a36-0a6124f20fe6%3Fformat%3Djson%26states%3Dlisting HTTP/1.0 200 - python-swiftclient-3.11.1 gAAAAABqKrJkPf-5... - 2 - tx448114eee8e54e059a724-006a2ab2a8 - 0.0176 - - 1781183144.469585896 1781183144.487137318 0
Jun 11 13:05:44 standalone object-server[127202]: 172.20.0.100 - - [11/Jun/2026:13:05:44 +0000] "GET /d1/984/AUTH_7832f58621f8472aac4a78dc4760d88f/gnocchi.60a21275-2671-4548-8fe6-52c368ed06e6/1780920000.0_mean_300.0_v3" 404 70 "GET http://172.18.0.2:8080/v1/AUTH_7832f58621f8472aac4a78dc4760d88f/gnocchi.60a21275-2671-4548-8fe6-52c368ed06e6/1780920000.0_mean_300.0_v3" "tx15b70410a2f6479b8b2eb-006a2ab2a8" "proxy-server 20" 0.0005 "-" 22 0
Jun 11 13:05:44 standalone proxy-server[128813]: 172.18.0.2 172.18.0.100 11/Jun/2026/13/05/44 GET /v1/AUTH_7832f58621f8472aac4a78dc4760d88f/gnocchi.60a21275-2671-4548-8fe6-52c368ed06e6/1780920000.0_mean_300.0_v3 HTTP/1.0 404 - python-swiftclient-3.11.1 gAAAAABqKrJkPf-5... - 70 - tx15b70410a2f6479b8b2eb-006a2ab2a8 - 0.0073 - - 1781183144.495579958 1781183144.502889633 0
Jun 11 13:05:44 standalone object-server[127205]: 172.20.0.100 - - [11/Jun/2026:13:05:44 +0000] "GET /d1/803/AUTH_7832f58621f8472aac4a78dc4760d88f/gnocchi.ea6f5784-e76a-4f28-8a36-0a6124f20fe6/1780920000.0_mean_300.0_v3" 404 70 "GET http://172.18.0.2:8080/v1/AUTH_7832f58621f8472aac4a78dc4760d88f/gnocchi.ea6f5784-e76a-4f28-8a36-0a6124f20fe6/1780920000.0_mean_300.0_v3" "tx1eb6697f792147adb5dbd-006a2ab2a8" "proxy-server 20" 0.0004 "-" 24 0
Jun 11 13:05:44 standalone proxy-server[128813]: 172.18.0.2 172.18.0.100 11/Jun/2026/13/05/44 GET /v1/AUTH_7832f58621f8472aac4a78dc4760d88f/gnocchi.ea6f5784-e76a-4f28-8a36-0a6124f20fe6/1780920000.0_mean_300.0_v3 HTTP/1.0 404 - python-swiftclient-3.11.1 gAAAAABqKrJkPf-5... - 70 - tx1eb6697f792147adb5dbd-006a2ab2a8 - 0.0096 - - 1781183144.521837711 1781183144.531415701 0
Jun 11 13:05:44 standalone container-server[126938]: 172.20.0.100 - - [11/Jun/2026:13:05:44 +0000] "PUT /d1/7/AUTH_7832f58621f8472aac4a78dc4760d88f/gnocchi.60a21275-2671-4548-8fe6-52c368ed06e6/1780920000.0_mean_300.0_v3" 201 - "PUT http://172.18.0.2:8080/d1/984/AUTH_7832f58621f8472aac4a78dc4760d88f/gnocchi.60a21275-2671-4548-8fe6-52c368ed06e6/1780920000.0_mean_300.0_v3" "tx079bc691891748d98ab55-006a2ab2a8" "object-server 23" 0.0011 "-" 22 0
Jun 11 13:05:44 standalone object-server[127203]: 172.20.0.100 - - [11/Jun/2026:13:05:44 +0000] "PUT /d1/984/AUTH_7832f58621f8472aac4a78dc4760d88f/gnocchi.60a21275-2671-4548-8fe6-52c368ed06e6/1780920000.0_mean_300.0_v3" 201 - "PUT http://172.18.0.2:8080/v1/AUTH_7832f58621f8472aac4a78dc4760d88f/gnocchi.60a21275-2671-4548-8fe6-52c368ed06e6/1780920000.0_mean_300.0_v3" "tx079bc691891748d98ab55-006a2ab2a8" "proxy-server 20" 0.0159 "-" 23 0
Jun 11 13:05:44 standalone proxy-server[128813]: 172.18.0.2 172.18.0.100 11/Jun/2026/13/05/44 PUT /v1/AUTH_7832f58621f8472aac4a78dc4760d88f/gnocchi.60a21275-2671-4548-8fe6-52c368ed06e6/1780920000.0_mean_300.0_v3 HTTP/1.0 201 - python-swiftclient-3.11.1 gAAAAABqKrJkPf-5... 16 - - tx079bc691891748d98ab55-006a2ab2a8 - 0.0260 - - 1781183144.536043882 1781183144.562047958 0
Jun 11 13:05:44 standalone container-server[126938]: 172.20.0.100 - - [11/Jun/2026:13:05:44 +0000] "PUT /d1/983/AUTH_7832f58621f8472aac4a78dc4760d88f/gnocchi.ea6f5784-e76a-4f28-8a36-0a6124f20fe6/1780920000.0_mean_300.0_v3" 201 - "PUT http://172.18.0.2:8080/d1/803/AUTH_7832f58621f8472aac4a78dc4760d88f/gnocchi.ea6f5784-e76a-4f28-8a36-0a6124f20fe6/1780920000.0_mean_300.0_v3" "txd22c12ae18f142f2ba9c8-006a2ab2a8" "object-server 22" 0.0010 "-" 22 0
Jun 11 13:05:44 standalone object-server[127202]: 172.20.0.100 - - [11/Jun/2026:13:05:44 +0000] "PUT /d1/803/AUTH_7832f58621f8472aac4a78dc4760d88f/gnocchi.ea6f5784-e76a-4f28-8a36-0a6124f20fe6/1780920000.0_mean_300.0_v3" 201 - "PUT http://172.18.0.2:8080/v1/AUTH_7832f58621f8472aac4a78dc4760d88f/gnocchi.ea6f5784-e76a-4f28-8a36-0a6124f20fe6/1780920000.0_mean_300.0_v3" "txd22c12ae18f142f2ba9c8-006a2ab2a8" "proxy-server 20" 0.0559 "-" 22 0
Jun 11 13:05:44 standalone proxy-server[128813]: 172.18.0.2 172.18.0.100 11/Jun/2026/13/05/44 PUT /v1/AUTH_7832f58621f8472aac4a78dc4760d88f/gnocchi.ea6f5784-e76a-4f28-8a36-0a6124f20fe6/1780920000.0_mean_300.0_v3 HTTP/1.0 201 - python-swiftclient-3.11.1 gAAAAABqKrJkPf-5... 16 - - txd22c12ae18f142f2ba9c8-006a2ab2a8 - 0.0765 - - 1781183144.565714121 1781183144.642194748 0
Jun 11 13:05:44 standalone container-server[126938]: 172.20.0.100 - - [11/Jun/2026:13:05:44 +0000] "PUT /d1/7/AUTH_7832f58621f8472aac4a78dc4760d88f/gnocchi.60a21275-2671-4548-8fe6-52c368ed06e6/none_v3" 201 - "PUT http://172.18.0.2:8080/d1/147/AUTH_7832f58621f8472aac4a78dc4760d88f/gnocchi.60a21275-2671-4548-8fe6-52c368ed06e6/none_v3" "tx520610ffc8be45ae937db-006a2ab2a8" "object-server 24" 0.0010 "-" 22 0
Jun 11 13:05:44 standalone object-server[127205]: 172.20.0.100 - - [11/Jun/2026:13:05:44 +0000] "PUT /d1/147/AUTH_7832f58621f8472aac4a78dc4760d88f/gnocchi.60a21275-2671-4548-8fe6-52c368ed06e6/none_v3" 201 - "PUT http://172.18.0.2:8080/v1/AUTH_7832f58621f8472aac4a78dc4760d88f/gnocchi.60a21275-2671-4548-8fe6-52c368ed06e6/none_v3" "tx520610ffc8be45ae937db-006a2ab2a8" "proxy-server 20" 0.0173 "-" 24 0
Jun 11 13:05:44 standalone proxy-server[128813]: 172.18.0.2 172.18.0.100 11/Jun/2026/13/05/44 PUT /v1/AUTH_7832f58621f8472aac4a78dc4760d88f/gnocchi.60a21275-2671-4548-8fe6-52c368ed06e6/none_v3 HTTP/1.0 201 - python-swiftclient-3.11.1 gAAAAABqKrJkPf-5... 22 - - tx520610ffc8be45ae937db-006a2ab2a8 - 0.0275 - - 1781183144.646255255 1781183144.673735380 0
Jun 11 13:05:44 standalone container-server[126933]: 172.20.0.100 - - [11/Jun/2026:13:05:44 +0000] "PUT /d1/983/AUTH_7832f58621f8472aac4a78dc4760d88f/gnocchi.ea6f5784-e76a-4f28-8a36-0a6124f20fe6/none_v3" 201 - "PUT http://172.18.0.2:8080/d1/380/AUTH_7832f58621f8472aac4a78dc4760d88f/gnocchi.ea6f5784-e76a-4f28-8a36-0a6124f20fe6/none_v3" "txefd958efa47e4d138d81a-006a2ab2a8" "object-server 24" 0.0012 "-" 21 0
Jun 11 13:05:44 standalone object-server[127205]: 172.20.0.100 - - [11/Jun/2026:13:05:44 +0000] "PUT /d1/380/AUTH_7832f58621f8472aac4a78dc4760d88f/gnocchi.ea6f5784-e76a-4f28-8a36-0a6124f20fe6/none_v3" 201 - "PUT http://172.18.0.2:8080/v1/AUTH_7832f58621f8472aac4a78dc4760d88f/gnocchi.ea6f5784-e76a-4f28-8a36-0a6124f20fe6/none_v3" "txefd958efa47e4d138d81a-006a2ab2a8" "proxy-server 20" 0.0155 "-" 24 0
Jun 11 13:05:44 standalone proxy-server[128813]: 172.18.0.2 172.18.0.100 11/Jun/2026/13/05/44 PUT /v1/AUTH_7832f58621f8472aac4a78dc4760d88f/gnocchi.ea6f5784-e76a-4f28-8a36-0a6124f20fe6/none_v3 HTTP/1.0 201 - python-swiftclient-3.11.1 gAAAAABqKrJkPf-5... 22 - - txefd958efa47e4d138d81a-006a2ab2a8 - 0.0420 - - 1781183144.683655739 1781183144.725656509 0
Jun 11 13:05:44 standalone container-server[126938]: 172.20.0.100 - - [11/Jun/2026:13:05:44 +0000] "HEAD /d1/212/AUTH_7832f58621f8472aac4a78dc4760d88f/gnocchi.b587d0fd-8b25-4239-b056-c0303944b27f" 404 - "HEAD http://172.18.0.2:8080/v1/AUTH_7832f58621f8472aac4a78dc4760d88f/gnocchi.b587d0fd-8b25-4239-b056-c0303944b27f?format=json&states=listing" "tx3af9cffb0ee54011a1ae7-006a2ab2a8" "proxy-server 20" 0.0008 "-" 22 0
Jun 11 13:05:44 standalone object-server[127206]: 172.20.0.100 - - [11/Jun/2026:13:05:44 +0000] "GET /d1/172/AUTH_7832f58621f8472aac4a78dc4760d88f/gnocchi.b587d0fd-8b25-4239-b056-c0303944b27f/none_v3" 404 70 "GET http://172.18.0.2:8080/v1/AUTH_7832f58621f8472aac4a78dc4760d88f/gnocchi.b587d0fd-8b25-4239-b056-c0303944b27f/none_v3" "tx3af9cffb0ee54011a1ae7-006a2ab2a8" "proxy-server 20" 0.0005 "-" 25 0
Jun 11 13:05:44 standalone proxy-server[128813]: 172.18.0.2 172.18.0.100 11/Jun/2026/13/05/44 GET /v1/AUTH_7832f58621f8472aac4a78dc4760d88f/gnocchi.b587d0fd-8b25-4239-b056-c0303944b27f/none_v3 HTTP/1.0 404 - python-swiftclient-3.11.1 gAAAAABqKrJkPf-5... - 70 - tx3af9cffb0ee54011a1ae7-006a2ab2a8 - 0.0197 - - 1781183144.814501286 1781183144.834235907 0
Jun 11 13:05:44 standalone account-server[126902]: 172.20.0.100 - - [11/Jun/2026:13:05:44 +0000] "PUT /d1/378/AUTH_7832f58621f8472aac4a78dc4760d88f/gnocchi.b587d0fd-8b25-4239-b056-c0303944b27f" 201 - "PUT http://172.20.0.100:6001/d1/212/AUTH_7832f58621f8472aac4a78dc4760d88f/gnocchi.b587d0fd-8b25-4239-b056-c0303944b27f" "tx813fea73ef97405982581-006a2ab2a8" "container-server 21" 0.0076 "-" 21 0
Jun 11 13:05:44 standalone container-server[126933]: 172.20.0.100 - - [11/Jun/2026:13:05:44 +0000] "PUT /d1/212/AUTH_7832f58621f8472aac4a78dc4760d88f/gnocchi.b587d0fd-8b25-4239-b056-c0303944b27f" 201 - "PUT http://172.18.0.2:8080/v1/AUTH_7832f58621f8472aac4a78dc4760d88f/gnocchi.b587d0fd-8b25-4239-b056-c0303944b27f" "tx813fea73ef97405982581-006a2ab2a8" "proxy-server 20" 0.0238 "-" 21 0
Jun 11 13:05:44 standalone proxy-server[128813]: 172.18.0.2 172.18.0.100 11/Jun/2026/13/05/44 PUT /v1/AUTH_7832f58621f8472aac4a78dc4760d88f/gnocchi.b587d0fd-8b25-4239-b056-c0303944b27f HTTP/1.0 201 - python-swiftclient-3.11.1 gAAAAABqKrJkPf-5... - - - tx813fea73ef97405982581-006a2ab2a8 - 0.0374 - - 1781183144.840391636 1781183144.877780914 0
Jun 11 13:05:44 standalone container-server[126932]: 172.20.0.100 - - [11/Jun/2026:13:05:44 +0000] "HEAD /d1/212/AUTH_7832f58621f8472aac4a78dc4760d88f/gnocchi.b587d0fd-8b25-4239-b056-c0303944b27f" 204 - "HEAD http://172.18.0.2:8080/v1/AUTH_7832f58621f8472aac4a78dc4760d88f/gnocchi.b587d0fd-8b25-4239-b056-c0303944b27f?format=json&states=listing" "tx7830f69ed1504a1c80bbe-006a2ab2a8" "proxy-server 20" 0.0015 "-" 20 0
Jun 11 13:05:44 standalone proxy-server[128813]: - - 11/Jun/2026/13/05/44 HEAD /v1/AUTH_7832f58621f8472aac4a78dc4760d88f/gnocchi.b587d0fd-8b25-4239-b056-c0303944b27f%3Fformat%3Djson%26states%3Dlisting HTTP/1.0 204 - Swift - - - - tx7830f69ed1504a1c80bbe-006a2ab2a8 - 0.0080 RL - 1781183144.885402918 1781183144.893429518 0
Jun 11 13:05:44 standalone container-server[126949]: 172.20.0.100 - - [11/Jun/2026:13:05:44 +0000] "GET /d1/212/AUTH_7832f58621f8472aac4a78dc4760d88f/gnocchi.b587d0fd-8b25-4239-b056-c0303944b27f" 200 2 "GET http://172.18.0.2:8080/v1/AUTH_7832f58621f8472aac4a78dc4760d88f/gnocchi.b587d0fd-8b25-4239-b056-c0303944b27f?format=json&states=listing" "tx7830f69ed1504a1c80bbe-006a2ab2a8" "proxy-server 20" 0.0019 "-" 23 0
Jun 11 13:05:44 standalone proxy-server[128813]: 172.18.0.2 172.18.0.100 11/Jun/2026/13/05/44 GET /v1/AUTH_7832f58621f8472aac4a78dc4760d88f/gnocchi.b587d0fd-8b25-4239-b056-c0303944b27f%3Fformat%3Djson%26states%3Dlisting HTTP/1.0 200 - python-swiftclient-3.11.1 gAAAAABqKrJkPf-5... - 2 - tx7830f69ed1504a1c80bbe-006a2ab2a8 - 0.0237 - - 1781183144.883293152 1781183144.906948090 0
Jun 11 13:05:44 standalone object-server[127202]: 172.20.0.100 - - [11/Jun/2026:13:05:44 +0000] "GET /d1/3/AUTH_7832f58621f8472aac4a78dc4760d88f/gnocchi.b587d0fd-8b25-4239-b056-c0303944b27f/1780920000.0_mean_300.0_v3" 404 70 "GET http://172.18.0.2:8080/v1/AUTH_7832f58621f8472aac4a78dc4760d88f/gnocchi.b587d0fd-8b25-4239-b056-c0303944b27f/1780920000.0_mean_300.0_v3" "txe9e8ef335d2348709ff5b-006a2ab2a8" "proxy-server 20" 0.0007 "-" 22 0
Jun 11 13:05:44 standalone proxy-server[128813]: 172.18.0.2 172.18.0.100 11/Jun/2026/13/05/44 GET /v1/AUTH_7832f58621f8472aac4a78dc4760d88f/gnocchi.b587d0fd-8b25-4239-b056-c0303944b27f/1780920000.0_mean_300.0_v3 HTTP/1.0 404 - python-swiftclient-3.11.1 gAAAAABqKrJkPf-5... - 70 - txe9e8ef335d2348709ff5b-006a2ab2a8 - 0.0168 - - 1781183144.915778399 1781183144.932594776 0
Jun 11 13:05:44 standalone container-server[126938]: 172.20.0.100 - - [11/Jun/2026:13:05:44 +0000] "PUT /d1/212/AUTH_7832f58621f8472aac4a78dc4760d88f/gnocchi.b587d0fd-8b25-4239-b056-c0303944b27f/1780920000.0_mean_300.0_v3" 201 - "PUT http://172.18.0.2:8080/d1/3/AUTH_7832f58621f8472aac4a78dc4760d88f/gnocchi.b587d0fd-8b25-4239-b056-c0303944b27f/1780920000.0_mean_300.0_v3" "tx520c90417e6e499b9495c-006a2ab2a8" "object-server 23" 0.0012 "-" 22 0
Jun 11 13:05:44 standalone object-server[127203]: 172.20.0.100 - - [11/Jun/2026:13:05:44 +0000] "PUT /d1/3/AUTH_7832f58621f8472aac4a78dc4760d88f/gnocchi.b587d0fd-8b25-4239-b056-c0303944b27f/1780920000.0_mean_300.0_v3" 201 - "PUT http://172.18.0.2:8080/v1/AUTH_7832f58621f8472aac4a78dc4760d88f/gnocchi.b587d0fd-8b25-4239-b056-c0303944b27f/1780920000.0_mean_300.0_v3" "tx520c90417e6e499b9495c-006a2ab2a8" "proxy-server 20" 0.0157 "-" 23 0
Jun 11 13:05:44 standalone proxy-server[128813]: 172.18.0.2 172.18.0.100 11/Jun/2026/13/05/44 PUT /v1/AUTH_7832f58621f8472aac4a78dc4760d88f/gnocchi.b587d0fd-8b25-4239-b056-c0303944b27f/1780920000.0_mean_300.0_v3 HTTP/1.0 201 - python-swiftclient-3.11.1 gAAAAABqKrJkPf-5... 16 - - tx520c90417e6e499b9495c-006a2ab2a8 - 0.0256 - - 1781183144.938673735 1781183144.964290857 0
Jun 11 13:05:44 standalone container-server[126938]: 172.20.0.100 - - [11/Jun/2026:13:05:44 +0000] "PUT /d1/212/AUTH_7832f58621f8472aac4a78dc4760d88f/gnocchi.b587d0fd-8b25-4239-b056-c0303944b27f/none_v3" 201 - "PUT http://172.18.0.2:8080/d1/172/AUTH_7832f58621f8472aac4a78dc4760d88f/gnocchi.b587d0fd-8b25-4239-b056-c0303944b27f/none_v3" "tx505f94ea988e439b889c5-006a2ab2a8" "object-server 24" 0.0011 "-" 22 0
Jun 11 13:05:44 standalone object-server[127205]: 172.20.0.100 - - [11/Jun/2026:13:05:44 +0000] "PUT /d1/172/AUTH_7832f58621f8472aac4a78dc4760d88f/gnocchi.b587d0fd-8b25-4239-b056-c0303944b27f/none_v3" 201 - "PUT http://172.18.0.2:8080/v1/AUTH_7832f58621f8472aac4a78dc4760d88f/gnocchi.b587d0fd-8b25-4239-b056-c0303944b27f/none_v3" "tx505f94ea988e439b889c5-006a2ab2a8" "proxy-server 20" 0.0131 "-" 24 0
Jun 11 13:05:44 standalone proxy-server[128813]: 172.18.0.2 172.18.0.100 11/Jun/2026/13/05/44 PUT /v1/AUTH_7832f58621f8472aac4a78dc4760d88f/gnocchi.b587d0fd-8b25-4239-b056-c0303944b27f/none_v3 HTTP/1.0 201 - python-swiftclient-3.11.1 gAAAAABqKrJkPf-5... 22 - - tx505f94ea988e439b889c5-006a2ab2a8 - 0.0235 - - 1781183144.969754457 1781183144.993207216 0
Jun 11 13:05:54 standalone container-server[126932]: 172.20.0.100 - - [11/Jun/2026:13:05:54 +0000] "HEAD /d1/392/AUTH_7832f58621f8472aac4a78dc4760d88f/gnocchi.c1680750-60c7-4f23-94a3-111d250e0af2" 404 - "HEAD http://172.18.0.2:8080/v1/AUTH_7832f58621f8472aac4a78dc4760d88f/gnocchi.c1680750-60c7-4f23-94a3-111d250e0af2?format=json&states=listing" "tx38e2c71c9dab45b1926d1-006a2ab2b2" "proxy-server 20" 0.0008 "-" 20 0
Jun 11 13:05:54 standalone object-server[127206]: 172.20.0.100 - - [11/Jun/2026:13:05:54 +0000] "GET /d1/507/AUTH_7832f58621f8472aac4a78dc4760d88f/gnocchi.c1680750-60c7-4f23-94a3-111d250e0af2/none_v3" 404 70 "GET http://172.18.0.2:8080/v1/AUTH_7832f58621f8472aac4a78dc4760d88f/gnocchi.c1680750-60c7-4f23-94a3-111d250e0af2/none_v3" "tx38e2c71c9dab45b1926d1-006a2ab2b2" "proxy-server 20" 0.0010 "-" 25 0
Jun 11 13:05:54 standalone proxy-server[128813]: 172.18.0.2 172.18.0.100 11/Jun/2026/13/05/54 GET /v1/AUTH_7832f58621f8472aac4a78dc4760d88f/gnocchi.c1680750-60c7-4f23-94a3-111d250e0af2/none_v3 HTTP/1.0 404 - python-swiftclient-3.11.1 gAAAAABqKrJkPf-5... - 70 - tx38e2c71c9dab45b1926d1-006a2ab2b2 - 0.0130 - - 1781183154.518207550 1781183154.531234264 0
Jun 11 13:05:54 standalone account-server[126914]: 172.20.0.100 - - [11/Jun/2026:13:05:54 +0000] "PUT /d1/378/AUTH_7832f58621f8472aac4a78dc4760d88f/gnocchi.c1680750-60c7-4f23-94a3-111d250e0af2" 201 - "PUT http://172.20.0.100:6001/d1/392/AUTH_7832f58621f8472aac4a78dc4760d88f/gnocchi.c1680750-60c7-4f23-94a3-111d250e0af2" "txda33476d016b43a59f592-006a2ab2b2" "container-server 21" 0.0060 "-" 22 0
Jun 11 13:05:54 standalone container-server[126933]: 172.20.0.100 - - [11/Jun/2026:13:05:54 +0000] "PUT /d1/392/AUTH_7832f58621f8472aac4a78dc4760d88f/gnocchi.c1680750-60c7-4f23-94a3-111d250e0af2" 201 - "PUT http://172.18.0.2:8080/v1/AUTH_7832f58621f8472aac4a78dc4760d88f/gnocchi.c1680750-60c7-4f23-94a3-111d250e0af2" "txda33476d016b43a59f592-006a2ab2b2" "proxy-server 20" 0.0145 "-" 21 0
Jun 11 13:05:54 standalone proxy-server[128813]: 172.18.0.2 172.18.0.100 11/Jun/2026/13/05/54 PUT /v1/AUTH_7832f58621f8472aac4a78dc4760d88f/gnocchi.c1680750-60c7-4f23-94a3-111d250e0af2 HTTP/1.0 201 - python-swiftclient-3.11.1 gAAAAABqKrJkPf-5... - - - txda33476d016b43a59f592-006a2ab2b2 - 0.0245 - - 1781183154.535570383 1781183154.560071707 0
Jun 11 13:05:54 standalone container-server[126938]: 172.20.0.100 - - [11/Jun/2026:13:05:54 +0000] "HEAD /d1/392/AUTH_7832f58621f8472aac4a78dc4760d88f/gnocchi.c1680750-60c7-4f23-94a3-111d250e0af2" 204 - "HEAD http://172.18.0.2:8080/v1/AUTH_7832f58621f8472aac4a78dc4760d88f/gnocchi.c1680750-60c7-4f23-94a3-111d250e0af2?format=json&states=listing" "tx8c66c47289ae4ef894bcd-006a2ab2b2" "proxy-server 20" 0.0013 "-" 22 0
Jun 11 13:05:54 standalone proxy-server[128813]: - - 11/Jun/2026/13/05/54 HEAD /v1/AUTH_7832f58621f8472aac4a78dc4760d88f/gnocchi.c1680750-60c7-4f23-94a3-111d250e0af2%3Fformat%3Djson%26states%3Dlisting HTTP/1.0 204 - Swift - - - - tx8c66c47289ae4ef894bcd-006a2ab2b2 - 0.0062 RL - 1781183154.564419031 1781183154.570634842 0
Jun 11 13:05:54 standalone container-server[126932]: 172.20.0.100 - - [11/Jun/2026:13:05:54 +0000] "GET /d1/392/AUTH_7832f58621f8472aac4a78dc4760d88f/gnocchi.c1680750-60c7-4f23-94a3-111d250e0af2" 200 2 "GET http://172.18.0.2:8080/v1/AUTH_7832f58621f8472aac4a78dc4760d88f/gnocchi.c1680750-60c7-4f23-94a3-111d250e0af2?format=json&states=listing" "tx8c66c47289ae4ef894bcd-006a2ab2b2" "proxy-server 20" 0.0036 "-" 20 0
Jun 11 13:05:54 standalone proxy-server[128813]: 172.18.0.2 172.18.0.100 11/Jun/2026/13/05/54 GET /v1/AUTH_7832f58621f8472aac4a78dc4760d88f/gnocchi.c1680750-60c7-4f23-94a3-111d250e0af2%3Fformat%3Djson%26states%3Dlisting HTTP/1.0 200 - python-swiftclient-3.11.1 gAAAAABqKrJkPf-5... - 2 - tx8c66c47289ae4ef894bcd-006a2ab2b2 - 0.0171 - - 1781183154.563300848 1781183154.580419540 0
Jun 11 13:05:54 standalone object-server[127203]: 172.20.0.100 - - [11/Jun/2026:13:05:54 +0000] "GET /d1/544/AUTH_7832f58621f8472aac4a78dc4760d88f/gnocchi.c1680750-60c7-4f23-94a3-111d250e0af2/1780920000.0_mean_300.0_v3" 404 70 "GET http://172.18.0.2:8080/v1/AUTH_7832f58621f8472aac4a78dc4760d88f/gnocchi.c1680750-60c7-4f23-94a3-111d250e0af2/1780920000.0_mean_300.0_v3" "txc02e760cc0a14432adf51-006a2ab2b2" "proxy-server 20" 0.0003 "-" 23 0
Jun 11 13:05:54 standalone proxy-server[128813]: 172.18.0.2 172.18.0.100 11/Jun/2026/13/05/54 GET /v1/AUTH_7832f58621f8472aac4a78dc4760d88f/gnocchi.c1680750-60c7-4f23-94a3-111d250e0af2/1780920000.0_mean_300.0_v3 HTTP/1.0 404 - python-swiftclient-3.11.1 gAAAAABqKrJkPf-5... - 70 - txc02e760cc0a14432adf51-006a2ab2b2 - 0.0045 - - 1781183154.585361719 1781183154.589830637 0
Jun 11 13:05:54 standalone container-server[126933]: 172.20.0.100 - - [11/Jun/2026:13:05:54 +0000] "PUT /d1/392/AUTH_7832f58621f8472aac4a78dc4760d88f/gnocchi.c1680750-60c7-4f23-94a3-111d250e0af2/1780920000.0_mean_300.0_v3" 201 - "PUT http://172.18.0.2:8080/d1/544/AUTH_7832f58621f8472aac4a78dc4760d88f/gnocchi.c1680750-60c7-4f23-94a3-111d250e0af2/1780920000.0_mean_300.0_v3" "txb5b35147927e4afbadac0-006a2ab2b2" "object-server 24" 0.0007 "-" 21 0
Jun 11 13:05:54 standalone object-server[127205]: 172.20.0.100 - - [11/Jun/2026:13:05:54 +0000] "PUT /d1/544/AUTH_7832f58621f8472aac4a78dc4760d88f/gnocchi.c1680750-60c7-4f23-94a3-111d250e0af2/1780920000.0_mean_300.0_v3" 201 - "PUT http://172.18.0.2:8080/v1/AUTH_7832f58621f8472aac4a78dc4760d88f/gnocchi.c1680750-60c7-4f23-94a3-111d250e0af2/1780920000.0_mean_300.0_v3" "txb5b35147927e4afbadac0-006a2ab2b2" "proxy-server 20" 0.0113 "-" 24 0
Jun 11 13:05:54 standalone proxy-server[128813]: 172.18.0.2 172.18.0.100 11/Jun/2026/13/05/54 PUT /v1/AUTH_7832f58621f8472aac4a78dc4760d88f/gnocchi.c1680750-60c7-4f23-94a3-111d250e0af2/1780920000.0_mean_300.0_v3 HTTP/1.0 201 - python-swiftclient-3.11.1 gAAAAABqKrJkPf-5... 16 - - txb5b35147927e4afbadac0-006a2ab2b2 - 0.0158 - - 1781183154.592181444 1781183154.607961416 0
Jun 11 13:05:54 standalone container-server[126933]: 172.20.0.100 - - [11/Jun/2026:13:05:54 +0000] "PUT /d1/392/AUTH_7832f58621f8472aac4a78dc4760d88f/gnocchi.c1680750-60c7-4f23-94a3-111d250e0af2/none_v3" 201 - "PUT http://172.18.0.2:8080/d1/507/AUTH_7832f58621f8472aac4a78dc4760d88f/gnocchi.c1680750-60c7-4f23-94a3-111d250e0af2/none_v3" "tx8f96ea55ecef4fa984880-006a2ab2b2" "object-server 23" 0.0004 "-" 21 0
Jun 11 13:05:54 standalone object-server[127203]: 172.20.0.100 - - [11/Jun/2026:13:05:54 +0000] "PUT /d1/507/AUTH_7832f58621f8472aac4a78dc4760d88f/gnocchi.c1680750-60c7-4f23-94a3-111d250e0af2/none_v3" 201 - "PUT http://172.18.0.2:8080/v1/AUTH_7832f58621f8472aac4a78dc4760d88f/gnocchi.c1680750-60c7-4f23-94a3-111d250e0af2/none_v3" "tx8f96ea55ecef4fa984880-006a2ab2b2" "proxy-server 20" 0.0106 "-" 23 0
Jun 11 13:05:54 standalone proxy-server[128813]: 172.18.0.2 172.18.0.100 11/Jun/2026/13/05/54 PUT /v1/AUTH_7832f58621f8472aac4a78dc4760d88f/gnocchi.c1680750-60c7-4f23-94a3-111d250e0af2/none_v3 HTTP/1.0 201 - python-swiftclient-3.11.1 gAAAAABqKrJkPf-5... 22 - - tx8f96ea55ecef4fa984880-006a2ab2b2 - 0.0169 - - 1781183154.610028267 1781183154.626893282 0
Jun 11 13:05:54 standalone container-server[126938]: 172.20.0.100 - - [11/Jun/2026:13:05:54 +0000] "HEAD /d1/253/AUTH_7832f58621f8472aac4a78dc4760d88f/gnocchi.1d3aa686-eed6-4408-b364-ee330a13074a" 404 - "HEAD http://172.18.0.2:8080/v1/AUTH_7832f58621f8472aac4a78dc4760d88f/gnocchi.1d3aa686-eed6-4408-b364-ee330a13074a?format=json&states=listing" "tx7cc7357837c24a9d90ddf-006a2ab2b2" "proxy-server 20" 0.0003 "-" 22 0
Jun 11 13:05:54 standalone object-server[127206]: 172.20.0.100 - - [11/Jun/2026:13:05:54 +0000] "GET /d1/699/AUTH_7832f58621f8472aac4a78dc4760d88f/gnocchi.1d3aa686-eed6-4408-b364-ee330a13074a/none_v3" 404 70 "GET http://172.18.0.2:8080/v1/AUTH_7832f58621f8472aac4a78dc4760d88f/gnocchi.1d3aa686-eed6-4408-b364-ee330a13074a/none_v3" "tx7cc7357837c24a9d90ddf-006a2ab2b2" "proxy-server 20" 0.0003 "-" 25 0
Jun 11 13:05:54 standalone proxy-server[128813]: 172.18.0.2 172.18.0.100 11/Jun/2026/13/05/54 GET /v1/AUTH_7832f58621f8472aac4a78dc4760d88f/gnocchi.1d3aa686-eed6-4408-b364-ee330a13074a/none_v3 HTTP/1.0 404 - python-swiftclient-3.11.1 gAAAAABqKrJkPf-5... - 70 - tx7cc7357837c24a9d90ddf-006a2ab2b2 - 0.0126 - - 1781183154.636680365 1781183154.649250507 0
Jun 11 13:05:54 standalone account-server[126902]: 172.20.0.100 - - [11/Jun/2026:13:05:54 +0000] "PUT /d1/378/AUTH_7832f58621f8472aac4a78dc4760d88f/gnocchi.1d3aa686-eed6-4408-b364-ee330a13074a" 201 - "PUT http://172.20.0.100:6001/d1/253/AUTH_7832f58621f8472aac4a78dc4760d88f/gnocchi.1d3aa686-eed6-4408-b364-ee330a13074a" "tx37d9200ccc594987b78d6-006a2ab2b2" "container-server 21" 0.0037 "-" 21 0
Jun 11 13:05:54 standalone container-server[126933]: 172.20.0.100 - - [11/Jun/2026:13:05:54 +0000] "PUT /d1/253/AUTH_7832f58621f8472aac4a78dc4760d88f/gnocchi.1d3aa686-eed6-4408-b364-ee330a13074a" 201 - "PUT http://172.18.0.2:8080/v1/AUTH_7832f58621f8472aac4a78dc4760d88f/gnocchi.1d3aa686-eed6-4408-b364-ee330a13074a" "tx37d9200ccc594987b78d6-006a2ab2b2" "proxy-server 20" 0.0138 "-" 21 0
Jun 11 13:05:54 standalone proxy-server[128813]: 172.18.0.2 172.18.0.100 11/Jun/2026/13/05/54 PUT /v1/AUTH_7832f58621f8472aac4a78dc4760d88f/gnocchi.1d3aa686-eed6-4408-b364-ee330a13074a HTTP/1.0 201 - python-swiftclient-3.11.1 gAAAAABqKrJkPf-5... - - - tx37d9200ccc594987b78d6-006a2ab2b2 - 0.0181 - - 1781183154.651555300 1781183154.669649839 0
Jun 11 13:05:54 standalone container-server[126938]: 172.20.0.100 - - [11/Jun/2026:13:05:54 +0000] "HEAD /d1/253/AUTH_7832f58621f8472aac4a78dc4760d88f/gnocchi.1d3aa686-eed6-4408-b364-ee330a13074a" 204 - "HEAD http://172.18.0.2:8080/v1/AUTH_7832f58621f8472aac4a78dc4760d88f/gnocchi.1d3aa686-eed6-4408-b364-ee330a13074a?format=json&states=listing" "txb76dc863d7314f30905b3-006a2ab2b2" "proxy-server 20" 0.0012 "-" 22 0
Jun 11 13:05:54 standalone proxy-server[128813]: - - 11/Jun/2026/13/05/54 HEAD /v1/AUTH_7832f58621f8472aac4a78dc4760d88f/gnocchi.1d3aa686-eed6-4408-b364-ee330a13074a%3Fformat%3Djson%26states%3Dlisting HTTP/1.0 204 - Swift - - - - txb76dc863d7314f30905b3-006a2ab2b2 - 0.0042 RL - 1781183154.673272133 1781183154.677453279 0
Jun 11 13:05:54 standalone container-server[126949]: 172.20.0.100 - - [11/Jun/2026:13:05:54 +0000] "GET /d1/253/AUTH_7832f58621f8472aac4a78dc4760d88f/gnocchi.1d3aa686-eed6-4408-b364-ee330a13074a" 200 2 "GET http://172.18.0.2:8080/v1/AUTH_7832f58621f8472aac4a78dc4760d88f/gnocchi.1d3aa686-eed6-4408-b364-ee330a13074a?format=json&states=listing" "txb76dc863d7314f30905b3-006a2ab2b2" "proxy-server 20" 0.0023 "-" 23 0
Jun 11 13:05:54 standalone proxy-server[128813]: 172.18.0.2 172.18.0.100 11/Jun/2026/13/05/54 GET /v1/AUTH_7832f58621f8472aac4a78dc4760d88f/gnocchi.1d3aa686-eed6-4408-b364-ee330a13074a%3Fformat%3Djson%26states%3Dlisting HTTP/1.0 200 - python-swiftclient-3.11.1 gAAAAABqKrJkPf-5... - 2 - txb76dc863d7314f30905b3-006a2ab2b2 - 0.0149 - - 1781183154.672263145 1781183154.687201262 0
Jun 11 13:05:54 standalone object-server[127203]: 172.20.0.100 - - [11/Jun/2026:13:05:54 +0000] "GET /d1/657/AUTH_7832f58621f8472aac4a78dc4760d88f/gnocchi.1d3aa686-eed6-4408-b364-ee330a13074a/1780920000.0_mean_300.0_v3" 404 70 "GET http://172.18.0.2:8080/v1/AUTH_7832f58621f8472aac4a78dc4760d88f/gnocchi.1d3aa686-eed6-4408-b364-ee330a13074a/1780920000.0_mean_300.0_v3" "txd885ceda7921483586ce0-006a2ab2b2" "proxy-server 20" 0.0004 "-" 23 0
Jun 11 13:05:54 standalone proxy-server[128813]: 172.18.0.2 172.18.0.100 11/Jun/2026/13/05/54 GET /v1/AUTH_7832f58621f8472aac4a78dc4760d88f/gnocchi.1d3aa686-eed6-4408-b364-ee330a13074a/1780920000.0_mean_300.0_v3 HTTP/1.0 404 - python-swiftclient-3.11.1 gAAAAABqKrJkPf-5... - 70 - txd885ceda7921483586ce0-006a2ab2b2 - 0.0085 - - 1781183154.690049887 1781183154.698534489 0
Jun 11 13:05:54 standalone container-server[126932]: 172.20.0.100 - - [11/Jun/2026:13:05:54 +0000] "PUT /d1/253/AUTH_7832f58621f8472aac4a78dc4760d88f/gnocchi.1d3aa686-eed6-4408-b364-ee330a13074a/1780920000.0_mean_300.0_v3" 201 - "PUT http://172.18.0.2:8080/d1/657/AUTH_7832f58621f8472aac4a78dc4760d88f/gnocchi.1d3aa686-eed6-4408-b364-ee330a13074a/1780920000.0_mean_300.0_v3" "tx5821f7be17724e72984ff-006a2ab2b2" "object-server 25" 0.0006 "-" 20 0
Jun 11 13:05:54 standalone object-server[127206]: 172.20.0.100 - - [11/Jun/2026:13:05:54 +0000] "PUT /d1/657/AUTH_7832f58621f8472aac4a78dc4760d88f/gnocchi.1d3aa686-eed6-4408-b364-ee330a13074a/1780920000.0_mean_300.0_v3" 201 - "PUT http://172.18.0.2:8080/v1/AUTH_7832f58621f8472aac4a78dc4760d88f/gnocchi.1d3aa686-eed6-4408-b364-ee330a13074a/1780920000.0_mean_300.0_v3" "tx5821f7be17724e72984ff-006a2ab2b2" "proxy-server 20" 0.0105 "-" 25 0
Jun 11 13:05:54 standalone proxy-server[128813]: 172.18.0.2 172.18.0.100 11/Jun/2026/13/05/54 PUT /v1/AUTH_7832f58621f8472aac4a78dc4760d88f/gnocchi.1d3aa686-eed6-4408-b364-ee330a13074a/1780920000.0_mean_300.0_v3 HTTP/1.0 201 - python-swiftclient-3.11.1 gAAAAABqKrJkPf-5... 16 - - tx5821f7be17724e72984ff-006a2ab2b2 - 0.0195 - - 1781183154.701289415 1781183154.720754862 0
Jun 11 13:05:54 standalone container-server[126949]: 172.20.0.100 - - [11/Jun/2026:13:05:54 +0000] "PUT /d1/253/AUTH_7832f58621f8472aac4a78dc4760d88f/gnocchi.1d3aa686-eed6-4408-b364-ee330a13074a/none_v3" 201 - "PUT http://172.18.0.2:8080/d1/699/AUTH_7832f58621f8472aac4a78dc4760d88f/gnocchi.1d3aa686-eed6-4408-b364-ee330a13074a/none_v3" "txb800f6d3d5af42e0a09af-006a2ab2b2" "object-server 24" 0.0003 "-" 23 0
Jun 11 13:05:54 standalone object-server[127205]: 172.20.0.100 - - [11/Jun/2026:13:05:54 +0000] "PUT /d1/699/AUTH_7832f58621f8472aac4a78dc4760d88f/gnocchi.1d3aa686-eed6-4408-b364-ee330a13074a/none_v3" 201 - "PUT http://172.18.0.2:8080/v1/AUTH_7832f58621f8472aac4a78dc4760d88f/gnocchi.1d3aa686-eed6-4408-b364-ee330a13074a/none_v3" "txb800f6d3d5af42e0a09af-006a2ab2b2" "proxy-server 20" 0.0085 "-" 24 0
Jun 11 13:05:54 standalone proxy-server[128813]: 172.18.0.2 172.18.0.100 11/Jun/2026/13/05/54 PUT /v1/AUTH_7832f58621f8472aac4a78dc4760d88f/gnocchi.1d3aa686-eed6-4408-b364-ee330a13074a/none_v3 HTTP/1.0 201 - python-swiftclient-3.11.1 gAAAAABqKrJkPf-5... 22 - - txb800f6d3d5af42e0a09af-006a2ab2b2 - 0.0164 - - 1781183154.725205421 1781183154.741602659 0
Jun 11 13:05:54 standalone container-server[126933]: 172.20.0.100 - - [11/Jun/2026:13:05:54 +0000] "HEAD /d1/564/AUTH_7832f58621f8472aac4a78dc4760d88f/gnocchi.db5e6520-351b-4902-bb9c-99b1c63e5104" 404 - "HEAD http://172.18.0.2:8080/v1/AUTH_7832f58621f8472aac4a78dc4760d88f/gnocchi.db5e6520-351b-4902-bb9c-99b1c63e5104?format=json&states=listing" "tx732e5a2354aa43dfb1e24-006a2ab2b2" "proxy-server 20" 0.0006 "-" 21 0
Jun 11 13:05:54 standalone object-server[127202]: 172.20.0.100 - - [11/Jun/2026:13:05:54 +0000] "GET /d1/979/AUTH_7832f58621f8472aac4a78dc4760d88f/gnocchi.db5e6520-351b-4902-bb9c-99b1c63e5104/none_v3" 404 70 "GET http://172.18.0.2:8080/v1/AUTH_7832f58621f8472aac4a78dc4760d88f/gnocchi.db5e6520-351b-4902-bb9c-99b1c63e5104/none_v3" "tx732e5a2354aa43dfb1e24-006a2ab2b2" "proxy-server 20" 0.0004 "-" 22 0
Jun 11 13:05:54 standalone proxy-server[128813]: 172.18.0.2 172.18.0.100 11/Jun/2026/13/05/54 GET /v1/AUTH_7832f58621f8472aac4a78dc4760d88f/gnocchi.db5e6520-351b-4902-bb9c-99b1c63e5104/none_v3 HTTP/1.0 404 - python-swiftclient-3.11.1 gAAAAABqKrJkPf-5... - 70 - tx732e5a2354aa43dfb1e24-006a2ab2b2 - 0.0124 - - 1781183154.756051779 1781183154.768467665 0
Jun 11 13:05:54 standalone account-server[126902]: 172.20.0.100 - - [11/Jun/2026:13:05:54 +0000] "PUT /d1/378/AUTH_7832f58621f8472aac4a78dc4760d88f/gnocchi.db5e6520-351b-4902-bb9c-99b1c63e5104" 201 - "PUT http://172.20.0.100:6001/d1/564/AUTH_7832f58621f8472aac4a78dc4760d88f/gnocchi.db5e6520-351b-4902-bb9c-99b1c63e5104" "tx7010415674754077a98c5-006a2ab2b2" "container-server 21" 0.0058 "-" 21 0
Jun 11 13:05:54 standalone container-server[126933]: 172.20.0.100 - - [11/Jun/2026:13:05:54 +0000] "PUT /d1/564/AUTH_7832f58621f8472aac4a78dc4760d88f/gnocchi.db5e6520-351b-4902-bb9c-99b1c63e5104" 201 - "PUT http://172.18.0.2:8080/v1/AUTH_7832f58621f8472aac4a78dc4760d88f/gnocchi.db5e6520-351b-4902-bb9c-99b1c63e5104" "tx7010415674754077a98c5-006a2ab2b2" "proxy-server 20" 0.0191 "-" 21 0
Jun 11 13:05:54 standalone proxy-server[128813]: 172.18.0.2 172.18.0.100 11/Jun/2026/13/05/54 PUT /v1/AUTH_7832f58621f8472aac4a78dc4760d88f/gnocchi.db5e6520-351b-4902-bb9c-99b1c63e5104 HTTP/1.0 201 - python-swiftclient-3.11.1 gAAAAABqKrJkPf-5... - - - tx7010415674754077a98c5-006a2ab2b2 - 0.0261 - - 1781183154.771836042 1781183154.797899246 0
Jun 11 13:05:54 standalone container-server[126933]: 172.20.0.100 - - [11/Jun/2026:13:05:54 +0000] "HEAD /d1/564/AUTH_7832f58621f8472aac4a78dc4760d88f/gnocchi.db5e6520-351b-4902-bb9c-99b1c63e5104" 204 - "HEAD http://172.18.0.2:8080/v1/AUTH_7832f58621f8472aac4a78dc4760d88f/gnocchi.db5e6520-351b-4902-bb9c-99b1c63e5104?format=json&states=listing" "tx11ad2e2d223a42f5958f9-006a2ab2b2" "proxy-server 20" 0.0020 "-" 21 0
Jun 11 13:05:54 standalone proxy-server[128813]: - - 11/Jun/2026/13/05/54 HEAD /v1/AUTH_7832f58621f8472aac4a78dc4760d88f/gnocchi.db5e6520-351b-4902-bb9c-99b1c63e5104%3Fformat%3Djson%26states%3Dlisting HTTP/1.0 204 - Swift - - - - tx11ad2e2d223a42f5958f9-006a2ab2b2 - 0.0101 RL - 1781183154.805229664 1781183154.815308094 0
Jun 11 13:05:54 standalone container-server[126933]: 172.20.0.100 - - [11/Jun/2026:13:05:54 +0000] "GET /d1/564/AUTH_7832f58621f8472aac4a78dc4760d88f/gnocchi.db5e6520-351b-4902-bb9c-99b1c63e5104" 200 2 "GET http://172.18.0.2:8080/v1/AUTH_7832f58621f8472aac4a78dc4760d88f/gnocchi.db5e6520-351b-4902-bb9c-99b1c63e5104?format=json&states=listing" "tx11ad2e2d223a42f5958f9-006a2ab2b2" "proxy-server 20" 0.0038 "-" 21 0
Jun 11 13:05:54 standalone proxy-server[128813]: 172.18.0.2 172.18.0.100 11/Jun/2026/13/05/54 GET /v1/AUTH_7832f58621f8472aac4a78dc4760d88f/gnocchi.db5e6520-351b-4902-bb9c-99b1c63e5104%3Fformat%3Djson%26states%3Dlisting HTTP/1.0 200 - python-swiftclient-3.11.1 gAAAAABqKrJkPf-5... - 2 - tx11ad2e2d223a42f5958f9-006a2ab2b2 - 0.0280 - - 1781183154.802277327 1781183154.830322981 0
Jun 11 13:05:54 standalone object-server[127205]: 172.20.0.100 - - [11/Jun/2026:13:05:54 +0000] "GET /d1/964/AUTH_7832f58621f8472aac4a78dc4760d88f/gnocchi.db5e6520-351b-4902-bb9c-99b1c63e5104/1780920000.0_mean_300.0_v3" 404 70 "GET http://172.18.0.2:8080/v1/AUTH_7832f58621f8472aac4a78dc4760d88f/gnocchi.db5e6520-351b-4902-bb9c-99b1c63e5104/1780920000.0_mean_300.0_v3" "txf1f4952a68a3499fbd7e4-006a2ab2b2" "proxy-server 20" 0.0003 "-" 24 0
Jun 11 13:05:54 standalone proxy-server[128813]: 172.18.0.2 172.18.0.100 11/Jun/2026/13/05/54 GET /v1/AUTH_7832f58621f8472aac4a78dc4760d88f/gnocchi.db5e6520-351b-4902-bb9c-99b1c63e5104/1780920000.0_mean_300.0_v3 HTTP/1.0 404 - python-swiftclient-3.11.1 gAAAAABqKrJkPf-5... - 70 - txf1f4952a68a3499fbd7e4-006a2ab2b2 - 0.0063 - - 1781183154.834691286 1781183154.840978384 0
Jun 11 13:05:54 standalone container-server[126938]: 172.20.0.100 - - [11/Jun/2026:13:05:54 +0000] "PUT /d1/564/AUTH_7832f58621f8472aac4a78dc4760d88f/gnocchi.db5e6520-351b-4902-bb9c-99b1c63e5104/1780920000.0_mean_300.0_v3" 201 - "PUT http://172.18.0.2:8080/d1/964/AUTH_7832f58621f8472aac4a78dc4760d88f/gnocchi.db5e6520-351b-4902-bb9c-99b1c63e5104/1780920000.0_mean_300.0_v3" "txb962e25893e24cf6bd457-006a2ab2b2" "object-server 24" 0.0009 "-" 22 0
Jun 11 13:05:54 standalone object-server[127205]: 172.20.0.100 - - [11/Jun/2026:13:05:54 +0000] "PUT /d1/964/AUTH_7832f58621f8472aac4a78dc4760d88f/gnocchi.db5e6520-351b-4902-bb9c-99b1c63e5104/1780920000.0_mean_300.0_v3" 201 - "PUT http://172.18.0.2:8080/v1/AUTH_7832f58621f8472aac4a78dc4760d88f/gnocchi.db5e6520-351b-4902-bb9c-99b1c63e5104/1780920000.0_mean_300.0_v3" "txb962e25893e24cf6bd457-006a2ab2b2" "proxy-server 20" 0.0124 "-" 24 0
Jun 11 13:05:54 standalone proxy-server[128813]: 172.18.0.2 172.18.0.100 11/Jun/2026/13/05/54 PUT /v1/AUTH_7832f58621f8472aac4a78dc4760d88f/gnocchi.db5e6520-351b-4902-bb9c-99b1c63e5104/1780920000.0_mean_300.0_v3 HTTP/1.0 201 - python-swiftclient-3.11.1 gAAAAABqKrJkPf-5... 16 - - txb962e25893e24cf6bd457-006a2ab2b2 - 0.0456 - - 1781183154.845725298 1781183154.891316175 0
Jun 11 13:05:54 standalone container-server[126933]: 172.20.0.100 - - [11/Jun/2026:13:05:54 +0000] "PUT /d1/564/AUTH_7832f58621f8472aac4a78dc4760d88f/gnocchi.db5e6520-351b-4902-bb9c-99b1c63e5104/none_v3" 201 - "PUT http://172.18.0.2:8080/d1/979/AUTH_7832f58621f8472aac4a78dc4760d88f/gnocchi.db5e6520-351b-4902-bb9c-99b1c63e5104/none_v3" "tx36d48743d8284b6ea0253-006a2ab2b2" "object-server 24" 0.0011 "-" 21 0
Jun 11 13:05:54 standalone object-server[127205]: 172.20.0.100 - - [11/Jun/2026:13:05:54 +0000] "PUT /d1/979/AUTH_7832f58621f8472aac4a78dc4760d88f/gnocchi.db5e6520-351b-4902-bb9c-99b1c63e5104/none_v3" 201 - "PUT http://172.18.0.2:8080/v1/AUTH_7832f58621f8472aac4a78dc4760d88f/gnocchi.db5e6520-351b-4902-bb9c-99b1c63e5104/none_v3" "tx36d48743d8284b6ea0253-006a2ab2b2" "proxy-server 20" 0.0104 "-" 24 0
Jun 11 13:05:54 standalone proxy-server[128813]: 172.18.0.2 172.18.0.100 11/Jun/2026/13/05/54 PUT /v1/AUTH_7832f58621f8472aac4a78dc4760d88f/gnocchi.db5e6520-351b-4902-bb9c-99b1c63e5104/none_v3 HTTP/1.0 201 - python-swiftclient-3.11.1 gAAAAABqKrJkPf-5... 22 - - tx36d48743d8284b6ea0253-006a2ab2b2 - 0.0147 - - 1781183154.894814014 1781183154.909504414 0
Jun 11 13:05:54 standalone container-server[126938]: 172.20.0.100 - - [11/Jun/2026:13:05:54 +0000] "HEAD /d1/127/AUTH_7832f58621f8472aac4a78dc4760d88f/gnocchi.676c0b12-cddf-4bf7-96a7-5bde2c39b68a" 404 - "HEAD http://172.18.0.2:8080/v1/AUTH_7832f58621f8472aac4a78dc4760d88f/gnocchi.676c0b12-cddf-4bf7-96a7-5bde2c39b68a?format=json&states=listing" "txcadb7f84535b4cc281714-006a2ab2b2" "proxy-server 20" 0.0005 "-" 22 0
Jun 11 13:05:54 standalone object-server[127206]: 172.20.0.100 - - [11/Jun/2026:13:05:54 +0000] "GET /d1/80/AUTH_7832f58621f8472aac4a78dc4760d88f/gnocchi.676c0b12-cddf-4bf7-96a7-5bde2c39b68a/none_v3" 404 70 "GET http://172.18.0.2:8080/v1/AUTH_7832f58621f8472aac4a78dc4760d88f/gnocchi.676c0b12-cddf-4bf7-96a7-5bde2c39b68a/none_v3" "txcadb7f84535b4cc281714-006a2ab2b2" "proxy-server 20" 0.0005 "-" 25 0
Jun 11 13:05:54 standalone proxy-server[128813]: 172.18.0.2 172.18.0.100 11/Jun/2026/13/05/54 GET /v1/AUTH_7832f58621f8472aac4a78dc4760d88f/gnocchi.676c0b12-cddf-4bf7-96a7-5bde2c39b68a/none_v3 HTTP/1.0 404 - python-swiftclient-3.11.1 gAAAAABqKrJkPf-5... - 70 - txcadb7f84535b4cc281714-006a2ab2b2 - 0.0121 - - 1781183154.923200369 1781183154.935345173 0
Jun 11 13:05:54 standalone account-server[126918]: 172.20.0.100 - - [11/Jun/2026:13:05:54 +0000] "PUT /d1/378/AUTH_7832f58621f8472aac4a78dc4760d88f/gnocchi.676c0b12-cddf-4bf7-96a7-5bde2c39b68a" 201 - "PUT http://172.20.0.100:6001/d1/127/AUTH_7832f58621f8472aac4a78dc4760d88f/gnocchi.676c0b12-cddf-4bf7-96a7-5bde2c39b68a" "tx566572aef4de4f199ee7a-006a2ab2b2" "container-server 20" 0.0059 "-" 23 0
Jun 11 13:05:54 standalone container-server[126932]: 172.20.0.100 - - [11/Jun/2026:13:05:54 +0000] "PUT /d1/127/AUTH_7832f58621f8472aac4a78dc4760d88f/gnocchi.676c0b12-cddf-4bf7-96a7-5bde2c39b68a" 201 - "PUT http://172.18.0.2:8080/v1/AUTH_7832f58621f8472aac4a78dc4760d88f/gnocchi.676c0b12-cddf-4bf7-96a7-5bde2c39b68a" "tx566572aef4de4f199ee7a-006a2ab2b2" "proxy-server 20" 0.0179 "-" 20 0
Jun 11 13:05:54 standalone proxy-server[128813]: 172.18.0.2 172.18.0.100 11/Jun/2026/13/05/54 PUT /v1/AUTH_7832f58621f8472aac4a78dc4760d88f/gnocchi.676c0b12-cddf-4bf7-96a7-5bde2c39b68a HTTP/1.0 201 - python-swiftclient-3.11.1 gAAAAABqKrJkPf-5... - - - tx566572aef4de4f199ee7a-006a2ab2b2 - 0.0224 - - 1781183154.938854694 1781183154.961287737 0
Jun 11 13:05:54 standalone container-server[126932]: 172.20.0.100 - - [11/Jun/2026:13:05:54 +0000] "HEAD /d1/127/AUTH_7832f58621f8472aac4a78dc4760d88f/gnocchi.676c0b12-cddf-4bf7-96a7-5bde2c39b68a" 204 - "HEAD http://172.18.0.2:8080/v1/AUTH_7832f58621f8472aac4a78dc4760d88f/gnocchi.676c0b12-cddf-4bf7-96a7-5bde2c39b68a?format=json&states=listing" "tx7b6bdf06ca994bcebb8b3-006a2ab2b2" "proxy-server 20" 0.0020 "-" 20 0
Jun 11 13:05:54 standalone proxy-server[128813]: - - 11/Jun/2026/13/05/54 HEAD /v1/AUTH_7832f58621f8472aac4a78dc4760d88f/gnocchi.676c0b12-cddf-4bf7-96a7-5bde2c39b68a%3Fformat%3Djson%26states%3Dlisting HTTP/1.0 204 - Swift - - - - tx7b6bdf06ca994bcebb8b3-006a2ab2b2 - 0.0053 RL - 1781183154.967220306 1781183154.972543955 0
Jun 11 13:05:54 standalone container-server[126938]: 172.20.0.100 - - [11/Jun/2026:13:05:54 +0000] "GET /d1/127/AUTH_7832f58621f8472aac4a78dc4760d88f/gnocchi.676c0b12-cddf-4bf7-96a7-5bde2c39b68a" 200 2 "GET http://172.18.0.2:8080/v1/AUTH_7832f58621f8472aac4a78dc4760d88f/gnocchi.676c0b12-cddf-4bf7-96a7-5bde2c39b68a?format=json&states=listing" "tx7b6bdf06ca994bcebb8b3-006a2ab2b2" "proxy-server 20" 0.0034 "-" 22 0
Jun 11 13:05:54 standalone proxy-server[128813]: 172.18.0.2 172.18.0.100 11/Jun/2026/13/05/54 GET /v1/AUTH_7832f58621f8472aac4a78dc4760d88f/gnocchi.676c0b12-cddf-4bf7-96a7-5bde2c39b68a%3Fformat%3Djson%26states%3Dlisting HTTP/1.0 200 - python-swiftclient-3.11.1 gAAAAABqKrJkPf-5... - 2 - tx7b6bdf06ca994bcebb8b3-006a2ab2b2 - 0.0166 - - 1781183154.966050148 1781183154.982665777 0
Jun 11 13:05:54 standalone object-server[127206]: 172.20.0.100 - - [11/Jun/2026:13:05:54 +0000] "GET /d1/448/AUTH_7832f58621f8472aac4a78dc4760d88f/gnocchi.676c0b12-cddf-4bf7-96a7-5bde2c39b68a/1780920000.0_mean_300.0_v3" 404 70 "GET http://172.18.0.2:8080/v1/AUTH_7832f58621f8472aac4a78dc4760d88f/gnocchi.676c0b12-cddf-4bf7-96a7-5bde2c39b68a/1780920000.0_mean_300.0_v3" "tx7645f1135ed544f395707-006a2ab2b2" "proxy-server 20" 0.0005 "-" 25 0
Jun 11 13:05:54 standalone proxy-server[128813]: 172.18.0.2 172.18.0.100 11/Jun/2026/13/05/54 GET /v1/AUTH_7832f58621f8472aac4a78dc4760d88f/gnocchi.676c0b12-cddf-4bf7-96a7-5bde2c39b68a/1780920000.0_mean_300.0_v3 HTTP/1.0 404 - python-swiftclient-3.11.1 gAAAAABqKrJkPf-5... - 70 - tx7645f1135ed544f395707-006a2ab2b2 - 0.0064 - - 1781183154.986959696 1781183154.993310690 0
