Jun 11 13:06:39 standalone container-server[126938]: 172.20.0.100 - - [11/Jun/2026:13:06:39 +0000] "GET /d1/740/AUTH_7832f58621f8472aac4a78dc4760d88f/gnocchi.d1c96cd9-9c7d-4d6b-ac46-6fe5d5060b5d" 200 357 "GET http://172.18.0.2:8080/v1/AUTH_7832f58621f8472aac4a78dc4760d88f/gnocchi.d1c96cd9-9c7d-4d6b-ac46-6fe5d5060b5d?format=json&states=listing" "tx588814c0a15448f0838f2-006a2ab2df" "proxy-server 20" 0.0085 "-" 22 0
Jun 11 13:06:39 standalone proxy-server[128813]: 172.18.0.2 172.18.0.100 11/Jun/2026/13/06/39 GET /v1/AUTH_7832f58621f8472aac4a78dc4760d88f/gnocchi.d1c96cd9-9c7d-4d6b-ac46-6fe5d5060b5d%3Fformat%3Djson%26states%3Dlisting HTTP/1.0 200 - python-swiftclient-3.11.1 gAAAAABqKrJkPf-5... - 357 - tx588814c0a15448f0838f2-006a2ab2df - 0.0147 - - 1781183199.959889174 1781183199.974542141 0
Jun 11 13:06:39 standalone container-server[126938]: 172.20.0.100 - - [11/Jun/2026:13:06:39 +0000] "GET /d1/740/AUTH_7832f58621f8472aac4a78dc4760d88f/gnocchi.d1c96cd9-9c7d-4d6b-ac46-6fe5d5060b5d" 200 2 "GET http://172.18.0.2:8080/v1/AUTH_7832f58621f8472aac4a78dc4760d88f/gnocchi.d1c96cd9-9c7d-4d6b-ac46-6fe5d5060b5d?format=json&marker=none_v3&states=listing" "tx3003f7a5a7ce48e493297-006a2ab2df" "proxy-server 20" 0.0025 "-" 22 0
Jun 11 13:06:39 standalone proxy-server[128813]: 172.18.0.2 172.18.0.100 11/Jun/2026/13/06/39 GET /v1/AUTH_7832f58621f8472aac4a78dc4760d88f/gnocchi.d1c96cd9-9c7d-4d6b-ac46-6fe5d5060b5d%3Fformat%3Djson%26marker%3Dnone_v3%26states%3Dlisting HTTP/1.0 200 - python-swiftclient-3.11.1 gAAAAABqKrJkPf-5... - 2 - tx3003f7a5a7ce48e493297-006a2ab2df - 0.0079 - - 1781183199.978963614 1781183199.986871004 0
Jun 11 13:06:39 standalone object-server[127205]: 172.20.0.100 - - [11/Jun/2026:13:06:39 +0000] "GET /d1/651/AUTH_7832f58621f8472aac4a78dc4760d88f/gnocchi.d1c96cd9-9c7d-4d6b-ac46-6fe5d5060b5d/1780920000.0_mean_300.0_v3" 200 16 "GET http://172.18.0.2:8080/v1/AUTH_7832f58621f8472aac4a78dc4760d88f/gnocchi.d1c96cd9-9c7d-4d6b-ac46-6fe5d5060b5d/1780920000.0_mean_300.0_v3" "tx7c7f00dffd0a4362af5ce-006a2ab2df" "proxy-server 20" 0.0008 "-" 24 0
Jun 11 13:06:39 standalone proxy-server[128813]: 172.18.0.2 172.18.0.100 11/Jun/2026/13/06/39 GET /v1/AUTH_7832f58621f8472aac4a78dc4760d88f/gnocchi.d1c96cd9-9c7d-4d6b-ac46-6fe5d5060b5d/1780920000.0_mean_300.0_v3 HTTP/1.0 200 - python-swiftclient-3.11.1 gAAAAABqKrJkPf-5... - 16 - tx7c7f00dffd0a4362af5ce-006a2ab2df - 0.0056 - - 1781183199.990628004 1781183199.996246576 0
Jun 11 13:06:40 standalone container-server[126932]: 172.20.0.100 - - [11/Jun/2026:13:06:40 +0000] "PUT /d1/740/AUTH_7832f58621f8472aac4a78dc4760d88f/gnocchi.d1c96cd9-9c7d-4d6b-ac46-6fe5d5060b5d/1780920000.0_mean_300.0_v3" 201 - "PUT http://172.18.0.2:8080/d1/651/AUTH_7832f58621f8472aac4a78dc4760d88f/gnocchi.d1c96cd9-9c7d-4d6b-ac46-6fe5d5060b5d/1780920000.0_mean_300.0_v3" "txec26fb890352438f9ebca-006a2ab2e0" "object-server 22" 0.0006 "-" 20 0
Jun 11 13:06:40 standalone object-server[127202]: 172.20.0.100 - - [11/Jun/2026:13:06:40 +0000] "PUT /d1/651/AUTH_7832f58621f8472aac4a78dc4760d88f/gnocchi.d1c96cd9-9c7d-4d6b-ac46-6fe5d5060b5d/1780920000.0_mean_300.0_v3" 201 - "PUT http://172.18.0.2:8080/v1/AUTH_7832f58621f8472aac4a78dc4760d88f/gnocchi.d1c96cd9-9c7d-4d6b-ac46-6fe5d5060b5d/1780920000.0_mean_300.0_v3" "txec26fb890352438f9ebca-006a2ab2e0" "proxy-server 20" 0.0154 "-" 22 0
Jun 11 13:06:40 standalone proxy-server[128813]: 172.18.0.2 172.18.0.100 11/Jun/2026/13/06/40 PUT /v1/AUTH_7832f58621f8472aac4a78dc4760d88f/gnocchi.d1c96cd9-9c7d-4d6b-ac46-6fe5d5060b5d/1780920000.0_mean_300.0_v3 HTTP/1.0 201 - python-swiftclient-3.11.1 gAAAAABqKrJkPf-5... 16 - - txec26fb890352438f9ebca-006a2ab2e0 - 0.0257 - - 1781183200.006255150 1781183200.031914949 0
Jun 11 13:06:40 standalone container-server[126933]: 172.20.0.100 - - [11/Jun/2026:13:06:40 +0000] "PUT /d1/740/AUTH_7832f58621f8472aac4a78dc4760d88f/gnocchi.d1c96cd9-9c7d-4d6b-ac46-6fe5d5060b5d/none_v3" 201 - "PUT http://172.18.0.2:8080/d1/792/AUTH_7832f58621f8472aac4a78dc4760d88f/gnocchi.d1c96cd9-9c7d-4d6b-ac46-6fe5d5060b5d/none_v3" "tx56121e083ce4462f99244-006a2ab2e0" "object-server 22" 0.0004 "-" 21 0
Jun 11 13:06:40 standalone object-server[127202]: 172.20.0.100 - - [11/Jun/2026:13:06:40 +0000] "PUT /d1/792/AUTH_7832f58621f8472aac4a78dc4760d88f/gnocchi.d1c96cd9-9c7d-4d6b-ac46-6fe5d5060b5d/none_v3" 201 - "PUT http://172.18.0.2:8080/v1/AUTH_7832f58621f8472aac4a78dc4760d88f/gnocchi.d1c96cd9-9c7d-4d6b-ac46-6fe5d5060b5d/none_v3" "tx56121e083ce4462f99244-006a2ab2e0" "proxy-server 20" 0.0128 "-" 22 0
Jun 11 13:06:40 standalone proxy-server[128813]: 172.18.0.2 172.18.0.100 11/Jun/2026/13/06/40 PUT /v1/AUTH_7832f58621f8472aac4a78dc4760d88f/gnocchi.d1c96cd9-9c7d-4d6b-ac46-6fe5d5060b5d/none_v3 HTTP/1.0 201 - python-swiftclient-3.11.1 gAAAAABqKrJkPf-5... 48 - - tx56121e083ce4462f99244-006a2ab2e0 - 0.0271 - - 1781183200.038450003 1781183200.065522671 0
Jun 11 13:06:41 standalone object-server[127202]: 172.20.0.100 - - [11/Jun/2026:13:06:41 +0000] "GET /d1/719/AUTH_7832f58621f8472aac4a78dc4760d88f/gnocchi.ca902cf9-7383-4f91-ac39-94624d50212e/none_v3" 200 22 "GET http://172.18.0.2:8080/v1/AUTH_7832f58621f8472aac4a78dc4760d88f/gnocchi.ca902cf9-7383-4f91-ac39-94624d50212e/none_v3" "tx8526c0c37b674c97adf6c-006a2ab2e1" "proxy-server 20" 0.0009 "-" 22 0
Jun 11 13:06:41 standalone proxy-server[128813]: 172.18.0.2 172.18.0.100 11/Jun/2026/13/06/41 GET /v1/AUTH_7832f58621f8472aac4a78dc4760d88f/gnocchi.ca902cf9-7383-4f91-ac39-94624d50212e/none_v3 HTTP/1.0 200 - python-swiftclient-3.11.1 gAAAAABqKrJkPf-5... - 22 - tx8526c0c37b674c97adf6c-006a2ab2e1 - 0.0108 - - 1781183201.200978756 1781183201.211818933 0
Jun 11 13:06:41 standalone container-server[126938]: 172.20.0.100 - - [11/Jun/2026:13:06:41 +0000] "GET /d1/436/AUTH_7832f58621f8472aac4a78dc4760d88f/gnocchi.ca902cf9-7383-4f91-ac39-94624d50212e" 200 357 "GET http://172.18.0.2:8080/v1/AUTH_7832f58621f8472aac4a78dc4760d88f/gnocchi.ca902cf9-7383-4f91-ac39-94624d50212e?format=json&states=listing" "tx56316498d0df4cd2aedd3-006a2ab2e1" "proxy-server 20" 0.0093 "-" 22 0
Jun 11 13:06:41 standalone proxy-server[128813]: 172.18.0.2 172.18.0.100 11/Jun/2026/13/06/41 GET /v1/AUTH_7832f58621f8472aac4a78dc4760d88f/gnocchi.ca902cf9-7383-4f91-ac39-94624d50212e%3Fformat%3Djson%26states%3Dlisting HTTP/1.0 200 - python-swiftclient-3.11.1 gAAAAABqKrJkPf-5... - 357 - tx56316498d0df4cd2aedd3-006a2ab2e1 - 0.0166 - - 1781183201.223028898 1781183201.239626169 0
Jun 11 13:06:41 standalone container-server[126932]: 172.20.0.100 - - [11/Jun/2026:13:06:41 +0000] "GET /d1/436/AUTH_7832f58621f8472aac4a78dc4760d88f/gnocchi.ca902cf9-7383-4f91-ac39-94624d50212e" 200 2 "GET http://172.18.0.2:8080/v1/AUTH_7832f58621f8472aac4a78dc4760d88f/gnocchi.ca902cf9-7383-4f91-ac39-94624d50212e?format=json&marker=none_v3&states=listing" "txecebb39da78a48d9ad780-006a2ab2e1" "proxy-server 20" 0.0019 "-" 20 0
Jun 11 13:06:41 standalone proxy-server[128813]: 172.18.0.2 172.18.0.100 11/Jun/2026/13/06/41 GET /v1/AUTH_7832f58621f8472aac4a78dc4760d88f/gnocchi.ca902cf9-7383-4f91-ac39-94624d50212e%3Fformat%3Djson%26marker%3Dnone_v3%26states%3Dlisting HTTP/1.0 200 - python-swiftclient-3.11.1 gAAAAABqKrJkPf-5... - 2 - txecebb39da78a48d9ad780-006a2ab2e1 - 0.0106 - - 1781183201.243104935 1781183201.253708124 0
Jun 11 13:06:41 standalone object-server[127205]: 172.20.0.100 - - [11/Jun/2026:13:06:41 +0000] "GET /d1/958/AUTH_7832f58621f8472aac4a78dc4760d88f/gnocchi.ca902cf9-7383-4f91-ac39-94624d50212e/1780920000.0_mean_300.0_v3" 200 16 "GET http://172.18.0.2:8080/v1/AUTH_7832f58621f8472aac4a78dc4760d88f/gnocchi.ca902cf9-7383-4f91-ac39-94624d50212e/1780920000.0_mean_300.0_v3" "tx04b27b702e704fa6b6cac-006a2ab2e1" "proxy-server 20" 0.0006 "-" 24 0
Jun 11 13:06:41 standalone proxy-server[128813]: 172.18.0.2 172.18.0.100 11/Jun/2026/13/06/41 GET /v1/AUTH_7832f58621f8472aac4a78dc4760d88f/gnocchi.ca902cf9-7383-4f91-ac39-94624d50212e/1780920000.0_mean_300.0_v3 HTTP/1.0 200 - python-swiftclient-3.11.1 gAAAAABqKrJkPf-5... - 16 - tx04b27b702e704fa6b6cac-006a2ab2e1 - 0.0060 - - 1781183201.257901907 1781183201.263942480 0
Jun 11 13:06:41 standalone container-server[126938]: 172.20.0.100 - - [11/Jun/2026:13:06:41 +0000] "PUT /d1/436/AUTH_7832f58621f8472aac4a78dc4760d88f/gnocchi.ca902cf9-7383-4f91-ac39-94624d50212e/1780920000.0_mean_300.0_v3" 201 - "PUT http://172.18.0.2:8080/d1/958/AUTH_7832f58621f8472aac4a78dc4760d88f/gnocchi.ca902cf9-7383-4f91-ac39-94624d50212e/1780920000.0_mean_300.0_v3" "tx0339fc9b587b490dbce93-006a2ab2e1" "object-server 22" 0.0005 "-" 22 0
Jun 11 13:06:41 standalone object-server[127202]: 172.20.0.100 - - [11/Jun/2026:13:06:41 +0000] "PUT /d1/958/AUTH_7832f58621f8472aac4a78dc4760d88f/gnocchi.ca902cf9-7383-4f91-ac39-94624d50212e/1780920000.0_mean_300.0_v3" 201 - "PUT http://172.18.0.2:8080/v1/AUTH_7832f58621f8472aac4a78dc4760d88f/gnocchi.ca902cf9-7383-4f91-ac39-94624d50212e/1780920000.0_mean_300.0_v3" "tx0339fc9b587b490dbce93-006a2ab2e1" "proxy-server 20" 0.0100 "-" 22 0
Jun 11 13:06:41 standalone proxy-server[128813]: 172.18.0.2 172.18.0.100 11/Jun/2026/13/06/41 PUT /v1/AUTH_7832f58621f8472aac4a78dc4760d88f/gnocchi.ca902cf9-7383-4f91-ac39-94624d50212e/1780920000.0_mean_300.0_v3 HTTP/1.0 201 - python-swiftclient-3.11.1 gAAAAABqKrJkPf-5... 16 - - tx0339fc9b587b490dbce93-006a2ab2e1 - 0.0160 - - 1781183201.266418695 1781183201.282407284 0
Jun 11 13:06:41 standalone container-server[126933]: 172.20.0.100 - - [11/Jun/2026:13:06:41 +0000] "PUT /d1/436/AUTH_7832f58621f8472aac4a78dc4760d88f/gnocchi.ca902cf9-7383-4f91-ac39-94624d50212e/none_v3" 201 - "PUT http://172.18.0.2:8080/d1/719/AUTH_7832f58621f8472aac4a78dc4760d88f/gnocchi.ca902cf9-7383-4f91-ac39-94624d50212e/none_v3" "tx729c84ebc2004bdfbad5c-006a2ab2e1" "object-server 25" 0.0008 "-" 21 0
Jun 11 13:06:41 standalone object-server[127206]: 172.20.0.100 - - [11/Jun/2026:13:06:41 +0000] "PUT /d1/719/AUTH_7832f58621f8472aac4a78dc4760d88f/gnocchi.ca902cf9-7383-4f91-ac39-94624d50212e/none_v3" 201 - "PUT http://172.18.0.2:8080/v1/AUTH_7832f58621f8472aac4a78dc4760d88f/gnocchi.ca902cf9-7383-4f91-ac39-94624d50212e/none_v3" "tx729c84ebc2004bdfbad5c-006a2ab2e1" "proxy-server 20" 0.0090 "-" 25 0
Jun 11 13:06:41 standalone proxy-server[128813]: 172.18.0.2 172.18.0.100 11/Jun/2026/13/06/41 PUT /v1/AUTH_7832f58621f8472aac4a78dc4760d88f/gnocchi.ca902cf9-7383-4f91-ac39-94624d50212e/none_v3 HTTP/1.0 201 - python-swiftclient-3.11.1 gAAAAABqKrJkPf-5... 31 - - tx729c84ebc2004bdfbad5c-006a2ab2e1 - 0.0141 - - 1781183201.284695625 1781183201.298769474 0
Jun 11 13:06:49 standalone account-server[126914]: 172.20.0.100 - - [11/Jun/2026:13:06:49 +0000] "HEAD /d1/378/AUTH_7832f58621f8472aac4a78dc4760d88f" 204 - "HEAD http://172.18.0.2:8080/v1/AUTH_7832f58621f8472aac4a78dc4760d88f?format=json" "txb45ce0cce541471e9f37e-006a2ab2e9" "proxy-server 20" 0.0076 "-" 22 -
Jun 11 13:06:49 standalone proxy-server[128813]: - - 11/Jun/2026/13/06/49 HEAD /v1/AUTH_7832f58621f8472aac4a78dc4760d88f%3Fformat%3Djson HTTP/1.0 204 - Swift - - - - txb45ce0cce541471e9f37e-006a2ab2e9 - 0.0172 RL - 1781183209.500766516 1781183209.517929554 -
Jun 11 13:06:49 standalone object-server[127203]: 172.20.0.100 - - [11/Jun/2026:13:06:49 +0000] "GET /d1/719/AUTH_7832f58621f8472aac4a78dc4760d88f/gnocchi.ca902cf9-7383-4f91-ac39-94624d50212e/none_v3" 200 31 "GET http://172.18.0.2:8080/v1/AUTH_7832f58621f8472aac4a78dc4760d88f/gnocchi.ca902cf9-7383-4f91-ac39-94624d50212e/none_v3" "txb45ce0cce541471e9f37e-006a2ab2e9" "proxy-server 20" 0.0010 "-" 23 0
Jun 11 13:06:49 standalone proxy-server[128813]: 172.18.0.2 172.18.0.100 11/Jun/2026/13/06/49 GET /v1/AUTH_7832f58621f8472aac4a78dc4760d88f/gnocchi.ca902cf9-7383-4f91-ac39-94624d50212e/none_v3 HTTP/1.0 200 - python-swiftclient-3.11.1 gAAAAABqKrJkPf-5... - 31 - txb45ce0cce541471e9f37e-006a2ab2e9 - 0.0243 - - 1781183209.500035048 1781183209.524356127 0
Jun 11 13:06:49 standalone container-server[126949]: 172.20.0.100 - - [11/Jun/2026:13:06:49 +0000] "GET /d1/436/AUTH_7832f58621f8472aac4a78dc4760d88f/gnocchi.ca902cf9-7383-4f91-ac39-94624d50212e" 200 357 "GET http://172.18.0.2:8080/v1/AUTH_7832f58621f8472aac4a78dc4760d88f/gnocchi.ca902cf9-7383-4f91-ac39-94624d50212e?format=json&states=listing" "txa3c988a1dc654ab6a662d-006a2ab2e9" "proxy-server 20" 0.0078 "-" 23 0
Jun 11 13:06:49 standalone proxy-server[128813]: 172.18.0.2 172.18.0.100 11/Jun/2026/13/06/49 GET /v1/AUTH_7832f58621f8472aac4a78dc4760d88f/gnocchi.ca902cf9-7383-4f91-ac39-94624d50212e%3Fformat%3Djson%26states%3Dlisting HTTP/1.0 200 - python-swiftclient-3.11.1 gAAAAABqKrJkPf-5... - 357 - txa3c988a1dc654ab6a662d-006a2ab2e9 - 0.0127 - - 1781183209.529821396 1781183209.542495966 0
Jun 11 13:06:49 standalone container-server[126933]: 172.20.0.100 - - [11/Jun/2026:13:06:49 +0000] "GET /d1/436/AUTH_7832f58621f8472aac4a78dc4760d88f/gnocchi.ca902cf9-7383-4f91-ac39-94624d50212e" 200 2 "GET http://172.18.0.2:8080/v1/AUTH_7832f58621f8472aac4a78dc4760d88f/gnocchi.ca902cf9-7383-4f91-ac39-94624d50212e?format=json&marker=none_v3&states=listing" "txd1559da6dae845478907e-006a2ab2e9" "proxy-server 20" 0.0024 "-" 21 0
Jun 11 13:06:49 standalone proxy-server[128813]: 172.18.0.2 172.18.0.100 11/Jun/2026/13/06/49 GET /v1/AUTH_7832f58621f8472aac4a78dc4760d88f/gnocchi.ca902cf9-7383-4f91-ac39-94624d50212e%3Fformat%3Djson%26marker%3Dnone_v3%26states%3Dlisting HTTP/1.0 200 - python-swiftclient-3.11.1 gAAAAABqKrJkPf-5... - 2 - txd1559da6dae845478907e-006a2ab2e9 - 0.0068 - - 1781183209.545307875 1781183209.552067280 0
Jun 11 13:06:49 standalone object-server[127203]: 172.20.0.100 - - [11/Jun/2026:13:06:49 +0000] "GET /d1/958/AUTH_7832f58621f8472aac4a78dc4760d88f/gnocchi.ca902cf9-7383-4f91-ac39-94624d50212e/1780920000.0_mean_300.0_v3" 200 16 "GET http://172.18.0.2:8080/v1/AUTH_7832f58621f8472aac4a78dc4760d88f/gnocchi.ca902cf9-7383-4f91-ac39-94624d50212e/1780920000.0_mean_300.0_v3" "tx52b5cbf16f97485981b5a-006a2ab2e9" "proxy-server 20" 0.0007 "-" 23 0
Jun 11 13:06:49 standalone proxy-server[128813]: 172.18.0.2 172.18.0.100 11/Jun/2026/13/06/49 GET /v1/AUTH_7832f58621f8472aac4a78dc4760d88f/gnocchi.ca902cf9-7383-4f91-ac39-94624d50212e/1780920000.0_mean_300.0_v3 HTTP/1.0 200 - python-swiftclient-3.11.1 gAAAAABqKrJkPf-5... - 16 - tx52b5cbf16f97485981b5a-006a2ab2e9 - 0.0049 - - 1781183209.555310249 1781183209.560172796 0
Jun 11 13:06:49 standalone container-server[126933]: 172.20.0.100 - - [11/Jun/2026:13:06:49 +0000] "PUT /d1/436/AUTH_7832f58621f8472aac4a78dc4760d88f/gnocchi.ca902cf9-7383-4f91-ac39-94624d50212e/1780920000.0_mean_300.0_v3" 201 - "PUT http://172.18.0.2:8080/d1/958/AUTH_7832f58621f8472aac4a78dc4760d88f/gnocchi.ca902cf9-7383-4f91-ac39-94624d50212e/1780920000.0_mean_300.0_v3" "tx53ec35f47b0641548a501-006a2ab2e9" "object-server 23" 0.0012 "-" 21 0
Jun 11 13:06:49 standalone object-server[127203]: 172.20.0.100 - - [11/Jun/2026:13:06:49 +0000] "PUT /d1/958/AUTH_7832f58621f8472aac4a78dc4760d88f/gnocchi.ca902cf9-7383-4f91-ac39-94624d50212e/1780920000.0_mean_300.0_v3" 201 - "PUT http://172.18.0.2:8080/v1/AUTH_7832f58621f8472aac4a78dc4760d88f/gnocchi.ca902cf9-7383-4f91-ac39-94624d50212e/1780920000.0_mean_300.0_v3" "tx53ec35f47b0641548a501-006a2ab2e9" "proxy-server 20" 0.0122 "-" 23 0
Jun 11 13:06:49 standalone proxy-server[128813]: 172.18.0.2 172.18.0.100 11/Jun/2026/13/06/49 PUT /v1/AUTH_7832f58621f8472aac4a78dc4760d88f/gnocchi.ca902cf9-7383-4f91-ac39-94624d50212e/1780920000.0_mean_300.0_v3 HTTP/1.0 201 - python-swiftclient-3.11.1 gAAAAABqKrJkPf-5... 16 - - tx53ec35f47b0641548a501-006a2ab2e9 - 0.0160 - - 1781183209.562707901 1781183209.578731298 0
Jun 11 13:06:49 standalone container-server[126932]: 172.20.0.100 - - [11/Jun/2026:13:06:49 +0000] "PUT /d1/436/AUTH_7832f58621f8472aac4a78dc4760d88f/gnocchi.ca902cf9-7383-4f91-ac39-94624d50212e/none_v3" 201 - "PUT http://172.18.0.2:8080/d1/719/AUTH_7832f58621f8472aac4a78dc4760d88f/gnocchi.ca902cf9-7383-4f91-ac39-94624d50212e/none_v3" "tx27416dca10694a4f989b3-006a2ab2e9" "object-server 22" 0.0008 "-" 20 0
Jun 11 13:06:49 standalone object-server[127202]: 172.20.0.100 - - [11/Jun/2026:13:06:49 +0000] "PUT /d1/719/AUTH_7832f58621f8472aac4a78dc4760d88f/gnocchi.ca902cf9-7383-4f91-ac39-94624d50212e/none_v3" 201 - "PUT http://172.18.0.2:8080/v1/AUTH_7832f58621f8472aac4a78dc4760d88f/gnocchi.ca902cf9-7383-4f91-ac39-94624d50212e/none_v3" "tx27416dca10694a4f989b3-006a2ab2e9" "proxy-server 20" 0.0109 "-" 22 0
Jun 11 13:06:49 standalone proxy-server[128813]: 172.18.0.2 172.18.0.100 11/Jun/2026/13/06/49 PUT /v1/AUTH_7832f58621f8472aac4a78dc4760d88f/gnocchi.ca902cf9-7383-4f91-ac39-94624d50212e/none_v3 HTTP/1.0 201 - python-swiftclient-3.11.1 gAAAAABqKrJkPf-5... 46 - - tx27416dca10694a4f989b3-006a2ab2e9 - 0.0158 - - 1781183209.581215382 1781183209.597006559 0
Jun 11 13:06:50 standalone object-server[127203]: 172.20.0.100 - - [11/Jun/2026:13:06:50 +0000] "GET /d1/719/AUTH_7832f58621f8472aac4a78dc4760d88f/gnocchi.ca902cf9-7383-4f91-ac39-94624d50212e/none_v3" 200 46 "GET http://172.18.0.2:8080/v1/AUTH_7832f58621f8472aac4a78dc4760d88f/gnocchi.ca902cf9-7383-4f91-ac39-94624d50212e/none_v3" "tx66a5171d6b1b48bda6038-006a2ab2ea" "proxy-server 20" 0.0013 "-" 23 0
Jun 11 13:06:50 standalone proxy-server[128813]: 172.18.0.2 172.18.0.100 11/Jun/2026/13/06/50 GET /v1/AUTH_7832f58621f8472aac4a78dc4760d88f/gnocchi.ca902cf9-7383-4f91-ac39-94624d50212e/none_v3 HTTP/1.0 200 - python-swiftclient-3.11.1 gAAAAABqKrJkPf-5... - 46 - tx66a5171d6b1b48bda6038-006a2ab2ea - 0.0102 - - 1781183210.207524538 1781183210.217675686 0
Jun 11 13:06:50 standalone container-server[126938]: 172.20.0.100 - - [11/Jun/2026:13:06:50 +0000] "GET /d1/436/AUTH_7832f58621f8472aac4a78dc4760d88f/gnocchi.ca902cf9-7383-4f91-ac39-94624d50212e" 200 357 "GET http://172.18.0.2:8080/v1/AUTH_7832f58621f8472aac4a78dc4760d88f/gnocchi.ca902cf9-7383-4f91-ac39-94624d50212e?format=json&states=listing" "tx969e9a4022c649b681c7b-006a2ab2ea" "proxy-server 20" 0.0109 "-" 22 0
Jun 11 13:06:50 standalone proxy-server[128813]: 172.18.0.2 172.18.0.100 11/Jun/2026/13/06/50 GET /v1/AUTH_7832f58621f8472aac4a78dc4760d88f/gnocchi.ca902cf9-7383-4f91-ac39-94624d50212e%3Fformat%3Djson%26states%3Dlisting HTTP/1.0 200 - python-swiftclient-3.11.1 gAAAAABqKrJkPf-5... - 357 - tx969e9a4022c649b681c7b-006a2ab2ea - 0.0216 - - 1781183210.223589897 1781183210.245210171 0
Jun 11 13:06:50 standalone container-server[126932]: 172.20.0.100 - - [11/Jun/2026:13:06:50 +0000] "GET /d1/436/AUTH_7832f58621f8472aac4a78dc4760d88f/gnocchi.ca902cf9-7383-4f91-ac39-94624d50212e" 200 2 "GET http://172.18.0.2:8080/v1/AUTH_7832f58621f8472aac4a78dc4760d88f/gnocchi.ca902cf9-7383-4f91-ac39-94624d50212e?format=json&marker=none_v3&states=listing" "tx6d3fe6a9a6fd44d79be0b-006a2ab2ea" "proxy-server 20" 0.0037 "-" 20 0
Jun 11 13:06:50 standalone proxy-server[128813]: 172.18.0.2 172.18.0.100 11/Jun/2026/13/06/50 GET /v1/AUTH_7832f58621f8472aac4a78dc4760d88f/gnocchi.ca902cf9-7383-4f91-ac39-94624d50212e%3Fformat%3Djson%26marker%3Dnone_v3%26states%3Dlisting HTTP/1.0 200 - python-swiftclient-3.11.1 gAAAAABqKrJkPf-5... - 2 - tx6d3fe6a9a6fd44d79be0b-006a2ab2ea - 0.0139 - - 1781183210.250467300 1781183210.264378309 0
Jun 11 13:06:50 standalone object-server[127202]: 172.20.0.100 - - [11/Jun/2026:13:06:50 +0000] "GET /d1/958/AUTH_7832f58621f8472aac4a78dc4760d88f/gnocchi.ca902cf9-7383-4f91-ac39-94624d50212e/1780920000.0_mean_300.0_v3" 200 16 "GET http://172.18.0.2:8080/v1/AUTH_7832f58621f8472aac4a78dc4760d88f/gnocchi.ca902cf9-7383-4f91-ac39-94624d50212e/1780920000.0_mean_300.0_v3" "tx848c0642db854797b5a2f-006a2ab2ea" "proxy-server 20" 0.0011 "-" 22 0
Jun 11 13:06:50 standalone proxy-server[128813]: 172.18.0.2 172.18.0.100 11/Jun/2026/13/06/50 GET /v1/AUTH_7832f58621f8472aac4a78dc4760d88f/gnocchi.ca902cf9-7383-4f91-ac39-94624d50212e/1780920000.0_mean_300.0_v3 HTTP/1.0 200 - python-swiftclient-3.11.1 gAAAAABqKrJkPf-5... - 16 - tx848c0642db854797b5a2f-006a2ab2ea - 0.0075 - - 1781183210.270068407 1781183210.277607441 0
Jun 11 13:06:50 standalone container-server[126933]: 172.20.0.100 - - [11/Jun/2026:13:06:50 +0000] "PUT /d1/436/AUTH_7832f58621f8472aac4a78dc4760d88f/gnocchi.ca902cf9-7383-4f91-ac39-94624d50212e/1780920000.0_mean_300.0_v3" 201 - "PUT http://172.18.0.2:8080/d1/958/AUTH_7832f58621f8472aac4a78dc4760d88f/gnocchi.ca902cf9-7383-4f91-ac39-94624d50212e/1780920000.0_mean_300.0_v3" "tx3ab57a54b0ca405e8fbd8-006a2ab2ea" "object-server 25" 0.0009 "-" 21 0
Jun 11 13:06:50 standalone object-server[127206]: 172.20.0.100 - - [11/Jun/2026:13:06:50 +0000] "PUT /d1/958/AUTH_7832f58621f8472aac4a78dc4760d88f/gnocchi.ca902cf9-7383-4f91-ac39-94624d50212e/1780920000.0_mean_300.0_v3" 201 - "PUT http://172.18.0.2:8080/v1/AUTH_7832f58621f8472aac4a78dc4760d88f/gnocchi.ca902cf9-7383-4f91-ac39-94624d50212e/1780920000.0_mean_300.0_v3" "tx3ab57a54b0ca405e8fbd8-006a2ab2ea" "proxy-server 20" 0.0108 "-" 25 0
Jun 11 13:06:50 standalone proxy-server[128813]: 172.18.0.2 172.18.0.100 11/Jun/2026/13/06/50 PUT /v1/AUTH_7832f58621f8472aac4a78dc4760d88f/gnocchi.ca902cf9-7383-4f91-ac39-94624d50212e/1780920000.0_mean_300.0_v3 HTTP/1.0 201 - python-swiftclient-3.11.1 gAAAAABqKrJkPf-5... 16 - - tx3ab57a54b0ca405e8fbd8-006a2ab2ea - 0.0162 - - 1781183210.282942295 1781183210.299148083 0
Jun 11 13:06:50 standalone container-server[126938]: 172.20.0.100 - - [11/Jun/2026:13:06:50 +0000] "PUT /d1/436/AUTH_7832f58621f8472aac4a78dc4760d88f/gnocchi.ca902cf9-7383-4f91-ac39-94624d50212e/none_v3" 201 - "PUT http://172.18.0.2:8080/d1/719/AUTH_7832f58621f8472aac4a78dc4760d88f/gnocchi.ca902cf9-7383-4f91-ac39-94624d50212e/none_v3" "tx107c1d9815104a8987ef8-006a2ab2ea" "object-server 23" 0.0007 "-" 22 0
Jun 11 13:06:50 standalone object-server[127203]: 172.20.0.100 - - [11/Jun/2026:13:06:50 +0000] "PUT /d1/719/AUTH_7832f58621f8472aac4a78dc4760d88f/gnocchi.ca902cf9-7383-4f91-ac39-94624d50212e/none_v3" 201 - "PUT http://172.18.0.2:8080/v1/AUTH_7832f58621f8472aac4a78dc4760d88f/gnocchi.ca902cf9-7383-4f91-ac39-94624d50212e/none_v3" "tx107c1d9815104a8987ef8-006a2ab2ea" "proxy-server 20" 0.0099 "-" 23 0
Jun 11 13:06:50 standalone proxy-server[128813]: 172.18.0.2 172.18.0.100 11/Jun/2026/13/06/50 PUT /v1/AUTH_7832f58621f8472aac4a78dc4760d88f/gnocchi.ca902cf9-7383-4f91-ac39-94624d50212e/none_v3 HTTP/1.0 201 - python-swiftclient-3.11.1 gAAAAABqKrJkPf-5... 51 - - tx107c1d9815104a8987ef8-006a2ab2ea - 0.0149 - - 1781183210.303158045 1781183210.318047523 0
Jun 11 13:06:53 standalone container-server[126933]: 172.20.0.100 - - [11/Jun/2026:13:06:53 +0000] "HEAD /d1/456/AUTH_7832f58621f8472aac4a78dc4760d88f/gnocchi.0b0f0e6c-e8ea-43ec-9271-bca3601d4f78" 404 - "HEAD http://172.18.0.2:8080/v1/AUTH_7832f58621f8472aac4a78dc4760d88f/gnocchi.0b0f0e6c-e8ea-43ec-9271-bca3601d4f78?format=json&states=listing" "tx6115c47ee40a4433bb61c-006a2ab2ed" "proxy-server 20" 0.0006 "-" 21 0
Jun 11 13:06:53 standalone object-server[127205]: 172.20.0.100 - - [11/Jun/2026:13:06:53 +0000] "GET /d1/782/AUTH_7832f58621f8472aac4a78dc4760d88f/gnocchi.0b0f0e6c-e8ea-43ec-9271-bca3601d4f78/none_v3" 404 70 "GET http://172.18.0.2:8080/v1/AUTH_7832f58621f8472aac4a78dc4760d88f/gnocchi.0b0f0e6c-e8ea-43ec-9271-bca3601d4f78/none_v3" "tx6115c47ee40a4433bb61c-006a2ab2ed" "proxy-server 20" 0.0006 "-" 24 0
Jun 11 13:06:53 standalone proxy-server[128813]: 172.18.0.2 172.18.0.100 11/Jun/2026/13/06/53 GET /v1/AUTH_7832f58621f8472aac4a78dc4760d88f/gnocchi.0b0f0e6c-e8ea-43ec-9271-bca3601d4f78/none_v3 HTTP/1.0 404 - python-swiftclient-3.11.1 gAAAAABqKrJkPf-5... - 70 - tx6115c47ee40a4433bb61c-006a2ab2ed - 0.0114 - - 1781183213.420082331 1781183213.431487799 0
Jun 11 13:06:53 standalone account-server[126897]: 172.20.0.100 - - [11/Jun/2026:13:06:53 +0000] "PUT /d1/378/AUTH_7832f58621f8472aac4a78dc4760d88f/gnocchi.0b0f0e6c-e8ea-43ec-9271-bca3601d4f78" 201 - "PUT http://172.20.0.100:6001/d1/456/AUTH_7832f58621f8472aac4a78dc4760d88f/gnocchi.0b0f0e6c-e8ea-43ec-9271-bca3601d4f78" "txd79429a9349d4cf880a37-006a2ab2ed" "container-server 20" 0.0021 "-" 20 0
Jun 11 13:06:53 standalone container-server[126932]: 172.20.0.100 - - [11/Jun/2026:13:06:53 +0000] "PUT /d1/456/AUTH_7832f58621f8472aac4a78dc4760d88f/gnocchi.0b0f0e6c-e8ea-43ec-9271-bca3601d4f78" 201 - "PUT http://172.18.0.2:8080/v1/AUTH_7832f58621f8472aac4a78dc4760d88f/gnocchi.0b0f0e6c-e8ea-43ec-9271-bca3601d4f78" "txd79429a9349d4cf880a37-006a2ab2ed" "proxy-server 20" 0.0156 "-" 20 0
Jun 11 13:06:53 standalone proxy-server[128813]: 172.18.0.2 172.18.0.100 11/Jun/2026/13/06/53 PUT /v1/AUTH_7832f58621f8472aac4a78dc4760d88f/gnocchi.0b0f0e6c-e8ea-43ec-9271-bca3601d4f78 HTTP/1.0 201 - python-swiftclient-3.11.1 gAAAAABqKrJkPf-5... - - - txd79429a9349d4cf880a37-006a2ab2ed - 0.0212 - - 1781183213.434219360 1781183213.455434561 0
Jun 11 13:06:53 standalone container-server[126949]: 172.20.0.100 - - [11/Jun/2026:13:06:53 +0000] "HEAD /d1/456/AUTH_7832f58621f8472aac4a78dc4760d88f/gnocchi.0b0f0e6c-e8ea-43ec-9271-bca3601d4f78" 204 - "HEAD http://172.18.0.2:8080/v1/AUTH_7832f58621f8472aac4a78dc4760d88f/gnocchi.0b0f0e6c-e8ea-43ec-9271-bca3601d4f78?format=json&states=listing" "txcb4d8b603ff24e398497f-006a2ab2ed" "proxy-server 20" 0.0022 "-" 23 0
Jun 11 13:06:53 standalone proxy-server[128813]: - - 11/Jun/2026/13/06/53 HEAD /v1/AUTH_7832f58621f8472aac4a78dc4760d88f/gnocchi.0b0f0e6c-e8ea-43ec-9271-bca3601d4f78%3Fformat%3Djson%26states%3Dlisting HTTP/1.0 204 - Swift - - - - txcb4d8b603ff24e398497f-006a2ab2ed - 0.0061 RL - 1781183213.459883451 1781183213.465977192 0
Jun 11 13:06:53 standalone container-server[126933]: 172.20.0.100 - - [11/Jun/2026:13:06:53 +0000] "GET /d1/456/AUTH_7832f58621f8472aac4a78dc4760d88f/gnocchi.0b0f0e6c-e8ea-43ec-9271-bca3601d4f78" 200 2 "GET http://172.18.0.2:8080/v1/AUTH_7832f58621f8472aac4a78dc4760d88f/gnocchi.0b0f0e6c-e8ea-43ec-9271-bca3601d4f78?format=json&states=listing" "txcb4d8b603ff24e398497f-006a2ab2ed" "proxy-server 20" 0.0017 "-" 21 0
Jun 11 13:06:53 standalone proxy-server[128813]: 172.18.0.2 172.18.0.100 11/Jun/2026/13/06/53 GET /v1/AUTH_7832f58621f8472aac4a78dc4760d88f/gnocchi.0b0f0e6c-e8ea-43ec-9271-bca3601d4f78%3Fformat%3Djson%26states%3Dlisting HTTP/1.0 200 - python-swiftclient-3.11.1 gAAAAABqKrJkPf-5... - 2 - txcb4d8b603ff24e398497f-006a2ab2ed - 0.0149 - - 1781183213.458399534 1781183213.473311424 0
Jun 11 13:06:53 standalone object-server[127202]: 172.20.0.100 - - [11/Jun/2026:13:06:53 +0000] "GET /d1/471/AUTH_7832f58621f8472aac4a78dc4760d88f/gnocchi.0b0f0e6c-e8ea-43ec-9271-bca3601d4f78/1780920000.0_mean_300.0_v3" 404 70 "GET http://172.18.0.2:8080/v1/AUTH_7832f58621f8472aac4a78dc4760d88f/gnocchi.0b0f0e6c-e8ea-43ec-9271-bca3601d4f78/1780920000.0_mean_300.0_v3" "tx70bdc95e44294546a8125-006a2ab2ed" "proxy-server 20" 0.0003 "-" 22 0
Jun 11 13:06:53 standalone proxy-server[128813]: 172.18.0.2 172.18.0.100 11/Jun/2026/13/06/53 GET /v1/AUTH_7832f58621f8472aac4a78dc4760d88f/gnocchi.0b0f0e6c-e8ea-43ec-9271-bca3601d4f78/1780920000.0_mean_300.0_v3 HTTP/1.0 404 - python-swiftclient-3.11.1 gAAAAABqKrJkPf-5... - 70 - tx70bdc95e44294546a8125-006a2ab2ed - 0.0064 - - 1781183213.476491213 1781183213.482913971 0
Jun 11 13:06:53 standalone container-server[126938]: 172.20.0.100 - - [11/Jun/2026:13:06:53 +0000] "PUT /d1/456/AUTH_7832f58621f8472aac4a78dc4760d88f/gnocchi.0b0f0e6c-e8ea-43ec-9271-bca3601d4f78/1780920000.0_mean_300.0_v3" 201 - "PUT http://172.18.0.2:8080/d1/471/AUTH_7832f58621f8472aac4a78dc4760d88f/gnocchi.0b0f0e6c-e8ea-43ec-9271-bca3601d4f78/1780920000.0_mean_300.0_v3" "tx15e0dd0d2f954dac8664d-006a2ab2ed" "object-server 22" 0.0006 "-" 22 0
Jun 11 13:06:53 standalone object-server[127202]: 172.20.0.100 - - [11/Jun/2026:13:06:53 +0000] "PUT /d1/471/AUTH_7832f58621f8472aac4a78dc4760d88f/gnocchi.0b0f0e6c-e8ea-43ec-9271-bca3601d4f78/1780920000.0_mean_300.0_v3" 201 - "PUT http://172.18.0.2:8080/v1/AUTH_7832f58621f8472aac4a78dc4760d88f/gnocchi.0b0f0e6c-e8ea-43ec-9271-bca3601d4f78/1780920000.0_mean_300.0_v3" "tx15e0dd0d2f954dac8664d-006a2ab2ed" "proxy-server 20" 0.0106 "-" 22 0
Jun 11 13:06:53 standalone proxy-server[128813]: 172.18.0.2 172.18.0.100 11/Jun/2026/13/06/53 PUT /v1/AUTH_7832f58621f8472aac4a78dc4760d88f/gnocchi.0b0f0e6c-e8ea-43ec-9271-bca3601d4f78/1780920000.0_mean_300.0_v3 HTTP/1.0 201 - python-swiftclient-3.11.1 gAAAAABqKrJkPf-5... 16 - - tx15e0dd0d2f954dac8664d-006a2ab2ed - 0.0167 - - 1781183213.485877514 1781183213.502557516 0
Jun 11 13:06:53 standalone container-server[126949]: 172.20.0.100 - - [11/Jun/2026:13:06:53 +0000] "PUT /d1/456/AUTH_7832f58621f8472aac4a78dc4760d88f/gnocchi.0b0f0e6c-e8ea-43ec-9271-bca3601d4f78/none_v3" 201 - "PUT http://172.18.0.2:8080/d1/782/AUTH_7832f58621f8472aac4a78dc4760d88f/gnocchi.0b0f0e6c-e8ea-43ec-9271-bca3601d4f78/none_v3" "tx638bcdc015f74f68a13dd-006a2ab2ed" "object-server 23" 0.0013 "-" 23 0
Jun 11 13:06:53 standalone object-server[127203]: 172.20.0.100 - - [11/Jun/2026:13:06:53 +0000] "PUT /d1/782/AUTH_7832f58621f8472aac4a78dc4760d88f/gnocchi.0b0f0e6c-e8ea-43ec-9271-bca3601d4f78/none_v3" 201 - "PUT http://172.18.0.2:8080/v1/AUTH_7832f58621f8472aac4a78dc4760d88f/gnocchi.0b0f0e6c-e8ea-43ec-9271-bca3601d4f78/none_v3" "tx638bcdc015f74f68a13dd-006a2ab2ed" "proxy-server 20" 0.0131 "-" 23 0
Jun 11 13:06:53 standalone proxy-server[128813]: 172.18.0.2 172.18.0.100 11/Jun/2026/13/06/53 PUT /v1/AUTH_7832f58621f8472aac4a78dc4760d88f/gnocchi.0b0f0e6c-e8ea-43ec-9271-bca3601d4f78/none_v3 HTTP/1.0 201 - python-swiftclient-3.11.1 gAAAAABqKrJkPf-5... 22 - - tx638bcdc015f74f68a13dd-006a2ab2ed - 0.0177 - - 1781183213.505077839 1781183213.522804499 0
Jun 11 13:06:53 standalone container-server[126938]: 172.20.0.100 - - [11/Jun/2026:13:06:53 +0000] "HEAD /d1/499/AUTH_7832f58621f8472aac4a78dc4760d88f/gnocchi.ad12ec6f-3b95-4ae6-b1f2-ced9e00926e2" 404 - "HEAD http://172.18.0.2:8080/v1/AUTH_7832f58621f8472aac4a78dc4760d88f/gnocchi.ad12ec6f-3b95-4ae6-b1f2-ced9e00926e2?format=json&states=listing" "tx4eaf4066bdfd4ea99c27f-006a2ab2ed" "proxy-server 20" 0.0004 "-" 22 0
Jun 11 13:06:53 standalone object-server[127202]: 172.20.0.100 - - [11/Jun/2026:13:06:53 +0000] "GET /d1/314/AUTH_7832f58621f8472aac4a78dc4760d88f/gnocchi.ad12ec6f-3b95-4ae6-b1f2-ced9e00926e2/none_v3" 404 70 "GET http://172.18.0.2:8080/v1/AUTH_7832f58621f8472aac4a78dc4760d88f/gnocchi.ad12ec6f-3b95-4ae6-b1f2-ced9e00926e2/none_v3" "tx4eaf4066bdfd4ea99c27f-006a2ab2ed" "proxy-server 20" 0.0004 "-" 22 0
Jun 11 13:06:53 standalone proxy-server[128813]: 172.18.0.2 172.18.0.100 11/Jun/2026/13/06/53 GET /v1/AUTH_7832f58621f8472aac4a78dc4760d88f/gnocchi.ad12ec6f-3b95-4ae6-b1f2-ced9e00926e2/none_v3 HTTP/1.0 404 - python-swiftclient-3.11.1 gAAAAABqKrJkPf-5... - 70 - tx4eaf4066bdfd4ea99c27f-006a2ab2ed - 0.0094 - - 1781183213.533004284 1781183213.542426109 0
Jun 11 13:06:53 standalone account-server[126897]: 172.20.0.100 - - [11/Jun/2026:13:06:53 +0000] "PUT /d1/378/AUTH_7832f58621f8472aac4a78dc4760d88f/gnocchi.ad12ec6f-3b95-4ae6-b1f2-ced9e00926e2" 201 - "PUT http://172.20.0.100:6001/d1/499/AUTH_7832f58621f8472aac4a78dc4760d88f/gnocchi.ad12ec6f-3b95-4ae6-b1f2-ced9e00926e2" "tx5e3bb4545d034aecb16bf-006a2ab2ed" "container-server 20" 0.0107 "-" 20 0
Jun 11 13:06:53 standalone container-server[126932]: 172.20.0.100 - - [11/Jun/2026:13:06:53 +0000] "PUT /d1/499/AUTH_7832f58621f8472aac4a78dc4760d88f/gnocchi.ad12ec6f-3b95-4ae6-b1f2-ced9e00926e2" 201 - "PUT http://172.18.0.2:8080/v1/AUTH_7832f58621f8472aac4a78dc4760d88f/gnocchi.ad12ec6f-3b95-4ae6-b1f2-ced9e00926e2" "tx5e3bb4545d034aecb16bf-006a2ab2ed" "proxy-server 20" 0.0385 "-" 20 0
Jun 11 13:06:53 standalone proxy-server[128813]: 172.18.0.2 172.18.0.100 11/Jun/2026/13/06/53 PUT /v1/AUTH_7832f58621f8472aac4a78dc4760d88f/gnocchi.ad12ec6f-3b95-4ae6-b1f2-ced9e00926e2 HTTP/1.0 201 - python-swiftclient-3.11.1 gAAAAABqKrJkPf-5... - - - tx5e3bb4545d034aecb16bf-006a2ab2ed - 0.0450 - - 1781183213.544734478 1781183213.589723825 0
Jun 11 13:06:53 standalone container-server[126938]: 172.20.0.100 - - [11/Jun/2026:13:06:53 +0000] "HEAD /d1/499/AUTH_7832f58621f8472aac4a78dc4760d88f/gnocchi.ad12ec6f-3b95-4ae6-b1f2-ced9e00926e2" 204 - "HEAD http://172.18.0.2:8080/v1/AUTH_7832f58621f8472aac4a78dc4760d88f/gnocchi.ad12ec6f-3b95-4ae6-b1f2-ced9e00926e2?format=json&states=listing" "txab1d1e599a1841f189465-006a2ab2ed" "proxy-server 20" 0.0011 "-" 22 0
Jun 11 13:06:53 standalone proxy-server[128813]: - - 11/Jun/2026/13/06/53 HEAD /v1/AUTH_7832f58621f8472aac4a78dc4760d88f/gnocchi.ad12ec6f-3b95-4ae6-b1f2-ced9e00926e2%3Fformat%3Djson%26states%3Dlisting HTTP/1.0 204 - Swift - - - - txab1d1e599a1841f189465-006a2ab2ed - 0.0039 RL - 1781183213.595062971 1781183213.598936319 0
Jun 11 13:06:53 standalone container-server[126933]: 172.20.0.100 - - [11/Jun/2026:13:06:53 +0000] "GET /d1/499/AUTH_7832f58621f8472aac4a78dc4760d88f/gnocchi.ad12ec6f-3b95-4ae6-b1f2-ced9e00926e2" 200 2 "GET http://172.18.0.2:8080/v1/AUTH_7832f58621f8472aac4a78dc4760d88f/gnocchi.ad12ec6f-3b95-4ae6-b1f2-ced9e00926e2?format=json&states=listing" "txab1d1e599a1841f189465-006a2ab2ed" "proxy-server 20" 0.0034 "-" 21 0
Jun 11 13:06:53 standalone proxy-server[128813]: 172.18.0.2 172.18.0.100 11/Jun/2026/13/06/53 GET /v1/AUTH_7832f58621f8472aac4a78dc4760d88f/gnocchi.ad12ec6f-3b95-4ae6-b1f2-ced9e00926e2%3Fformat%3Djson%26states%3Dlisting HTTP/1.0 200 - python-swiftclient-3.11.1 gAAAAABqKrJkPf-5... - 2 - txab1d1e599a1841f189465-006a2ab2ed - 0.0154 - - 1781183213.593844175 1781183213.609203815 0
Jun 11 13:06:53 standalone object-server[127202]: 172.20.0.100 - - [11/Jun/2026:13:06:53 +0000] "GET /d1/362/AUTH_7832f58621f8472aac4a78dc4760d88f/gnocchi.ad12ec6f-3b95-4ae6-b1f2-ced9e00926e2/1780920000.0_mean_300.0_v3" 404 70 "GET http://172.18.0.2:8080/v1/AUTH_7832f58621f8472aac4a78dc4760d88f/gnocchi.ad12ec6f-3b95-4ae6-b1f2-ced9e00926e2/1780920000.0_mean_300.0_v3" "tx31fdeb08fd7647df8fc31-006a2ab2ed" "proxy-server 20" 0.0004 "-" 22 0
Jun 11 13:06:53 standalone proxy-server[128813]: 172.18.0.2 172.18.0.100 11/Jun/2026/13/06/53 GET /v1/AUTH_7832f58621f8472aac4a78dc4760d88f/gnocchi.ad12ec6f-3b95-4ae6-b1f2-ced9e00926e2/1780920000.0_mean_300.0_v3 HTTP/1.0 404 - python-swiftclient-3.11.1 gAAAAABqKrJkPf-5... - 70 - tx31fdeb08fd7647df8fc31-006a2ab2ed - 0.0065 - - 1781183213.614288330 1781183213.620781660 0
Jun 11 13:06:53 standalone container-server[126938]: 172.20.0.100 - - [11/Jun/2026:13:06:53 +0000] "PUT /d1/499/AUTH_7832f58621f8472aac4a78dc4760d88f/gnocchi.ad12ec6f-3b95-4ae6-b1f2-ced9e00926e2/1780920000.0_mean_300.0_v3" 201 - "PUT http://172.18.0.2:8080/d1/362/AUTH_7832f58621f8472aac4a78dc4760d88f/gnocchi.ad12ec6f-3b95-4ae6-b1f2-ced9e00926e2/1780920000.0_mean_300.0_v3" "tx9695b53a40e949e7ad31a-006a2ab2ed" "object-server 22" 0.0005 "-" 22 0
Jun 11 13:06:53 standalone object-server[127202]: 172.20.0.100 - - [11/Jun/2026:13:06:53 +0000] "PUT /d1/362/AUTH_7832f58621f8472aac4a78dc4760d88f/gnocchi.ad12ec6f-3b95-4ae6-b1f2-ced9e00926e2/1780920000.0_mean_300.0_v3" 201 - "PUT http://172.18.0.2:8080/v1/AUTH_7832f58621f8472aac4a78dc4760d88f/gnocchi.ad12ec6f-3b95-4ae6-b1f2-ced9e00926e2/1780920000.0_mean_300.0_v3" "tx9695b53a40e949e7ad31a-006a2ab2ed" "proxy-server 20" 0.0129 "-" 22 0
Jun 11 13:06:53 standalone proxy-server[128813]: 172.18.0.2 172.18.0.100 11/Jun/2026/13/06/53 PUT /v1/AUTH_7832f58621f8472aac4a78dc4760d88f/gnocchi.ad12ec6f-3b95-4ae6-b1f2-ced9e00926e2/1780920000.0_mean_300.0_v3 HTTP/1.0 201 - python-swiftclient-3.11.1 gAAAAABqKrJkPf-5... 16 - - tx9695b53a40e949e7ad31a-006a2ab2ed - 0.0183 - - 1781183213.624360561 1781183213.642665386 0
Jun 11 13:06:53 standalone container-server[126938]: 172.20.0.100 - - [11/Jun/2026:13:06:53 +0000] "PUT /d1/499/AUTH_7832f58621f8472aac4a78dc4760d88f/gnocchi.ad12ec6f-3b95-4ae6-b1f2-ced9e00926e2/none_v3" 201 - "PUT http://172.18.0.2:8080/d1/314/AUTH_7832f58621f8472aac4a78dc4760d88f/gnocchi.ad12ec6f-3b95-4ae6-b1f2-ced9e00926e2/none_v3" "tx21472a8cd2b84c1da45b9-006a2ab2ed" "object-server 22" 0.0009 "-" 22 0
Jun 11 13:06:53 standalone object-server[127202]: 172.20.0.100 - - [11/Jun/2026:13:06:53 +0000] "PUT /d1/314/AUTH_7832f58621f8472aac4a78dc4760d88f/gnocchi.ad12ec6f-3b95-4ae6-b1f2-ced9e00926e2/none_v3" 201 - "PUT http://172.18.0.2:8080/v1/AUTH_7832f58621f8472aac4a78dc4760d88f/gnocchi.ad12ec6f-3b95-4ae6-b1f2-ced9e00926e2/none_v3" "tx21472a8cd2b84c1da45b9-006a2ab2ed" "proxy-server 20" 0.0120 "-" 22 0
Jun 11 13:06:53 standalone proxy-server[128813]: 172.18.0.2 172.18.0.100 11/Jun/2026/13/06/53 PUT /v1/AUTH_7832f58621f8472aac4a78dc4760d88f/gnocchi.ad12ec6f-3b95-4ae6-b1f2-ced9e00926e2/none_v3 HTTP/1.0 201 - python-swiftclient-3.11.1 gAAAAABqKrJkPf-5... 22 - - tx21472a8cd2b84c1da45b9-006a2ab2ed - 0.0178 - - 1781183213.646810055 1781183213.664645195 0
Jun 11 13:06:53 standalone container-server[126949]: 172.20.0.100 - - [11/Jun/2026:13:06:53 +0000] "HEAD /d1/886/AUTH_7832f58621f8472aac4a78dc4760d88f/gnocchi.e685f339-6d55-4746-8503-4d7ad16b5f3b" 404 - "HEAD http://172.18.0.2:8080/v1/AUTH_7832f58621f8472aac4a78dc4760d88f/gnocchi.e685f339-6d55-4746-8503-4d7ad16b5f3b?format=json&states=listing" "txf959cc0227ad4417a9e95-006a2ab2ed" "proxy-server 20" 0.0006 "-" 23 0
Jun 11 13:06:53 standalone object-server[127202]: 172.20.0.100 - - [11/Jun/2026:13:06:53 +0000] "GET /d1/394/AUTH_7832f58621f8472aac4a78dc4760d88f/gnocchi.e685f339-6d55-4746-8503-4d7ad16b5f3b/none_v3" 404 70 "GET http://172.18.0.2:8080/v1/AUTH_7832f58621f8472aac4a78dc4760d88f/gnocchi.e685f339-6d55-4746-8503-4d7ad16b5f3b/none_v3" "txf959cc0227ad4417a9e95-006a2ab2ed" "proxy-server 20" 0.0005 "-" 22 0
Jun 11 13:06:53 standalone proxy-server[128813]: 172.18.0.2 172.18.0.100 11/Jun/2026/13/06/53 GET /v1/AUTH_7832f58621f8472aac4a78dc4760d88f/gnocchi.e685f339-6d55-4746-8503-4d7ad16b5f3b/none_v3 HTTP/1.0 404 - python-swiftclient-3.11.1 gAAAAABqKrJkPf-5... - 70 - txf959cc0227ad4417a9e95-006a2ab2ed - 0.0104 - - 1781183213.680920601 1781183213.691302061 0
Jun 11 13:06:53 standalone account-server[126897]: 172.20.0.100 - - [11/Jun/2026:13:06:53 +0000] "PUT /d1/378/AUTH_7832f58621f8472aac4a78dc4760d88f/gnocchi.e685f339-6d55-4746-8503-4d7ad16b5f3b" 201 - "PUT http://172.20.0.100:6001/d1/886/AUTH_7832f58621f8472aac4a78dc4760d88f/gnocchi.e685f339-6d55-4746-8503-4d7ad16b5f3b" "tx66932cb48a854f43afa5e-006a2ab2ed" "container-server 21" 0.0068 "-" 20 0
Jun 11 13:06:53 standalone container-server[126933]: 172.20.0.100 - - [11/Jun/2026:13:06:53 +0000] "PUT /d1/886/AUTH_7832f58621f8472aac4a78dc4760d88f/gnocchi.e685f339-6d55-4746-8503-4d7ad16b5f3b" 201 - "PUT http://172.18.0.2:8080/v1/AUTH_7832f58621f8472aac4a78dc4760d88f/gnocchi.e685f339-6d55-4746-8503-4d7ad16b5f3b" "tx66932cb48a854f43afa5e-006a2ab2ed" "proxy-server 20" 0.0229 "-" 21 0
Jun 11 13:06:53 standalone proxy-server[128813]: 172.18.0.2 172.18.0.100 11/Jun/2026/13/06/53 PUT /v1/AUTH_7832f58621f8472aac4a78dc4760d88f/gnocchi.e685f339-6d55-4746-8503-4d7ad16b5f3b HTTP/1.0 201 - python-swiftclient-3.11.1 gAAAAABqKrJkPf-5... - - - tx66932cb48a854f43afa5e-006a2ab2ed - 0.0317 - - 1781183213.697168112 1781183213.728889704 0
Jun 11 13:06:53 standalone container-server[126938]: 172.20.0.100 - - [11/Jun/2026:13:06:53 +0000] "HEAD /d1/886/AUTH_7832f58621f8472aac4a78dc4760d88f/gnocchi.e685f339-6d55-4746-8503-4d7ad16b5f3b" 204 - "HEAD http://172.18.0.2:8080/v1/AUTH_7832f58621f8472aac4a78dc4760d88f/gnocchi.e685f339-6d55-4746-8503-4d7ad16b5f3b?format=json&states=listing" "tx6062e74bbec24de38f8a2-006a2ab2ed" "proxy-server 20" 0.0023 "-" 22 0
Jun 11 13:06:53 standalone proxy-server[128813]: - - 11/Jun/2026/13/06/53 HEAD /v1/AUTH_7832f58621f8472aac4a78dc4760d88f/gnocchi.e685f339-6d55-4746-8503-4d7ad16b5f3b%3Fformat%3Djson%26states%3Dlisting HTTP/1.0 204 - Swift - - - - tx6062e74bbec24de38f8a2-006a2ab2ed - 0.0074 RL - 1781183213.736701727 1781183213.744061470 0
Jun 11 13:06:53 standalone container-server[126938]: 172.20.0.100 - - [11/Jun/2026:13:06:53 +0000] "GET /d1/886/AUTH_7832f58621f8472aac4a78dc4760d88f/gnocchi.e685f339-6d55-4746-8503-4d7ad16b5f3b" 200 2 "GET http://172.18.0.2:8080/v1/AUTH_7832f58621f8472aac4a78dc4760d88f/gnocchi.e685f339-6d55-4746-8503-4d7ad16b5f3b?format=json&states=listing" "tx6062e74bbec24de38f8a2-006a2ab2ed" "proxy-server 20" 0.0038 "-" 22 0
Jun 11 13:06:53 standalone proxy-server[128813]: 172.18.0.2 172.18.0.100 11/Jun/2026/13/06/53 GET /v1/AUTH_7832f58621f8472aac4a78dc4760d88f/gnocchi.e685f339-6d55-4746-8503-4d7ad16b5f3b%3Fformat%3Djson%26states%3Dlisting HTTP/1.0 200 - python-swiftclient-3.11.1 gAAAAABqKrJkPf-5... - 2 - tx6062e74bbec24de38f8a2-006a2ab2ed - 0.0236 - - 1781183213.734738588 1781183213.758380651 0
Jun 11 13:06:53 standalone object-server[127206]: 172.20.0.100 - - [11/Jun/2026:13:06:53 +0000] "GET /d1/592/AUTH_7832f58621f8472aac4a78dc4760d88f/gnocchi.e685f339-6d55-4746-8503-4d7ad16b5f3b/1780920000.0_mean_300.0_v3" 404 70 "GET http://172.18.0.2:8080/v1/AUTH_7832f58621f8472aac4a78dc4760d88f/gnocchi.e685f339-6d55-4746-8503-4d7ad16b5f3b/1780920000.0_mean_300.0_v3" "tx452bd19167024e5fbcec1-006a2ab2ed" "proxy-server 20" 0.0009 "-" 25 0
Jun 11 13:06:53 standalone proxy-server[128813]: 172.18.0.2 172.18.0.100 11/Jun/2026/13/06/53 GET /v1/AUTH_7832f58621f8472aac4a78dc4760d88f/gnocchi.e685f339-6d55-4746-8503-4d7ad16b5f3b/1780920000.0_mean_300.0_v3 HTTP/1.0 404 - python-swiftclient-3.11.1 gAAAAABqKrJkPf-5... - 70 - tx452bd19167024e5fbcec1-006a2ab2ed - 0.0116 - - 1781183213.767465115 1781183213.779062510 0
Jun 11 13:06:53 standalone container-server[126938]: 172.20.0.100 - - [11/Jun/2026:13:06:53 +0000] "PUT /d1/886/AUTH_7832f58621f8472aac4a78dc4760d88f/gnocchi.e685f339-6d55-4746-8503-4d7ad16b5f3b/1780920000.0_mean_300.0_v3" 201 - "PUT http://172.18.0.2:8080/d1/592/AUTH_7832f58621f8472aac4a78dc4760d88f/gnocchi.e685f339-6d55-4746-8503-4d7ad16b5f3b/1780920000.0_mean_300.0_v3" "tx4f69a906c9cb42b393528-006a2ab2ed" "object-server 23" 0.0012 "-" 22 0
Jun 11 13:06:53 standalone object-server[127203]: 172.20.0.100 - - [11/Jun/2026:13:06:53 +0000] "PUT /d1/592/AUTH_7832f58621f8472aac4a78dc4760d88f/gnocchi.e685f339-6d55-4746-8503-4d7ad16b5f3b/1780920000.0_mean_300.0_v3" 201 - "PUT http://172.18.0.2:8080/v1/AUTH_7832f58621f8472aac4a78dc4760d88f/gnocchi.e685f339-6d55-4746-8503-4d7ad16b5f3b/1780920000.0_mean_300.0_v3" "tx4f69a906c9cb42b393528-006a2ab2ed" "proxy-server 20" 0.0194 "-" 23 0
Jun 11 13:06:53 standalone proxy-server[128813]: 172.18.0.2 172.18.0.100 11/Jun/2026/13/06/53 PUT /v1/AUTH_7832f58621f8472aac4a78dc4760d88f/gnocchi.e685f339-6d55-4746-8503-4d7ad16b5f3b/1780920000.0_mean_300.0_v3 HTTP/1.0 201 - python-swiftclient-3.11.1 gAAAAABqKrJkPf-5... 16 - - tx4f69a906c9cb42b393528-006a2ab2ed - 0.0282 - - 1781183213.783624887 1781183213.811811447 0
Jun 11 13:06:53 standalone container-server[126932]: 172.20.0.100 - - [11/Jun/2026:13:06:53 +0000] "PUT /d1/886/AUTH_7832f58621f8472aac4a78dc4760d88f/gnocchi.e685f339-6d55-4746-8503-4d7ad16b5f3b/none_v3" 201 - "PUT http://172.18.0.2:8080/d1/394/AUTH_7832f58621f8472aac4a78dc4760d88f/gnocchi.e685f339-6d55-4746-8503-4d7ad16b5f3b/none_v3" "tx21dc5c3b25dd4773bc1b2-006a2ab2ed" "object-server 22" 0.0011 "-" 20 0
Jun 11 13:06:53 standalone object-server[127202]: 172.20.0.100 - - [11/Jun/2026:13:06:53 +0000] "PUT /d1/394/AUTH_7832f58621f8472aac4a78dc4760d88f/gnocchi.e685f339-6d55-4746-8503-4d7ad16b5f3b/none_v3" 201 - "PUT http://172.18.0.2:8080/v1/AUTH_7832f58621f8472aac4a78dc4760d88f/gnocchi.e685f339-6d55-4746-8503-4d7ad16b5f3b/none_v3" "tx21dc5c3b25dd4773bc1b2-006a2ab2ed" "proxy-server 20" 0.0142 "-" 22 0
Jun 11 13:06:53 standalone proxy-server[128813]: 172.18.0.2 172.18.0.100 11/Jun/2026/13/06/53 PUT /v1/AUTH_7832f58621f8472aac4a78dc4760d88f/gnocchi.e685f339-6d55-4746-8503-4d7ad16b5f3b/none_v3 HTTP/1.0 201 - python-swiftclient-3.11.1 gAAAAABqKrJkPf-5... 22 - - tx21dc5c3b25dd4773bc1b2-006a2ab2ed - 0.0258 - - 1781183213.816370487 1781183213.842213392 0
Jun 11 13:06:53 standalone container-server[126938]: 172.20.0.100 - - [11/Jun/2026:13:06:53 +0000] "HEAD /d1/198/AUTH_7832f58621f8472aac4a78dc4760d88f/gnocchi.86877cb2-37b5-46da-a7b8-e4dbf6330aa1" 404 - "HEAD http://172.18.0.2:8080/v1/AUTH_7832f58621f8472aac4a78dc4760d88f/gnocchi.86877cb2-37b5-46da-a7b8-e4dbf6330aa1?format=json&states=listing" "tx68e4a5f1220042e381a11-006a2ab2ed" "proxy-server 20" 0.0008 "-" 22 0
Jun 11 13:06:53 standalone object-server[127206]: 172.20.0.100 - - [11/Jun/2026:13:06:53 +0000] "GET /d1/238/AUTH_7832f58621f8472aac4a78dc4760d88f/gnocchi.86877cb2-37b5-46da-a7b8-e4dbf6330aa1/none_v3" 404 70 "GET http://172.18.0.2:8080/v1/AUTH_7832f58621f8472aac4a78dc4760d88f/gnocchi.86877cb2-37b5-46da-a7b8-e4dbf6330aa1/none_v3" "tx68e4a5f1220042e381a11-006a2ab2ed" "proxy-server 20" 0.0007 "-" 25 0
Jun 11 13:06:53 standalone proxy-server[128813]: 172.18.0.2 172.18.0.100 11/Jun/2026/13/06/53 GET /v1/AUTH_7832f58621f8472aac4a78dc4760d88f/gnocchi.86877cb2-37b5-46da-a7b8-e4dbf6330aa1/none_v3 HTTP/1.0 404 - python-swiftclient-3.11.1 gAAAAABqKrJkPf-5... - 70 - tx68e4a5f1220042e381a11-006a2ab2ed - 0.0129 - - 1781183213.857500076 1781183213.870414495 0
Jun 11 13:06:53 standalone account-server[126897]: 172.20.0.100 - - [11/Jun/2026:13:06:53 +0000] "PUT /d1/378/AUTH_7832f58621f8472aac4a78dc4760d88f/gnocchi.86877cb2-37b5-46da-a7b8-e4dbf6330aa1" 201 - "PUT http://172.20.0.100:6001/d1/198/AUTH_7832f58621f8472aac4a78dc4760d88f/gnocchi.86877cb2-37b5-46da-a7b8-e4dbf6330aa1" "tx9ec06b2a93994e078b320-006a2ab2ed" "container-server 21" 0.0073 "-" 20 0
Jun 11 13:06:53 standalone container-server[126933]: 172.20.0.100 - - [11/Jun/2026:13:06:53 +0000] "PUT /d1/198/AUTH_7832f58621f8472aac4a78dc4760d88f/gnocchi.86877cb2-37b5-46da-a7b8-e4dbf6330aa1" 201 - "PUT http://172.18.0.2:8080/v1/AUTH_7832f58621f8472aac4a78dc4760d88f/gnocchi.86877cb2-37b5-46da-a7b8-e4dbf6330aa1" "tx9ec06b2a93994e078b320-006a2ab2ed" "proxy-server 20" 0.0239 "-" 21 0
Jun 11 13:06:53 standalone proxy-server[128813]: 172.18.0.2 172.18.0.100 11/Jun/2026/13/06/53 PUT /v1/AUTH_7832f58621f8472aac4a78dc4760d88f/gnocchi.86877cb2-37b5-46da-a7b8-e4dbf6330aa1 HTTP/1.0 201 - python-swiftclient-3.11.1 gAAAAABqKrJkPf-5... - - - tx9ec06b2a93994e078b320-006a2ab2ed - 0.0351 - - 1781183213.875086546 1781183213.910211086 0
Jun 11 13:06:53 standalone container-server[126949]: 172.20.0.100 - - [11/Jun/2026:13:06:53 +0000] "HEAD /d1/198/AUTH_7832f58621f8472aac4a78dc4760d88f/gnocchi.86877cb2-37b5-46da-a7b8-e4dbf6330aa1" 204 - "HEAD http://172.18.0.2:8080/v1/AUTH_7832f58621f8472aac4a78dc4760d88f/gnocchi.86877cb2-37b5-46da-a7b8-e4dbf6330aa1?format=json&states=listing" "tx55e4b54ff9ac4ff0be3e4-006a2ab2ed" "proxy-server 20" 0.0026 "-" 23 0
Jun 11 13:06:53 standalone proxy-server[128813]: - - 11/Jun/2026/13/06/53 HEAD /v1/AUTH_7832f58621f8472aac4a78dc4760d88f/gnocchi.86877cb2-37b5-46da-a7b8-e4dbf6330aa1%3Fformat%3Djson%26states%3Dlisting HTTP/1.0 204 - Swift - - - - tx55e4b54ff9ac4ff0be3e4-006a2ab2ed - 0.0099 RL - 1781183213.917785883 1781183213.927636147 0
Jun 11 13:06:53 standalone container-server[126949]: 172.20.0.100 - - [11/Jun/2026:13:06:53 +0000] "GET /d1/198/AUTH_7832f58621f8472aac4a78dc4760d88f/gnocchi.86877cb2-37b5-46da-a7b8-e4dbf6330aa1" 200 2 "GET http://172.18.0.2:8080/v1/AUTH_7832f58621f8472aac4a78dc4760d88f/gnocchi.86877cb2-37b5-46da-a7b8-e4dbf6330aa1?format=json&states=listing" "tx55e4b54ff9ac4ff0be3e4-006a2ab2ed" "proxy-server 20" 0.0027 "-" 23 0
Jun 11 13:06:53 standalone proxy-server[128813]: 172.18.0.2 172.18.0.100 11/Jun/2026/13/06/53 GET /v1/AUTH_7832f58621f8472aac4a78dc4760d88f/gnocchi.86877cb2-37b5-46da-a7b8-e4dbf6330aa1%3Fformat%3Djson%26states%3Dlisting HTTP/1.0 200 - python-swiftclient-3.11.1 gAAAAABqKrJkPf-5... - 2 - tx55e4b54ff9ac4ff0be3e4-006a2ab2ed - 0.0273 - - 1781183213.915694475 1781183213.942997217 0
Jun 11 13:06:53 standalone object-server[127206]: 172.20.0.100 - - [11/Jun/2026:13:06:53 +0000] "GET /d1/778/AUTH_7832f58621f8472aac4a78dc4760d88f/gnocchi.86877cb2-37b5-46da-a7b8-e4dbf6330aa1/1780920000.0_mean_300.0_v3" 404 70 "GET http://172.18.0.2:8080/v1/AUTH_7832f58621f8472aac4a78dc4760d88f/gnocchi.86877cb2-37b5-46da-a7b8-e4dbf6330aa1/1780920000.0_mean_300.0_v3" "tx2eb2e5318050406b98824-006a2ab2ed" "proxy-server 20" 0.0008 "-" 25 0
Jun 11 13:06:53 standalone proxy-server[128813]: 172.18.0.2 172.18.0.100 11/Jun/2026/13/06/53 GET /v1/AUTH_7832f58621f8472aac4a78dc4760d88f/gnocchi.86877cb2-37b5-46da-a7b8-e4dbf6330aa1/1780920000.0_mean_300.0_v3 HTTP/1.0 404 - python-swiftclient-3.11.1 gAAAAABqKrJkPf-5... - 70 - tx2eb2e5318050406b98824-006a2ab2ed - 0.0088 - - 1781183213.948250294 1781183213.957082510 0
Jun 11 13:06:53 standalone container-server[126933]: 172.20.0.100 - - [11/Jun/2026:13:06:53 +0000] "PUT /d1/198/AUTH_7832f58621f8472aac4a78dc4760d88f/gnocchi.86877cb2-37b5-46da-a7b8-e4dbf6330aa1/1780920000.0_mean_300.0_v3" 201 - "PUT http://172.18.0.2:8080/d1/778/AUTH_7832f58621f8472aac4a78dc4760d88f/gnocchi.86877cb2-37b5-46da-a7b8-e4dbf6330aa1/1780920000.0_mean_300.0_v3" "txc98912a06a2e45e0bacab-006a2ab2ed" "object-server 23" 0.0011 "-" 21 0
Jun 11 13:06:53 standalone object-server[127203]: 172.20.0.100 - - [11/Jun/2026:13:06:53 +0000] "PUT /d1/778/AUTH_7832f58621f8472aac4a78dc4760d88f/gnocchi.86877cb2-37b5-46da-a7b8-e4dbf6330aa1/1780920000.0_mean_300.0_v3" 201 - "PUT http://172.18.0.2:8080/v1/AUTH_7832f58621f8472aac4a78dc4760d88f/gnocchi.86877cb2-37b5-46da-a7b8-e4dbf6330aa1/1780920000.0_mean_300.0_v3" "txc98912a06a2e45e0bacab-006a2ab2ed" "proxy-server 20" 0.0132 "-" 23 0
Jun 11 13:06:53 standalone proxy-server[128813]: 172.18.0.2 172.18.0.100 11/Jun/2026/13/06/53 PUT /v1/AUTH_7832f58621f8472aac4a78dc4760d88f/gnocchi.86877cb2-37b5-46da-a7b8-e4dbf6330aa1/1780920000.0_mean_300.0_v3 HTTP/1.0 201 - python-swiftclient-3.11.1 gAAAAABqKrJkPf-5... 16 - - txc98912a06a2e45e0bacab-006a2ab2ed - 0.0204 - - 1781183213.961829901 1781183213.982191324 0
Jun 11 13:06:54 standalone container-server[126949]: 172.20.0.100 - - [11/Jun/2026:13:06:54 +0000] "PUT /d1/198/AUTH_7832f58621f8472aac4a78dc4760d88f/gnocchi.86877cb2-37b5-46da-a7b8-e4dbf6330aa1/none_v3" 201 - "PUT http://172.18.0.2:8080/d1/238/AUTH_7832f58621f8472aac4a78dc4760d88f/gnocchi.86877cb2-37b5-46da-a7b8-e4dbf6330aa1/none_v3" "tx8b523bbcc8b14475a77ff-006a2ab2ed" "object-server 22" 0.0005 "-" 23 0
