Jun 11 13:05:55 standalone container-server[126949]: 172.20.0.100 - - [11/Jun/2026:13:05:55 +0000] "PUT /d1/127/AUTH_7832f58621f8472aac4a78dc4760d88f/gnocchi.676c0b12-cddf-4bf7-96a7-5bde2c39b68a/1780920000.0_mean_300.0_v3" 201 - "PUT http://172.18.0.2:8080/d1/448/AUTH_7832f58621f8472aac4a78dc4760d88f/gnocchi.676c0b12-cddf-4bf7-96a7-5bde2c39b68a/1780920000.0_mean_300.0_v3" "txb90584e894384877b7bfd-006a2ab2b2" "object-server 22" 0.0005 "-" 23 0
Jun 11 13:05:55 standalone object-server[127202]: 172.20.0.100 - - [11/Jun/2026:13:05:55 +0000] "PUT /d1/448/AUTH_7832f58621f8472aac4a78dc4760d88f/gnocchi.676c0b12-cddf-4bf7-96a7-5bde2c39b68a/1780920000.0_mean_300.0_v3" 201 - "PUT http://172.18.0.2:8080/v1/AUTH_7832f58621f8472aac4a78dc4760d88f/gnocchi.676c0b12-cddf-4bf7-96a7-5bde2c39b68a/1780920000.0_mean_300.0_v3" "txb90584e894384877b7bfd-006a2ab2b2" "proxy-server 20" 0.0111 "-" 22 0
Jun 11 13:05:55 standalone proxy-server[128813]: 172.18.0.2 172.18.0.100 11/Jun/2026/13/05/55 PUT /v1/AUTH_7832f58621f8472aac4a78dc4760d88f/gnocchi.676c0b12-cddf-4bf7-96a7-5bde2c39b68a/1780920000.0_mean_300.0_v3 HTTP/1.0 201 - python-swiftclient-3.11.1 gAAAAABqKrJkPf-5... 16 - - txb90584e894384877b7bfd-006a2ab2b2 - 0.0175 - - 1781183154.997267246 1781183155.014720440 0
Jun 11 13:05:55 standalone container-server[126933]: 172.20.0.100 - - [11/Jun/2026:13:05:55 +0000] "PUT /d1/127/AUTH_7832f58621f8472aac4a78dc4760d88f/gnocchi.676c0b12-cddf-4bf7-96a7-5bde2c39b68a/none_v3" 201 - "PUT http://172.18.0.2:8080/d1/80/AUTH_7832f58621f8472aac4a78dc4760d88f/gnocchi.676c0b12-cddf-4bf7-96a7-5bde2c39b68a/none_v3" "txf8974614856a46d3841d0-006a2ab2b3" "object-server 23" 0.0009 "-" 21 0
Jun 11 13:05:55 standalone object-server[127203]: 172.20.0.100 - - [11/Jun/2026:13:05:55 +0000] "PUT /d1/80/AUTH_7832f58621f8472aac4a78dc4760d88f/gnocchi.676c0b12-cddf-4bf7-96a7-5bde2c39b68a/none_v3" 201 - "PUT http://172.18.0.2:8080/v1/AUTH_7832f58621f8472aac4a78dc4760d88f/gnocchi.676c0b12-cddf-4bf7-96a7-5bde2c39b68a/none_v3" "txf8974614856a46d3841d0-006a2ab2b3" "proxy-server 20" 0.0112 "-" 23 0
Jun 11 13:05:55 standalone proxy-server[128813]: 172.18.0.2 172.18.0.100 11/Jun/2026/13/05/55 PUT /v1/AUTH_7832f58621f8472aac4a78dc4760d88f/gnocchi.676c0b12-cddf-4bf7-96a7-5bde2c39b68a/none_v3 HTTP/1.0 201 - python-swiftclient-3.11.1 gAAAAABqKrJkPf-5... 22 - - txf8974614856a46d3841d0-006a2ab2b3 - 0.0163 - - 1781183155.017543077 1781183155.033883810 0
Jun 11 13:05:55 standalone container-server[126933]: 172.20.0.100 - - [11/Jun/2026:13:05:55 +0000] "HEAD /d1/477/AUTH_7832f58621f8472aac4a78dc4760d88f/gnocchi.c60edb92-7006-4ca4-b6aa-aed4443aa86e" 404 - "HEAD http://172.18.0.2:8080/v1/AUTH_7832f58621f8472aac4a78dc4760d88f/gnocchi.c60edb92-7006-4ca4-b6aa-aed4443aa86e?format=json&states=listing" "tx29bb99e2c8db4f22b814d-006a2ab2b3" "proxy-server 20" 0.0008 "-" 21 0
Jun 11 13:05:55 standalone object-server[127205]: 172.20.0.100 - - [11/Jun/2026:13:05:55 +0000] "GET /d1/100/AUTH_7832f58621f8472aac4a78dc4760d88f/gnocchi.c60edb92-7006-4ca4-b6aa-aed4443aa86e/none_v3" 404 70 "GET http://172.18.0.2:8080/v1/AUTH_7832f58621f8472aac4a78dc4760d88f/gnocchi.c60edb92-7006-4ca4-b6aa-aed4443aa86e/none_v3" "tx29bb99e2c8db4f22b814d-006a2ab2b3" "proxy-server 20" 0.0004 "-" 24 0
Jun 11 13:05:55 standalone proxy-server[128813]: 172.18.0.2 172.18.0.100 11/Jun/2026/13/05/55 GET /v1/AUTH_7832f58621f8472aac4a78dc4760d88f/gnocchi.c60edb92-7006-4ca4-b6aa-aed4443aa86e/none_v3 HTTP/1.0 404 - python-swiftclient-3.11.1 gAAAAABqKrJkPf-5... - 70 - tx29bb99e2c8db4f22b814d-006a2ab2b3 - 0.0091 - - 1781183155.066632271 1781183155.075762749 0
Jun 11 13:05:55 standalone account-server[126918]: 172.20.0.100 - - [11/Jun/2026:13:05:55 +0000] "PUT /d1/378/AUTH_7832f58621f8472aac4a78dc4760d88f/gnocchi.c60edb92-7006-4ca4-b6aa-aed4443aa86e" 201 - "PUT http://172.20.0.100:6001/d1/477/AUTH_7832f58621f8472aac4a78dc4760d88f/gnocchi.c60edb92-7006-4ca4-b6aa-aed4443aa86e" "tx2f344c32716f4d25971c2-006a2ab2b3" "container-server 20" 0.0126 "-" 23 0
Jun 11 13:05:55 standalone container-server[126932]: 172.20.0.100 - - [11/Jun/2026:13:05:55 +0000] "PUT /d1/477/AUTH_7832f58621f8472aac4a78dc4760d88f/gnocchi.c60edb92-7006-4ca4-b6aa-aed4443aa86e" 201 - "PUT http://172.18.0.2:8080/v1/AUTH_7832f58621f8472aac4a78dc4760d88f/gnocchi.c60edb92-7006-4ca4-b6aa-aed4443aa86e" "tx2f344c32716f4d25971c2-006a2ab2b3" "proxy-server 20" 0.0292 "-" 20 0
Jun 11 13:05:55 standalone proxy-server[128813]: 172.18.0.2 172.18.0.100 11/Jun/2026/13/05/55 PUT /v1/AUTH_7832f58621f8472aac4a78dc4760d88f/gnocchi.c60edb92-7006-4ca4-b6aa-aed4443aa86e HTTP/1.0 201 - python-swiftclient-3.11.1 gAAAAABqKrJkPf-5... - - - tx2f344c32716f4d25971c2-006a2ab2b3 - 0.0342 - - 1781183155.079770327 1781183155.113927126 0
Jun 11 13:05:55 standalone container-server[126932]: 172.20.0.100 - - [11/Jun/2026:13:05:55 +0000] "HEAD /d1/477/AUTH_7832f58621f8472aac4a78dc4760d88f/gnocchi.c60edb92-7006-4ca4-b6aa-aed4443aa86e" 204 - "HEAD http://172.18.0.2:8080/v1/AUTH_7832f58621f8472aac4a78dc4760d88f/gnocchi.c60edb92-7006-4ca4-b6aa-aed4443aa86e?format=json&states=listing" "tx73902d86a25644b18a1c7-006a2ab2b3" "proxy-server 20" 0.0024 "-" 20 0
Jun 11 13:05:55 standalone proxy-server[128813]: - - 11/Jun/2026/13/05/55 HEAD /v1/AUTH_7832f58621f8472aac4a78dc4760d88f/gnocchi.c60edb92-7006-4ca4-b6aa-aed4443aa86e%3Fformat%3Djson%26states%3Dlisting HTTP/1.0 204 - Swift - - - - tx73902d86a25644b18a1c7-006a2ab2b3 - 0.0058 RL - 1781183155.121276379 1781183155.127084494 0
Jun 11 13:05:55 standalone container-server[126932]: 172.20.0.100 - - [11/Jun/2026:13:05:55 +0000] "GET /d1/477/AUTH_7832f58621f8472aac4a78dc4760d88f/gnocchi.c60edb92-7006-4ca4-b6aa-aed4443aa86e" 200 2 "GET http://172.18.0.2:8080/v1/AUTH_7832f58621f8472aac4a78dc4760d88f/gnocchi.c60edb92-7006-4ca4-b6aa-aed4443aa86e?format=json&states=listing" "tx73902d86a25644b18a1c7-006a2ab2b3" "proxy-server 20" 0.0036 "-" 20 0
Jun 11 13:05:55 standalone proxy-server[128813]: 172.18.0.2 172.18.0.100 11/Jun/2026/13/05/55 GET /v1/AUTH_7832f58621f8472aac4a78dc4760d88f/gnocchi.c60edb92-7006-4ca4-b6aa-aed4443aa86e%3Fformat%3Djson%26states%3Dlisting HTTP/1.0 200 - python-swiftclient-3.11.1 gAAAAABqKrJkPf-5... - 2 - tx73902d86a25644b18a1c7-006a2ab2b3 - 0.0164 - - 1781183155.119668245 1781183155.136023521 0
Jun 11 13:05:55 standalone object-server[127202]: 172.20.0.100 - - [11/Jun/2026:13:05:55 +0000] "GET /d1/337/AUTH_7832f58621f8472aac4a78dc4760d88f/gnocchi.c60edb92-7006-4ca4-b6aa-aed4443aa86e/1780920000.0_mean_300.0_v3" 404 70 "GET http://172.18.0.2:8080/v1/AUTH_7832f58621f8472aac4a78dc4760d88f/gnocchi.c60edb92-7006-4ca4-b6aa-aed4443aa86e/1780920000.0_mean_300.0_v3" "tx4e85d95a89a249778dd1b-006a2ab2b3" "proxy-server 20" 0.0009 "-" 22 0
Jun 11 13:05:55 standalone proxy-server[128813]: 172.18.0.2 172.18.0.100 11/Jun/2026/13/05/55 GET /v1/AUTH_7832f58621f8472aac4a78dc4760d88f/gnocchi.c60edb92-7006-4ca4-b6aa-aed4443aa86e/1780920000.0_mean_300.0_v3 HTTP/1.0 404 - python-swiftclient-3.11.1 gAAAAABqKrJkPf-5... - 70 - tx4e85d95a89a249778dd1b-006a2ab2b3 - 0.0059 - - 1781183155.140312433 1781183155.146211147 0
Jun 11 13:05:55 standalone container-server[126932]: 172.20.0.100 - - [11/Jun/2026:13:05:55 +0000] "PUT /d1/477/AUTH_7832f58621f8472aac4a78dc4760d88f/gnocchi.c60edb92-7006-4ca4-b6aa-aed4443aa86e/1780920000.0_mean_300.0_v3" 201 - "PUT http://172.18.0.2:8080/d1/337/AUTH_7832f58621f8472aac4a78dc4760d88f/gnocchi.c60edb92-7006-4ca4-b6aa-aed4443aa86e/1780920000.0_mean_300.0_v3" "tx30f99de437034d749849c-006a2ab2b3" "object-server 25" 0.0012 "-" 20 0
Jun 11 13:05:55 standalone object-server[127206]: 172.20.0.100 - - [11/Jun/2026:13:05:55 +0000] "PUT /d1/337/AUTH_7832f58621f8472aac4a78dc4760d88f/gnocchi.c60edb92-7006-4ca4-b6aa-aed4443aa86e/1780920000.0_mean_300.0_v3" 201 - "PUT http://172.18.0.2:8080/v1/AUTH_7832f58621f8472aac4a78dc4760d88f/gnocchi.c60edb92-7006-4ca4-b6aa-aed4443aa86e/1780920000.0_mean_300.0_v3" "tx30f99de437034d749849c-006a2ab2b3" "proxy-server 20" 0.0157 "-" 25 0
Jun 11 13:05:55 standalone proxy-server[128813]: 172.18.0.2 172.18.0.100 11/Jun/2026/13/05/55 PUT /v1/AUTH_7832f58621f8472aac4a78dc4760d88f/gnocchi.c60edb92-7006-4ca4-b6aa-aed4443aa86e/1780920000.0_mean_300.0_v3 HTTP/1.0 201 - python-swiftclient-3.11.1 gAAAAABqKrJkPf-5... 16 - - tx30f99de437034d749849c-006a2ab2b3 - 0.0214 - - 1781183155.150158405 1781183155.171556234 0
Jun 11 13:05:55 standalone container-server[126949]: 172.20.0.100 - - [11/Jun/2026:13:05:55 +0000] "PUT /d1/477/AUTH_7832f58621f8472aac4a78dc4760d88f/gnocchi.c60edb92-7006-4ca4-b6aa-aed4443aa86e/none_v3" 201 - "PUT http://172.18.0.2:8080/d1/100/AUTH_7832f58621f8472aac4a78dc4760d88f/gnocchi.c60edb92-7006-4ca4-b6aa-aed4443aa86e/none_v3" "tx2c42b58857d74156850fe-006a2ab2b3" "object-server 22" 0.0004 "-" 23 0
Jun 11 13:05:55 standalone object-server[127202]: 172.20.0.100 - - [11/Jun/2026:13:05:55 +0000] "PUT /d1/100/AUTH_7832f58621f8472aac4a78dc4760d88f/gnocchi.c60edb92-7006-4ca4-b6aa-aed4443aa86e/none_v3" 201 - "PUT http://172.18.0.2:8080/v1/AUTH_7832f58621f8472aac4a78dc4760d88f/gnocchi.c60edb92-7006-4ca4-b6aa-aed4443aa86e/none_v3" "tx2c42b58857d74156850fe-006a2ab2b3" "proxy-server 20" 0.0168 "-" 22 0
Jun 11 13:05:55 standalone proxy-server[128813]: 172.18.0.2 172.18.0.100 11/Jun/2026/13/05/55 PUT /v1/AUTH_7832f58621f8472aac4a78dc4760d88f/gnocchi.c60edb92-7006-4ca4-b6aa-aed4443aa86e/none_v3 HTTP/1.0 201 - python-swiftclient-3.11.1 gAAAAABqKrJkPf-5... 22 - - tx2c42b58857d74156850fe-006a2ab2b3 - 0.0242 - - 1781183155.175287008 1781183155.199478865 0
Jun 11 13:05:55 standalone container-server[126932]: 172.20.0.100 - - [11/Jun/2026:13:05:55 +0000] "HEAD /d1/775/AUTH_7832f58621f8472aac4a78dc4760d88f/gnocchi.a90451dd-2ced-474b-9db9-830ad3307f35" 404 - "HEAD http://172.18.0.2:8080/v1/AUTH_7832f58621f8472aac4a78dc4760d88f/gnocchi.a90451dd-2ced-474b-9db9-830ad3307f35?format=json&states=listing" "txd83a86072aae470280d2a-006a2ab2b3" "proxy-server 20" 0.0007 "-" 20 0
Jun 11 13:05:55 standalone object-server[127205]: 172.20.0.100 - - [11/Jun/2026:13:05:55 +0000] "GET /d1/807/AUTH_7832f58621f8472aac4a78dc4760d88f/gnocchi.a90451dd-2ced-474b-9db9-830ad3307f35/none_v3" 404 70 "GET http://172.18.0.2:8080/v1/AUTH_7832f58621f8472aac4a78dc4760d88f/gnocchi.a90451dd-2ced-474b-9db9-830ad3307f35/none_v3" "txd83a86072aae470280d2a-006a2ab2b3" "proxy-server 20" 0.0004 "-" 24 0
Jun 11 13:05:55 standalone proxy-server[128813]: 172.18.0.2 172.18.0.100 11/Jun/2026/13/05/55 GET /v1/AUTH_7832f58621f8472aac4a78dc4760d88f/gnocchi.a90451dd-2ced-474b-9db9-830ad3307f35/none_v3 HTTP/1.0 404 - python-swiftclient-3.11.1 gAAAAABqKrJkPf-5... - 70 - txd83a86072aae470280d2a-006a2ab2b3 - 0.0102 - - 1781183155.212162256 1781183155.222323895 0
Jun 11 13:05:55 standalone account-server[126918]: 172.20.0.100 - - [11/Jun/2026:13:05:55 +0000] "PUT /d1/378/AUTH_7832f58621f8472aac4a78dc4760d88f/gnocchi.a90451dd-2ced-474b-9db9-830ad3307f35" 201 - "PUT http://172.20.0.100:6001/d1/775/AUTH_7832f58621f8472aac4a78dc4760d88f/gnocchi.a90451dd-2ced-474b-9db9-830ad3307f35" "txf240db6400dc482db249b-006a2ab2b3" "container-server 20" 0.0060 "-" 23 0
Jun 11 13:05:55 standalone container-server[126932]: 172.20.0.100 - - [11/Jun/2026:13:05:55 +0000] "PUT /d1/775/AUTH_7832f58621f8472aac4a78dc4760d88f/gnocchi.a90451dd-2ced-474b-9db9-830ad3307f35" 201 - "PUT http://172.18.0.2:8080/v1/AUTH_7832f58621f8472aac4a78dc4760d88f/gnocchi.a90451dd-2ced-474b-9db9-830ad3307f35" "txf240db6400dc482db249b-006a2ab2b3" "proxy-server 20" 0.0213 "-" 20 0
Jun 11 13:05:55 standalone proxy-server[128813]: 172.18.0.2 172.18.0.100 11/Jun/2026/13/05/55 PUT /v1/AUTH_7832f58621f8472aac4a78dc4760d88f/gnocchi.a90451dd-2ced-474b-9db9-830ad3307f35 HTTP/1.0 201 - python-swiftclient-3.11.1 gAAAAABqKrJkPf-5... - - - txf240db6400dc482db249b-006a2ab2b3 - 0.0305 - - 1781183155.226620197 1781183155.257139444 0
Jun 11 13:05:55 standalone container-server[126932]: 172.20.0.100 - - [11/Jun/2026:13:05:55 +0000] "HEAD /d1/775/AUTH_7832f58621f8472aac4a78dc4760d88f/gnocchi.a90451dd-2ced-474b-9db9-830ad3307f35" 204 - "HEAD http://172.18.0.2:8080/v1/AUTH_7832f58621f8472aac4a78dc4760d88f/gnocchi.a90451dd-2ced-474b-9db9-830ad3307f35?format=json&states=listing" "tx293270c626364b7bac315-006a2ab2b3" "proxy-server 20" 0.0026 "-" 20 0
Jun 11 13:05:55 standalone proxy-server[128813]: - - 11/Jun/2026/13/05/55 HEAD /v1/AUTH_7832f58621f8472aac4a78dc4760d88f/gnocchi.a90451dd-2ced-474b-9db9-830ad3307f35%3Fformat%3Djson%26states%3Dlisting HTTP/1.0 204 - Swift - - - - tx293270c626364b7bac315-006a2ab2b3 - 0.0142 RL - 1781183155.266275406 1781183155.280512094 0
Jun 11 13:05:55 standalone container-server[126932]: 172.20.0.100 - - [11/Jun/2026:13:05:55 +0000] "GET /d1/775/AUTH_7832f58621f8472aac4a78dc4760d88f/gnocchi.a90451dd-2ced-474b-9db9-830ad3307f35" 200 2 "GET http://172.18.0.2:8080/v1/AUTH_7832f58621f8472aac4a78dc4760d88f/gnocchi.a90451dd-2ced-474b-9db9-830ad3307f35?format=json&states=listing" "tx293270c626364b7bac315-006a2ab2b3" "proxy-server 20" 0.0041 "-" 20 0
Jun 11 13:05:55 standalone proxy-server[128813]: 172.18.0.2 172.18.0.100 11/Jun/2026/13/05/55 GET /v1/AUTH_7832f58621f8472aac4a78dc4760d88f/gnocchi.a90451dd-2ced-474b-9db9-830ad3307f35%3Fformat%3Djson%26states%3Dlisting HTTP/1.0 200 - python-swiftclient-3.11.1 gAAAAABqKrJkPf-5... - 2 - tx293270c626364b7bac315-006a2ab2b3 - 0.0381 - - 1781183155.264441013 1781183155.302559853 0
Jun 11 13:05:55 standalone object-server[127202]: 172.20.0.100 - - [11/Jun/2026:13:05:55 +0000] "GET /d1/227/AUTH_7832f58621f8472aac4a78dc4760d88f/gnocchi.a90451dd-2ced-474b-9db9-830ad3307f35/1780920000.0_mean_300.0_v3" 404 70 "GET http://172.18.0.2:8080/v1/AUTH_7832f58621f8472aac4a78dc4760d88f/gnocchi.a90451dd-2ced-474b-9db9-830ad3307f35/1780920000.0_mean_300.0_v3" "tx42fa2e5388fe42a29f9d5-006a2ab2b3" "proxy-server 20" 0.0005 "-" 22 0
Jun 11 13:05:55 standalone proxy-server[128813]: 172.18.0.2 172.18.0.100 11/Jun/2026/13/05/55 GET /v1/AUTH_7832f58621f8472aac4a78dc4760d88f/gnocchi.a90451dd-2ced-474b-9db9-830ad3307f35/1780920000.0_mean_300.0_v3 HTTP/1.0 404 - python-swiftclient-3.11.1 gAAAAABqKrJkPf-5... - 70 - tx42fa2e5388fe42a29f9d5-006a2ab2b3 - 0.0094 - - 1781183155.308854342 1781183155.318221807 0
Jun 11 13:05:55 standalone container-server[126933]: 172.20.0.100 - - [11/Jun/2026:13:05:55 +0000] "PUT /d1/775/AUTH_7832f58621f8472aac4a78dc4760d88f/gnocchi.a90451dd-2ced-474b-9db9-830ad3307f35/1780920000.0_mean_300.0_v3" 201 - "PUT http://172.18.0.2:8080/d1/227/AUTH_7832f58621f8472aac4a78dc4760d88f/gnocchi.a90451dd-2ced-474b-9db9-830ad3307f35/1780920000.0_mean_300.0_v3" "tx9c12ca259bc0417e9253a-006a2ab2b3" "object-server 24" 0.0010 "-" 21 0
Jun 11 13:05:55 standalone object-server[127205]: 172.20.0.100 - - [11/Jun/2026:13:05:55 +0000] "PUT /d1/227/AUTH_7832f58621f8472aac4a78dc4760d88f/gnocchi.a90451dd-2ced-474b-9db9-830ad3307f35/1780920000.0_mean_300.0_v3" 201 - "PUT http://172.18.0.2:8080/v1/AUTH_7832f58621f8472aac4a78dc4760d88f/gnocchi.a90451dd-2ced-474b-9db9-830ad3307f35/1780920000.0_mean_300.0_v3" "tx9c12ca259bc0417e9253a-006a2ab2b3" "proxy-server 20" 0.0132 "-" 24 0
Jun 11 13:05:55 standalone proxy-server[128813]: 172.18.0.2 172.18.0.100 11/Jun/2026/13/05/55 PUT /v1/AUTH_7832f58621f8472aac4a78dc4760d88f/gnocchi.a90451dd-2ced-474b-9db9-830ad3307f35/1780920000.0_mean_300.0_v3 HTTP/1.0 201 - python-swiftclient-3.11.1 gAAAAABqKrJkPf-5... 16 - - tx9c12ca259bc0417e9253a-006a2ab2b3 - 0.0221 - - 1781183155.322820902 1781183155.344914913 0
Jun 11 13:05:55 standalone container-server[126938]: 172.20.0.100 - - [11/Jun/2026:13:05:55 +0000] "PUT /d1/775/AUTH_7832f58621f8472aac4a78dc4760d88f/gnocchi.a90451dd-2ced-474b-9db9-830ad3307f35/none_v3" 201 - "PUT http://172.18.0.2:8080/d1/807/AUTH_7832f58621f8472aac4a78dc4760d88f/gnocchi.a90451dd-2ced-474b-9db9-830ad3307f35/none_v3" "tx887cc69ce3fc4ba18757d-006a2ab2b3" "object-server 23" 0.0008 "-" 22 0
Jun 11 13:05:55 standalone object-server[127203]: 172.20.0.100 - - [11/Jun/2026:13:05:55 +0000] "PUT /d1/807/AUTH_7832f58621f8472aac4a78dc4760d88f/gnocchi.a90451dd-2ced-474b-9db9-830ad3307f35/none_v3" 201 - "PUT http://172.18.0.2:8080/v1/AUTH_7832f58621f8472aac4a78dc4760d88f/gnocchi.a90451dd-2ced-474b-9db9-830ad3307f35/none_v3" "tx887cc69ce3fc4ba18757d-006a2ab2b3" "proxy-server 20" 0.0123 "-" 23 0
Jun 11 13:05:55 standalone proxy-server[128813]: 172.18.0.2 172.18.0.100 11/Jun/2026/13/05/55 PUT /v1/AUTH_7832f58621f8472aac4a78dc4760d88f/gnocchi.a90451dd-2ced-474b-9db9-830ad3307f35/none_v3 HTTP/1.0 201 - python-swiftclient-3.11.1 gAAAAABqKrJkPf-5... 22 - - tx887cc69ce3fc4ba18757d-006a2ab2b3 - 0.0228 - - 1781183155.348872185 1781183155.371668577 0
Jun 11 13:05:55 standalone container-server[126933]: 172.20.0.100 - - [11/Jun/2026:13:05:55 +0000] "HEAD /d1/687/AUTH_7832f58621f8472aac4a78dc4760d88f/gnocchi.11daa7f7-aaac-4f19-845b-fa8939c66db2" 404 - "HEAD http://172.18.0.2:8080/v1/AUTH_7832f58621f8472aac4a78dc4760d88f/gnocchi.11daa7f7-aaac-4f19-845b-fa8939c66db2?format=json&states=listing" "tx779cc7674b40420483fd2-006a2ab2b3" "proxy-server 20" 0.0004 "-" 21 0
Jun 11 13:05:55 standalone object-server[127205]: 172.20.0.100 - - [11/Jun/2026:13:05:55 +0000] "GET /d1/1019/AUTH_7832f58621f8472aac4a78dc4760d88f/gnocchi.11daa7f7-aaac-4f19-845b-fa8939c66db2/none_v3" 404 70 "GET http://172.18.0.2:8080/v1/AUTH_7832f58621f8472aac4a78dc4760d88f/gnocchi.11daa7f7-aaac-4f19-845b-fa8939c66db2/none_v3" "tx779cc7674b40420483fd2-006a2ab2b3" "proxy-server 20" 0.0005 "-" 24 0
Jun 11 13:05:55 standalone proxy-server[128813]: 172.18.0.2 172.18.0.100 11/Jun/2026/13/05/55 GET /v1/AUTH_7832f58621f8472aac4a78dc4760d88f/gnocchi.11daa7f7-aaac-4f19-845b-fa8939c66db2/none_v3 HTTP/1.0 404 - python-swiftclient-3.11.1 gAAAAABqKrJkPf-5... - 70 - tx779cc7674b40420483fd2-006a2ab2b3 - 0.0176 - - 1781183155.388012171 1781183155.405648470 0
Jun 11 13:05:55 standalone account-server[126918]: 172.20.0.100 - - [11/Jun/2026:13:05:55 +0000] "PUT /d1/378/AUTH_7832f58621f8472aac4a78dc4760d88f/gnocchi.11daa7f7-aaac-4f19-845b-fa8939c66db2" 201 - "PUT http://172.20.0.100:6001/d1/687/AUTH_7832f58621f8472aac4a78dc4760d88f/gnocchi.11daa7f7-aaac-4f19-845b-fa8939c66db2" "tx7301fba73db54080a5bcf-006a2ab2b3" "container-server 20" 0.0063 "-" 23 0
Jun 11 13:05:55 standalone container-server[126932]: 172.20.0.100 - - [11/Jun/2026:13:05:55 +0000] "PUT /d1/687/AUTH_7832f58621f8472aac4a78dc4760d88f/gnocchi.11daa7f7-aaac-4f19-845b-fa8939c66db2" 201 - "PUT http://172.18.0.2:8080/v1/AUTH_7832f58621f8472aac4a78dc4760d88f/gnocchi.11daa7f7-aaac-4f19-845b-fa8939c66db2" "tx7301fba73db54080a5bcf-006a2ab2b3" "proxy-server 20" 0.0200 "-" 20 0
Jun 11 13:05:55 standalone proxy-server[128813]: 172.18.0.2 172.18.0.100 11/Jun/2026/13/05/55 PUT /v1/AUTH_7832f58621f8472aac4a78dc4760d88f/gnocchi.11daa7f7-aaac-4f19-845b-fa8939c66db2 HTTP/1.0 201 - python-swiftclient-3.11.1 gAAAAABqKrJkPf-5... - - - tx7301fba73db54080a5bcf-006a2ab2b3 - 0.0342 - - 1781183155.409959078 1781183155.444177151 0
Jun 11 13:05:55 standalone container-server[126949]: 172.20.0.100 - - [11/Jun/2026:13:05:55 +0000] "HEAD /d1/687/AUTH_7832f58621f8472aac4a78dc4760d88f/gnocchi.11daa7f7-aaac-4f19-845b-fa8939c66db2" 204 - "HEAD http://172.18.0.2:8080/v1/AUTH_7832f58621f8472aac4a78dc4760d88f/gnocchi.11daa7f7-aaac-4f19-845b-fa8939c66db2?format=json&states=listing" "txfa4d6504c2ce4b27b8f73-006a2ab2b3" "proxy-server 20" 0.0011 "-" 23 0
Jun 11 13:05:55 standalone proxy-server[128813]: - - 11/Jun/2026/13/05/55 HEAD /v1/AUTH_7832f58621f8472aac4a78dc4760d88f/gnocchi.11daa7f7-aaac-4f19-845b-fa8939c66db2%3Fformat%3Djson%26states%3Dlisting HTTP/1.0 204 - Swift - - - - txfa4d6504c2ce4b27b8f73-006a2ab2b3 - 0.0055 RL - 1781183155.451846600 1781183155.457352877 0
Jun 11 13:05:55 standalone container-server[126932]: 172.20.0.100 - - [11/Jun/2026:13:05:55 +0000] "GET /d1/687/AUTH_7832f58621f8472aac4a78dc4760d88f/gnocchi.11daa7f7-aaac-4f19-845b-fa8939c66db2" 200 2 "GET http://172.18.0.2:8080/v1/AUTH_7832f58621f8472aac4a78dc4760d88f/gnocchi.11daa7f7-aaac-4f19-845b-fa8939c66db2?format=json&states=listing" "txfa4d6504c2ce4b27b8f73-006a2ab2b3" "proxy-server 20" 0.0034 "-" 20 0
Jun 11 13:05:55 standalone proxy-server[128813]: 172.18.0.2 172.18.0.100 11/Jun/2026/13/05/55 GET /v1/AUTH_7832f58621f8472aac4a78dc4760d88f/gnocchi.11daa7f7-aaac-4f19-845b-fa8939c66db2%3Fformat%3Djson%26states%3Dlisting HTTP/1.0 200 - python-swiftclient-3.11.1 gAAAAABqKrJkPf-5... - 2 - txfa4d6504c2ce4b27b8f73-006a2ab2b3 - 0.0190 - - 1781183155.450151205 1781183155.469116688 0
Jun 11 13:05:55 standalone object-server[127206]: 172.20.0.100 - - [11/Jun/2026:13:05:55 +0000] "GET /d1/434/AUTH_7832f58621f8472aac4a78dc4760d88f/gnocchi.11daa7f7-aaac-4f19-845b-fa8939c66db2/1780920000.0_mean_300.0_v3" 404 70 "GET http://172.18.0.2:8080/v1/AUTH_7832f58621f8472aac4a78dc4760d88f/gnocchi.11daa7f7-aaac-4f19-845b-fa8939c66db2/1780920000.0_mean_300.0_v3" "tx06826de2155a4a3bbf21c-006a2ab2b3" "proxy-server 20" 0.0004 "-" 25 0
Jun 11 13:05:55 standalone proxy-server[128813]: 172.18.0.2 172.18.0.100 11/Jun/2026/13/05/55 GET /v1/AUTH_7832f58621f8472aac4a78dc4760d88f/gnocchi.11daa7f7-aaac-4f19-845b-fa8939c66db2/1780920000.0_mean_300.0_v3 HTTP/1.0 404 - python-swiftclient-3.11.1 gAAAAABqKrJkPf-5... - 70 - tx06826de2155a4a3bbf21c-006a2ab2b3 - 0.0100 - - 1781183155.475553513 1781183155.485538960 0
Jun 11 13:05:55 standalone container-server[126949]: 172.20.0.100 - - [11/Jun/2026:13:05:55 +0000] "PUT /d1/687/AUTH_7832f58621f8472aac4a78dc4760d88f/gnocchi.11daa7f7-aaac-4f19-845b-fa8939c66db2/1780920000.0_mean_300.0_v3" 201 - "PUT http://172.18.0.2:8080/d1/434/AUTH_7832f58621f8472aac4a78dc4760d88f/gnocchi.11daa7f7-aaac-4f19-845b-fa8939c66db2/1780920000.0_mean_300.0_v3" "tx8426b29610294d2da50f2-006a2ab2b3" "object-server 24" 0.0006 "-" 23 0
Jun 11 13:05:55 standalone object-server[127205]: 172.20.0.100 - - [11/Jun/2026:13:05:55 +0000] "PUT /d1/434/AUTH_7832f58621f8472aac4a78dc4760d88f/gnocchi.11daa7f7-aaac-4f19-845b-fa8939c66db2/1780920000.0_mean_300.0_v3" 201 - "PUT http://172.18.0.2:8080/v1/AUTH_7832f58621f8472aac4a78dc4760d88f/gnocchi.11daa7f7-aaac-4f19-845b-fa8939c66db2/1780920000.0_mean_300.0_v3" "tx8426b29610294d2da50f2-006a2ab2b3" "proxy-server 20" 0.0115 "-" 24 0
Jun 11 13:05:55 standalone proxy-server[128813]: 172.18.0.2 172.18.0.100 11/Jun/2026/13/05/55 PUT /v1/AUTH_7832f58621f8472aac4a78dc4760d88f/gnocchi.11daa7f7-aaac-4f19-845b-fa8939c66db2/1780920000.0_mean_300.0_v3 HTTP/1.0 201 - python-swiftclient-3.11.1 gAAAAABqKrJkPf-5... 16 - - tx8426b29610294d2da50f2-006a2ab2b3 - 0.0209 - - 1781183155.493018866 1781183155.513941526 0
Jun 11 13:05:55 standalone container-server[126949]: 172.20.0.100 - - [11/Jun/2026:13:05:55 +0000] "PUT /d1/687/AUTH_7832f58621f8472aac4a78dc4760d88f/gnocchi.11daa7f7-aaac-4f19-845b-fa8939c66db2/none_v3" 201 - "PUT http://172.18.0.2:8080/d1/1019/AUTH_7832f58621f8472aac4a78dc4760d88f/gnocchi.11daa7f7-aaac-4f19-845b-fa8939c66db2/none_v3" "tx3b453f7e88ee4b5db1a0e-006a2ab2b3" "object-server 23" 0.0005 "-" 23 0
Jun 11 13:05:55 standalone object-server[127203]: 172.20.0.100 - - [11/Jun/2026:13:05:55 +0000] "PUT /d1/1019/AUTH_7832f58621f8472aac4a78dc4760d88f/gnocchi.11daa7f7-aaac-4f19-845b-fa8939c66db2/none_v3" 201 - "PUT http://172.18.0.2:8080/v1/AUTH_7832f58621f8472aac4a78dc4760d88f/gnocchi.11daa7f7-aaac-4f19-845b-fa8939c66db2/none_v3" "tx3b453f7e88ee4b5db1a0e-006a2ab2b3" "proxy-server 20" 0.0121 "-" 23 0
Jun 11 13:05:55 standalone proxy-server[128813]: 172.18.0.2 172.18.0.100 11/Jun/2026/13/05/55 PUT /v1/AUTH_7832f58621f8472aac4a78dc4760d88f/gnocchi.11daa7f7-aaac-4f19-845b-fa8939c66db2/none_v3 HTTP/1.0 201 - python-swiftclient-3.11.1 gAAAAABqKrJkPf-5... 22 - - tx3b453f7e88ee4b5db1a0e-006a2ab2b3 - 0.0203 - - 1781183155.517112255 1781183155.537435293 0
Jun 11 13:05:55 standalone container-server[126933]: 172.20.0.100 - - [11/Jun/2026:13:05:55 +0000] "HEAD /d1/500/AUTH_7832f58621f8472aac4a78dc4760d88f/gnocchi.760d2928-c650-4d26-b225-f74de3beadb6" 404 - "HEAD http://172.18.0.2:8080/v1/AUTH_7832f58621f8472aac4a78dc4760d88f/gnocchi.760d2928-c650-4d26-b225-f74de3beadb6?format=json&states=listing" "txe8f207ab3b5640afbc453-006a2ab2b3" "proxy-server 20" 0.0005 "-" 21 0
Jun 11 13:05:55 standalone object-server[127203]: 172.20.0.100 - - [11/Jun/2026:13:05:55 +0000] "GET /d1/602/AUTH_7832f58621f8472aac4a78dc4760d88f/gnocchi.760d2928-c650-4d26-b225-f74de3beadb6/none_v3" 404 70 "GET http://172.18.0.2:8080/v1/AUTH_7832f58621f8472aac4a78dc4760d88f/gnocchi.760d2928-c650-4d26-b225-f74de3beadb6/none_v3" "txe8f207ab3b5640afbc453-006a2ab2b3" "proxy-server 20" 0.0004 "-" 23 0
Jun 11 13:05:55 standalone proxy-server[128813]: 172.18.0.2 172.18.0.100 11/Jun/2026/13/05/55 GET /v1/AUTH_7832f58621f8472aac4a78dc4760d88f/gnocchi.760d2928-c650-4d26-b225-f74de3beadb6/none_v3 HTTP/1.0 404 - python-swiftclient-3.11.1 gAAAAABqKrJkPf-5... - 70 - txe8f207ab3b5640afbc453-006a2ab2b3 - 0.0168 - - 1781183155.547775984 1781183155.564621210 0
Jun 11 13:05:55 standalone account-server[126914]: 172.20.0.100 - - [11/Jun/2026:13:05:55 +0000] "PUT /d1/378/AUTH_7832f58621f8472aac4a78dc4760d88f/gnocchi.760d2928-c650-4d26-b225-f74de3beadb6" 201 - "PUT http://172.20.0.100:6001/d1/500/AUTH_7832f58621f8472aac4a78dc4760d88f/gnocchi.760d2928-c650-4d26-b225-f74de3beadb6" "tx4eb754c213ca4f9cbc2b8-006a2ab2b3" "container-server 23" 0.0064 "-" 22 0
Jun 11 13:05:55 standalone container-server[126949]: 172.20.0.100 - - [11/Jun/2026:13:05:55 +0000] "PUT /d1/500/AUTH_7832f58621f8472aac4a78dc4760d88f/gnocchi.760d2928-c650-4d26-b225-f74de3beadb6" 201 - "PUT http://172.18.0.2:8080/v1/AUTH_7832f58621f8472aac4a78dc4760d88f/gnocchi.760d2928-c650-4d26-b225-f74de3beadb6" "tx4eb754c213ca4f9cbc2b8-006a2ab2b3" "proxy-server 20" 0.0155 "-" 23 0
Jun 11 13:05:55 standalone proxy-server[128813]: 172.18.0.2 172.18.0.100 11/Jun/2026/13/05/55 PUT /v1/AUTH_7832f58621f8472aac4a78dc4760d88f/gnocchi.760d2928-c650-4d26-b225-f74de3beadb6 HTTP/1.0 201 - python-swiftclient-3.11.1 gAAAAABqKrJkPf-5... - - - tx4eb754c213ca4f9cbc2b8-006a2ab2b3 - 0.0222 - - 1781183155.567647457 1781183155.589810610 0
Jun 11 13:05:55 standalone container-server[126938]: 172.20.0.100 - - [11/Jun/2026:13:05:55 +0000] "HEAD /d1/500/AUTH_7832f58621f8472aac4a78dc4760d88f/gnocchi.760d2928-c650-4d26-b225-f74de3beadb6" 204 - "HEAD http://172.18.0.2:8080/v1/AUTH_7832f58621f8472aac4a78dc4760d88f/gnocchi.760d2928-c650-4d26-b225-f74de3beadb6?format=json&states=listing" "tx2acb153d3a7f4294a334b-006a2ab2b3" "proxy-server 20" 0.0012 "-" 22 0
Jun 11 13:05:55 standalone proxy-server[128813]: - - 11/Jun/2026/13/05/55 HEAD /v1/AUTH_7832f58621f8472aac4a78dc4760d88f/gnocchi.760d2928-c650-4d26-b225-f74de3beadb6%3Fformat%3Djson%26states%3Dlisting HTTP/1.0 204 - Swift - - - - tx2acb153d3a7f4294a334b-006a2ab2b3 - 0.0056 RL - 1781183155.596710205 1781183155.602323294 0
Jun 11 13:05:55 standalone container-server[126932]: 172.20.0.100 - - [11/Jun/2026:13:05:55 +0000] "GET /d1/500/AUTH_7832f58621f8472aac4a78dc4760d88f/gnocchi.760d2928-c650-4d26-b225-f74de3beadb6" 200 2 "GET http://172.18.0.2:8080/v1/AUTH_7832f58621f8472aac4a78dc4760d88f/gnocchi.760d2928-c650-4d26-b225-f74de3beadb6?format=json&states=listing" "tx2acb153d3a7f4294a334b-006a2ab2b3" "proxy-server 20" 0.0016 "-" 20 0
Jun 11 13:05:55 standalone proxy-server[128813]: 172.18.0.2 172.18.0.100 11/Jun/2026/13/05/55 GET /v1/AUTH_7832f58621f8472aac4a78dc4760d88f/gnocchi.760d2928-c650-4d26-b225-f74de3beadb6%3Fformat%3Djson%26states%3Dlisting HTTP/1.0 200 - python-swiftclient-3.11.1 gAAAAABqKrJkPf-5... - 2 - tx2acb153d3a7f4294a334b-006a2ab2b3 - 0.0175 - - 1781183155.594623804 1781183155.612166405 0
Jun 11 13:05:55 standalone object-server[127202]: 172.20.0.100 - - [11/Jun/2026:13:05:55 +0000] "GET /d1/228/AUTH_7832f58621f8472aac4a78dc4760d88f/gnocchi.760d2928-c650-4d26-b225-f74de3beadb6/1780920000.0_mean_300.0_v3" 404 70 "GET http://172.18.0.2:8080/v1/AUTH_7832f58621f8472aac4a78dc4760d88f/gnocchi.760d2928-c650-4d26-b225-f74de3beadb6/1780920000.0_mean_300.0_v3" "tx062da34e1a364e4585233-006a2ab2b3" "proxy-server 20" 0.0003 "-" 22 0
Jun 11 13:05:55 standalone proxy-server[128813]: 172.18.0.2 172.18.0.100 11/Jun/2026/13/05/55 GET /v1/AUTH_7832f58621f8472aac4a78dc4760d88f/gnocchi.760d2928-c650-4d26-b225-f74de3beadb6/1780920000.0_mean_300.0_v3 HTTP/1.0 404 - python-swiftclient-3.11.1 gAAAAABqKrJkPf-5... - 70 - tx062da34e1a364e4585233-006a2ab2b3 - 0.0068 - - 1781183155.616619110 1781183155.623441696 0
Jun 11 13:05:55 standalone container-server[126938]: 172.20.0.100 - - [11/Jun/2026:13:05:55 +0000] "PUT /d1/500/AUTH_7832f58621f8472aac4a78dc4760d88f/gnocchi.760d2928-c650-4d26-b225-f74de3beadb6/1780920000.0_mean_300.0_v3" 201 - "PUT http://172.18.0.2:8080/d1/228/AUTH_7832f58621f8472aac4a78dc4760d88f/gnocchi.760d2928-c650-4d26-b225-f74de3beadb6/1780920000.0_mean_300.0_v3" "tx0aa2a81c3e58495d8d2be-006a2ab2b3" "object-server 22" 0.0004 "-" 22 0
Jun 11 13:05:55 standalone object-server[127202]: 172.20.0.100 - - [11/Jun/2026:13:05:55 +0000] "PUT /d1/228/AUTH_7832f58621f8472aac4a78dc4760d88f/gnocchi.760d2928-c650-4d26-b225-f74de3beadb6/1780920000.0_mean_300.0_v3" 201 - "PUT http://172.18.0.2:8080/v1/AUTH_7832f58621f8472aac4a78dc4760d88f/gnocchi.760d2928-c650-4d26-b225-f74de3beadb6/1780920000.0_mean_300.0_v3" "tx0aa2a81c3e58495d8d2be-006a2ab2b3" "proxy-server 20" 0.0081 "-" 22 0
Jun 11 13:05:55 standalone proxy-server[128813]: 172.18.0.2 172.18.0.100 11/Jun/2026/13/05/55 PUT /v1/AUTH_7832f58621f8472aac4a78dc4760d88f/gnocchi.760d2928-c650-4d26-b225-f74de3beadb6/1780920000.0_mean_300.0_v3 HTTP/1.0 201 - python-swiftclient-3.11.1 gAAAAABqKrJkPf-5... 16 - - tx0aa2a81c3e58495d8d2be-006a2ab2b3 - 0.0151 - - 1781183155.626811028 1781183155.641908884 0
Jun 11 13:05:55 standalone container-server[126933]: 172.20.0.100 - - [11/Jun/2026:13:05:55 +0000] "PUT /d1/500/AUTH_7832f58621f8472aac4a78dc4760d88f/gnocchi.760d2928-c650-4d26-b225-f74de3beadb6/none_v3" 201 - "PUT http://172.18.0.2:8080/d1/602/AUTH_7832f58621f8472aac4a78dc4760d88f/gnocchi.760d2928-c650-4d26-b225-f74de3beadb6/none_v3" "tx940d5358785945d6b10a3-006a2ab2b3" "object-server 23" 0.0006 "-" 21 0
Jun 11 13:05:55 standalone object-server[127203]: 172.20.0.100 - - [11/Jun/2026:13:05:55 +0000] "PUT /d1/602/AUTH_7832f58621f8472aac4a78dc4760d88f/gnocchi.760d2928-c650-4d26-b225-f74de3beadb6/none_v3" 201 - "PUT http://172.18.0.2:8080/v1/AUTH_7832f58621f8472aac4a78dc4760d88f/gnocchi.760d2928-c650-4d26-b225-f74de3beadb6/none_v3" "tx940d5358785945d6b10a3-006a2ab2b3" "proxy-server 20" 0.0111 "-" 23 0
Jun 11 13:05:55 standalone proxy-server[128813]: 172.18.0.2 172.18.0.100 11/Jun/2026/13/05/55 PUT /v1/AUTH_7832f58621f8472aac4a78dc4760d88f/gnocchi.760d2928-c650-4d26-b225-f74de3beadb6/none_v3 HTTP/1.0 201 - python-swiftclient-3.11.1 gAAAAABqKrJkPf-5... 22 - - tx940d5358785945d6b10a3-006a2ab2b3 - 0.0212 - - 1781183155.645426989 1781183155.666606426 0
Jun 11 13:05:55 standalone container-server[126949]: 172.20.0.100 - - [11/Jun/2026:13:05:55 +0000] "HEAD /d1/100/AUTH_7832f58621f8472aac4a78dc4760d88f/gnocchi.a2fe15fd-4f87-495a-9ba6-39fbcce2cbbf" 404 - "HEAD http://172.18.0.2:8080/v1/AUTH_7832f58621f8472aac4a78dc4760d88f/gnocchi.a2fe15fd-4f87-495a-9ba6-39fbcce2cbbf?format=json&states=listing" "tx9cf54e5b9bb94211b51ac-006a2ab2b3" "proxy-server 20" 0.0006 "-" 23 0
Jun 11 13:05:55 standalone object-server[127205]: 172.20.0.100 - - [11/Jun/2026:13:05:55 +0000] "GET /d1/8/AUTH_7832f58621f8472aac4a78dc4760d88f/gnocchi.a2fe15fd-4f87-495a-9ba6-39fbcce2cbbf/none_v3" 404 70 "GET http://172.18.0.2:8080/v1/AUTH_7832f58621f8472aac4a78dc4760d88f/gnocchi.a2fe15fd-4f87-495a-9ba6-39fbcce2cbbf/none_v3" "tx9cf54e5b9bb94211b51ac-006a2ab2b3" "proxy-server 20" 0.0004 "-" 24 0
Jun 11 13:05:55 standalone proxy-server[128813]: 172.18.0.2 172.18.0.100 11/Jun/2026/13/05/55 GET /v1/AUTH_7832f58621f8472aac4a78dc4760d88f/gnocchi.a2fe15fd-4f87-495a-9ba6-39fbcce2cbbf/none_v3 HTTP/1.0 404 - python-swiftclient-3.11.1 gAAAAABqKrJkPf-5... - 70 - tx9cf54e5b9bb94211b51ac-006a2ab2b3 - 0.0144 - - 1781183155.680614471 1781183155.695028782 0
Jun 11 13:05:55 standalone account-server[126918]: 172.20.0.100 - - [11/Jun/2026:13:05:55 +0000] "PUT /d1/378/AUTH_7832f58621f8472aac4a78dc4760d88f/gnocchi.a2fe15fd-4f87-495a-9ba6-39fbcce2cbbf" 201 - "PUT http://172.20.0.100:6001/d1/100/AUTH_7832f58621f8472aac4a78dc4760d88f/gnocchi.a2fe15fd-4f87-495a-9ba6-39fbcce2cbbf" "tx16266ba4c7d64689a8f82-006a2ab2b3" "container-server 21" 0.0075 "-" 23 0
Jun 11 13:05:55 standalone container-server[126933]: 172.20.0.100 - - [11/Jun/2026:13:05:55 +0000] "PUT /d1/100/AUTH_7832f58621f8472aac4a78dc4760d88f/gnocchi.a2fe15fd-4f87-495a-9ba6-39fbcce2cbbf" 201 - "PUT http://172.18.0.2:8080/v1/AUTH_7832f58621f8472aac4a78dc4760d88f/gnocchi.a2fe15fd-4f87-495a-9ba6-39fbcce2cbbf" "tx16266ba4c7d64689a8f82-006a2ab2b3" "proxy-server 20" 0.0200 "-" 21 0
Jun 11 13:05:55 standalone proxy-server[128813]: 172.18.0.2 172.18.0.100 11/Jun/2026/13/05/55 PUT /v1/AUTH_7832f58621f8472aac4a78dc4760d88f/gnocchi.a2fe15fd-4f87-495a-9ba6-39fbcce2cbbf HTTP/1.0 201 - python-swiftclient-3.11.1 gAAAAABqKrJkPf-5... - - - tx16266ba4c7d64689a8f82-006a2ab2b3 - 0.0268 - - 1781183155.698424578 1781183155.725216866 0
Jun 11 13:05:55 standalone container-server[126932]: 172.20.0.100 - - [11/Jun/2026:13:05:55 +0000] "HEAD /d1/100/AUTH_7832f58621f8472aac4a78dc4760d88f/gnocchi.a2fe15fd-4f87-495a-9ba6-39fbcce2cbbf" 204 - "HEAD http://172.18.0.2:8080/v1/AUTH_7832f58621f8472aac4a78dc4760d88f/gnocchi.a2fe15fd-4f87-495a-9ba6-39fbcce2cbbf?format=json&states=listing" "tx8ca0d8b46d074e91a45ec-006a2ab2b3" "proxy-server 20" 0.0012 "-" 20 0
Jun 11 13:05:55 standalone proxy-server[128813]: - - 11/Jun/2026/13/05/55 HEAD /v1/AUTH_7832f58621f8472aac4a78dc4760d88f/gnocchi.a2fe15fd-4f87-495a-9ba6-39fbcce2cbbf%3Fformat%3Djson%26states%3Dlisting HTTP/1.0 204 - Swift - - - - tx8ca0d8b46d074e91a45ec-006a2ab2b3 - 0.0058 RL - 1781183155.732382536 1781183155.738148212 0
Jun 11 13:05:55 standalone container-server[126938]: 172.20.0.100 - - [11/Jun/2026:13:05:55 +0000] "GET /d1/100/AUTH_7832f58621f8472aac4a78dc4760d88f/gnocchi.a2fe15fd-4f87-495a-9ba6-39fbcce2cbbf" 200 2 "GET http://172.18.0.2:8080/v1/AUTH_7832f58621f8472aac4a78dc4760d88f/gnocchi.a2fe15fd-4f87-495a-9ba6-39fbcce2cbbf?format=json&states=listing" "tx8ca0d8b46d074e91a45ec-006a2ab2b3" "proxy-server 20" 0.0016 "-" 22 0
Jun 11 13:05:55 standalone proxy-server[128813]: 172.18.0.2 172.18.0.100 11/Jun/2026/13/05/55 GET /v1/AUTH_7832f58621f8472aac4a78dc4760d88f/gnocchi.a2fe15fd-4f87-495a-9ba6-39fbcce2cbbf%3Fformat%3Djson%26states%3Dlisting HTTP/1.0 200 - python-swiftclient-3.11.1 gAAAAABqKrJkPf-5... - 2 - tx8ca0d8b46d074e91a45ec-006a2ab2b3 - 0.0169 - - 1781183155.730708122 1781183155.747560740 0
Jun 11 13:05:55 standalone object-server[127206]: 172.20.0.100 - - [11/Jun/2026:13:05:55 +0000] "GET /d1/307/AUTH_7832f58621f8472aac4a78dc4760d88f/gnocchi.a2fe15fd-4f87-495a-9ba6-39fbcce2cbbf/1780920000.0_mean_300.0_v3" 404 70 "GET http://172.18.0.2:8080/v1/AUTH_7832f58621f8472aac4a78dc4760d88f/gnocchi.a2fe15fd-4f87-495a-9ba6-39fbcce2cbbf/1780920000.0_mean_300.0_v3" "tx4e8898e8cfbc4f16a3459-006a2ab2b3" "proxy-server 20" 0.0003 "-" 25 0
Jun 11 13:05:55 standalone proxy-server[128813]: 172.18.0.2 172.18.0.100 11/Jun/2026/13/05/55 GET /v1/AUTH_7832f58621f8472aac4a78dc4760d88f/gnocchi.a2fe15fd-4f87-495a-9ba6-39fbcce2cbbf/1780920000.0_mean_300.0_v3 HTTP/1.0 404 - python-swiftclient-3.11.1 gAAAAABqKrJkPf-5... - 70 - tx4e8898e8cfbc4f16a3459-006a2ab2b3 - 0.0070 - - 1781183155.753764629 1781183155.760794163 0
Jun 11 13:05:55 standalone container-server[126949]: 172.20.0.100 - - [11/Jun/2026:13:05:55 +0000] "PUT /d1/100/AUTH_7832f58621f8472aac4a78dc4760d88f/gnocchi.a2fe15fd-4f87-495a-9ba6-39fbcce2cbbf/1780920000.0_mean_300.0_v3" 201 - "PUT http://172.18.0.2:8080/d1/307/AUTH_7832f58621f8472aac4a78dc4760d88f/gnocchi.a2fe15fd-4f87-495a-9ba6-39fbcce2cbbf/1780920000.0_mean_300.0_v3" "tx7849738efa584270b5330-006a2ab2b3" "object-server 24" 0.0009 "-" 23 0
Jun 11 13:05:55 standalone object-server[127205]: 172.20.0.100 - - [11/Jun/2026:13:05:55 +0000] "PUT /d1/307/AUTH_7832f58621f8472aac4a78dc4760d88f/gnocchi.a2fe15fd-4f87-495a-9ba6-39fbcce2cbbf/1780920000.0_mean_300.0_v3" 201 - "PUT http://172.18.0.2:8080/v1/AUTH_7832f58621f8472aac4a78dc4760d88f/gnocchi.a2fe15fd-4f87-495a-9ba6-39fbcce2cbbf/1780920000.0_mean_300.0_v3" "tx7849738efa584270b5330-006a2ab2b3" "proxy-server 20" 0.0097 "-" 24 0
Jun 11 13:05:55 standalone proxy-server[128813]: 172.18.0.2 172.18.0.100 11/Jun/2026/13/05/55 PUT /v1/AUTH_7832f58621f8472aac4a78dc4760d88f/gnocchi.a2fe15fd-4f87-495a-9ba6-39fbcce2cbbf/1780920000.0_mean_300.0_v3 HTTP/1.0 201 - python-swiftclient-3.11.1 gAAAAABqKrJkPf-5... 16 - - tx7849738efa584270b5330-006a2ab2b3 - 0.0166 - - 1781183155.765053034 1781183155.781614780 0
Jun 11 13:05:55 standalone container-server[126933]: 172.20.0.100 - - [11/Jun/2026:13:05:55 +0000] "PUT /d1/100/AUTH_7832f58621f8472aac4a78dc4760d88f/gnocchi.a2fe15fd-4f87-495a-9ba6-39fbcce2cbbf/none_v3" 201 - "PUT http://172.18.0.2:8080/d1/8/AUTH_7832f58621f8472aac4a78dc4760d88f/gnocchi.a2fe15fd-4f87-495a-9ba6-39fbcce2cbbf/none_v3" "tx7e75a70035a141648757f-006a2ab2b3" "object-server 24" 0.0006 "-" 21 0
Jun 11 13:05:55 standalone object-server[127205]: 172.20.0.100 - - [11/Jun/2026:13:05:55 +0000] "PUT /d1/8/AUTH_7832f58621f8472aac4a78dc4760d88f/gnocchi.a2fe15fd-4f87-495a-9ba6-39fbcce2cbbf/none_v3" 201 - "PUT http://172.18.0.2:8080/v1/AUTH_7832f58621f8472aac4a78dc4760d88f/gnocchi.a2fe15fd-4f87-495a-9ba6-39fbcce2cbbf/none_v3" "tx7e75a70035a141648757f-006a2ab2b3" "proxy-server 20" 0.0117 "-" 24 0
Jun 11 13:05:55 standalone proxy-server[128813]: 172.18.0.2 172.18.0.100 11/Jun/2026/13/05/55 PUT /v1/AUTH_7832f58621f8472aac4a78dc4760d88f/gnocchi.a2fe15fd-4f87-495a-9ba6-39fbcce2cbbf/none_v3 HTTP/1.0 201 - python-swiftclient-3.11.1 gAAAAABqKrJkPf-5... 22 - - tx7e75a70035a141648757f-006a2ab2b3 - 0.0196 - - 1781183155.785616875 1781183155.805238485 0
Jun 11 13:05:55 standalone container-server[126933]: 172.20.0.100 - - [11/Jun/2026:13:05:55 +0000] "HEAD /d1/492/AUTH_7832f58621f8472aac4a78dc4760d88f/gnocchi.e70592bd-0cc7-402e-90e7-8528212d29e3" 404 - "HEAD http://172.18.0.2:8080/v1/AUTH_7832f58621f8472aac4a78dc4760d88f/gnocchi.e70592bd-0cc7-402e-90e7-8528212d29e3?format=json&states=listing" "txc168558be7774364a69a2-006a2ab2b3" "proxy-server 20" 0.0003 "-" 21 0
Jun 11 13:05:55 standalone object-server[127203]: 172.20.0.100 - - [11/Jun/2026:13:05:55 +0000] "GET /d1/957/AUTH_7832f58621f8472aac4a78dc4760d88f/gnocchi.e70592bd-0cc7-402e-90e7-8528212d29e3/none_v3" 404 70 "GET http://172.18.0.2:8080/v1/AUTH_7832f58621f8472aac4a78dc4760d88f/gnocchi.e70592bd-0cc7-402e-90e7-8528212d29e3/none_v3" "txc168558be7774364a69a2-006a2ab2b3" "proxy-server 20" 0.0003 "-" 23 0
Jun 11 13:05:55 standalone proxy-server[128813]: 172.18.0.2 172.18.0.100 11/Jun/2026/13/05/55 GET /v1/AUTH_7832f58621f8472aac4a78dc4760d88f/gnocchi.e70592bd-0cc7-402e-90e7-8528212d29e3/none_v3 HTTP/1.0 404 - python-swiftclient-3.11.1 gAAAAABqKrJkPf-5... - 70 - txc168558be7774364a69a2-006a2ab2b3 - 0.0096 - - 1781183155.814759493 1781183155.824368954 0
Jun 11 13:05:55 standalone account-server[126897]: 172.20.0.100 - - [11/Jun/2026:13:05:55 +0000] "PUT /d1/378/AUTH_7832f58621f8472aac4a78dc4760d88f/gnocchi.e70592bd-0cc7-402e-90e7-8528212d29e3" 201 - "PUT http://172.20.0.100:6001/d1/492/AUTH_7832f58621f8472aac4a78dc4760d88f/gnocchi.e70592bd-0cc7-402e-90e7-8528212d29e3" "tx04ce0dc5a839453c8558c-006a2ab2b3" "container-server 21" 0.0048 "-" 20 0
Jun 11 13:05:55 standalone container-server[126933]: 172.20.0.100 - - [11/Jun/2026:13:05:55 +0000] "PUT /d1/492/AUTH_7832f58621f8472aac4a78dc4760d88f/gnocchi.e70592bd-0cc7-402e-90e7-8528212d29e3" 201 - "PUT http://172.18.0.2:8080/v1/AUTH_7832f58621f8472aac4a78dc4760d88f/gnocchi.e70592bd-0cc7-402e-90e7-8528212d29e3" "tx04ce0dc5a839453c8558c-006a2ab2b3" "proxy-server 20" 0.0159 "-" 21 0
Jun 11 13:05:55 standalone proxy-server[128813]: 172.18.0.2 172.18.0.100 11/Jun/2026/13/05/55 PUT /v1/AUTH_7832f58621f8472aac4a78dc4760d88f/gnocchi.e70592bd-0cc7-402e-90e7-8528212d29e3 HTTP/1.0 201 - python-swiftclient-3.11.1 gAAAAABqKrJkPf-5... - - - tx04ce0dc5a839453c8558c-006a2ab2b3 - 0.0253 - - 1781183155.826321602 1781183155.851643324 0
Jun 11 13:05:55 standalone container-server[126949]: 172.20.0.100 - - [11/Jun/2026:13:05:55 +0000] "HEAD /d1/492/AUTH_7832f58621f8472aac4a78dc4760d88f/gnocchi.e70592bd-0cc7-402e-90e7-8528212d29e3" 204 - "HEAD http://172.18.0.2:8080/v1/AUTH_7832f58621f8472aac4a78dc4760d88f/gnocchi.e70592bd-0cc7-402e-90e7-8528212d29e3?format=json&states=listing" "tx36aef57e68204b75855fe-006a2ab2b3" "proxy-server 20" 0.0015 "-" 23 0
Jun 11 13:05:55 standalone proxy-server[128813]: - - 11/Jun/2026/13/05/55 HEAD /v1/AUTH_7832f58621f8472aac4a78dc4760d88f/gnocchi.e70592bd-0cc7-402e-90e7-8528212d29e3%3Fformat%3Djson%26states%3Dlisting HTTP/1.0 204 - Swift - - - - tx36aef57e68204b75855fe-006a2ab2b3 - 0.0063 RL - 1781183155.856657505 1781183155.862912178 0
Jun 11 13:05:55 standalone container-server[126932]: 172.20.0.100 - - [11/Jun/2026:13:05:55 +0000] "GET /d1/492/AUTH_7832f58621f8472aac4a78dc4760d88f/gnocchi.e70592bd-0cc7-402e-90e7-8528212d29e3" 200 2 "GET http://172.18.0.2:8080/v1/AUTH_7832f58621f8472aac4a78dc4760d88f/gnocchi.e70592bd-0cc7-402e-90e7-8528212d29e3?format=json&states=listing" "tx36aef57e68204b75855fe-006a2ab2b3" "proxy-server 20" 0.0019 "-" 20 0
Jun 11 13:05:55 standalone proxy-server[128813]: 172.18.0.2 172.18.0.100 11/Jun/2026/13/05/55 GET /v1/AUTH_7832f58621f8472aac4a78dc4760d88f/gnocchi.e70592bd-0cc7-402e-90e7-8528212d29e3%3Fformat%3Djson%26states%3Dlisting HTTP/1.0 200 - python-swiftclient-3.11.1 gAAAAABqKrJkPf-5... - 2 - tx36aef57e68204b75855fe-006a2ab2b3 - 0.0193 - - 1781183155.854955435 1781183155.874229908 0
Jun 11 13:05:55 standalone object-server[127206]: 172.20.0.100 - - [11/Jun/2026:13:05:55 +0000] "GET /d1/153/AUTH_7832f58621f8472aac4a78dc4760d88f/gnocchi.e70592bd-0cc7-402e-90e7-8528212d29e3/1780920000.0_mean_300.0_v3" 404 70 "GET http://172.18.0.2:8080/v1/AUTH_7832f58621f8472aac4a78dc4760d88f/gnocchi.e70592bd-0cc7-402e-90e7-8528212d29e3/1780920000.0_mean_300.0_v3" "tx37cb93dd650745e38152c-006a2ab2b3" "proxy-server 20" 0.0005 "-" 25 0
Jun 11 13:05:55 standalone proxy-server[128813]: 172.18.0.2 172.18.0.100 11/Jun/2026/13/05/55 GET /v1/AUTH_7832f58621f8472aac4a78dc4760d88f/gnocchi.e70592bd-0cc7-402e-90e7-8528212d29e3/1780920000.0_mean_300.0_v3 HTTP/1.0 404 - python-swiftclient-3.11.1 gAAAAABqKrJkPf-5... - 70 - tx37cb93dd650745e38152c-006a2ab2b3 - 0.0086 - - 1781183155.877722979 1781183155.886306763 0
Jun 11 13:05:55 standalone container-server[126932]: 172.20.0.100 - - [11/Jun/2026:13:05:55 +0000] "PUT /d1/492/AUTH_7832f58621f8472aac4a78dc4760d88f/gnocchi.e70592bd-0cc7-402e-90e7-8528212d29e3/1780920000.0_mean_300.0_v3" 201 - "PUT http://172.18.0.2:8080/d1/153/AUTH_7832f58621f8472aac4a78dc4760d88f/gnocchi.e70592bd-0cc7-402e-90e7-8528212d29e3/1780920000.0_mean_300.0_v3" "tx98ad2fcc3fc94e78907ec-006a2ab2b3" "object-server 25" 0.0006 "-" 20 0
Jun 11 13:05:55 standalone object-server[127206]: 172.20.0.100 - - [11/Jun/2026:13:05:55 +0000] "PUT /d1/153/AUTH_7832f58621f8472aac4a78dc4760d88f/gnocchi.e70592bd-0cc7-402e-90e7-8528212d29e3/1780920000.0_mean_300.0_v3" 201 - "PUT http://172.18.0.2:8080/v1/AUTH_7832f58621f8472aac4a78dc4760d88f/gnocchi.e70592bd-0cc7-402e-90e7-8528212d29e3/1780920000.0_mean_300.0_v3" "tx98ad2fcc3fc94e78907ec-006a2ab2b3" "proxy-server 20" 0.0103 "-" 25 0
Jun 11 13:05:55 standalone proxy-server[128813]: 172.18.0.2 172.18.0.100 11/Jun/2026/13/05/55 PUT /v1/AUTH_7832f58621f8472aac4a78dc4760d88f/gnocchi.e70592bd-0cc7-402e-90e7-8528212d29e3/1780920000.0_mean_300.0_v3 HTTP/1.0 201 - python-swiftclient-3.11.1 gAAAAABqKrJkPf-5... 16 - - tx98ad2fcc3fc94e78907ec-006a2ab2b3 - 0.0174 - - 1781183155.889261007 1781183155.906617880 0
Jun 11 13:05:55 standalone container-server[126932]: 172.20.0.100 - - [11/Jun/2026:13:05:55 +0000] "PUT /d1/492/AUTH_7832f58621f8472aac4a78dc4760d88f/gnocchi.e70592bd-0cc7-402e-90e7-8528212d29e3/none_v3" 201 - "PUT http://172.18.0.2:8080/d1/957/AUTH_7832f58621f8472aac4a78dc4760d88f/gnocchi.e70592bd-0cc7-402e-90e7-8528212d29e3/none_v3" "tx5eb1e498457141c8b913e-006a2ab2b3" "object-server 22" 0.0008 "-" 20 0
Jun 11 13:05:55 standalone object-server[127202]: 172.20.0.100 - - [11/Jun/2026:13:05:55 +0000] "PUT /d1/957/AUTH_7832f58621f8472aac4a78dc4760d88f/gnocchi.e70592bd-0cc7-402e-90e7-8528212d29e3/none_v3" 201 - "PUT http://172.18.0.2:8080/v1/AUTH_7832f58621f8472aac4a78dc4760d88f/gnocchi.e70592bd-0cc7-402e-90e7-8528212d29e3/none_v3" "tx5eb1e498457141c8b913e-006a2ab2b3" "proxy-server 20" 0.0113 "-" 22 0
Jun 11 13:05:55 standalone proxy-server[128813]: 172.18.0.2 172.18.0.100 11/Jun/2026/13/05/55 PUT /v1/AUTH_7832f58621f8472aac4a78dc4760d88f/gnocchi.e70592bd-0cc7-402e-90e7-8528212d29e3/none_v3 HTTP/1.0 201 - python-swiftclient-3.11.1 gAAAAABqKrJkPf-5... 22 - - tx5eb1e498457141c8b913e-006a2ab2b3 - 0.0164 - - 1781183155.908565760 1781183155.924921513 0
Jun 11 13:05:55 standalone container-server[126949]: 172.20.0.100 - - [11/Jun/2026:13:05:55 +0000] "HEAD /d1/260/AUTH_7832f58621f8472aac4a78dc4760d88f/gnocchi.d2b87289-fcab-416c-a9ad-f8759b9e2857" 404 - "HEAD http://172.18.0.2:8080/v1/AUTH_7832f58621f8472aac4a78dc4760d88f/gnocchi.d2b87289-fcab-416c-a9ad-f8759b9e2857?format=json&states=listing" "txa79340f9b4674deebe566-006a2ab2b3" "proxy-server 20" 0.0004 "-" 23 0
Jun 11 13:05:55 standalone object-server[127202]: 172.20.0.100 - - [11/Jun/2026:13:05:55 +0000] "GET /d1/342/AUTH_7832f58621f8472aac4a78dc4760d88f/gnocchi.d2b87289-fcab-416c-a9ad-f8759b9e2857/none_v3" 404 70 "GET http://172.18.0.2:8080/v1/AUTH_7832f58621f8472aac4a78dc4760d88f/gnocchi.d2b87289-fcab-416c-a9ad-f8759b9e2857/none_v3" "txa79340f9b4674deebe566-006a2ab2b3" "proxy-server 20" 0.0004 "-" 22 0
Jun 11 13:05:55 standalone proxy-server[128813]: 172.18.0.2 172.18.0.100 11/Jun/2026/13/05/55 GET /v1/AUTH_7832f58621f8472aac4a78dc4760d88f/gnocchi.d2b87289-fcab-416c-a9ad-f8759b9e2857/none_v3 HTTP/1.0 404 - python-swiftclient-3.11.1 gAAAAABqKrJkPf-5... - 70 - txa79340f9b4674deebe566-006a2ab2b3 - 0.0074 - - 1781183155.936422825 1781183155.943789482 0
Jun 11 13:05:55 standalone account-server[126897]: 172.20.0.100 - - [11/Jun/2026:13:05:55 +0000] "PUT /d1/378/AUTH_7832f58621f8472aac4a78dc4760d88f/gnocchi.d2b87289-fcab-416c-a9ad-f8759b9e2857" 201 - "PUT http://172.20.0.100:6001/d1/260/AUTH_7832f58621f8472aac4a78dc4760d88f/gnocchi.d2b87289-fcab-416c-a9ad-f8759b9e2857" "tx418925d152b7485580870-006a2ab2b3" "container-server 22" 0.0046 "-" 20 0
Jun 11 13:05:55 standalone container-server[126938]: 172.20.0.100 - - [11/Jun/2026:13:05:55 +0000] "PUT /d1/260/AUTH_7832f58621f8472aac4a78dc4760d88f/gnocchi.d2b87289-fcab-416c-a9ad-f8759b9e2857" 201 - "PUT http://172.18.0.2:8080/v1/AUTH_7832f58621f8472aac4a78dc4760d88f/gnocchi.d2b87289-fcab-416c-a9ad-f8759b9e2857" "tx418925d152b7485580870-006a2ab2b3" "proxy-server 20" 0.0181 "-" 22 0
Jun 11 13:05:55 standalone proxy-server[128813]: 172.18.0.2 172.18.0.100 11/Jun/2026/13/05/55 PUT /v1/AUTH_7832f58621f8472aac4a78dc4760d88f/gnocchi.d2b87289-fcab-416c-a9ad-f8759b9e2857 HTTP/1.0 201 - python-swiftclient-3.11.1 gAAAAABqKrJkPf-5... - - - tx418925d152b7485580870-006a2ab2b3 - 0.0222 - - 1781183155.946460247 1781183155.968662262 0
Jun 11 13:05:55 standalone container-server[126932]: 172.20.0.100 - - [11/Jun/2026:13:05:55 +0000] "HEAD /d1/260/AUTH_7832f58621f8472aac4a78dc4760d88f/gnocchi.d2b87289-fcab-416c-a9ad-f8759b9e2857" 204 - "HEAD http://172.18.0.2:8080/v1/AUTH_7832f58621f8472aac4a78dc4760d88f/gnocchi.d2b87289-fcab-416c-a9ad-f8759b9e2857?format=json&states=listing" "tx10cbbcafc6af47998cbae-006a2ab2b3" "proxy-server 20" 0.0013 "-" 20 0
Jun 11 13:05:55 standalone proxy-server[128813]: - - 11/Jun/2026/13/05/55 HEAD /v1/AUTH_7832f58621f8472aac4a78dc4760d88f/gnocchi.d2b87289-fcab-416c-a9ad-f8759b9e2857%3Fformat%3Djson%26states%3Dlisting HTTP/1.0 204 - Swift - - - - tx10cbbcafc6af47998cbae-006a2ab2b3 - 0.0037 RL - 1781183155.972918034 1781183155.976604223 0
Jun 11 13:05:55 standalone container-server[126949]: 172.20.0.100 - - [11/Jun/2026:13:05:55 +0000] "GET /d1/260/AUTH_7832f58621f8472aac4a78dc4760d88f/gnocchi.d2b87289-fcab-416c-a9ad-f8759b9e2857" 200 2 "GET http://172.18.0.2:8080/v1/AUTH_7832f58621f8472aac4a78dc4760d88f/gnocchi.d2b87289-fcab-416c-a9ad-f8759b9e2857?format=json&states=listing" "tx10cbbcafc6af47998cbae-006a2ab2b3" "proxy-server 20" 0.0019 "-" 23 0
Jun 11 13:05:55 standalone proxy-server[128813]: 172.18.0.2 172.18.0.100 11/Jun/2026/13/05/55 GET /v1/AUTH_7832f58621f8472aac4a78dc4760d88f/gnocchi.d2b87289-fcab-416c-a9ad-f8759b9e2857%3Fformat%3Djson%26states%3Dlisting HTTP/1.0 200 - python-swiftclient-3.11.1 gAAAAABqKrJkPf-5... - 2 - tx10cbbcafc6af47998cbae-006a2ab2b3 - 0.0103 - - 1781183155.972147703 1781183155.982433796 0
Jun 11 13:05:55 standalone object-server[127203]: 172.20.0.100 - - [11/Jun/2026:13:05:55 +0000] "GET /d1/0/AUTH_7832f58621f8472aac4a78dc4760d88f/gnocchi.d2b87289-fcab-416c-a9ad-f8759b9e2857/1780920000.0_mean_300.0_v3" 404 70 "GET http://172.18.0.2:8080/v1/AUTH_7832f58621f8472aac4a78dc4760d88f/gnocchi.d2b87289-fcab-416c-a9ad-f8759b9e2857/1780920000.0_mean_300.0_v3" "tx7db0254679a747f6b775a-006a2ab2b3" "proxy-server 20" 0.0003 "-" 23 0
Jun 11 13:05:55 standalone proxy-server[128813]: 172.18.0.2 172.18.0.100 11/Jun/2026/13/05/55 GET /v1/AUTH_7832f58621f8472aac4a78dc4760d88f/gnocchi.d2b87289-fcab-416c-a9ad-f8759b9e2857/1780920000.0_mean_300.0_v3 HTTP/1.0 404 - python-swiftclient-3.11.1 gAAAAABqKrJkPf-5... - 70 - tx7db0254679a747f6b775a-006a2ab2b3 - 0.0040 - - 1781183155.986319780 1781183155.990356445 0
Jun 11 13:05:56 standalone container-server[126949]: 172.20.0.100 - - [11/Jun/2026:13:05:56 +0000] "PUT /d1/260/AUTH_7832f58621f8472aac4a78dc4760d88f/gnocchi.d2b87289-fcab-416c-a9ad-f8759b9e2857/1780920000.0_mean_300.0_v3" 201 - "PUT http://172.18.0.2:8080/d1/0/AUTH_7832f58621f8472aac4a78dc4760d88f/gnocchi.d2b87289-fcab-416c-a9ad-f8759b9e2857/1780920000.0_mean_300.0_v3" "txf58bb833295d481cb1779-006a2ab2b3" "object-server 23" 0.0005 "-" 23 0
