Jun 11 13:06:54 standalone object-server[127202]: 172.20.0.100 - - [11/Jun/2026:13:06:54 +0000] "PUT /d1/238/AUTH_7832f58621f8472aac4a78dc4760d88f/gnocchi.86877cb2-37b5-46da-a7b8-e4dbf6330aa1/none_v3" 201 - "PUT http://172.18.0.2:8080/v1/AUTH_7832f58621f8472aac4a78dc4760d88f/gnocchi.86877cb2-37b5-46da-a7b8-e4dbf6330aa1/none_v3" "tx8b523bbcc8b14475a77ff-006a2ab2ed" "proxy-server 20" 0.0114 "-" 22 0
Jun 11 13:06:54 standalone proxy-server[128813]: 172.18.0.2 172.18.0.100 11/Jun/2026/13/06/54 PUT /v1/AUTH_7832f58621f8472aac4a78dc4760d88f/gnocchi.86877cb2-37b5-46da-a7b8-e4dbf6330aa1/none_v3 HTTP/1.0 201 - python-swiftclient-3.11.1 gAAAAABqKrJkPf-5... 22 - - tx8b523bbcc8b14475a77ff-006a2ab2ed - 0.0192 - - 1781183213.986178160 1781183214.005373478 0
Jun 11 13:06:54 standalone container-server[126932]: 172.20.0.100 - - [11/Jun/2026:13:06:54 +0000] "HEAD /d1/551/AUTH_7832f58621f8472aac4a78dc4760d88f/gnocchi.c1a008cf-23bf-4073-ba2b-1a0681c3a1c0" 404 - "HEAD http://172.18.0.2:8080/v1/AUTH_7832f58621f8472aac4a78dc4760d88f/gnocchi.c1a008cf-23bf-4073-ba2b-1a0681c3a1c0?format=json&states=listing" "tx130caa51582d42c0859cc-006a2ab2ee" "proxy-server 20" 0.0008 "-" 20 0
Jun 11 13:06:54 standalone object-server[127205]: 172.20.0.100 - - [11/Jun/2026:13:06:54 +0000] "GET /d1/232/AUTH_7832f58621f8472aac4a78dc4760d88f/gnocchi.c1a008cf-23bf-4073-ba2b-1a0681c3a1c0/none_v3" 404 70 "GET http://172.18.0.2:8080/v1/AUTH_7832f58621f8472aac4a78dc4760d88f/gnocchi.c1a008cf-23bf-4073-ba2b-1a0681c3a1c0/none_v3" "tx130caa51582d42c0859cc-006a2ab2ee" "proxy-server 20" 0.0011 "-" 24 0
Jun 11 13:06:54 standalone proxy-server[128813]: 172.18.0.2 172.18.0.100 11/Jun/2026/13/06/54 GET /v1/AUTH_7832f58621f8472aac4a78dc4760d88f/gnocchi.c1a008cf-23bf-4073-ba2b-1a0681c3a1c0/none_v3 HTTP/1.0 404 - python-swiftclient-3.11.1 gAAAAABqKrJkPf-5... - 70 - tx130caa51582d42c0859cc-006a2ab2ee - 0.0166 - - 1781183214.041850090 1781183214.058480501 0
Jun 11 13:06:54 standalone account-server[126914]: 172.20.0.100 - - [11/Jun/2026:13:06:54 +0000] "PUT /d1/378/AUTH_7832f58621f8472aac4a78dc4760d88f/gnocchi.c1a008cf-23bf-4073-ba2b-1a0681c3a1c0" 201 - "PUT http://172.20.0.100:6001/d1/551/AUTH_7832f58621f8472aac4a78dc4760d88f/gnocchi.c1a008cf-23bf-4073-ba2b-1a0681c3a1c0" "txe307fff8d9cc4cddb5e3e-006a2ab2ee" "container-server 23" 0.0053 "-" 22 0
Jun 11 13:06:54 standalone container-server[126949]: 172.20.0.100 - - [11/Jun/2026:13:06:54 +0000] "PUT /d1/551/AUTH_7832f58621f8472aac4a78dc4760d88f/gnocchi.c1a008cf-23bf-4073-ba2b-1a0681c3a1c0" 201 - "PUT http://172.18.0.2:8080/v1/AUTH_7832f58621f8472aac4a78dc4760d88f/gnocchi.c1a008cf-23bf-4073-ba2b-1a0681c3a1c0" "txe307fff8d9cc4cddb5e3e-006a2ab2ee" "proxy-server 20" 0.0175 "-" 23 0
Jun 11 13:06:54 standalone proxy-server[128813]: 172.18.0.2 172.18.0.100 11/Jun/2026/13/06/54 PUT /v1/AUTH_7832f58621f8472aac4a78dc4760d88f/gnocchi.c1a008cf-23bf-4073-ba2b-1a0681c3a1c0 HTTP/1.0 201 - python-swiftclient-3.11.1 gAAAAABqKrJkPf-5... - - - txe307fff8d9cc4cddb5e3e-006a2ab2ee - 0.0233 - - 1781183214.062232971 1781183214.085560560 0
Jun 11 13:06:54 standalone container-server[126933]: 172.20.0.100 - - [11/Jun/2026:13:06:54 +0000] "HEAD /d1/551/AUTH_7832f58621f8472aac4a78dc4760d88f/gnocchi.c1a008cf-23bf-4073-ba2b-1a0681c3a1c0" 204 - "HEAD http://172.18.0.2:8080/v1/AUTH_7832f58621f8472aac4a78dc4760d88f/gnocchi.c1a008cf-23bf-4073-ba2b-1a0681c3a1c0?format=json&states=listing" "tx7cc2a62e6d484be887c42-006a2ab2ee" "proxy-server 20" 0.0029 "-" 21 0
Jun 11 13:06:54 standalone proxy-server[128813]: - - 11/Jun/2026/13/06/54 HEAD /v1/AUTH_7832f58621f8472aac4a78dc4760d88f/gnocchi.c1a008cf-23bf-4073-ba2b-1a0681c3a1c0%3Fformat%3Djson%26states%3Dlisting HTTP/1.0 204 - Swift - - - - tx7cc2a62e6d484be887c42-006a2ab2ee - 0.0084 RL - 1781183214.093441010 1781183214.101889610 0
Jun 11 13:06:54 standalone container-server[126949]: 172.20.0.100 - - [11/Jun/2026:13:06:54 +0000] "GET /d1/551/AUTH_7832f58621f8472aac4a78dc4760d88f/gnocchi.c1a008cf-23bf-4073-ba2b-1a0681c3a1c0" 200 2 "GET http://172.18.0.2:8080/v1/AUTH_7832f58621f8472aac4a78dc4760d88f/gnocchi.c1a008cf-23bf-4073-ba2b-1a0681c3a1c0?format=json&states=listing" "tx7cc2a62e6d484be887c42-006a2ab2ee" "proxy-server 20" 0.0041 "-" 23 0
Jun 11 13:06:54 standalone proxy-server[128813]: 172.18.0.2 172.18.0.100 11/Jun/2026/13/06/54 GET /v1/AUTH_7832f58621f8472aac4a78dc4760d88f/gnocchi.c1a008cf-23bf-4073-ba2b-1a0681c3a1c0%3Fformat%3Djson%26states%3Dlisting HTTP/1.0 200 - python-swiftclient-3.11.1 gAAAAABqKrJkPf-5... - 2 - tx7cc2a62e6d484be887c42-006a2ab2ee - 0.0252 - - 1781183214.091445684 1781183214.116635084 0
Jun 11 13:06:54 standalone object-server[127205]: 172.20.0.100 - - [11/Jun/2026:13:06:54 +0000] "GET /d1/613/AUTH_7832f58621f8472aac4a78dc4760d88f/gnocchi.c1a008cf-23bf-4073-ba2b-1a0681c3a1c0/1780920000.0_mean_300.0_v3" 404 70 "GET http://172.18.0.2:8080/v1/AUTH_7832f58621f8472aac4a78dc4760d88f/gnocchi.c1a008cf-23bf-4073-ba2b-1a0681c3a1c0/1780920000.0_mean_300.0_v3" "tx7ec0c7a4e1ed4c1786fd6-006a2ab2ee" "proxy-server 20" 0.0005 "-" 24 0
Jun 11 13:06:54 standalone proxy-server[128813]: 172.18.0.2 172.18.0.100 11/Jun/2026/13/06/54 GET /v1/AUTH_7832f58621f8472aac4a78dc4760d88f/gnocchi.c1a008cf-23bf-4073-ba2b-1a0681c3a1c0/1780920000.0_mean_300.0_v3 HTTP/1.0 404 - python-swiftclient-3.11.1 gAAAAABqKrJkPf-5... - 70 - tx7ec0c7a4e1ed4c1786fd6-006a2ab2ee - 0.0102 - - 1781183214.121240854 1781183214.131417036 0
Jun 11 13:06:54 standalone container-server[126933]: 172.20.0.100 - - [11/Jun/2026:13:06:54 +0000] "PUT /d1/551/AUTH_7832f58621f8472aac4a78dc4760d88f/gnocchi.c1a008cf-23bf-4073-ba2b-1a0681c3a1c0/1780920000.0_mean_300.0_v3" 201 - "PUT http://172.18.0.2:8080/d1/613/AUTH_7832f58621f8472aac4a78dc4760d88f/gnocchi.c1a008cf-23bf-4073-ba2b-1a0681c3a1c0/1780920000.0_mean_300.0_v3" "tx2e27ea4e2f0444ffa54f5-006a2ab2ee" "object-server 23" 0.0012 "-" 21 0
Jun 11 13:06:54 standalone object-server[127203]: 172.20.0.100 - - [11/Jun/2026:13:06:54 +0000] "PUT /d1/613/AUTH_7832f58621f8472aac4a78dc4760d88f/gnocchi.c1a008cf-23bf-4073-ba2b-1a0681c3a1c0/1780920000.0_mean_300.0_v3" 201 - "PUT http://172.18.0.2:8080/v1/AUTH_7832f58621f8472aac4a78dc4760d88f/gnocchi.c1a008cf-23bf-4073-ba2b-1a0681c3a1c0/1780920000.0_mean_300.0_v3" "tx2e27ea4e2f0444ffa54f5-006a2ab2ee" "proxy-server 20" 0.0110 "-" 23 0
Jun 11 13:06:54 standalone proxy-server[128813]: 172.18.0.2 172.18.0.100 11/Jun/2026/13/06/54 PUT /v1/AUTH_7832f58621f8472aac4a78dc4760d88f/gnocchi.c1a008cf-23bf-4073-ba2b-1a0681c3a1c0/1780920000.0_mean_300.0_v3 HTTP/1.0 201 - python-swiftclient-3.11.1 gAAAAABqKrJkPf-5... 16 - - tx2e27ea4e2f0444ffa54f5-006a2ab2ee - 0.0199 - - 1781183214.136252642 1781183214.156188011 0
Jun 11 13:06:54 standalone container-server[126938]: 172.20.0.100 - - [11/Jun/2026:13:06:54 +0000] "PUT /d1/551/AUTH_7832f58621f8472aac4a78dc4760d88f/gnocchi.c1a008cf-23bf-4073-ba2b-1a0681c3a1c0/none_v3" 201 - "PUT http://172.18.0.2:8080/d1/232/AUTH_7832f58621f8472aac4a78dc4760d88f/gnocchi.c1a008cf-23bf-4073-ba2b-1a0681c3a1c0/none_v3" "tx1e7e41a8498748e991088-006a2ab2ee" "object-server 23" 0.0011 "-" 22 0
Jun 11 13:06:54 standalone object-server[127203]: 172.20.0.100 - - [11/Jun/2026:13:06:54 +0000] "PUT /d1/232/AUTH_7832f58621f8472aac4a78dc4760d88f/gnocchi.c1a008cf-23bf-4073-ba2b-1a0681c3a1c0/none_v3" 201 - "PUT http://172.18.0.2:8080/v1/AUTH_7832f58621f8472aac4a78dc4760d88f/gnocchi.c1a008cf-23bf-4073-ba2b-1a0681c3a1c0/none_v3" "tx1e7e41a8498748e991088-006a2ab2ee" "proxy-server 20" 0.0134 "-" 23 0
Jun 11 13:06:54 standalone proxy-server[128813]: 172.18.0.2 172.18.0.100 11/Jun/2026/13/06/54 PUT /v1/AUTH_7832f58621f8472aac4a78dc4760d88f/gnocchi.c1a008cf-23bf-4073-ba2b-1a0681c3a1c0/none_v3 HTTP/1.0 201 - python-swiftclient-3.11.1 gAAAAABqKrJkPf-5... 22 - - tx1e7e41a8498748e991088-006a2ab2ee - 0.0243 - - 1781183214.160192251 1781183214.184450865 0
Jun 11 13:07:04 standalone container-server[126932]: 172.20.0.100 - - [11/Jun/2026:13:07:04 +0000] "HEAD /d1/16/AUTH_7832f58621f8472aac4a78dc4760d88f/gnocchi.634498fe-7df1-49fc-b024-adc43972f9ed" 404 - "HEAD http://172.18.0.2:8080/v1/AUTH_7832f58621f8472aac4a78dc4760d88f/gnocchi.634498fe-7df1-49fc-b024-adc43972f9ed?format=json&states=listing" "tx53d96d7eeb344933b4b60-006a2ab2f8" "proxy-server 20" 0.0006 "-" 20 0
Jun 11 13:07:04 standalone object-server[127206]: 172.20.0.100 - - [11/Jun/2026:13:07:04 +0000] "GET /d1/18/AUTH_7832f58621f8472aac4a78dc4760d88f/gnocchi.634498fe-7df1-49fc-b024-adc43972f9ed/none_v3" 404 70 "GET http://172.18.0.2:8080/v1/AUTH_7832f58621f8472aac4a78dc4760d88f/gnocchi.634498fe-7df1-49fc-b024-adc43972f9ed/none_v3" "tx53d96d7eeb344933b4b60-006a2ab2f8" "proxy-server 20" 0.0007 "-" 25 0
Jun 11 13:07:04 standalone proxy-server[128813]: 172.18.0.2 172.18.0.100 11/Jun/2026/13/07/04 GET /v1/AUTH_7832f58621f8472aac4a78dc4760d88f/gnocchi.634498fe-7df1-49fc-b024-adc43972f9ed/none_v3 HTTP/1.0 404 - python-swiftclient-3.11.1 gAAAAABqKrJkPf-5... - 70 - tx53d96d7eeb344933b4b60-006a2ab2f8 - 0.0215 - - 1781183224.370902061 1781183224.392370701 0
Jun 11 13:07:04 standalone account-server[126902]: 172.20.0.100 - - [11/Jun/2026:13:07:04 +0000] "PUT /d1/378/AUTH_7832f58621f8472aac4a78dc4760d88f/gnocchi.634498fe-7df1-49fc-b024-adc43972f9ed" 201 - "PUT http://172.20.0.100:6001/d1/16/AUTH_7832f58621f8472aac4a78dc4760d88f/gnocchi.634498fe-7df1-49fc-b024-adc43972f9ed" "tx182ce2b2998742dbab4f2-006a2ab2f8" "container-server 20" 0.0056 "-" 21 0
Jun 11 13:07:04 standalone container-server[126932]: 172.20.0.100 - - [11/Jun/2026:13:07:04 +0000] "PUT /d1/16/AUTH_7832f58621f8472aac4a78dc4760d88f/gnocchi.634498fe-7df1-49fc-b024-adc43972f9ed" 201 - "PUT http://172.18.0.2:8080/v1/AUTH_7832f58621f8472aac4a78dc4760d88f/gnocchi.634498fe-7df1-49fc-b024-adc43972f9ed" "tx182ce2b2998742dbab4f2-006a2ab2f8" "proxy-server 20" 0.0179 "-" 20 0
Jun 11 13:07:04 standalone proxy-server[128813]: 172.18.0.2 172.18.0.100 11/Jun/2026/13/07/04 PUT /v1/AUTH_7832f58621f8472aac4a78dc4760d88f/gnocchi.634498fe-7df1-49fc-b024-adc43972f9ed HTTP/1.0 201 - python-swiftclient-3.11.1 gAAAAABqKrJkPf-5... - - - tx182ce2b2998742dbab4f2-006a2ab2f8 - 0.0228 - - 1781183224.395764589 1781183224.418538809 0
Jun 11 13:07:04 standalone container-server[126933]: 172.20.0.100 - - [11/Jun/2026:13:07:04 +0000] "HEAD /d1/16/AUTH_7832f58621f8472aac4a78dc4760d88f/gnocchi.634498fe-7df1-49fc-b024-adc43972f9ed" 204 - "HEAD http://172.18.0.2:8080/v1/AUTH_7832f58621f8472aac4a78dc4760d88f/gnocchi.634498fe-7df1-49fc-b024-adc43972f9ed?format=json&states=listing" "tx1a9609a2a03848dc97540-006a2ab2f8" "proxy-server 20" 0.0016 "-" 21 0
Jun 11 13:07:04 standalone proxy-server[128813]: - - 11/Jun/2026/13/07/04 HEAD /v1/AUTH_7832f58621f8472aac4a78dc4760d88f/gnocchi.634498fe-7df1-49fc-b024-adc43972f9ed%3Fformat%3Djson%26states%3Dlisting HTTP/1.0 204 - Swift - - - - tx1a9609a2a03848dc97540-006a2ab2f8 - 0.0084 RL - 1781183224.426109791 1781183224.434483767 0
Jun 11 13:07:04 standalone container-server[126933]: 172.20.0.100 - - [11/Jun/2026:13:07:04 +0000] "GET /d1/16/AUTH_7832f58621f8472aac4a78dc4760d88f/gnocchi.634498fe-7df1-49fc-b024-adc43972f9ed" 200 2 "GET http://172.18.0.2:8080/v1/AUTH_7832f58621f8472aac4a78dc4760d88f/gnocchi.634498fe-7df1-49fc-b024-adc43972f9ed?format=json&states=listing" "tx1a9609a2a03848dc97540-006a2ab2f8" "proxy-server 20" 0.0020 "-" 21 0
Jun 11 13:07:04 standalone proxy-server[128813]: 172.18.0.2 172.18.0.100 11/Jun/2026/13/07/04 GET /v1/AUTH_7832f58621f8472aac4a78dc4760d88f/gnocchi.634498fe-7df1-49fc-b024-adc43972f9ed%3Fformat%3Djson%26states%3Dlisting HTTP/1.0 200 - python-swiftclient-3.11.1 gAAAAABqKrJkPf-5... - 2 - tx1a9609a2a03848dc97540-006a2ab2f8 - 0.0208 - - 1781183224.424474478 1781183224.445309639 0
Jun 11 13:07:04 standalone object-server[127205]: 172.20.0.100 - - [11/Jun/2026:13:07:04 +0000] "GET /d1/762/AUTH_7832f58621f8472aac4a78dc4760d88f/gnocchi.634498fe-7df1-49fc-b024-adc43972f9ed/1780920000.0_mean_300.0_v3" 404 70 "GET http://172.18.0.2:8080/v1/AUTH_7832f58621f8472aac4a78dc4760d88f/gnocchi.634498fe-7df1-49fc-b024-adc43972f9ed/1780920000.0_mean_300.0_v3" "txeebe0767b4c64aaa8baa0-006a2ab2f8" "proxy-server 20" 0.0006 "-" 24 0
Jun 11 13:07:04 standalone proxy-server[128813]: 172.18.0.2 172.18.0.100 11/Jun/2026/13/07/04 GET /v1/AUTH_7832f58621f8472aac4a78dc4760d88f/gnocchi.634498fe-7df1-49fc-b024-adc43972f9ed/1780920000.0_mean_300.0_v3 HTTP/1.0 404 - python-swiftclient-3.11.1 gAAAAABqKrJkPf-5... - 70 - txeebe0767b4c64aaa8baa0-006a2ab2f8 - 0.0085 - - 1781183224.449744463 1781183224.458277941 0
Jun 11 13:07:04 standalone container-server[126933]: 172.20.0.100 - - [11/Jun/2026:13:07:04 +0000] "PUT /d1/16/AUTH_7832f58621f8472aac4a78dc4760d88f/gnocchi.634498fe-7df1-49fc-b024-adc43972f9ed/1780920000.0_mean_300.0_v3" 201 - "PUT http://172.18.0.2:8080/d1/762/AUTH_7832f58621f8472aac4a78dc4760d88f/gnocchi.634498fe-7df1-49fc-b024-adc43972f9ed/1780920000.0_mean_300.0_v3" "txbaf8ad57c97d48b3bd0ba-006a2ab2f8" "object-server 24" 0.0008 "-" 21 0
Jun 11 13:07:04 standalone object-server[127205]: 172.20.0.100 - - [11/Jun/2026:13:07:04 +0000] "PUT /d1/762/AUTH_7832f58621f8472aac4a78dc4760d88f/gnocchi.634498fe-7df1-49fc-b024-adc43972f9ed/1780920000.0_mean_300.0_v3" 201 - "PUT http://172.18.0.2:8080/v1/AUTH_7832f58621f8472aac4a78dc4760d88f/gnocchi.634498fe-7df1-49fc-b024-adc43972f9ed/1780920000.0_mean_300.0_v3" "txbaf8ad57c97d48b3bd0ba-006a2ab2f8" "proxy-server 20" 0.0138 "-" 24 0
Jun 11 13:07:04 standalone proxy-server[128813]: 172.18.0.2 172.18.0.100 11/Jun/2026/13/07/04 PUT /v1/AUTH_7832f58621f8472aac4a78dc4760d88f/gnocchi.634498fe-7df1-49fc-b024-adc43972f9ed/1780920000.0_mean_300.0_v3 HTTP/1.0 201 - python-swiftclient-3.11.1 gAAAAABqKrJkPf-5... 16 - - txbaf8ad57c97d48b3bd0ba-006a2ab2f8 - 0.0211 - - 1781183224.461606026 1781183224.482659578 0
Jun 11 13:07:04 standalone container-server[126932]: 172.20.0.100 - - [11/Jun/2026:13:07:04 +0000] "PUT /d1/16/AUTH_7832f58621f8472aac4a78dc4760d88f/gnocchi.634498fe-7df1-49fc-b024-adc43972f9ed/none_v3" 201 - "PUT http://172.18.0.2:8080/d1/18/AUTH_7832f58621f8472aac4a78dc4760d88f/gnocchi.634498fe-7df1-49fc-b024-adc43972f9ed/none_v3" "tx2f7cb13ef90a4cc9ba1ad-006a2ab2f8" "object-server 23" 0.0007 "-" 20 0
Jun 11 13:07:04 standalone object-server[127203]: 172.20.0.100 - - [11/Jun/2026:13:07:04 +0000] "PUT /d1/18/AUTH_7832f58621f8472aac4a78dc4760d88f/gnocchi.634498fe-7df1-49fc-b024-adc43972f9ed/none_v3" 201 - "PUT http://172.18.0.2:8080/v1/AUTH_7832f58621f8472aac4a78dc4760d88f/gnocchi.634498fe-7df1-49fc-b024-adc43972f9ed/none_v3" "tx2f7cb13ef90a4cc9ba1ad-006a2ab2f8" "proxy-server 20" 0.0102 "-" 23 0
Jun 11 13:07:04 standalone proxy-server[128813]: 172.18.0.2 172.18.0.100 11/Jun/2026/13/07/04 PUT /v1/AUTH_7832f58621f8472aac4a78dc4760d88f/gnocchi.634498fe-7df1-49fc-b024-adc43972f9ed/none_v3 HTTP/1.0 201 - python-swiftclient-3.11.1 gAAAAABqKrJkPf-5... 22 - - tx2f7cb13ef90a4cc9ba1ad-006a2ab2f8 - 0.0165 - - 1781183224.487294674 1781183224.503778219 0
Jun 11 13:07:10 standalone object-server[127205]: 172.20.0.100 - - [11/Jun/2026:13:07:10 +0000] "GET /d1/18/AUTH_7832f58621f8472aac4a78dc4760d88f/gnocchi.634498fe-7df1-49fc-b024-adc43972f9ed/none_v3" 200 22 "GET http://172.18.0.2:8080/v1/AUTH_7832f58621f8472aac4a78dc4760d88f/gnocchi.634498fe-7df1-49fc-b024-adc43972f9ed/none_v3" "txebdb0934a9e646b98d487-006a2ab2fe" "proxy-server 20" 0.0016 "-" 24 0
Jun 11 13:07:10 standalone proxy-server[128813]: 172.18.0.2 172.18.0.100 11/Jun/2026/13/07/10 GET /v1/AUTH_7832f58621f8472aac4a78dc4760d88f/gnocchi.634498fe-7df1-49fc-b024-adc43972f9ed/none_v3 HTTP/1.0 200 - python-swiftclient-3.11.1 gAAAAABqKrJkPf-5... - 22 - txebdb0934a9e646b98d487-006a2ab2fe - 0.0132 - - 1781183230.034582615 1781183230.047736883 0
Jun 11 13:07:10 standalone container-server[126938]: 172.20.0.100 - - [11/Jun/2026:13:07:10 +0000] "GET /d1/16/AUTH_7832f58621f8472aac4a78dc4760d88f/gnocchi.634498fe-7df1-49fc-b024-adc43972f9ed" 200 357 "GET http://172.18.0.2:8080/v1/AUTH_7832f58621f8472aac4a78dc4760d88f/gnocchi.634498fe-7df1-49fc-b024-adc43972f9ed?format=json&states=listing" "txa40a9b7555af4662b84d0-006a2ab2fe" "proxy-server 20" 0.0107 "-" 22 0
Jun 11 13:07:10 standalone proxy-server[128813]: 172.18.0.2 172.18.0.100 11/Jun/2026/13/07/10 GET /v1/AUTH_7832f58621f8472aac4a78dc4760d88f/gnocchi.634498fe-7df1-49fc-b024-adc43972f9ed%3Fformat%3Djson%26states%3Dlisting HTTP/1.0 200 - python-swiftclient-3.11.1 gAAAAABqKrJkPf-5... - 357 - txa40a9b7555af4662b84d0-006a2ab2fe - 0.0209 - - 1781183230.052672148 1781183230.073586464 0
Jun 11 13:07:10 standalone container-server[126933]: 172.20.0.100 - - [11/Jun/2026:13:07:10 +0000] "GET /d1/16/AUTH_7832f58621f8472aac4a78dc4760d88f/gnocchi.634498fe-7df1-49fc-b024-adc43972f9ed" 200 2 "GET http://172.18.0.2:8080/v1/AUTH_7832f58621f8472aac4a78dc4760d88f/gnocchi.634498fe-7df1-49fc-b024-adc43972f9ed?format=json&marker=none_v3&states=listing" "txf08fab9441604c0083bff-006a2ab2fe" "proxy-server 20" 0.0034 "-" 21 0
Jun 11 13:07:10 standalone proxy-server[128813]: 172.18.0.2 172.18.0.100 11/Jun/2026/13/07/10 GET /v1/AUTH_7832f58621f8472aac4a78dc4760d88f/gnocchi.634498fe-7df1-49fc-b024-adc43972f9ed%3Fformat%3Djson%26marker%3Dnone_v3%26states%3Dlisting HTTP/1.0 200 - python-swiftclient-3.11.1 gAAAAABqKrJkPf-5... - 2 - txf08fab9441604c0083bff-006a2ab2fe - 0.0135 - - 1781183230.078660250 1781183230.092125416 0
Jun 11 13:07:10 standalone object-server[127203]: 172.20.0.100 - - [11/Jun/2026:13:07:10 +0000] "GET /d1/762/AUTH_7832f58621f8472aac4a78dc4760d88f/gnocchi.634498fe-7df1-49fc-b024-adc43972f9ed/1780920000.0_mean_300.0_v3" 200 16 "GET http://172.18.0.2:8080/v1/AUTH_7832f58621f8472aac4a78dc4760d88f/gnocchi.634498fe-7df1-49fc-b024-adc43972f9ed/1780920000.0_mean_300.0_v3" "txfdfe98b1da80479a957f6-006a2ab2fe" "proxy-server 20" 0.0015 "-" 23 0
Jun 11 13:07:10 standalone proxy-server[128813]: 172.18.0.2 172.18.0.100 11/Jun/2026/13/07/10 GET /v1/AUTH_7832f58621f8472aac4a78dc4760d88f/gnocchi.634498fe-7df1-49fc-b024-adc43972f9ed/1780920000.0_mean_300.0_v3 HTTP/1.0 200 - python-swiftclient-3.11.1 gAAAAABqKrJkPf-5... - 16 - txfdfe98b1da80479a957f6-006a2ab2fe - 0.0123 - - 1781183230.098531485 1781183230.110840082 0
Jun 11 13:07:10 standalone container-server[126949]: 172.20.0.100 - - [11/Jun/2026:13:07:10 +0000] "PUT /d1/16/AUTH_7832f58621f8472aac4a78dc4760d88f/gnocchi.634498fe-7df1-49fc-b024-adc43972f9ed/1780920000.0_mean_300.0_v3" 201 - "PUT http://172.18.0.2:8080/d1/762/AUTH_7832f58621f8472aac4a78dc4760d88f/gnocchi.634498fe-7df1-49fc-b024-adc43972f9ed/1780920000.0_mean_300.0_v3" "tx3def4329a74349f3bec35-006a2ab2fe" "object-server 22" 0.0009 "-" 23 0
Jun 11 13:07:10 standalone object-server[127202]: 172.20.0.100 - - [11/Jun/2026:13:07:10 +0000] "PUT /d1/762/AUTH_7832f58621f8472aac4a78dc4760d88f/gnocchi.634498fe-7df1-49fc-b024-adc43972f9ed/1780920000.0_mean_300.0_v3" 201 - "PUT http://172.18.0.2:8080/v1/AUTH_7832f58621f8472aac4a78dc4760d88f/gnocchi.634498fe-7df1-49fc-b024-adc43972f9ed/1780920000.0_mean_300.0_v3" "tx3def4329a74349f3bec35-006a2ab2fe" "proxy-server 20" 0.0171 "-" 22 0
Jun 11 13:07:10 standalone proxy-server[128813]: 172.18.0.2 172.18.0.100 11/Jun/2026/13/07/10 PUT /v1/AUTH_7832f58621f8472aac4a78dc4760d88f/gnocchi.634498fe-7df1-49fc-b024-adc43972f9ed/1780920000.0_mean_300.0_v3 HTTP/1.0 201 - python-swiftclient-3.11.1 gAAAAABqKrJkPf-5... 16 - - tx3def4329a74349f3bec35-006a2ab2fe - 0.0275 - - 1781183230.115805864 1781183230.143311262 0
Jun 11 13:07:10 standalone container-server[126949]: 172.20.0.100 - - [11/Jun/2026:13:07:10 +0000] "PUT /d1/16/AUTH_7832f58621f8472aac4a78dc4760d88f/gnocchi.634498fe-7df1-49fc-b024-adc43972f9ed/none_v3" 201 - "PUT http://172.18.0.2:8080/d1/18/AUTH_7832f58621f8472aac4a78dc4760d88f/gnocchi.634498fe-7df1-49fc-b024-adc43972f9ed/none_v3" "tx6db15ec9603f421bb0f41-006a2ab2fe" "object-server 23" 0.0008 "-" 23 0
Jun 11 13:07:10 standalone object-server[127203]: 172.20.0.100 - - [11/Jun/2026:13:07:10 +0000] "PUT /d1/18/AUTH_7832f58621f8472aac4a78dc4760d88f/gnocchi.634498fe-7df1-49fc-b024-adc43972f9ed/none_v3" 201 - "PUT http://172.18.0.2:8080/v1/AUTH_7832f58621f8472aac4a78dc4760d88f/gnocchi.634498fe-7df1-49fc-b024-adc43972f9ed/none_v3" "tx6db15ec9603f421bb0f41-006a2ab2fe" "proxy-server 20" 0.0134 "-" 23 0
Jun 11 13:07:10 standalone proxy-server[128813]: 172.18.0.2 172.18.0.100 11/Jun/2026/13/07/10 PUT /v1/AUTH_7832f58621f8472aac4a78dc4760d88f/gnocchi.634498fe-7df1-49fc-b024-adc43972f9ed/none_v3 HTTP/1.0 201 - python-swiftclient-3.11.1 gAAAAABqKrJkPf-5... 32 - - tx6db15ec9603f421bb0f41-006a2ab2fe - 0.0226 - - 1781183230.148288250 1781183230.170879126 0
Jun 11 13:08:50 standalone account-server[126918]: 172.20.0.100 - - [11/Jun/2026:13:08:50 +0000] "HEAD /d1/607/.expiring_objects" 404 - "HEAD http://localhost/v1/.expiring_objects?format=json" "tx84a4406f65b14526bc60c-006a2ab362" "proxy-server 2" 0.0009 "-" 23 -
Jun 11 13:08:50 standalone object-expirer[126874]: Pass completed in 0s; 0 objects expired (txn: tx84a4406f65b14526bc60c-006a2ab362)
Jun 11 13:09:51 standalone object-server[126950]: Begin object update sweep
Jun 11 13:09:51 standalone object-server[270516]: Object update sweep starting on /srv/node/d1 (pid: 15)
Jun 11 13:09:51 standalone object-server[270516]: Object update sweep completed on /srv/node/d1 in 0.00s seconds:, 0 successes, 0 failures, 0 quarantines, 0 unlinks, 0 errors, 0 redirects (pid: 15)
Jun 11 13:09:51 standalone object-server[270516]: Object update sweep of d1 completed: 0.00s, 0 successes, 0 failures, 0 quarantines, 0 unlinks, 0 errors, 0 redirects
Jun 11 13:09:51 standalone object-server[126950]: Object update sweep completed: 0.10s
Jun 11 13:10:09 standalone container-server[126545]: Begin container update sweep
Jun 11 13:10:10 standalone account-server[126918]: 172.20.0.100 - - [11/Jun/2026:13:10:10 +0000] "PUT /d1/378/AUTH_7832f58621f8472aac4a78dc4760d88f/gnocchi.d2b87289-fcab-416c-a9ad-f8759b9e2857" 201 - "-" "-" "container-updater 2" 0.0017 "-" 23 0
Jun 11 13:10:10 standalone account-server[126918]: 172.20.0.100 - - [11/Jun/2026:13:10:10 +0000] "PUT /d1/378/AUTH_7832f58621f8472aac4a78dc4760d88f/gnocchi.a90451dd-2ced-474b-9db9-830ad3307f35" 201 - "-" "-" "container-updater 2" 0.0006 "-" 23 0
Jun 11 13:10:10 standalone account-server[126914]: 172.20.0.100 - - [11/Jun/2026:13:10:10 +0000] "PUT /d1/378/AUTH_7832f58621f8472aac4a78dc4760d88f/gnocchi.0b0f0e6c-e8ea-43ec-9271-bca3601d4f78" 201 - "-" "-" "container-updater 2" 0.0006 "-" 22 0
Jun 11 13:10:10 standalone account-server[126918]: 172.20.0.100 - - [11/Jun/2026:13:10:10 +0000] "PUT /d1/378/AUTH_7832f58621f8472aac4a78dc4760d88f/gnocchi.ad12ec6f-3b95-4ae6-b1f2-ced9e00926e2" 201 - "-" "-" "container-updater 2" 0.0006 "-" 23 0
Jun 11 13:10:10 standalone account-server[126902]: 172.20.0.100 - - [11/Jun/2026:13:10:10 +0000] "PUT /d1/378/AUTH_7832f58621f8472aac4a78dc4760d88f/gnocchi.60a21275-2671-4548-8fe6-52c368ed06e6" 201 - "-" "-" "container-updater 2" 0.0009 "-" 21 0
Jun 11 13:10:10 standalone account-server[126918]: 172.20.0.100 - - [11/Jun/2026:13:10:10 +0000] "PUT /d1/378/AUTH_7832f58621f8472aac4a78dc4760d88f/gnocchi.634498fe-7df1-49fc-b024-adc43972f9ed" 201 - "-" "-" "container-updater 2" 0.0009 "-" 23 0
Jun 11 13:10:10 standalone account-server[126897]: 172.20.0.100 - - [11/Jun/2026:13:10:10 +0000] "PUT /d1/378/AUTH_7832f58621f8472aac4a78dc4760d88f/gnocchi.ca902cf9-7383-4f91-ac39-94624d50212e" 201 - "-" "-" "container-updater 2" 0.0010 "-" 20 0
Jun 11 13:10:10 standalone account-server[126897]: 172.20.0.100 - - [11/Jun/2026:13:10:10 +0000] "PUT /d1/378/AUTH_7832f58621f8472aac4a78dc4760d88f/gnocchi.c1a008cf-23bf-4073-ba2b-1a0681c3a1c0" 201 - "-" "-" "container-updater 2" 0.0011 "-" 20 0
Jun 11 13:10:11 standalone account-server[126918]: 172.20.0.100 - - [11/Jun/2026:13:10:11 +0000] "PUT /d1/378/AUTH_7832f58621f8472aac4a78dc4760d88f/gnocchi.5ab7f409-5e62-4ee7-8f98-78f276e98ebd" 201 - "-" "-" "container-updater 2" 0.0007 "-" 23 0
Jun 11 13:10:11 standalone account-server[126897]: 172.20.0.100 - - [11/Jun/2026:13:10:11 +0000] "PUT /d1/378/AUTH_7832f58621f8472aac4a78dc4760d88f/gnocchi.c1680750-60c7-4f23-94a3-111d250e0af2" 201 - "-" "-" "container-updater 2" 0.0008 "-" 20 0
Jun 11 13:10:11 standalone account-server[126897]: 172.20.0.100 - - [11/Jun/2026:13:10:11 +0000] "PUT /d1/378/AUTH_7832f58621f8472aac4a78dc4760d88f/gnocchi.db5e6520-351b-4902-bb9c-99b1c63e5104" 201 - "-" "-" "container-updater 2" 0.0008 "-" 20 0
Jun 11 13:10:11 standalone account-server[126897]: 172.20.0.100 - - [11/Jun/2026:13:10:11 +0000] "PUT /d1/378/AUTH_7832f58621f8472aac4a78dc4760d88f/gnocchi.3990081d-49fd-4c21-8d9a-75f136240b79" 201 - "-" "-" "container-updater 2" 0.0006 "-" 20 0
Jun 11 13:10:11 standalone account-server[126914]: 172.20.0.100 - - [11/Jun/2026:13:10:11 +0000] "PUT /d1/378/AUTH_7832f58621f8472aac4a78dc4760d88f/gnocchi.c60edb92-7006-4ca4-b6aa-aed4443aa86e" 201 - "-" "-" "container-updater 2" 0.0011 "-" 22 0
Jun 11 13:10:11 standalone account-server[126914]: 172.20.0.100 - - [11/Jun/2026:13:10:11 +0000] "PUT /d1/378/AUTH_7832f58621f8472aac4a78dc4760d88f/gnocchi.676c0b12-cddf-4bf7-96a7-5bde2c39b68a" 201 - "-" "-" "container-updater 2" 0.0006 "-" 22 0
Jun 11 13:10:11 standalone account-server[126914]: 172.20.0.100 - - [11/Jun/2026:13:10:11 +0000] "PUT /d1/378/AUTH_7832f58621f8472aac4a78dc4760d88f/gnocchi.b587d0fd-8b25-4239-b056-c0303944b27f" 201 - "-" "-" "container-updater 2" 0.0008 "-" 22 0
Jun 11 13:10:12 standalone account-server[126914]: 172.20.0.100 - - [11/Jun/2026:13:10:12 +0000] "PUT /d1/378/AUTH_7832f58621f8472aac4a78dc4760d88f/gnocchi.ea6f5784-e76a-4f28-8a36-0a6124f20fe6" 201 - "-" "-" "container-updater 2" 0.0005 "-" 22 0
Jun 11 13:10:12 standalone account-server[126902]: 172.20.0.100 - - [11/Jun/2026:13:10:12 +0000] "PUT /d1/378/AUTH_7832f58621f8472aac4a78dc4760d88f/gnocchi.11daa7f7-aaac-4f19-845b-fa8939c66db2" 201 - "-" "-" "container-updater 2" 0.0008 "-" 21 0
Jun 11 13:10:12 standalone account-server[126918]: 172.20.0.100 - - [11/Jun/2026:13:10:12 +0000] "PUT /d1/378/AUTH_7832f58621f8472aac4a78dc4760d88f/gnocchi.a2fe15fd-4f87-495a-9ba6-39fbcce2cbbf" 201 - "-" "-" "container-updater 2" 0.0008 "-" 23 0
Jun 11 13:10:12 standalone account-server[126918]: 172.20.0.100 - - [11/Jun/2026:13:10:12 +0000] "PUT /d1/378/AUTH_7832f58621f8472aac4a78dc4760d88f/gnocchi.1d3aa686-eed6-4408-b364-ee330a13074a" 201 - "-" "-" "container-updater 2" 0.0006 "-" 23 0
Jun 11 13:10:12 standalone account-server[126914]: 172.20.0.100 - - [11/Jun/2026:13:10:12 +0000] "PUT /d1/378/AUTH_7832f58621f8472aac4a78dc4760d88f/gnocchi.1e4d5e9e-76d3-4174-b7b3-ab5e31324b8e" 201 - "-" "-" "container-updater 2" 0.0008 "-" 22 0
Jun 11 13:10:12 standalone account-server[126902]: 172.20.0.100 - - [11/Jun/2026:13:10:12 +0000] "PUT /d1/378/AUTH_7832f58621f8472aac4a78dc4760d88f/gnocchi.e70592bd-0cc7-402e-90e7-8528212d29e3" 201 - "-" "-" "container-updater 2" 0.0010 "-" 21 0
Jun 11 13:10:12 standalone account-server[126897]: 172.20.0.100 - - [11/Jun/2026:13:10:12 +0000] "PUT /d1/378/AUTH_7832f58621f8472aac4a78dc4760d88f/gnocchi.760d2928-c650-4d26-b225-f74de3beadb6" 201 - "-" "-" "container-updater 2" 0.0005 "-" 20 0
Jun 11 13:10:12 standalone account-server[126914]: 172.20.0.100 - - [11/Jun/2026:13:10:12 +0000] "PUT /d1/378/AUTH_7832f58621f8472aac4a78dc4760d88f/gnocchi.a522e7c7-7ce9-43d5-b2f0-3c73ce005314" 201 - "-" "-" "container-updater 2" 0.0006 "-" 22 0
Jun 11 13:10:13 standalone account-server[126897]: 172.20.0.100 - - [11/Jun/2026:13:10:13 +0000] "PUT /d1/378/AUTH_7832f58621f8472aac4a78dc4760d88f/gnocchi.a024efba-e9d4-4b93-985b-a063ab2672f2" 201 - "-" "-" "container-updater 2" 0.0007 "-" 20 0
Jun 11 13:10:13 standalone account-server[126914]: 172.20.0.100 - - [11/Jun/2026:13:10:13 +0000] "PUT /d1/378/AUTH_7832f58621f8472aac4a78dc4760d88f/gnocchi.f3bc925e-fc58-4cd3-873a-0f45488a1ba3" 201 - "-" "-" "container-updater 2" 0.0010 "-" 22 0
Jun 11 13:10:13 standalone account-server[126914]: 172.20.0.100 - - [11/Jun/2026:13:10:13 +0000] "PUT /d1/378/AUTH_7832f58621f8472aac4a78dc4760d88f/gnocchi.500183f0-9221-46fe-b712-e086f9a31d82" 201 - "-" "-" "container-updater 2" 0.0014 "-" 22 0
Jun 11 13:10:13 standalone account-server[126914]: 172.20.0.100 - - [11/Jun/2026:13:10:13 +0000] "PUT /d1/378/AUTH_7832f58621f8472aac4a78dc4760d88f/gnocchi.e685f339-6d55-4746-8503-4d7ad16b5f3b" 201 - "-" "-" "container-updater 2" 0.0009 "-" 22 0
Jun 11 13:10:13 standalone account-server[126897]: 172.20.0.100 - - [11/Jun/2026:13:10:13 +0000] "PUT /d1/378/AUTH_7832f58621f8472aac4a78dc4760d88f/gnocchi.d1c96cd9-9c7d-4d6b-ac46-6fe5d5060b5d" 201 - "-" "-" "container-updater 2" 0.0009 "-" 20 0
Jun 11 13:10:13 standalone account-server[126902]: 172.20.0.100 - - [11/Jun/2026:13:10:13 +0000] "PUT /d1/378/AUTH_7832f58621f8472aac4a78dc4760d88f/gnocchi.86877cb2-37b5-46da-a7b8-e4dbf6330aa1" 201 - "-" "-" "container-updater 2" 0.0006 "-" 21 0
Jun 11 13:10:13 standalone container-server[126545]: Container update sweep completed: 3.84s
Jun 11 13:10:19 standalone account-server[126914]: 172.20.0.100 - - [11/Jun/2026:13:10:19 +0000] "HEAD /d1/607/.expiring_objects" 404 - "HEAD http://localhost/v1/.expiring_objects?format=json" "tx0c665fd4964d4051b82c5-006a2ab3bb" "proxy-server 2" 0.0010 "-" 22 -
Jun 11 13:10:19 standalone object-expirer[126874]: Pass completed in 0s; 0 objects expired (txn: tx0c665fd4964d4051b82c5-006a2ab3bb)
Jun 11 13:12:48 standalone account-server[126918]: 172.20.0.100 - - [11/Jun/2026:13:12:48 +0000] "HEAD /d1/607/.expiring_objects" 404 - "HEAD http://localhost/v1/.expiring_objects?format=json" "tx7aef5fe581be46af8458a-006a2ab450" "proxy-server 2" 0.0012 "-" 23 -
Jun 11 13:12:48 standalone object-expirer[126874]: Pass completed in 0s; 0 objects expired (txn: tx7aef5fe581be46af8458a-006a2ab450)
Jun 11 13:14:51 standalone object-server[126950]: Begin object update sweep
Jun 11 13:14:51 standalone object-server[300945]: Object update sweep starting on /srv/node/d1 (pid: 16)
Jun 11 13:14:51 standalone object-server[300945]: Object update sweep completed on /srv/node/d1 in 0.00s seconds:, 0 successes, 0 failures, 0 quarantines, 0 unlinks, 0 errors, 0 redirects (pid: 16)
Jun 11 13:14:51 standalone object-server[300945]: Object update sweep of d1 completed: 0.00s, 0 successes, 0 failures, 0 quarantines, 0 unlinks, 0 errors, 0 redirects
Jun 11 13:14:52 standalone object-server[126950]: Object update sweep completed: 0.10s
Jun 11 13:15:10 standalone container-server[126545]: Begin container update sweep
Jun 11 13:15:12 standalone container-server[126545]: Container update sweep completed: 2.15s
Jun 11 13:16:16 standalone account-server[126902]: 172.20.0.100 - - [11/Jun/2026:13:16:16 +0000] "HEAD /d1/607/.expiring_objects" 404 - "HEAD http://localhost/v1/.expiring_objects?format=json" "tx7ba987755291426fab9fe-006a2ab520" "proxy-server 2" 0.0009 "-" 21 -
Jun 11 13:16:16 standalone object-expirer[126874]: Pass completed in 0s; 0 objects expired (txn: tx7ba987755291426fab9fe-006a2ab520)
Jun 11 13:18:23 standalone account-server[126897]: 172.20.0.100 - - [11/Jun/2026:13:18:23 +0000] "HEAD /d1/607/.expiring_objects" 404 - "HEAD http://localhost/v1/.expiring_objects?format=json" "txdccc557d01064e4288bfe-006a2ab59f" "proxy-server 2" 0.0009 "-" 20 -
Jun 11 13:18:23 standalone object-expirer[126874]: Pass completed in 0s; 0 objects expired (txn: txdccc557d01064e4288bfe-006a2ab59f)
Jun 11 13:19:09 standalone account-server[126897]: 172.20.0.100 - - [11/Jun/2026:13:19:09 +0000] "HEAD /d1/607/.expiring_objects" 404 - "HEAD http://localhost/v1/.expiring_objects?format=json" "txd064b56f0c7b402ab9b4b-006a2ab5cd" "proxy-server 2" 0.0009 "-" 20 -
Jun 11 13:19:09 standalone object-expirer[126874]: Pass completed in 0s; 0 objects expired (txn: txd064b56f0c7b402ab9b4b-006a2ab5cd)
Jun 11 13:19:52 standalone object-server[126950]: Begin object update sweep
Jun 11 13:19:52 standalone object-server[322532]: Object update sweep starting on /srv/node/d1 (pid: 17)
Jun 11 13:19:52 standalone object-server[322532]: Object update sweep completed on /srv/node/d1 in 0.00s seconds:, 0 successes, 0 failures, 0 quarantines, 0 unlinks, 0 errors, 0 redirects (pid: 17)
Jun 11 13:19:52 standalone object-server[322532]: Object update sweep of d1 completed: 0.00s, 0 successes, 0 failures, 0 quarantines, 0 unlinks, 0 errors, 0 redirects
Jun 11 13:19:52 standalone object-server[126950]: Object update sweep completed: 0.09s
Jun 11 13:20:10 standalone container-server[126545]: Begin container update sweep
Jun 11 13:20:11 standalone container-server[126545]: Container update sweep completed: 1.96s
Jun 11 13:20:49 standalone account-server[126902]: 172.20.0.100 - - [11/Jun/2026:13:20:49 +0000] "HEAD /d1/607/.expiring_objects" 404 - "HEAD http://localhost/v1/.expiring_objects?format=json" "tx35cecae8d0694d9dba06a-006a2ab631" "proxy-server 2" 0.0005 "-" 21 -
Jun 11 13:20:49 standalone object-expirer[126874]: Pass completed in 0s; 0 objects expired (txn: tx35cecae8d0694d9dba06a-006a2ab631)
Jun 11 13:21:55 standalone account-server[126897]: 172.20.0.100 - - [11/Jun/2026:13:21:55 +0000] "HEAD /d1/607/.expiring_objects" 404 - "HEAD http://localhost/v1/.expiring_objects?format=json" "txaf9eea0a6c96464692842-006a2ab673" "proxy-server 2" 0.0008 "-" 20 -
Jun 11 13:21:55 standalone object-expirer[126874]: Pass completed in 0s; 0 objects expired (txn: txaf9eea0a6c96464692842-006a2ab673)
Jun 11 13:24:52 standalone object-server[126950]: Begin object update sweep
Jun 11 13:24:52 standalone object-server[345994]: Object update sweep starting on /srv/node/d1 (pid: 18)
Jun 11 13:24:52 standalone object-server[345994]: Object update sweep completed on /srv/node/d1 in 0.00s seconds:, 0 successes, 0 failures, 0 quarantines, 0 unlinks, 0 errors, 0 redirects (pid: 18)
Jun 11 13:24:52 standalone object-server[345994]: Object update sweep of d1 completed: 0.00s, 0 successes, 0 failures, 0 quarantines, 0 unlinks, 0 errors, 0 redirects
Jun 11 13:24:52 standalone object-server[126950]: Object update sweep completed: 0.07s
Jun 11 13:25:10 standalone container-server[126545]: Begin container update sweep
Jun 11 13:25:12 standalone container-server[126545]: Container update sweep completed: 2.40s
Jun 11 13:26:06 standalone account-server[126897]: 172.20.0.100 - - [11/Jun/2026:13:26:06 +0000] "HEAD /d1/607/.expiring_objects" 404 - "HEAD http://localhost/v1/.expiring_objects?format=json" "tx3c8341ab893941b4b4e90-006a2ab76e" "proxy-server 2" 0.0006 "-" 20 -
Jun 11 13:26:06 standalone object-expirer[126874]: Pass completed in 0s; 0 objects expired (txn: tx3c8341ab893941b4b4e90-006a2ab76e)
Jun 11 13:26:14 standalone account-server[126386]: Devices pass completed: 0.00s
Jun 11 13:29:28 standalone account-server[126918]: 172.20.0.100 - - [11/Jun/2026:13:29:28 +0000] "HEAD /d1/607/.expiring_objects" 404 - "HEAD http://localhost/v1/.expiring_objects?format=json" "txaba06b51a1124118b404e-006a2ab838" "proxy-server 2" 0.0010 "-" 23 -
Jun 11 13:29:28 standalone object-expirer[126874]: Pass completed in 0s; 0 objects expired (txn: txaba06b51a1124118b404e-006a2ab838)
Jun 11 13:29:52 standalone object-server[126950]: Begin object update sweep
Jun 11 13:29:52 standalone object-server[367000]: Object update sweep starting on /srv/node/d1 (pid: 19)
Jun 11 13:29:52 standalone object-server[367000]: Object update sweep completed on /srv/node/d1 in 0.00s seconds:, 0 successes, 0 failures, 0 quarantines, 0 unlinks, 0 errors, 0 redirects (pid: 19)
Jun 11 13:29:52 standalone object-server[367000]: Object update sweep of d1 completed: 0.00s, 0 successes, 0 failures, 0 quarantines, 0 unlinks, 0 errors, 0 redirects
Jun 11 13:29:52 standalone object-server[126950]: Object update sweep completed: 0.08s
Jun 11 13:30:10 standalone container-server[126545]: Begin container update sweep
Jun 11 13:30:12 standalone container-server[126545]: Container update sweep completed: 1.90s
Jun 11 13:31:17 standalone account-server[126902]: 172.20.0.100 - - [11/Jun/2026:13:31:17 +0000] "HEAD /d1/607/.expiring_objects" 404 - "HEAD http://localhost/v1/.expiring_objects?format=json" "tx90d81d4470cf4fde9f3b0-006a2ab8a5" "proxy-server 2" 0.0008 "-" 21 -
Jun 11 13:31:17 standalone object-expirer[126874]: Pass completed in 0s; 0 objects expired (txn: tx90d81d4470cf4fde9f3b0-006a2ab8a5)
Jun 11 13:34:52 standalone object-server[126950]: Begin object update sweep
Jun 11 13:34:52 standalone object-server[388936]: Object update sweep starting on /srv/node/d1 (pid: 20)
Jun 11 13:34:52 standalone object-server[388936]: Object update sweep completed on /srv/node/d1 in 0.00s seconds:, 0 successes, 0 failures, 0 quarantines, 0 unlinks, 0 errors, 0 redirects (pid: 20)
Jun 11 13:34:52 standalone object-server[388936]: Object update sweep of d1 completed: 0.00s, 0 successes, 0 failures, 0 quarantines, 0 unlinks, 0 errors, 0 redirects
Jun 11 13:34:52 standalone object-server[126950]: Object update sweep completed: 0.09s
Jun 11 13:35:10 standalone container-server[126545]: Begin container update sweep
Jun 11 13:35:12 standalone container-server[126545]: Container update sweep completed: 2.61s
Jun 11 13:35:54 standalone account-server[126914]: 172.20.0.100 - - [11/Jun/2026:13:35:54 +0000] "HEAD /d1/607/.expiring_objects" 404 - "HEAD http://localhost/v1/.expiring_objects?format=json" "tx0106cbed7e9745959c684-006a2ab9ba" "proxy-server 2" 0.0008 "-" 22 -
Jun 11 13:35:54 standalone object-expirer[126874]: Pass completed in 0s; 0 objects expired (txn: tx0106cbed7e9745959c684-006a2ab9ba)
Jun 11 13:36:53 standalone account-server[126914]: 172.20.0.100 - - [11/Jun/2026:13:36:53 +0000] "HEAD /d1/607/.expiring_objects" 404 - "HEAD http://localhost/v1/.expiring_objects?format=json" "tx2215f1973e6e450f8b654-006a2ab9f4" "proxy-server 2" 0.0009 "-" 22 -
Jun 11 13:36:53 standalone object-expirer[126874]: Pass completed in 0s; 0 objects expired (txn: tx2215f1973e6e450f8b654-006a2ab9f4)
Jun 11 13:39:52 standalone object-server[126950]: Begin object update sweep
Jun 11 13:39:52 standalone object-server[400530]: Object update sweep starting on /srv/node/d1 (pid: 21)
Jun 11 13:39:52 standalone object-server[400530]: Object update sweep completed on /srv/node/d1 in 0.00s seconds:, 0 successes, 0 failures, 0 quarantines, 0 unlinks, 0 errors, 0 redirects (pid: 21)
Jun 11 13:39:52 standalone object-server[400530]: Object update sweep of d1 completed: 0.00s, 0 successes, 0 failures, 0 quarantines, 0 unlinks, 0 errors, 0 redirects
Jun 11 13:39:52 standalone object-server[126950]: Object update sweep completed: 0.08s
Jun 11 13:40:10 standalone container-server[126545]: Begin container update sweep
Jun 11 13:40:12 standalone container-server[126545]: Container update sweep completed: 2.39s
Jun 11 13:40:14 standalone account-server[126902]: 172.20.0.100 - - [11/Jun/2026:13:40:14 +0000] "HEAD /d1/607/.expiring_objects" 404 - "HEAD http://localhost/v1/.expiring_objects?format=json" "tx8d045a173e2b4e16bdb32-006a2ababe" "proxy-server 2" 0.0011 "-" 21 -
Jun 11 13:40:14 standalone object-expirer[126874]: Pass completed in 0s; 0 objects expired (txn: tx8d045a173e2b4e16bdb32-006a2ababe)
Jun 11 13:44:08 standalone account-server[126914]: 172.20.0.100 - - [11/Jun/2026:13:44:08 +0000] "HEAD /d1/607/.expiring_objects" 404 - "HEAD http://localhost/v1/.expiring_objects?format=json" "tx69d3990c4fd24de7ba16e-006a2abba8" "proxy-server 2" 0.0008 "-" 22 -
Jun 11 13:44:08 standalone object-expirer[126874]: Pass completed in 0s; 0 objects expired (txn: tx69d3990c4fd24de7ba16e-006a2abba8)
Jun 11 13:44:52 standalone object-server[126950]: Begin object update sweep
Jun 11 13:44:52 standalone object-server[407645]: Object update sweep starting on /srv/node/d1 (pid: 22)
Jun 11 13:44:52 standalone object-server[407645]: Object update sweep completed on /srv/node/d1 in 0.00s seconds:, 0 successes, 0 failures, 0 quarantines, 0 unlinks, 0 errors, 0 redirects (pid: 22)
Jun 11 13:44:52 standalone object-server[407645]: Object update sweep of d1 completed: 0.00s, 0 successes, 0 failures, 0 quarantines, 0 unlinks, 0 errors, 0 redirects
Jun 11 13:44:52 standalone object-server[126950]: Object update sweep completed: 0.11s
Jun 11 13:45:01 standalone proxy-server[128561]: SIGTERM received (2)
Jun 11 13:45:01 standalone proxy-server[128561]: Exited (2)
Jun 11 13:45:10 standalone container-server[126545]: Begin container update sweep
Jun 11 13:45:12 standalone container-server[126545]: Container update sweep completed: 2.51s
Jun 11 13:47:16 standalone account-server[126897]: 172.20.0.100 - - [11/Jun/2026:13:47:16 +0000] "HEAD /d1/607/.expiring_objects" 404 - "HEAD http://localhost/v1/.expiring_objects?format=json" "txdc6ab25bbae840a686a9d-006a2abc64" "proxy-server 2" 0.0009 "-" 20 -
Jun 11 13:47:16 standalone object-expirer[126874]: Pass completed in 0s; 0 objects expired (txn: txdc6ab25bbae840a686a9d-006a2abc64)
Jun 11 13:47:45 standalone account-server[126902]: 172.20.0.100 - - [11/Jun/2026:13:47:45 +0000] "HEAD /d1/607/.expiring_objects" 404 - "HEAD http://localhost/v1/.expiring_objects?format=json" "tx9304812057d44b08be855-006a2abc81" "proxy-server 2" 0.0009 "-" 21 -
Jun 11 13:47:45 standalone object-expirer[126874]: Pass completed in 0s; 0 objects expired (txn: tx9304812057d44b08be855-006a2abc81)
Jun 11 13:49:52 standalone object-server[126950]: Begin object update sweep
Jun 11 13:49:52 standalone object-server[431233]: Object update sweep starting on /srv/node/d1 (pid: 23)
Jun 11 13:49:52 standalone object-server[431233]: Object update sweep completed on /srv/node/d1 in 0.00s seconds:, 0 successes, 0 failures, 0 quarantines, 0 unlinks, 0 errors, 0 redirects (pid: 23)
Jun 11 13:49:52 standalone object-server[431233]: Object update sweep of d1 completed: 0.00s, 0 successes, 0 failures, 0 quarantines, 0 unlinks, 0 errors, 0 redirects
Jun 11 13:49:52 standalone object-server[126950]: Object update sweep completed: 0.09s
Jun 11 13:50:07 standalone account-server[126918]: 172.20.0.100 - - [11/Jun/2026:13:50:07 +0000] "HEAD /d1/607/.expiring_objects" 404 - "HEAD http://localhost/v1/.expiring_objects?format=json" "tx435a3cb7490d4e1e9db0c-006a2abd0f" "proxy-server 2" 0.0007 "-" 23 -
Jun 11 13:50:07 standalone object-expirer[126874]: Pass completed in 0s; 0 objects expired (txn: tx435a3cb7490d4e1e9db0c-006a2abd0f)
Jun 11 13:50:10 standalone container-server[126545]: Begin container update sweep
Jun 11 13:50:12 standalone container-server[126545]: Container update sweep completed: 2.18s
Jun 11 13:52:57 standalone account-server[126918]: 172.20.0.100 - - [11/Jun/2026:13:52:57 +0000] "HEAD /d1/607/.expiring_objects" 404 - "HEAD http://localhost/v1/.expiring_objects?format=json" "tx33b8406615064b0bba4f8-006a2abdb9" "proxy-server 2" 0.0009 "-" 23 -
Jun 11 13:52:58 standalone object-expirer[126874]: Pass completed in 0s; 0 objects expired (txn: tx33b8406615064b0bba4f8-006a2abdb9)
Jun 11 13:53:07 standalone account-server[126918]: 172.20.0.100 - - [11/Jun/2026:13:53:07 +0000] "HEAD /d1/607/.expiring_objects" 404 - "HEAD http://localhost/v1/.expiring_objects?format=json" "txe0bbab7cc0b748d4a0017-006a2abdc3" "proxy-server 2" 0.0006 "-" 23 -
Jun 11 13:53:07 standalone object-expirer[126874]: Pass completed in 0s; 0 objects expired (txn: txe0bbab7cc0b748d4a0017-006a2abdc3)
Jun 11 13:53:44 standalone account-server[126902]: 172.20.0.100 - - [11/Jun/2026:13:53:44 +0000] "HEAD /d1/607/.expiring_objects" 404 - "HEAD http://localhost/v1/.expiring_objects?format=json" "tx5208643f31ac41f8a72d9-006a2abde8" "proxy-server 2" 0.0011 "-" 21 -
Jun 11 13:53:44 standalone object-expirer[126874]: Pass completed in 0s; 0 objects expired (txn: tx5208643f31ac41f8a72d9-006a2abde8)
Jun 11 13:54:43 standalone account-server[126897]: 172.20.0.100 - - [11/Jun/2026:13:54:43 +0000] "HEAD /d1/607/.expiring_objects" 404 - "HEAD http://localhost/v1/.expiring_objects?format=json" "txf91e95950c464394a10bd-006a2abe23" "proxy-server 2" 0.0009 "-" 20 -
Jun 11 13:54:43 standalone object-expirer[126874]: Pass completed in 0s; 0 objects expired (txn: txf91e95950c464394a10bd-006a2abe23)
Jun 11 13:54:52 standalone object-server[126950]: Begin object update sweep
Jun 11 13:54:52 standalone object-server[450365]: Object update sweep starting on /srv/node/d1 (pid: 24)
Jun 11 13:54:52 standalone object-server[450365]: Object update sweep completed on /srv/node/d1 in 0.00s seconds:, 0 successes, 0 failures, 0 quarantines, 0 unlinks, 0 errors, 0 redirects (pid: 24)
Jun 11 13:54:52 standalone object-server[450365]: Object update sweep of d1 completed: 0.00s, 0 successes, 0 failures, 0 quarantines, 0 unlinks, 0 errors, 0 redirects
Jun 11 13:54:52 standalone object-server[126950]: Object update sweep completed: 0.09s
Jun 11 13:54:54 standalone account-server[126918]: 172.20.0.100 - - [11/Jun/2026:13:54:54 +0000] "HEAD /d1/607/.expiring_objects" 404 - "HEAD http://localhost/v1/.expiring_objects?format=json" "tx999b0d41c577419491c37-006a2abe2e" "proxy-server 2" 0.0007 "-" 23 -
Jun 11 13:54:54 standalone object-expirer[126874]: Pass completed in 0s; 0 objects expired (txn: tx999b0d41c577419491c37-006a2abe2e)
Jun 11 13:55:10 standalone container-server[126545]: Begin container update sweep
Jun 11 13:55:13 standalone container-server[126545]: Container update sweep completed: 2.52s
Jun 11 13:55:42 standalone account-server[126897]: 172.20.0.100 - - [11/Jun/2026:13:55:42 +0000] "HEAD /d1/607/.expiring_objects" 404 - "HEAD http://localhost/v1/.expiring_objects?format=json" "txc56592a0c567431ea5951-006a2abe5e" "proxy-server 2" 0.0010 "-" 20 -
Jun 11 13:55:42 standalone object-expirer[126874]: Pass completed in 0s; 0 objects expired (txn: txc56592a0c567431ea5951-006a2abe5e)
Jun 11 13:55:43 standalone account-server[126897]: 172.20.0.100 - - [11/Jun/2026:13:55:43 +0000] "HEAD /d1/607/.expiring_objects" 404 - "HEAD http://localhost/v1/.expiring_objects?format=json" "tx13a8b7f0d249426e9207c-006a2abe5f" "proxy-server 2" 0.0006 "-" 20 -
Jun 11 13:55:43 standalone object-expirer[126874]: Pass completed in 0s; 0 objects expired (txn: tx13a8b7f0d249426e9207c-006a2abe5f)
Jun 11 13:59:49 standalone account-server[126902]: 172.20.0.100 - - [11/Jun/2026:13:59:49 +0000] "HEAD /d1/607/.expiring_objects" 404 - "HEAD http://localhost/v1/.expiring_objects?format=json" "tx61194545354445d5a6831-006a2abf55" "proxy-server 2" 0.0007 "-" 21 -
Jun 11 13:59:49 standalone object-expirer[126874]: Pass completed in 0s; 0 objects expired (txn: tx61194545354445d5a6831-006a2abf55)
Jun 11 13:59:52 standalone object-server[126950]: Begin object update sweep
Jun 11 13:59:52 standalone object-server[478968]: Object update sweep starting on /srv/node/d1 (pid: 25)
Jun 11 13:59:52 standalone object-server[478968]: Object update sweep completed on /srv/node/d1 in 0.00s seconds:, 0 successes, 0 failures, 0 quarantines, 0 unlinks, 0 errors, 0 redirects (pid: 25)
Jun 11 13:59:52 standalone object-server[478968]: Object update sweep of d1 completed: 0.00s, 0 successes, 0 failures, 0 quarantines, 0 unlinks, 0 errors, 0 redirects
Jun 11 13:59:52 standalone object-server[126950]: Object update sweep completed: 0.09s
Jun 11 14:00:10 standalone container-server[126545]: Begin container update sweep
Jun 11 14:00:12 standalone container-server[126545]: Container update sweep completed: 1.76s
Jun 11 14:03:13 standalone account-server[126902]: 172.20.0.100 - - [11/Jun/2026:14:03:13 +0000] "HEAD /d1/607/.expiring_objects" 404 - "HEAD http://localhost/v1/.expiring_objects?format=json" "tx81f8aaefaf0947d18bebd-006a2ac021" "proxy-server 2" 0.0006 "-" 21 -
Jun 11 14:03:13 standalone object-expirer[126874]: Pass completed in 0s; 0 objects expired (txn: tx81f8aaefaf0947d18bebd-006a2ac021)
Jun 11 14:04:52 standalone object-server[126950]: Begin object update sweep
Jun 11 14:04:52 standalone object-server[529949]: Object update sweep starting on /srv/node/d1 (pid: 26)
Jun 11 14:04:52 standalone object-server[529949]: Object update sweep completed on /srv/node/d1 in 0.00s seconds:, 0 successes, 0 failures, 0 quarantines, 0 unlinks, 0 errors, 0 redirects (pid: 26)
Jun 11 14:04:52 standalone object-server[529949]: Object update sweep of d1 completed: 0.00s, 0 successes, 0 failures, 0 quarantines, 0 unlinks, 0 errors, 0 redirects
Jun 11 14:04:52 standalone object-server[126950]: Object update sweep completed: 0.09s
Jun 11 14:05:10 standalone container-server[126545]: Begin container update sweep
Jun 11 14:05:12 standalone container-server[126545]: Container update sweep completed: 1.99s
Jun 11 14:06:25 standalone account-server[126918]: 172.20.0.100 - - [11/Jun/2026:14:06:25 +0000] "HEAD /d1/607/.expiring_objects" 404 - "HEAD http://localhost/v1/.expiring_objects?format=json" "tx639523dacd0c45ddb5cdc-006a2ac0e1" "proxy-server 2" 0.0007 "-" 23 -
Jun 11 14:06:25 standalone object-expirer[126874]: Pass completed in 0s; 0 objects expired (txn: tx639523dacd0c45ddb5cdc-006a2ac0e1)
Jun 11 14:08:09 standalone account-server[126918]: 172.20.0.100 - - [11/Jun/2026:14:08:09 +0000] "HEAD /d1/607/.expiring_objects" 404 - "HEAD http://localhost/v1/.expiring_objects?format=json" "tx6b6d293cdcc6484f83ad8-006a2ac149" "proxy-server 2" 0.0007 "-" 23 -
Jun 11 14:08:09 standalone object-expirer[126874]: Pass completed in 0s; 0 objects expired (txn: tx6b6d293cdcc6484f83ad8-006a2ac149)
Jun 11 14:09:53 standalone object-server[126950]: Begin object update sweep
Jun 11 14:09:53 standalone object-server[563247]: Object update sweep starting on /srv/node/d1 (pid: 27)
Jun 11 14:09:53 standalone object-server[563247]: Object update sweep completed on /srv/node/d1 in 0.00s seconds:, 0 successes, 0 failures, 0 quarantines, 0 unlinks, 0 errors, 0 redirects (pid: 27)
Jun 11 14:09:53 standalone object-server[563247]: Object update sweep of d1 completed: 0.00s, 0 successes, 0 failures, 0 quarantines, 0 unlinks, 0 errors, 0 redirects
Jun 11 14:09:53 standalone object-server[126950]: Object update sweep completed: 0.09s
Jun 11 14:10:10 standalone container-server[126545]: Begin container update sweep
Jun 11 14:10:13 standalone container-server[126545]: Container update sweep completed: 2.21s
