Jun 11 12:50:57 standalone account-server[126386]: Starting 2
Jun 11 12:50:58 standalone container-server[126545]: Starting 2
Jun 11 12:50:58 standalone account-server[126568]: Started child 20 from parent 2
Jun 11 12:50:58 standalone account-server[126568]: Started child 21 from parent 2
Jun 11 12:50:58 standalone account-server[126568]: Started child 22 from parent 2
Jun 11 12:50:58 standalone account-server[126568]: Started child 23 from parent 2
Jun 11 12:50:58 standalone container-server[126536]: Option allow_versions is deprecated. Configure the versioned_writes middleware in the proxy-server instead. This option will be ignored in a future release.
Jun 11 12:50:58 standalone container-server[126932]: Option allow_versions is deprecated. Configure the versioned_writes middleware in the proxy-server instead. This option will be ignored in a future release.
Jun 11 12:50:58 standalone container-server[126536]: Started child 20 from parent 2
Jun 11 12:50:58 standalone container-server[126933]: Option allow_versions is deprecated. Configure the versioned_writes middleware in the proxy-server instead. This option will be ignored in a future release.
Jun 11 12:50:58 standalone container-server[126536]: Started child 21 from parent 2
Jun 11 12:50:58 standalone container-server[126938]: Option allow_versions is deprecated. Configure the versioned_writes middleware in the proxy-server instead. This option will be ignored in a future release.
Jun 11 12:50:58 standalone container-server[126536]: Started child 22 from parent 2
Jun 11 12:50:58 standalone container-server[126949]: Option allow_versions is deprecated. Configure the versioned_writes middleware in the proxy-server instead. This option will be ignored in a future release.
Jun 11 12:50:58 standalone container-server[126536]: Started child 23 from parent 2
Jun 11 12:50:59 standalone object-expirer[126874]: Starting 2
Jun 11 12:50:59 standalone object-expirer[126874]: Option auto_create_account_prefix is deprecated. Configure auto_create_account_prefix under the swift-constraints section of swift.conf. This option will be ignored in a future release.
Jun 11 12:50:59 standalone object-server[126950]: Starting 2
Jun 11 12:50:59 standalone object-server[127043]: Started child 22 from parent 2
Jun 11 12:50:59 standalone object-server[127043]: Started child 23 from parent 2
Jun 11 12:50:59 standalone object-server[127043]: Started child 24 from parent 2
Jun 11 12:50:59 standalone object-server[127043]: Started child 25 from parent 2
Jun 11 12:51:05 standalone proxy-server[128561]: Starting Keystone auth_token middleware
Jun 11 12:51:05 standalone proxy-server[128561]: AuthToken middleware is set with keystone_authtoken.service_token_roles_required set to False. This is backwards compatible but deprecated behaviour. Please set this to True.
Jun 11 12:51:05 standalone proxy-server[128813]: Starting Keystone auth_token middleware
Jun 11 12:51:05 standalone proxy-server[128813]: STDERR: The option "bind_port" is not known to keystonemiddleware
Jun 11 12:51:05 standalone proxy-server[128813]: STDERR: The option "workers" is not known to keystonemiddleware
Jun 11 12:51:05 standalone proxy-server[128813]: STDERR: The option "user" is not known to keystonemiddleware
Jun 11 12:51:05 standalone proxy-server[128813]: STDERR: The option "bind_ip" is not known to keystonemiddleware
Jun 11 12:51:05 standalone proxy-server[128813]: STDERR: The option "log_name" is not known to keystonemiddleware
Jun 11 12:51:05 standalone proxy-server[128813]: STDERR: The option "log_facility" is not known to keystonemiddleware
Jun 11 12:51:05 standalone proxy-server[128813]: STDERR: The option "log_level" is not known to keystonemiddleware
Jun 11 12:51:05 standalone proxy-server[128813]: STDERR: The option "log_headers" is not known to keystonemiddleware
Jun 11 12:51:05 standalone proxy-server[128813]: STDERR: The option "log_address" is not known to keystonemiddleware
Jun 11 12:51:05 standalone proxy-server[128813]: STDERR: The option "project_name" is not known to keystonemiddleware
Jun 11 12:51:05 standalone proxy-server[128813]: STDERR: The option "username" is not known to keystonemiddleware
Jun 11 12:51:05 standalone proxy-server[128813]: STDERR: The option "password" is not known to keystonemiddleware
Jun 11 12:51:05 standalone proxy-server[128813]: STDERR: The option "auth_url" is not known to keystonemiddleware
Jun 11 12:51:05 standalone proxy-server[128813]: STDERR: The option "signing_dir" is not known to keystonemiddleware
Jun 11 12:51:05 standalone proxy-server[128813]: STDERR: The option "project_domain_id" is not known to keystonemiddleware
Jun 11 12:51:05 standalone proxy-server[128813]: STDERR: The option "user_domain_id" is not known to keystonemiddleware
Jun 11 12:51:05 standalone proxy-server[128813]: STDERR: The option "__name__" is not known to keystonemiddleware
Jun 11 12:51:05 standalone proxy-server[128813]: AuthToken middleware is set with keystone_authtoken.service_token_roles_required set to False. This is backwards compatible but deprecated behaviour. Please set this to True.
Jun 11 12:51:05 standalone proxy-server[128561]: Started child 20 from parent 2
Jun 11 12:51:31 standalone account-server[126914]: 172.20.0.100 - - [11/Jun/2026:12:51:31 +0000] "HEAD /d1/607/.expiring_objects" 404 - "HEAD http://localhost/v1/.expiring_objects?format=json" "tx432c9d77a8ae48bba3b8d-006a2aaf53" "proxy-server 2" 0.0016 "-" 22 -
Jun 11 12:51:31 standalone object-expirer[126874]: Pass completed in 0s; 0 objects expired (txn: tx432c9d77a8ae48bba3b8d-006a2aaf53)
Jun 11 12:54:38 standalone account-server[126914]: 172.20.0.100 - - [11/Jun/2026:12:54:38 +0000] "HEAD /d1/607/.expiring_objects" 404 - "HEAD http://localhost/v1/.expiring_objects?format=json" "txf9ed30dbc1ac4de2ba777-006a2ab00e" "proxy-server 2" 0.0004 "-" 22 -
Jun 11 12:54:38 standalone object-expirer[126874]: Pass completed in 0s; 0 objects expired (txn: txf9ed30dbc1ac4de2ba777-006a2ab00e)
Jun 11 12:54:51 standalone object-server[126950]: Begin object update sweep
Jun 11 12:54:51 standalone object-server[155060]: Object update sweep starting on /srv/node/d1 (pid: 12)
Jun 11 12:54:51 standalone object-server[155060]: Object update sweep completed on /srv/node/d1 in 0.00s seconds:, 0 successes, 0 failures, 0 quarantines, 0 unlinks, 0 errors, 0 redirects (pid: 12)
Jun 11 12:54:51 standalone object-server[155060]: Object update sweep of d1 completed: 0.00s, 0 successes, 0 failures, 0 quarantines, 0 unlinks, 0 errors, 0 redirects
Jun 11 12:54:51 standalone object-server[126950]: Object update sweep completed: 0.08s
Jun 11 12:55:09 standalone container-server[126545]: Begin container update sweep
Jun 11 12:55:09 standalone container-server[126545]: Container update sweep completed: 0.00s
Jun 11 12:55:56 standalone account-server[126918]: 172.20.0.100 - - [11/Jun/2026:12:55:56 +0000] "HEAD /d1/607/.expiring_objects" 404 - "HEAD http://localhost/v1/.expiring_objects?format=json" "txd3decfac3c7f4a20a46be-006a2ab05c" "proxy-server 2" 0.0029 "-" 23 -
Jun 11 12:55:56 standalone object-expirer[126874]: Pass completed in 0s; 0 objects expired (txn: txd3decfac3c7f4a20a46be-006a2ab05c)
Jun 11 12:59:51 standalone object-server[126950]: Begin object update sweep
Jun 11 12:59:51 standalone object-server[196979]: Object update sweep starting on /srv/node/d1 (pid: 13)
Jun 11 12:59:51 standalone object-server[196979]: Object update sweep completed on /srv/node/d1 in 0.00s seconds:, 0 successes, 0 failures, 0 quarantines, 0 unlinks, 0 errors, 0 redirects (pid: 13)
Jun 11 12:59:51 standalone object-server[196979]: Object update sweep of d1 completed: 0.00s, 0 successes, 0 failures, 0 quarantines, 0 unlinks, 0 errors, 0 redirects
Jun 11 12:59:51 standalone object-server[126950]: Object update sweep completed: 0.11s
Jun 11 13:00:09 standalone container-server[126545]: Begin container update sweep
Jun 11 13:00:09 standalone container-server[126545]: Container update sweep completed: 0.00s
Jun 11 13:00:25 standalone account-server[126914]: 172.20.0.100 - - [11/Jun/2026:13:00:25 +0000] "HEAD /d1/607/.expiring_objects" 404 - "HEAD http://localhost/v1/.expiring_objects?format=json" "tx0a8d17f664c148efb9253-006a2ab169" "proxy-server 2" 0.0005 "-" 22 -
Jun 11 13:00:25 standalone object-expirer[126874]: Pass completed in 0s; 0 objects expired (txn: tx0a8d17f664c148efb9253-006a2ab169)
Jun 11 13:00:45 standalone account-server[126918]: 172.20.0.100 - - [11/Jun/2026:13:00:45 +0000] "HEAD /d1/607/.expiring_objects" 404 - "HEAD http://localhost/v1/.expiring_objects?format=json" "tx6685e0f5a6204c6d9fbd1-006a2ab17d" "proxy-server 2" 0.0003 "-" 23 -
Jun 11 13:00:45 standalone object-expirer[126874]: Pass completed in 0s; 0 objects expired (txn: tx6685e0f5a6204c6d9fbd1-006a2ab17d)
Jun 11 13:04:08 standalone account-server[126897]: 172.20.0.100 - - [11/Jun/2026:13:04:08 +0000] "HEAD /d1/607/.expiring_objects" 404 - "HEAD http://localhost/v1/.expiring_objects?format=json" "tx787dab6acf674b3bbb8ab-006a2ab248" "proxy-server 2" 0.0016 "-" 20 -
Jun 11 13:04:08 standalone object-expirer[126874]: Pass completed in 0s; 0 objects expired (txn: tx787dab6acf674b3bbb8ab-006a2ab248)
Jun 11 13:04:37 standalone account-server[126914]: 172.20.0.100 - - [11/Jun/2026:13:04:37 +0000] "HEAD /d1/378/AUTH_7832f58621f8472aac4a78dc4760d88f" 404 - "HEAD http://172.18.0.2:8080/v1/AUTH_7832f58621f8472aac4a78dc4760d88f?format=json" "tx2166b0a9a53c4a6d947e6-006a2ab265" "proxy-server 20" 0.0006 "-" 22 -
Jun 11 13:04:37 standalone proxy-server[128813]: - - 11/Jun/2026/13/04/37 HEAD /v1/AUTH_7832f58621f8472aac4a78dc4760d88f%3Fformat%3Djson HTTP/1.0 200 - Swift - - - - tx2166b0a9a53c4a6d947e6-006a2ab265 - 0.0079 RL - 1781183077.015349388 1781183077.023216724 -
Jun 11 13:04:37 standalone object-server[127206]: 172.20.0.100 - - [11/Jun/2026:13:04:37 +0000] "GET /d1/395/AUTH_7832f58621f8472aac4a78dc4760d88f/gnocchi.d8002169-68bd-437a-a582-2a2f0a89f438/none_v3" 404 70 "GET http://172.18.0.2:8080/v1/AUTH_7832f58621f8472aac4a78dc4760d88f/gnocchi.d8002169-68bd-437a-a582-2a2f0a89f438/none_v3" "tx2166b0a9a53c4a6d947e6-006a2ab265" "proxy-server 20" 0.0013 "-" 25 0
Jun 11 13:04:37 standalone proxy-server[128813]: 172.18.0.2 172.18.0.100 11/Jun/2026/13/04/37 GET /v1/AUTH_7832f58621f8472aac4a78dc4760d88f/gnocchi.d8002169-68bd-437a-a582-2a2f0a89f438/none_v3 HTTP/1.0 404 - python-swiftclient-3.11.1 gAAAAABqKrJkPf-5... - 70 - tx2166b0a9a53c4a6d947e6-006a2ab265 - 0.4660 - - 1781183077.011528730 1781183077.477543592 0
Jun 11 13:04:37 standalone account-server[126902]: 172.20.0.100 - - [11/Jun/2026:13:04:37 +0000] "PUT /d1/378/AUTH_7832f58621f8472aac4a78dc4760d88f" 201 - "-" "txef26d2c019b6431e81e4e-006a2ab265" "-" 0.0141 "-" 21 -
Jun 11 13:04:37 standalone proxy-server[128813]: autocreate account '/AUTH_7832f58621f8472aac4a78dc4760d88f' (txn: txef26d2c019b6431e81e4e-006a2ab265)
Jun 11 13:04:37 standalone account-server[126902]: 172.20.0.100 - - [11/Jun/2026:13:04:37 +0000] "HEAD /d1/378/AUTH_7832f58621f8472aac4a78dc4760d88f" 204 - "HEAD http://172.18.0.2:8080/v1/AUTH_7832f58621f8472aac4a78dc4760d88f?format=json" "txef26d2c019b6431e81e4e-006a2ab265" "proxy-server 20" 0.0012 "-" 21 -
Jun 11 13:04:37 standalone account-server[126902]: 172.20.0.100 - - [11/Jun/2026:13:04:37 +0000] "PUT /d1/378/AUTH_7832f58621f8472aac4a78dc4760d88f/gnocchi.d8002169-68bd-437a-a582-2a2f0a89f438" 201 - "PUT http://172.20.0.100:6001/d1/755/AUTH_7832f58621f8472aac4a78dc4760d88f/gnocchi.d8002169-68bd-437a-a582-2a2f0a89f438" "txef26d2c019b6431e81e4e-006a2ab265" "container-server 21" 0.0011 "-" 21 0
Jun 11 13:04:37 standalone container-server[126933]: 172.20.0.100 - - [11/Jun/2026:13:04:37 +0000] "PUT /d1/755/AUTH_7832f58621f8472aac4a78dc4760d88f/gnocchi.d8002169-68bd-437a-a582-2a2f0a89f438" 201 - "PUT http://172.18.0.2:8080/v1/AUTH_7832f58621f8472aac4a78dc4760d88f/gnocchi.d8002169-68bd-437a-a582-2a2f0a89f438" "txef26d2c019b6431e81e4e-006a2ab265" "proxy-server 20" 0.0115 "-" 21 0
Jun 11 13:04:37 standalone proxy-server[128813]: 172.18.0.2 172.18.0.100 11/Jun/2026/13/04/37 PUT /v1/AUTH_7832f58621f8472aac4a78dc4760d88f/gnocchi.d8002169-68bd-437a-a582-2a2f0a89f438 HTTP/1.0 201 - python-swiftclient-3.11.1 gAAAAABqKrJkPf-5... - - - txef26d2c019b6431e81e4e-006a2ab265 - 0.0414 - - 1781183077.482595682 1781183077.523964167 0
Jun 11 13:04:37 standalone container-server[126932]: 172.20.0.100 - - [11/Jun/2026:13:04:37 +0000] "HEAD /d1/755/AUTH_7832f58621f8472aac4a78dc4760d88f/gnocchi.d8002169-68bd-437a-a582-2a2f0a89f438" 204 - "HEAD http://172.18.0.2:8080/v1/AUTH_7832f58621f8472aac4a78dc4760d88f/gnocchi.d8002169-68bd-437a-a582-2a2f0a89f438?format=json&states=listing" "txc151bc7c85504dfd97a29-006a2ab265" "proxy-server 20" 0.0042 "-" 20 0
Jun 11 13:04:37 standalone proxy-server[128813]: - - 11/Jun/2026/13/04/37 HEAD /v1/AUTH_7832f58621f8472aac4a78dc4760d88f/gnocchi.d8002169-68bd-437a-a582-2a2f0a89f438%3Fformat%3Djson%26states%3Dlisting HTTP/1.0 204 - Swift - - - - txc151bc7c85504dfd97a29-006a2ab265 - 0.0096 RL - 1781183077.530516624 1781183077.540142298 0
Jun 11 13:04:37 standalone container-server[126938]: 172.20.0.100 - - [11/Jun/2026:13:04:37 +0000] "GET /d1/755/AUTH_7832f58621f8472aac4a78dc4760d88f/gnocchi.d8002169-68bd-437a-a582-2a2f0a89f438" 200 2 "GET http://172.18.0.2:8080/v1/AUTH_7832f58621f8472aac4a78dc4760d88f/gnocchi.d8002169-68bd-437a-a582-2a2f0a89f438?format=json&states=listing" "txc151bc7c85504dfd97a29-006a2ab265" "proxy-server 20" 0.0032 "-" 22 0
Jun 11 13:04:37 standalone proxy-server[128813]: 172.18.0.2 172.18.0.100 11/Jun/2026/13/04/37 GET /v1/AUTH_7832f58621f8472aac4a78dc4760d88f/gnocchi.d8002169-68bd-437a-a582-2a2f0a89f438%3Fformat%3Djson%26states%3Dlisting HTTP/1.0 200 - python-swiftclient-3.11.1 gAAAAABqKrJkPf-5... - 2 - txc151bc7c85504dfd97a29-006a2ab265 - 0.0230 - - 1781183077.529117584 1781183077.552096367 0
Jun 11 13:04:37 standalone object-server[127202]: 172.20.0.100 - - [11/Jun/2026:13:04:37 +0000] "GET /d1/155/AUTH_7832f58621f8472aac4a78dc4760d88f/gnocchi.d8002169-68bd-437a-a582-2a2f0a89f438/1780920000.0_mean_300.0_v3" 404 70 "GET http://172.18.0.2:8080/v1/AUTH_7832f58621f8472aac4a78dc4760d88f/gnocchi.d8002169-68bd-437a-a582-2a2f0a89f438/1780920000.0_mean_300.0_v3" "tx2e8bfa84d1674ef49d4f4-006a2ab265" "proxy-server 20" 0.0007 "-" 22 0
Jun 11 13:04:37 standalone proxy-server[128813]: 172.18.0.2 172.18.0.100 11/Jun/2026/13/04/37 GET /v1/AUTH_7832f58621f8472aac4a78dc4760d88f/gnocchi.d8002169-68bd-437a-a582-2a2f0a89f438/1780920000.0_mean_300.0_v3 HTTP/1.0 404 - python-swiftclient-3.11.1 gAAAAABqKrJkPf-5... - 70 - tx2e8bfa84d1674ef49d4f4-006a2ab265 - 0.0066 - - 1781183077.558269024 1781183077.564917088 0
Jun 11 13:04:37 standalone container-server[126932]: 172.20.0.100 - - [11/Jun/2026:13:04:37 +0000] "PUT /d1/755/AUTH_7832f58621f8472aac4a78dc4760d88f/gnocchi.d8002169-68bd-437a-a582-2a2f0a89f438/1780920000.0_mean_300.0_v3" 201 - "PUT http://172.18.0.2:8080/d1/155/AUTH_7832f58621f8472aac4a78dc4760d88f/gnocchi.d8002169-68bd-437a-a582-2a2f0a89f438/1780920000.0_mean_300.0_v3" "txa0848f59df2346b0b40b5-006a2ab265" "object-server 25" 0.0009 "-" 20 0
Jun 11 13:04:37 standalone object-server[127206]: 172.20.0.100 - - [11/Jun/2026:13:04:37 +0000] "PUT /d1/155/AUTH_7832f58621f8472aac4a78dc4760d88f/gnocchi.d8002169-68bd-437a-a582-2a2f0a89f438/1780920000.0_mean_300.0_v3" 201 - "PUT http://172.18.0.2:8080/v1/AUTH_7832f58621f8472aac4a78dc4760d88f/gnocchi.d8002169-68bd-437a-a582-2a2f0a89f438/1780920000.0_mean_300.0_v3" "txa0848f59df2346b0b40b5-006a2ab265" "proxy-server 20" 0.0336 "-" 25 0
Jun 11 13:04:37 standalone proxy-server[128813]: 172.18.0.2 172.18.0.100 11/Jun/2026/13/04/37 PUT /v1/AUTH_7832f58621f8472aac4a78dc4760d88f/gnocchi.d8002169-68bd-437a-a582-2a2f0a89f438/1780920000.0_mean_300.0_v3 HTTP/1.0 201 - python-swiftclient-3.11.1 gAAAAABqKrJkPf-5... 16 - - txa0848f59df2346b0b40b5-006a2ab265 - 0.0418 - - 1781183077.570539951 1781183077.612387657 0
Jun 11 13:04:37 standalone container-server[126933]: 172.20.0.100 - - [11/Jun/2026:13:04:37 +0000] "PUT /d1/755/AUTH_7832f58621f8472aac4a78dc4760d88f/gnocchi.d8002169-68bd-437a-a582-2a2f0a89f438/none_v3" 201 - "PUT http://172.18.0.2:8080/d1/395/AUTH_7832f58621f8472aac4a78dc4760d88f/gnocchi.d8002169-68bd-437a-a582-2a2f0a89f438/none_v3" "txe8f33149480f4ef7a78d5-006a2ab265" "object-server 24" 0.0005 "-" 21 0
Jun 11 13:04:37 standalone object-server[127205]: 172.20.0.100 - - [11/Jun/2026:13:04:37 +0000] "PUT /d1/395/AUTH_7832f58621f8472aac4a78dc4760d88f/gnocchi.d8002169-68bd-437a-a582-2a2f0a89f438/none_v3" 201 - "PUT http://172.18.0.2:8080/v1/AUTH_7832f58621f8472aac4a78dc4760d88f/gnocchi.d8002169-68bd-437a-a582-2a2f0a89f438/none_v3" "txe8f33149480f4ef7a78d5-006a2ab265" "proxy-server 20" 0.0299 "-" 24 0
Jun 11 13:04:37 standalone proxy-server[128813]: 172.18.0.2 172.18.0.100 11/Jun/2026/13/04/37 PUT /v1/AUTH_7832f58621f8472aac4a78dc4760d88f/gnocchi.d8002169-68bd-437a-a582-2a2f0a89f438/none_v3 HTTP/1.0 201 - python-swiftclient-3.11.1 gAAAAABqKrJkPf-5... 22 - - txe8f33149480f4ef7a78d5-006a2ab265 - 0.0370 - - 1781183077.616598129 1781183077.653568983 0
Jun 11 13:04:51 standalone object-server[126950]: Begin object update sweep
Jun 11 13:04:51 standalone object-server[236508]: Object update sweep starting on /srv/node/d1 (pid: 14)
Jun 11 13:04:51 standalone object-server[236508]: Object update sweep completed on /srv/node/d1 in 0.00s seconds:, 0 successes, 0 failures, 0 quarantines, 0 unlinks, 0 errors, 0 redirects (pid: 14)
Jun 11 13:04:51 standalone object-server[236508]: Object update sweep of d1 completed: 0.00s, 0 successes, 0 failures, 0 quarantines, 0 unlinks, 0 errors, 0 redirects
Jun 11 13:04:51 standalone object-server[126950]: Object update sweep completed: 0.07s
Jun 11 13:05:06 standalone object-server[127206]: 172.20.0.100 - - [11/Jun/2026:13:05:06 +0000] "GET /d1/395/AUTH_7832f58621f8472aac4a78dc4760d88f/gnocchi.d8002169-68bd-437a-a582-2a2f0a89f438/none_v3" 200 22 "GET http://172.18.0.2:8080/v1/AUTH_7832f58621f8472aac4a78dc4760d88f/gnocchi.d8002169-68bd-437a-a582-2a2f0a89f438/none_v3" "tx38de3c3a5d194c349b413-006a2ab282" "proxy-server 20" 0.0010 "-" 25 0
Jun 11 13:05:06 standalone proxy-server[128813]: 172.18.0.2 172.18.0.100 11/Jun/2026/13/05/06 GET /v1/AUTH_7832f58621f8472aac4a78dc4760d88f/gnocchi.d8002169-68bd-437a-a582-2a2f0a89f438/none_v3 HTTP/1.0 200 - python-swiftclient-3.11.1 gAAAAABqKrJkPf-5... - 22 - tx38de3c3a5d194c349b413-006a2ab282 - 0.0086 - - 1781183106.734732866 1781183106.743357658 0
Jun 11 13:05:06 standalone container-server[126932]: 172.20.0.100 - - [11/Jun/2026:13:05:06 +0000] "GET /d1/755/AUTH_7832f58621f8472aac4a78dc4760d88f/gnocchi.d8002169-68bd-437a-a582-2a2f0a89f438" 200 357 "GET http://172.18.0.2:8080/v1/AUTH_7832f58621f8472aac4a78dc4760d88f/gnocchi.d8002169-68bd-437a-a582-2a2f0a89f438?format=json&states=listing" "tx4342bcc7a519488a90276-006a2ab282" "proxy-server 20" 0.0138 "-" 20 0
Jun 11 13:05:06 standalone proxy-server[128813]: 172.18.0.2 172.18.0.100 11/Jun/2026/13/05/06 GET /v1/AUTH_7832f58621f8472aac4a78dc4760d88f/gnocchi.d8002169-68bd-437a-a582-2a2f0a89f438%3Fformat%3Djson%26states%3Dlisting HTTP/1.0 200 - python-swiftclient-3.11.1 gAAAAABqKrJkPf-5... - 357 - tx4342bcc7a519488a90276-006a2ab282 - 0.0204 - - 1781183106.746995211 1781183106.767380953 0
Jun 11 13:05:06 standalone container-server[126938]: 172.20.0.100 - - [11/Jun/2026:13:05:06 +0000] "GET /d1/755/AUTH_7832f58621f8472aac4a78dc4760d88f/gnocchi.d8002169-68bd-437a-a582-2a2f0a89f438" 200 2 "GET http://172.18.0.2:8080/v1/AUTH_7832f58621f8472aac4a78dc4760d88f/gnocchi.d8002169-68bd-437a-a582-2a2f0a89f438?format=json&marker=none_v3&states=listing" "txc20987e9628d4719b2517-006a2ab282" "proxy-server 20" 0.0019 "-" 22 0
Jun 11 13:05:06 standalone proxy-server[128813]: 172.18.0.2 172.18.0.100 11/Jun/2026/13/05/06 GET /v1/AUTH_7832f58621f8472aac4a78dc4760d88f/gnocchi.d8002169-68bd-437a-a582-2a2f0a89f438%3Fformat%3Djson%26marker%3Dnone_v3%26states%3Dlisting HTTP/1.0 200 - python-swiftclient-3.11.1 gAAAAABqKrJkPf-5... - 2 - txc20987e9628d4719b2517-006a2ab282 - 0.0076 - - 1781183106.770304203 1781183106.777916431 0
Jun 11 13:05:06 standalone object-server[127205]: 172.20.0.100 - - [11/Jun/2026:13:05:06 +0000] "GET /d1/155/AUTH_7832f58621f8472aac4a78dc4760d88f/gnocchi.d8002169-68bd-437a-a582-2a2f0a89f438/1780920000.0_mean_300.0_v3" 200 16 "GET http://172.18.0.2:8080/v1/AUTH_7832f58621f8472aac4a78dc4760d88f/gnocchi.d8002169-68bd-437a-a582-2a2f0a89f438/1780920000.0_mean_300.0_v3" "txae57f1fbe6564460baf25-006a2ab282" "proxy-server 20" 0.0009 "-" 24 0
Jun 11 13:05:06 standalone proxy-server[128813]: 172.18.0.2 172.18.0.100 11/Jun/2026/13/05/06 GET /v1/AUTH_7832f58621f8472aac4a78dc4760d88f/gnocchi.d8002169-68bd-437a-a582-2a2f0a89f438/1780920000.0_mean_300.0_v3 HTTP/1.0 200 - python-swiftclient-3.11.1 gAAAAABqKrJkPf-5... - 16 - txae57f1fbe6564460baf25-006a2ab282 - 0.0120 - - 1781183106.781520605 1781183106.793512344 0
Jun 11 13:05:06 standalone container-server[126932]: 172.20.0.100 - - [11/Jun/2026:13:05:06 +0000] "PUT /d1/755/AUTH_7832f58621f8472aac4a78dc4760d88f/gnocchi.d8002169-68bd-437a-a582-2a2f0a89f438/1780920000.0_mean_300.0_v3" 201 - "PUT http://172.18.0.2:8080/d1/155/AUTH_7832f58621f8472aac4a78dc4760d88f/gnocchi.d8002169-68bd-437a-a582-2a2f0a89f438/1780920000.0_mean_300.0_v3" "tx11196f5a3ee14f568bb0c-006a2ab282" "object-server 24" 0.0008 "-" 20 0
Jun 11 13:05:06 standalone object-server[127205]: 172.20.0.100 - - [11/Jun/2026:13:05:06 +0000] "PUT /d1/155/AUTH_7832f58621f8472aac4a78dc4760d88f/gnocchi.d8002169-68bd-437a-a582-2a2f0a89f438/1780920000.0_mean_300.0_v3" 201 - "PUT http://172.18.0.2:8080/v1/AUTH_7832f58621f8472aac4a78dc4760d88f/gnocchi.d8002169-68bd-437a-a582-2a2f0a89f438/1780920000.0_mean_300.0_v3" "tx11196f5a3ee14f568bb0c-006a2ab282" "proxy-server 20" 0.0111 "-" 24 0
Jun 11 13:05:06 standalone proxy-server[128813]: 172.18.0.2 172.18.0.100 11/Jun/2026/13/05/06 PUT /v1/AUTH_7832f58621f8472aac4a78dc4760d88f/gnocchi.d8002169-68bd-437a-a582-2a2f0a89f438/1780920000.0_mean_300.0_v3 HTTP/1.0 201 - python-swiftclient-3.11.1 gAAAAABqKrJkPf-5... 16 - - tx11196f5a3ee14f568bb0c-006a2ab282 - 0.0158 - - 1781183106.796361685 1781183106.812162161 0
Jun 11 13:05:06 standalone container-server[126938]: 172.20.0.100 - - [11/Jun/2026:13:05:06 +0000] "PUT /d1/755/AUTH_7832f58621f8472aac4a78dc4760d88f/gnocchi.d8002169-68bd-437a-a582-2a2f0a89f438/none_v3" 201 - "PUT http://172.18.0.2:8080/d1/395/AUTH_7832f58621f8472aac4a78dc4760d88f/gnocchi.d8002169-68bd-437a-a582-2a2f0a89f438/none_v3" "tx3e81c91bd0364f2695894-006a2ab282" "object-server 24" 0.0005 "-" 22 0
Jun 11 13:05:06 standalone object-server[127205]: 172.20.0.100 - - [11/Jun/2026:13:05:06 +0000] "PUT /d1/395/AUTH_7832f58621f8472aac4a78dc4760d88f/gnocchi.d8002169-68bd-437a-a582-2a2f0a89f438/none_v3" 201 - "PUT http://172.18.0.2:8080/v1/AUTH_7832f58621f8472aac4a78dc4760d88f/gnocchi.d8002169-68bd-437a-a582-2a2f0a89f438/none_v3" "tx3e81c91bd0364f2695894-006a2ab282" "proxy-server 20" 0.0092 "-" 24 0
Jun 11 13:05:06 standalone proxy-server[128813]: 172.18.0.2 172.18.0.100 11/Jun/2026/13/05/06 PUT /v1/AUTH_7832f58621f8472aac4a78dc4760d88f/gnocchi.d8002169-68bd-437a-a582-2a2f0a89f438/none_v3 HTTP/1.0 201 - python-swiftclient-3.11.1 gAAAAABqKrJkPf-5... 32 - - tx3e81c91bd0364f2695894-006a2ab282 - 0.0140 - - 1781183106.815028429 1781183106.829075575 0
Jun 11 13:05:09 standalone container-server[126545]: Begin container update sweep
Jun 11 13:05:09 standalone account-server[126914]: 172.20.0.100 - - [11/Jun/2026:13:05:09 +0000] "PUT /d1/378/AUTH_7832f58621f8472aac4a78dc4760d88f/gnocchi.d8002169-68bd-437a-a582-2a2f0a89f438" 201 - "-" "-" "container-updater 2" 0.0008 "-" 22 0
Jun 11 13:05:09 standalone container-server[126545]: Container update sweep completed: 0.08s
Jun 11 13:05:35 standalone container-server[126933]: 172.20.0.100 - - [11/Jun/2026:13:05:35 +0000] "HEAD /d1/363/AUTH_7832f58621f8472aac4a78dc4760d88f/gnocchi.a522e7c7-7ce9-43d5-b2f0-3c73ce005314" 404 - "HEAD http://172.18.0.2:8080/v1/AUTH_7832f58621f8472aac4a78dc4760d88f/gnocchi.a522e7c7-7ce9-43d5-b2f0-3c73ce005314?format=json&states=listing" "tx6efa24ff7672433d8a84b-006a2ab29f" "proxy-server 20" 0.0008 "-" 21 0
Jun 11 13:05:35 standalone object-server[127205]: 172.20.0.100 - - [11/Jun/2026:13:05:35 +0000] "GET /d1/104/AUTH_7832f58621f8472aac4a78dc4760d88f/gnocchi.a522e7c7-7ce9-43d5-b2f0-3c73ce005314/none_v3" 404 70 "GET http://172.18.0.2:8080/v1/AUTH_7832f58621f8472aac4a78dc4760d88f/gnocchi.a522e7c7-7ce9-43d5-b2f0-3c73ce005314/none_v3" "tx6efa24ff7672433d8a84b-006a2ab29f" "proxy-server 20" 0.0005 "-" 24 0
Jun 11 13:05:35 standalone proxy-server[128813]: 172.18.0.2 172.18.0.100 11/Jun/2026/13/05/35 GET /v1/AUTH_7832f58621f8472aac4a78dc4760d88f/gnocchi.a522e7c7-7ce9-43d5-b2f0-3c73ce005314/none_v3 HTTP/1.0 404 - python-swiftclient-3.11.1 gAAAAABqKrJkPf-5... - 70 - tx6efa24ff7672433d8a84b-006a2ab29f - 0.0113 - - 1781183135.968577385 1781183135.979840994 0
Jun 11 13:05:36 standalone account-server[126918]: 172.20.0.100 - - [11/Jun/2026:13:05:36 +0000] "PUT /d1/378/AUTH_7832f58621f8472aac4a78dc4760d88f/gnocchi.a522e7c7-7ce9-43d5-b2f0-3c73ce005314" 201 - "PUT http://172.20.0.100:6001/d1/363/AUTH_7832f58621f8472aac4a78dc4760d88f/gnocchi.a522e7c7-7ce9-43d5-b2f0-3c73ce005314" "txab0f0896576c4bfab0678-006a2ab29f" "container-server 22" 0.0059 "-" 23 0
Jun 11 13:05:36 standalone container-server[126938]: 172.20.0.100 - - [11/Jun/2026:13:05:36 +0000] "PUT /d1/363/AUTH_7832f58621f8472aac4a78dc4760d88f/gnocchi.a522e7c7-7ce9-43d5-b2f0-3c73ce005314" 201 - "PUT http://172.18.0.2:8080/v1/AUTH_7832f58621f8472aac4a78dc4760d88f/gnocchi.a522e7c7-7ce9-43d5-b2f0-3c73ce005314" "txab0f0896576c4bfab0678-006a2ab29f" "proxy-server 20" 0.0189 "-" 22 0
Jun 11 13:05:36 standalone proxy-server[128813]: 172.18.0.2 172.18.0.100 11/Jun/2026/13/05/36 PUT /v1/AUTH_7832f58621f8472aac4a78dc4760d88f/gnocchi.a522e7c7-7ce9-43d5-b2f0-3c73ce005314 HTTP/1.0 201 - python-swiftclient-3.11.1 gAAAAABqKrJkPf-5... - - - txab0f0896576c4bfab0678-006a2ab29f - 0.0248 - - 1781183135.982817173 1781183136.007569551 0
Jun 11 13:05:36 standalone container-server[126933]: 172.20.0.100 - - [11/Jun/2026:13:05:36 +0000] "HEAD /d1/363/AUTH_7832f58621f8472aac4a78dc4760d88f/gnocchi.a522e7c7-7ce9-43d5-b2f0-3c73ce005314" 204 - "HEAD http://172.18.0.2:8080/v1/AUTH_7832f58621f8472aac4a78dc4760d88f/gnocchi.a522e7c7-7ce9-43d5-b2f0-3c73ce005314?format=json&states=listing" "txa01d4c9f55a745fabd38a-006a2ab2a0" "proxy-server 20" 0.0017 "-" 21 0
Jun 11 13:05:36 standalone proxy-server[128813]: - - 11/Jun/2026/13/05/36 HEAD /v1/AUTH_7832f58621f8472aac4a78dc4760d88f/gnocchi.a522e7c7-7ce9-43d5-b2f0-3c73ce005314%3Fformat%3Djson%26states%3Dlisting HTTP/1.0 204 - Swift - - - - txa01d4c9f55a745fabd38a-006a2ab2a0 - 0.0043 RL - 1781183136.012536049 1781183136.016864777 0
Jun 11 13:05:36 standalone container-server[126933]: 172.20.0.100 - - [11/Jun/2026:13:05:36 +0000] "GET /d1/363/AUTH_7832f58621f8472aac4a78dc4760d88f/gnocchi.a522e7c7-7ce9-43d5-b2f0-3c73ce005314" 200 2 "GET http://172.18.0.2:8080/v1/AUTH_7832f58621f8472aac4a78dc4760d88f/gnocchi.a522e7c7-7ce9-43d5-b2f0-3c73ce005314?format=json&states=listing" "txa01d4c9f55a745fabd38a-006a2ab2a0" "proxy-server 20" 0.0023 "-" 21 0
Jun 11 13:05:36 standalone proxy-server[128813]: 172.18.0.2 172.18.0.100 11/Jun/2026/13/05/36 GET /v1/AUTH_7832f58621f8472aac4a78dc4760d88f/gnocchi.a522e7c7-7ce9-43d5-b2f0-3c73ce005314%3Fformat%3Djson%26states%3Dlisting HTTP/1.0 200 - python-swiftclient-3.11.1 gAAAAABqKrJkPf-5... - 2 - txa01d4c9f55a745fabd38a-006a2ab2a0 - 0.0125 - - 1781183136.011659861 1781183136.024148703 0
Jun 11 13:05:36 standalone object-server[127202]: 172.20.0.100 - - [11/Jun/2026:13:05:36 +0000] "GET /d1/498/AUTH_7832f58621f8472aac4a78dc4760d88f/gnocchi.a522e7c7-7ce9-43d5-b2f0-3c73ce005314/1780920000.0_mean_300.0_v3" 404 70 "GET http://172.18.0.2:8080/v1/AUTH_7832f58621f8472aac4a78dc4760d88f/gnocchi.a522e7c7-7ce9-43d5-b2f0-3c73ce005314/1780920000.0_mean_300.0_v3" "tx5f944cebf3bd497a8955b-006a2ab2a0" "proxy-server 20" 0.0005 "-" 22 0
Jun 11 13:05:36 standalone proxy-server[128813]: 172.18.0.2 172.18.0.100 11/Jun/2026/13/05/36 GET /v1/AUTH_7832f58621f8472aac4a78dc4760d88f/gnocchi.a522e7c7-7ce9-43d5-b2f0-3c73ce005314/1780920000.0_mean_300.0_v3 HTTP/1.0 404 - python-swiftclient-3.11.1 gAAAAABqKrJkPf-5... - 70 - tx5f944cebf3bd497a8955b-006a2ab2a0 - 0.0052 - - 1781183136.027650833 1781183136.032847166 0
Jun 11 13:05:36 standalone container-server[126932]: 172.20.0.100 - - [11/Jun/2026:13:05:36 +0000] "PUT /d1/363/AUTH_7832f58621f8472aac4a78dc4760d88f/gnocchi.a522e7c7-7ce9-43d5-b2f0-3c73ce005314/1780920000.0_mean_300.0_v3" 201 - "PUT http://172.18.0.2:8080/d1/498/AUTH_7832f58621f8472aac4a78dc4760d88f/gnocchi.a522e7c7-7ce9-43d5-b2f0-3c73ce005314/1780920000.0_mean_300.0_v3" "tx8f2d45399fa44d5cb77b6-006a2ab2a0" "object-server 23" 0.0005 "-" 20 0
Jun 11 13:05:36 standalone object-server[127203]: 172.20.0.100 - - [11/Jun/2026:13:05:36 +0000] "PUT /d1/498/AUTH_7832f58621f8472aac4a78dc4760d88f/gnocchi.a522e7c7-7ce9-43d5-b2f0-3c73ce005314/1780920000.0_mean_300.0_v3" 201 - "PUT http://172.18.0.2:8080/v1/AUTH_7832f58621f8472aac4a78dc4760d88f/gnocchi.a522e7c7-7ce9-43d5-b2f0-3c73ce005314/1780920000.0_mean_300.0_v3" "tx8f2d45399fa44d5cb77b6-006a2ab2a0" "proxy-server 20" 0.0292 "-" 23 0
Jun 11 13:05:36 standalone proxy-server[128813]: 172.18.0.2 172.18.0.100 11/Jun/2026/13/05/36 PUT /v1/AUTH_7832f58621f8472aac4a78dc4760d88f/gnocchi.a522e7c7-7ce9-43d5-b2f0-3c73ce005314/1780920000.0_mean_300.0_v3 HTTP/1.0 201 - python-swiftclient-3.11.1 gAAAAABqKrJkPf-5... 16 - - tx8f2d45399fa44d5cb77b6-006a2ab2a0 - 0.0374 - - 1781183136.035452127 1781183136.072809696 0
Jun 11 13:05:36 standalone container-server[126933]: 172.20.0.100 - - [11/Jun/2026:13:05:36 +0000] "PUT /d1/363/AUTH_7832f58621f8472aac4a78dc4760d88f/gnocchi.a522e7c7-7ce9-43d5-b2f0-3c73ce005314/none_v3" 201 - "PUT http://172.18.0.2:8080/d1/104/AUTH_7832f58621f8472aac4a78dc4760d88f/gnocchi.a522e7c7-7ce9-43d5-b2f0-3c73ce005314/none_v3" "tx0a1b8734093e4498a9991-006a2ab2a0" "object-server 25" 0.0006 "-" 21 0
Jun 11 13:05:36 standalone object-server[127206]: 172.20.0.100 - - [11/Jun/2026:13:05:36 +0000] "PUT /d1/104/AUTH_7832f58621f8472aac4a78dc4760d88f/gnocchi.a522e7c7-7ce9-43d5-b2f0-3c73ce005314/none_v3" 201 - "PUT http://172.18.0.2:8080/v1/AUTH_7832f58621f8472aac4a78dc4760d88f/gnocchi.a522e7c7-7ce9-43d5-b2f0-3c73ce005314/none_v3" "tx0a1b8734093e4498a9991-006a2ab2a0" "proxy-server 20" 0.0109 "-" 25 0
Jun 11 13:05:36 standalone proxy-server[128813]: 172.18.0.2 172.18.0.100 11/Jun/2026/13/05/36 PUT /v1/AUTH_7832f58621f8472aac4a78dc4760d88f/gnocchi.a522e7c7-7ce9-43d5-b2f0-3c73ce005314/none_v3 HTTP/1.0 201 - python-swiftclient-3.11.1 gAAAAABqKrJkPf-5... 22 - - tx0a1b8734093e4498a9991-006a2ab2a0 - 0.0154 - - 1781183136.075641870 1781183136.091081381 0
Jun 11 13:05:36 standalone container-server[126933]: 172.20.0.100 - - [11/Jun/2026:13:05:36 +0000] "HEAD /d1/740/AUTH_7832f58621f8472aac4a78dc4760d88f/gnocchi.d1c96cd9-9c7d-4d6b-ac46-6fe5d5060b5d" 404 - "HEAD http://172.18.0.2:8080/v1/AUTH_7832f58621f8472aac4a78dc4760d88f/gnocchi.d1c96cd9-9c7d-4d6b-ac46-6fe5d5060b5d?format=json&states=listing" "txe223f3f83713438eb4f84-006a2ab2a0" "proxy-server 20" 0.0004 "-" 21 0
Jun 11 13:05:36 standalone object-server[127202]: 172.20.0.100 - - [11/Jun/2026:13:05:36 +0000] "GET /d1/792/AUTH_7832f58621f8472aac4a78dc4760d88f/gnocchi.d1c96cd9-9c7d-4d6b-ac46-6fe5d5060b5d/none_v3" 404 70 "GET http://172.18.0.2:8080/v1/AUTH_7832f58621f8472aac4a78dc4760d88f/gnocchi.d1c96cd9-9c7d-4d6b-ac46-6fe5d5060b5d/none_v3" "txe223f3f83713438eb4f84-006a2ab2a0" "proxy-server 20" 0.0005 "-" 22 0
Jun 11 13:05:36 standalone proxy-server[128813]: 172.18.0.2 172.18.0.100 11/Jun/2026/13/05/36 GET /v1/AUTH_7832f58621f8472aac4a78dc4760d88f/gnocchi.d1c96cd9-9c7d-4d6b-ac46-6fe5d5060b5d/none_v3 HTTP/1.0 404 - python-swiftclient-3.11.1 gAAAAABqKrJkPf-5... - 70 - txe223f3f83713438eb4f84-006a2ab2a0 - 0.0085 - - 1781183136.107505322 1781183136.115957975 0
Jun 11 13:05:36 standalone account-server[126914]: 172.20.0.100 - - [11/Jun/2026:13:05:36 +0000] "PUT /d1/378/AUTH_7832f58621f8472aac4a78dc4760d88f/gnocchi.d1c96cd9-9c7d-4d6b-ac46-6fe5d5060b5d" 201 - "PUT http://172.20.0.100:6001/d1/740/AUTH_7832f58621f8472aac4a78dc4760d88f/gnocchi.d1c96cd9-9c7d-4d6b-ac46-6fe5d5060b5d" "tx43ffc173fdad42f794c19-006a2ab2a0" "container-server 20" 0.0047 "-" 22 0
Jun 11 13:05:36 standalone container-server[126932]: 172.20.0.100 - - [11/Jun/2026:13:05:36 +0000] "PUT /d1/740/AUTH_7832f58621f8472aac4a78dc4760d88f/gnocchi.d1c96cd9-9c7d-4d6b-ac46-6fe5d5060b5d" 201 - "PUT http://172.18.0.2:8080/v1/AUTH_7832f58621f8472aac4a78dc4760d88f/gnocchi.d1c96cd9-9c7d-4d6b-ac46-6fe5d5060b5d" "tx43ffc173fdad42f794c19-006a2ab2a0" "proxy-server 20" 0.0136 "-" 20 0
Jun 11 13:05:36 standalone proxy-server[128813]: 172.18.0.2 172.18.0.100 11/Jun/2026/13/05/36 PUT /v1/AUTH_7832f58621f8472aac4a78dc4760d88f/gnocchi.d1c96cd9-9c7d-4d6b-ac46-6fe5d5060b5d HTTP/1.0 201 - python-swiftclient-3.11.1 gAAAAABqKrJkPf-5... - - - tx43ffc173fdad42f794c19-006a2ab2a0 - 0.0189 - - 1781183136.120051146 1781183136.138999462 0
Jun 11 13:05:36 standalone container-server[126949]: 172.20.0.100 - - [11/Jun/2026:13:05:36 +0000] "HEAD /d1/740/AUTH_7832f58621f8472aac4a78dc4760d88f/gnocchi.d1c96cd9-9c7d-4d6b-ac46-6fe5d5060b5d" 204 - "HEAD http://172.18.0.2:8080/v1/AUTH_7832f58621f8472aac4a78dc4760d88f/gnocchi.d1c96cd9-9c7d-4d6b-ac46-6fe5d5060b5d?format=json&states=listing" "txbd6806de9bc24d5590f96-006a2ab2a0" "proxy-server 20" 0.0026 "-" 23 0
Jun 11 13:05:36 standalone proxy-server[128813]: - - 11/Jun/2026/13/05/36 HEAD /v1/AUTH_7832f58621f8472aac4a78dc4760d88f/gnocchi.d1c96cd9-9c7d-4d6b-ac46-6fe5d5060b5d%3Fformat%3Djson%26states%3Dlisting HTTP/1.0 204 - Swift - - - - txbd6806de9bc24d5590f96-006a2ab2a0 - 0.0053 RL - 1781183136.142931938 1781183136.148243427 0
Jun 11 13:05:36 standalone container-server[126949]: 172.20.0.100 - - [11/Jun/2026:13:05:36 +0000] "GET /d1/740/AUTH_7832f58621f8472aac4a78dc4760d88f/gnocchi.d1c96cd9-9c7d-4d6b-ac46-6fe5d5060b5d" 200 2 "GET http://172.18.0.2:8080/v1/AUTH_7832f58621f8472aac4a78dc4760d88f/gnocchi.d1c96cd9-9c7d-4d6b-ac46-6fe5d5060b5d?format=json&states=listing" "txbd6806de9bc24d5590f96-006a2ab2a0" "proxy-server 20" 0.0020 "-" 23 0
Jun 11 13:05:36 standalone proxy-server[128813]: 172.18.0.2 172.18.0.100 11/Jun/2026/13/05/36 GET /v1/AUTH_7832f58621f8472aac4a78dc4760d88f/gnocchi.d1c96cd9-9c7d-4d6b-ac46-6fe5d5060b5d%3Fformat%3Djson%26states%3Dlisting HTTP/1.0 200 - python-swiftclient-3.11.1 gAAAAABqKrJkPf-5... - 2 - txbd6806de9bc24d5590f96-006a2ab2a0 - 0.0122 - - 1781183136.142138958 1781183136.154290915 0
Jun 11 13:05:36 standalone object-server[127205]: 172.20.0.100 - - [11/Jun/2026:13:05:36 +0000] "GET /d1/651/AUTH_7832f58621f8472aac4a78dc4760d88f/gnocchi.d1c96cd9-9c7d-4d6b-ac46-6fe5d5060b5d/1780920000.0_mean_300.0_v3" 404 70 "GET http://172.18.0.2:8080/v1/AUTH_7832f58621f8472aac4a78dc4760d88f/gnocchi.d1c96cd9-9c7d-4d6b-ac46-6fe5d5060b5d/1780920000.0_mean_300.0_v3" "txb485c7cb259445f6b707b-006a2ab2a0" "proxy-server 20" 0.0003 "-" 24 0
Jun 11 13:05:36 standalone proxy-server[128813]: 172.18.0.2 172.18.0.100 11/Jun/2026/13/05/36 GET /v1/AUTH_7832f58621f8472aac4a78dc4760d88f/gnocchi.d1c96cd9-9c7d-4d6b-ac46-6fe5d5060b5d/1780920000.0_mean_300.0_v3 HTTP/1.0 404 - python-swiftclient-3.11.1 gAAAAABqKrJkPf-5... - 70 - txb485c7cb259445f6b707b-006a2ab2a0 - 0.0044 - - 1781183136.156671524 1781183136.161096096 0
Jun 11 13:05:36 standalone container-server[126949]: 172.20.0.100 - - [11/Jun/2026:13:05:36 +0000] "PUT /d1/740/AUTH_7832f58621f8472aac4a78dc4760d88f/gnocchi.d1c96cd9-9c7d-4d6b-ac46-6fe5d5060b5d/1780920000.0_mean_300.0_v3" 201 - "PUT http://172.18.0.2:8080/d1/651/AUTH_7832f58621f8472aac4a78dc4760d88f/gnocchi.d1c96cd9-9c7d-4d6b-ac46-6fe5d5060b5d/1780920000.0_mean_300.0_v3" "tx1ca72a4dc5a34fa8970cd-006a2ab2a0" "object-server 25" 0.0006 "-" 23 0
Jun 11 13:05:36 standalone object-server[127206]: 172.20.0.100 - - [11/Jun/2026:13:05:36 +0000] "PUT /d1/651/AUTH_7832f58621f8472aac4a78dc4760d88f/gnocchi.d1c96cd9-9c7d-4d6b-ac46-6fe5d5060b5d/1780920000.0_mean_300.0_v3" 201 - "PUT http://172.18.0.2:8080/v1/AUTH_7832f58621f8472aac4a78dc4760d88f/gnocchi.d1c96cd9-9c7d-4d6b-ac46-6fe5d5060b5d/1780920000.0_mean_300.0_v3" "tx1ca72a4dc5a34fa8970cd-006a2ab2a0" "proxy-server 20" 0.0130 "-" 25 0
Jun 11 13:05:36 standalone proxy-server[128813]: 172.18.0.2 172.18.0.100 11/Jun/2026/13/05/36 PUT /v1/AUTH_7832f58621f8472aac4a78dc4760d88f/gnocchi.d1c96cd9-9c7d-4d6b-ac46-6fe5d5060b5d/1780920000.0_mean_300.0_v3 HTTP/1.0 201 - python-swiftclient-3.11.1 gAAAAABqKrJkPf-5... 16 - - tx1ca72a4dc5a34fa8970cd-006a2ab2a0 - 0.0183 - - 1781183136.163282394 1781183136.181613684 0
Jun 11 13:05:36 standalone container-server[126932]: 172.20.0.100 - - [11/Jun/2026:13:05:36 +0000] "PUT /d1/740/AUTH_7832f58621f8472aac4a78dc4760d88f/gnocchi.d1c96cd9-9c7d-4d6b-ac46-6fe5d5060b5d/none_v3" 201 - "PUT http://172.18.0.2:8080/d1/792/AUTH_7832f58621f8472aac4a78dc4760d88f/gnocchi.d1c96cd9-9c7d-4d6b-ac46-6fe5d5060b5d/none_v3" "txd17f4a4f61fe4c4c89454-006a2ab2a0" "object-server 24" 0.0005 "-" 20 0
Jun 11 13:05:36 standalone object-server[127205]: 172.20.0.100 - - [11/Jun/2026:13:05:36 +0000] "PUT /d1/792/AUTH_7832f58621f8472aac4a78dc4760d88f/gnocchi.d1c96cd9-9c7d-4d6b-ac46-6fe5d5060b5d/none_v3" 201 - "PUT http://172.18.0.2:8080/v1/AUTH_7832f58621f8472aac4a78dc4760d88f/gnocchi.d1c96cd9-9c7d-4d6b-ac46-6fe5d5060b5d/none_v3" "txd17f4a4f61fe4c4c89454-006a2ab2a0" "proxy-server 20" 0.0069 "-" 24 0
Jun 11 13:05:36 standalone proxy-server[128813]: 172.18.0.2 172.18.0.100 11/Jun/2026/13/05/36 PUT /v1/AUTH_7832f58621f8472aac4a78dc4760d88f/gnocchi.d1c96cd9-9c7d-4d6b-ac46-6fe5d5060b5d/none_v3 HTTP/1.0 201 - python-swiftclient-3.11.1 gAAAAABqKrJkPf-5... 22 - - txd17f4a4f61fe4c4c89454-006a2ab2a0 - 0.0113 - - 1781183136.183945417 1781183136.195294857 0
Jun 11 13:05:43 standalone account-server[126897]: 172.20.0.100 - - [11/Jun/2026:13:05:43 +0000] "HEAD /d1/378/AUTH_7832f58621f8472aac4a78dc4760d88f" 204 - "HEAD http://172.18.0.2:8080/v1/AUTH_7832f58621f8472aac4a78dc4760d88f?format=json" "txb3c258795ce0407a8885e-006a2ab2a7" "proxy-server 20" 0.0081 "-" 20 -
Jun 11 13:05:43 standalone proxy-server[128813]: - - 11/Jun/2026/13/05/43 HEAD /v1/AUTH_7832f58621f8472aac4a78dc4760d88f%3Fformat%3Djson HTTP/1.0 204 - Swift - - - - txb3c258795ce0407a8885e-006a2ab2a7 - 0.0157 RL - 1781183143.609643936 1781183143.625296831 -
Jun 11 13:05:43 standalone container-server[126938]: 172.20.0.100 - - [11/Jun/2026:13:05:43 +0000] "HEAD /d1/900/AUTH_7832f58621f8472aac4a78dc4760d88f/gnocchi.500183f0-9221-46fe-b712-e086f9a31d82" 404 - "HEAD http://172.18.0.2:8080/v1/AUTH_7832f58621f8472aac4a78dc4760d88f/gnocchi.500183f0-9221-46fe-b712-e086f9a31d82?format=json&states=listing" "txb3c258795ce0407a8885e-006a2ab2a7" "proxy-server 20" 0.0007 "-" 22 0
Jun 11 13:05:43 standalone object-server[127205]: 172.20.0.100 - - [11/Jun/2026:13:05:43 +0000] "GET /d1/648/AUTH_7832f58621f8472aac4a78dc4760d88f/gnocchi.500183f0-9221-46fe-b712-e086f9a31d82/none_v3" 404 70 "GET http://172.18.0.2:8080/v1/AUTH_7832f58621f8472aac4a78dc4760d88f/gnocchi.500183f0-9221-46fe-b712-e086f9a31d82/none_v3" "txb3c258795ce0407a8885e-006a2ab2a7" "proxy-server 20" 0.0009 "-" 24 0
Jun 11 13:05:43 standalone proxy-server[128813]: 172.18.0.2 172.18.0.100 11/Jun/2026/13/05/43 GET /v1/AUTH_7832f58621f8472aac4a78dc4760d88f/gnocchi.500183f0-9221-46fe-b712-e086f9a31d82/none_v3 HTTP/1.0 404 - python-swiftclient-3.11.1 gAAAAABqKrJkPf-5... - 70 - txb3c258795ce0407a8885e-006a2ab2a7 - 0.0385 - - 1781183143.607892752 1781183143.646439075 0
Jun 11 13:05:43 standalone account-server[126902]: 172.20.0.100 - - [11/Jun/2026:13:05:43 +0000] "PUT /d1/378/AUTH_7832f58621f8472aac4a78dc4760d88f/gnocchi.500183f0-9221-46fe-b712-e086f9a31d82" 201 - "PUT http://172.20.0.100:6001/d1/900/AUTH_7832f58621f8472aac4a78dc4760d88f/gnocchi.500183f0-9221-46fe-b712-e086f9a31d82" "txa30aa0d7159d40bc81935-006a2ab2a7" "container-server 23" 0.0026 "-" 21 0
Jun 11 13:05:43 standalone container-server[126949]: 172.20.0.100 - - [11/Jun/2026:13:05:43 +0000] "PUT /d1/900/AUTH_7832f58621f8472aac4a78dc4760d88f/gnocchi.500183f0-9221-46fe-b712-e086f9a31d82" 201 - "PUT http://172.18.0.2:8080/v1/AUTH_7832f58621f8472aac4a78dc4760d88f/gnocchi.500183f0-9221-46fe-b712-e086f9a31d82" "txa30aa0d7159d40bc81935-006a2ab2a7" "proxy-server 20" 0.0177 "-" 23 0
Jun 11 13:05:43 standalone proxy-server[128813]: 172.18.0.2 172.18.0.100 11/Jun/2026/13/05/43 PUT /v1/AUTH_7832f58621f8472aac4a78dc4760d88f/gnocchi.500183f0-9221-46fe-b712-e086f9a31d82 HTTP/1.0 201 - python-swiftclient-3.11.1 gAAAAABqKrJkPf-5... - - - txa30aa0d7159d40bc81935-006a2ab2a7 - 0.0269 - - 1781183143.651730061 1781183143.678626776 0
Jun 11 13:05:43 standalone container-server[126949]: 172.20.0.100 - - [11/Jun/2026:13:05:43 +0000] "HEAD /d1/900/AUTH_7832f58621f8472aac4a78dc4760d88f/gnocchi.500183f0-9221-46fe-b712-e086f9a31d82" 204 - "HEAD http://172.18.0.2:8080/v1/AUTH_7832f58621f8472aac4a78dc4760d88f/gnocchi.500183f0-9221-46fe-b712-e086f9a31d82?format=json&states=listing" "txe8f87b90880d4d78aef91-006a2ab2a7" "proxy-server 20" 0.0018 "-" 23 0
Jun 11 13:05:43 standalone proxy-server[128813]: - - 11/Jun/2026/13/05/43 HEAD /v1/AUTH_7832f58621f8472aac4a78dc4760d88f/gnocchi.500183f0-9221-46fe-b712-e086f9a31d82%3Fformat%3Djson%26states%3Dlisting HTTP/1.0 204 - Swift - - - - txe8f87b90880d4d78aef91-006a2ab2a7 - 0.0075 RL - 1781183143.686299086 1781183143.693759918 0
Jun 11 13:05:43 standalone container-server[126933]: 172.20.0.100 - - [11/Jun/2026:13:05:43 +0000] "GET /d1/900/AUTH_7832f58621f8472aac4a78dc4760d88f/gnocchi.500183f0-9221-46fe-b712-e086f9a31d82" 200 2 "GET http://172.18.0.2:8080/v1/AUTH_7832f58621f8472aac4a78dc4760d88f/gnocchi.500183f0-9221-46fe-b712-e086f9a31d82?format=json&states=listing" "txe8f87b90880d4d78aef91-006a2ab2a7" "proxy-server 20" 0.0026 "-" 21 0
Jun 11 13:05:43 standalone proxy-server[128813]: 172.18.0.2 172.18.0.100 11/Jun/2026/13/05/43 GET /v1/AUTH_7832f58621f8472aac4a78dc4760d88f/gnocchi.500183f0-9221-46fe-b712-e086f9a31d82%3Fformat%3Djson%26states%3Dlisting HTTP/1.0 200 - python-swiftclient-3.11.1 gAAAAABqKrJkPf-5... - 2 - txe8f87b90880d4d78aef91-006a2ab2a7 - 0.0163 - - 1781183143.685201168 1781183143.701509953 0
Jun 11 13:05:43 standalone object-server[127202]: 172.20.0.100 - - [11/Jun/2026:13:05:43 +0000] "GET /d1/947/AUTH_7832f58621f8472aac4a78dc4760d88f/gnocchi.500183f0-9221-46fe-b712-e086f9a31d82/1780920000.0_mean_300.0_v3" 404 70 "GET http://172.18.0.2:8080/v1/AUTH_7832f58621f8472aac4a78dc4760d88f/gnocchi.500183f0-9221-46fe-b712-e086f9a31d82/1780920000.0_mean_300.0_v3" "txdb1f3176b25748ae96248-006a2ab2a7" "proxy-server 20" 0.0003 "-" 22 0
Jun 11 13:05:43 standalone proxy-server[128813]: 172.18.0.2 172.18.0.100 11/Jun/2026/13/05/43 GET /v1/AUTH_7832f58621f8472aac4a78dc4760d88f/gnocchi.500183f0-9221-46fe-b712-e086f9a31d82/1780920000.0_mean_300.0_v3 HTTP/1.0 404 - python-swiftclient-3.11.1 gAAAAABqKrJkPf-5... - 70 - txdb1f3176b25748ae96248-006a2ab2a7 - 0.0045 - - 1781183143.708058119 1781183143.712578058 0
Jun 11 13:05:43 standalone container-server[126938]: 172.20.0.100 - - [11/Jun/2026:13:05:43 +0000] "PUT /d1/900/AUTH_7832f58621f8472aac4a78dc4760d88f/gnocchi.500183f0-9221-46fe-b712-e086f9a31d82/1780920000.0_mean_300.0_v3" 201 - "PUT http://172.18.0.2:8080/d1/947/AUTH_7832f58621f8472aac4a78dc4760d88f/gnocchi.500183f0-9221-46fe-b712-e086f9a31d82/1780920000.0_mean_300.0_v3" "txd8d067ced453479ea1cbc-006a2ab2a7" "object-server 24" 0.0008 "-" 22 0
Jun 11 13:05:43 standalone object-server[127205]: 172.20.0.100 - - [11/Jun/2026:13:05:43 +0000] "PUT /d1/947/AUTH_7832f58621f8472aac4a78dc4760d88f/gnocchi.500183f0-9221-46fe-b712-e086f9a31d82/1780920000.0_mean_300.0_v3" 201 - "PUT http://172.18.0.2:8080/v1/AUTH_7832f58621f8472aac4a78dc4760d88f/gnocchi.500183f0-9221-46fe-b712-e086f9a31d82/1780920000.0_mean_300.0_v3" "txd8d067ced453479ea1cbc-006a2ab2a7" "proxy-server 20" 0.0137 "-" 24 0
Jun 11 13:05:43 standalone proxy-server[128813]: 172.18.0.2 172.18.0.100 11/Jun/2026/13/05/43 PUT /v1/AUTH_7832f58621f8472aac4a78dc4760d88f/gnocchi.500183f0-9221-46fe-b712-e086f9a31d82/1780920000.0_mean_300.0_v3 HTTP/1.0 201 - python-swiftclient-3.11.1 gAAAAABqKrJkPf-5... 16 - - txd8d067ced453479ea1cbc-006a2ab2a7 - 0.0193 - - 1781183143.715852022 1781183143.735126972 0
Jun 11 13:05:43 standalone container-server[126949]: 172.20.0.100 - - [11/Jun/2026:13:05:43 +0000] "PUT /d1/900/AUTH_7832f58621f8472aac4a78dc4760d88f/gnocchi.500183f0-9221-46fe-b712-e086f9a31d82/none_v3" 201 - "PUT http://172.18.0.2:8080/d1/648/AUTH_7832f58621f8472aac4a78dc4760d88f/gnocchi.500183f0-9221-46fe-b712-e086f9a31d82/none_v3" "tx7011ecc4584d4b898d746-006a2ab2a7" "object-server 25" 0.0008 "-" 23 0
Jun 11 13:05:43 standalone object-server[127206]: 172.20.0.100 - - [11/Jun/2026:13:05:43 +0000] "PUT /d1/648/AUTH_7832f58621f8472aac4a78dc4760d88f/gnocchi.500183f0-9221-46fe-b712-e086f9a31d82/none_v3" 201 - "PUT http://172.18.0.2:8080/v1/AUTH_7832f58621f8472aac4a78dc4760d88f/gnocchi.500183f0-9221-46fe-b712-e086f9a31d82/none_v3" "tx7011ecc4584d4b898d746-006a2ab2a7" "proxy-server 20" 0.0162 "-" 25 0
Jun 11 13:05:43 standalone proxy-server[128813]: 172.18.0.2 172.18.0.100 11/Jun/2026/13/05/43 PUT /v1/AUTH_7832f58621f8472aac4a78dc4760d88f/gnocchi.500183f0-9221-46fe-b712-e086f9a31d82/none_v3 HTTP/1.0 201 - python-swiftclient-3.11.1 gAAAAABqKrJkPf-5... 22 - - tx7011ecc4584d4b898d746-006a2ab2a7 - 0.0434 - - 1781183143.739037037 1781183143.782448530 0
Jun 11 13:05:43 standalone container-server[126949]: 172.20.0.100 - - [11/Jun/2026:13:05:43 +0000] "HEAD /d1/565/AUTH_7832f58621f8472aac4a78dc4760d88f/gnocchi.f3bc925e-fc58-4cd3-873a-0f45488a1ba3" 404 - "HEAD http://172.18.0.2:8080/v1/AUTH_7832f58621f8472aac4a78dc4760d88f/gnocchi.f3bc925e-fc58-4cd3-873a-0f45488a1ba3?format=json&states=listing" "txcf5e388138754ddbbb754-006a2ab2a7" "proxy-server 20" 0.0009 "-" 23 0
Jun 11 13:05:43 standalone object-server[127202]: 172.20.0.100 - - [11/Jun/2026:13:05:43 +0000] "GET /d1/819/AUTH_7832f58621f8472aac4a78dc4760d88f/gnocchi.f3bc925e-fc58-4cd3-873a-0f45488a1ba3/none_v3" 404 70 "GET http://172.18.0.2:8080/v1/AUTH_7832f58621f8472aac4a78dc4760d88f/gnocchi.f3bc925e-fc58-4cd3-873a-0f45488a1ba3/none_v3" "txcf5e388138754ddbbb754-006a2ab2a7" "proxy-server 20" 0.0003 "-" 22 0
Jun 11 13:05:43 standalone proxy-server[128813]: 172.18.0.2 172.18.0.100 11/Jun/2026/13/05/43 GET /v1/AUTH_7832f58621f8472aac4a78dc4760d88f/gnocchi.f3bc925e-fc58-4cd3-873a-0f45488a1ba3/none_v3 HTTP/1.0 404 - python-swiftclient-3.11.1 gAAAAABqKrJkPf-5... - 70 - txcf5e388138754ddbbb754-006a2ab2a7 - 0.0357 - - 1781183143.898521900 1781183143.934244633 0
Jun 11 13:05:43 standalone account-server[126914]: 172.20.0.100 - - [11/Jun/2026:13:05:43 +0000] "PUT /d1/378/AUTH_7832f58621f8472aac4a78dc4760d88f/gnocchi.f3bc925e-fc58-4cd3-873a-0f45488a1ba3" 201 - "PUT http://172.20.0.100:6001/d1/565/AUTH_7832f58621f8472aac4a78dc4760d88f/gnocchi.f3bc925e-fc58-4cd3-873a-0f45488a1ba3" "txe3d67eff215246af9583f-006a2ab2a7" "container-server 23" 0.0068 "-" 22 0
Jun 11 13:05:43 standalone container-server[126949]: 172.20.0.100 - - [11/Jun/2026:13:05:43 +0000] "PUT /d1/565/AUTH_7832f58621f8472aac4a78dc4760d88f/gnocchi.f3bc925e-fc58-4cd3-873a-0f45488a1ba3" 201 - "PUT http://172.18.0.2:8080/v1/AUTH_7832f58621f8472aac4a78dc4760d88f/gnocchi.f3bc925e-fc58-4cd3-873a-0f45488a1ba3" "txe3d67eff215246af9583f-006a2ab2a7" "proxy-server 20" 0.0279 "-" 23 0
Jun 11 13:05:43 standalone proxy-server[128813]: 172.18.0.2 172.18.0.100 11/Jun/2026/13/05/43 PUT /v1/AUTH_7832f58621f8472aac4a78dc4760d88f/gnocchi.f3bc925e-fc58-4cd3-873a-0f45488a1ba3 HTTP/1.0 201 - python-swiftclient-3.11.1 gAAAAABqKrJkPf-5... - - - txe3d67eff215246af9583f-006a2ab2a7 - 0.0413 - - 1781183143.942718267 1781183143.984049559 0
Jun 11 13:05:44 standalone container-server[126949]: 172.20.0.100 - - [11/Jun/2026:13:05:44 +0000] "HEAD /d1/565/AUTH_7832f58621f8472aac4a78dc4760d88f/gnocchi.f3bc925e-fc58-4cd3-873a-0f45488a1ba3" 204 - "HEAD http://172.18.0.2:8080/v1/AUTH_7832f58621f8472aac4a78dc4760d88f/gnocchi.f3bc925e-fc58-4cd3-873a-0f45488a1ba3?format=json&states=listing" "tx8fc981e42c8c476ca05be-006a2ab2a7" "proxy-server 20" 0.0021 "-" 23 0
Jun 11 13:05:44 standalone proxy-server[128813]: - - 11/Jun/2026/13/05/44 HEAD /v1/AUTH_7832f58621f8472aac4a78dc4760d88f/gnocchi.f3bc925e-fc58-4cd3-873a-0f45488a1ba3%3Fformat%3Djson%26states%3Dlisting HTTP/1.0 204 - Swift - - - - tx8fc981e42c8c476ca05be-006a2ab2a7 - 0.0122 RL - 1781183143.994595528 1781183144.006788015 0
Jun 11 13:05:44 standalone container-server[126932]: 172.20.0.100 - - [11/Jun/2026:13:05:44 +0000] "GET /d1/565/AUTH_7832f58621f8472aac4a78dc4760d88f/gnocchi.f3bc925e-fc58-4cd3-873a-0f45488a1ba3" 200 2 "GET http://172.18.0.2:8080/v1/AUTH_7832f58621f8472aac4a78dc4760d88f/gnocchi.f3bc925e-fc58-4cd3-873a-0f45488a1ba3?format=json&states=listing" "tx8fc981e42c8c476ca05be-006a2ab2a7" "proxy-server 20" 0.0056 "-" 20 0
Jun 11 13:05:44 standalone proxy-server[128813]: 172.18.0.2 172.18.0.100 11/Jun/2026/13/05/44 GET /v1/AUTH_7832f58621f8472aac4a78dc4760d88f/gnocchi.f3bc925e-fc58-4cd3-873a-0f45488a1ba3%3Fformat%3Djson%26states%3Dlisting HTTP/1.0 200 - python-swiftclient-3.11.1 gAAAAABqKrJkPf-5... - 2 - tx8fc981e42c8c476ca05be-006a2ab2a7 - 0.0334 - - 1781183143.992041826 1781183144.025466204 0
Jun 11 13:05:44 standalone object-server[127205]: 172.20.0.100 - - [11/Jun/2026:13:05:44 +0000] "GET /d1/718/AUTH_7832f58621f8472aac4a78dc4760d88f/gnocchi.f3bc925e-fc58-4cd3-873a-0f45488a1ba3/1780920000.0_mean_300.0_v3" 404 70 "GET http://172.18.0.2:8080/v1/AUTH_7832f58621f8472aac4a78dc4760d88f/gnocchi.f3bc925e-fc58-4cd3-873a-0f45488a1ba3/1780920000.0_mean_300.0_v3" "txe74cf41439414b8981dc2-006a2ab2a8" "proxy-server 20" 0.0004 "-" 24 0
