Jun 10 10:02:57 np0000069435 container-server[105215]: 172.20.0.30 - - [10/Jun/2026:10:02:57 +0000] "GET /d1/717/AUTH_4d45e86875f445a699a3b8a09b3a3c7b/glance" 200 206 "GET http://swift-internal.openstack.svc:8080/v1/AUTH_4d45e86875f445a699a3b8a09b3a3c7b/glance?format=json&prefix=1e2d2292-68ce-40af-bbb9-ac55aa1ac1bd-&states=listing" "txf3d5aef46e984fad9b014-006a293651" "proxy-server 13" 0.0033 "-" 23 0
Jun 10 10:02:57 np0000069435 container-server[105200]: 172.20.0.103 - - [10/Jun/2026:10:02:57 +0000] "DELETE /d1/717/AUTH_4d45e86875f445a699a3b8a09b3a3c7b/glance/1e2d2292-68ce-40af-bbb9-ac55aa1ac1bd-00001" 204 - "DELETE http://swift-internal.openstack.svc:8080/d1/656/AUTH_4d45e86875f445a699a3b8a09b3a3c7b/glance/1e2d2292-68ce-40af-bbb9-ac55aa1ac1bd-00001" "tx6ad0561f4373415196e22-006a293651" "object-server 25" 0.0010 "-" 22 0
Jun 10 10:02:57 np0000069435 object-server[105845]: 172.20.0.30 - - [10/Jun/2026:10:02:57 +0000] "DELETE /d1/656/AUTH_4d45e86875f445a699a3b8a09b3a3c7b/glance/1e2d2292-68ce-40af-bbb9-ac55aa1ac1bd-00001" 204 - "DELETE http://swift-internal.openstack.svc:8080/v1/AUTH_4d45e86875f445a699a3b8a09b3a3c7b/glance/1e2d2292-68ce-40af-bbb9-ac55aa1ac1bd-00001" "tx6ad0561f4373415196e22-006a293651" "proxy-server 13" 0.0108 "-" 25 0
Jun 10 10:02:57 np0000069435 container-server[105184]: 172.20.0.103 - - [10/Jun/2026:10:02:57 +0000] "DELETE /d1/717/AUTH_4d45e86875f445a699a3b8a09b3a3c7b/glance/1e2d2292-68ce-40af-bbb9-ac55aa1ac1bd" 204 - "DELETE http://swift-internal.openstack.svc:8080/d1/318/AUTH_4d45e86875f445a699a3b8a09b3a3c7b/glance/1e2d2292-68ce-40af-bbb9-ac55aa1ac1bd" "tx486d010382a34fc68bfce-006a293651" "object-server 22" 0.0008 "-" 20 0
Jun 10 10:02:57 np0000069435 object-server[105793]: 172.20.0.30 - - [10/Jun/2026:10:02:57 +0000] "DELETE /d1/318/AUTH_4d45e86875f445a699a3b8a09b3a3c7b/glance/1e2d2292-68ce-40af-bbb9-ac55aa1ac1bd" 204 - "DELETE http://swift-internal.openstack.svc:8080/v1/AUTH_4d45e86875f445a699a3b8a09b3a3c7b/glance/1e2d2292-68ce-40af-bbb9-ac55aa1ac1bd" "tx486d010382a34fc68bfce-006a293651" "proxy-server 13" 0.0097 "-" 22 0
Jun 10 10:03:10 np0000069435 account-server[104885]: 172.20.0.30 - - [10/Jun/2026:10:03:10 +0000] "HEAD /d1/953/AUTH_10fe0360dcb6465ab40d2634430d7f88" 404 - "HEAD http://swift-internal.openstack.svc:8080/v1/AUTH_10fe0360dcb6465ab40d2634430d7f88?format=json" "txfa36a12cdfef4f22aca44-006a29365e" "proxy-server 16" 0.0014 "-" 21 -
Jun 10 10:03:10 np0000069435 account-server[104875]: 172.20.0.30 - - [10/Jun/2026:10:03:10 +0000] "GET /d1/953/AUTH_10fe0360dcb6465ab40d2634430d7f88" 404 - "GET http://swift-internal.openstack.svc:8080/v1/AUTH_10fe0360dcb6465ab40d2634430d7f88?format=json" "txfa36a12cdfef4f22aca44-006a29365e" "proxy-server 16" 0.0005 "-" 17 -
Jun 10 10:03:10 np0000069435 account-server[104909]: 172.20.0.30 - - [10/Jun/2026:10:03:10 +0000] "HEAD /d1/706/AUTH_1c3d2be621c14399b93e29cc55a62ce0" 404 - "HEAD http://swift-internal.openstack.svc:8080/v1/AUTH_1c3d2be621c14399b93e29cc55a62ce0?format=json" "txc19288e56be1404ca2724-006a29365e" "proxy-server 12" 0.0005 "-" 22 -
Jun 10 10:03:10 np0000069435 account-server[104881]: 172.20.0.30 - - [10/Jun/2026:10:03:10 +0000] "GET /d1/706/AUTH_1c3d2be621c14399b93e29cc55a62ce0" 404 - "GET http://swift-internal.openstack.svc:8080/v1/AUTH_1c3d2be621c14399b93e29cc55a62ce0?format=json" "txc19288e56be1404ca2724-006a29365e" "proxy-server 12" 0.0005 "-" 18 -
Jun 10 10:03:10 np0000069435 account-server[104875]: 172.20.0.30 - - [10/Jun/2026:10:03:10 +0000] "HEAD /d1/231/AUTH_26e67310416a411d81ae7cfa7b8f6241" 404 - "HEAD http://swift-internal.openstack.svc:8080/v1/AUTH_26e67310416a411d81ae7cfa7b8f6241?format=json" "tx30de3aa4ae8b45ea919c2-006a29365e" "proxy-server 16" 0.0005 "-" 17 -
Jun 10 10:03:10 np0000069435 account-server[104875]: 172.20.0.30 - - [10/Jun/2026:10:03:10 +0000] "GET /d1/231/AUTH_26e67310416a411d81ae7cfa7b8f6241" 404 - "GET http://swift-internal.openstack.svc:8080/v1/AUTH_26e67310416a411d81ae7cfa7b8f6241?format=json" "tx30de3aa4ae8b45ea919c2-006a29365e" "proxy-server 16" 0.0003 "-" 17 -
Jun 10 10:03:10 np0000069435 account-server[104875]: 172.20.0.30 - - [10/Jun/2026:10:03:10 +0000] "HEAD /d1/932/AUTH_37248213eb794d0aa6023b7b11ef7b79" 404 - "HEAD http://swift-internal.openstack.svc:8080/v1/AUTH_37248213eb794d0aa6023b7b11ef7b79?format=json" "tx735b0ee847604bfcafe7d-006a29365e" "proxy-server 15" 0.0003 "-" 17 -
Jun 10 10:03:10 np0000069435 account-server[104875]: 172.20.0.30 - - [10/Jun/2026:10:03:10 +0000] "GET /d1/932/AUTH_37248213eb794d0aa6023b7b11ef7b79" 404 - "GET http://swift-internal.openstack.svc:8080/v1/AUTH_37248213eb794d0aa6023b7b11ef7b79?format=json" "tx735b0ee847604bfcafe7d-006a29365e" "proxy-server 15" 0.0004 "-" 17 -
Jun 10 10:03:10 np0000069435 account-server[104881]: 172.20.0.30 - - [10/Jun/2026:10:03:10 +0000] "HEAD /d1/823/AUTH_39e29f012ab846588575feb013e3801f" 404 - "HEAD http://swift-internal.openstack.svc:8080/v1/AUTH_39e29f012ab846588575feb013e3801f?format=json" "tx6da8c06c319e43579ad79-006a29365e" "proxy-server 12" 0.0006 "-" 18 -
Jun 10 10:03:10 np0000069435 account-server[104875]: 172.20.0.30 - - [10/Jun/2026:10:03:10 +0000] "GET /d1/823/AUTH_39e29f012ab846588575feb013e3801f" 404 - "GET http://swift-internal.openstack.svc:8080/v1/AUTH_39e29f012ab846588575feb013e3801f?format=json" "tx6da8c06c319e43579ad79-006a29365e" "proxy-server 12" 0.0004 "-" 17 -
Jun 10 10:03:10 np0000069435 account-server[104909]: 172.20.0.30 - - [10/Jun/2026:10:03:10 +0000] "HEAD /d1/241/AUTH_4744a6f8c0504a488c2b76dcf4c2c986" 404 - "HEAD http://swift-internal.openstack.svc:8080/v1/AUTH_4744a6f8c0504a488c2b76dcf4c2c986?format=json" "txcc0233cbfee5489f92862-006a29365e" "proxy-server 12" 0.0006 "-" 22 -
Jun 10 10:03:10 np0000069435 account-server[104885]: 172.20.0.30 - - [10/Jun/2026:10:03:10 +0000] "GET /d1/241/AUTH_4744a6f8c0504a488c2b76dcf4c2c986" 404 - "GET http://swift-internal.openstack.svc:8080/v1/AUTH_4744a6f8c0504a488c2b76dcf4c2c986?format=json" "txcc0233cbfee5489f92862-006a29365e" "proxy-server 12" 0.0006 "-" 21 -
Jun 10 10:03:10 np0000069435 account-server[104881]: 172.20.0.30 - - [10/Jun/2026:10:03:10 +0000] "HEAD /d1/679/AUTH_4d45e86875f445a699a3b8a09b3a3c7b" 204 - "HEAD http://swift-internal.openstack.svc:8080/v1/AUTH_4d45e86875f445a699a3b8a09b3a3c7b?format=json" "txb22534001f3045b29e6ba-006a29365e" "proxy-server 12" 0.0028 "-" 18 -
Jun 10 10:03:10 np0000069435 account-server[104909]: 172.20.0.30 - - [10/Jun/2026:10:03:10 +0000] "GET /d1/679/AUTH_4d45e86875f445a699a3b8a09b3a3c7b" 200 98 "GET http://swift-internal.openstack.svc:8080/v1/AUTH_4d45e86875f445a699a3b8a09b3a3c7b?format=json" "txb22534001f3045b29e6ba-006a29365e" "proxy-server 12" 0.0031 "-" 22 -
Jun 10 10:03:11 np0000069435 account-server[104875]: 172.20.0.30 - - [10/Jun/2026:10:03:11 +0000] "HEAD /d1/819/AUTH_5094a5cf6a6c40269a6aef57a589d645" 404 - "HEAD http://swift-internal.openstack.svc:8080/v1/AUTH_5094a5cf6a6c40269a6aef57a589d645?format=json" "tx932db03072454b28864e0-006a29365e" "proxy-server 12" 0.0003 "-" 17 -
Jun 10 10:03:11 np0000069435 account-server[104875]: 172.20.0.30 - - [10/Jun/2026:10:03:11 +0000] "GET /d1/819/AUTH_5094a5cf6a6c40269a6aef57a589d645" 404 - "GET http://swift-internal.openstack.svc:8080/v1/AUTH_5094a5cf6a6c40269a6aef57a589d645?format=json" "tx932db03072454b28864e0-006a29365e" "proxy-server 12" 0.0003 "-" 17 -
Jun 10 10:03:11 np0000069435 account-server[104875]: 172.20.0.30 - - [10/Jun/2026:10:03:11 +0000] "HEAD /d1/909/AUTH_7597b10a5a784dd8b1814a7d3984eea6" 404 - "HEAD http://swift-internal.openstack.svc:8080/v1/AUTH_7597b10a5a784dd8b1814a7d3984eea6?format=json" "txd5d2d3922ba44b7398709-006a29365f" "proxy-server 12" 0.0003 "-" 17 -
Jun 10 10:03:11 np0000069435 account-server[104875]: 172.20.0.30 - - [10/Jun/2026:10:03:11 +0000] "GET /d1/909/AUTH_7597b10a5a784dd8b1814a7d3984eea6" 404 - "GET http://swift-internal.openstack.svc:8080/v1/AUTH_7597b10a5a784dd8b1814a7d3984eea6?format=json" "txd5d2d3922ba44b7398709-006a29365f" "proxy-server 12" 0.0003 "-" 17 -
Jun 10 10:03:11 np0000069435 account-server[104881]: 172.20.0.30 - - [10/Jun/2026:10:03:11 +0000] "HEAD /d1/575/AUTH_8a8e14ae6ebe491d9e249ff0e8453581" 404 - "HEAD http://swift-internal.openstack.svc:8080/v1/AUTH_8a8e14ae6ebe491d9e249ff0e8453581?format=json" "tx95e93a81b3ca4490aa06c-006a29365f" "proxy-server 12" 0.0007 "-" 18 -
Jun 10 10:03:11 np0000069435 account-server[104909]: 172.20.0.30 - - [10/Jun/2026:10:03:11 +0000] "GET /d1/575/AUTH_8a8e14ae6ebe491d9e249ff0e8453581" 404 - "GET http://swift-internal.openstack.svc:8080/v1/AUTH_8a8e14ae6ebe491d9e249ff0e8453581?format=json" "tx95e93a81b3ca4490aa06c-006a29365f" "proxy-server 12" 0.0005 "-" 22 -
Jun 10 10:03:11 np0000069435 account-server[104909]: 172.20.0.30 - - [10/Jun/2026:10:03:11 +0000] "HEAD /d1/506/AUTH_befaad5eba9f4ffc94fb7219afd869d7" 404 - "HEAD http://swift-internal.openstack.svc:8080/v1/AUTH_befaad5eba9f4ffc94fb7219afd869d7?format=json" "tx821d00927ca94bcabf65f-006a29365f" "proxy-server 12" 0.0007 "-" 22 -
Jun 10 10:03:11 np0000069435 account-server[104875]: 172.20.0.30 - - [10/Jun/2026:10:03:11 +0000] "GET /d1/506/AUTH_befaad5eba9f4ffc94fb7219afd869d7" 404 - "GET http://swift-internal.openstack.svc:8080/v1/AUTH_befaad5eba9f4ffc94fb7219afd869d7?format=json" "tx821d00927ca94bcabf65f-006a29365f" "proxy-server 12" 0.0005 "-" 17 -
Jun 10 10:03:11 np0000069435 account-server[104875]: 172.20.0.30 - - [10/Jun/2026:10:03:11 +0000] "HEAD /d1/681/AUTH_e328f5ee624d4323a203a5eca673d0cb" 404 - "HEAD http://swift-internal.openstack.svc:8080/v1/AUTH_e328f5ee624d4323a203a5eca673d0cb?format=json" "tx72631406e204437c9f844-006a29365f" "proxy-server 12" 0.0006 "-" 17 -
Jun 10 10:03:11 np0000069435 account-server[104885]: 172.20.0.30 - - [10/Jun/2026:10:03:11 +0000] "GET /d1/681/AUTH_e328f5ee624d4323a203a5eca673d0cb" 404 - "GET http://swift-internal.openstack.svc:8080/v1/AUTH_e328f5ee624d4323a203a5eca673d0cb?format=json" "tx72631406e204437c9f844-006a29365f" "proxy-server 12" 0.0006 "-" 21 -
Jun 10 10:03:11 np0000069435 account-server[104885]: 172.20.0.30 - - [10/Jun/2026:10:03:11 +0000] "HEAD /d1/861/AUTH_f2f540cd7b1140f8b4e174b4ab6e9a30" 404 - "HEAD http://swift-internal.openstack.svc:8080/v1/AUTH_f2f540cd7b1140f8b4e174b4ab6e9a30?format=json" "tx202f8003ce2c4be9898f9-006a29365f" "proxy-server 12" 0.0003 "-" 21 -
Jun 10 10:03:11 np0000069435 account-server[104881]: 172.20.0.30 - - [10/Jun/2026:10:03:11 +0000] "GET /d1/861/AUTH_f2f540cd7b1140f8b4e174b4ab6e9a30" 404 - "GET http://swift-internal.openstack.svc:8080/v1/AUTH_f2f540cd7b1140f8b4e174b4ab6e9a30?format=json" "tx202f8003ce2c4be9898f9-006a29365f" "proxy-server 12" 0.0005 "-" 18 -
Jun 10 10:03:11 np0000069435 account-server[104881]: 172.20.0.30 - - [10/Jun/2026:10:03:11 +0000] "HEAD /d1/953/AUTH_10fe0360dcb6465ab40d2634430d7f88" 404 - "HEAD http://swift-internal.openstack.svc:8080/v1/AUTH_10fe0360dcb6465ab40d2634430d7f88?format=json" "tx240c3f56b4b74ae0b9ca7-006a29365f" "proxy-server 12" 0.0003 "-" 18 -
Jun 10 10:03:11 np0000069435 account-server[104881]: 172.20.0.30 - - [10/Jun/2026:10:03:11 +0000] "HEAD /d1/706/AUTH_1c3d2be621c14399b93e29cc55a62ce0" 404 - "HEAD http://swift-internal.openstack.svc:8080/v1/AUTH_1c3d2be621c14399b93e29cc55a62ce0?format=json" "tx89aaf17afb164018a7f99-006a29365f" "proxy-server 12" 0.0003 "-" 18 -
Jun 10 10:03:11 np0000069435 account-server[104875]: 172.20.0.30 - - [10/Jun/2026:10:03:11 +0000] "HEAD /d1/231/AUTH_26e67310416a411d81ae7cfa7b8f6241" 404 - "HEAD http://swift-internal.openstack.svc:8080/v1/AUTH_26e67310416a411d81ae7cfa7b8f6241?format=json" "txb6eb7711a948469886d4d-006a29365f" "proxy-server 15" 0.0004 "-" 17 -
Jun 10 10:03:11 np0000069435 account-server[104875]: 172.20.0.30 - - [10/Jun/2026:10:03:11 +0000] "HEAD /d1/932/AUTH_37248213eb794d0aa6023b7b11ef7b79" 404 - "HEAD http://swift-internal.openstack.svc:8080/v1/AUTH_37248213eb794d0aa6023b7b11ef7b79?format=json" "txbbaf94571c5b4231bbf17-006a29365f" "proxy-server 15" 0.0005 "-" 17 -
Jun 10 10:03:11 np0000069435 account-server[104875]: 172.20.0.30 - - [10/Jun/2026:10:03:11 +0000] "HEAD /d1/823/AUTH_39e29f012ab846588575feb013e3801f" 404 - "HEAD http://swift-internal.openstack.svc:8080/v1/AUTH_39e29f012ab846588575feb013e3801f?format=json" "tx3b02ea9867b1430daaa49-006a29365f" "proxy-server 12" 0.0003 "-" 17 -
Jun 10 10:03:11 np0000069435 account-server[104909]: 172.20.0.30 - - [10/Jun/2026:10:03:11 +0000] "HEAD /d1/241/AUTH_4744a6f8c0504a488c2b76dcf4c2c986" 404 - "HEAD http://swift-internal.openstack.svc:8080/v1/AUTH_4744a6f8c0504a488c2b76dcf4c2c986?format=json" "tx18459eaa36a341f584362-006a29365f" "proxy-server 15" 0.0004 "-" 22 -
Jun 10 10:03:11 np0000069435 account-server[104885]: 172.20.0.30 - - [10/Jun/2026:10:03:11 +0000] "HEAD /d1/679/AUTH_4d45e86875f445a699a3b8a09b3a3c7b" 204 - "HEAD http://swift-internal.openstack.svc:8080/v1/AUTH_4d45e86875f445a699a3b8a09b3a3c7b?format=json" "tx8056e5bf722f4d4c9f29c-006a29365f" "proxy-server 12" 0.0027 "-" 21 -
Jun 10 10:03:11 np0000069435 account-server[104881]: 172.20.0.30 - - [10/Jun/2026:10:03:11 +0000] "HEAD /d1/819/AUTH_5094a5cf6a6c40269a6aef57a589d645" 404 - "HEAD http://swift-internal.openstack.svc:8080/v1/AUTH_5094a5cf6a6c40269a6aef57a589d645?format=json" "txba68a31adeaf43719ff56-006a29365f" "proxy-server 12" 0.0005 "-" 18 -
Jun 10 10:03:11 np0000069435 account-server[104885]: 172.20.0.30 - - [10/Jun/2026:10:03:11 +0000] "HEAD /d1/909/AUTH_7597b10a5a784dd8b1814a7d3984eea6" 404 - "HEAD http://swift-internal.openstack.svc:8080/v1/AUTH_7597b10a5a784dd8b1814a7d3984eea6?format=json" "tx986e2a5a11a541a3ac5aa-006a29365f" "proxy-server 12" 0.0005 "-" 21 -
Jun 10 10:03:11 np0000069435 account-server[104909]: 172.20.0.30 - - [10/Jun/2026:10:03:11 +0000] "HEAD /d1/575/AUTH_8a8e14ae6ebe491d9e249ff0e8453581" 404 - "HEAD http://swift-internal.openstack.svc:8080/v1/AUTH_8a8e14ae6ebe491d9e249ff0e8453581?format=json" "tx206c9424932c4f059c1b2-006a29365f" "proxy-server 12" 0.0004 "-" 22 -
Jun 10 10:03:11 np0000069435 account-server[104875]: 172.20.0.30 - - [10/Jun/2026:10:03:11 +0000] "HEAD /d1/506/AUTH_befaad5eba9f4ffc94fb7219afd869d7" 404 - "HEAD http://swift-internal.openstack.svc:8080/v1/AUTH_befaad5eba9f4ffc94fb7219afd869d7?format=json" "txa74545b8a03a49e687544-006a29365f" "proxy-server 12" 0.0003 "-" 17 -
Jun 10 10:03:11 np0000069435 account-server[104909]: 172.20.0.30 - - [10/Jun/2026:10:03:11 +0000] "HEAD /d1/681/AUTH_e328f5ee624d4323a203a5eca673d0cb" 404 - "HEAD http://swift-internal.openstack.svc:8080/v1/AUTH_e328f5ee624d4323a203a5eca673d0cb?format=json" "tx93f1a2fc481b45639ecb6-006a29365f" "proxy-server 12" 0.0005 "-" 22 -
Jun 10 10:03:11 np0000069435 account-server[104885]: 172.20.0.30 - - [10/Jun/2026:10:03:11 +0000] "HEAD /d1/861/AUTH_f2f540cd7b1140f8b4e174b4ab6e9a30" 404 - "HEAD http://swift-internal.openstack.svc:8080/v1/AUTH_f2f540cd7b1140f8b4e174b4ab6e9a30?format=json" "tx7dc5f14f3e024d8d8b816-006a29365f" "proxy-server 16" 0.0004 "-" 21 -
Jun 10 10:03:16 np0000069435 object-server[554702]: Begin object audit "forever" mode (ZBF)
Jun 10 10:03:16 np0000069435 object-server[554703]: Begin object audit "forever" mode (ALL)
Jun 10 10:03:16 np0000069435 object-server[554702]: Object audit (ZBF). Since Wed Jun 10 10:03:16 2026: Locally: 1 passed, 0 quarantined, 0 errors, files/sec: 637.34, bytes/sec: 0.00, Total time: 0.00, Auditing time: 0.00, Rate: 0.00
Jun 10 10:03:16 np0000069435 object-server[554702]: Object audit (ZBF) "forever" mode completed: 0.16s. Total quarantined: 0, Total errors: 0, Total files/sec: 61.30, Total bytes/sec: 0.00, Auditing time: 0.16, Rate: 0.97
Jun 10 10:03:18 np0000069435 object-server[554703]: Object audit (ALL). Since Wed Jun 10 10:03:16 2026: Locally: 1 passed, 0 quarantined, 0 errors, files/sec: 0.46, bytes/sec: 10037731.41, Total time: 2.16, Auditing time: 0.00, Rate: 0.00
Jun 10 10:03:22 np0000069435 account-server[104577]: Beginning replication run
Jun 10 10:03:22 np0000069435 account-server[104577]: Replication run OVER
Jun 10 10:03:22 np0000069435 account-server[104577]: Attempted to replicate 1 dbs in 0.01067 seconds (93.72868/s)
Jun 10 10:03:22 np0000069435 account-server[104577]: Removed 0 dbs
Jun 10 10:03:22 np0000069435 account-server[104577]: 1 successes, 0 failures
Jun 10 10:03:22 np0000069435 account-server[104577]: diff:0 diff_capped:0 empty:0 hashmatch:0 no_change:1 remote_merge:0 rsync:0 ts_repl:0
Jun 10 10:03:22 np0000069435 object-server[554703]: Object audit (ALL) "forever" mode completed: 6.45s. Total quarantined: 0, Total errors: 0, Total files/sec: 1.55, Total bytes/sec: 10008813.08, Auditing time: 6.44, Rate: 1.00
Jun 10 10:03:24 np0000069435 container-server[104610]: Beginning replication run
Jun 10 10:03:24 np0000069435 container-server[104610]: Replication run OVER
Jun 10 10:03:24 np0000069435 container-server[104610]: Attempted to replicate 1 dbs in 0.03033 seconds (32.97087/s)
Jun 10 10:03:24 np0000069435 container-server[104610]: Removed 0 dbs
Jun 10 10:03:24 np0000069435 container-server[104610]: 1 successes, 0 failures
Jun 10 10:03:24 np0000069435 container-server[104610]: diff:0 diff_capped:0 empty:0 hashmatch:0 no_change:1 remote_merge:0 rsync:0 ts_repl:0
Jun 10 10:03:25 np0000069435 object-server[105318]: Starting object replication pass.
Jun 10 10:03:26 np0000069435 object-server[105318]: 10/10 (100.00%) partitions replicated in 0.04s (250.86/sec, 0s remaining)
Jun 10 10:03:26 np0000069435 object-server[105318]: 0 successes, 0 failures
Jun 10 10:03:26 np0000069435 object-server[105318]: 10 suffixes checked - 20.00% hashed, 0.00% synced
Jun 10 10:03:26 np0000069435 object-server[105318]: Partition times: max 0.0109s, min 0.0005s, med 0.0013s
Jun 10 10:03:26 np0000069435 object-server[105318]: Object replication complete. (0.00 minutes)
Jun 10 10:03:46 np0000069435 object-server[554706]: Begin object audit "forever" mode (ZBF)
Jun 10 10:03:46 np0000069435 object-server[554706]: Object audit (ZBF). Since Wed Jun 10 10:03:46 2026: Locally: 1 passed, 0 quarantined, 0 errors, files/sec: 628.08, bytes/sec: 0.00, Total time: 0.00, Auditing time: 0.00, Rate: 0.00
Jun 10 10:03:46 np0000069435 object-server[554706]: Object audit (ZBF) "forever" mode completed: 0.16s. Total quarantined: 0, Total errors: 0, Total files/sec: 61.26, Total bytes/sec: 0.00, Auditing time: 0.16, Rate: 0.97
Jun 10 10:03:51 np0000069435 container-server[105200]: 172.20.0.30 - - [10/Jun/2026:10:03:51 +0000] "HEAD /d1/717/AUTH_4d45e86875f445a699a3b8a09b3a3c7b/glance" 204 - "HEAD http://swift-internal.openstack.svc:8080/v1/AUTH_4d45e86875f445a699a3b8a09b3a3c7b/glance?format=json&states=listing" "txb4f3cb2631334675899a6-006a293686" "proxy-server 13" 0.0024 "-" 22 0
Jun 10 10:03:51 np0000069435 container-server[105184]: 172.20.0.103 - - [10/Jun/2026:10:03:51 +0000] "PUT /d1/717/AUTH_4d45e86875f445a699a3b8a09b3a3c7b/glance/caf963f9-541c-421a-93b4-a290b756b8e5-00001" 201 - "PUT http://swift-internal.openstack.svc:8080/d1/6/AUTH_4d45e86875f445a699a3b8a09b3a3c7b/glance/caf963f9-541c-421a-93b4-a290b756b8e5-00001" "tx05843978fca34b5192493-006a293687" "object-server 23" 0.0009 "-" 20 0
Jun 10 10:03:51 np0000069435 object-server[105806]: 172.20.0.30 - - [10/Jun/2026:10:03:51 +0000] "PUT /d1/6/AUTH_4d45e86875f445a699a3b8a09b3a3c7b/glance/caf963f9-541c-421a-93b4-a290b756b8e5-00001" 201 - "PUT http://swift-internal.openstack.svc:8080/v1/AUTH_4d45e86875f445a699a3b8a09b3a3c7b/glance/caf963f9-541c-421a-93b4-a290b756b8e5-00001" "tx05843978fca34b5192493-006a293687" "proxy-server 13" 0.0166 "-" 23 0
Jun 10 10:03:51 np0000069435 container-server[105215]: 172.20.0.103 - - [10/Jun/2026:10:03:51 +0000] "PUT /d1/717/AUTH_4d45e86875f445a699a3b8a09b3a3c7b/glance/caf963f9-541c-421a-93b4-a290b756b8e5" 201 - "PUT http://swift-internal.openstack.svc:8080/d1/325/AUTH_4d45e86875f445a699a3b8a09b3a3c7b/glance/caf963f9-541c-421a-93b4-a290b756b8e5" "tx434a738456354540a7147-006a293687" "object-server 25" 0.0007 "-" 23 0
Jun 10 10:03:51 np0000069435 object-server[105845]: 172.20.0.30 - - [10/Jun/2026:10:03:51 +0000] "PUT /d1/325/AUTH_4d45e86875f445a699a3b8a09b3a3c7b/glance/caf963f9-541c-421a-93b4-a290b756b8e5" 201 - "PUT http://swift-internal.openstack.svc:8080/v1/AUTH_4d45e86875f445a699a3b8a09b3a3c7b/glance/caf963f9-541c-421a-93b4-a290b756b8e5" "tx434a738456354540a7147-006a293687" "proxy-server 13" 0.0114 "-" 25 0
Jun 10 10:03:52 np0000069435 object-server[105806]: 172.20.0.30 - - [10/Jun/2026:10:03:52 +0000] "HEAD /d1/325/AUTH_4d45e86875f445a699a3b8a09b3a3c7b/glance/caf963f9-541c-421a-93b4-a290b756b8e5" 200 - "HEAD http://swift-internal.openstack.svc:8080/v1/AUTH_4d45e86875f445a699a3b8a09b3a3c7b/glance/caf963f9-541c-421a-93b4-a290b756b8e5" "tx29dd3a5166464c068a47e-006a293687" "proxy-server 13" 0.0009 "-" 23 0
Jun 10 10:03:52 np0000069435 container-server[105184]: 172.20.0.30 - - [10/Jun/2026:10:03:52 +0000] "GET /d1/717/AUTH_4d45e86875f445a699a3b8a09b3a3c7b/glance" 200 206 "GET http://swift-internal.openstack.svc:8080/v1/AUTH_4d45e86875f445a699a3b8a09b3a3c7b/glance?prefix=caf963f9-541c-421a-93b4-a290b756b8e5-&format=json&states=listing" "tx29dd3a5166464c068a47e-006a293687" "proxy-server 13" 0.0186 "-" 20 0
Jun 10 10:03:52 np0000069435 container-server[105184]: 172.20.0.30 - - [10/Jun/2026:10:03:52 +0000] "GET /d1/717/AUTH_4d45e86875f445a699a3b8a09b3a3c7b/glance" 200 206 "GET http://swift-internal.openstack.svc:8080/v1/AUTH_4d45e86875f445a699a3b8a09b3a3c7b/glance?format=json&prefix=caf963f9-541c-421a-93b4-a290b756b8e5-&states=listing" "tx3895aaa1ad5342d5b3705-006a293688" "proxy-server 13" 0.0034 "-" 20 0
Jun 10 10:03:52 np0000069435 container-server[105200]: 172.20.0.103 - - [10/Jun/2026:10:03:52 +0000] "DELETE /d1/717/AUTH_4d45e86875f445a699a3b8a09b3a3c7b/glance/caf963f9-541c-421a-93b4-a290b756b8e5-00001" 204 - "DELETE http://swift-internal.openstack.svc:8080/d1/6/AUTH_4d45e86875f445a699a3b8a09b3a3c7b/glance/caf963f9-541c-421a-93b4-a290b756b8e5-00001" "txc932881412854bbbb4e5d-006a293688" "object-server 23" 0.0011 "-" 22 0
Jun 10 10:03:52 np0000069435 object-server[105806]: 172.20.0.30 - - [10/Jun/2026:10:03:52 +0000] "DELETE /d1/6/AUTH_4d45e86875f445a699a3b8a09b3a3c7b/glance/caf963f9-541c-421a-93b4-a290b756b8e5-00001" 204 - "DELETE http://swift-internal.openstack.svc:8080/v1/AUTH_4d45e86875f445a699a3b8a09b3a3c7b/glance/caf963f9-541c-421a-93b4-a290b756b8e5-00001" "txc932881412854bbbb4e5d-006a293688" "proxy-server 13" 0.0105 "-" 23 0
Jun 10 10:03:52 np0000069435 container-server[105177]: 172.20.0.103 - - [10/Jun/2026:10:03:52 +0000] "DELETE /d1/717/AUTH_4d45e86875f445a699a3b8a09b3a3c7b/glance/caf963f9-541c-421a-93b4-a290b756b8e5" 204 - "DELETE http://swift-internal.openstack.svc:8080/d1/325/AUTH_4d45e86875f445a699a3b8a09b3a3c7b/glance/caf963f9-541c-421a-93b4-a290b756b8e5" "txc232dd2c52464782ae099-006a293688" "object-server 24" 0.0014 "-" 19 0
Jun 10 10:03:52 np0000069435 object-server[105824]: 172.20.0.30 - - [10/Jun/2026:10:03:52 +0000] "DELETE /d1/325/AUTH_4d45e86875f445a699a3b8a09b3a3c7b/glance/caf963f9-541c-421a-93b4-a290b756b8e5" 204 - "DELETE http://swift-internal.openstack.svc:8080/v1/AUTH_4d45e86875f445a699a3b8a09b3a3c7b/glance/caf963f9-541c-421a-93b4-a290b756b8e5" "txc232dd2c52464782ae099-006a293688" "proxy-server 13" 0.0196 "-" 24 0
Jun 10 10:03:52 np0000069435 account-server[104577]: Beginning replication run
Jun 10 10:03:52 np0000069435 account-server[104577]: Replication run OVER
Jun 10 10:03:52 np0000069435 account-server[104577]: Attempted to replicate 1 dbs in 0.01129 seconds (88.59318/s)
Jun 10 10:03:52 np0000069435 account-server[104577]: Removed 0 dbs
Jun 10 10:03:52 np0000069435 account-server[104577]: 1 successes, 0 failures
Jun 10 10:03:52 np0000069435 account-server[104577]: diff:0 diff_capped:0 empty:0 hashmatch:0 no_change:1 remote_merge:0 rsync:0 ts_repl:0
Jun 10 10:03:54 np0000069435 container-server[104610]: Beginning replication run
Jun 10 10:03:54 np0000069435 container-server[104610]: Replication run OVER
Jun 10 10:03:54 np0000069435 container-server[104610]: Attempted to replicate 1 dbs in 0.02859 seconds (34.97631/s)
Jun 10 10:03:54 np0000069435 container-server[104610]: Removed 0 dbs
Jun 10 10:03:54 np0000069435 container-server[104610]: 1 successes, 0 failures
Jun 10 10:03:54 np0000069435 container-server[104610]: diff:0 diff_capped:0 empty:0 hashmatch:0 no_change:1 remote_merge:0 rsync:0 ts_repl:0
Jun 10 10:03:56 np0000069435 object-server[105318]: Starting object replication pass.
Jun 10 10:03:56 np0000069435 object-server[105318]: 12/12 (100.00%) partitions replicated in 0.07s (169.76/sec, 0s remaining)
Jun 10 10:03:56 np0000069435 object-server[105318]: 0 successes, 0 failures
Jun 10 10:03:56 np0000069435 object-server[105318]: 12 suffixes checked - 16.67% hashed, 0.00% synced
Jun 10 10:03:56 np0000069435 object-server[105318]: Partition times: max 0.0359s, min 0.0006s, med 0.0014s
Jun 10 10:03:56 np0000069435 object-server[105318]: Object replication complete. (0.00 minutes)
Jun 10 10:04:16 np0000069435 object-server[555781]: Begin object audit "forever" mode (ZBF)
Jun 10 10:04:16 np0000069435 object-server[555782]: Begin object audit "forever" mode (ALL)
Jun 10 10:04:16 np0000069435 object-server[555781]: Object audit (ZBF). Since Wed Jun 10 10:04:16 2026: Locally: 1 passed, 0 quarantined, 0 errors, files/sec: 452.26, bytes/sec: 0.00, Total time: 0.00, Auditing time: 0.00, Rate: 0.00
Jun 10 10:04:16 np0000069435 object-server[555781]: Object audit (ZBF) "forever" mode completed: 0.21s. Total quarantined: 0, Total errors: 0, Total files/sec: 58.52, Total bytes/sec: 0.00, Auditing time: 0.20, Rate: 0.97
Jun 10 10:04:18 np0000069435 object-server[555782]: Object audit (ALL). Since Wed Jun 10 10:04:16 2026: Locally: 1 passed, 0 quarantined, 0 errors, files/sec: 0.46, bytes/sec: 10005787.54, Total time: 2.17, Auditing time: 0.00, Rate: 0.00
Jun 10 10:04:22 np0000069435 account-server[104577]: Beginning replication run
Jun 10 10:04:22 np0000069435 account-server[104577]: Replication run OVER
Jun 10 10:04:22 np0000069435 account-server[104577]: Attempted to replicate 1 dbs in 0.01044 seconds (95.79663/s)
Jun 10 10:04:22 np0000069435 account-server[104577]: Removed 0 dbs
Jun 10 10:04:22 np0000069435 account-server[104577]: 1 successes, 0 failures
Jun 10 10:04:22 np0000069435 account-server[104577]: diff:0 diff_capped:0 empty:0 hashmatch:0 no_change:1 remote_merge:0 rsync:0 ts_repl:0
Jun 10 10:04:23 np0000069435 object-server[555782]: Object audit (ALL) "forever" mode completed: 6.46s. Total quarantined: 0, Total errors: 0, Total files/sec: 1.86, Total bytes/sec: 9997169.76, Auditing time: 6.45, Rate: 1.00
Jun 10 10:04:24 np0000069435 container-server[104610]: Beginning replication run
Jun 10 10:04:24 np0000069435 container-server[104610]: Replication run OVER
Jun 10 10:04:24 np0000069435 container-server[104610]: Attempted to replicate 1 dbs in 0.01800 seconds (55.56884/s)
Jun 10 10:04:24 np0000069435 container-server[104610]: Removed 0 dbs
Jun 10 10:04:24 np0000069435 container-server[104610]: 1 successes, 0 failures
Jun 10 10:04:24 np0000069435 container-server[104610]: diff:0 diff_capped:0 empty:0 hashmatch:0 no_change:1 remote_merge:0 rsync:0 ts_repl:0
Jun 10 10:04:26 np0000069435 object-server[105318]: Starting object replication pass.
Jun 10 10:04:26 np0000069435 object-server[105318]: 12/12 (100.00%) partitions replicated in 0.02s (514.29/sec, 0s remaining)
Jun 10 10:04:26 np0000069435 object-server[105318]: 0 successes, 0 failures
Jun 10 10:04:26 np0000069435 object-server[105318]: 12 suffixes checked - 0.00% hashed, 0.00% synced
Jun 10 10:04:26 np0000069435 object-server[105318]: Partition times: max 0.0086s, min 0.0005s, med 0.0007s
Jun 10 10:04:26 np0000069435 object-server[105318]: Object replication complete. (0.00 minutes)
Jun 10 10:04:47 np0000069435 object-server[555784]: Begin object audit "forever" mode (ZBF)
Jun 10 10:04:47 np0000069435 object-server[555784]: Object audit (ZBF). Since Wed Jun 10 10:04:47 2026: Locally: 1 passed, 0 quarantined, 0 errors, files/sec: 541.20, bytes/sec: 0.00, Total time: 0.00, Auditing time: 0.00, Rate: 0.00
Jun 10 10:04:47 np0000069435 object-server[555784]: Object audit (ZBF) "forever" mode completed: 0.20s. Total quarantined: 0, Total errors: 0, Total files/sec: 58.89, Total bytes/sec: 0.00, Auditing time: 0.20, Rate: 0.98
Jun 10 10:04:52 np0000069435 account-server[104577]: Beginning replication run
Jun 10 10:04:52 np0000069435 account-server[104577]: Replication run OVER
Jun 10 10:04:52 np0000069435 account-server[104577]: Attempted to replicate 1 dbs in 0.00984 seconds (101.65935/s)
Jun 10 10:04:52 np0000069435 account-server[104577]: Removed 0 dbs
Jun 10 10:04:52 np0000069435 account-server[104577]: 1 successes, 0 failures
Jun 10 10:04:52 np0000069435 account-server[104577]: diff:0 diff_capped:0 empty:0 hashmatch:0 no_change:1 remote_merge:0 rsync:0 ts_repl:0
Jun 10 10:04:54 np0000069435 container-server[104610]: Beginning replication run
Jun 10 10:04:54 np0000069435 container-server[104610]: Replication run OVER
Jun 10 10:04:54 np0000069435 container-server[104610]: Attempted to replicate 1 dbs in 0.01443 seconds (69.29364/s)
Jun 10 10:04:54 np0000069435 container-server[104610]: Removed 0 dbs
Jun 10 10:04:54 np0000069435 container-server[104610]: 1 successes, 0 failures
Jun 10 10:04:54 np0000069435 container-server[104610]: diff:0 diff_capped:0 empty:0 hashmatch:0 no_change:1 remote_merge:0 rsync:0 ts_repl:0
Jun 10 10:04:56 np0000069435 object-server[105318]: Starting object replication pass.
Jun 10 10:04:56 np0000069435 object-server[105318]: 12/12 (100.00%) partitions replicated in 0.02s (487.79/sec, 0s remaining)
Jun 10 10:04:56 np0000069435 object-server[105318]: 0 successes, 0 failures
Jun 10 10:04:56 np0000069435 object-server[105318]: 12 suffixes checked - 0.00% hashed, 0.00% synced
Jun 10 10:04:56 np0000069435 object-server[105318]: Partition times: max 0.0061s, min 0.0005s, med 0.0010s
Jun 10 10:04:56 np0000069435 object-server[105318]: Object replication complete. (0.00 minutes)
Jun 10 10:05:11 np0000069435 account-server[104875]: 172.20.0.103 - - [10/Jun/2026:10:05:11 +0000] "HEAD /d1/727/.expiring_objects" 404 - "HEAD http://localhost/v1/.expiring_objects?format=json" "txb93207fb0a1546dea1362-006a2936d7" "proxy-server 2" 0.0006 "-" 17 -
Jun 10 10:05:11 np0000069435 object-expirer[105204]: Pass completed in 0s; 0 objects expired (txn: txb93207fb0a1546dea1362-006a2936d7)
Jun 10 10:05:17 np0000069435 object-server[557042]: Begin object audit "forever" mode (ZBF)
Jun 10 10:05:17 np0000069435 object-server[557042]: Object audit (ZBF). Since Wed Jun 10 10:05:17 2026: Locally: 1 passed, 0 quarantined, 0 errors, files/sec: 816.49, bytes/sec: 0.00, Total time: 0.00, Auditing time: 0.00, Rate: 0.00
Jun 10 10:05:17 np0000069435 object-server[557043]: Begin object audit "forever" mode (ALL)
Jun 10 10:05:17 np0000069435 object-server[557042]: Object audit (ZBF) "forever" mode completed: 0.20s. Total quarantined: 0, Total errors: 0, Total files/sec: 59.08, Total bytes/sec: 0.00, Auditing time: 0.20, Rate: 0.98
Jun 10 10:05:19 np0000069435 account-server[104875]: 172.20.0.30 - - [10/Jun/2026:10:05:19 +0000] "HEAD /d1/679/AUTH_4d45e86875f445a699a3b8a09b3a3c7b" 204 - "HEAD http://swift-internal.openstack.svc:8080/v1/AUTH_4d45e86875f445a699a3b8a09b3a3c7b?format=json" "txa115aaff717c4575bfdc8-006a2936df" "proxy-server 6" 0.0034 "-" 17 -
Jun 10 10:05:19 np0000069435 object-server[557043]: Object audit (ALL). Since Wed Jun 10 10:05:17 2026: Locally: 1 passed, 0 quarantined, 0 errors, files/sec: 0.46, bytes/sec: 10009846.21, Total time: 2.17, Auditing time: 0.00, Rate: 0.00
Jun 10 10:05:19 np0000069435 container-server[105184]: 172.20.0.30 - - [10/Jun/2026:10:05:19 +0000] "HEAD /d1/717/AUTH_4d45e86875f445a699a3b8a09b3a3c7b/glance" 204 - "HEAD http://swift-internal.openstack.svc:8080/v1/AUTH_4d45e86875f445a699a3b8a09b3a3c7b/glance?format=json&states=listing" "txa115aaff717c4575bfdc8-006a2936df" "proxy-server 6" 0.0033 "-" 20 0
Jun 10 10:05:19 np0000069435 container-server[105184]: 172.20.0.103 - - [10/Jun/2026:10:05:19 +0000] "PUT /d1/717/AUTH_4d45e86875f445a699a3b8a09b3a3c7b/glance/bd477206-d357-486d-a04b-c75f89081103-00001" 201 - "PUT http://swift-internal.openstack.svc:8080/d1/307/AUTH_4d45e86875f445a699a3b8a09b3a3c7b/glance/bd477206-d357-486d-a04b-c75f89081103-00001" "tx43a2e426db844cda81f74-006a2936df" "object-server 22" 0.0012 "-" 20 0
Jun 10 10:05:19 np0000069435 object-server[105793]: 172.20.0.30 - - [10/Jun/2026:10:05:19 +0000] "PUT /d1/307/AUTH_4d45e86875f445a699a3b8a09b3a3c7b/glance/bd477206-d357-486d-a04b-c75f89081103-00001" 201 - "PUT http://swift-internal.openstack.svc:8080/v1/AUTH_4d45e86875f445a699a3b8a09b3a3c7b/glance/bd477206-d357-486d-a04b-c75f89081103-00001" "tx43a2e426db844cda81f74-006a2936df" "proxy-server 6" 0.0192 "-" 22 0
Jun 10 10:05:19 np0000069435 container-server[105215]: 172.20.0.103 - - [10/Jun/2026:10:05:19 +0000] "PUT /d1/717/AUTH_4d45e86875f445a699a3b8a09b3a3c7b/glance/bd477206-d357-486d-a04b-c75f89081103" 201 - "PUT http://swift-internal.openstack.svc:8080/d1/673/AUTH_4d45e86875f445a699a3b8a09b3a3c7b/glance/bd477206-d357-486d-a04b-c75f89081103" "tx77b77e851fce49ab84a62-006a2936df" "object-server 24" 0.0008 "-" 23 0
Jun 10 10:05:19 np0000069435 object-server[105824]: 172.20.0.30 - - [10/Jun/2026:10:05:19 +0000] "PUT /d1/673/AUTH_4d45e86875f445a699a3b8a09b3a3c7b/glance/bd477206-d357-486d-a04b-c75f89081103" 201 - "PUT http://swift-internal.openstack.svc:8080/v1/AUTH_4d45e86875f445a699a3b8a09b3a3c7b/glance/bd477206-d357-486d-a04b-c75f89081103" "tx77b77e851fce49ab84a62-006a2936df" "proxy-server 6" 0.0157 "-" 24 0
Jun 10 10:05:20 np0000069435 object-server[105845]: 172.20.0.30 - - [10/Jun/2026:10:05:20 +0000] "GET /d1/673/AUTH_4d45e86875f445a699a3b8a09b3a3c7b/glance/bd477206-d357-486d-a04b-c75f89081103" 200 - "GET http://swift-internal.openstack.svc:8080/v1/AUTH_4d45e86875f445a699a3b8a09b3a3c7b/glance/bd477206-d357-486d-a04b-c75f89081103" "tx9a1946e61d1d4035b7ac3-006a2936e0" "proxy-server 12" 0.0014 "-" 25 0
Jun 10 10:05:20 np0000069435 container-server[105184]: 172.20.0.30 - - [10/Jun/2026:10:05:20 +0000] "GET /d1/717/AUTH_4d45e86875f445a699a3b8a09b3a3c7b/glance" 200 206 "GET http://swift-internal.openstack.svc:8080/v1/AUTH_4d45e86875f445a699a3b8a09b3a3c7b/glance?prefix=bd477206-d357-486d-a04b-c75f89081103-&format=json&states=listing" "tx9a1946e61d1d4035b7ac3-006a2936e0" "proxy-server 12" 0.0108 "-" 20 0
Jun 10 10:05:20 np0000069435 object-server[105806]: 172.20.0.30 - - [10/Jun/2026:10:05:20 +0000] "GET /d1/307/AUTH_4d45e86875f445a699a3b8a09b3a3c7b/glance/bd477206-d357-486d-a04b-c75f89081103-00001" 200 1024 "GET http://swift-internal.openstack.svc:8080/v1/AUTH_4d45e86875f445a699a3b8a09b3a3c7b/glance/bd477206-d357-486d-a04b-c75f89081103-00001?multipart-manifest=get" "tx9a1946e61d1d4035b7ac3-006a2936e0" "proxy-server 12" 0.0011 "-" 23 0
Jun 10 10:05:20 np0000069435 container-server[105177]: 172.20.0.30 - - [10/Jun/2026:10:05:20 +0000] "HEAD /d1/717/AUTH_4d45e86875f445a699a3b8a09b3a3c7b/glance" 204 - "HEAD http://swift-internal.openstack.svc:8080/v1/AUTH_4d45e86875f445a699a3b8a09b3a3c7b/glance?format=json&states=listing" "txba6fa29febcf409191311-006a2936e0" "proxy-server 6" 0.0025 "-" 19 0
Jun 10 10:05:20 np0000069435 container-server[105200]: 172.20.0.103 - - [10/Jun/2026:10:05:20 +0000] "PUT /d1/717/AUTH_4d45e86875f445a699a3b8a09b3a3c7b/glance/bbbff8fe-07c3-43b0-a4c3-6724159278b1-00001" 201 - "PUT http://swift-internal.openstack.svc:8080/d1/258/AUTH_4d45e86875f445a699a3b8a09b3a3c7b/glance/bbbff8fe-07c3-43b0-a4c3-6724159278b1-00001" "txf35db1be5a1f45a2ad1fe-006a2936e0" "object-server 22" 0.0008 "-" 22 0
Jun 10 10:05:20 np0000069435 object-server[105793]: 172.20.0.30 - - [10/Jun/2026:10:05:20 +0000] "PUT /d1/258/AUTH_4d45e86875f445a699a3b8a09b3a3c7b/glance/bbbff8fe-07c3-43b0-a4c3-6724159278b1-00001" 201 - "PUT http://swift-internal.openstack.svc:8080/v1/AUTH_4d45e86875f445a699a3b8a09b3a3c7b/glance/bbbff8fe-07c3-43b0-a4c3-6724159278b1-00001" "txf35db1be5a1f45a2ad1fe-006a2936e0" "proxy-server 6" 0.0139 "-" 22 0
Jun 10 10:05:20 np0000069435 container-server[105215]: 172.20.0.103 - - [10/Jun/2026:10:05:20 +0000] "PUT /d1/717/AUTH_4d45e86875f445a699a3b8a09b3a3c7b/glance/bbbff8fe-07c3-43b0-a4c3-6724159278b1" 201 - "PUT http://swift-internal.openstack.svc:8080/d1/329/AUTH_4d45e86875f445a699a3b8a09b3a3c7b/glance/bbbff8fe-07c3-43b0-a4c3-6724159278b1" "txf6ae4addf07c4ed89a565-006a2936e0" "object-server 22" 0.0010 "-" 23 0
Jun 10 10:05:20 np0000069435 object-server[105793]: 172.20.0.30 - - [10/Jun/2026:10:05:20 +0000] "PUT /d1/329/AUTH_4d45e86875f445a699a3b8a09b3a3c7b/glance/bbbff8fe-07c3-43b0-a4c3-6724159278b1" 201 - "PUT http://swift-internal.openstack.svc:8080/v1/AUTH_4d45e86875f445a699a3b8a09b3a3c7b/glance/bbbff8fe-07c3-43b0-a4c3-6724159278b1" "txf6ae4addf07c4ed89a565-006a2936e0" "proxy-server 6" 0.0112 "-" 22 0
Jun 10 10:05:21 np0000069435 container-server[105200]: 172.20.0.30 - - [10/Jun/2026:10:05:21 +0000] "HEAD /d1/717/AUTH_4d45e86875f445a699a3b8a09b3a3c7b/glance" 204 - "HEAD http://swift-internal.openstack.svc:8080/v1/AUTH_4d45e86875f445a699a3b8a09b3a3c7b/glance?format=json&states=listing" "tx4ccbdf4b61ea4e70b7f0a-006a2936e1" "proxy-server 13" 0.0091 "-" 22 0
Jun 10 10:05:21 np0000069435 container-server[105200]: 172.20.0.103 - - [10/Jun/2026:10:05:21 +0000] "PUT /d1/717/AUTH_4d45e86875f445a699a3b8a09b3a3c7b/glance/607d472e-838c-49b0-9b65-ceda30cc99cd-00001" 201 - "PUT http://swift-internal.openstack.svc:8080/d1/915/AUTH_4d45e86875f445a699a3b8a09b3a3c7b/glance/607d472e-838c-49b0-9b65-ceda30cc99cd-00001" "txad0386cb0f184b5cb92ae-006a2936e1" "object-server 24" 0.0006 "-" 22 0
Jun 10 10:05:21 np0000069435 object-server[105824]: 172.20.0.30 - - [10/Jun/2026:10:05:21 +0000] "PUT /d1/915/AUTH_4d45e86875f445a699a3b8a09b3a3c7b/glance/607d472e-838c-49b0-9b65-ceda30cc99cd-00001" 201 - "PUT http://swift-internal.openstack.svc:8080/v1/AUTH_4d45e86875f445a699a3b8a09b3a3c7b/glance/607d472e-838c-49b0-9b65-ceda30cc99cd-00001" "txad0386cb0f184b5cb92ae-006a2936e1" "proxy-server 13" 0.0214 "-" 24 0
Jun 10 10:05:21 np0000069435 container-server[105200]: 172.20.0.103 - - [10/Jun/2026:10:05:21 +0000] "PUT /d1/717/AUTH_4d45e86875f445a699a3b8a09b3a3c7b/glance/607d472e-838c-49b0-9b65-ceda30cc99cd" 201 - "PUT http://swift-internal.openstack.svc:8080/d1/489/AUTH_4d45e86875f445a699a3b8a09b3a3c7b/glance/607d472e-838c-49b0-9b65-ceda30cc99cd" "tx2ce464e7545d4d02b5f4d-006a2936e1" "object-server 22" 0.0006 "-" 22 0
Jun 10 10:05:21 np0000069435 object-server[105793]: 172.20.0.30 - - [10/Jun/2026:10:05:21 +0000] "PUT /d1/489/AUTH_4d45e86875f445a699a3b8a09b3a3c7b/glance/607d472e-838c-49b0-9b65-ceda30cc99cd" 201 - "PUT http://swift-internal.openstack.svc:8080/v1/AUTH_4d45e86875f445a699a3b8a09b3a3c7b/glance/607d472e-838c-49b0-9b65-ceda30cc99cd" "tx2ce464e7545d4d02b5f4d-006a2936e1" "proxy-server 13" 0.0106 "-" 22 0
Jun 10 10:05:21 np0000069435 object-server[105806]: 172.20.0.30 - - [10/Jun/2026:10:05:21 +0000] "GET /d1/489/AUTH_4d45e86875f445a699a3b8a09b3a3c7b/glance/607d472e-838c-49b0-9b65-ceda30cc99cd" 200 - "GET http://swift-internal.openstack.svc:8080/v1/AUTH_4d45e86875f445a699a3b8a09b3a3c7b/glance/607d472e-838c-49b0-9b65-ceda30cc99cd" "tx5faabd6b80dd4167bd883-006a2936e1" "proxy-server 6" 0.0012 "-" 23 0
Jun 10 10:05:21 np0000069435 container-server[105215]: 172.20.0.30 - - [10/Jun/2026:10:05:21 +0000] "GET /d1/717/AUTH_4d45e86875f445a699a3b8a09b3a3c7b/glance" 200 206 "GET http://swift-internal.openstack.svc:8080/v1/AUTH_4d45e86875f445a699a3b8a09b3a3c7b/glance?prefix=607d472e-838c-49b0-9b65-ceda30cc99cd-&format=json&states=listing" "tx5faabd6b80dd4167bd883-006a2936e1" "proxy-server 6" 0.0143 "-" 23 0
Jun 10 10:05:21 np0000069435 object-server[105806]: 172.20.0.30 - - [10/Jun/2026:10:05:21 +0000] "GET /d1/915/AUTH_4d45e86875f445a699a3b8a09b3a3c7b/glance/607d472e-838c-49b0-9b65-ceda30cc99cd-00001" 200 1024 "GET http://swift-internal.openstack.svc:8080/v1/AUTH_4d45e86875f445a699a3b8a09b3a3c7b/glance/607d472e-838c-49b0-9b65-ceda30cc99cd-00001?multipart-manifest=get" "tx5faabd6b80dd4167bd883-006a2936e1" "proxy-server 6" 0.0012 "-" 23 0
Jun 10 10:05:22 np0000069435 object-server[105824]: 172.20.0.30 - - [10/Jun/2026:10:05:22 +0000] "HEAD /d1/489/AUTH_4d45e86875f445a699a3b8a09b3a3c7b/glance/607d472e-838c-49b0-9b65-ceda30cc99cd" 200 - "HEAD http://swift-internal.openstack.svc:8080/v1/AUTH_4d45e86875f445a699a3b8a09b3a3c7b/glance/607d472e-838c-49b0-9b65-ceda30cc99cd" "tx2b25d2d1c26547fba2f10-006a2936e2" "proxy-server 6" 0.0012 "-" 24 0
Jun 10 10:05:22 np0000069435 container-server[105215]: 172.20.0.30 - - [10/Jun/2026:10:05:22 +0000] "GET /d1/717/AUTH_4d45e86875f445a699a3b8a09b3a3c7b/glance" 200 206 "GET http://swift-internal.openstack.svc:8080/v1/AUTH_4d45e86875f445a699a3b8a09b3a3c7b/glance?prefix=607d472e-838c-49b0-9b65-ceda30cc99cd-&format=json&states=listing" "tx2b25d2d1c26547fba2f10-006a2936e2" "proxy-server 6" 0.0051 "-" 23 0
Jun 10 10:05:22 np0000069435 container-server[105177]: 172.20.0.30 - - [10/Jun/2026:10:05:22 +0000] "GET /d1/717/AUTH_4d45e86875f445a699a3b8a09b3a3c7b/glance" 200 206 "GET http://swift-internal.openstack.svc:8080/v1/AUTH_4d45e86875f445a699a3b8a09b3a3c7b/glance?format=json&prefix=607d472e-838c-49b0-9b65-ceda30cc99cd-&states=listing" "tx7274ddd7e5894e59aa0d3-006a2936e2" "proxy-server 6" 0.0050 "-" 19 0
Jun 10 10:05:22 np0000069435 container-server[105200]: 172.20.0.30 - - [10/Jun/2026:10:05:22 +0000] "HEAD /d1/717/AUTH_4d45e86875f445a699a3b8a09b3a3c7b/glance" 204 - "HEAD http://swift-internal.openstack.svc:8080/v1/AUTH_4d45e86875f445a699a3b8a09b3a3c7b/glance?format=json&states=listing" "tx090d37f5896b4cb0abcbb-006a2936e2" "proxy-server 12" 0.0031 "-" 22 0
Jun 10 10:05:22 np0000069435 container-server[105177]: 172.20.0.103 - - [10/Jun/2026:10:05:22 +0000] "DELETE /d1/717/AUTH_4d45e86875f445a699a3b8a09b3a3c7b/glance/607d472e-838c-49b0-9b65-ceda30cc99cd-00001" 204 - "DELETE http://swift-internal.openstack.svc:8080/d1/915/AUTH_4d45e86875f445a699a3b8a09b3a3c7b/glance/607d472e-838c-49b0-9b65-ceda30cc99cd-00001" "txe618d6c68f2145b3a9b92-006a2936e2" "object-server 23" 0.0009 "-" 19 0
Jun 10 10:05:22 np0000069435 object-server[105806]: 172.20.0.30 - - [10/Jun/2026:10:05:22 +0000] "DELETE /d1/915/AUTH_4d45e86875f445a699a3b8a09b3a3c7b/glance/607d472e-838c-49b0-9b65-ceda30cc99cd-00001" 204 - "DELETE http://swift-internal.openstack.svc:8080/v1/AUTH_4d45e86875f445a699a3b8a09b3a3c7b/glance/607d472e-838c-49b0-9b65-ceda30cc99cd-00001" "txe618d6c68f2145b3a9b92-006a2936e2" "proxy-server 6" 0.0101 "-" 23 0
Jun 10 10:05:22 np0000069435 container-server[105177]: 172.20.0.103 - - [10/Jun/2026:10:05:22 +0000] "DELETE /d1/717/AUTH_4d45e86875f445a699a3b8a09b3a3c7b/glance/607d472e-838c-49b0-9b65-ceda30cc99cd" 204 - "DELETE http://swift-internal.openstack.svc:8080/d1/489/AUTH_4d45e86875f445a699a3b8a09b3a3c7b/glance/607d472e-838c-49b0-9b65-ceda30cc99cd" "txa9cc140c72be4beb9859a-006a2936e2" "object-server 23" 0.0006 "-" 19 0
Jun 10 10:05:22 np0000069435 object-server[105806]: 172.20.0.30 - - [10/Jun/2026:10:05:22 +0000] "DELETE /d1/489/AUTH_4d45e86875f445a699a3b8a09b3a3c7b/glance/607d472e-838c-49b0-9b65-ceda30cc99cd" 204 - "DELETE http://swift-internal.openstack.svc:8080/v1/AUTH_4d45e86875f445a699a3b8a09b3a3c7b/glance/607d472e-838c-49b0-9b65-ceda30cc99cd" "txa9cc140c72be4beb9859a-006a2936e2" "proxy-server 6" 0.0082 "-" 23 0
Jun 10 10:05:22 np0000069435 account-server[104577]: Beginning replication run
Jun 10 10:05:22 np0000069435 account-server[104577]: Replication run OVER
Jun 10 10:05:22 np0000069435 account-server[104577]: Attempted to replicate 1 dbs in 0.01202 seconds (83.22788/s)
Jun 10 10:05:22 np0000069435 account-server[104577]: Removed 0 dbs
Jun 10 10:05:22 np0000069435 account-server[104577]: 1 successes, 0 failures
Jun 10 10:05:22 np0000069435 account-server[104577]: diff:0 diff_capped:0 empty:0 hashmatch:0 no_change:1 remote_merge:0 rsync:0 ts_repl:0
Jun 10 10:05:22 np0000069435 container-server[105200]: 172.20.0.103 - - [10/Jun/2026:10:05:22 +0000] "PUT /d1/717/AUTH_4d45e86875f445a699a3b8a09b3a3c7b/glance/6efe7f96-2921-4bf4-be1f-d97783830929-00001" 201 - "PUT http://swift-internal.openstack.svc:8080/d1/878/AUTH_4d45e86875f445a699a3b8a09b3a3c7b/glance/6efe7f96-2921-4bf4-be1f-d97783830929-00001" "txb7ddc341fab34c35b0eca-006a2936e2" "object-server 22" 0.0011 "-" 22 0
Jun 10 10:05:22 np0000069435 object-server[105793]: 172.20.0.30 - - [10/Jun/2026:10:05:22 +0000] "PUT /d1/878/AUTH_4d45e86875f445a699a3b8a09b3a3c7b/glance/6efe7f96-2921-4bf4-be1f-d97783830929-00001" 201 - "PUT http://swift-internal.openstack.svc:8080/v1/AUTH_4d45e86875f445a699a3b8a09b3a3c7b/glance/6efe7f96-2921-4bf4-be1f-d97783830929-00001" "txb7ddc341fab34c35b0eca-006a2936e2" "proxy-server 12" 0.2220 "-" 22 0
Jun 10 10:05:22 np0000069435 container-server[105184]: 172.20.0.103 - - [10/Jun/2026:10:05:22 +0000] "PUT /d1/717/AUTH_4d45e86875f445a699a3b8a09b3a3c7b/glance/6efe7f96-2921-4bf4-be1f-d97783830929" 201 - "PUT http://swift-internal.openstack.svc:8080/d1/220/AUTH_4d45e86875f445a699a3b8a09b3a3c7b/glance/6efe7f96-2921-4bf4-be1f-d97783830929" "txd004a76f1f0b45278188e-006a2936e2" "object-server 22" 0.0009 "-" 20 0
Jun 10 10:05:22 np0000069435 object-server[105793]: 172.20.0.30 - - [10/Jun/2026:10:05:22 +0000] "PUT /d1/220/AUTH_4d45e86875f445a699a3b8a09b3a3c7b/glance/6efe7f96-2921-4bf4-be1f-d97783830929" 201 - "PUT http://swift-internal.openstack.svc:8080/v1/AUTH_4d45e86875f445a699a3b8a09b3a3c7b/glance/6efe7f96-2921-4bf4-be1f-d97783830929" "txd004a76f1f0b45278188e-006a2936e2" "proxy-server 12" 0.0117 "-" 22 0
Jun 10 10:05:22 np0000069435 object-server[105845]: 172.20.0.30 - - [10/Jun/2026:10:05:22 +0000] "HEAD /d1/673/AUTH_4d45e86875f445a699a3b8a09b3a3c7b/glance/bd477206-d357-486d-a04b-c75f89081103" 200 - "HEAD http://swift-internal.openstack.svc:8080/v1/AUTH_4d45e86875f445a699a3b8a09b3a3c7b/glance/bd477206-d357-486d-a04b-c75f89081103" "tx8447338dcb924f5aa1d96-006a2936e2" "proxy-server 12" 0.0018 "-" 25 0
Jun 10 10:05:22 np0000069435 container-server[105184]: 172.20.0.30 - - [10/Jun/2026:10:05:22 +0000] "GET /d1/717/AUTH_4d45e86875f445a699a3b8a09b3a3c7b/glance" 200 206 "GET http://swift-internal.openstack.svc:8080/v1/AUTH_4d45e86875f445a699a3b8a09b3a3c7b/glance?prefix=bd477206-d357-486d-a04b-c75f89081103-&format=json&states=listing" "tx8447338dcb924f5aa1d96-006a2936e2" "proxy-server 12" 0.0117 "-" 20 0
Jun 10 10:05:22 np0000069435 container-server[105215]: 172.20.0.30 - - [10/Jun/2026:10:05:22 +0000] "GET /d1/717/AUTH_4d45e86875f445a699a3b8a09b3a3c7b/glance" 200 206 "GET http://swift-internal.openstack.svc:8080/v1/AUTH_4d45e86875f445a699a3b8a09b3a3c7b/glance?format=json&prefix=bd477206-d357-486d-a04b-c75f89081103-&states=listing" "tx6082d40286f44a7781f97-006a2936e2" "proxy-server 12" 0.0041 "-" 23 0
Jun 10 10:05:22 np0000069435 container-server[105177]: 172.20.0.103 - - [10/Jun/2026:10:05:22 +0000] "DELETE /d1/717/AUTH_4d45e86875f445a699a3b8a09b3a3c7b/glance/bd477206-d357-486d-a04b-c75f89081103-00001" 204 - "DELETE http://swift-internal.openstack.svc:8080/d1/307/AUTH_4d45e86875f445a699a3b8a09b3a3c7b/glance/bd477206-d357-486d-a04b-c75f89081103-00001" "txd1070b6ecd1d420687100-006a2936e2" "object-server 24" 0.0009 "-" 19 0
Jun 10 10:05:22 np0000069435 object-server[105824]: 172.20.0.30 - - [10/Jun/2026:10:05:22 +0000] "DELETE /d1/307/AUTH_4d45e86875f445a699a3b8a09b3a3c7b/glance/bd477206-d357-486d-a04b-c75f89081103-00001" 204 - "DELETE http://swift-internal.openstack.svc:8080/v1/AUTH_4d45e86875f445a699a3b8a09b3a3c7b/glance/bd477206-d357-486d-a04b-c75f89081103-00001" "txd1070b6ecd1d420687100-006a2936e2" "proxy-server 12" 0.0095 "-" 24 0
Jun 10 10:05:22 np0000069435 container-server[105177]: 172.20.0.103 - - [10/Jun/2026:10:05:22 +0000] "DELETE /d1/717/AUTH_4d45e86875f445a699a3b8a09b3a3c7b/glance/bd477206-d357-486d-a04b-c75f89081103" 204 - "DELETE http://swift-internal.openstack.svc:8080/d1/673/AUTH_4d45e86875f445a699a3b8a09b3a3c7b/glance/bd477206-d357-486d-a04b-c75f89081103" "tx196f35172d354ff5b52eb-006a2936e2" "object-server 23" 0.0006 "-" 19 0
Jun 10 10:05:22 np0000069435 object-server[105806]: 172.20.0.30 - - [10/Jun/2026:10:05:22 +0000] "DELETE /d1/673/AUTH_4d45e86875f445a699a3b8a09b3a3c7b/glance/bd477206-d357-486d-a04b-c75f89081103" 204 - "DELETE http://swift-internal.openstack.svc:8080/v1/AUTH_4d45e86875f445a699a3b8a09b3a3c7b/glance/bd477206-d357-486d-a04b-c75f89081103" "tx196f35172d354ff5b52eb-006a2936e2" "proxy-server 12" 0.0072 "-" 23 0
Jun 10 10:05:23 np0000069435 object-server[557043]: Object audit (ALL) "forever" mode completed: 6.46s. Total quarantined: 0, Total errors: 0, Total files/sec: 1.86, Total bytes/sec: 9998701.88, Auditing time: 6.45, Rate: 1.00
Jun 10 10:05:23 np0000069435 object-server[105806]: 172.20.0.30 - - [10/Jun/2026:10:05:23 +0000] "HEAD /d1/220/AUTH_4d45e86875f445a699a3b8a09b3a3c7b/glance/6efe7f96-2921-4bf4-be1f-d97783830929" 200 - "HEAD http://swift-internal.openstack.svc:8080/v1/AUTH_4d45e86875f445a699a3b8a09b3a3c7b/glance/6efe7f96-2921-4bf4-be1f-d97783830929" "tx9916b90fe65847608996b-006a2936e3" "proxy-server 6" 0.0009 "-" 23 0
Jun 10 10:05:24 np0000069435 container-server[105177]: 172.20.0.30 - - [10/Jun/2026:10:05:24 +0000] "GET /d1/717/AUTH_4d45e86875f445a699a3b8a09b3a3c7b/glance" 200 210 "GET http://swift-internal.openstack.svc:8080/v1/AUTH_4d45e86875f445a699a3b8a09b3a3c7b/glance?prefix=6efe7f96-2921-4bf4-be1f-d97783830929-&format=json&states=listing" "tx9916b90fe65847608996b-006a2936e3" "proxy-server 6" 0.0108 "-" 19 0
Jun 10 10:05:24 np0000069435 container-server[105184]: 172.20.0.30 - - [10/Jun/2026:10:05:24 +0000] "GET /d1/717/AUTH_4d45e86875f445a699a3b8a09b3a3c7b/glance" 200 210 "GET http://swift-internal.openstack.svc:8080/v1/AUTH_4d45e86875f445a699a3b8a09b3a3c7b/glance?format=json&prefix=6efe7f96-2921-4bf4-be1f-d97783830929-&states=listing" "txd087d767c92b45c2ada7e-006a2936e4" "proxy-server 6" 0.0032 "-" 20 0
