Jun 10 10:05:24 np0000069435 container-server[105184]: 172.20.0.103 - - [10/Jun/2026:10:05:24 +0000] "DELETE /d1/717/AUTH_4d45e86875f445a699a3b8a09b3a3c7b/glance/6efe7f96-2921-4bf4-be1f-d97783830929-00001" 204 - "DELETE http://swift-internal.openstack.svc:8080/d1/878/AUTH_4d45e86875f445a699a3b8a09b3a3c7b/glance/6efe7f96-2921-4bf4-be1f-d97783830929-00001" "tx1fffa2d65c8a489ab871f-006a2936e4" "object-server 25" 0.0006 "-" 20 0
Jun 10 10:05:24 np0000069435 object-server[105845]: 172.20.0.30 - - [10/Jun/2026:10:05:24 +0000] "DELETE /d1/878/AUTH_4d45e86875f445a699a3b8a09b3a3c7b/glance/6efe7f96-2921-4bf4-be1f-d97783830929-00001" 204 - "DELETE http://swift-internal.openstack.svc:8080/v1/AUTH_4d45e86875f445a699a3b8a09b3a3c7b/glance/6efe7f96-2921-4bf4-be1f-d97783830929-00001" "tx1fffa2d65c8a489ab871f-006a2936e4" "proxy-server 6" 0.0078 "-" 25 0
Jun 10 10:05:24 np0000069435 container-server[105177]: 172.20.0.103 - - [10/Jun/2026:10:05:24 +0000] "DELETE /d1/717/AUTH_4d45e86875f445a699a3b8a09b3a3c7b/glance/6efe7f96-2921-4bf4-be1f-d97783830929" 204 - "DELETE http://swift-internal.openstack.svc:8080/d1/220/AUTH_4d45e86875f445a699a3b8a09b3a3c7b/glance/6efe7f96-2921-4bf4-be1f-d97783830929" "tx62876a425fd14eca9ecf4-006a2936e4" "object-server 22" 0.0008 "-" 19 0
Jun 10 10:05:24 np0000069435 object-server[105793]: 172.20.0.30 - - [10/Jun/2026:10:05:24 +0000] "DELETE /d1/220/AUTH_4d45e86875f445a699a3b8a09b3a3c7b/glance/6efe7f96-2921-4bf4-be1f-d97783830929" 204 - "DELETE http://swift-internal.openstack.svc:8080/v1/AUTH_4d45e86875f445a699a3b8a09b3a3c7b/glance/6efe7f96-2921-4bf4-be1f-d97783830929" "tx62876a425fd14eca9ecf4-006a2936e4" "proxy-server 6" 0.0089 "-" 22 0
Jun 10 10:05:24 np0000069435 object-server[105806]: 172.20.0.30 - - [10/Jun/2026:10:05:24 +0000] "HEAD /d1/329/AUTH_4d45e86875f445a699a3b8a09b3a3c7b/glance/bbbff8fe-07c3-43b0-a4c3-6724159278b1" 200 - "HEAD http://swift-internal.openstack.svc:8080/v1/AUTH_4d45e86875f445a699a3b8a09b3a3c7b/glance/bbbff8fe-07c3-43b0-a4c3-6724159278b1" "txcd59af7df5ac4b73a80e1-006a2936e4" "proxy-server 6" 0.0009 "-" 23 0
Jun 10 10:05:24 np0000069435 container-server[105184]: 172.20.0.30 - - [10/Jun/2026:10:05:24 +0000] "GET /d1/717/AUTH_4d45e86875f445a699a3b8a09b3a3c7b/glance" 200 206 "GET http://swift-internal.openstack.svc:8080/v1/AUTH_4d45e86875f445a699a3b8a09b3a3c7b/glance?prefix=bbbff8fe-07c3-43b0-a4c3-6724159278b1-&format=json&states=listing" "txcd59af7df5ac4b73a80e1-006a2936e4" "proxy-server 6" 0.0113 "-" 20 0
Jun 10 10:05:24 np0000069435 container-server[105184]: 172.20.0.30 - - [10/Jun/2026:10:05:24 +0000] "GET /d1/717/AUTH_4d45e86875f445a699a3b8a09b3a3c7b/glance" 200 206 "GET http://swift-internal.openstack.svc:8080/v1/AUTH_4d45e86875f445a699a3b8a09b3a3c7b/glance?format=json&prefix=bbbff8fe-07c3-43b0-a4c3-6724159278b1-&states=listing" "tx60f65f33a78d46a2b7ae0-006a2936e4" "proxy-server 6" 0.0037 "-" 20 0
Jun 10 10:05:24 np0000069435 container-server[105184]: 172.20.0.103 - - [10/Jun/2026:10:05:24 +0000] "DELETE /d1/717/AUTH_4d45e86875f445a699a3b8a09b3a3c7b/glance/bbbff8fe-07c3-43b0-a4c3-6724159278b1-00001" 204 - "DELETE http://swift-internal.openstack.svc:8080/d1/258/AUTH_4d45e86875f445a699a3b8a09b3a3c7b/glance/bbbff8fe-07c3-43b0-a4c3-6724159278b1-00001" "tx7338aebf77c749aea1a85-006a2936e4" "object-server 25" 0.0009 "-" 20 0
Jun 10 10:05:24 np0000069435 object-server[105845]: 172.20.0.30 - - [10/Jun/2026:10:05:24 +0000] "DELETE /d1/258/AUTH_4d45e86875f445a699a3b8a09b3a3c7b/glance/bbbff8fe-07c3-43b0-a4c3-6724159278b1-00001" 204 - "DELETE http://swift-internal.openstack.svc:8080/v1/AUTH_4d45e86875f445a699a3b8a09b3a3c7b/glance/bbbff8fe-07c3-43b0-a4c3-6724159278b1-00001" "tx7338aebf77c749aea1a85-006a2936e4" "proxy-server 6" 0.0092 "-" 25 0
Jun 10 10:05:24 np0000069435 container-server[105184]: 172.20.0.103 - - [10/Jun/2026:10:05:24 +0000] "DELETE /d1/717/AUTH_4d45e86875f445a699a3b8a09b3a3c7b/glance/bbbff8fe-07c3-43b0-a4c3-6724159278b1" 204 - "DELETE http://swift-internal.openstack.svc:8080/d1/329/AUTH_4d45e86875f445a699a3b8a09b3a3c7b/glance/bbbff8fe-07c3-43b0-a4c3-6724159278b1" "tx6ef17e889bbd46088fb50-006a2936e4" "object-server 25" 0.0009 "-" 20 0
Jun 10 10:05:24 np0000069435 object-server[105845]: 172.20.0.30 - - [10/Jun/2026:10:05:24 +0000] "DELETE /d1/329/AUTH_4d45e86875f445a699a3b8a09b3a3c7b/glance/bbbff8fe-07c3-43b0-a4c3-6724159278b1" 204 - "DELETE http://swift-internal.openstack.svc:8080/v1/AUTH_4d45e86875f445a699a3b8a09b3a3c7b/glance/bbbff8fe-07c3-43b0-a4c3-6724159278b1" "tx6ef17e889bbd46088fb50-006a2936e4" "proxy-server 6" 0.0081 "-" 25 0
Jun 10 10:05:24 np0000069435 container-server[104610]: Beginning replication run
Jun 10 10:05:24 np0000069435 container-server[104610]: Replication run OVER
Jun 10 10:05:24 np0000069435 container-server[104610]: Attempted to replicate 1 dbs in 0.02690 seconds (37.16858/s)
Jun 10 10:05:24 np0000069435 container-server[104610]: Removed 0 dbs
Jun 10 10:05:24 np0000069435 container-server[104610]: 1 successes, 0 failures
Jun 10 10:05:24 np0000069435 container-server[104610]: diff:0 diff_capped:0 empty:0 hashmatch:0 no_change:1 remote_merge:0 rsync:0 ts_repl:0
Jun 10 10:05:26 np0000069435 object-server[105318]: Starting object replication pass.
Jun 10 10:05:26 np0000069435 object-server[105318]: 20/20 (100.00%) partitions replicated in 0.09s (213.47/sec, 0s remaining)
Jun 10 10:05:26 np0000069435 object-server[105318]: 0 successes, 0 failures
Jun 10 10:05:26 np0000069435 object-server[105318]: 20 suffixes checked - 40.00% hashed, 0.00% synced
Jun 10 10:05:26 np0000069435 object-server[105318]: Partition times: max 0.0118s, min 0.0005s, med 0.0012s
Jun 10 10:05:26 np0000069435 object-server[105318]: Object replication complete. (0.00 minutes)
Jun 10 10:05:28 np0000069435 container-server[105184]: 172.20.0.30 - - [10/Jun/2026:10:05:28 +0000] "HEAD /d1/717/AUTH_4d45e86875f445a699a3b8a09b3a3c7b/glance" 204 - "HEAD http://swift-internal.openstack.svc:8080/v1/AUTH_4d45e86875f445a699a3b8a09b3a3c7b/glance?format=json&states=listing" "tx217223ec89974de4a92a2-006a2936e8" "proxy-server 13" 0.0028 "-" 20 0
Jun 10 10:05:28 np0000069435 container-server[105200]: 172.20.0.103 - - [10/Jun/2026:10:05:28 +0000] "PUT /d1/717/AUTH_4d45e86875f445a699a3b8a09b3a3c7b/glance/db633b25-39a2-46c2-9308-e37e8866ab6a-00001" 201 - "PUT http://swift-internal.openstack.svc:8080/d1/84/AUTH_4d45e86875f445a699a3b8a09b3a3c7b/glance/db633b25-39a2-46c2-9308-e37e8866ab6a-00001" "tx33af0bc2f31d4affbd588-006a2936e8" "object-server 22" 0.0008 "-" 22 0
Jun 10 10:05:28 np0000069435 object-server[105793]: 172.20.0.30 - - [10/Jun/2026:10:05:28 +0000] "PUT /d1/84/AUTH_4d45e86875f445a699a3b8a09b3a3c7b/glance/db633b25-39a2-46c2-9308-e37e8866ab6a-00001" 201 - "PUT http://swift-internal.openstack.svc:8080/v1/AUTH_4d45e86875f445a699a3b8a09b3a3c7b/glance/db633b25-39a2-46c2-9308-e37e8866ab6a-00001" "tx33af0bc2f31d4affbd588-006a2936e8" "proxy-server 13" 0.0139 "-" 22 0
Jun 10 10:05:28 np0000069435 container-server[105177]: 172.20.0.103 - - [10/Jun/2026:10:05:28 +0000] "PUT /d1/717/AUTH_4d45e86875f445a699a3b8a09b3a3c7b/glance/db633b25-39a2-46c2-9308-e37e8866ab6a" 201 - "PUT http://swift-internal.openstack.svc:8080/d1/628/AUTH_4d45e86875f445a699a3b8a09b3a3c7b/glance/db633b25-39a2-46c2-9308-e37e8866ab6a" "txfe18bd831cea4fb7887d8-006a2936e8" "object-server 22" 0.0009 "-" 19 0
Jun 10 10:05:28 np0000069435 object-server[105793]: 172.20.0.30 - - [10/Jun/2026:10:05:28 +0000] "PUT /d1/628/AUTH_4d45e86875f445a699a3b8a09b3a3c7b/glance/db633b25-39a2-46c2-9308-e37e8866ab6a" 201 - "PUT http://swift-internal.openstack.svc:8080/v1/AUTH_4d45e86875f445a699a3b8a09b3a3c7b/glance/db633b25-39a2-46c2-9308-e37e8866ab6a" "txfe18bd831cea4fb7887d8-006a2936e8" "proxy-server 13" 0.0113 "-" 22 0
Jun 10 10:05:29 np0000069435 container-server[105177]: 172.20.0.30 - - [10/Jun/2026:10:05:29 +0000] "HEAD /d1/717/AUTH_4d45e86875f445a699a3b8a09b3a3c7b/glance" 204 - "HEAD http://swift-internal.openstack.svc:8080/v1/AUTH_4d45e86875f445a699a3b8a09b3a3c7b/glance?format=json&states=listing" "tx4ef1bb8f951d4ee1aa1e9-006a2936e9" "proxy-server 8" 0.0091 "-" 19 0
Jun 10 10:05:29 np0000069435 container-server[105184]: 172.20.0.103 - - [10/Jun/2026:10:05:29 +0000] "PUT /d1/717/AUTH_4d45e86875f445a699a3b8a09b3a3c7b/glance/15e7f72a-dbdf-437c-a52c-544c11f79c54-00001" 201 - "PUT http://swift-internal.openstack.svc:8080/d1/1011/AUTH_4d45e86875f445a699a3b8a09b3a3c7b/glance/15e7f72a-dbdf-437c-a52c-544c11f79c54-00001" "tx0695a243b3604b6f9e126-006a2936e9" "object-server 22" 0.0009 "-" 20 0
Jun 10 10:05:29 np0000069435 object-server[105793]: 172.20.0.30 - - [10/Jun/2026:10:05:29 +0000] "PUT /d1/1011/AUTH_4d45e86875f445a699a3b8a09b3a3c7b/glance/15e7f72a-dbdf-437c-a52c-544c11f79c54-00001" 201 - "PUT http://swift-internal.openstack.svc:8080/v1/AUTH_4d45e86875f445a699a3b8a09b3a3c7b/glance/15e7f72a-dbdf-437c-a52c-544c11f79c54-00001" "tx0695a243b3604b6f9e126-006a2936e9" "proxy-server 8" 0.0171 "-" 22 0
Jun 10 10:05:29 np0000069435 container-server[105177]: 172.20.0.103 - - [10/Jun/2026:10:05:29 +0000] "PUT /d1/717/AUTH_4d45e86875f445a699a3b8a09b3a3c7b/glance/15e7f72a-dbdf-437c-a52c-544c11f79c54" 201 - "PUT http://swift-internal.openstack.svc:8080/d1/25/AUTH_4d45e86875f445a699a3b8a09b3a3c7b/glance/15e7f72a-dbdf-437c-a52c-544c11f79c54" "txddfdf6f7c5754ecd96445-006a2936e9" "object-server 24" 0.0008 "-" 19 0
Jun 10 10:05:29 np0000069435 object-server[105824]: 172.20.0.30 - - [10/Jun/2026:10:05:29 +0000] "PUT /d1/25/AUTH_4d45e86875f445a699a3b8a09b3a3c7b/glance/15e7f72a-dbdf-437c-a52c-544c11f79c54" 201 - "PUT http://swift-internal.openstack.svc:8080/v1/AUTH_4d45e86875f445a699a3b8a09b3a3c7b/glance/15e7f72a-dbdf-437c-a52c-544c11f79c54" "txddfdf6f7c5754ecd96445-006a2936e9" "proxy-server 8" 0.0117 "-" 24 0
Jun 10 10:05:30 np0000069435 container-server[105215]: 172.20.0.30 - - [10/Jun/2026:10:05:30 +0000] "HEAD /d1/717/AUTH_4d45e86875f445a699a3b8a09b3a3c7b/glance" 204 - "HEAD http://swift-internal.openstack.svc:8080/v1/AUTH_4d45e86875f445a699a3b8a09b3a3c7b/glance?format=json&states=listing" "tx29157de5944f4abe91357-006a2936ea" "proxy-server 8" 0.0090 "-" 23 0
Jun 10 10:05:30 np0000069435 container-server[105200]: 172.20.0.103 - - [10/Jun/2026:10:05:30 +0000] "PUT /d1/717/AUTH_4d45e86875f445a699a3b8a09b3a3c7b/glance/d2b143ef-0163-42a3-bd5c-1c5ae3a280c0-00001" 201 - "PUT http://swift-internal.openstack.svc:8080/d1/62/AUTH_4d45e86875f445a699a3b8a09b3a3c7b/glance/d2b143ef-0163-42a3-bd5c-1c5ae3a280c0-00001" "tx87aeafd83f054867a4242-006a2936ea" "object-server 25" 0.0009 "-" 22 0
Jun 10 10:05:30 np0000069435 object-server[105845]: 172.20.0.30 - - [10/Jun/2026:10:05:30 +0000] "PUT /d1/62/AUTH_4d45e86875f445a699a3b8a09b3a3c7b/glance/d2b143ef-0163-42a3-bd5c-1c5ae3a280c0-00001" 201 - "PUT http://swift-internal.openstack.svc:8080/v1/AUTH_4d45e86875f445a699a3b8a09b3a3c7b/glance/d2b143ef-0163-42a3-bd5c-1c5ae3a280c0-00001" "tx87aeafd83f054867a4242-006a2936ea" "proxy-server 8" 0.0136 "-" 25 0
Jun 10 10:05:30 np0000069435 container-server[105200]: 172.20.0.103 - - [10/Jun/2026:10:05:30 +0000] "PUT /d1/717/AUTH_4d45e86875f445a699a3b8a09b3a3c7b/glance/d2b143ef-0163-42a3-bd5c-1c5ae3a280c0" 201 - "PUT http://swift-internal.openstack.svc:8080/d1/933/AUTH_4d45e86875f445a699a3b8a09b3a3c7b/glance/d2b143ef-0163-42a3-bd5c-1c5ae3a280c0" "tx791eea5a596d4481b4908-006a2936ea" "object-server 23" 0.0009 "-" 22 0
Jun 10 10:05:30 np0000069435 object-server[105806]: 172.20.0.30 - - [10/Jun/2026:10:05:30 +0000] "PUT /d1/933/AUTH_4d45e86875f445a699a3b8a09b3a3c7b/glance/d2b143ef-0163-42a3-bd5c-1c5ae3a280c0" 201 - "PUT http://swift-internal.openstack.svc:8080/v1/AUTH_4d45e86875f445a699a3b8a09b3a3c7b/glance/d2b143ef-0163-42a3-bd5c-1c5ae3a280c0" "tx791eea5a596d4481b4908-006a2936ea" "proxy-server 8" 0.0128 "-" 23 0
Jun 10 10:05:31 np0000069435 container-server[105184]: 172.20.0.30 - - [10/Jun/2026:10:05:31 +0000] "HEAD /d1/717/AUTH_4d45e86875f445a699a3b8a09b3a3c7b/glance" 204 - "HEAD http://swift-internal.openstack.svc:8080/v1/AUTH_4d45e86875f445a699a3b8a09b3a3c7b/glance?format=json&states=listing" "txc99e54e31f004d6eb2ffb-006a2936eb" "proxy-server 8" 0.0097 "-" 20 0
Jun 10 10:05:31 np0000069435 container-server[105200]: 172.20.0.103 - - [10/Jun/2026:10:05:31 +0000] "PUT /d1/717/AUTH_4d45e86875f445a699a3b8a09b3a3c7b/glance/cbdb8d0c-6999-482b-9d6a-d8c2db75315c-00001" 201 - "PUT http://swift-internal.openstack.svc:8080/d1/40/AUTH_4d45e86875f445a699a3b8a09b3a3c7b/glance/cbdb8d0c-6999-482b-9d6a-d8c2db75315c-00001" "tx4572a5286a3b4ab99e2cd-006a2936eb" "object-server 24" 0.0008 "-" 22 0
Jun 10 10:05:31 np0000069435 object-server[105824]: 172.20.0.30 - - [10/Jun/2026:10:05:31 +0000] "PUT /d1/40/AUTH_4d45e86875f445a699a3b8a09b3a3c7b/glance/cbdb8d0c-6999-482b-9d6a-d8c2db75315c-00001" 201 - "PUT http://swift-internal.openstack.svc:8080/v1/AUTH_4d45e86875f445a699a3b8a09b3a3c7b/glance/cbdb8d0c-6999-482b-9d6a-d8c2db75315c-00001" "tx4572a5286a3b4ab99e2cd-006a2936eb" "proxy-server 8" 0.0209 "-" 24 0
Jun 10 10:05:31 np0000069435 container-server[105184]: 172.20.0.103 - - [10/Jun/2026:10:05:31 +0000] "PUT /d1/717/AUTH_4d45e86875f445a699a3b8a09b3a3c7b/glance/cbdb8d0c-6999-482b-9d6a-d8c2db75315c" 201 - "PUT http://swift-internal.openstack.svc:8080/d1/209/AUTH_4d45e86875f445a699a3b8a09b3a3c7b/glance/cbdb8d0c-6999-482b-9d6a-d8c2db75315c" "tx83c5a148316f43399d669-006a2936eb" "object-server 23" 0.0010 "-" 20 0
Jun 10 10:05:31 np0000069435 object-server[105806]: 172.20.0.30 - - [10/Jun/2026:10:05:31 +0000] "PUT /d1/209/AUTH_4d45e86875f445a699a3b8a09b3a3c7b/glance/cbdb8d0c-6999-482b-9d6a-d8c2db75315c" 201 - "PUT http://swift-internal.openstack.svc:8080/v1/AUTH_4d45e86875f445a699a3b8a09b3a3c7b/glance/cbdb8d0c-6999-482b-9d6a-d8c2db75315c" "tx83c5a148316f43399d669-006a2936eb" "proxy-server 8" 0.0116 "-" 23 0
Jun 10 10:05:31 np0000069435 container-server[105200]: 172.20.0.30 - - [10/Jun/2026:10:05:31 +0000] "HEAD /d1/717/AUTH_4d45e86875f445a699a3b8a09b3a3c7b/glance" 204 - "HEAD http://swift-internal.openstack.svc:8080/v1/AUTH_4d45e86875f445a699a3b8a09b3a3c7b/glance?format=json&states=listing" "tx178954a05dd1467783341-006a2936eb" "proxy-server 8" 0.0093 "-" 22 0
Jun 10 10:05:32 np0000069435 container-server[105215]: 172.20.0.103 - - [10/Jun/2026:10:05:32 +0000] "PUT /d1/717/AUTH_4d45e86875f445a699a3b8a09b3a3c7b/glance/3b63d9af-73b6-47f9-a6f3-e07ac9202fb6-00001" 201 - "PUT http://swift-internal.openstack.svc:8080/d1/342/AUTH_4d45e86875f445a699a3b8a09b3a3c7b/glance/3b63d9af-73b6-47f9-a6f3-e07ac9202fb6-00001" "tx7f5b3e43a986416abc94c-006a2936eb" "object-server 22" 0.0014 "-" 23 0
Jun 10 10:05:32 np0000069435 object-server[105793]: 172.20.0.30 - - [10/Jun/2026:10:05:32 +0000] "PUT /d1/342/AUTH_4d45e86875f445a699a3b8a09b3a3c7b/glance/3b63d9af-73b6-47f9-a6f3-e07ac9202fb6-00001" 201 - "PUT http://swift-internal.openstack.svc:8080/v1/AUTH_4d45e86875f445a699a3b8a09b3a3c7b/glance/3b63d9af-73b6-47f9-a6f3-e07ac9202fb6-00001" "tx7f5b3e43a986416abc94c-006a2936eb" "proxy-server 8" 0.0167 "-" 22 0
Jun 10 10:05:32 np0000069435 container-server[105215]: 172.20.0.103 - - [10/Jun/2026:10:05:32 +0000] "PUT /d1/717/AUTH_4d45e86875f445a699a3b8a09b3a3c7b/glance/3b63d9af-73b6-47f9-a6f3-e07ac9202fb6" 201 - "PUT http://swift-internal.openstack.svc:8080/d1/699/AUTH_4d45e86875f445a699a3b8a09b3a3c7b/glance/3b63d9af-73b6-47f9-a6f3-e07ac9202fb6" "txc6f92c4514b048daacc34-006a2936ec" "object-server 22" 0.0007 "-" 23 0
Jun 10 10:05:32 np0000069435 object-server[105793]: 172.20.0.30 - - [10/Jun/2026:10:05:32 +0000] "PUT /d1/699/AUTH_4d45e86875f445a699a3b8a09b3a3c7b/glance/3b63d9af-73b6-47f9-a6f3-e07ac9202fb6" 201 - "PUT http://swift-internal.openstack.svc:8080/v1/AUTH_4d45e86875f445a699a3b8a09b3a3c7b/glance/3b63d9af-73b6-47f9-a6f3-e07ac9202fb6" "txc6f92c4514b048daacc34-006a2936ec" "proxy-server 8" 0.0119 "-" 22 0
Jun 10 10:05:32 np0000069435 container-server[105184]: 172.20.0.30 - - [10/Jun/2026:10:05:32 +0000] "HEAD /d1/717/AUTH_4d45e86875f445a699a3b8a09b3a3c7b/glance" 204 - "HEAD http://swift-internal.openstack.svc:8080/v1/AUTH_4d45e86875f445a699a3b8a09b3a3c7b/glance?format=json&states=listing" "tx6ac026d3a36846c288192-006a2936ec" "proxy-server 8" 0.0099 "-" 20 0
Jun 10 10:05:32 np0000069435 container-server[105177]: 172.20.0.103 - - [10/Jun/2026:10:05:32 +0000] "PUT /d1/717/AUTH_4d45e86875f445a699a3b8a09b3a3c7b/glance/0deff4d6-ff21-4bf7-9857-bf5e9276f11e-00001" 201 - "PUT http://swift-internal.openstack.svc:8080/d1/684/AUTH_4d45e86875f445a699a3b8a09b3a3c7b/glance/0deff4d6-ff21-4bf7-9857-bf5e9276f11e-00001" "txfdb289f174f34e0689f1b-006a2936ec" "object-server 25" 0.0007 "-" 19 0
Jun 10 10:05:32 np0000069435 object-server[105845]: 172.20.0.30 - - [10/Jun/2026:10:05:32 +0000] "PUT /d1/684/AUTH_4d45e86875f445a699a3b8a09b3a3c7b/glance/0deff4d6-ff21-4bf7-9857-bf5e9276f11e-00001" 201 - "PUT http://swift-internal.openstack.svc:8080/v1/AUTH_4d45e86875f445a699a3b8a09b3a3c7b/glance/0deff4d6-ff21-4bf7-9857-bf5e9276f11e-00001" "txfdb289f174f34e0689f1b-006a2936ec" "proxy-server 8" 0.0114 "-" 25 0
Jun 10 10:05:32 np0000069435 container-server[105200]: 172.20.0.103 - - [10/Jun/2026:10:05:32 +0000] "PUT /d1/717/AUTH_4d45e86875f445a699a3b8a09b3a3c7b/glance/0deff4d6-ff21-4bf7-9857-bf5e9276f11e" 201 - "PUT http://swift-internal.openstack.svc:8080/d1/958/AUTH_4d45e86875f445a699a3b8a09b3a3c7b/glance/0deff4d6-ff21-4bf7-9857-bf5e9276f11e" "txa3f4dfcf4c3847fa88c4c-006a2936ec" "object-server 24" 0.0008 "-" 22 0
Jun 10 10:05:32 np0000069435 object-server[105824]: 172.20.0.30 - - [10/Jun/2026:10:05:32 +0000] "PUT /d1/958/AUTH_4d45e86875f445a699a3b8a09b3a3c7b/glance/0deff4d6-ff21-4bf7-9857-bf5e9276f11e" 201 - "PUT http://swift-internal.openstack.svc:8080/v1/AUTH_4d45e86875f445a699a3b8a09b3a3c7b/glance/0deff4d6-ff21-4bf7-9857-bf5e9276f11e" "txa3f4dfcf4c3847fa88c4c-006a2936ec" "proxy-server 8" 0.0135 "-" 24 0
Jun 10 10:05:34 np0000069435 object-server[105845]: 172.20.0.30 - - [10/Jun/2026:10:05:34 +0000] "HEAD /d1/958/AUTH_4d45e86875f445a699a3b8a09b3a3c7b/glance/0deff4d6-ff21-4bf7-9857-bf5e9276f11e" 200 - "HEAD http://swift-internal.openstack.svc:8080/v1/AUTH_4d45e86875f445a699a3b8a09b3a3c7b/glance/0deff4d6-ff21-4bf7-9857-bf5e9276f11e" "txf629022e604545778ff31-006a2936ed" "proxy-server 12" 0.0012 "-" 25 0
Jun 10 10:05:34 np0000069435 container-server[105177]: 172.20.0.30 - - [10/Jun/2026:10:05:34 +0000] "GET /d1/717/AUTH_4d45e86875f445a699a3b8a09b3a3c7b/glance" 200 206 "GET http://swift-internal.openstack.svc:8080/v1/AUTH_4d45e86875f445a699a3b8a09b3a3c7b/glance?prefix=0deff4d6-ff21-4bf7-9857-bf5e9276f11e-&format=json&states=listing" "txf629022e604545778ff31-006a2936ed" "proxy-server 12" 0.0124 "-" 19 0
Jun 10 10:05:34 np0000069435 container-server[105200]: 172.20.0.30 - - [10/Jun/2026:10:05:34 +0000] "GET /d1/717/AUTH_4d45e86875f445a699a3b8a09b3a3c7b/glance" 200 206 "GET http://swift-internal.openstack.svc:8080/v1/AUTH_4d45e86875f445a699a3b8a09b3a3c7b/glance?format=json&prefix=0deff4d6-ff21-4bf7-9857-bf5e9276f11e-&states=listing" "txe44d93377f8f42d7b4bd5-006a2936ee" "proxy-server 12" 0.0037 "-" 22 0
Jun 10 10:05:34 np0000069435 container-server[105200]: 172.20.0.103 - - [10/Jun/2026:10:05:34 +0000] "DELETE /d1/717/AUTH_4d45e86875f445a699a3b8a09b3a3c7b/glance/0deff4d6-ff21-4bf7-9857-bf5e9276f11e-00001" 204 - "DELETE http://swift-internal.openstack.svc:8080/d1/684/AUTH_4d45e86875f445a699a3b8a09b3a3c7b/glance/0deff4d6-ff21-4bf7-9857-bf5e9276f11e-00001" "txdda71d18c7194208af06f-006a2936ee" "object-server 24" 0.0006 "-" 22 0
Jun 10 10:05:34 np0000069435 object-server[105824]: 172.20.0.30 - - [10/Jun/2026:10:05:34 +0000] "DELETE /d1/684/AUTH_4d45e86875f445a699a3b8a09b3a3c7b/glance/0deff4d6-ff21-4bf7-9857-bf5e9276f11e-00001" 204 - "DELETE http://swift-internal.openstack.svc:8080/v1/AUTH_4d45e86875f445a699a3b8a09b3a3c7b/glance/0deff4d6-ff21-4bf7-9857-bf5e9276f11e-00001" "txdda71d18c7194208af06f-006a2936ee" "proxy-server 12" 0.0097 "-" 24 0
Jun 10 10:05:34 np0000069435 container-server[105177]: 172.20.0.103 - - [10/Jun/2026:10:05:34 +0000] "DELETE /d1/717/AUTH_4d45e86875f445a699a3b8a09b3a3c7b/glance/0deff4d6-ff21-4bf7-9857-bf5e9276f11e" 204 - "DELETE http://swift-internal.openstack.svc:8080/d1/958/AUTH_4d45e86875f445a699a3b8a09b3a3c7b/glance/0deff4d6-ff21-4bf7-9857-bf5e9276f11e" "tx390754433f584bb698e14-006a2936ee" "object-server 24" 0.0008 "-" 19 0
Jun 10 10:05:34 np0000069435 object-server[105824]: 172.20.0.30 - - [10/Jun/2026:10:05:34 +0000] "DELETE /d1/958/AUTH_4d45e86875f445a699a3b8a09b3a3c7b/glance/0deff4d6-ff21-4bf7-9857-bf5e9276f11e" 204 - "DELETE http://swift-internal.openstack.svc:8080/v1/AUTH_4d45e86875f445a699a3b8a09b3a3c7b/glance/0deff4d6-ff21-4bf7-9857-bf5e9276f11e" "tx390754433f584bb698e14-006a2936ee" "proxy-server 12" 0.0096 "-" 24 0
Jun 10 10:05:34 np0000069435 object-server[105845]: 172.20.0.30 - - [10/Jun/2026:10:05:34 +0000] "HEAD /d1/699/AUTH_4d45e86875f445a699a3b8a09b3a3c7b/glance/3b63d9af-73b6-47f9-a6f3-e07ac9202fb6" 200 - "HEAD http://swift-internal.openstack.svc:8080/v1/AUTH_4d45e86875f445a699a3b8a09b3a3c7b/glance/3b63d9af-73b6-47f9-a6f3-e07ac9202fb6" "tx975ba129f8d542298ba07-006a2936ee" "proxy-server 8" 0.0014 "-" 25 0
Jun 10 10:05:34 np0000069435 container-server[105177]: 172.20.0.30 - - [10/Jun/2026:10:05:34 +0000] "GET /d1/717/AUTH_4d45e86875f445a699a3b8a09b3a3c7b/glance" 200 206 "GET http://swift-internal.openstack.svc:8080/v1/AUTH_4d45e86875f445a699a3b8a09b3a3c7b/glance?prefix=3b63d9af-73b6-47f9-a6f3-e07ac9202fb6-&format=json&states=listing" "tx975ba129f8d542298ba07-006a2936ee" "proxy-server 8" 0.0158 "-" 19 0
Jun 10 10:05:34 np0000069435 container-server[105177]: 172.20.0.30 - - [10/Jun/2026:10:05:34 +0000] "GET /d1/717/AUTH_4d45e86875f445a699a3b8a09b3a3c7b/glance" 200 206 "GET http://swift-internal.openstack.svc:8080/v1/AUTH_4d45e86875f445a699a3b8a09b3a3c7b/glance?format=json&prefix=3b63d9af-73b6-47f9-a6f3-e07ac9202fb6-&states=listing" "tx202b7b76039b4871991dd-006a2936ee" "proxy-server 8" 0.0033 "-" 19 0
Jun 10 10:05:34 np0000069435 container-server[105177]: 172.20.0.103 - - [10/Jun/2026:10:05:34 +0000] "DELETE /d1/717/AUTH_4d45e86875f445a699a3b8a09b3a3c7b/glance/3b63d9af-73b6-47f9-a6f3-e07ac9202fb6-00001" 204 - "DELETE http://swift-internal.openstack.svc:8080/d1/342/AUTH_4d45e86875f445a699a3b8a09b3a3c7b/glance/3b63d9af-73b6-47f9-a6f3-e07ac9202fb6-00001" "tx9cd87ef88c9a475c88be7-006a2936ee" "object-server 22" 0.0013 "-" 19 0
Jun 10 10:05:34 np0000069435 object-server[105793]: 172.20.0.30 - - [10/Jun/2026:10:05:34 +0000] "DELETE /d1/342/AUTH_4d45e86875f445a699a3b8a09b3a3c7b/glance/3b63d9af-73b6-47f9-a6f3-e07ac9202fb6-00001" 204 - "DELETE http://swift-internal.openstack.svc:8080/v1/AUTH_4d45e86875f445a699a3b8a09b3a3c7b/glance/3b63d9af-73b6-47f9-a6f3-e07ac9202fb6-00001" "tx9cd87ef88c9a475c88be7-006a2936ee" "proxy-server 8" 0.0122 "-" 22 0
Jun 10 10:05:34 np0000069435 container-server[105184]: 172.20.0.103 - - [10/Jun/2026:10:05:34 +0000] "DELETE /d1/717/AUTH_4d45e86875f445a699a3b8a09b3a3c7b/glance/3b63d9af-73b6-47f9-a6f3-e07ac9202fb6" 204 - "DELETE http://swift-internal.openstack.svc:8080/d1/699/AUTH_4d45e86875f445a699a3b8a09b3a3c7b/glance/3b63d9af-73b6-47f9-a6f3-e07ac9202fb6" "tx7893bb920049458ca3704-006a2936ee" "object-server 25" 0.0010 "-" 20 0
Jun 10 10:05:34 np0000069435 object-server[105845]: 172.20.0.30 - - [10/Jun/2026:10:05:34 +0000] "DELETE /d1/699/AUTH_4d45e86875f445a699a3b8a09b3a3c7b/glance/3b63d9af-73b6-47f9-a6f3-e07ac9202fb6" 204 - "DELETE http://swift-internal.openstack.svc:8080/v1/AUTH_4d45e86875f445a699a3b8a09b3a3c7b/glance/3b63d9af-73b6-47f9-a6f3-e07ac9202fb6" "tx7893bb920049458ca3704-006a2936ee" "proxy-server 8" 0.0110 "-" 25 0
Jun 10 10:05:35 np0000069435 object-server[105806]: 172.20.0.30 - - [10/Jun/2026:10:05:35 +0000] "HEAD /d1/209/AUTH_4d45e86875f445a699a3b8a09b3a3c7b/glance/cbdb8d0c-6999-482b-9d6a-d8c2db75315c" 200 - "HEAD http://swift-internal.openstack.svc:8080/v1/AUTH_4d45e86875f445a699a3b8a09b3a3c7b/glance/cbdb8d0c-6999-482b-9d6a-d8c2db75315c" "txda5afc9a429d43ba8c1c7-006a2936ef" "proxy-server 8" 0.0013 "-" 23 0
Jun 10 10:05:35 np0000069435 container-server[105200]: 172.20.0.30 - - [10/Jun/2026:10:05:35 +0000] "GET /d1/717/AUTH_4d45e86875f445a699a3b8a09b3a3c7b/glance" 200 206 "GET http://swift-internal.openstack.svc:8080/v1/AUTH_4d45e86875f445a699a3b8a09b3a3c7b/glance?prefix=cbdb8d0c-6999-482b-9d6a-d8c2db75315c-&format=json&states=listing" "txda5afc9a429d43ba8c1c7-006a2936ef" "proxy-server 8" 0.0105 "-" 22 0
Jun 10 10:05:35 np0000069435 container-server[105184]: 172.20.0.30 - - [10/Jun/2026:10:05:35 +0000] "GET /d1/717/AUTH_4d45e86875f445a699a3b8a09b3a3c7b/glance" 200 206 "GET http://swift-internal.openstack.svc:8080/v1/AUTH_4d45e86875f445a699a3b8a09b3a3c7b/glance?format=json&prefix=cbdb8d0c-6999-482b-9d6a-d8c2db75315c-&states=listing" "tx7315039171e2438ab912a-006a2936ef" "proxy-server 8" 0.0040 "-" 20 0
Jun 10 10:05:35 np0000069435 container-server[105184]: 172.20.0.103 - - [10/Jun/2026:10:05:35 +0000] "DELETE /d1/717/AUTH_4d45e86875f445a699a3b8a09b3a3c7b/glance/cbdb8d0c-6999-482b-9d6a-d8c2db75315c-00001" 204 - "DELETE http://swift-internal.openstack.svc:8080/d1/40/AUTH_4d45e86875f445a699a3b8a09b3a3c7b/glance/cbdb8d0c-6999-482b-9d6a-d8c2db75315c-00001" "tx1279e33091d2481f8f5ec-006a2936ef" "object-server 24" 0.0006 "-" 20 0
Jun 10 10:05:35 np0000069435 object-server[105824]: 172.20.0.30 - - [10/Jun/2026:10:05:35 +0000] "DELETE /d1/40/AUTH_4d45e86875f445a699a3b8a09b3a3c7b/glance/cbdb8d0c-6999-482b-9d6a-d8c2db75315c-00001" 204 - "DELETE http://swift-internal.openstack.svc:8080/v1/AUTH_4d45e86875f445a699a3b8a09b3a3c7b/glance/cbdb8d0c-6999-482b-9d6a-d8c2db75315c-00001" "tx1279e33091d2481f8f5ec-006a2936ef" "proxy-server 8" 0.0097 "-" 24 0
Jun 10 10:05:35 np0000069435 container-server[105215]: 172.20.0.103 - - [10/Jun/2026:10:05:35 +0000] "DELETE /d1/717/AUTH_4d45e86875f445a699a3b8a09b3a3c7b/glance/cbdb8d0c-6999-482b-9d6a-d8c2db75315c" 204 - "DELETE http://swift-internal.openstack.svc:8080/d1/209/AUTH_4d45e86875f445a699a3b8a09b3a3c7b/glance/cbdb8d0c-6999-482b-9d6a-d8c2db75315c" "txf6a700aac2e449b596ccf-006a2936ef" "object-server 23" 0.0009 "-" 23 0
Jun 10 10:05:35 np0000069435 object-server[105806]: 172.20.0.30 - - [10/Jun/2026:10:05:35 +0000] "DELETE /d1/209/AUTH_4d45e86875f445a699a3b8a09b3a3c7b/glance/cbdb8d0c-6999-482b-9d6a-d8c2db75315c" 204 - "DELETE http://swift-internal.openstack.svc:8080/v1/AUTH_4d45e86875f445a699a3b8a09b3a3c7b/glance/cbdb8d0c-6999-482b-9d6a-d8c2db75315c" "txf6a700aac2e449b596ccf-006a2936ef" "proxy-server 8" 0.0117 "-" 23 0
Jun 10 10:05:36 np0000069435 object-server[105845]: 172.20.0.30 - - [10/Jun/2026:10:05:36 +0000] "HEAD /d1/933/AUTH_4d45e86875f445a699a3b8a09b3a3c7b/glance/d2b143ef-0163-42a3-bd5c-1c5ae3a280c0" 200 - "HEAD http://swift-internal.openstack.svc:8080/v1/AUTH_4d45e86875f445a699a3b8a09b3a3c7b/glance/d2b143ef-0163-42a3-bd5c-1c5ae3a280c0" "tx2744c8f714334a45abcad-006a2936ef" "proxy-server 12" 0.0013 "-" 25 0
Jun 10 10:05:36 np0000069435 container-server[105215]: 172.20.0.30 - - [10/Jun/2026:10:05:36 +0000] "GET /d1/717/AUTH_4d45e86875f445a699a3b8a09b3a3c7b/glance" 200 206 "GET http://swift-internal.openstack.svc:8080/v1/AUTH_4d45e86875f445a699a3b8a09b3a3c7b/glance?prefix=d2b143ef-0163-42a3-bd5c-1c5ae3a280c0-&format=json&states=listing" "tx2744c8f714334a45abcad-006a2936ef" "proxy-server 12" 0.0122 "-" 23 0
Jun 10 10:05:36 np0000069435 container-server[105177]: 172.20.0.30 - - [10/Jun/2026:10:05:36 +0000] "GET /d1/717/AUTH_4d45e86875f445a699a3b8a09b3a3c7b/glance" 200 206 "GET http://swift-internal.openstack.svc:8080/v1/AUTH_4d45e86875f445a699a3b8a09b3a3c7b/glance?format=json&prefix=d2b143ef-0163-42a3-bd5c-1c5ae3a280c0-&states=listing" "txe8ceb24201314297b6971-006a2936f0" "proxy-server 12" 0.0046 "-" 19 0
Jun 10 10:05:36 np0000069435 container-server[105184]: 172.20.0.103 - - [10/Jun/2026:10:05:36 +0000] "DELETE /d1/717/AUTH_4d45e86875f445a699a3b8a09b3a3c7b/glance/d2b143ef-0163-42a3-bd5c-1c5ae3a280c0-00001" 204 - "DELETE http://swift-internal.openstack.svc:8080/d1/62/AUTH_4d45e86875f445a699a3b8a09b3a3c7b/glance/d2b143ef-0163-42a3-bd5c-1c5ae3a280c0-00001" "tx820afd6bcb8f4f3998da0-006a2936f0" "object-server 25" 0.0011 "-" 20 0
Jun 10 10:05:36 np0000069435 object-server[105845]: 172.20.0.30 - - [10/Jun/2026:10:05:36 +0000] "DELETE /d1/62/AUTH_4d45e86875f445a699a3b8a09b3a3c7b/glance/d2b143ef-0163-42a3-bd5c-1c5ae3a280c0-00001" 204 - "DELETE http://swift-internal.openstack.svc:8080/v1/AUTH_4d45e86875f445a699a3b8a09b3a3c7b/glance/d2b143ef-0163-42a3-bd5c-1c5ae3a280c0-00001" "tx820afd6bcb8f4f3998da0-006a2936f0" "proxy-server 12" 0.0112 "-" 25 0
Jun 10 10:05:36 np0000069435 container-server[105184]: 172.20.0.103 - - [10/Jun/2026:10:05:36 +0000] "DELETE /d1/717/AUTH_4d45e86875f445a699a3b8a09b3a3c7b/glance/d2b143ef-0163-42a3-bd5c-1c5ae3a280c0" 204 - "DELETE http://swift-internal.openstack.svc:8080/d1/933/AUTH_4d45e86875f445a699a3b8a09b3a3c7b/glance/d2b143ef-0163-42a3-bd5c-1c5ae3a280c0" "tx4c4bd67a81994e929b0ab-006a2936f0" "object-server 25" 0.0008 "-" 20 0
Jun 10 10:05:36 np0000069435 object-server[105845]: 172.20.0.30 - - [10/Jun/2026:10:05:36 +0000] "DELETE /d1/933/AUTH_4d45e86875f445a699a3b8a09b3a3c7b/glance/d2b143ef-0163-42a3-bd5c-1c5ae3a280c0" 204 - "DELETE http://swift-internal.openstack.svc:8080/v1/AUTH_4d45e86875f445a699a3b8a09b3a3c7b/glance/d2b143ef-0163-42a3-bd5c-1c5ae3a280c0" "tx4c4bd67a81994e929b0ab-006a2936f0" "proxy-server 12" 0.0089 "-" 25 0
Jun 10 10:05:36 np0000069435 object-server[105824]: 172.20.0.30 - - [10/Jun/2026:10:05:36 +0000] "HEAD /d1/25/AUTH_4d45e86875f445a699a3b8a09b3a3c7b/glance/15e7f72a-dbdf-437c-a52c-544c11f79c54" 200 - "HEAD http://swift-internal.openstack.svc:8080/v1/AUTH_4d45e86875f445a699a3b8a09b3a3c7b/glance/15e7f72a-dbdf-437c-a52c-544c11f79c54" "tx5e385133e3fb44da8c37c-006a2936f0" "proxy-server 16" 0.0010 "-" 24 0
Jun 10 10:05:36 np0000069435 container-server[105215]: 172.20.0.30 - - [10/Jun/2026:10:05:36 +0000] "GET /d1/717/AUTH_4d45e86875f445a699a3b8a09b3a3c7b/glance" 200 206 "GET http://swift-internal.openstack.svc:8080/v1/AUTH_4d45e86875f445a699a3b8a09b3a3c7b/glance?prefix=15e7f72a-dbdf-437c-a52c-544c11f79c54-&format=json&states=listing" "tx5e385133e3fb44da8c37c-006a2936f0" "proxy-server 16" 0.0116 "-" 23 0
Jun 10 10:05:36 np0000069435 container-server[105177]: 172.20.0.30 - - [10/Jun/2026:10:05:36 +0000] "GET /d1/717/AUTH_4d45e86875f445a699a3b8a09b3a3c7b/glance" 200 206 "GET http://swift-internal.openstack.svc:8080/v1/AUTH_4d45e86875f445a699a3b8a09b3a3c7b/glance?format=json&prefix=15e7f72a-dbdf-437c-a52c-544c11f79c54-&states=listing" "tx84e2c06642d744ab84c6c-006a2936f0" "proxy-server 16" 0.0043 "-" 19 0
Jun 10 10:05:36 np0000069435 container-server[105184]: 172.20.0.103 - - [10/Jun/2026:10:05:36 +0000] "DELETE /d1/717/AUTH_4d45e86875f445a699a3b8a09b3a3c7b/glance/15e7f72a-dbdf-437c-a52c-544c11f79c54-00001" 204 - "DELETE http://swift-internal.openstack.svc:8080/d1/1011/AUTH_4d45e86875f445a699a3b8a09b3a3c7b/glance/15e7f72a-dbdf-437c-a52c-544c11f79c54-00001" "tx77914d98ef9e4506809c5-006a2936f0" "object-server 23" 0.0006 "-" 20 0
Jun 10 10:05:36 np0000069435 object-server[105806]: 172.20.0.30 - - [10/Jun/2026:10:05:36 +0000] "DELETE /d1/1011/AUTH_4d45e86875f445a699a3b8a09b3a3c7b/glance/15e7f72a-dbdf-437c-a52c-544c11f79c54-00001" 204 - "DELETE http://swift-internal.openstack.svc:8080/v1/AUTH_4d45e86875f445a699a3b8a09b3a3c7b/glance/15e7f72a-dbdf-437c-a52c-544c11f79c54-00001" "tx77914d98ef9e4506809c5-006a2936f0" "proxy-server 16" 0.0104 "-" 23 0
Jun 10 10:05:36 np0000069435 container-server[105184]: 172.20.0.103 - - [10/Jun/2026:10:05:36 +0000] "DELETE /d1/717/AUTH_4d45e86875f445a699a3b8a09b3a3c7b/glance/15e7f72a-dbdf-437c-a52c-544c11f79c54" 204 - "DELETE http://swift-internal.openstack.svc:8080/d1/25/AUTH_4d45e86875f445a699a3b8a09b3a3c7b/glance/15e7f72a-dbdf-437c-a52c-544c11f79c54" "txec257f436d734591bdadc-006a2936f0" "object-server 25" 0.0003 "-" 20 0
Jun 10 10:05:36 np0000069435 object-server[105845]: 172.20.0.30 - - [10/Jun/2026:10:05:36 +0000] "DELETE /d1/25/AUTH_4d45e86875f445a699a3b8a09b3a3c7b/glance/15e7f72a-dbdf-437c-a52c-544c11f79c54" 204 - "DELETE http://swift-internal.openstack.svc:8080/v1/AUTH_4d45e86875f445a699a3b8a09b3a3c7b/glance/15e7f72a-dbdf-437c-a52c-544c11f79c54" "txec257f436d734591bdadc-006a2936f0" "proxy-server 16" 0.0080 "-" 25 0
Jun 10 10:05:37 np0000069435 object-server[105845]: 172.20.0.30 - - [10/Jun/2026:10:05:37 +0000] "HEAD /d1/628/AUTH_4d45e86875f445a699a3b8a09b3a3c7b/glance/db633b25-39a2-46c2-9308-e37e8866ab6a" 200 - "HEAD http://swift-internal.openstack.svc:8080/v1/AUTH_4d45e86875f445a699a3b8a09b3a3c7b/glance/db633b25-39a2-46c2-9308-e37e8866ab6a" "txbbbc22fa22f4475398bfd-006a2936f0" "proxy-server 8" 0.0014 "-" 25 0
Jun 10 10:05:37 np0000069435 container-server[105177]: 172.20.0.30 - - [10/Jun/2026:10:05:37 +0000] "GET /d1/717/AUTH_4d45e86875f445a699a3b8a09b3a3c7b/glance" 200 206 "GET http://swift-internal.openstack.svc:8080/v1/AUTH_4d45e86875f445a699a3b8a09b3a3c7b/glance?prefix=db633b25-39a2-46c2-9308-e37e8866ab6a-&format=json&states=listing" "txbbbc22fa22f4475398bfd-006a2936f0" "proxy-server 8" 0.0112 "-" 19 0
Jun 10 10:05:37 np0000069435 container-server[105184]: 172.20.0.30 - - [10/Jun/2026:10:05:37 +0000] "GET /d1/717/AUTH_4d45e86875f445a699a3b8a09b3a3c7b/glance" 200 206 "GET http://swift-internal.openstack.svc:8080/v1/AUTH_4d45e86875f445a699a3b8a09b3a3c7b/glance?format=json&prefix=db633b25-39a2-46c2-9308-e37e8866ab6a-&states=listing" "txf21d757e79224d0294e55-006a2936f1" "proxy-server 8" 0.0045 "-" 20 0
Jun 10 10:05:37 np0000069435 container-server[105200]: 172.20.0.103 - - [10/Jun/2026:10:05:37 +0000] "DELETE /d1/717/AUTH_4d45e86875f445a699a3b8a09b3a3c7b/glance/db633b25-39a2-46c2-9308-e37e8866ab6a-00001" 204 - "DELETE http://swift-internal.openstack.svc:8080/d1/84/AUTH_4d45e86875f445a699a3b8a09b3a3c7b/glance/db633b25-39a2-46c2-9308-e37e8866ab6a-00001" "txd84b83fa64d84b018ae4e-006a2936f1" "object-server 23" 0.0008 "-" 22 0
Jun 10 10:05:37 np0000069435 object-server[105806]: 172.20.0.30 - - [10/Jun/2026:10:05:37 +0000] "DELETE /d1/84/AUTH_4d45e86875f445a699a3b8a09b3a3c7b/glance/db633b25-39a2-46c2-9308-e37e8866ab6a-00001" 204 - "DELETE http://swift-internal.openstack.svc:8080/v1/AUTH_4d45e86875f445a699a3b8a09b3a3c7b/glance/db633b25-39a2-46c2-9308-e37e8866ab6a-00001" "txd84b83fa64d84b018ae4e-006a2936f1" "proxy-server 8" 0.0095 "-" 23 0
Jun 10 10:05:37 np0000069435 container-server[105177]: 172.20.0.103 - - [10/Jun/2026:10:05:37 +0000] "DELETE /d1/717/AUTH_4d45e86875f445a699a3b8a09b3a3c7b/glance/db633b25-39a2-46c2-9308-e37e8866ab6a" 204 - "DELETE http://swift-internal.openstack.svc:8080/d1/628/AUTH_4d45e86875f445a699a3b8a09b3a3c7b/glance/db633b25-39a2-46c2-9308-e37e8866ab6a" "tx18a7305eb66e47f5ab98c-006a2936f1" "object-server 24" 0.0007 "-" 19 0
Jun 10 10:05:37 np0000069435 object-server[105824]: 172.20.0.30 - - [10/Jun/2026:10:05:37 +0000] "DELETE /d1/628/AUTH_4d45e86875f445a699a3b8a09b3a3c7b/glance/db633b25-39a2-46c2-9308-e37e8866ab6a" 204 - "DELETE http://swift-internal.openstack.svc:8080/v1/AUTH_4d45e86875f445a699a3b8a09b3a3c7b/glance/db633b25-39a2-46c2-9308-e37e8866ab6a" "tx18a7305eb66e47f5ab98c-006a2936f1" "proxy-server 8" 0.0087 "-" 24 0
Jun 10 10:05:47 np0000069435 object-server[557045]: Begin object audit "forever" mode (ZBF)
Jun 10 10:05:47 np0000069435 object-server[557045]: Object audit (ZBF). Since Wed Jun 10 10:05:47 2026: Locally: 1 passed, 0 quarantined, 0 errors, files/sec: 505.40, bytes/sec: 0.00, Total time: 0.00, Auditing time: 0.00, Rate: 0.00
Jun 10 10:05:48 np0000069435 object-server[557045]: Object audit (ZBF) "forever" mode completed: 0.60s. Total quarantined: 0, Total errors: 0, Total files/sec: 53.04, Total bytes/sec: 0.00, Auditing time: 0.59, Rate: 0.98
Jun 10 10:05:52 np0000069435 account-server[104577]: Beginning replication run
Jun 10 10:05:52 np0000069435 account-server[104577]: Replication run OVER
Jun 10 10:05:52 np0000069435 account-server[104577]: Attempted to replicate 1 dbs in 0.01249 seconds (80.06319/s)
Jun 10 10:05:52 np0000069435 account-server[104577]: Removed 0 dbs
Jun 10 10:05:52 np0000069435 account-server[104577]: 1 successes, 0 failures
Jun 10 10:05:52 np0000069435 account-server[104577]: diff:0 diff_capped:0 empty:0 hashmatch:0 no_change:1 remote_merge:0 rsync:0 ts_repl:0
Jun 10 10:05:54 np0000069435 container-server[104610]: Beginning replication run
Jun 10 10:05:54 np0000069435 container-server[104610]: Replication run OVER
Jun 10 10:05:54 np0000069435 container-server[104610]: Attempted to replicate 1 dbs in 0.03067 seconds (32.60994/s)
Jun 10 10:05:54 np0000069435 container-server[104610]: Removed 0 dbs
Jun 10 10:05:54 np0000069435 container-server[104610]: 1 successes, 0 failures
Jun 10 10:05:54 np0000069435 container-server[104610]: diff:0 diff_capped:0 empty:0 hashmatch:0 no_change:1 remote_merge:0 rsync:0 ts_repl:0
Jun 10 10:05:56 np0000069435 object-server[105318]: Starting object replication pass.
Jun 10 10:05:56 np0000069435 object-server[105318]: 32/32 (100.00%) partitions replicated in 0.14s (224.95/sec, 0s remaining)
Jun 10 10:05:56 np0000069435 object-server[105318]: 0 successes, 0 failures
Jun 10 10:05:56 np0000069435 object-server[105318]: 32 suffixes checked - 37.50% hashed, 0.00% synced
Jun 10 10:05:56 np0000069435 object-server[105318]: Partition times: max 0.0108s, min 0.0005s, med 0.0016s
Jun 10 10:05:56 np0000069435 object-server[105318]: Object replication complete. (0.00 minutes)
Jun 10 10:06:00 np0000069435 container-server[105083]: Begin container update sweep
Jun 10 10:06:01 np0000069435 container-server[105083]: Container update sweep completed: 0.08s
Jun 10 10:06:18 np0000069435 object-server[558145]: Begin object audit "forever" mode (ZBF)
Jun 10 10:06:18 np0000069435 object-server[558145]: Object audit (ZBF). Since Wed Jun 10 10:06:18 2026: Locally: 1 passed, 0 quarantined, 0 errors, files/sec: 594.68, bytes/sec: 0.00, Total time: 0.00, Auditing time: 0.00, Rate: 0.00
Jun 10 10:06:18 np0000069435 object-server[558146]: Begin object audit "forever" mode (ALL)
Jun 10 10:06:19 np0000069435 object-server[558145]: Object audit (ZBF) "forever" mode completed: 0.60s. Total quarantined: 0, Total errors: 0, Total files/sec: 53.09, Total bytes/sec: 0.00, Auditing time: 0.59, Rate: 0.98
Jun 10 10:06:20 np0000069435 object-server[558146]: Object audit (ALL). Since Wed Jun 10 10:06:18 2026: Locally: 1 passed, 0 quarantined, 0 errors, files/sec: 0.46, bytes/sec: 10038411.39, Total time: 2.16, Auditing time: 0.00, Rate: 0.00
Jun 10 10:06:22 np0000069435 account-server[104577]: Beginning replication run
Jun 10 10:06:22 np0000069435 account-server[104577]: Replication run OVER
Jun 10 10:06:22 np0000069435 account-server[104577]: Attempted to replicate 1 dbs in 0.01360 seconds (73.51538/s)
Jun 10 10:06:22 np0000069435 account-server[104577]: Removed 0 dbs
Jun 10 10:06:22 np0000069435 account-server[104577]: 1 successes, 0 failures
Jun 10 10:06:22 np0000069435 account-server[104577]: diff:0 diff_capped:0 empty:0 hashmatch:0 no_change:1 remote_merge:0 rsync:0 ts_repl:0
Jun 10 10:06:24 np0000069435 container-server[104610]: Beginning replication run
Jun 10 10:06:24 np0000069435 container-server[104610]: Replication run OVER
Jun 10 10:06:24 np0000069435 container-server[104610]: Attempted to replicate 1 dbs in 0.01651 seconds (60.55758/s)
Jun 10 10:06:24 np0000069435 container-server[104610]: Removed 0 dbs
Jun 10 10:06:24 np0000069435 container-server[104610]: 1 successes, 0 failures
Jun 10 10:06:24 np0000069435 container-server[104610]: diff:0 diff_capped:0 empty:0 hashmatch:0 no_change:1 remote_merge:0 rsync:0 ts_repl:0
Jun 10 10:06:24 np0000069435 object-server[558146]: Object audit (ALL) "forever" mode completed: 6.46s. Total quarantined: 0, Total errors: 0, Total files/sec: 4.96, Total bytes/sec: 9998323.43, Auditing time: 6.45, Rate: 1.00
Jun 10 10:06:26 np0000069435 object-server[105318]: Starting object replication pass.
Jun 10 10:06:26 np0000069435 object-server[105318]: 32/32 (100.00%) partitions replicated in 0.05s (590.94/sec, 0s remaining)
Jun 10 10:06:26 np0000069435 object-server[105318]: 0 successes, 0 failures
Jun 10 10:06:26 np0000069435 object-server[105318]: 32 suffixes checked - 0.00% hashed, 0.00% synced
Jun 10 10:06:26 np0000069435 object-server[105318]: Partition times: max 0.0087s, min 0.0005s, med 0.0007s
Jun 10 10:06:26 np0000069435 object-server[105318]: Object replication complete. (0.00 minutes)
Jun 10 10:06:49 np0000069435 object-server[558297]: Begin object audit "forever" mode (ZBF)
Jun 10 10:06:49 np0000069435 object-server[558297]: Object audit (ZBF). Since Wed Jun 10 10:06:49 2026: Locally: 1 passed, 0 quarantined, 0 errors, files/sec: 547.85, bytes/sec: 0.00, Total time: 0.00, Auditing time: 0.00, Rate: 0.00
Jun 10 10:06:49 np0000069435 object-server[558297]: Object audit (ZBF) "forever" mode completed: 0.60s. Total quarantined: 0, Total errors: 0, Total files/sec: 53.04, Total bytes/sec: 0.00, Auditing time: 0.59, Rate: 0.98
Jun 10 10:06:49 np0000069435 object-server[105667]: Begin object update sweep
Jun 10 10:06:49 np0000069435 object-server[558906]: Object update sweep starting on /srv/node/d1 (pid: 35)
Jun 10 10:06:49 np0000069435 object-server[558906]: Object update sweep completed on /srv/node/d1 in 0.00s seconds:, 0 successes, 0 failures, 0 quarantines, 0 unlinks, 0 errors, 0 redirects (pid: 35)
Jun 10 10:06:49 np0000069435 object-server[558906]: Object update sweep of d1 completed: 0.00s, 0 successes, 0 failures, 0 quarantines, 0 unlinks, 0 errors, 0 redirects
Jun 10 10:06:49 np0000069435 object-server[105667]: Object update sweep completed: 0.07s
Jun 10 10:06:52 np0000069435 account-server[104577]: Beginning replication run
Jun 10 10:06:52 np0000069435 account-server[104577]: Replication run OVER
Jun 10 10:06:52 np0000069435 account-server[104577]: Attempted to replicate 1 dbs in 0.01162 seconds (86.04862/s)
Jun 10 10:06:52 np0000069435 account-server[104577]: Removed 0 dbs
Jun 10 10:06:52 np0000069435 account-server[104577]: 1 successes, 0 failures
Jun 10 10:06:52 np0000069435 account-server[104577]: diff:0 diff_capped:0 empty:0 hashmatch:0 no_change:1 remote_merge:0 rsync:0 ts_repl:0
Jun 10 10:06:54 np0000069435 container-server[104610]: Beginning replication run
Jun 10 10:06:54 np0000069435 container-server[104610]: Replication run OVER
Jun 10 10:06:54 np0000069435 container-server[104610]: Attempted to replicate 1 dbs in 0.01361 seconds (73.47289/s)
Jun 10 10:06:54 np0000069435 container-server[104610]: Removed 0 dbs
Jun 10 10:06:54 np0000069435 container-server[104610]: 1 successes, 0 failures
Jun 10 10:06:54 np0000069435 container-server[104610]: diff:0 diff_capped:0 empty:0 hashmatch:0 no_change:1 remote_merge:0 rsync:0 ts_repl:0
Jun 10 10:06:56 np0000069435 object-server[105318]: Starting object replication pass.
Jun 10 10:06:56 np0000069435 object-server[105318]: 32/32 (100.00%) partitions replicated in 0.04s (735.88/sec, 0s remaining)
Jun 10 10:06:56 np0000069435 object-server[105318]: 0 successes, 0 failures
Jun 10 10:06:56 np0000069435 object-server[105318]: 32 suffixes checked - 0.00% hashed, 0.00% synced
Jun 10 10:06:56 np0000069435 object-server[105318]: Partition times: max 0.0067s, min 0.0004s, med 0.0008s
Jun 10 10:06:56 np0000069435 object-server[105318]: Object replication complete. (0.00 minutes)
Jun 10 10:06:59 np0000069435 account-server[104881]: 172.20.0.103 - - [10/Jun/2026:10:06:59 +0000] "HEAD /d1/727/.expiring_objects" 404 - "HEAD http://localhost/v1/.expiring_objects?format=json" "txe57a4ee83cb1477896196-006a293743" "proxy-server 2" 0.0006 "-" 18 -
Jun 10 10:06:59 np0000069435 object-expirer[105204]: Pass completed in 0s; 0 objects expired (txn: txe57a4ee83cb1477896196-006a293743)
Jun 10 10:07:19 np0000069435 object-server[559412]: Begin object audit "forever" mode (ZBF)
Jun 10 10:07:19 np0000069435 object-server[559413]: Begin object audit "forever" mode (ALL)
Jun 10 10:07:19 np0000069435 object-server[559412]: Object audit (ZBF). Since Wed Jun 10 10:07:19 2026: Locally: 1 passed, 0 quarantined, 0 errors, files/sec: 546.92, bytes/sec: 0.00, Total time: 0.00, Auditing time: 0.00, Rate: 0.00
Jun 10 10:07:20 np0000069435 object-server[559412]: Object audit (ZBF) "forever" mode completed: 0.60s. Total quarantined: 0, Total errors: 0, Total files/sec: 52.97, Total bytes/sec: 0.00, Auditing time: 0.59, Rate: 0.98
Jun 10 10:07:22 np0000069435 object-server[559413]: Object audit (ALL). Since Wed Jun 10 10:07:19 2026: Locally: 1 passed, 0 quarantined, 0 errors, files/sec: 0.46, bytes/sec: 10038877.69, Total time: 2.16, Auditing time: 0.00, Rate: 0.00
Jun 10 10:07:22 np0000069435 account-server[104577]: Beginning replication run
Jun 10 10:07:22 np0000069435 account-server[104577]: Replication run OVER
Jun 10 10:07:22 np0000069435 account-server[104577]: Attempted to replicate 1 dbs in 0.01049 seconds (95.36970/s)
Jun 10 10:07:22 np0000069435 account-server[104577]: Removed 0 dbs
Jun 10 10:07:22 np0000069435 account-server[104577]: 1 successes, 0 failures
Jun 10 10:07:22 np0000069435 account-server[104577]: diff:0 diff_capped:0 empty:0 hashmatch:0 no_change:1 remote_merge:0 rsync:0 ts_repl:0
Jun 10 10:07:24 np0000069435 container-server[104610]: Beginning replication run
Jun 10 10:07:24 np0000069435 container-server[104610]: Replication run OVER
Jun 10 10:07:24 np0000069435 container-server[104610]: Attempted to replicate 1 dbs in 0.01703 seconds (58.71134/s)
Jun 10 10:07:24 np0000069435 container-server[104610]: Removed 0 dbs
Jun 10 10:07:24 np0000069435 container-server[104610]: 1 successes, 0 failures
Jun 10 10:07:24 np0000069435 container-server[104610]: diff:0 diff_capped:0 empty:0 hashmatch:0 no_change:1 remote_merge:0 rsync:0 ts_repl:0
Jun 10 10:07:26 np0000069435 object-server[559413]: Object audit (ALL) "forever" mode completed: 6.46s. Total quarantined: 0, Total errors: 0, Total files/sec: 4.96, Total bytes/sec: 9999006.15, Auditing time: 6.45, Rate: 1.00
Jun 10 10:07:26 np0000069435 object-server[105318]: Starting object replication pass.
Jun 10 10:07:26 np0000069435 object-server[105318]: 32/32 (100.00%) partitions replicated in 0.05s (635.29/sec, 0s remaining)
Jun 10 10:07:26 np0000069435 object-server[105318]: 0 successes, 0 failures
Jun 10 10:07:26 np0000069435 object-server[105318]: 32 suffixes checked - 0.00% hashed, 0.00% synced
Jun 10 10:07:26 np0000069435 object-server[105318]: Partition times: max 0.0101s, min 0.0003s, med 0.0007s
Jun 10 10:07:26 np0000069435 object-server[105318]: Object replication complete. (0.00 minutes)
Jun 10 10:07:50 np0000069435 object-server[559417]: Begin object audit "forever" mode (ZBF)
Jun 10 10:07:50 np0000069435 object-server[559417]: Object audit (ZBF). Since Wed Jun 10 10:07:50 2026: Locally: 1 passed, 0 quarantined, 0 errors, files/sec: 495.60, bytes/sec: 0.00, Total time: 0.00, Auditing time: 0.00, Rate: 0.00
Jun 10 10:07:51 np0000069435 object-server[559417]: Object audit (ZBF) "forever" mode completed: 0.60s. Total quarantined: 0, Total errors: 0, Total files/sec: 52.91, Total bytes/sec: 0.00, Auditing time: 0.59, Rate: 0.98
Jun 10 10:07:52 np0000069435 account-server[104577]: Beginning replication run
Jun 10 10:07:52 np0000069435 account-server[104577]: Replication run OVER
Jun 10 10:07:52 np0000069435 account-server[104577]: Attempted to replicate 1 dbs in 0.01090 seconds (91.73207/s)
Jun 10 10:07:52 np0000069435 account-server[104577]: Removed 0 dbs
Jun 10 10:07:52 np0000069435 account-server[104577]: 1 successes, 0 failures
Jun 10 10:07:52 np0000069435 account-server[104577]: diff:0 diff_capped:0 empty:0 hashmatch:0 no_change:1 remote_merge:0 rsync:0 ts_repl:0
Jun 10 10:07:54 np0000069435 container-server[104610]: Beginning replication run
Jun 10 10:07:54 np0000069435 container-server[104610]: Replication run OVER
Jun 10 10:07:54 np0000069435 container-server[104610]: Attempted to replicate 1 dbs in 0.01929 seconds (51.85232/s)
Jun 10 10:07:54 np0000069435 container-server[104610]: Removed 0 dbs
Jun 10 10:07:54 np0000069435 container-server[104610]: 1 successes, 0 failures
Jun 10 10:07:54 np0000069435 container-server[104610]: diff:0 diff_capped:0 empty:0 hashmatch:0 no_change:1 remote_merge:0 rsync:0 ts_repl:0
Jun 10 10:07:56 np0000069435 object-server[105318]: Starting object replication pass.
Jun 10 10:07:56 np0000069435 object-server[105318]: 32/32 (100.00%) partitions replicated in 0.05s (607.94/sec, 0s remaining)
Jun 10 10:07:56 np0000069435 object-server[105318]: 0 successes, 0 failures
Jun 10 10:07:56 np0000069435 object-server[105318]: 32 suffixes checked - 0.00% hashed, 0.00% synced
Jun 10 10:07:56 np0000069435 object-server[105318]: Partition times: max 0.0090s, min 0.0005s, med 0.0008s
Jun 10 10:07:56 np0000069435 object-server[105318]: Object replication complete. (0.00 minutes)
Jun 10 10:08:10 np0000069435 account-server[104881]: 172.20.0.30 - - [10/Jun/2026:10:08:10 +0000] "HEAD /d1/953/AUTH_10fe0360dcb6465ab40d2634430d7f88" 404 - "HEAD http://swift-internal.openstack.svc:8080/v1/AUTH_10fe0360dcb6465ab40d2634430d7f88?format=json" "tx591d38b8ce394551b6bcb-006a29378a" "proxy-server 11" 0.0008 "-" 18 -
Jun 10 10:08:10 np0000069435 account-server[104881]: 172.20.0.30 - - [10/Jun/2026:10:08:10 +0000] "HEAD /d1/953/AUTH_10fe0360dcb6465ab40d2634430d7f88" 404 - "HEAD http://swift-internal.openstack.svc:8080/v1/AUTH_10fe0360dcb6465ab40d2634430d7f88?format=json" "tx591d38b8ce394551b6bcb-006a29378a" "proxy-server 11" 0.0013 "-" 18 -
Jun 10 10:08:10 np0000069435 account-server[104885]: 172.20.0.30 - - [10/Jun/2026:10:08:10 +0000] "HEAD /d1/932/AUTH_37248213eb794d0aa6023b7b11ef7b79" 404 - "HEAD http://swift-internal.openstack.svc:8080/v1/AUTH_37248213eb794d0aa6023b7b11ef7b79?format=json" "txf5f907625c224731a9d4d-006a29378a" "proxy-server 15" 0.0007 "-" 21 -
Jun 10 10:08:11 np0000069435 account-server[104885]: 172.20.0.30 - - [10/Jun/2026:10:08:11 +0000] "HEAD /d1/932/AUTH_37248213eb794d0aa6023b7b11ef7b79" 404 - "HEAD http://swift-internal.openstack.svc:8080/v1/AUTH_37248213eb794d0aa6023b7b11ef7b79?format=json" "txf5f907625c224731a9d4d-006a29378a" "proxy-server 15" 0.0003 "-" 21 -
