2026-06-10 07:44:52.291 16 DEBUG neutron.plugins.ml2.drivers.mech_agent [req-1f205d9f-bcde-4631-8523-4d3e91eed0b5 0085878bdf184b9db979dd8979565be3 5024101d50dc4d928307f3fd3478e8af - default default] Checking segment: {'id': 'bd038e0b-4d05-4b98-ae4f-8be6d8762f28', 'network_type': 'flat', 'physical_network': 'external_external_subnet', 'segmentation_id': None, 'network_id': '0f956e9e-6699-4700-8072-f05e24b5913a'} for mappings: {'ctlplane': 'br-ctlplane'} with network types: ['local', 'flat', 'vlan'] check_segment_for_agent /usr/lib/python3.9/site-packages/neutron/plugins/ml2/drivers/mech_agent.py:343
2026-06-10 07:44:52.291 16 DEBUG neutron.plugins.ml2.drivers.mech_agent [req-1f205d9f-bcde-4631-8523-4d3e91eed0b5 0085878bdf184b9db979dd8979565be3 5024101d50dc4d928307f3fd3478e8af - default default] Network 0f956e9e-6699-4700-8072-f05e24b5913a with segment bd038e0b-4d05-4b98-ae4f-8be6d8762f28 is connected to physical network external_external_subnet, but agent undercloud.ooo.test reported physical networks {'ctlplane': 'br-ctlplane'}. The physical network must be configured on the agent if binding is to succeed. check_segment_for_agent /usr/lib/python3.9/site-packages/neutron/plugins/ml2/drivers/mech_agent.py:365
2026-06-10 07:44:52.293 16 DEBUG neutron.scheduler.dhcp_agent_scheduler [req-1f205d9f-bcde-4631-8523-4d3e91eed0b5 0085878bdf184b9db979dd8979565be3 5024101d50dc4d928307f3fd3478e8af - default default] Network hostable DHCP agents. Network: 0f956e9e-6699-4700-8072-f05e24b5913a, hostable agents: [], hosted agents: [] _get_network_hostable_dhcp_agents /usr/lib/python3.9/site-packages/neutron/scheduler/dhcp_agent_scheduler.py:329
2026-06-10 07:44:52.294 16 DEBUG neutron.scheduler.base_scheduler [req-1f205d9f-bcde-4631-8523-4d3e91eed0b5 0085878bdf184b9db979dd8979565be3 5024101d50dc4d928307f3fd3478e8af - default default] Resources bound (agent type, host, resource id): schedule /usr/lib/python3.9/site-packages/neutron/scheduler/base_scheduler.py:57
2026-06-10 07:44:52.294 16 WARNING neutron.api.rpc.agentnotifiers.dhcp_rpc_agent_api [req-1f205d9f-bcde-4631-8523-4d3e91eed0b5 0085878bdf184b9db979dd8979565be3 5024101d50dc4d928307f3fd3478e8af - default default] Unable to schedule network 0f956e9e-6699-4700-8072-f05e24b5913a: no agents available; will retry on subsequent port and subnet creation events.
2026-06-10 07:44:52.294 16 DEBUG neutron.api.rpc.agentnotifiers.dhcp_rpc_agent_api [req-1f205d9f-bcde-4631-8523-4d3e91eed0b5 0085878bdf184b9db979dd8979565be3 5024101d50dc4d928307f3fd3478e8af - default default] Network 0f956e9e-6699-4700-8072-f05e24b5913a is not hosted by any dhcp agent _notify_agents /usr/lib/python3.9/site-packages/neutron/api/rpc/agentnotifiers/dhcp_rpc_agent_api.py:228
2026-06-10 07:44:52.300 16 DEBUG neutron.pecan_wsgi.hooks.policy_enforcement [req-1f205d9f-bcde-4631-8523-4d3e91eed0b5 0085878bdf184b9db979dd8979565be3 5024101d50dc4d928307f3fd3478e8af - default default] Attributes excluded by policy engine: ['standard_attr_id', 'shared', 'network'] _exclude_attributes_by_policy /usr/lib/python3.9/site-packages/neutron/pecan_wsgi/hooks/policy_enforcement.py:259
2026-06-10 07:44:52.300 16 DEBUG neutron_lib.callbacks.manager [req-1f205d9f-bcde-4631-8523-4d3e91eed0b5 0085878bdf184b9db979dd8979565be3 5024101d50dc4d928307f3fd3478e8af - default default] Notify callbacks ['neutron.api.rpc.agentnotifiers.dhcp_rpc_agent_api.DhcpAgentNotifyAPI._send_dhcp_notification-782933'] for subnet, before_response _notify_loop /usr/lib/python3.9/site-packages/neutron_lib/callbacks/manager.py:200
2026-06-10 07:44:52.310 16 INFO neutron.wsgi [req-1f205d9f-bcde-4631-8523-4d3e91eed0b5 0085878bdf184b9db979dd8979565be3 5024101d50dc4d928307f3fd3478e8af - default default] 192.168.122.99,192.168.122.100 "POST /v2.0/subnets HTTP/1.1" status: 201 len: 853 time: 0.1834431
2026-06-10 07:44:52.318 16 DEBUG neutron.services.tag.tag_plugin [req-02bff951-d030-4dd7-b0f7-ef3fd7da7524 0085878bdf184b9db979dd8979565be3 5024101d50dc4d928307f3fd3478e8af - default default] neutron.services.tag.tag_plugin.TagPlugin method update_tags called with arguments (, 'subnets', 'd5fdc17a-f6ea-4c19-a927-6268417eb853', {'tags': ['tripleo_vlan_id=44']}) {} wrapper /usr/lib/python3.9/site-packages/oslo_log/helpers.py:65
2026-06-10 07:44:52.347 16 INFO neutron.wsgi [req-02bff951-d030-4dd7-b0f7-ef3fd7da7524 0085878bdf184b9db979dd8979565be3 5024101d50dc4d928307f3fd3478e8af - default default] 192.168.122.99,192.168.122.100 "PUT /v2.0/subnets/d5fdc17a-f6ea-4c19-a927-6268417eb853/tags HTTP/1.1" status: 200 len: 206 time: 0.0316656
2026-06-10 07:44:52.608 16 DEBUG neutron.wsgi [-] (16) accepted ('192.168.122.100', 34988) server /usr/lib/python3.9/site-packages/eventlet/wsgi.py:992
2026-06-10 07:44:52.612 16 INFO neutron.wsgi [-] 192.168.122.100 "GET /healthcheck HTTP/1.0" status: 200 len: 137 time: 0.0029061
2026-06-10 07:44:53.753 15 DEBUG neutron.wsgi [-] (15) accepted ('192.168.122.100', 35002) server /usr/lib/python3.9/site-packages/eventlet/wsgi.py:992
2026-06-10 07:44:53.905 15 INFO neutron.pecan_wsgi.hooks.translation [req-2ca02879-05bb-4fae-aa4a-79c73b82d98e 0085878bdf184b9db979dd8979565be3 5024101d50dc4d928307f3fd3478e8af - default default] GET failed (client error): The resource could not be found.
2026-06-10 07:44:53.906 15 INFO neutron.wsgi [req-2ca02879-05bb-4fae-aa4a-79c73b82d98e 0085878bdf184b9db979dd8979565be3 5024101d50dc4d928307f3fd3478e8af - default default] 192.168.122.99,192.168.122.100 "GET /v2.0/networks/storage HTTP/1.1" status: 404 len: 291 time: 0.1525531
2026-06-10 07:44:54.001 15 DEBUG neutron.pecan_wsgi.hooks.policy_enforcement [req-b6005eb8-644f-4758-9836-a115b9c3e416 0085878bdf184b9db979dd8979565be3 5024101d50dc4d928307f3fd3478e8af - default default] Attributes excluded by policy engine: ['standard_attr_id', 'vlan_transparent'] _exclude_attributes_by_policy /usr/lib/python3.9/site-packages/neutron/pecan_wsgi/hooks/policy_enforcement.py:259
2026-06-10 07:44:54.002 15 INFO neutron.wsgi [req-b6005eb8-644f-4758-9836-a115b9c3e416 0085878bdf184b9db979dd8979565be3 5024101d50dc4d928307f3fd3478e8af - default default] 192.168.122.99,192.168.122.100 "GET /v2.0/networks?name=storage HTTP/1.1" status: 200 len: 1023 time: 0.0909047
2026-06-10 07:44:54.044 15 DEBUG neutron.pecan_wsgi.hooks.policy_enforcement [req-3c3f330f-e549-4fd6-87d9-3749a759e52d 0085878bdf184b9db979dd8979565be3 5024101d50dc4d928307f3fd3478e8af - default default] Attributes excluded by policy engine: ['standard_attr_id', 'shared'] _exclude_attributes_by_policy /usr/lib/python3.9/site-packages/neutron/pecan_wsgi/hooks/policy_enforcement.py:259
2026-06-10 07:44:54.045 15 INFO neutron.wsgi [req-3c3f330f-e549-4fd6-87d9-3749a759e52d 0085878bdf184b9db979dd8979565be3 5024101d50dc4d928307f3fd3478e8af - default default] 192.168.122.99,192.168.122.100 "GET /v2.0/subnets/29ec5999-920d-452d-a1c1-6c00581ea971 HTTP/1.1" status: 200 len: 859 time: 0.0366693
2026-06-10 07:44:54.066 15 INFO neutron.pecan_wsgi.hooks.translation [req-adaedb52-a160-4d2c-b058-fa68dc98b915 0085878bdf184b9db979dd8979565be3 5024101d50dc4d928307f3fd3478e8af - default default] GET failed (client error): The resource could not be found.
2026-06-10 07:44:54.067 15 INFO neutron.wsgi [req-adaedb52-a160-4d2c-b058-fa68dc98b915 0085878bdf184b9db979dd8979565be3 5024101d50dc4d928307f3fd3478e8af - default default] 192.168.122.99,192.168.122.100 "GET /v2.0/networks/storage_mgmt HTTP/1.1" status: 404 len: 296 time: 0.0157611
2026-06-10 07:44:54.135 15 DEBUG neutron.pecan_wsgi.hooks.policy_enforcement [req-6fa65f02-60f1-4b54-aba4-9f31e04f69e6 0085878bdf184b9db979dd8979565be3 5024101d50dc4d928307f3fd3478e8af - default default] Attributes excluded by policy engine: ['standard_attr_id', 'vlan_transparent'] _exclude_attributes_by_policy /usr/lib/python3.9/site-packages/neutron/pecan_wsgi/hooks/policy_enforcement.py:259
2026-06-10 07:44:54.135 15 INFO neutron.wsgi [req-6fa65f02-60f1-4b54-aba4-9f31e04f69e6 0085878bdf184b9db979dd8979565be3 5024101d50dc4d928307f3fd3478e8af - default default] 192.168.122.99,192.168.122.100 "GET /v2.0/networks?name=storage_mgmt HTTP/1.1" status: 200 len: 1051 time: 0.0641384
2026-06-10 07:44:54.172 15 DEBUG neutron.pecan_wsgi.hooks.policy_enforcement [req-8759cc3a-bbdb-477b-b3ae-70fd768aa471 0085878bdf184b9db979dd8979565be3 5024101d50dc4d928307f3fd3478e8af - default default] Attributes excluded by policy engine: ['standard_attr_id', 'shared'] _exclude_attributes_by_policy /usr/lib/python3.9/site-packages/neutron/pecan_wsgi/hooks/policy_enforcement.py:259
2026-06-10 07:44:54.173 15 INFO neutron.wsgi [req-8759cc3a-bbdb-477b-b3ae-70fd768aa471 0085878bdf184b9db979dd8979565be3 5024101d50dc4d928307f3fd3478e8af - default default] 192.168.122.99,192.168.122.100 "GET /v2.0/subnets/4859f9fc-3b84-47a8-96ac-f4154408ef1b HTTP/1.1" status: 200 len: 864 time: 0.0303743
2026-06-10 07:44:54.187 15 INFO neutron.pecan_wsgi.hooks.translation [req-cc097ec5-4a88-44f8-8bca-548d793d684e 0085878bdf184b9db979dd8979565be3 5024101d50dc4d928307f3fd3478e8af - default default] GET failed (client error): The resource could not be found.
2026-06-10 07:44:54.188 15 INFO neutron.wsgi [req-cc097ec5-4a88-44f8-8bca-548d793d684e 0085878bdf184b9db979dd8979565be3 5024101d50dc4d928307f3fd3478e8af - default default] 192.168.122.99,192.168.122.100 "GET /v2.0/networks/internal_api HTTP/1.1" status: 404 len: 296 time: 0.0117145
2026-06-10 07:44:54.245 15 DEBUG neutron.pecan_wsgi.hooks.policy_enforcement [req-b097bced-462d-40d3-b254-55f94ce227d7 0085878bdf184b9db979dd8979565be3 5024101d50dc4d928307f3fd3478e8af - default default] Attributes excluded by policy engine: ['standard_attr_id', 'vlan_transparent'] _exclude_attributes_by_policy /usr/lib/python3.9/site-packages/neutron/pecan_wsgi/hooks/policy_enforcement.py:259
2026-06-10 07:44:54.245 15 INFO neutron.wsgi [req-b097bced-462d-40d3-b254-55f94ce227d7 0085878bdf184b9db979dd8979565be3 5024101d50dc4d928307f3fd3478e8af - default default] 192.168.122.99,192.168.122.100 "GET /v2.0/networks?name=internal_api HTTP/1.1" status: 200 len: 1052 time: 0.0554495
2026-06-10 07:44:54.276 15 DEBUG neutron.pecan_wsgi.hooks.policy_enforcement [req-aaa04351-15bf-449b-8d2c-056fff57a70c 0085878bdf184b9db979dd8979565be3 5024101d50dc4d928307f3fd3478e8af - default default] Attributes excluded by policy engine: ['standard_attr_id', 'shared'] _exclude_attributes_by_policy /usr/lib/python3.9/site-packages/neutron/pecan_wsgi/hooks/policy_enforcement.py:259
2026-06-10 07:44:54.277 15 INFO neutron.wsgi [req-aaa04351-15bf-449b-8d2c-056fff57a70c 0085878bdf184b9db979dd8979565be3 5024101d50dc4d928307f3fd3478e8af - default default] 192.168.122.99,192.168.122.100 "GET /v2.0/subnets/38474a10-1d4d-45c5-b6cd-d61588ab13ba HTTP/1.1" status: 200 len: 864 time: 0.0275397
2026-06-10 07:44:54.294 15 INFO neutron.pecan_wsgi.hooks.translation [req-43c2a719-903c-4f9d-b35f-5a9fc2f5bc86 0085878bdf184b9db979dd8979565be3 5024101d50dc4d928307f3fd3478e8af - default default] GET failed (client error): The resource could not be found.
2026-06-10 07:44:54.294 15 INFO neutron.wsgi [req-43c2a719-903c-4f9d-b35f-5a9fc2f5bc86 0085878bdf184b9db979dd8979565be3 5024101d50dc4d928307f3fd3478e8af - default default] 192.168.122.99,192.168.122.100 "GET /v2.0/networks/tenant HTTP/1.1" status: 404 len: 290 time: 0.0120075
2026-06-10 07:44:54.369 15 DEBUG neutron.pecan_wsgi.hooks.policy_enforcement [req-e987fcc8-2e0b-42bc-aa11-bde7b433d446 0085878bdf184b9db979dd8979565be3 5024101d50dc4d928307f3fd3478e8af - default default] Attributes excluded by policy engine: ['standard_attr_id', 'vlan_transparent'] _exclude_attributes_by_policy /usr/lib/python3.9/site-packages/neutron/pecan_wsgi/hooks/policy_enforcement.py:259
2026-06-10 07:44:54.370 15 INFO neutron.wsgi [req-e987fcc8-2e0b-42bc-aa11-bde7b433d446 0085878bdf184b9db979dd8979565be3 5024101d50dc4d928307f3fd3478e8af - default default] 192.168.122.99,192.168.122.100 "GET /v2.0/networks?name=tenant HTTP/1.1" status: 200 len: 998 time: 0.0719380
2026-06-10 07:44:54.405 15 DEBUG neutron.pecan_wsgi.hooks.policy_enforcement [req-7d694ff1-1d64-4df8-b532-0b17b7406392 0085878bdf184b9db979dd8979565be3 5024101d50dc4d928307f3fd3478e8af - default default] Attributes excluded by policy engine: ['standard_attr_id', 'shared'] _exclude_attributes_by_policy /usr/lib/python3.9/site-packages/neutron/pecan_wsgi/hooks/policy_enforcement.py:259
2026-06-10 07:44:54.406 15 INFO neutron.wsgi [req-7d694ff1-1d64-4df8-b532-0b17b7406392 0085878bdf184b9db979dd8979565be3 5024101d50dc4d928307f3fd3478e8af - default default] 192.168.122.99,192.168.122.100 "GET /v2.0/subnets/2750c70d-7640-4fc7-be2d-a97a39eb3376 HTTP/1.1" status: 200 len: 858 time: 0.0295694
2026-06-10 07:44:54.423 15 INFO neutron.pecan_wsgi.hooks.translation [req-a467f51c-b971-42cc-9715-89fd67cb66e5 0085878bdf184b9db979dd8979565be3 5024101d50dc4d928307f3fd3478e8af - default default] GET failed (client error): The resource could not be found.
2026-06-10 07:44:54.424 15 INFO neutron.wsgi [req-a467f51c-b971-42cc-9715-89fd67cb66e5 0085878bdf184b9db979dd8979565be3 5024101d50dc4d928307f3fd3478e8af - default default] 192.168.122.99,192.168.122.100 "GET /v2.0/networks/external HTTP/1.1" status: 404 len: 292 time: 0.0116673
2026-06-10 07:44:54.479 15 DEBUG neutron.pecan_wsgi.hooks.policy_enforcement [req-9f83895f-81d0-4102-90c0-45bbf07bf198 0085878bdf184b9db979dd8979565be3 5024101d50dc4d928307f3fd3478e8af - default default] Attributes excluded by policy engine: ['standard_attr_id', 'vlan_transparent'] _exclude_attributes_by_policy /usr/lib/python3.9/site-packages/neutron/pecan_wsgi/hooks/policy_enforcement.py:259
2026-06-10 07:44:54.480 15 INFO neutron.wsgi [req-9f83895f-81d0-4102-90c0-45bbf07bf198 0085878bdf184b9db979dd8979565be3 5024101d50dc4d928307f3fd3478e8af - default default] 192.168.122.99,192.168.122.100 "GET /v2.0/networks?name=external HTTP/1.1" status: 200 len: 1029 time: 0.0520816
2026-06-10 07:44:54.512 15 DEBUG neutron.pecan_wsgi.hooks.policy_enforcement [req-d8829b36-4c88-4839-8c79-f40c67308fb1 0085878bdf184b9db979dd8979565be3 5024101d50dc4d928307f3fd3478e8af - default default] Attributes excluded by policy engine: ['standard_attr_id', 'shared'] _exclude_attributes_by_policy /usr/lib/python3.9/site-packages/neutron/pecan_wsgi/hooks/policy_enforcement.py:259
2026-06-10 07:44:54.513 15 INFO neutron.wsgi [req-d8829b36-4c88-4839-8c79-f40c67308fb1 0085878bdf184b9db979dd8979565be3 5024101d50dc4d928307f3fd3478e8af - default default] 192.168.122.99,192.168.122.100 "GET /v2.0/subnets/d5fdc17a-f6ea-4c19-a927-6268417eb853 HTTP/1.1" status: 200 len: 868 time: 0.0269797
2026-06-10 07:44:54.613 15 DEBUG neutron.wsgi [-] (15) accepted ('192.168.122.100', 35004) server /usr/lib/python3.9/site-packages/eventlet/wsgi.py:992
2026-06-10 07:44:54.618 15 INFO neutron.wsgi [-] 192.168.122.100 "GET /healthcheck HTTP/1.0" status: 200 len: 137 time: 0.0038607
2026-06-10 07:44:56.620 16 DEBUG neutron.wsgi [-] (16) accepted ('192.168.122.100', 35008) server /usr/lib/python3.9/site-packages/eventlet/wsgi.py:992
2026-06-10 07:44:56.623 16 INFO neutron.wsgi [-] 192.168.122.100 "GET /healthcheck HTTP/1.0" status: 200 len: 137 time: 0.0018883
2026-06-10 07:44:58.332 16 DEBUG neutron.wsgi [-] (16) accepted ('192.168.122.100', 35014) server /usr/lib/python3.9/site-packages/eventlet/wsgi.py:992
2026-06-10 07:44:58.336 16 INFO neutron.wsgi [-] 192.168.122.100 "GET / HTTP/1.1" status: 200 len: 233 time: 0.0025010
2026-06-10 07:44:58.624 15 DEBUG neutron.wsgi [-] (15) accepted ('192.168.122.100', 35030) server /usr/lib/python3.9/site-packages/eventlet/wsgi.py:992
2026-06-10 07:44:58.627 15 INFO neutron.wsgi [-] 192.168.122.100 "GET /healthcheck HTTP/1.0" status: 200 len: 137 time: 0.0018303
2026-06-10 07:45:00.007 15 DEBUG neutron.wsgi [-] (15) accepted ('192.168.122.100', 35042) server /usr/lib/python3.9/site-packages/eventlet/wsgi.py:992
2026-06-10 07:45:00.132 15 DEBUG neutron.pecan_wsgi.hooks.policy_enforcement [req-38a0c933-7e74-4908-b141-e3935e262551 0085878bdf184b9db979dd8979565be3 5024101d50dc4d928307f3fd3478e8af - default default] Attributes excluded by policy engine: ['standard_attr_id', 'vlan_transparent'] _exclude_attributes_by_policy /usr/lib/python3.9/site-packages/neutron/pecan_wsgi/hooks/policy_enforcement.py:259
2026-06-10 07:45:00.132 15 DEBUG neutron.pecan_wsgi.hooks.policy_enforcement [req-38a0c933-7e74-4908-b141-e3935e262551 0085878bdf184b9db979dd8979565be3 5024101d50dc4d928307f3fd3478e8af - default default] Attributes excluded by policy engine: ['standard_attr_id', 'vlan_transparent'] _exclude_attributes_by_policy /usr/lib/python3.9/site-packages/neutron/pecan_wsgi/hooks/policy_enforcement.py:259
2026-06-10 07:45:00.133 15 DEBUG neutron.pecan_wsgi.hooks.policy_enforcement [req-38a0c933-7e74-4908-b141-e3935e262551 0085878bdf184b9db979dd8979565be3 5024101d50dc4d928307f3fd3478e8af - default default] Attributes excluded by policy engine: ['standard_attr_id', 'vlan_transparent'] _exclude_attributes_by_policy /usr/lib/python3.9/site-packages/neutron/pecan_wsgi/hooks/policy_enforcement.py:259
2026-06-10 07:45:00.133 15 DEBUG neutron.pecan_wsgi.hooks.policy_enforcement [req-38a0c933-7e74-4908-b141-e3935e262551 0085878bdf184b9db979dd8979565be3 5024101d50dc4d928307f3fd3478e8af - default default] Attributes excluded by policy engine: ['standard_attr_id', 'vlan_transparent'] _exclude_attributes_by_policy /usr/lib/python3.9/site-packages/neutron/pecan_wsgi/hooks/policy_enforcement.py:259
2026-06-10 07:45:00.133 15 DEBUG neutron.pecan_wsgi.hooks.policy_enforcement [req-38a0c933-7e74-4908-b141-e3935e262551 0085878bdf184b9db979dd8979565be3 5024101d50dc4d928307f3fd3478e8af - default default] Attributes excluded by policy engine: ['standard_attr_id', 'vlan_transparent'] _exclude_attributes_by_policy /usr/lib/python3.9/site-packages/neutron/pecan_wsgi/hooks/policy_enforcement.py:259
2026-06-10 07:45:00.133 15 DEBUG neutron.pecan_wsgi.hooks.policy_enforcement [req-38a0c933-7e74-4908-b141-e3935e262551 0085878bdf184b9db979dd8979565be3 5024101d50dc4d928307f3fd3478e8af - default default] Attributes excluded by policy engine: ['standard_attr_id', 'vlan_transparent'] _exclude_attributes_by_policy /usr/lib/python3.9/site-packages/neutron/pecan_wsgi/hooks/policy_enforcement.py:259
2026-06-10 07:45:00.135 15 INFO neutron.wsgi [req-38a0c933-7e74-4908-b141-e3935e262551 0085878bdf184b9db979dd8979565be3 5024101d50dc4d928307f3fd3478e8af - default default] 192.168.122.99,192.168.122.100 "GET /v2.0/networks HTTP/1.1" status: 200 len: 5131 time: 0.1267385
2026-06-10 07:45:00.182 15 DEBUG neutron.pecan_wsgi.hooks.policy_enforcement [req-7d0e0222-87ca-4f9a-8a9f-7269cf620fb3 0085878bdf184b9db979dd8979565be3 5024101d50dc4d928307f3fd3478e8af - default default] Attributes excluded by policy engine: ['standard_attr_id', 'shared'] _exclude_attributes_by_policy /usr/lib/python3.9/site-packages/neutron/pecan_wsgi/hooks/policy_enforcement.py:259
2026-06-10 07:45:00.183 15 INFO neutron.wsgi [req-7d0e0222-87ca-4f9a-8a9f-7269cf620fb3 0085878bdf184b9db979dd8979565be3 5024101d50dc4d928307f3fd3478e8af - default default] 192.168.122.99,192.168.122.100 "GET /v2.0/subnets?network_id=004b3e67-56f1-41f1-8704-50ee2e9ec5db HTTP/1.1" status: 200 len: 867 time: 0.0434239
2026-06-10 07:45:00.233 15 DEBUG neutron.pecan_wsgi.hooks.policy_enforcement [req-32a1720c-bbbc-4900-992e-01b5ea173575 0085878bdf184b9db979dd8979565be3 5024101d50dc4d928307f3fd3478e8af - default default] Attributes excluded by policy engine: ['standard_attr_id', 'shared'] _exclude_attributes_by_policy /usr/lib/python3.9/site-packages/neutron/pecan_wsgi/hooks/policy_enforcement.py:259
2026-06-10 07:45:00.234 15 INFO neutron.wsgi [req-32a1720c-bbbc-4900-992e-01b5ea173575 0085878bdf184b9db979dd8979565be3 5024101d50dc4d928307f3fd3478e8af - default default] 192.168.122.99,192.168.122.100 "GET /v2.0/subnets?network_id=0b9e5d90-ed04-4f52-931e-d2113e853e39 HTTP/1.1" status: 200 len: 845 time: 0.0432045
2026-06-10 07:45:00.270 15 DEBUG neutron.pecan_wsgi.hooks.policy_enforcement [req-0a4b1c25-902e-4489-b7e2-ae661036a556 0085878bdf184b9db979dd8979565be3 5024101d50dc4d928307f3fd3478e8af - default default] Attributes excluded by policy engine: ['standard_attr_id', 'shared'] _exclude_attributes_by_policy /usr/lib/python3.9/site-packages/neutron/pecan_wsgi/hooks/policy_enforcement.py:259
2026-06-10 07:45:00.271 15 INFO neutron.wsgi [req-0a4b1c25-902e-4489-b7e2-ae661036a556 0085878bdf184b9db979dd8979565be3 5024101d50dc4d928307f3fd3478e8af - default default] 192.168.122.99,192.168.122.100 "GET /v2.0/subnets?network_id=0f956e9e-6699-4700-8072-f05e24b5913a HTTP/1.1" status: 200 len: 871 time: 0.0325692
2026-06-10 07:45:00.299 15 DEBUG neutron.pecan_wsgi.hooks.policy_enforcement [req-21f3773d-af37-451b-99dc-a4f3edde6a97 0085878bdf184b9db979dd8979565be3 5024101d50dc4d928307f3fd3478e8af - default default] Attributes excluded by policy engine: ['standard_attr_id', 'shared'] _exclude_attributes_by_policy /usr/lib/python3.9/site-packages/neutron/pecan_wsgi/hooks/policy_enforcement.py:259
2026-06-10 07:45:00.300 15 INFO neutron.wsgi [req-21f3773d-af37-451b-99dc-a4f3edde6a97 0085878bdf184b9db979dd8979565be3 5024101d50dc4d928307f3fd3478e8af - default default] 192.168.122.99,192.168.122.100 "GET /v2.0/subnets?network_id=4bd4e5b2-64f1-4d8f-b708-67eb8da3a451 HTTP/1.1" status: 200 len: 861 time: 0.0250916
2026-06-10 07:45:00.330 15 DEBUG neutron.pecan_wsgi.hooks.policy_enforcement [req-1cf3052f-9af6-42fa-95b9-16bd7df050d3 0085878bdf184b9db979dd8979565be3 5024101d50dc4d928307f3fd3478e8af - default default] Attributes excluded by policy engine: ['standard_attr_id', 'shared'] _exclude_attributes_by_policy /usr/lib/python3.9/site-packages/neutron/pecan_wsgi/hooks/policy_enforcement.py:259
2026-06-10 07:45:00.331 15 INFO neutron.wsgi [req-1cf3052f-9af6-42fa-95b9-16bd7df050d3 0085878bdf184b9db979dd8979565be3 5024101d50dc4d928307f3fd3478e8af - default default] 192.168.122.99,192.168.122.100 "GET /v2.0/subnets?network_id=9971f4d0-f03f-4c89-815f-60083e8282ed HTTP/1.1" status: 200 len: 867 time: 0.0267518
2026-06-10 07:45:00.360 15 DEBUG neutron.pecan_wsgi.hooks.policy_enforcement [req-51d00bc8-4bdc-4acc-bff7-590988511e6b 0085878bdf184b9db979dd8979565be3 5024101d50dc4d928307f3fd3478e8af - default default] Attributes excluded by policy engine: ['standard_attr_id', 'shared'] _exclude_attributes_by_policy /usr/lib/python3.9/site-packages/neutron/pecan_wsgi/hooks/policy_enforcement.py:259
2026-06-10 07:45:00.360 15 INFO neutron.wsgi [req-51d00bc8-4bdc-4acc-bff7-590988511e6b 0085878bdf184b9db979dd8979565be3 5024101d50dc4d928307f3fd3478e8af - default default] 192.168.122.99,192.168.122.100 "GET /v2.0/subnets?network_id=a3e4363a-9043-447e-b8bb-38fa1a6597c9 HTTP/1.1" status: 200 len: 862 time: 0.0258727
2026-06-10 07:45:00.388 16 DEBUG neutron.wsgi [-] (16) accepted ('192.168.122.100', 35046) server /usr/lib/python3.9/site-packages/eventlet/wsgi.py:992
2026-06-10 07:45:00.388 16 DEBUG neutron.wsgi [-] (16) accepted ('192.168.122.100', 35050) server /usr/lib/python3.9/site-packages/eventlet/wsgi.py:992
2026-06-10 07:45:00.389 18 DEBUG neutron.wsgi [-] (18) accepted ('192.168.122.100', 35058) server /usr/lib/python3.9/site-packages/eventlet/wsgi.py:992
2026-06-10 07:45:00.392 17 DEBUG neutron.wsgi [-] (17) accepted ('192.168.122.100', 35062) server /usr/lib/python3.9/site-packages/eventlet/wsgi.py:992
2026-06-10 07:45:00.443 16 INFO neutron.wsgi [req-14ce5ede-d7df-4d6b-9f56-0237d8361e0b 0085878bdf184b9db979dd8979565be3 5024101d50dc4d928307f3fd3478e8af - default default] 192.168.122.99,192.168.122.100 "GET /v2.0/ports?network_id=0b9e5d90-ed04-4f52-931e-d2113e853e39&tags=tripleo_stack_name%3Dovercloud&tags=tripleo_vip_net%3Dctlplane HTTP/1.1" status: 200 len: 186 time: 0.0532334
2026-06-10 07:45:00.444 16 INFO neutron.wsgi [req-c83454be-5a9a-4cd5-b109-df0269ffd39b 0085878bdf184b9db979dd8979565be3 5024101d50dc4d928307f3fd3478e8af - default default] 192.168.122.99,192.168.122.100 "GET /v2.0/ports?network_id=9971f4d0-f03f-4c89-815f-60083e8282ed&tags=tripleo_stack_name%3Dovercloud&tags=tripleo_vip_net%3Dstorage_mgmt HTTP/1.1" status: 200 len: 186 time: 0.0550284
2026-06-10 07:45:00.453 16 DEBUG neutron.api.v2.base [req-319e5390-1eca-4784-b607-c89e3974f3c9 0085878bdf184b9db979dd8979565be3 5024101d50dc4d928307f3fd3478e8af - default default] Request body: {'port': {'name': 'ctlplane_vip', 'fixed_ips': [{'ip_address': '192.168.122.90'}], 'dns_name': 'multicell', 'network_id': '0b9e5d90-ed04-4f52-931e-d2113e853e39'}} prepare_request_body /usr/lib/python3.9/site-packages/neutron/api/v2/base.py:729
2026-06-10 07:45:00.455 18 INFO neutron.wsgi [req-97a978ac-3c64-4e75-ac47-f268d7271ffb 0085878bdf184b9db979dd8979565be3 5024101d50dc4d928307f3fd3478e8af - default default] 192.168.122.99,192.168.122.100 "GET /v2.0/ports?network_id=a3e4363a-9043-447e-b8bb-38fa1a6597c9&tags=tripleo_stack_name%3Dovercloud&tags=tripleo_vip_net%3Dstorage HTTP/1.1" status: 200 len: 186 time: 0.0647488
2026-06-10 07:45:00.457 15 INFO neutron.wsgi [req-321f7dbe-441e-4eeb-bddc-e14c02b32cfe 0085878bdf184b9db979dd8979565be3 5024101d50dc4d928307f3fd3478e8af - default default] 192.168.122.99,192.168.122.100 "GET /v2.0/ports?network_id=004b3e67-56f1-41f1-8704-50ee2e9ec5db&tags=tripleo_stack_name%3Dovercloud&tags=tripleo_vip_net%3Dinternal_api HTTP/1.1" status: 200 len: 186 time: 0.0866604
2026-06-10 07:45:00.458 16 DEBUG neutron.api.v2.base [req-22eeeb1c-c67c-442c-b9f6-5ec7c2e3d616 0085878bdf184b9db979dd8979565be3 5024101d50dc4d928307f3fd3478e8af - default default] Request body: {'port': {'name': 'storage_mgmt_vip', 'fixed_ips': [{'ip_address': '172.20.0.150'}], 'dns_name': 'multicell', 'network_id': '9971f4d0-f03f-4c89-815f-60083e8282ed'}} prepare_request_body /usr/lib/python3.9/site-packages/neutron/api/v2/base.py:729
2026-06-10 07:45:00.466 15 DEBUG neutron.api.v2.base [req-df8e2e5c-6248-4f21-bf53-05258b30a539 0085878bdf184b9db979dd8979565be3 5024101d50dc4d928307f3fd3478e8af - default default] Request body: {'port': {'name': 'storage_vip', 'fixed_ips': [{'ip_address': '172.18.0.140'}], 'dns_name': 'multicell', 'network_id': 'a3e4363a-9043-447e-b8bb-38fa1a6597c9'}} prepare_request_body /usr/lib/python3.9/site-packages/neutron/api/v2/base.py:729
2026-06-10 07:45:00.468 18 DEBUG neutron.api.v2.base [req-4c53a68f-b017-4a68-b513-54ec1f0886ff 0085878bdf184b9db979dd8979565be3 5024101d50dc4d928307f3fd3478e8af - default default] Request body: {'port': {'name': 'internal_api_vip', 'fixed_ips': [{'ip_address': '172.17.0.130'}], 'dns_name': 'multicell', 'network_id': '004b3e67-56f1-41f1-8704-50ee2e9ec5db'}} prepare_request_body /usr/lib/python3.9/site-packages/neutron/api/v2/base.py:729
2026-06-10 07:45:00.470 16 DEBUG neutron.pecan_wsgi.hooks.quota_enforcement [req-319e5390-1eca-4784-b607-c89e3974f3c9 0085878bdf184b9db979dd8979565be3 5024101d50dc4d928307f3fd3478e8af - default default] Made reservation on behalf of 5024101d50dc4d928307f3fd3478e8af for: {'port': 1} before /usr/lib/python3.9/site-packages/neutron/pecan_wsgi/hooks/quota_enforcement.py:53
2026-06-10 07:45:00.472 16 DEBUG neutron_lib.callbacks.manager [req-319e5390-1eca-4784-b607-c89e3974f3c9 0085878bdf184b9db979dd8979565be3 5024101d50dc4d928307f3fd3478e8af - default default] Notify callbacks ['neutron.plugins.ml2.plugin.SecurityGroupDbMixin._ensure_default_security_group_handler-3703557'] for port, before_create _notify_loop /usr/lib/python3.9/site-packages/neutron_lib/callbacks/manager.py:200
2026-06-10 07:45:00.479 15 DEBUG neutron.pecan_wsgi.hooks.quota_enforcement [req-df8e2e5c-6248-4f21-bf53-05258b30a539 0085878bdf184b9db979dd8979565be3 5024101d50dc4d928307f3fd3478e8af - default default] Made reservation on behalf of 5024101d50dc4d928307f3fd3478e8af for: {'port': 1} before /usr/lib/python3.9/site-packages/neutron/pecan_wsgi/hooks/quota_enforcement.py:53
2026-06-10 07:45:00.481 16 DEBUG neutron.pecan_wsgi.hooks.quota_enforcement [req-22eeeb1c-c67c-442c-b9f6-5ec7c2e3d616 0085878bdf184b9db979dd8979565be3 5024101d50dc4d928307f3fd3478e8af - default default] Made reservation on behalf of 5024101d50dc4d928307f3fd3478e8af for: {'port': 1} before /usr/lib/python3.9/site-packages/neutron/pecan_wsgi/hooks/quota_enforcement.py:53
2026-06-10 07:45:00.482 16 DEBUG neutron_lib.callbacks.manager [req-22eeeb1c-c67c-442c-b9f6-5ec7c2e3d616 0085878bdf184b9db979dd8979565be3 5024101d50dc4d928307f3fd3478e8af - default default] Notify callbacks ['neutron.plugins.ml2.plugin.SecurityGroupDbMixin._ensure_default_security_group_handler-3703557'] for port, before_create _notify_loop /usr/lib/python3.9/site-packages/neutron_lib/callbacks/manager.py:200
2026-06-10 07:45:00.482 15 DEBUG neutron_lib.callbacks.manager [req-df8e2e5c-6248-4f21-bf53-05258b30a539 0085878bdf184b9db979dd8979565be3 5024101d50dc4d928307f3fd3478e8af - default default] Notify callbacks ['neutron.plugins.ml2.plugin.SecurityGroupDbMixin._ensure_default_security_group_handler-3703557'] for port, before_create _notify_loop /usr/lib/python3.9/site-packages/neutron_lib/callbacks/manager.py:200
2026-06-10 07:45:00.483 18 DEBUG neutron.pecan_wsgi.hooks.quota_enforcement [req-4c53a68f-b017-4a68-b513-54ec1f0886ff 0085878bdf184b9db979dd8979565be3 5024101d50dc4d928307f3fd3478e8af - default default] Made reservation on behalf of 5024101d50dc4d928307f3fd3478e8af for: {'port': 1} before /usr/lib/python3.9/site-packages/neutron/pecan_wsgi/hooks/quota_enforcement.py:53
2026-06-10 07:45:00.485 18 DEBUG neutron_lib.callbacks.manager [req-4c53a68f-b017-4a68-b513-54ec1f0886ff 0085878bdf184b9db979dd8979565be3 5024101d50dc4d928307f3fd3478e8af - default default] Notify callbacks ['neutron.plugins.ml2.plugin.SecurityGroupDbMixin._ensure_default_security_group_handler-3703557'] for port, before_create _notify_loop /usr/lib/python3.9/site-packages/neutron_lib/callbacks/manager.py:200
2026-06-10 07:45:00.497 16 DEBUG neutron.notifiers.nova [req-319e5390-1eca-4784-b607-c89e3974f3c9 0085878bdf184b9db979dd8979565be3 5024101d50dc4d928307f3fd3478e8af - default default] device_id is not set on port 0caf4c89-fd4d-4f90-a700-6702174ecd25 yet. _can_notify /usr/lib/python3.9/site-packages/neutron/notifiers/nova.py:201
2026-06-10 07:45:00.508 15 DEBUG neutron.notifiers.nova [req-df8e2e5c-6248-4f21-bf53-05258b30a539 0085878bdf184b9db979dd8979565be3 5024101d50dc4d928307f3fd3478e8af - default default] device_id is not set on port 970fec8f-204e-41a2-80bf-faa8767f2810 yet. _can_notify /usr/lib/python3.9/site-packages/neutron/notifiers/nova.py:201
2026-06-10 07:45:00.511 18 DEBUG neutron.notifiers.nova [req-4c53a68f-b017-4a68-b513-54ec1f0886ff 0085878bdf184b9db979dd8979565be3 5024101d50dc4d928307f3fd3478e8af - default default] device_id is not set on port b40bdd3b-6849-4c82-af24-7d0bea265908 yet. _can_notify /usr/lib/python3.9/site-packages/neutron/notifiers/nova.py:201
2026-06-10 07:45:00.512 16 DEBUG neutron.notifiers.nova [req-22eeeb1c-c67c-442c-b9f6-5ec7c2e3d616 0085878bdf184b9db979dd8979565be3 5024101d50dc4d928307f3fd3478e8af - default default] device_id is not set on port 7c61626c-6785-4cbd-a955-865ef875247f yet. _can_notify /usr/lib/python3.9/site-packages/neutron/notifiers/nova.py:201
2026-06-10 07:45:00.603 15 DEBUG neutron.db.db_base_plugin_common [req-df8e2e5c-6248-4f21-bf53-05258b30a539 0085878bdf184b9db979dd8979565be3 5024101d50dc4d928307f3fd3478e8af - default default] Allocated IP 172.18.0.140 (a3e4363a-9043-447e-b8bb-38fa1a6597c9/29ec5999-920d-452d-a1c1-6c00581ea971/970fec8f-204e-41a2-80bf-faa8767f2810) _store_ip_allocation /usr/lib/python3.9/site-packages/neutron/db/db_base_plugin_common.py:131
2026-06-10 07:45:00.627 18 DEBUG neutron.wsgi [-] (18) accepted ('192.168.122.100', 35068) server /usr/lib/python3.9/site-packages/eventlet/wsgi.py:992
2026-06-10 07:45:00.629 18 INFO neutron.wsgi [-] 192.168.122.100 "GET /healthcheck HTTP/1.0" status: 200 len: 137 time: 0.0013602
2026-06-10 07:45:00.630 18 DEBUG neutron.db.db_base_plugin_common [req-4c53a68f-b017-4a68-b513-54ec1f0886ff 0085878bdf184b9db979dd8979565be3 5024101d50dc4d928307f3fd3478e8af - default default] Allocated IP 172.17.0.130 (004b3e67-56f1-41f1-8704-50ee2e9ec5db/38474a10-1d4d-45c5-b6cd-d61588ab13ba/b40bdd3b-6849-4c82-af24-7d0bea265908) _store_ip_allocation /usr/lib/python3.9/site-packages/neutron/db/db_base_plugin_common.py:131
2026-06-10 07:45:00.640 17 DEBUG neutron.policy [req-9578afab-eb65-4319-96c9-8b747ca06e84 0085878bdf184b9db979dd8979565be3 5024101d50dc4d928307f3fd3478e8af - default default] Loaded default policies from ['networking-bgpvpn', 'neutron'] under neutron.policies entry points register_rules /usr/lib/python3.9/site-packages/neutron/policy.py:73
2026-06-10 07:45:00.654 16 DEBUG neutron.db.db_base_plugin_common [req-319e5390-1eca-4784-b607-c89e3974f3c9 0085878bdf184b9db979dd8979565be3 5024101d50dc4d928307f3fd3478e8af - default default] Allocated IP 192.168.122.90 (0b9e5d90-ed04-4f52-931e-d2113e853e39/8c561616-5b28-4e73-b0b9-a9ab45b132da/0caf4c89-fd4d-4f90-a700-6702174ecd25) _store_ip_allocation /usr/lib/python3.9/site-packages/neutron/db/db_base_plugin_common.py:131
2026-06-10 07:45:00.660 16 DEBUG neutron.db.db_base_plugin_common [req-22eeeb1c-c67c-442c-b9f6-5ec7c2e3d616 0085878bdf184b9db979dd8979565be3 5024101d50dc4d928307f3fd3478e8af - default default] Allocated IP 172.20.0.150 (9971f4d0-f03f-4c89-815f-60083e8282ed/4859f9fc-3b84-47a8-96ac-f4154408ef1b/7c61626c-6785-4cbd-a955-865ef875247f) _store_ip_allocation /usr/lib/python3.9/site-packages/neutron/db/db_base_plugin_common.py:131
2026-06-10 07:45:00.664 17 INFO neutron.wsgi [req-9578afab-eb65-4319-96c9-8b747ca06e84 0085878bdf184b9db979dd8979565be3 5024101d50dc4d928307f3fd3478e8af - default default] 192.168.122.99,192.168.122.100 "GET /v2.0/ports?network_id=0f956e9e-6699-4700-8072-f05e24b5913a&tags=tripleo_stack_name%3Dovercloud&tags=tripleo_vip_net%3Dexternal HTTP/1.1" status: 200 len: 186 time: 0.2713356
2026-06-10 07:45:00.672 17 DEBUG neutron.api.v2.base [req-80442a7a-9f67-4c7e-ade8-6758b0563783 0085878bdf184b9db979dd8979565be3 5024101d50dc4d928307f3fd3478e8af - default default] Request body: {'port': {'name': 'external_vip', 'fixed_ips': [{'ip_address': '172.21.0.80'}], 'dns_name': 'multicell', 'network_id': '0f956e9e-6699-4700-8072-f05e24b5913a'}} prepare_request_body /usr/lib/python3.9/site-packages/neutron/api/v2/base.py:729
2026-06-10 07:45:00.687 17 DEBUG neutron.pecan_wsgi.hooks.quota_enforcement [req-80442a7a-9f67-4c7e-ade8-6758b0563783 0085878bdf184b9db979dd8979565be3 5024101d50dc4d928307f3fd3478e8af - default default] Made reservation on behalf of 5024101d50dc4d928307f3fd3478e8af for: {'port': 1} before /usr/lib/python3.9/site-packages/neutron/pecan_wsgi/hooks/quota_enforcement.py:53
2026-06-10 07:45:00.689 17 DEBUG neutron_lib.callbacks.manager [req-80442a7a-9f67-4c7e-ade8-6758b0563783 0085878bdf184b9db979dd8979565be3 5024101d50dc4d928307f3fd3478e8af - default default] Notify callbacks ['neutron.plugins.ml2.plugin.SecurityGroupDbMixin._ensure_default_security_group_handler-3703557'] for port, before_create _notify_loop /usr/lib/python3.9/site-packages/neutron_lib/callbacks/manager.py:200
2026-06-10 07:45:00.706 17 DEBUG neutron.notifiers.nova [req-80442a7a-9f67-4c7e-ade8-6758b0563783 0085878bdf184b9db979dd8979565be3 5024101d50dc4d928307f3fd3478e8af - default default] device_id is not set on port e51a45a3-eaa2-428a-94cc-0c4297e247b7 yet. _can_notify /usr/lib/python3.9/site-packages/neutron/notifiers/nova.py:201
2026-06-10 07:45:00.799 17 DEBUG neutron.db.db_base_plugin_common [req-80442a7a-9f67-4c7e-ade8-6758b0563783 0085878bdf184b9db979dd8979565be3 5024101d50dc4d928307f3fd3478e8af - default default] Allocated IP 172.21.0.80 (0f956e9e-6699-4700-8072-f05e24b5913a/d5fdc17a-f6ea-4c19-a927-6268417eb853/e51a45a3-eaa2-428a-94cc-0c4297e247b7) _store_ip_allocation /usr/lib/python3.9/site-packages/neutron/db/db_base_plugin_common.py:131
2026-06-10 07:45:00.808 15 DEBUG neutron_lib.callbacks.manager [req-df8e2e5c-6248-4f21-bf53-05258b30a539 0085878bdf184b9db979dd8979565be3 5024101d50dc4d928307f3fd3478e8af - default default] Notify callbacks [] for allowed_address_pair, before_create _notify_loop /usr/lib/python3.9/site-packages/neutron_lib/callbacks/manager.py:200
2026-06-10 07:45:00.809 15 DEBUG neutron_lib.callbacks.manager [req-df8e2e5c-6248-4f21-bf53-05258b30a539 0085878bdf184b9db979dd8979565be3 5024101d50dc4d928307f3fd3478e8af - default default] Notify callbacks [] for port, precommit_create _notify_loop /usr/lib/python3.9/site-packages/neutron_lib/callbacks/manager.py:200
2026-06-10 07:45:00.811 18 DEBUG neutron_lib.callbacks.manager [req-4c53a68f-b017-4a68-b513-54ec1f0886ff 0085878bdf184b9db979dd8979565be3 5024101d50dc4d928307f3fd3478e8af - default default] Notify callbacks [] for allowed_address_pair, before_create _notify_loop /usr/lib/python3.9/site-packages/neutron_lib/callbacks/manager.py:200
2026-06-10 07:45:00.811 18 DEBUG neutron_lib.callbacks.manager [req-4c53a68f-b017-4a68-b513-54ec1f0886ff 0085878bdf184b9db979dd8979565be3 5024101d50dc4d928307f3fd3478e8af - default default] Notify callbacks [] for port, precommit_create _notify_loop /usr/lib/python3.9/site-packages/neutron_lib/callbacks/manager.py:200
2026-06-10 07:45:00.842 18 DEBUG neutron_lib.callbacks.manager [req-4c53a68f-b017-4a68-b513-54ec1f0886ff 0085878bdf184b9db979dd8979565be3 5024101d50dc4d928307f3fd3478e8af - default default] Notify callbacks ['neutron.plugins.ml2.plugin.SecurityGroupServerNotifierRpcMixin.notify_sg_on_port_change-3675213', 'neutron.plugins.ml2.extensions.dns_integration._create_port_in_external_dns_service-8771964773578', 'neutron.plugins.ml2.ovo_rpc._ObjectChangeHandler.handle_event-828320', 'neutron.api.rpc.agentnotifiers.dhcp_rpc_agent_api.DhcpAgentNotifyAPI._native_event_send_dhcp_notification-782951', 'neutron.services.segments.plugin.NovaSegmentNotifier._notify_port_created_or_deleted-604348'] for port, after_create _notify_loop /usr/lib/python3.9/site-packages/neutron_lib/callbacks/manager.py:200
2026-06-10 07:45:00.858 15 DEBUG neutron_lib.callbacks.manager [req-df8e2e5c-6248-4f21-bf53-05258b30a539 0085878bdf184b9db979dd8979565be3 5024101d50dc4d928307f3fd3478e8af - default default] Notify callbacks ['neutron.plugins.ml2.plugin.SecurityGroupServerNotifierRpcMixin.notify_sg_on_port_change-3675213', 'neutron.plugins.ml2.extensions.dns_integration._create_port_in_external_dns_service-8771964773578', 'neutron.plugins.ml2.ovo_rpc._ObjectChangeHandler.handle_event-828320', 'neutron.api.rpc.agentnotifiers.dhcp_rpc_agent_api.DhcpAgentNotifyAPI._native_event_send_dhcp_notification-782951', 'neutron.services.segments.plugin.NovaSegmentNotifier._notify_port_created_or_deleted-604348'] for port, after_create _notify_loop /usr/lib/python3.9/site-packages/neutron_lib/callbacks/manager.py:200
2026-06-10 07:45:00.882 18 DEBUG neutron.api.rpc.handlers.resources_rpc [req-4c53a68f-b017-4a68-b513-54ec1f0886ff 0085878bdf184b9db979dd8979565be3 5024101d50dc4d928307f3fd3478e8af - - -] Pushing event updated for resources: {'Port': ['ID=b40bdd3b-6849-4c82-af24-7d0bea265908,revision_number=1']} push /usr/lib/python3.9/site-packages/neutron/api/rpc/handlers/resources_rpc.py:237
2026-06-10 07:45:00.888 18 DEBUG neutron.plugins.ml2.drivers.mech_agent [req-4c53a68f-b017-4a68-b513-54ec1f0886ff 0085878bdf184b9db979dd8979565be3 5024101d50dc4d928307f3fd3478e8af - default default] Checking segment: {'id': '4993d0f4-e04b-4762-969f-34d538925f14', 'network_type': 'flat', 'physical_network': 'internal_api_internal_api_subnet', 'segmentation_id': None, 'network_id': '004b3e67-56f1-41f1-8704-50ee2e9ec5db'} for mappings: {'ctlplane': 'br-ctlplane'} with network types: ['local', 'flat', 'vlan'] check_segment_for_agent /usr/lib/python3.9/site-packages/neutron/plugins/ml2/drivers/mech_agent.py:343
2026-06-10 07:45:00.889 18 DEBUG neutron.plugins.ml2.drivers.mech_agent [req-4c53a68f-b017-4a68-b513-54ec1f0886ff 0085878bdf184b9db979dd8979565be3 5024101d50dc4d928307f3fd3478e8af - default default] Network 004b3e67-56f1-41f1-8704-50ee2e9ec5db with segment 4993d0f4-e04b-4762-969f-34d538925f14 is connected to physical network internal_api_internal_api_subnet, but agent undercloud.ooo.test reported physical networks {'ctlplane': 'br-ctlplane'}. The physical network must be configured on the agent if binding is to succeed. check_segment_for_agent /usr/lib/python3.9/site-packages/neutron/plugins/ml2/drivers/mech_agent.py:365
2026-06-10 07:45:00.891 18 DEBUG neutron.scheduler.dhcp_agent_scheduler [req-4c53a68f-b017-4a68-b513-54ec1f0886ff 0085878bdf184b9db979dd8979565be3 5024101d50dc4d928307f3fd3478e8af - default default] Network hostable DHCP agents. Network: 004b3e67-56f1-41f1-8704-50ee2e9ec5db, hostable agents: [], hosted agents: [] _get_network_hostable_dhcp_agents /usr/lib/python3.9/site-packages/neutron/scheduler/dhcp_agent_scheduler.py:329
2026-06-10 07:45:00.891 18 DEBUG neutron.scheduler.base_scheduler [req-4c53a68f-b017-4a68-b513-54ec1f0886ff 0085878bdf184b9db979dd8979565be3 5024101d50dc4d928307f3fd3478e8af - default default] Resources bound (agent type, host, resource id): schedule /usr/lib/python3.9/site-packages/neutron/scheduler/base_scheduler.py:57
2026-06-10 07:45:00.891 18 WARNING neutron.api.rpc.agentnotifiers.dhcp_rpc_agent_api [req-4c53a68f-b017-4a68-b513-54ec1f0886ff 0085878bdf184b9db979dd8979565be3 5024101d50dc4d928307f3fd3478e8af - default default] Unable to schedule network 004b3e67-56f1-41f1-8704-50ee2e9ec5db: no agents available; will retry on subsequent port and subnet creation events.
2026-06-10 07:45:00.892 18 DEBUG neutron.api.rpc.agentnotifiers.dhcp_rpc_agent_api [req-4c53a68f-b017-4a68-b513-54ec1f0886ff 0085878bdf184b9db979dd8979565be3 5024101d50dc4d928307f3fd3478e8af - default default] Network 004b3e67-56f1-41f1-8704-50ee2e9ec5db is not hosted by any dhcp agent _notify_agents /usr/lib/python3.9/site-packages/neutron/api/rpc/agentnotifiers/dhcp_rpc_agent_api.py:228
2026-06-10 07:45:00.896 15 DEBUG neutron.api.rpc.handlers.resources_rpc [req-df8e2e5c-6248-4f21-bf53-05258b30a539 0085878bdf184b9db979dd8979565be3 5024101d50dc4d928307f3fd3478e8af - - -] Pushing event updated for resources: {'Port': ['ID=970fec8f-204e-41a2-80bf-faa8767f2810,revision_number=1']} push /usr/lib/python3.9/site-packages/neutron/api/rpc/handlers/resources_rpc.py:237
2026-06-10 07:45:00.908 15 DEBUG neutron.plugins.ml2.drivers.mech_agent [req-df8e2e5c-6248-4f21-bf53-05258b30a539 0085878bdf184b9db979dd8979565be3 5024101d50dc4d928307f3fd3478e8af - default default] Checking segment: {'id': '2495fce6-f4a3-40ef-89d6-3f176849ba17', 'network_type': 'flat', 'physical_network': 'storage_storage_subnet', 'segmentation_id': None, 'network_id': 'a3e4363a-9043-447e-b8bb-38fa1a6597c9'} for mappings: {'ctlplane': 'br-ctlplane'} with network types: ['local', 'flat', 'vlan'] check_segment_for_agent /usr/lib/python3.9/site-packages/neutron/plugins/ml2/drivers/mech_agent.py:343
2026-06-10 07:45:00.909 15 DEBUG neutron.plugins.ml2.drivers.mech_agent [req-df8e2e5c-6248-4f21-bf53-05258b30a539 0085878bdf184b9db979dd8979565be3 5024101d50dc4d928307f3fd3478e8af - default default] Network a3e4363a-9043-447e-b8bb-38fa1a6597c9 with segment 2495fce6-f4a3-40ef-89d6-3f176849ba17 is connected to physical network storage_storage_subnet, but agent undercloud.ooo.test reported physical networks {'ctlplane': 'br-ctlplane'}. The physical network must be configured on the agent if binding is to succeed. check_segment_for_agent /usr/lib/python3.9/site-packages/neutron/plugins/ml2/drivers/mech_agent.py:365
2026-06-10 07:45:00.911 15 DEBUG neutron.scheduler.dhcp_agent_scheduler [req-df8e2e5c-6248-4f21-bf53-05258b30a539 0085878bdf184b9db979dd8979565be3 5024101d50dc4d928307f3fd3478e8af - default default] Network hostable DHCP agents. Network: a3e4363a-9043-447e-b8bb-38fa1a6597c9, hostable agents: [], hosted agents: [] _get_network_hostable_dhcp_agents /usr/lib/python3.9/site-packages/neutron/scheduler/dhcp_agent_scheduler.py:329
2026-06-10 07:45:00.911 15 DEBUG neutron.scheduler.base_scheduler [req-df8e2e5c-6248-4f21-bf53-05258b30a539 0085878bdf184b9db979dd8979565be3 5024101d50dc4d928307f3fd3478e8af - default default] Resources bound (agent type, host, resource id): schedule /usr/lib/python3.9/site-packages/neutron/scheduler/base_scheduler.py:57
2026-06-10 07:45:00.911 15 WARNING neutron.api.rpc.agentnotifiers.dhcp_rpc_agent_api [req-df8e2e5c-6248-4f21-bf53-05258b30a539 0085878bdf184b9db979dd8979565be3 5024101d50dc4d928307f3fd3478e8af - default default] Unable to schedule network a3e4363a-9043-447e-b8bb-38fa1a6597c9: no agents available; will retry on subsequent port and subnet creation events.
2026-06-10 07:45:00.911 15 DEBUG neutron.api.rpc.agentnotifiers.dhcp_rpc_agent_api [req-df8e2e5c-6248-4f21-bf53-05258b30a539 0085878bdf184b9db979dd8979565be3 5024101d50dc4d928307f3fd3478e8af - default default] Network a3e4363a-9043-447e-b8bb-38fa1a6597c9 is not hosted by any dhcp agent _notify_agents /usr/lib/python3.9/site-packages/neutron/api/rpc/agentnotifiers/dhcp_rpc_agent_api.py:228
2026-06-10 07:45:00.917 18 DEBUG neutron.pecan_wsgi.hooks.policy_enforcement [req-4c53a68f-b017-4a68-b513-54ec1f0886ff 0085878bdf184b9db979dd8979565be3 5024101d50dc4d928307f3fd3478e8af - default default] Attributes excluded by policy engine: ['standard_attr_id', 'network'] _exclude_attributes_by_policy /usr/lib/python3.9/site-packages/neutron/pecan_wsgi/hooks/policy_enforcement.py:259
2026-06-10 07:45:00.918 18 DEBUG neutron_lib.callbacks.manager [req-4c53a68f-b017-4a68-b513-54ec1f0886ff 0085878bdf184b9db979dd8979565be3 5024101d50dc4d928307f3fd3478e8af - default default] Notify callbacks ['neutron.notifiers.nova.Notifier._send_nova_notification-940035', 'neutron.api.rpc.agentnotifiers.dhcp_rpc_agent_api.DhcpAgentNotifyAPI._send_dhcp_notification-782933'] for port, before_response _notify_loop /usr/lib/python3.9/site-packages/neutron_lib/callbacks/manager.py:200
2026-06-10 07:45:00.933 18 INFO neutron.wsgi [req-4c53a68f-b017-4a68-b513-54ec1f0886ff 0085878bdf184b9db979dd8979565be3 5024101d50dc4d928307f3fd3478e8af - default default] 192.168.122.99,192.168.122.100 "POST /v2.0/ports HTTP/1.1" status: 201 len: 1155 time: 0.4683774
2026-06-10 07:45:00.938 18 DEBUG neutron.services.tag.tag_plugin [req-79164a2d-32d3-4e20-a522-ef7a523d3f58 0085878bdf184b9db979dd8979565be3 5024101d50dc4d928307f3fd3478e8af - default default] neutron.services.tag.tag_plugin.TagPlugin method update_tags called with arguments (, 'ports', 'b40bdd3b-6849-4c82-af24-7d0bea265908', {'tags': ['tripleo_stack_name=overcloud', 'tripleo_vip_net=internal_api']}) {} wrapper /usr/lib/python3.9/site-packages/oslo_log/helpers.py:65
2026-06-10 07:45:00.963 15 DEBUG neutron.pecan_wsgi.hooks.policy_enforcement [req-df8e2e5c-6248-4f21-bf53-05258b30a539 0085878bdf184b9db979dd8979565be3 5024101d50dc4d928307f3fd3478e8af - default default] Attributes excluded by policy engine: ['standard_attr_id', 'network'] _exclude_attributes_by_policy /usr/lib/python3.9/site-packages/neutron/pecan_wsgi/hooks/policy_enforcement.py:259
2026-06-10 07:45:00.964 15 DEBUG neutron_lib.callbacks.manager [req-df8e2e5c-6248-4f21-bf53-05258b30a539 0085878bdf184b9db979dd8979565be3 5024101d50dc4d928307f3fd3478e8af - default default] Notify callbacks ['neutron.notifiers.nova.Notifier._send_nova_notification-940035', 'neutron.api.rpc.agentnotifiers.dhcp_rpc_agent_api.DhcpAgentNotifyAPI._send_dhcp_notification-782933'] for port, before_response _notify_loop /usr/lib/python3.9/site-packages/neutron_lib/callbacks/manager.py:200
2026-06-10 07:45:00.969 18 INFO neutron.wsgi [req-79164a2d-32d3-4e20-a522-ef7a523d3f58 0085878bdf184b9db979dd8979565be3 5024101d50dc4d928307f3fd3478e8af - default default] 192.168.122.99,192.168.122.100 "PUT /v2.0/ports/b40bdd3b-6849-4c82-af24-7d0bea265908/tags HTTP/1.1" status: 200 len: 248 time: 0.0333624
2026-06-10 07:45:00.973 17 DEBUG neutron_lib.callbacks.manager [req-80442a7a-9f67-4c7e-ade8-6758b0563783 0085878bdf184b9db979dd8979565be3 5024101d50dc4d928307f3fd3478e8af - default default] Notify callbacks [] for allowed_address_pair, before_create _notify_loop /usr/lib/python3.9/site-packages/neutron_lib/callbacks/manager.py:200
2026-06-10 07:45:00.974 17 DEBUG neutron_lib.callbacks.manager [req-80442a7a-9f67-4c7e-ade8-6758b0563783 0085878bdf184b9db979dd8979565be3 5024101d50dc4d928307f3fd3478e8af - default default] Notify callbacks [] for port, precommit_create _notify_loop /usr/lib/python3.9/site-packages/neutron_lib/callbacks/manager.py:200
2026-06-10 07:45:00.977 16 DEBUG neutron_lib.callbacks.manager [req-319e5390-1eca-4784-b607-c89e3974f3c9 0085878bdf184b9db979dd8979565be3 5024101d50dc4d928307f3fd3478e8af - default default] Notify callbacks [] for allowed_address_pair, before_create _notify_loop /usr/lib/python3.9/site-packages/neutron_lib/callbacks/manager.py:200
2026-06-10 07:45:00.978 16 DEBUG neutron_lib.callbacks.manager [req-319e5390-1eca-4784-b607-c89e3974f3c9 0085878bdf184b9db979dd8979565be3 5024101d50dc4d928307f3fd3478e8af - default default] Notify callbacks [] for port, precommit_create _notify_loop /usr/lib/python3.9/site-packages/neutron_lib/callbacks/manager.py:200
2026-06-10 07:45:00.983 15 INFO neutron.wsgi [req-df8e2e5c-6248-4f21-bf53-05258b30a539 0085878bdf184b9db979dd8979565be3 5024101d50dc4d928307f3fd3478e8af - default default] 192.168.122.99,192.168.122.100 "POST /v2.0/ports HTTP/1.1" status: 201 len: 1150 time: 0.5208576
2026-06-10 07:45:00.989 16 DEBUG neutron_lib.callbacks.manager [req-22eeeb1c-c67c-442c-b9f6-5ec7c2e3d616 0085878bdf184b9db979dd8979565be3 5024101d50dc4d928307f3fd3478e8af - default default] Notify callbacks [] for allowed_address_pair, before_create _notify_loop /usr/lib/python3.9/site-packages/neutron_lib/callbacks/manager.py:200
2026-06-10 07:45:00.990 16 DEBUG neutron_lib.callbacks.manager [req-22eeeb1c-c67c-442c-b9f6-5ec7c2e3d616 0085878bdf184b9db979dd8979565be3 5024101d50dc4d928307f3fd3478e8af - default default] Notify callbacks [] for port, precommit_create _notify_loop /usr/lib/python3.9/site-packages/neutron_lib/callbacks/manager.py:200
