2026-06-10 07:43:16.393 18 INFO neutron.wsgi [-] 192.168.122.100 "GET /healthcheck HTTP/1.0" status: 200 len: 137 time: 0.0012443
2026-06-10 07:43:18.395 16 DEBUG neutron.wsgi [-] (16) accepted ('192.168.122.100', 55648) server /usr/lib/python3.9/site-packages/eventlet/wsgi.py:992
2026-06-10 07:43:18.399 16 INFO neutron.wsgi [-] 192.168.122.100 "GET /healthcheck HTTP/1.0" status: 200 len: 137 time: 0.0024905
2026-06-10 07:43:20.400 18 DEBUG neutron.wsgi [-] (18) accepted ('192.168.122.100', 55654) server /usr/lib/python3.9/site-packages/eventlet/wsgi.py:992
2026-06-10 07:43:20.403 18 INFO neutron.wsgi [-] 192.168.122.100 "GET /healthcheck HTTP/1.0" status: 200 len: 137 time: 0.0016739
2026-06-10 07:43:22.404 18 DEBUG neutron.wsgi [-] (18) accepted ('192.168.122.100', 59942) server /usr/lib/python3.9/site-packages/eventlet/wsgi.py:992
2026-06-10 07:43:22.407 18 INFO neutron.wsgi [-] 192.168.122.100 "GET /healthcheck HTTP/1.0" status: 200 len: 137 time: 0.0012355
2026-06-10 07:43:24.409 15 DEBUG neutron.wsgi [-] (15) accepted ('192.168.122.100', 59944) server /usr/lib/python3.9/site-packages/eventlet/wsgi.py:992
2026-06-10 07:43:24.413 15 INFO neutron.wsgi [-] 192.168.122.100 "GET /healthcheck HTTP/1.0" status: 200 len: 137 time: 0.0029290
2026-06-10 07:43:26.172 17 DEBUG neutron.wsgi [-] (17) accepted ('192.168.122.100', 59948) server /usr/lib/python3.9/site-packages/eventlet/wsgi.py:992
2026-06-10 07:43:26.175 17 INFO neutron.wsgi [-] 192.168.122.100 "GET / HTTP/1.1" status: 200 len: 233 time: 0.0018463
2026-06-10 07:43:26.415 18 DEBUG neutron.wsgi [-] (18) accepted ('192.168.122.100', 59956) server /usr/lib/python3.9/site-packages/eventlet/wsgi.py:992
2026-06-10 07:43:26.417 18 INFO neutron.wsgi [-] 192.168.122.100 "GET /healthcheck HTTP/1.0" status: 200 len: 137 time: 0.0016344
2026-06-10 07:43:28.419 18 DEBUG neutron.wsgi [-] (18) accepted ('192.168.122.100', 59962) server /usr/lib/python3.9/site-packages/eventlet/wsgi.py:992
2026-06-10 07:43:28.422 18 INFO neutron.wsgi [-] 192.168.122.100 "GET /healthcheck HTTP/1.0" status: 200 len: 137 time: 0.0023727
2026-06-10 07:43:30.424 18 DEBUG neutron.wsgi [-] (18) accepted ('192.168.122.100', 59970) server /usr/lib/python3.9/site-packages/eventlet/wsgi.py:992
2026-06-10 07:43:30.428 18 INFO neutron.wsgi [-] 192.168.122.100 "GET /healthcheck HTTP/1.0" status: 200 len: 137 time: 0.0025949
2026-06-10 07:43:32.430 16 DEBUG neutron.wsgi [-] (16) accepted ('192.168.122.100', 42006) server /usr/lib/python3.9/site-packages/eventlet/wsgi.py:992
2026-06-10 07:43:32.432 16 INFO neutron.wsgi [-] 192.168.122.100 "GET /healthcheck HTTP/1.0" status: 200 len: 137 time: 0.0016522
2026-06-10 07:43:34.433 15 DEBUG neutron.wsgi [-] (15) accepted ('192.168.122.100', 42014) server /usr/lib/python3.9/site-packages/eventlet/wsgi.py:992
2026-06-10 07:43:34.435 15 INFO neutron.wsgi [-] 192.168.122.100 "GET /healthcheck HTTP/1.0" status: 200 len: 137 time: 0.0012422
2026-06-10 07:43:36.437 17 DEBUG neutron.wsgi [-] (17) accepted ('192.168.122.100', 42018) server /usr/lib/python3.9/site-packages/eventlet/wsgi.py:992
2026-06-10 07:43:36.440 17 INFO neutron.wsgi [-] 192.168.122.100 "GET /healthcheck HTTP/1.0" status: 200 len: 137 time: 0.0026345
2026-06-10 07:43:38.443 17 DEBUG neutron.wsgi [-] (17) accepted ('192.168.122.100', 42026) server /usr/lib/python3.9/site-packages/eventlet/wsgi.py:992
2026-06-10 07:43:38.445 17 INFO neutron.wsgi [-] 192.168.122.100 "GET /healthcheck HTTP/1.0" status: 200 len: 137 time: 0.0016558
2026-06-10 07:43:40.447 16 DEBUG neutron.wsgi [-] (16) accepted ('192.168.122.100', 42030) server /usr/lib/python3.9/site-packages/eventlet/wsgi.py:992
2026-06-10 07:43:40.449 16 INFO neutron.wsgi [-] 192.168.122.100 "GET /healthcheck HTTP/1.0" status: 200 len: 137 time: 0.0012867
2026-06-10 07:43:42.450 18 DEBUG neutron.wsgi [-] (18) accepted ('192.168.122.100', 60258) server /usr/lib/python3.9/site-packages/eventlet/wsgi.py:992
2026-06-10 07:43:42.454 18 INFO neutron.wsgi [-] 192.168.122.100 "GET /healthcheck HTTP/1.0" status: 200 len: 137 time: 0.0023661
2026-06-10 07:43:44.456 16 DEBUG neutron.wsgi [-] (16) accepted ('192.168.122.100', 60270) server /usr/lib/python3.9/site-packages/eventlet/wsgi.py:992
2026-06-10 07:43:44.458 16 INFO neutron.wsgi [-] 192.168.122.100 "GET /healthcheck HTTP/1.0" status: 200 len: 137 time: 0.0012503
2026-06-10 07:43:46.460 15 DEBUG neutron.wsgi [-] (15) accepted ('192.168.122.100', 60278) server /usr/lib/python3.9/site-packages/eventlet/wsgi.py:992
2026-06-10 07:43:46.462 15 INFO neutron.wsgi [-] 192.168.122.100 "GET /healthcheck HTTP/1.0" status: 200 len: 137 time: 0.0012641
2026-06-10 07:43:48.463 18 DEBUG neutron.wsgi [-] (18) accepted ('192.168.122.100', 60280) server /usr/lib/python3.9/site-packages/eventlet/wsgi.py:992
2026-06-10 07:43:48.465 18 INFO neutron.wsgi [-] 192.168.122.100 "GET /healthcheck HTTP/1.0" status: 200 len: 137 time: 0.0012019
2026-06-10 07:43:50.467 17 DEBUG neutron.wsgi [-] (17) accepted ('192.168.122.100', 60284) server /usr/lib/python3.9/site-packages/eventlet/wsgi.py:992
2026-06-10 07:43:50.471 17 INFO neutron.wsgi [-] 192.168.122.100 "GET /healthcheck HTTP/1.0" status: 200 len: 137 time: 0.0023518
2026-06-10 07:43:52.472 17 DEBUG neutron.wsgi [-] (17) accepted ('192.168.122.100', 41822) server /usr/lib/python3.9/site-packages/eventlet/wsgi.py:992
2026-06-10 07:43:52.476 17 INFO neutron.wsgi [-] 192.168.122.100 "GET /healthcheck HTTP/1.0" status: 200 len: 137 time: 0.0024455
2026-06-10 07:43:54.478 17 DEBUG neutron.wsgi [-] (17) accepted ('192.168.122.100', 41824) server /usr/lib/python3.9/site-packages/eventlet/wsgi.py:992
2026-06-10 07:43:54.482 17 INFO neutron.wsgi [-] 192.168.122.100 "GET /healthcheck HTTP/1.0" status: 200 len: 137 time: 0.0024185
2026-06-10 07:43:56.484 18 DEBUG neutron.wsgi [-] (18) accepted ('192.168.122.100', 41828) server /usr/lib/python3.9/site-packages/eventlet/wsgi.py:992
2026-06-10 07:43:56.485 18 INFO neutron.wsgi [-] 192.168.122.100 "GET /healthcheck HTTP/1.0" status: 200 len: 137 time: 0.0012188
2026-06-10 07:43:57.181 18 DEBUG neutron.wsgi [-] (18) accepted ('192.168.122.100', 41836) server /usr/lib/python3.9/site-packages/eventlet/wsgi.py:992
2026-06-10 07:43:57.184 18 INFO neutron.wsgi [-] 192.168.122.100 "GET / HTTP/1.1" status: 200 len: 233 time: 0.0018954
2026-06-10 07:43:58.488 18 DEBUG neutron.wsgi [-] (18) accepted ('192.168.122.100', 41850) server /usr/lib/python3.9/site-packages/eventlet/wsgi.py:992
2026-06-10 07:43:58.492 18 INFO neutron.wsgi [-] 192.168.122.100 "GET /healthcheck HTTP/1.0" status: 200 len: 137 time: 0.0026081
2026-06-10 07:44:00.494 18 DEBUG neutron.wsgi [-] (18) accepted ('192.168.122.100', 41864) server /usr/lib/python3.9/site-packages/eventlet/wsgi.py:992
2026-06-10 07:44:00.498 18 INFO neutron.wsgi [-] 192.168.122.100 "GET /healthcheck HTTP/1.0" status: 200 len: 137 time: 0.0024402
2026-06-10 07:44:02.500 15 DEBUG neutron.wsgi [-] (15) accepted ('192.168.122.100', 34798) server /usr/lib/python3.9/site-packages/eventlet/wsgi.py:992
2026-06-10 07:44:02.504 15 INFO neutron.wsgi [-] 192.168.122.100 "GET /healthcheck HTTP/1.0" status: 200 len: 137 time: 0.0025313
2026-06-10 07:44:04.506 15 DEBUG neutron.wsgi [-] (15) accepted ('192.168.122.100', 34810) server /usr/lib/python3.9/site-packages/eventlet/wsgi.py:992
2026-06-10 07:44:04.510 15 INFO neutron.wsgi [-] 192.168.122.100 "GET /healthcheck HTTP/1.0" status: 200 len: 137 time: 0.0025957
2026-06-10 07:44:06.512 16 DEBUG neutron.wsgi [-] (16) accepted ('192.168.122.100', 34822) server /usr/lib/python3.9/site-packages/eventlet/wsgi.py:992
2026-06-10 07:44:06.515 16 INFO neutron.wsgi [-] 192.168.122.100 "GET /healthcheck HTTP/1.0" status: 200 len: 137 time: 0.0025413
2026-06-10 07:44:08.517 16 DEBUG neutron.wsgi [-] (16) accepted ('192.168.122.100', 34836) server /usr/lib/python3.9/site-packages/eventlet/wsgi.py:992
2026-06-10 07:44:08.520 16 INFO neutron.wsgi [-] 192.168.122.100 "GET /healthcheck HTTP/1.0" status: 200 len: 137 time: 0.0025859
2026-06-10 07:44:10.522 15 DEBUG neutron.wsgi [-] (15) accepted ('192.168.122.100', 34842) server /usr/lib/python3.9/site-packages/eventlet/wsgi.py:992
2026-06-10 07:44:10.524 15 INFO neutron.wsgi [-] 192.168.122.100 "GET /healthcheck HTTP/1.0" status: 200 len: 137 time: 0.0013926
2026-06-10 07:44:12.525 17 DEBUG neutron.wsgi [-] (17) accepted ('192.168.122.100', 57838) server /usr/lib/python3.9/site-packages/eventlet/wsgi.py:992
2026-06-10 07:44:12.529 17 INFO neutron.wsgi [-] 192.168.122.100 "GET /healthcheck HTTP/1.0" status: 200 len: 137 time: 0.0024688
2026-06-10 07:44:14.531 17 DEBUG neutron.wsgi [-] (17) accepted ('192.168.122.100', 57842) server /usr/lib/python3.9/site-packages/eventlet/wsgi.py:992
2026-06-10 07:44:14.534 17 INFO neutron.wsgi [-] 192.168.122.100 "GET /healthcheck HTTP/1.0" status: 200 len: 137 time: 0.0025110
2026-06-10 07:44:16.535 17 DEBUG neutron.wsgi [-] (17) accepted ('192.168.122.100', 57854) server /usr/lib/python3.9/site-packages/eventlet/wsgi.py:992
2026-06-10 07:44:16.538 17 INFO neutron.wsgi [-] 192.168.122.100 "GET /healthcheck HTTP/1.0" status: 200 len: 137 time: 0.0012841
2026-06-10 07:44:18.540 16 DEBUG neutron.wsgi [-] (16) accepted ('192.168.122.100', 57862) server /usr/lib/python3.9/site-packages/eventlet/wsgi.py:992
2026-06-10 07:44:18.542 16 INFO neutron.wsgi [-] 192.168.122.100 "GET /healthcheck HTTP/1.0" status: 200 len: 137 time: 0.0012362
2026-06-10 07:44:20.543 17 DEBUG neutron.wsgi [-] (17) accepted ('192.168.122.100', 57866) server /usr/lib/python3.9/site-packages/eventlet/wsgi.py:992
2026-06-10 07:44:20.545 17 INFO neutron.wsgi [-] 192.168.122.100 "GET /healthcheck HTTP/1.0" status: 200 len: 137 time: 0.0012510
2026-06-10 07:44:22.547 18 DEBUG neutron.wsgi [-] (18) accepted ('192.168.122.100', 50306) server /usr/lib/python3.9/site-packages/eventlet/wsgi.py:992
2026-06-10 07:44:22.549 18 INFO neutron.wsgi [-] 192.168.122.100 "GET /healthcheck HTTP/1.0" status: 200 len: 137 time: 0.0015464
2026-06-10 07:44:24.549 17 DEBUG neutron.wsgi [-] (17) accepted ('192.168.122.100', 50314) server /usr/lib/python3.9/site-packages/eventlet/wsgi.py:992
2026-06-10 07:44:24.553 17 INFO neutron.wsgi [-] 192.168.122.100 "GET /healthcheck HTTP/1.0" status: 200 len: 137 time: 0.0023785
2026-06-10 07:44:24.884 16 DEBUG neutron.wsgi [-] (16) accepted ('192.168.122.100', 50316) server /usr/lib/python3.9/site-packages/eventlet/wsgi.py:992
2026-06-10 07:44:25.633 16 DEBUG neutron.policy [req-9ed0eecc-394d-40f6-8364-f78aad09ac33 0085878bdf184b9db979dd8979565be3 5024101d50dc4d928307f3fd3478e8af - default default] Loaded default policies from ['networking-bgpvpn', 'neutron'] under neutron.policies entry points register_rules /usr/lib/python3.9/site-packages/neutron/policy.py:73
2026-06-10 07:44:25.656 16 INFO neutron.wsgi [req-9ed0eecc-394d-40f6-8364-f78aad09ac33 0085878bdf184b9db979dd8979565be3 5024101d50dc4d928307f3fd3478e8af - default default] 192.168.122.99,192.168.122.100 "GET /v2.0/networks?name=ctlplane HTTP/1.1" status: 200 len: 189 time: 0.7716944
2026-06-10 07:44:25.664 16 DEBUG neutron.api.v2.base [req-99533909-681e-48af-812f-f796feed64de 0085878bdf184b9db979dd8979565be3 5024101d50dc4d928307f3fd3478e8af - default default] Request body: {'network': {'dns_domain': 'ctlplane.ooo.test.', 'provider:network_type': 'flat', 'name': 'ctlplane', 'provider:physical_network': 'ctlplane', 'mtu': 1450}} prepare_request_body /usr/lib/python3.9/site-packages/neutron/api/v2/base.py:729
2026-06-10 07:44:25.684 16 DEBUG neutron.pecan_wsgi.hooks.quota_enforcement [req-99533909-681e-48af-812f-f796feed64de 0085878bdf184b9db979dd8979565be3 5024101d50dc4d928307f3fd3478e8af - default default] Made reservation on behalf of 5024101d50dc4d928307f3fd3478e8af for: {'network': 1} before /usr/lib/python3.9/site-packages/neutron/pecan_wsgi/hooks/quota_enforcement.py:53
2026-06-10 07:44:25.685 16 DEBUG neutron_lib.callbacks.manager [req-99533909-681e-48af-812f-f796feed64de 0085878bdf184b9db979dd8979565be3 5024101d50dc4d928307f3fd3478e8af - default default] Notify callbacks ['neutron.plugins.ml2.plugin.SecurityGroupDbMixin._ensure_default_security_group_handler-3703557'] for network, before_create _notify_loop /usr/lib/python3.9/site-packages/neutron_lib/callbacks/manager.py:200
2026-06-10 07:44:25.699 16 DEBUG neutron_lib.callbacks.manager [req-99533909-681e-48af-812f-f796feed64de 0085878bdf184b9db979dd8979565be3 5024101d50dc4d928307f3fd3478e8af - default default] Notify callbacks [] for security_group, before_create _notify_loop /usr/lib/python3.9/site-packages/neutron_lib/callbacks/manager.py:200
2026-06-10 07:44:25.747 16 DEBUG neutron_lib.callbacks.manager [req-99533909-681e-48af-812f-f796feed64de 0085878bdf184b9db979dd8979565be3 5024101d50dc4d928307f3fd3478e8af - default default] Notify callbacks [] for security_group, precommit_create _notify_loop /usr/lib/python3.9/site-packages/neutron_lib/callbacks/manager.py:200
2026-06-10 07:44:25.750 16 DEBUG neutron_lib.callbacks.manager [req-99533909-681e-48af-812f-f796feed64de 0085878bdf184b9db979dd8979565be3 5024101d50dc4d928307f3fd3478e8af - default default] Notify callbacks ['neutron.plugins.ml2.ovo_rpc._ObjectChangeHandler.handle_event-745272'] for security_group, after_create _notify_loop /usr/lib/python3.9/site-packages/neutron_lib/callbacks/manager.py:200
2026-06-10 07:44:25.760 16 DEBUG neutron.plugins.ml2.drivers.type_flat [req-99533909-681e-48af-812f-f796feed64de 0085878bdf184b9db979dd8979565be3 5024101d50dc4d928307f3fd3478e8af - default default] Reserving flat network on physical network ctlplane reserve_provider_segment /usr/lib/python3.9/site-packages/neutron/plugins/ml2/drivers/type_flat.py:100
2026-06-10 07:44:25.773 16 DEBUG neutron_lib.callbacks.manager [req-99533909-681e-48af-812f-f796feed64de 0085878bdf184b9db979dd8979565be3 5024101d50dc4d928307f3fd3478e8af - default default] Notify callbacks ['neutron.services.segments.db._add_segment_host_mapping_for_segment-8771964888935', 'neutron.plugins.ml2.plugin.Ml2Plugin._handle_segment_change-3510944'] for segment, precommit_create _notify_loop /usr/lib/python3.9/site-packages/neutron_lib/callbacks/manager.py:200
2026-06-10 07:44:25.776 16 DEBUG neutron.plugins.ml2.drivers.mech_agent [req-99533909-681e-48af-812f-f796feed64de 0085878bdf184b9db979dd8979565be3 5024101d50dc4d928307f3fd3478e8af - default default] Checking segment: NetworkSegment(created_at=2026-06-10T07:44:25Z,description=,hosts=[],id=96bd311d-7945-4746-8358-3c92bc8b8a62,is_dynamic=False,name=,network_id=0b9e5d90-ed04-4f52-931e-d2113e853e39,network_type='flat',physical_network='ctlplane',revision_number=0,segment_index=0,segmentation_id=None,updated_at=2026-06-10T07:44:25Z) for mappings: {'ctlplane': 'br-ctlplane'} with network types: ['local', 'flat', 'vlan'] check_segment_for_agent /usr/lib/python3.9/site-packages/neutron/plugins/ml2/drivers/mech_agent.py:343
2026-06-10 07:44:25.777 16 DEBUG neutron.api.rpc.handlers.resources_rpc [req-99533909-681e-48af-812f-f796feed64de 0085878bdf184b9db979dd8979565be3 5024101d50dc4d928307f3fd3478e8af - - -] Pushing event updated for resources: {'SecurityGroup': ['ID=2343066a-505a-4721-aaf8-f3bf0c9f7c86,revision_number=1']} push /usr/lib/python3.9/site-packages/neutron/api/rpc/handlers/resources_rpc.py:237
2026-06-10 07:44:25.782 16 DEBUG neutron.services.segments.db [req-99533909-681e-48af-812f-f796feed64de 0085878bdf184b9db979dd8979565be3 5024101d50dc4d928307f3fd3478e8af - default default] Segment 96bd311d-7945-4746-8358-3c92bc8b8a62 mapped to the hosts {'undercloud.ooo.test'} map_segment_to_hosts /usr/lib/python3.9/site-packages/neutron/services/segments/db.py:339
2026-06-10 07:44:25.782 16 INFO neutron.db.segments_db [req-99533909-681e-48af-812f-f796feed64de 0085878bdf184b9db979dd8979565be3 5024101d50dc4d928307f3fd3478e8af - default default] Added segment 96bd311d-7945-4746-8358-3c92bc8b8a62 of type flat for network 0b9e5d90-ed04-4f52-931e-d2113e853e39
2026-06-10 07:44:25.786 16 DEBUG neutron.api.rpc.callbacks.version_manager [req-99533909-681e-48af-812f-f796feed64de 0085878bdf184b9db979dd8979565be3 5024101d50dc4d928307f3fd3478e8af - - -] Version for resource type AddressGroup changed None to 1.2 on consumer Open vSwitch agent@undercloud.ooo.test _set_version /usr/lib/python3.9/site-packages/neutron/api/rpc/callbacks/version_manager.py:113
2026-06-10 07:44:25.786 16 DEBUG neutron.api.rpc.callbacks.version_manager [req-99533909-681e-48af-812f-f796feed64de 0085878bdf184b9db979dd8979565be3 5024101d50dc4d928307f3fd3478e8af - - -] Version for resource type ConntrackHelper changed None to 1.0 on consumer Open vSwitch agent@undercloud.ooo.test _set_version /usr/lib/python3.9/site-packages/neutron/api/rpc/callbacks/version_manager.py:113
2026-06-10 07:44:25.786 16 DEBUG neutron.api.rpc.callbacks.version_manager [req-99533909-681e-48af-812f-f796feed64de 0085878bdf184b9db979dd8979565be3 5024101d50dc4d928307f3fd3478e8af - - -] Version for resource type Log changed None to 1.0 on consumer Open vSwitch agent@undercloud.ooo.test _set_version /usr/lib/python3.9/site-packages/neutron/api/rpc/callbacks/version_manager.py:113
2026-06-10 07:44:25.786 16 DEBUG neutron.api.rpc.callbacks.version_manager [req-99533909-681e-48af-812f-f796feed64de 0085878bdf184b9db979dd8979565be3 5024101d50dc4d928307f3fd3478e8af - - -] Version for resource type Network changed None to 1.1 on consumer Open vSwitch agent@undercloud.ooo.test _set_version /usr/lib/python3.9/site-packages/neutron/api/rpc/callbacks/version_manager.py:113
2026-06-10 07:44:25.786 16 DEBUG neutron.api.rpc.callbacks.version_manager [req-99533909-681e-48af-812f-f796feed64de 0085878bdf184b9db979dd8979565be3 5024101d50dc4d928307f3fd3478e8af - - -] Version for resource type Port changed None to 1.7 on consumer Open vSwitch agent@undercloud.ooo.test _set_version /usr/lib/python3.9/site-packages/neutron/api/rpc/callbacks/version_manager.py:113
2026-06-10 07:44:25.786 16 DEBUG neutron.api.rpc.callbacks.version_manager [req-99533909-681e-48af-812f-f796feed64de 0085878bdf184b9db979dd8979565be3 5024101d50dc4d928307f3fd3478e8af - - -] Version for resource type PortForwarding changed None to 1.2 on consumer Open vSwitch agent@undercloud.ooo.test _set_version /usr/lib/python3.9/site-packages/neutron/api/rpc/callbacks/version_manager.py:113
2026-06-10 07:44:25.787 16 DEBUG neutron.api.rpc.callbacks.version_manager [req-99533909-681e-48af-812f-f796feed64de 0085878bdf184b9db979dd8979565be3 5024101d50dc4d928307f3fd3478e8af - - -] Version for resource type QosPolicy changed None to 1.8 on consumer Open vSwitch agent@undercloud.ooo.test _set_version /usr/lib/python3.9/site-packages/neutron/api/rpc/callbacks/version_manager.py:113
2026-06-10 07:44:25.787 16 DEBUG neutron.api.rpc.callbacks.version_manager [req-99533909-681e-48af-812f-f796feed64de 0085878bdf184b9db979dd8979565be3 5024101d50dc4d928307f3fd3478e8af - - -] Version for resource type SecurityGroup changed None to 1.5 on consumer Open vSwitch agent@undercloud.ooo.test _set_version /usr/lib/python3.9/site-packages/neutron/api/rpc/callbacks/version_manager.py:113
2026-06-10 07:44:25.787 16 DEBUG neutron.api.rpc.callbacks.version_manager [req-99533909-681e-48af-812f-f796feed64de 0085878bdf184b9db979dd8979565be3 5024101d50dc4d928307f3fd3478e8af - - -] Version for resource type SecurityGroupRule changed None to 1.2 on consumer Open vSwitch agent@undercloud.ooo.test _set_version /usr/lib/python3.9/site-packages/neutron/api/rpc/callbacks/version_manager.py:113
2026-06-10 07:44:25.787 16 DEBUG neutron.api.rpc.callbacks.version_manager [req-99533909-681e-48af-812f-f796feed64de 0085878bdf184b9db979dd8979565be3 5024101d50dc4d928307f3fd3478e8af - - -] Version for resource type SubPort changed None to 1.0 on consumer Open vSwitch agent@undercloud.ooo.test _set_version /usr/lib/python3.9/site-packages/neutron/api/rpc/callbacks/version_manager.py:113
2026-06-10 07:44:25.787 16 DEBUG neutron.api.rpc.callbacks.version_manager [req-99533909-681e-48af-812f-f796feed64de 0085878bdf184b9db979dd8979565be3 5024101d50dc4d928307f3fd3478e8af - - -] Version for resource type Subnet changed None to 1.1 on consumer Open vSwitch agent@undercloud.ooo.test _set_version /usr/lib/python3.9/site-packages/neutron/api/rpc/callbacks/version_manager.py:113
2026-06-10 07:44:25.787 16 DEBUG neutron.api.rpc.callbacks.version_manager [req-99533909-681e-48af-812f-f796feed64de 0085878bdf184b9db979dd8979565be3 5024101d50dc4d928307f3fd3478e8af - - -] Version for resource type Trunk changed None to 1.1 on consumer Open vSwitch agent@undercloud.ooo.test _set_version /usr/lib/python3.9/site-packages/neutron/api/rpc/callbacks/version_manager.py:113
2026-06-10 07:44:25.788 16 DEBUG neutron.api.rpc.callbacks.version_manager [req-99533909-681e-48af-812f-f796feed64de 0085878bdf184b9db979dd8979565be3 5024101d50dc4d928307f3fd3478e8af - - -] Tracked resource versions report: pushed versions: { 'AddressGroup': {'1.2'}, 'ConntrackHelper': {'1.0'}, 'Log': {'1.0'}, 'Network': {'1.1'}, 'Port': {'1.7'}, 'PortForwarding': {'1.2'}, 'QosPolicy': {'1.8'}, 'SecurityGroup': {'1.5'}, 'SecurityGroupRule': {'1.2'}, 'SubPort': {'1.0'}, 'Subnet': {'1.1'}, 'Trunk': {'1.1'}} consumer versions: { DHCP agent@undercloud.ooo.test: {}, L3 agent@undercloud.ooo.test: {}, Open vSwitch agent@undercloud.ooo.test: { 'AddressGroup': '1.2', 'ConntrackHelper': '1.0', 'Log': '1.0', 'Network': '1.1', 'Port': '1.7', 'PortForwarding': '1.2', 'QosPolicy': '1.8', 'SecurityGroup': '1.5', 'SecurityGroupRule': '1.2', 'SubPort': '1.0', 'Subnet': '1.1', 'Trunk': '1.1'}} report /usr/lib/python3.9/site-packages/neutron/api/rpc/callbacks/version_manager.py:175
2026-06-10 07:44:25.831 16 DEBUG neutron_lib.callbacks.manager [req-99533909-681e-48af-812f-f796feed64de 0085878bdf184b9db979dd8979565be3 5024101d50dc4d928307f3fd3478e8af - default default] Notify callbacks ['neutron.services.auto_allocate.db._ensure_external_network_default_value_callback-8771964242746'] for network, precommit_create _notify_loop /usr/lib/python3.9/site-packages/neutron_lib/callbacks/manager.py:200
2026-06-10 07:44:25.848 16 DEBUG neutron_lib.callbacks.manager [req-99533909-681e-48af-812f-f796feed64de 0085878bdf184b9db979dd8979565be3 5024101d50dc4d928307f3fd3478e8af - default default] Notify callbacks ['neutron.plugins.ml2.ovo_rpc._ObjectChangeHandler.handle_event-745289', 'neutron.api.rpc.agentnotifiers.dhcp_rpc_agent_api.DhcpAgentNotifyAPI._native_event_send_dhcp_notification-782951'] for network, after_create _notify_loop /usr/lib/python3.9/site-packages/neutron_lib/callbacks/manager.py:200
2026-06-10 07:44:25.849 16 DEBUG neutron.pecan_wsgi.hooks.policy_enforcement [req-99533909-681e-48af-812f-f796feed64de 0085878bdf184b9db979dd8979565be3 5024101d50dc4d928307f3fd3478e8af - default default] Attributes excluded by policy engine: ['standard_attr_id', 'vlan_transparent'] _exclude_attributes_by_policy /usr/lib/python3.9/site-packages/neutron/pecan_wsgi/hooks/policy_enforcement.py:259
2026-06-10 07:44:25.849 16 DEBUG neutron_lib.callbacks.manager [req-99533909-681e-48af-812f-f796feed64de 0085878bdf184b9db979dd8979565be3 5024101d50dc4d928307f3fd3478e8af - default default] Notify callbacks ['neutron.api.rpc.agentnotifiers.dhcp_rpc_agent_api.DhcpAgentNotifyAPI._send_dhcp_notification-782933'] for network, before_response _notify_loop /usr/lib/python3.9/site-packages/neutron_lib/callbacks/manager.py:200
2026-06-10 07:44:25.886 16 INFO neutron.wsgi [req-99533909-681e-48af-812f-f796feed64de 0085878bdf184b9db979dd8979565be3 5024101d50dc4d928307f3fd3478e8af - default default] 192.168.122.99,192.168.122.100 "POST /v2.0/networks HTTP/1.1" status: 201 len: 881 time: 0.2237287
2026-06-10 07:44:25.888 16 DEBUG neutron.api.rpc.handlers.resources_rpc [req-99533909-681e-48af-812f-f796feed64de 0085878bdf184b9db979dd8979565be3 5024101d50dc4d928307f3fd3478e8af - - -] Pushing event updated for resources: {'Network': ['ID=0b9e5d90-ed04-4f52-931e-d2113e853e39,revision_number=1']} push /usr/lib/python3.9/site-packages/neutron/api/rpc/handlers/resources_rpc.py:237
2026-06-10 07:44:25.899 20 DEBUG neutron.plugins.ml2.rpc [req-792d1faa-a9fc-48bd-a908-a89fc4646afd - - - - -] Network 0b9e5d90-ed04-4f52-931e-d2113e853e39 details requested by agent ovs-agent-undercloud.ooo.test with host undercloud.ooo.test get_network_details /usr/lib/python3.9/site-packages/neutron/plugins/ml2/rpc.py:232
2026-06-10 07:44:25.912 16 INFO neutron.wsgi [req-d6e4812c-6650-495c-963b-b5088a7edf0e 0085878bdf184b9db979dd8979565be3 5024101d50dc4d928307f3fd3478e8af - default default] 192.168.122.99,192.168.122.100 "GET /v2.0/subnets?cidr=192.168.122.0%2F24&network_id=0b9e5d90-ed04-4f52-931e-d2113e853e39 HTTP/1.1" status: 200 len: 188 time: 0.0206482
2026-06-10 07:44:25.920 16 DEBUG neutron.services.segments.db [req-77cb315f-8807-4278-afed-bf79b96342ad 0085878bdf184b9db979dd8979565be3 5024101d50dc4d928307f3fd3478e8af - default default] neutron.services.segments.plugin.Plugin method get_segments called with arguments (,) {'filters': {'network_id': ['0b9e5d90-ed04-4f52-931e-d2113e853e39'], 'physical_network': ['ctlplane']}, 'fields': [], 'sorts': [('id', True)], 'limit': None, 'marker': None, 'page_reverse': False} wrapper /usr/lib/python3.9/site-packages/oslo_log/helpers.py:65
2026-06-10 07:44:25.930 16 INFO neutron.wsgi [req-77cb315f-8807-4278-afed-bf79b96342ad 0085878bdf184b9db979dd8979565be3 5024101d50dc4d928307f3fd3478e8af - default default] 192.168.122.99,192.168.122.100 "GET /v2.0/segments?network_id=0b9e5d90-ed04-4f52-931e-d2113e853e39&physical_network=ctlplane HTTP/1.1" status: 200 len: 505 time: 0.0133476
2026-06-10 07:44:25.938 16 DEBUG neutron.api.v2.base [req-015c997f-cc51-4673-addf-10f6ad4e5624 0085878bdf184b9db979dd8979565be3 5024101d50dc4d928307f3fd3478e8af - default default] Request body: {'subnet': {'enable_dhcp': True, 'name': 'ctlplane-subnet', 'dns_nameservers': ['192.168.122.10'], 'cidr': '192.168.122.0/24', 'allocation_pools': [{'end': '192.168.122.130', 'start': '192.168.122.110'}], 'host_routes': [], 'segment_id': None, 'network_id': '0b9e5d90-ed04-4f52-931e-d2113e853e39', 'ip_version': '4', 'gateway_ip': '192.168.122.10'}} prepare_request_body /usr/lib/python3.9/site-packages/neutron/api/v2/base.py:729
2026-06-10 07:44:25.948 16 DEBUG neutron.pecan_wsgi.hooks.quota_enforcement [req-015c997f-cc51-4673-addf-10f6ad4e5624 0085878bdf184b9db979dd8979565be3 5024101d50dc4d928307f3fd3478e8af - default default] Made reservation on behalf of 5024101d50dc4d928307f3fd3478e8af for: {'subnet': 1} before /usr/lib/python3.9/site-packages/neutron/pecan_wsgi/hooks/quota_enforcement.py:53
2026-06-10 07:44:25.949 16 DEBUG neutron_lib.callbacks.manager [req-015c997f-cc51-4673-addf-10f6ad4e5624 0085878bdf184b9db979dd8979565be3 5024101d50dc4d928307f3fd3478e8af - default default] Notify callbacks ['neutron.services.segments.plugin.SegmentHostRoutes.host_routes_before_create-545255'] for subnet, before_create _notify_loop /usr/lib/python3.9/site-packages/neutron_lib/callbacks/manager.py:200
2026-06-10 07:44:25.982 16 DEBUG neutron.db.ipam_backend_mixin [req-015c997f-cc51-4673-addf-10f6ad4e5624 0085878bdf184b9db979dd8979565be3 5024101d50dc4d928307f3fd3478e8af - default default] Performing IP validity checks on allocation pools validate_allocation_pools /usr/lib/python3.9/site-packages/neutron/db/ipam_backend_mixin.py:314
2026-06-10 07:44:25.982 16 DEBUG neutron.db.ipam_backend_mixin [req-015c997f-cc51-4673-addf-10f6ad4e5624 0085878bdf184b9db979dd8979565be3 5024101d50dc4d928307f3fd3478e8af - default default] Checking for overlaps among allocation pools and gateway ip validate_allocation_pools /usr/lib/python3.9/site-packages/neutron/db/ipam_backend_mixin.py:335
2026-06-10 07:44:26.052 16 DEBUG neutron_lib.callbacks.manager [req-015c997f-cc51-4673-addf-10f6ad4e5624 0085878bdf184b9db979dd8979565be3 5024101d50dc4d928307f3fd3478e8af - default default] Notify callbacks ['neutron.plugins.ml2.ovo_rpc._ObjectChangeHandler.handle_event-745360', 'neutron.api.rpc.agentnotifiers.dhcp_rpc_agent_api.DhcpAgentNotifyAPI._native_event_send_dhcp_notification-782951', 'neutron.services.segments.plugin.NovaSegmentNotifier._notify_subnet_created-604211', 'neutron.services.segments.plugin.SegmentHostRoutes.host_routes_after_create-544797'] for subnet, after_create _notify_loop /usr/lib/python3.9/site-packages/neutron_lib/callbacks/manager.py:200
2026-06-10 07:44:26.113 16 DEBUG neutron.api.rpc.handlers.resources_rpc [req-015c997f-cc51-4673-addf-10f6ad4e5624 0085878bdf184b9db979dd8979565be3 5024101d50dc4d928307f3fd3478e8af - - -] Pushing event updated for resources: {'Subnet': ['ID=8c561616-5b28-4e73-b0b9-a9ab45b132da,revision_number=0']} push /usr/lib/python3.9/site-packages/neutron/api/rpc/handlers/resources_rpc.py:237
2026-06-10 07:44:26.125 16 DEBUG neutron.plugins.ml2.drivers.mech_agent [req-015c997f-cc51-4673-addf-10f6ad4e5624 0085878bdf184b9db979dd8979565be3 5024101d50dc4d928307f3fd3478e8af - default default] Checking segment: {'id': '96bd311d-7945-4746-8358-3c92bc8b8a62', 'network_type': 'flat', 'physical_network': 'ctlplane', 'segmentation_id': None, 'network_id': '0b9e5d90-ed04-4f52-931e-d2113e853e39'} for mappings: {'ctlplane': 'br-ctlplane'} with network types: ['local', 'flat', 'vlan'] check_segment_for_agent /usr/lib/python3.9/site-packages/neutron/plugins/ml2/drivers/mech_agent.py:343
2026-06-10 07:44:26.126 16 DEBUG neutron.scheduler.dhcp_agent_scheduler [req-015c997f-cc51-4673-addf-10f6ad4e5624 0085878bdf184b9db979dd8979565be3 5024101d50dc4d928307f3fd3478e8af - default default] Network hostable DHCP agents. Network: 0b9e5d90-ed04-4f52-931e-d2113e853e39, hostable agents: ['0afeda24-b67f-420e-8789-ea1f0d8b2227'], hosted agents: [] _get_network_hostable_dhcp_agents /usr/lib/python3.9/site-packages/neutron/scheduler/dhcp_agent_scheduler.py:329
2026-06-10 07:44:26.139 16 DEBUG neutron.scheduler.dhcp_agent_scheduler [req-015c997f-cc51-4673-addf-10f6ad4e5624 0085878bdf184b9db979dd8979565be3 5024101d50dc4d928307f3fd3478e8af - default default] Network 0b9e5d90-ed04-4f52-931e-d2113e853e39 is scheduled to be hosted by DHCP agent 0afeda24-b67f-420e-8789-ea1f0d8b2227 with binding_index 1 bind /usr/lib/python3.9/site-packages/neutron/scheduler/dhcp_agent_scheduler.py:227
2026-06-10 07:44:26.146 16 DEBUG neutron.scheduler.base_scheduler [req-015c997f-cc51-4673-addf-10f6ad4e5624 0085878bdf184b9db979dd8979565be3 5024101d50dc4d928307f3fd3478e8af - default default] Resources bound (agent type, host, resource id): (DHCP agent, undercloud.ooo.test, 0b9e5d90-ed04-4f52-931e-d2113e853e39) schedule /usr/lib/python3.9/site-packages/neutron/scheduler/base_scheduler.py:57
2026-06-10 07:44:26.149 16 DEBUG neutron.pecan_wsgi.hooks.policy_enforcement [req-015c997f-cc51-4673-addf-10f6ad4e5624 0085878bdf184b9db979dd8979565be3 5024101d50dc4d928307f3fd3478e8af - default default] Attributes excluded by policy engine: ['standard_attr_id', 'shared', 'network'] _exclude_attributes_by_policy /usr/lib/python3.9/site-packages/neutron/pecan_wsgi/hooks/policy_enforcement.py:259
2026-06-10 07:44:26.150 16 DEBUG neutron_lib.callbacks.manager [req-015c997f-cc51-4673-addf-10f6ad4e5624 0085878bdf184b9db979dd8979565be3 5024101d50dc4d928307f3fd3478e8af - default default] Notify callbacks ['neutron.api.rpc.agentnotifiers.dhcp_rpc_agent_api.DhcpAgentNotifyAPI._send_dhcp_notification-782933'] for subnet, before_response _notify_loop /usr/lib/python3.9/site-packages/neutron_lib/callbacks/manager.py:200
2026-06-10 07:44:26.158 22 DEBUG neutron.api.rpc.handlers.dhcp_rpc [req-04b51ea2-6f53-462b-b521-329fa8cdd779 - - - - -] Network 0b9e5d90-ed04-4f52-931e-d2113e853e39 requested from undercloud.ooo.test get_network_info /usr/lib/python3.9/site-packages/neutron/api/rpc/handlers/dhcp_rpc.py:213
2026-06-10 07:44:26.161 16 INFO neutron.wsgi [req-015c997f-cc51-4673-addf-10f6ad4e5624 0085878bdf184b9db979dd8979565be3 5024101d50dc4d928307f3fd3478e8af - default default] 192.168.122.99,192.168.122.100 "POST /v2.0/subnets HTTP/1.1" status: 201 len: 847 time: 0.2252166
2026-06-10 07:44:26.170 16 DEBUG neutron.services.tag.tag_plugin [req-c716ebca-22ad-4a27-95eb-ca7c689653c0 0085878bdf184b9db979dd8979565be3 5024101d50dc4d928307f3fd3478e8af - default default] neutron.services.tag.tag_plugin.TagPlugin method update_tags called with arguments (, 'networks', '0b9e5d90-ed04-4f52-931e-d2113e853e39', {'tags': ['192.168.122.0/24']}) {} wrapper /usr/lib/python3.9/site-packages/oslo_log/helpers.py:65
2026-06-10 07:44:26.236 16 INFO neutron.wsgi [req-c716ebca-22ad-4a27-95eb-ca7c689653c0 0085878bdf184b9db979dd8979565be3 5024101d50dc4d928307f3fd3478e8af - default default] 192.168.122.99,192.168.122.100 "PUT /v2.0/networks/0b9e5d90-ed04-4f52-931e-d2113e853e39/tags HTTP/1.1" status: 200 len: 204 time: 0.0693121
2026-06-10 07:44:26.420 19 DEBUG neutron.api.rpc.handlers.dhcp_rpc [req-805df35f-a55b-4160-a9fd-b059ca8eb763 - - - - -] Create dhcp port {'port': {'name': '', 'admin_state_up': True, 'device_id': 'dhcp4ffb0b0c-492f-50f3-b91f-5f97b4a206be-0b9e5d90-ed04-4f52-931e-d2113e853e39', 'network_id': '0b9e5d90-ed04-4f52-931e-d2113e853e39', 'tenant_id': '5024101d50dc4d928307f3fd3478e8af', 'fixed_ips': [{'subnet_id': '8c561616-5b28-4e73-b0b9-a9ab45b132da'}]}} from undercloud.ooo.test. create_dhcp_port /usr/lib/python3.9/site-packages/neutron/api/rpc/handlers/dhcp_rpc.py:279
2026-06-10 07:44:26.422 19 DEBUG neutron_lib.callbacks.manager [req-805df35f-a55b-4160-a9fd-b059ca8eb763 - - - - -] Notify callbacks ['neutron.plugins.ml2.plugin.SecurityGroupDbMixin._ensure_default_security_group_handler-3703557'] for port, before_create _notify_loop /usr/lib/python3.9/site-packages/neutron_lib/callbacks/manager.py:200
2026-06-10 07:44:26.553 15 DEBUG neutron.wsgi [-] (15) accepted ('192.168.122.100', 50324) server /usr/lib/python3.9/site-packages/eventlet/wsgi.py:992
2026-06-10 07:44:26.556 15 INFO neutron.wsgi [-] 192.168.122.100 "GET /healthcheck HTTP/1.0" status: 200 len: 137 time: 0.0018239
2026-06-10 07:44:26.568 19 DEBUG neutron.db.db_base_plugin_common [req-805df35f-a55b-4160-a9fd-b059ca8eb763 - - - - -] Allocated IP 192.168.122.110 (0b9e5d90-ed04-4f52-931e-d2113e853e39/8c561616-5b28-4e73-b0b9-a9ab45b132da/e6d6c4a4-5173-44e2-b291-24ddaf5c4255) _store_ip_allocation /usr/lib/python3.9/site-packages/neutron/db/db_base_plugin_common.py:131
2026-06-10 07:44:26.686 19 DEBUG neutron_lib.callbacks.manager [req-805df35f-a55b-4160-a9fd-b059ca8eb763 - - - - -] Notify callbacks [] for allowed_address_pair, before_create _notify_loop /usr/lib/python3.9/site-packages/neutron_lib/callbacks/manager.py:200
2026-06-10 07:44:26.687 19 DEBUG neutron_lib.callbacks.manager [req-805df35f-a55b-4160-a9fd-b059ca8eb763 - - - - -] Notify callbacks [] for port, precommit_create _notify_loop /usr/lib/python3.9/site-packages/neutron_lib/callbacks/manager.py:200
2026-06-10 07:44:26.694 19 DEBUG neutron.db.provisioning_blocks [req-805df35f-a55b-4160-a9fd-b059ca8eb763 - - - - -] Transition to ACTIVE for port object e6d6c4a4-5173-44e2-b291-24ddaf5c4255 will not be triggered until provisioned by entity L2. add_provisioning_component /usr/lib/python3.9/site-packages/neutron/db/provisioning_blocks.py:74
2026-06-10 07:44:26.702 19 DEBUG neutron.db.provisioning_blocks [req-805df35f-a55b-4160-a9fd-b059ca8eb763 - - - - -] Transition to ACTIVE for port object e6d6c4a4-5173-44e2-b291-24ddaf5c4255 will not be triggered until provisioned by entity DHCP. add_provisioning_component /usr/lib/python3.9/site-packages/neutron/db/provisioning_blocks.py:74
2026-06-10 07:44:26.705 19 DEBUG neutron_lib.callbacks.manager [req-805df35f-a55b-4160-a9fd-b059ca8eb763 - - - - -] Notify callbacks ['neutron.plugins.ml2.plugin.SecurityGroupServerNotifierRpcMixin.notify_sg_on_port_change-3675213', 'neutron.plugins.ml2.extensions.dns_integration._create_port_in_external_dns_service-8771964773578', 'neutron.plugins.ml2.ovo_rpc._ObjectChangeHandler.handle_event-828320', 'neutron.api.rpc.agentnotifiers.dhcp_rpc_agent_api.DhcpAgentNotifyAPI._native_event_send_dhcp_notification-782951', 'neutron.services.segments.plugin.NovaSegmentNotifier._notify_port_created_or_deleted-604348'] for port, after_create _notify_loop /usr/lib/python3.9/site-packages/neutron_lib/callbacks/manager.py:200
2026-06-10 07:44:26.730 19 DEBUG neutron.scheduler.dhcp_agent_scheduler [req-805df35f-a55b-4160-a9fd-b059ca8eb763 - - - - -] Network 0b9e5d90-ed04-4f52-931e-d2113e853e39 is already hosted by enough agents. _get_dhcp_agents_hosting_network /usr/lib/python3.9/site-packages/neutron/scheduler/dhcp_agent_scheduler.py:275
2026-06-10 07:44:26.731 19 DEBUG neutron.scheduler.base_scheduler [req-805df35f-a55b-4160-a9fd-b059ca8eb763 - - - - -] Resources bound (agent type, host, resource id): schedule /usr/lib/python3.9/site-packages/neutron/scheduler/base_scheduler.py:57
2026-06-10 07:44:26.743 19 DEBUG neutron.api.rpc.handlers.resources_rpc [req-805df35f-a55b-4160-a9fd-b059ca8eb763 - - - - -] Pushing event updated for resources: {'Port': ['ID=e6d6c4a4-5173-44e2-b291-24ddaf5c4255,revision_number=1']} push /usr/lib/python3.9/site-packages/neutron/api/rpc/handlers/resources_rpc.py:237
2026-06-10 07:44:26.745 19 DEBUG neutron.plugins.ml2.managers [req-805df35f-a55b-4160-a9fd-b059ca8eb763 - - - - -] Attempting to bind port e6d6c4a4-5173-44e2-b291-24ddaf5c4255 on host undercloud.ooo.test for vnic_type normal with profile bind_port /usr/lib/python3.9/site-packages/neutron/plugins/ml2/managers.py:806
2026-06-10 07:44:26.745 19 DEBUG neutron.plugins.ml2.managers [req-805df35f-a55b-4160-a9fd-b059ca8eb763 - - - - -] Attempting to bind port e6d6c4a4-5173-44e2-b291-24ddaf5c4255 by drivers openvswitch,baremetal on host undercloud.ooo.test at level 0 using segments [{'id': '96bd311d-7945-4746-8358-3c92bc8b8a62', 'network_type': 'flat', 'physical_network': 'ctlplane', 'segmentation_id': None, 'network_id': '0b9e5d90-ed04-4f52-931e-d2113e853e39'}] _bind_port_level /usr/lib/python3.9/site-packages/neutron/plugins/ml2/managers.py:831
2026-06-10 07:44:26.745 19 DEBUG neutron.plugins.ml2.drivers.mech_agent [req-805df35f-a55b-4160-a9fd-b059ca8eb763 - - - - -] Attempting to bind port e6d6c4a4-5173-44e2-b291-24ddaf5c4255 on network 0b9e5d90-ed04-4f52-931e-d2113e853e39 bind_port /usr/lib/python3.9/site-packages/neutron/plugins/ml2/drivers/mech_agent.py:86
2026-06-10 07:44:26.748 19 DEBUG neutron.api.rpc.callbacks.version_manager [req-805df35f-a55b-4160-a9fd-b059ca8eb763 - - - - -] Version for resource type AddressGroup changed None to 1.2 on consumer Open vSwitch agent@undercloud.ooo.test _set_version /usr/lib/python3.9/site-packages/neutron/api/rpc/callbacks/version_manager.py:113
2026-06-10 07:44:26.748 19 DEBUG neutron.api.rpc.callbacks.version_manager [req-805df35f-a55b-4160-a9fd-b059ca8eb763 - - - - -] Version for resource type ConntrackHelper changed None to 1.0 on consumer Open vSwitch agent@undercloud.ooo.test _set_version /usr/lib/python3.9/site-packages/neutron/api/rpc/callbacks/version_manager.py:113
2026-06-10 07:44:26.748 19 DEBUG neutron.api.rpc.callbacks.version_manager [req-805df35f-a55b-4160-a9fd-b059ca8eb763 - - - - -] Version for resource type Log changed None to 1.0 on consumer Open vSwitch agent@undercloud.ooo.test _set_version /usr/lib/python3.9/site-packages/neutron/api/rpc/callbacks/version_manager.py:113
2026-06-10 07:44:26.748 19 DEBUG neutron.api.rpc.callbacks.version_manager [req-805df35f-a55b-4160-a9fd-b059ca8eb763 - - - - -] Version for resource type Network changed None to 1.1 on consumer Open vSwitch agent@undercloud.ooo.test _set_version /usr/lib/python3.9/site-packages/neutron/api/rpc/callbacks/version_manager.py:113
2026-06-10 07:44:26.748 19 DEBUG neutron.api.rpc.callbacks.version_manager [req-805df35f-a55b-4160-a9fd-b059ca8eb763 - - - - -] Version for resource type Port changed None to 1.7 on consumer Open vSwitch agent@undercloud.ooo.test _set_version /usr/lib/python3.9/site-packages/neutron/api/rpc/callbacks/version_manager.py:113
2026-06-10 07:44:26.748 19 DEBUG neutron.api.rpc.callbacks.version_manager [req-805df35f-a55b-4160-a9fd-b059ca8eb763 - - - - -] Version for resource type PortForwarding changed None to 1.2 on consumer Open vSwitch agent@undercloud.ooo.test _set_version /usr/lib/python3.9/site-packages/neutron/api/rpc/callbacks/version_manager.py:113
2026-06-10 07:44:26.748 19 DEBUG neutron.api.rpc.callbacks.version_manager [req-805df35f-a55b-4160-a9fd-b059ca8eb763 - - - - -] Version for resource type QosPolicy changed None to 1.8 on consumer Open vSwitch agent@undercloud.ooo.test _set_version /usr/lib/python3.9/site-packages/neutron/api/rpc/callbacks/version_manager.py:113
2026-06-10 07:44:26.748 19 DEBUG neutron.api.rpc.callbacks.version_manager [req-805df35f-a55b-4160-a9fd-b059ca8eb763 - - - - -] Version for resource type SecurityGroup changed None to 1.5 on consumer Open vSwitch agent@undercloud.ooo.test _set_version /usr/lib/python3.9/site-packages/neutron/api/rpc/callbacks/version_manager.py:113
2026-06-10 07:44:26.749 19 DEBUG neutron.api.rpc.callbacks.version_manager [req-805df35f-a55b-4160-a9fd-b059ca8eb763 - - - - -] Version for resource type SecurityGroupRule changed None to 1.2 on consumer Open vSwitch agent@undercloud.ooo.test _set_version /usr/lib/python3.9/site-packages/neutron/api/rpc/callbacks/version_manager.py:113
2026-06-10 07:44:26.749 19 DEBUG neutron.api.rpc.callbacks.version_manager [req-805df35f-a55b-4160-a9fd-b059ca8eb763 - - - - -] Version for resource type SubPort changed None to 1.0 on consumer Open vSwitch agent@undercloud.ooo.test _set_version /usr/lib/python3.9/site-packages/neutron/api/rpc/callbacks/version_manager.py:113
2026-06-10 07:44:26.749 19 DEBUG neutron.api.rpc.callbacks.version_manager [req-805df35f-a55b-4160-a9fd-b059ca8eb763 - - - - -] Version for resource type Subnet changed None to 1.1 on consumer Open vSwitch agent@undercloud.ooo.test _set_version /usr/lib/python3.9/site-packages/neutron/api/rpc/callbacks/version_manager.py:113
2026-06-10 07:44:26.749 19 DEBUG neutron.api.rpc.callbacks.version_manager [req-805df35f-a55b-4160-a9fd-b059ca8eb763 - - - - -] Version for resource type Trunk changed None to 1.1 on consumer Open vSwitch agent@undercloud.ooo.test _set_version /usr/lib/python3.9/site-packages/neutron/api/rpc/callbacks/version_manager.py:113
2026-06-10 07:44:26.749 19 DEBUG neutron.api.rpc.callbacks.version_manager [req-805df35f-a55b-4160-a9fd-b059ca8eb763 - - - - -] Tracked resource versions report: pushed versions: { 'AddressGroup': {'1.2'}, 'ConntrackHelper': {'1.0'}, 'Log': {'1.0'}, 'Network': {'1.1'}, 'Port': {'1.7'}, 'PortForwarding': {'1.2'}, 'QosPolicy': {'1.8'}, 'SecurityGroup': {'1.5'}, 'SecurityGroupRule': {'1.2'}, 'SubPort': {'1.0'}, 'Subnet': {'1.1'}, 'Trunk': {'1.1'}} consumer versions: { DHCP agent@undercloud.ooo.test: {}, L3 agent@undercloud.ooo.test: {}, Open vSwitch agent@undercloud.ooo.test: { 'AddressGroup': '1.2', 'ConntrackHelper': '1.0', 'Log': '1.0', 'Network': '1.1', 'Port': '1.7', 'PortForwarding': '1.2', 'QosPolicy': '1.8', 'SecurityGroup': '1.5', 'SecurityGroupRule': '1.2', 'SubPort': '1.0', 'Subnet': '1.1', 'Trunk': '1.1'}} report /usr/lib/python3.9/site-packages/neutron/api/rpc/callbacks/version_manager.py:175
2026-06-10 07:44:26.751 19 DEBUG neutron.plugins.ml2.drivers.mech_agent [req-805df35f-a55b-4160-a9fd-b059ca8eb763 - - - - -] Checking agent: {'id': '83e36ec4-46e8-4715-8260-6905354f2c8e', 'agent_type': 'Open vSwitch agent', 'binary': 'neutron-openvswitch-agent', 'topic': 'N/A', 'host': 'undercloud.ooo.test', 'admin_state_up': True, 'created_at': datetime.datetime(2026, 6, 10, 7, 43, 3), 'started_at': datetime.datetime(2026, 6, 10, 7, 43, 3), 'heartbeat_timestamp': datetime.datetime(2026, 6, 10, 7, 43, 3), 'description': None, 'resources_synced': None, 'availability_zone': None, 'alive': True, 'configurations': {'arp_responder_enabled': False, 'baremetal_smartnic': False, 'bridge_mappings': {'ctlplane': 'br-ctlplane'}, 'datapath_type': 'system', 'devices': 0, 'enable_distributed_routing': False, 'extensions': [], 'in_distributed_mode': False, 'integration_bridge': 'br-int', 'l2_population': False, 'log_agent_heartbeats': False, 'ovs_capabilities': {'datapath_types': ['netdev', 'system'], 'iface_types': ['bareudp', 'erspan', 'geneve', 'gre', 'gtpu', 'internal', 'ip6erspan', 'ip6gre', 'lisp', 'patch', 'srv6', 'stt', 'system', 'tap', 'vxlan']}, 'ovs_hybrid_plug': True, 'resource_provider_bandwidths': {}, 'resource_provider_hypervisors': {'br-ctlplane': 'undercloud.ooo.test'}, 'resource_provider_inventory_defaults': {'allocation_ratio': 1.0, 'min_unit': 1, 'step_size': 1, 'reserved': 0}, 'tunnel_types': [], 'tunneling_ip': None, 'vhostuser_socket_dir': '/var/run/openvswitch'}, 'resource_versions': {'AddressGroup': '1.2', 'ConntrackHelper': '1.0', 'Log': '1.0', 'Network': '1.1', 'Port': '1.7', 'PortForwarding': '1.2', 'QosPolicy': '1.8', 'SecurityGroup': '1.5', 'SecurityGroupRule': '1.2', 'SubPort': '1.0', 'Subnet': '1.1', 'Trunk': '1.1'}} bind_port /usr/lib/python3.9/site-packages/neutron/plugins/ml2/drivers/mech_agent.py:105
2026-06-10 07:44:26.752 19 DEBUG neutron.plugins.ml2.drivers.mech_agent [req-805df35f-a55b-4160-a9fd-b059ca8eb763 - - - - -] Checking segment: {'id': '96bd311d-7945-4746-8358-3c92bc8b8a62', 'network_type': 'flat', 'physical_network': 'ctlplane', 'segmentation_id': None, 'network_id': '0b9e5d90-ed04-4f52-931e-d2113e853e39'} for mappings: {'ctlplane': 'br-ctlplane'} with network types: ['local', 'flat', 'vlan'] check_segment_for_agent /usr/lib/python3.9/site-packages/neutron/plugins/ml2/drivers/mech_agent.py:343
2026-06-10 07:44:26.752 19 DEBUG neutron_lib.callbacks.manager [req-805df35f-a55b-4160-a9fd-b059ca8eb763 - - - - -] Notify callbacks [] for ovs_bridge_name, before_read _notify_loop /usr/lib/python3.9/site-packages/neutron_lib/callbacks/manager.py:200
2026-06-10 07:44:26.752 19 DEBUG neutron.plugins.ml2.drivers.mech_agent [req-805df35f-a55b-4160-a9fd-b059ca8eb763 - - - - -] Bound using segment: {'id': '96bd311d-7945-4746-8358-3c92bc8b8a62', 'network_type': 'flat', 'physical_network': 'ctlplane', 'segmentation_id': None, 'network_id': '0b9e5d90-ed04-4f52-931e-d2113e853e39'} bind_port /usr/lib/python3.9/site-packages/neutron/plugins/ml2/drivers/mech_agent.py:115
2026-06-10 07:44:26.752 19 DEBUG neutron.plugins.ml2.managers [req-805df35f-a55b-4160-a9fd-b059ca8eb763 - - - - -] Bound port: e6d6c4a4-5173-44e2-b291-24ddaf5c4255, host: undercloud.ooo.test, vif_type: ovs, vif_details: {"connectivity": "l2", "port_filter": true, "ovs_hybrid_plug": true, "datapath_type": "system", "bridge_name": "br-int"}, binding_levels: [{'bound_driver': 'openvswitch', 'bound_segment': {'id': '96bd311d-7945-4746-8358-3c92bc8b8a62', 'network_type': 'flat', 'physical_network': 'ctlplane', 'segmentation_id': None, 'network_id': '0b9e5d90-ed04-4f52-931e-d2113e853e39'}}] _bind_port_level /usr/lib/python3.9/site-packages/neutron/plugins/ml2/managers.py:944
2026-06-10 07:44:26.752 19 DEBUG neutron_lib.callbacks.manager [req-805df35f-a55b-4160-a9fd-b059ca8eb763 - - - - -] Notify callbacks ['neutron.plugins.ml2.plugin.SecurityGroupDbMixin._ensure_default_security_group_handler-3703557'] for port, before_update _notify_loop /usr/lib/python3.9/site-packages/neutron_lib/callbacks/manager.py:200
2026-06-10 07:44:26.800 19 DEBUG neutron.plugins.ml2.db [req-805df35f-a55b-4160-a9fd-b059ca8eb763 - - - - -] For port e6d6c4a4-5173-44e2-b291-24ddaf5c4255, host undercloud.ooo.test, cleared binding levels clear_binding_levels /usr/lib/python3.9/site-packages/neutron/plugins/ml2/db.py:88
2026-06-10 07:44:26.802 19 DEBUG neutron.plugins.ml2.db [req-805df35f-a55b-4160-a9fd-b059ca8eb763 - - - - -] For port e6d6c4a4-5173-44e2-b291-24ddaf5c4255, host undercloud.ooo.test, set binding levels [PortBindingLevel(driver='openvswitch',host='undercloud.ooo.test',level=0,port_id=e6d6c4a4-5173-44e2-b291-24ddaf5c4255,segment=NetworkSegment(96bd311d-7945-4746-8358-3c92bc8b8a62),segment_id=96bd311d-7945-4746-8358-3c92bc8b8a62)] set_binding_levels /usr/lib/python3.9/site-packages/neutron/plugins/ml2/db.py:60
2026-06-10 07:44:26.806 19 DEBUG neutron_lib.callbacks.manager [req-805df35f-a55b-4160-a9fd-b059ca8eb763 - - - - -] Notify callbacks ['neutron.plugins.ml2.plugin.SecurityGroupServerNotifierRpcMixin.notify_sg_on_port_change-3675213', 'neutron.plugins.ml2.extensions.dns_integration._update_port_in_external_dns_service-8771964773605', 'neutron.plugins.ml2.ovo_rpc._ObjectChangeHandler.handle_event-828320', 'neutron.api.rpc.agentnotifiers.dhcp_rpc_agent_api.DhcpAgentNotifyAPI._native_event_send_dhcp_notification-782951', 'neutron.db.l3_db.L3RpcNotifierMixin._notify_gateway_port_ip_changed-8771964811421', 'neutron.db.l3_hascheduler_db._notify_l3_agent_ha_port_update-8771964327738', 'neutron.services.segments.plugin.NovaSegmentNotifier._notify_port_updated-604323'] for port, after_update _notify_loop /usr/lib/python3.9/site-packages/neutron_lib/callbacks/manager.py:200
2026-06-10 07:44:26.841 19 DEBUG neutron.api.rpc.handlers.resources_rpc [req-805df35f-a55b-4160-a9fd-b059ca8eb763 - - - - -] Pushing event updated for resources: {'Port': ['ID=e6d6c4a4-5173-44e2-b291-24ddaf5c4255,revision_number=2']} push /usr/lib/python3.9/site-packages/neutron/api/rpc/handlers/resources_rpc.py:237
2026-06-10 07:44:27.922 17 DEBUG neutron.wsgi [-] (17) accepted ('192.168.122.100', 50336) server /usr/lib/python3.9/site-packages/eventlet/wsgi.py:992
2026-06-10 07:44:27.925 17 INFO neutron.wsgi [-] 192.168.122.100 "GET / HTTP/1.1" status: 200 len: 233 time: 0.0013294
2026-06-10 07:44:28.558 18 DEBUG neutron.wsgi [-] (18) accepted ('192.168.122.100', 50340) server /usr/lib/python3.9/site-packages/eventlet/wsgi.py:992
2026-06-10 07:44:28.560 18 INFO neutron.wsgi [-] 192.168.122.100 "GET /healthcheck HTTP/1.0" status: 200 len: 137 time: 0.0015829
2026-06-10 07:44:29.136 20 DEBUG neutron.api.rpc.handlers.dhcp_rpc [req-71f59bb4-7009-4e07-92a1-5b7e46dd9734 - - - - -] Network 0b9e5d90-ed04-4f52-931e-d2113e853e39 requested from undercloud.ooo.test get_network_info /usr/lib/python3.9/site-packages/neutron/api/rpc/handlers/dhcp_rpc.py:213
