2026-06-10 07:45:41.407 18 DEBUG neutron.services.segments.db [req-60cd5adb-abc7-44d3-a99a-02b9ed0f21a1 0085878bdf184b9db979dd8979565be3 5024101d50dc4d928307f3fd3478e8af - default default] neutron.services.segments.plugin.Plugin method get_segments called with arguments (,) {'filters': {'network_id': ['0f956e9e-6699-4700-8072-f05e24b5913a']}, 'fields': [], 'sorts': [('id', True)], 'limit': None, 'marker': None, 'page_reverse': False} wrapper /usr/lib/python3.9/site-packages/oslo_log/helpers.py:65
2026-06-10 07:45:41.422 18 INFO neutron.wsgi [req-60cd5adb-abc7-44d3-a99a-02b9ed0f21a1 0085878bdf184b9db979dd8979565be3 5024101d50dc4d928307f3fd3478e8af - default default] 192.168.122.99,192.168.122.100 "GET /v2.0/segments?network_id=0f956e9e-6699-4700-8072-f05e24b5913a HTTP/1.1" status: 200 len: 541 time: 0.0191722
2026-06-10 07:45:41.465 18 DEBUG neutron.pecan_wsgi.hooks.policy_enforcement [req-7ba14294-e3a1-462d-9b8d-48f8533295ca 0085878bdf184b9db979dd8979565be3 5024101d50dc4d928307f3fd3478e8af - default default] Attributes excluded by policy engine: ['standard_attr_id', 'shared'] _exclude_attributes_by_policy /usr/lib/python3.9/site-packages/neutron/pecan_wsgi/hooks/policy_enforcement.py:259
2026-06-10 07:45:41.466 18 INFO neutron.wsgi [req-7ba14294-e3a1-462d-9b8d-48f8533295ca 0085878bdf184b9db979dd8979565be3 5024101d50dc4d928307f3fd3478e8af - default default] 192.168.122.99,192.168.122.100 "GET /v2.0/subnets?network_id=0f956e9e-6699-4700-8072-f05e24b5913a HTTP/1.1" status: 200 len: 871 time: 0.0403190
2026-06-10 07:45:41.475 18 DEBUG neutron.services.segments.db [req-54f11cb7-0b73-4251-aa60-1fcd90d7e539 0085878bdf184b9db979dd8979565be3 5024101d50dc4d928307f3fd3478e8af - default default] neutron.services.segments.plugin.Plugin method get_segment called with arguments (, 'external_external_subnet') {'fields': []} wrapper /usr/lib/python3.9/site-packages/oslo_log/helpers.py:65
2026-06-10 07:45:41.481 18 INFO neutron.api.v2.resource [req-54f11cb7-0b73-4251-aa60-1fcd90d7e539 0085878bdf184b9db979dd8979565be3 5024101d50dc4d928307f3fd3478e8af - default default] show failed (client error): The resource could not be found.
2026-06-10 07:45:41.482 18 INFO neutron.wsgi [req-54f11cb7-0b73-4251-aa60-1fcd90d7e539 0085878bdf184b9db979dd8979565be3 5024101d50dc4d928307f3fd3478e8af - default default] 192.168.122.99,192.168.122.100 "GET /v2.0/segments/external_external_subnet?network_id=0f956e9e-6699-4700-8072-f05e24b5913a HTTP/1.1" status: 404 len: 308 time: 0.0097558
2026-06-10 07:45:41.488 18 DEBUG neutron.services.segments.db [req-49bc49e4-b61b-4243-9379-e4d75458df86 0085878bdf184b9db979dd8979565be3 5024101d50dc4d928307f3fd3478e8af - default default] neutron.services.segments.plugin.Plugin method get_segments called with arguments (,) {'filters': {'name': ['external_external_subnet'], 'network_id': ['0f956e9e-6699-4700-8072-f05e24b5913a']}, 'fields': [], 'sorts': [('id', True)], 'limit': None, 'marker': None, 'page_reverse': False} wrapper /usr/lib/python3.9/site-packages/oslo_log/helpers.py:65
2026-06-10 07:45:41.502 18 INFO neutron.wsgi [req-49bc49e4-b61b-4243-9379-e4d75458df86 0085878bdf184b9db979dd8979565be3 5024101d50dc4d928307f3fd3478e8af - default default] 192.168.122.99,192.168.122.100 "GET /v2.0/segments?name=external_external_subnet&network_id=0f956e9e-6699-4700-8072-f05e24b5913a HTTP/1.1" status: 200 len: 541 time: 0.0170939
2026-06-10 07:45:41.545 18 INFO neutron.pecan_wsgi.hooks.translation [req-66f1bd79-68d4-4d3a-8971-e8176419f5de 0085878bdf184b9db979dd8979565be3 5024101d50dc4d928307f3fd3478e8af - default default] GET failed (client error): The resource could not be found.
2026-06-10 07:45:41.546 18 INFO neutron.wsgi [req-66f1bd79-68d4-4d3a-8971-e8176419f5de 0085878bdf184b9db979dd8979565be3 5024101d50dc4d928307f3fd3478e8af - default default] 192.168.122.99,192.168.122.100 "GET /v2.0/subnets/external_subnet?network_id=0f956e9e-6699-4700-8072-f05e24b5913a HTTP/1.1" status: 404 len: 297 time: 0.0379739
2026-06-10 07:45:41.598 18 DEBUG neutron.pecan_wsgi.hooks.policy_enforcement [req-9d11b0f7-fc9e-46be-9083-7f0c6d91c75b 0085878bdf184b9db979dd8979565be3 5024101d50dc4d928307f3fd3478e8af - default default] Attributes excluded by policy engine: ['standard_attr_id', 'shared'] _exclude_attributes_by_policy /usr/lib/python3.9/site-packages/neutron/pecan_wsgi/hooks/policy_enforcement.py:259
2026-06-10 07:45:41.600 18 INFO neutron.wsgi [req-9d11b0f7-fc9e-46be-9083-7f0c6d91c75b 0085878bdf184b9db979dd8979565be3 5024101d50dc4d928307f3fd3478e8af - default default] 192.168.122.99,192.168.122.100 "GET /v2.0/subnets?name=external_subnet&network_id=0f956e9e-6699-4700-8072-f05e24b5913a HTTP/1.1" status: 200 len: 871 time: 0.0495236
2026-06-10 07:45:42.722 17 DEBUG neutron.wsgi [-] (17) accepted ('192.168.122.100', 60824) server /usr/lib/python3.9/site-packages/eventlet/wsgi.py:992
2026-06-10 07:45:42.725 17 INFO neutron.wsgi [-] 192.168.122.100 "GET /healthcheck HTTP/1.0" status: 200 len: 137 time: 0.0013642
2026-06-10 07:45:42.969 16 DEBUG neutron.wsgi [-] (16) accepted ('192.168.122.100', 60838) server /usr/lib/python3.9/site-packages/eventlet/wsgi.py:992
2026-06-10 07:45:43.041 16 INFO neutron.pecan_wsgi.hooks.translation [req-83958bc8-0a5a-4cd2-8b06-54821c50d631 0085878bdf184b9db979dd8979565be3 5024101d50dc4d928307f3fd3478e8af - default default] GET failed (client error): The resource could not be found.
2026-06-10 07:45:43.046 16 INFO neutron.wsgi [req-83958bc8-0a5a-4cd2-8b06-54821c50d631 0085878bdf184b9db979dd8979565be3 5024101d50dc4d928307f3fd3478e8af - default default] 192.168.122.99,192.168.122.100 "GET /v2.0/networks/storage HTTP/1.1" status: 404 len: 291 time: 0.0728281
2026-06-10 07:45:43.151 16 DEBUG neutron.pecan_wsgi.hooks.policy_enforcement [req-1e2938e5-8312-4c91-9ec5-330417cc3c96 0085878bdf184b9db979dd8979565be3 5024101d50dc4d928307f3fd3478e8af - default default] Attributes excluded by policy engine: ['standard_attr_id', 'vlan_transparent'] _exclude_attributes_by_policy /usr/lib/python3.9/site-packages/neutron/pecan_wsgi/hooks/policy_enforcement.py:259
2026-06-10 07:45:43.153 16 INFO neutron.wsgi [req-1e2938e5-8312-4c91-9ec5-330417cc3c96 0085878bdf184b9db979dd8979565be3 5024101d50dc4d928307f3fd3478e8af - default default] 192.168.122.99,192.168.122.100 "GET /v2.0/networks?name=storage HTTP/1.1" status: 200 len: 1023 time: 0.1047685
2026-06-10 07:45:43.229 16 DEBUG neutron.pecan_wsgi.hooks.policy_enforcement [req-602bc3d2-c658-4e0d-963e-40c5b1f4c993 0085878bdf184b9db979dd8979565be3 5024101d50dc4d928307f3fd3478e8af - default default] Attributes excluded by policy engine: ['standard_attr_id', 'shared'] _exclude_attributes_by_policy /usr/lib/python3.9/site-packages/neutron/pecan_wsgi/hooks/policy_enforcement.py:259
2026-06-10 07:45:43.230 16 INFO neutron.wsgi [req-602bc3d2-c658-4e0d-963e-40c5b1f4c993 0085878bdf184b9db979dd8979565be3 5024101d50dc4d928307f3fd3478e8af - default default] 192.168.122.99,192.168.122.100 "GET /v2.0/subnets/29ec5999-920d-452d-a1c1-6c00581ea971 HTTP/1.1" status: 200 len: 859 time: 0.0683630
2026-06-10 07:45:43.250 16 INFO neutron.pecan_wsgi.hooks.translation [req-8675486d-53dc-4fd3-bbcb-5ec5260ce392 0085878bdf184b9db979dd8979565be3 5024101d50dc4d928307f3fd3478e8af - default default] GET failed (client error): The resource could not be found.
2026-06-10 07:45:43.251 16 INFO neutron.wsgi [req-8675486d-53dc-4fd3-bbcb-5ec5260ce392 0085878bdf184b9db979dd8979565be3 5024101d50dc4d928307f3fd3478e8af - default default] 192.168.122.99,192.168.122.100 "GET /v2.0/networks/storage_mgmt HTTP/1.1" status: 404 len: 296 time: 0.0152593
2026-06-10 07:45:43.312 16 DEBUG neutron.pecan_wsgi.hooks.policy_enforcement [req-24622409-0f16-4476-aedc-ea684079841b 0085878bdf184b9db979dd8979565be3 5024101d50dc4d928307f3fd3478e8af - default default] Attributes excluded by policy engine: ['standard_attr_id', 'vlan_transparent'] _exclude_attributes_by_policy /usr/lib/python3.9/site-packages/neutron/pecan_wsgi/hooks/policy_enforcement.py:259
2026-06-10 07:45:43.313 16 INFO neutron.wsgi [req-24622409-0f16-4476-aedc-ea684079841b 0085878bdf184b9db979dd8979565be3 5024101d50dc4d928307f3fd3478e8af - default default] 192.168.122.99,192.168.122.100 "GET /v2.0/networks?name=storage_mgmt HTTP/1.1" status: 200 len: 1051 time: 0.0562828
2026-06-10 07:45:43.345 16 DEBUG neutron.pecan_wsgi.hooks.policy_enforcement [req-416d03e4-acd7-4fba-9924-99b9f137ce62 0085878bdf184b9db979dd8979565be3 5024101d50dc4d928307f3fd3478e8af - default default] Attributes excluded by policy engine: ['standard_attr_id', 'shared'] _exclude_attributes_by_policy /usr/lib/python3.9/site-packages/neutron/pecan_wsgi/hooks/policy_enforcement.py:259
2026-06-10 07:45:43.346 16 INFO neutron.wsgi [req-416d03e4-acd7-4fba-9924-99b9f137ce62 0085878bdf184b9db979dd8979565be3 5024101d50dc4d928307f3fd3478e8af - default default] 192.168.122.99,192.168.122.100 "GET /v2.0/subnets/4859f9fc-3b84-47a8-96ac-f4154408ef1b HTTP/1.1" status: 200 len: 864 time: 0.0264852
2026-06-10 07:45:43.363 16 INFO neutron.pecan_wsgi.hooks.translation [req-a29ab252-56c2-4323-a4ca-30fbca9d3c3a 0085878bdf184b9db979dd8979565be3 5024101d50dc4d928307f3fd3478e8af - default default] GET failed (client error): The resource could not be found.
2026-06-10 07:45:43.363 16 INFO neutron.wsgi [req-a29ab252-56c2-4323-a4ca-30fbca9d3c3a 0085878bdf184b9db979dd8979565be3 5024101d50dc4d928307f3fd3478e8af - default default] 192.168.122.99,192.168.122.100 "GET /v2.0/networks/internal_api HTTP/1.1" status: 404 len: 296 time: 0.0116222
2026-06-10 07:45:43.417 16 DEBUG neutron.pecan_wsgi.hooks.policy_enforcement [req-bd337f59-c61b-4120-8fb9-aea08b2f020e 0085878bdf184b9db979dd8979565be3 5024101d50dc4d928307f3fd3478e8af - default default] Attributes excluded by policy engine: ['standard_attr_id', 'vlan_transparent'] _exclude_attributes_by_policy /usr/lib/python3.9/site-packages/neutron/pecan_wsgi/hooks/policy_enforcement.py:259
2026-06-10 07:45:43.417 16 INFO neutron.wsgi [req-bd337f59-c61b-4120-8fb9-aea08b2f020e 0085878bdf184b9db979dd8979565be3 5024101d50dc4d928307f3fd3478e8af - default default] 192.168.122.99,192.168.122.100 "GET /v2.0/networks?name=internal_api HTTP/1.1" status: 200 len: 1052 time: 0.0505257
2026-06-10 07:45:43.452 16 DEBUG neutron.pecan_wsgi.hooks.policy_enforcement [req-f5041852-6917-4973-a30c-6927ca5247ca 0085878bdf184b9db979dd8979565be3 5024101d50dc4d928307f3fd3478e8af - default default] Attributes excluded by policy engine: ['standard_attr_id', 'shared'] _exclude_attributes_by_policy /usr/lib/python3.9/site-packages/neutron/pecan_wsgi/hooks/policy_enforcement.py:259
2026-06-10 07:45:43.453 16 INFO neutron.wsgi [req-f5041852-6917-4973-a30c-6927ca5247ca 0085878bdf184b9db979dd8979565be3 5024101d50dc4d928307f3fd3478e8af - default default] 192.168.122.99,192.168.122.100 "GET /v2.0/subnets/38474a10-1d4d-45c5-b6cd-d61588ab13ba HTTP/1.1" status: 200 len: 864 time: 0.0298615
2026-06-10 07:45:43.469 16 INFO neutron.pecan_wsgi.hooks.translation [req-7041706f-7378-44e3-b252-2fe6b515b370 0085878bdf184b9db979dd8979565be3 5024101d50dc4d928307f3fd3478e8af - default default] GET failed (client error): The resource could not be found.
2026-06-10 07:45:43.469 16 INFO neutron.wsgi [req-7041706f-7378-44e3-b252-2fe6b515b370 0085878bdf184b9db979dd8979565be3 5024101d50dc4d928307f3fd3478e8af - default default] 192.168.122.99,192.168.122.100 "GET /v2.0/networks/tenant HTTP/1.1" status: 404 len: 290 time: 0.0112631
2026-06-10 07:45:43.524 16 DEBUG neutron.pecan_wsgi.hooks.policy_enforcement [req-610fcbcd-582c-46fc-8ca4-72033f7157d1 0085878bdf184b9db979dd8979565be3 5024101d50dc4d928307f3fd3478e8af - default default] Attributes excluded by policy engine: ['standard_attr_id', 'vlan_transparent'] _exclude_attributes_by_policy /usr/lib/python3.9/site-packages/neutron/pecan_wsgi/hooks/policy_enforcement.py:259
2026-06-10 07:45:43.525 16 INFO neutron.wsgi [req-610fcbcd-582c-46fc-8ca4-72033f7157d1 0085878bdf184b9db979dd8979565be3 5024101d50dc4d928307f3fd3478e8af - default default] 192.168.122.99,192.168.122.100 "GET /v2.0/networks?name=tenant HTTP/1.1" status: 200 len: 998 time: 0.0516021
2026-06-10 07:45:43.556 16 DEBUG neutron.pecan_wsgi.hooks.policy_enforcement [req-2a93a3cf-3877-4660-adbb-5f6af9d358be 0085878bdf184b9db979dd8979565be3 5024101d50dc4d928307f3fd3478e8af - default default] Attributes excluded by policy engine: ['standard_attr_id', 'shared'] _exclude_attributes_by_policy /usr/lib/python3.9/site-packages/neutron/pecan_wsgi/hooks/policy_enforcement.py:259
2026-06-10 07:45:43.556 16 INFO neutron.wsgi [req-2a93a3cf-3877-4660-adbb-5f6af9d358be 0085878bdf184b9db979dd8979565be3 5024101d50dc4d928307f3fd3478e8af - default default] 192.168.122.99,192.168.122.100 "GET /v2.0/subnets/2750c70d-7640-4fc7-be2d-a97a39eb3376 HTTP/1.1" status: 200 len: 858 time: 0.0255816
2026-06-10 07:45:43.574 16 INFO neutron.pecan_wsgi.hooks.translation [req-aefb639e-c91b-498a-8979-c2788683186e 0085878bdf184b9db979dd8979565be3 5024101d50dc4d928307f3fd3478e8af - default default] GET failed (client error): The resource could not be found.
2026-06-10 07:45:43.574 16 INFO neutron.wsgi [req-aefb639e-c91b-498a-8979-c2788683186e 0085878bdf184b9db979dd8979565be3 5024101d50dc4d928307f3fd3478e8af - default default] 192.168.122.99,192.168.122.100 "GET /v2.0/networks/external HTTP/1.1" status: 404 len: 292 time: 0.0130160
2026-06-10 07:45:43.630 16 DEBUG neutron.pecan_wsgi.hooks.policy_enforcement [req-390811e7-7bc6-4b90-b6be-fb44b8d0e7b4 0085878bdf184b9db979dd8979565be3 5024101d50dc4d928307f3fd3478e8af - default default] Attributes excluded by policy engine: ['standard_attr_id', 'vlan_transparent'] _exclude_attributes_by_policy /usr/lib/python3.9/site-packages/neutron/pecan_wsgi/hooks/policy_enforcement.py:259
2026-06-10 07:45:43.631 16 INFO neutron.wsgi [req-390811e7-7bc6-4b90-b6be-fb44b8d0e7b4 0085878bdf184b9db979dd8979565be3 5024101d50dc4d928307f3fd3478e8af - default default] 192.168.122.99,192.168.122.100 "GET /v2.0/networks?name=external HTTP/1.1" status: 200 len: 1029 time: 0.0527415
2026-06-10 07:45:43.663 16 DEBUG neutron.pecan_wsgi.hooks.policy_enforcement [req-0a88887a-80b9-445c-8abc-429cc194669a 0085878bdf184b9db979dd8979565be3 5024101d50dc4d928307f3fd3478e8af - default default] Attributes excluded by policy engine: ['standard_attr_id', 'shared'] _exclude_attributes_by_policy /usr/lib/python3.9/site-packages/neutron/pecan_wsgi/hooks/policy_enforcement.py:259
2026-06-10 07:45:43.664 16 INFO neutron.wsgi [req-0a88887a-80b9-445c-8abc-429cc194669a 0085878bdf184b9db979dd8979565be3 5024101d50dc4d928307f3fd3478e8af - default default] 192.168.122.99,192.168.122.100 "GET /v2.0/subnets/d5fdc17a-f6ea-4c19-a927-6268417eb853 HTTP/1.1" status: 200 len: 868 time: 0.0264764
2026-06-10 07:45:44.726 18 DEBUG neutron.wsgi [-] (18) accepted ('192.168.122.100', 60848) server /usr/lib/python3.9/site-packages/eventlet/wsgi.py:992
2026-06-10 07:45:44.730 18 INFO neutron.wsgi [-] 192.168.122.100 "GET /healthcheck HTTP/1.0" status: 200 len: 137 time: 0.0027006
2026-06-10 07:45:46.732 18 DEBUG neutron.wsgi [-] (18) accepted ('192.168.122.100', 60850) server /usr/lib/python3.9/site-packages/eventlet/wsgi.py:992
2026-06-10 07:45:46.734 18 INFO neutron.wsgi [-] 192.168.122.100 "GET /healthcheck HTTP/1.0" status: 200 len: 137 time: 0.0013189
2026-06-10 07:45:48.736 15 DEBUG neutron.wsgi [-] (15) accepted ('192.168.122.100', 60854) server /usr/lib/python3.9/site-packages/eventlet/wsgi.py:992
2026-06-10 07:45:48.739 15 INFO neutron.wsgi [-] 192.168.122.100 "GET /healthcheck HTTP/1.0" status: 200 len: 137 time: 0.0013883
2026-06-10 07:45:49.286 18 DEBUG neutron.wsgi [-] (18) accepted ('192.168.122.100', 60866) server /usr/lib/python3.9/site-packages/eventlet/wsgi.py:992
2026-06-10 07:45:49.395 18 DEBUG neutron.pecan_wsgi.hooks.policy_enforcement [req-826d9b68-638d-4307-8197-119b8cb72483 0085878bdf184b9db979dd8979565be3 5024101d50dc4d928307f3fd3478e8af - default default] Attributes excluded by policy engine: ['standard_attr_id', 'vlan_transparent'] _exclude_attributes_by_policy /usr/lib/python3.9/site-packages/neutron/pecan_wsgi/hooks/policy_enforcement.py:259
2026-06-10 07:45:49.396 18 DEBUG neutron.pecan_wsgi.hooks.policy_enforcement [req-826d9b68-638d-4307-8197-119b8cb72483 0085878bdf184b9db979dd8979565be3 5024101d50dc4d928307f3fd3478e8af - default default] Attributes excluded by policy engine: ['standard_attr_id', 'vlan_transparent'] _exclude_attributes_by_policy /usr/lib/python3.9/site-packages/neutron/pecan_wsgi/hooks/policy_enforcement.py:259
2026-06-10 07:45:49.396 18 DEBUG neutron.pecan_wsgi.hooks.policy_enforcement [req-826d9b68-638d-4307-8197-119b8cb72483 0085878bdf184b9db979dd8979565be3 5024101d50dc4d928307f3fd3478e8af - default default] Attributes excluded by policy engine: ['standard_attr_id', 'vlan_transparent'] _exclude_attributes_by_policy /usr/lib/python3.9/site-packages/neutron/pecan_wsgi/hooks/policy_enforcement.py:259
2026-06-10 07:45:49.396 18 DEBUG neutron.pecan_wsgi.hooks.policy_enforcement [req-826d9b68-638d-4307-8197-119b8cb72483 0085878bdf184b9db979dd8979565be3 5024101d50dc4d928307f3fd3478e8af - default default] Attributes excluded by policy engine: ['standard_attr_id', 'vlan_transparent'] _exclude_attributes_by_policy /usr/lib/python3.9/site-packages/neutron/pecan_wsgi/hooks/policy_enforcement.py:259
2026-06-10 07:45:49.396 18 DEBUG neutron.pecan_wsgi.hooks.policy_enforcement [req-826d9b68-638d-4307-8197-119b8cb72483 0085878bdf184b9db979dd8979565be3 5024101d50dc4d928307f3fd3478e8af - default default] Attributes excluded by policy engine: ['standard_attr_id', 'vlan_transparent'] _exclude_attributes_by_policy /usr/lib/python3.9/site-packages/neutron/pecan_wsgi/hooks/policy_enforcement.py:259
2026-06-10 07:45:49.397 18 DEBUG neutron.pecan_wsgi.hooks.policy_enforcement [req-826d9b68-638d-4307-8197-119b8cb72483 0085878bdf184b9db979dd8979565be3 5024101d50dc4d928307f3fd3478e8af - default default] Attributes excluded by policy engine: ['standard_attr_id', 'vlan_transparent'] _exclude_attributes_by_policy /usr/lib/python3.9/site-packages/neutron/pecan_wsgi/hooks/policy_enforcement.py:259
2026-06-10 07:45:49.397 18 INFO neutron.wsgi [req-826d9b68-638d-4307-8197-119b8cb72483 0085878bdf184b9db979dd8979565be3 5024101d50dc4d928307f3fd3478e8af - default default] 192.168.122.99,192.168.122.100 "GET /v2.0/networks HTTP/1.1" status: 200 len: 5131 time: 0.1102533
2026-06-10 07:45:49.438 18 DEBUG neutron.pecan_wsgi.hooks.policy_enforcement [req-d80f6514-6c5a-491f-bec6-c9859c533a1c 0085878bdf184b9db979dd8979565be3 5024101d50dc4d928307f3fd3478e8af - default default] Attributes excluded by policy engine: ['standard_attr_id', 'shared'] _exclude_attributes_by_policy /usr/lib/python3.9/site-packages/neutron/pecan_wsgi/hooks/policy_enforcement.py:259
2026-06-10 07:45:49.439 18 INFO neutron.wsgi [req-d80f6514-6c5a-491f-bec6-c9859c533a1c 0085878bdf184b9db979dd8979565be3 5024101d50dc4d928307f3fd3478e8af - default default] 192.168.122.99,192.168.122.100 "GET /v2.0/subnets?network_id=004b3e67-56f1-41f1-8704-50ee2e9ec5db HTTP/1.1" status: 200 len: 867 time: 0.0378132
2026-06-10 07:45:49.469 18 DEBUG neutron.pecan_wsgi.hooks.policy_enforcement [req-5ebb9514-9d54-4323-9c86-1d470c5276c0 0085878bdf184b9db979dd8979565be3 5024101d50dc4d928307f3fd3478e8af - default default] Attributes excluded by policy engine: ['standard_attr_id', 'shared'] _exclude_attributes_by_policy /usr/lib/python3.9/site-packages/neutron/pecan_wsgi/hooks/policy_enforcement.py:259
2026-06-10 07:45:49.470 18 INFO neutron.wsgi [req-5ebb9514-9d54-4323-9c86-1d470c5276c0 0085878bdf184b9db979dd8979565be3 5024101d50dc4d928307f3fd3478e8af - default default] 192.168.122.99,192.168.122.100 "GET /v2.0/subnets?network_id=0b9e5d90-ed04-4f52-931e-d2113e853e39 HTTP/1.1" status: 200 len: 845 time: 0.0266135
2026-06-10 07:45:49.500 18 DEBUG neutron.pecan_wsgi.hooks.policy_enforcement [req-85694996-2d8d-4a7c-8bcb-0666fbad59f6 0085878bdf184b9db979dd8979565be3 5024101d50dc4d928307f3fd3478e8af - default default] Attributes excluded by policy engine: ['standard_attr_id', 'shared'] _exclude_attributes_by_policy /usr/lib/python3.9/site-packages/neutron/pecan_wsgi/hooks/policy_enforcement.py:259
2026-06-10 07:45:49.501 18 INFO neutron.wsgi [req-85694996-2d8d-4a7c-8bcb-0666fbad59f6 0085878bdf184b9db979dd8979565be3 5024101d50dc4d928307f3fd3478e8af - default default] 192.168.122.99,192.168.122.100 "GET /v2.0/subnets?network_id=0f956e9e-6699-4700-8072-f05e24b5913a HTTP/1.1" status: 200 len: 871 time: 0.0275130
2026-06-10 07:45:49.536 18 DEBUG neutron.pecan_wsgi.hooks.policy_enforcement [req-a46e878f-c88f-47ff-bd21-013cb7eb1459 0085878bdf184b9db979dd8979565be3 5024101d50dc4d928307f3fd3478e8af - default default] Attributes excluded by policy engine: ['standard_attr_id', 'shared'] _exclude_attributes_by_policy /usr/lib/python3.9/site-packages/neutron/pecan_wsgi/hooks/policy_enforcement.py:259
2026-06-10 07:45:49.537 18 INFO neutron.wsgi [req-a46e878f-c88f-47ff-bd21-013cb7eb1459 0085878bdf184b9db979dd8979565be3 5024101d50dc4d928307f3fd3478e8af - default default] 192.168.122.99,192.168.122.100 "GET /v2.0/subnets?network_id=4bd4e5b2-64f1-4d8f-b708-67eb8da3a451 HTTP/1.1" status: 200 len: 861 time: 0.0293570
2026-06-10 07:45:49.575 18 DEBUG neutron.pecan_wsgi.hooks.policy_enforcement [req-ecefe40b-50e4-474b-98ae-3852156c6e84 0085878bdf184b9db979dd8979565be3 5024101d50dc4d928307f3fd3478e8af - default default] Attributes excluded by policy engine: ['standard_attr_id', 'shared'] _exclude_attributes_by_policy /usr/lib/python3.9/site-packages/neutron/pecan_wsgi/hooks/policy_enforcement.py:259
2026-06-10 07:45:49.576 18 INFO neutron.wsgi [req-ecefe40b-50e4-474b-98ae-3852156c6e84 0085878bdf184b9db979dd8979565be3 5024101d50dc4d928307f3fd3478e8af - default default] 192.168.122.99,192.168.122.100 "GET /v2.0/subnets?network_id=9971f4d0-f03f-4c89-815f-60083e8282ed HTTP/1.1" status: 200 len: 867 time: 0.0314078
2026-06-10 07:45:49.627 18 DEBUG neutron.pecan_wsgi.hooks.policy_enforcement [req-0fd5afea-fe22-4706-a582-517fac46a446 0085878bdf184b9db979dd8979565be3 5024101d50dc4d928307f3fd3478e8af - default default] Attributes excluded by policy engine: ['standard_attr_id', 'shared'] _exclude_attributes_by_policy /usr/lib/python3.9/site-packages/neutron/pecan_wsgi/hooks/policy_enforcement.py:259
2026-06-10 07:45:49.628 18 INFO neutron.wsgi [req-0fd5afea-fe22-4706-a582-517fac46a446 0085878bdf184b9db979dd8979565be3 5024101d50dc4d928307f3fd3478e8af - default default] 192.168.122.99,192.168.122.100 "GET /v2.0/subnets?network_id=a3e4363a-9043-447e-b8bb-38fa1a6597c9 HTTP/1.1" status: 200 len: 862 time: 0.0451705
2026-06-10 07:45:49.657 15 DEBUG neutron.wsgi [-] (15) accepted ('192.168.122.100', 60872) server /usr/lib/python3.9/site-packages/eventlet/wsgi.py:992
2026-06-10 07:45:49.658 16 DEBUG neutron.wsgi [-] (16) accepted ('192.168.122.100', 60886) server /usr/lib/python3.9/site-packages/eventlet/wsgi.py:992
2026-06-10 07:45:49.668 18 INFO neutron.wsgi [req-6ff334ae-eadd-47cb-a007-feff95105481 0085878bdf184b9db979dd8979565be3 5024101d50dc4d928307f3fd3478e8af - default default] 192.168.122.99,192.168.122.100 "GET /v2.0/ports?network_id=0b9e5d90-ed04-4f52-931e-d2113e853e39&tags=tripleo_stack_name%3Dcell2&tags=tripleo_vip_net%3Dctlplane HTTP/1.1" status: 200 len: 186 time: 0.0326481
2026-06-10 07:45:49.676 17 DEBUG neutron.wsgi [-] (17) accepted ('192.168.122.100', 60892) server /usr/lib/python3.9/site-packages/eventlet/wsgi.py:992
2026-06-10 07:45:49.678 18 DEBUG neutron.api.v2.base [req-055512a0-d13d-45c3-8d3f-48f3c99d2ce9 0085878bdf184b9db979dd8979565be3 5024101d50dc4d928307f3fd3478e8af - default default] Request body: {'port': {'network_id': '0b9e5d90-ed04-4f52-931e-d2113e853e39', 'dns_name': 'multicell', 'name': 'ctlplane_vip', 'fixed_ips': [{'ip_address': '192.168.122.96'}]}} prepare_request_body /usr/lib/python3.9/site-packages/neutron/api/v2/base.py:729
2026-06-10 07:45:49.679 18 DEBUG neutron.wsgi [-] (18) accepted ('192.168.122.100', 60898) server /usr/lib/python3.9/site-packages/eventlet/wsgi.py:992
2026-06-10 07:45:49.705 18 INFO neutron.wsgi [req-b8ec95f9-d670-4321-bce0-36d7baa81320 0085878bdf184b9db979dd8979565be3 5024101d50dc4d928307f3fd3478e8af - default default] 192.168.122.99,192.168.122.100 "GET /v2.0/ports?network_id=a3e4363a-9043-447e-b8bb-38fa1a6597c9&tags=tripleo_stack_name%3Dcell2&tags=tripleo_vip_net%3Dstorage HTTP/1.1" status: 200 len: 186 time: 0.0249083
2026-06-10 07:45:49.707 18 DEBUG neutron.pecan_wsgi.hooks.quota_enforcement [req-055512a0-d13d-45c3-8d3f-48f3c99d2ce9 0085878bdf184b9db979dd8979565be3 5024101d50dc4d928307f3fd3478e8af - default default] Made reservation on behalf of 5024101d50dc4d928307f3fd3478e8af for: {'port': 1} before /usr/lib/python3.9/site-packages/neutron/pecan_wsgi/hooks/quota_enforcement.py:53
2026-06-10 07:45:49.708 16 INFO neutron.wsgi [req-7f71d4ff-1eee-4723-9cbe-389180044a55 0085878bdf184b9db979dd8979565be3 5024101d50dc4d928307f3fd3478e8af - default default] 192.168.122.99,192.168.122.100 "GET /v2.0/ports?network_id=0f956e9e-6699-4700-8072-f05e24b5913a&tags=tripleo_stack_name%3Dcell2&tags=tripleo_vip_net%3Dexternal HTTP/1.1" status: 200 len: 186 time: 0.0478466
2026-06-10 07:45:49.709 18 DEBUG neutron_lib.callbacks.manager [req-055512a0-d13d-45c3-8d3f-48f3c99d2ce9 0085878bdf184b9db979dd8979565be3 5024101d50dc4d928307f3fd3478e8af - default default] Notify callbacks ['neutron.plugins.ml2.plugin.SecurityGroupDbMixin._ensure_default_security_group_handler-3703557'] for port, before_create _notify_loop /usr/lib/python3.9/site-packages/neutron_lib/callbacks/manager.py:200
2026-06-10 07:45:49.708 15 INFO neutron.wsgi [req-aa301d45-b450-4f23-9939-8e36142d70fa 0085878bdf184b9db979dd8979565be3 5024101d50dc4d928307f3fd3478e8af - default default] 192.168.122.99,192.168.122.100 "GET /v2.0/ports?network_id=004b3e67-56f1-41f1-8704-50ee2e9ec5db&tags=tripleo_stack_name%3Dcell2&tags=tripleo_vip_net%3Dinternal_api HTTP/1.1" status: 200 len: 186 time: 0.0502791
2026-06-10 07:45:49.715 16 DEBUG neutron.api.v2.base [req-2c3718d3-e3df-4520-a7a4-84c78999c479 0085878bdf184b9db979dd8979565be3 5024101d50dc4d928307f3fd3478e8af - default default] Request body: {'port': {'network_id': 'a3e4363a-9043-447e-b8bb-38fa1a6597c9', 'dns_name': 'multicell', 'name': 'storage_vip', 'fixed_ips': [{'ip_address': '172.18.0.146'}]}} prepare_request_body /usr/lib/python3.9/site-packages/neutron/api/v2/base.py:729
2026-06-10 07:45:49.719 15 DEBUG neutron.api.v2.base [req-1f938083-fe49-43c5-b129-ca40f0ad2b55 0085878bdf184b9db979dd8979565be3 5024101d50dc4d928307f3fd3478e8af - default default] Request body: {'port': {'network_id': '004b3e67-56f1-41f1-8704-50ee2e9ec5db', 'dns_name': 'multicell', 'name': 'internal_api_vip', 'fixed_ips': [{'ip_address': '172.17.0.136'}]}} prepare_request_body /usr/lib/python3.9/site-packages/neutron/api/v2/base.py:729
2026-06-10 07:45:49.722 16 DEBUG neutron.api.v2.base [req-35acb5ba-f112-4332-9585-fb20c4285b4b 0085878bdf184b9db979dd8979565be3 5024101d50dc4d928307f3fd3478e8af - default default] Request body: {'port': {'network_id': '0f956e9e-6699-4700-8072-f05e24b5913a', 'dns_name': 'multicell', 'name': 'external_vip', 'fixed_ips': [{'ip_address': '172.21.0.86'}]}} prepare_request_body /usr/lib/python3.9/site-packages/neutron/api/v2/base.py:729
2026-06-10 07:45:49.726 18 DEBUG neutron.notifiers.nova [req-055512a0-d13d-45c3-8d3f-48f3c99d2ce9 0085878bdf184b9db979dd8979565be3 5024101d50dc4d928307f3fd3478e8af - default default] device_id is not set on port 151dae90-7f59-4d75-bf7d-3b986501e151 yet. _can_notify /usr/lib/python3.9/site-packages/neutron/notifiers/nova.py:201
2026-06-10 07:45:49.733 17 INFO neutron.wsgi [req-89bb2015-df22-4e93-a4f5-efa40b0ce239 0085878bdf184b9db979dd8979565be3 5024101d50dc4d928307f3fd3478e8af - default default] 192.168.122.99,192.168.122.100 "GET /v2.0/ports?network_id=9971f4d0-f03f-4c89-815f-60083e8282ed&tags=tripleo_stack_name%3Dcell2&tags=tripleo_vip_net%3Dstorage_mgmt HTTP/1.1" status: 200 len: 186 time: 0.0557058
2026-06-10 07:45:49.738 15 DEBUG neutron.pecan_wsgi.hooks.quota_enforcement [req-1f938083-fe49-43c5-b129-ca40f0ad2b55 0085878bdf184b9db979dd8979565be3 5024101d50dc4d928307f3fd3478e8af - default default] Made reservation on behalf of 5024101d50dc4d928307f3fd3478e8af for: {'port': 1} before /usr/lib/python3.9/site-packages/neutron/pecan_wsgi/hooks/quota_enforcement.py:53
2026-06-10 07:45:49.738 16 DEBUG neutron.pecan_wsgi.hooks.quota_enforcement [req-35acb5ba-f112-4332-9585-fb20c4285b4b 0085878bdf184b9db979dd8979565be3 5024101d50dc4d928307f3fd3478e8af - default default] Made reservation on behalf of 5024101d50dc4d928307f3fd3478e8af for: {'port': 1} before /usr/lib/python3.9/site-packages/neutron/pecan_wsgi/hooks/quota_enforcement.py:53
2026-06-10 07:45:49.740 16 DEBUG neutron_lib.callbacks.manager [req-35acb5ba-f112-4332-9585-fb20c4285b4b 0085878bdf184b9db979dd8979565be3 5024101d50dc4d928307f3fd3478e8af - default default] Notify callbacks ['neutron.plugins.ml2.plugin.SecurityGroupDbMixin._ensure_default_security_group_handler-3703557'] for port, before_create _notify_loop /usr/lib/python3.9/site-packages/neutron_lib/callbacks/manager.py:200
2026-06-10 07:45:49.741 15 DEBUG neutron_lib.callbacks.manager [req-1f938083-fe49-43c5-b129-ca40f0ad2b55 0085878bdf184b9db979dd8979565be3 5024101d50dc4d928307f3fd3478e8af - default default] Notify callbacks ['neutron.plugins.ml2.plugin.SecurityGroupDbMixin._ensure_default_security_group_handler-3703557'] for port, before_create _notify_loop /usr/lib/python3.9/site-packages/neutron_lib/callbacks/manager.py:200
2026-06-10 07:45:49.742 18 DEBUG neutron.api.v2.base [req-a5e69df5-7684-4b0a-b619-4dd8f6a6dc95 0085878bdf184b9db979dd8979565be3 5024101d50dc4d928307f3fd3478e8af - default default] Request body: {'port': {'network_id': '9971f4d0-f03f-4c89-815f-60083e8282ed', 'dns_name': 'multicell', 'name': 'storage_mgmt_vip', 'fixed_ips': [{'ip_address': '172.20.0.156'}]}} prepare_request_body /usr/lib/python3.9/site-packages/neutron/api/v2/base.py:729
2026-06-10 07:45:49.760 18 DEBUG neutron.pecan_wsgi.hooks.quota_enforcement [req-a5e69df5-7684-4b0a-b619-4dd8f6a6dc95 0085878bdf184b9db979dd8979565be3 5024101d50dc4d928307f3fd3478e8af - default default] Made reservation on behalf of 5024101d50dc4d928307f3fd3478e8af for: {'port': 1} before /usr/lib/python3.9/site-packages/neutron/pecan_wsgi/hooks/quota_enforcement.py:53
2026-06-10 07:45:49.761 18 DEBUG neutron_lib.callbacks.manager [req-a5e69df5-7684-4b0a-b619-4dd8f6a6dc95 0085878bdf184b9db979dd8979565be3 5024101d50dc4d928307f3fd3478e8af - default default] Notify callbacks ['neutron.plugins.ml2.plugin.SecurityGroupDbMixin._ensure_default_security_group_handler-3703557'] for port, before_create _notify_loop /usr/lib/python3.9/site-packages/neutron_lib/callbacks/manager.py:200
2026-06-10 07:45:49.761 16 DEBUG neutron.pecan_wsgi.hooks.quota_enforcement [req-2c3718d3-e3df-4520-a7a4-84c78999c479 0085878bdf184b9db979dd8979565be3 5024101d50dc4d928307f3fd3478e8af - default default] Made reservation on behalf of 5024101d50dc4d928307f3fd3478e8af for: {'port': 1} before /usr/lib/python3.9/site-packages/neutron/pecan_wsgi/hooks/quota_enforcement.py:53
2026-06-10 07:45:49.763 16 DEBUG neutron_lib.callbacks.manager [req-2c3718d3-e3df-4520-a7a4-84c78999c479 0085878bdf184b9db979dd8979565be3 5024101d50dc4d928307f3fd3478e8af - default default] Notify callbacks ['neutron.plugins.ml2.plugin.SecurityGroupDbMixin._ensure_default_security_group_handler-3703557'] for port, before_create _notify_loop /usr/lib/python3.9/site-packages/neutron_lib/callbacks/manager.py:200
2026-06-10 07:45:49.765 15 DEBUG neutron.notifiers.nova [req-1f938083-fe49-43c5-b129-ca40f0ad2b55 0085878bdf184b9db979dd8979565be3 5024101d50dc4d928307f3fd3478e8af - default default] device_id is not set on port 0587f038-d856-4d33-9003-09ef682c5584 yet. _can_notify /usr/lib/python3.9/site-packages/neutron/notifiers/nova.py:201
2026-06-10 07:45:49.790 18 DEBUG neutron.notifiers.nova [req-a5e69df5-7684-4b0a-b619-4dd8f6a6dc95 0085878bdf184b9db979dd8979565be3 5024101d50dc4d928307f3fd3478e8af - default default] device_id is not set on port 9b884075-0809-472b-8547-2388c888928b yet. _can_notify /usr/lib/python3.9/site-packages/neutron/notifiers/nova.py:201
2026-06-10 07:45:49.790 16 DEBUG neutron.notifiers.nova [req-35acb5ba-f112-4332-9585-fb20c4285b4b 0085878bdf184b9db979dd8979565be3 5024101d50dc4d928307f3fd3478e8af - default default] device_id is not set on port 34686370-f30c-4668-9da1-2e33c0c78b5e yet. _can_notify /usr/lib/python3.9/site-packages/neutron/notifiers/nova.py:201
2026-06-10 07:45:49.818 16 DEBUG neutron.notifiers.nova [req-2c3718d3-e3df-4520-a7a4-84c78999c479 0085878bdf184b9db979dd8979565be3 5024101d50dc4d928307f3fd3478e8af - default default] device_id is not set on port cfbea210-9cbf-4973-be96-99bbf6ae17d8 yet. _can_notify /usr/lib/python3.9/site-packages/neutron/notifiers/nova.py:201
2026-06-10 07:45:49.856 15 DEBUG neutron.db.db_base_plugin_common [req-1f938083-fe49-43c5-b129-ca40f0ad2b55 0085878bdf184b9db979dd8979565be3 5024101d50dc4d928307f3fd3478e8af - default default] Allocated IP 172.17.0.136 (004b3e67-56f1-41f1-8704-50ee2e9ec5db/38474a10-1d4d-45c5-b6cd-d61588ab13ba/0587f038-d856-4d33-9003-09ef682c5584) _store_ip_allocation /usr/lib/python3.9/site-packages/neutron/db/db_base_plugin_common.py:131
2026-06-10 07:45:49.868 18 DEBUG neutron.db.db_base_plugin_common [req-055512a0-d13d-45c3-8d3f-48f3c99d2ce9 0085878bdf184b9db979dd8979565be3 5024101d50dc4d928307f3fd3478e8af - default default] Allocated IP 192.168.122.96 (0b9e5d90-ed04-4f52-931e-d2113e853e39/8c561616-5b28-4e73-b0b9-a9ab45b132da/151dae90-7f59-4d75-bf7d-3b986501e151) _store_ip_allocation /usr/lib/python3.9/site-packages/neutron/db/db_base_plugin_common.py:131
2026-06-10 07:45:49.926 18 DEBUG neutron.db.db_base_plugin_common [req-a5e69df5-7684-4b0a-b619-4dd8f6a6dc95 0085878bdf184b9db979dd8979565be3 5024101d50dc4d928307f3fd3478e8af - default default] Allocated IP 172.20.0.156 (9971f4d0-f03f-4c89-815f-60083e8282ed/4859f9fc-3b84-47a8-96ac-f4154408ef1b/9b884075-0809-472b-8547-2388c888928b) _store_ip_allocation /usr/lib/python3.9/site-packages/neutron/db/db_base_plugin_common.py:131
2026-06-10 07:45:49.960 16 DEBUG neutron.db.db_base_plugin_common [req-35acb5ba-f112-4332-9585-fb20c4285b4b 0085878bdf184b9db979dd8979565be3 5024101d50dc4d928307f3fd3478e8af - default default] Allocated IP 172.21.0.86 (0f956e9e-6699-4700-8072-f05e24b5913a/d5fdc17a-f6ea-4c19-a927-6268417eb853/34686370-f30c-4668-9da1-2e33c0c78b5e) _store_ip_allocation /usr/lib/python3.9/site-packages/neutron/db/db_base_plugin_common.py:131
2026-06-10 07:45:49.962 16 DEBUG neutron.db.db_base_plugin_common [req-2c3718d3-e3df-4520-a7a4-84c78999c479 0085878bdf184b9db979dd8979565be3 5024101d50dc4d928307f3fd3478e8af - default default] Allocated IP 172.18.0.146 (a3e4363a-9043-447e-b8bb-38fa1a6597c9/29ec5999-920d-452d-a1c1-6c00581ea971/cfbea210-9cbf-4973-be96-99bbf6ae17d8) _store_ip_allocation /usr/lib/python3.9/site-packages/neutron/db/db_base_plugin_common.py:131
2026-06-10 07:45:50.024 15 DEBUG neutron_lib.callbacks.manager [req-1f938083-fe49-43c5-b129-ca40f0ad2b55 0085878bdf184b9db979dd8979565be3 5024101d50dc4d928307f3fd3478e8af - default default] Notify callbacks [] for allowed_address_pair, before_create _notify_loop /usr/lib/python3.9/site-packages/neutron_lib/callbacks/manager.py:200
2026-06-10 07:45:50.025 15 DEBUG neutron_lib.callbacks.manager [req-1f938083-fe49-43c5-b129-ca40f0ad2b55 0085878bdf184b9db979dd8979565be3 5024101d50dc4d928307f3fd3478e8af - default default] Notify callbacks [] for port, precommit_create _notify_loop /usr/lib/python3.9/site-packages/neutron_lib/callbacks/manager.py:200
2026-06-10 07:45:50.046 15 DEBUG neutron_lib.callbacks.manager [req-1f938083-fe49-43c5-b129-ca40f0ad2b55 0085878bdf184b9db979dd8979565be3 5024101d50dc4d928307f3fd3478e8af - default default] Notify callbacks ['neutron.plugins.ml2.plugin.SecurityGroupServerNotifierRpcMixin.notify_sg_on_port_change-3675213', 'neutron.plugins.ml2.extensions.dns_integration._create_port_in_external_dns_service-8771964773578', 'neutron.plugins.ml2.ovo_rpc._ObjectChangeHandler.handle_event-828320', 'neutron.api.rpc.agentnotifiers.dhcp_rpc_agent_api.DhcpAgentNotifyAPI._native_event_send_dhcp_notification-782951', 'neutron.services.segments.plugin.NovaSegmentNotifier._notify_port_created_or_deleted-604348'] for port, after_create _notify_loop /usr/lib/python3.9/site-packages/neutron_lib/callbacks/manager.py:200
2026-06-10 07:45:50.118 15 DEBUG neutron.api.rpc.handlers.resources_rpc [req-1f938083-fe49-43c5-b129-ca40f0ad2b55 0085878bdf184b9db979dd8979565be3 5024101d50dc4d928307f3fd3478e8af - - -] Pushing event updated for resources: {'Port': ['ID=0587f038-d856-4d33-9003-09ef682c5584,revision_number=1']} push /usr/lib/python3.9/site-packages/neutron/api/rpc/handlers/resources_rpc.py:237
2026-06-10 07:45:50.126 15 DEBUG neutron.api.rpc.callbacks.version_manager [req-1f938083-fe49-43c5-b129-ca40f0ad2b55 0085878bdf184b9db979dd8979565be3 5024101d50dc4d928307f3fd3478e8af - - -] Version for resource type AddressGroup changed None to 1.2 on consumer Open vSwitch agent@undercloud.ooo.test _set_version /usr/lib/python3.9/site-packages/neutron/api/rpc/callbacks/version_manager.py:113
2026-06-10 07:45:50.126 15 DEBUG neutron.api.rpc.callbacks.version_manager [req-1f938083-fe49-43c5-b129-ca40f0ad2b55 0085878bdf184b9db979dd8979565be3 5024101d50dc4d928307f3fd3478e8af - - -] Version for resource type ConntrackHelper changed None to 1.0 on consumer Open vSwitch agent@undercloud.ooo.test _set_version /usr/lib/python3.9/site-packages/neutron/api/rpc/callbacks/version_manager.py:113
2026-06-10 07:45:50.126 15 DEBUG neutron.api.rpc.callbacks.version_manager [req-1f938083-fe49-43c5-b129-ca40f0ad2b55 0085878bdf184b9db979dd8979565be3 5024101d50dc4d928307f3fd3478e8af - - -] Version for resource type Log changed None to 1.0 on consumer Open vSwitch agent@undercloud.ooo.test _set_version /usr/lib/python3.9/site-packages/neutron/api/rpc/callbacks/version_manager.py:113
2026-06-10 07:45:50.127 15 DEBUG neutron.api.rpc.callbacks.version_manager [req-1f938083-fe49-43c5-b129-ca40f0ad2b55 0085878bdf184b9db979dd8979565be3 5024101d50dc4d928307f3fd3478e8af - - -] Version for resource type Network changed None to 1.1 on consumer Open vSwitch agent@undercloud.ooo.test _set_version /usr/lib/python3.9/site-packages/neutron/api/rpc/callbacks/version_manager.py:113
2026-06-10 07:45:50.127 15 DEBUG neutron.api.rpc.callbacks.version_manager [req-1f938083-fe49-43c5-b129-ca40f0ad2b55 0085878bdf184b9db979dd8979565be3 5024101d50dc4d928307f3fd3478e8af - - -] Version for resource type Port changed None to 1.7 on consumer Open vSwitch agent@undercloud.ooo.test _set_version /usr/lib/python3.9/site-packages/neutron/api/rpc/callbacks/version_manager.py:113
2026-06-10 07:45:50.127 15 DEBUG neutron.api.rpc.callbacks.version_manager [req-1f938083-fe49-43c5-b129-ca40f0ad2b55 0085878bdf184b9db979dd8979565be3 5024101d50dc4d928307f3fd3478e8af - - -] Version for resource type PortForwarding changed None to 1.2 on consumer Open vSwitch agent@undercloud.ooo.test _set_version /usr/lib/python3.9/site-packages/neutron/api/rpc/callbacks/version_manager.py:113
2026-06-10 07:45:50.127 15 DEBUG neutron.api.rpc.callbacks.version_manager [req-1f938083-fe49-43c5-b129-ca40f0ad2b55 0085878bdf184b9db979dd8979565be3 5024101d50dc4d928307f3fd3478e8af - - -] Version for resource type QosPolicy changed None to 1.8 on consumer Open vSwitch agent@undercloud.ooo.test _set_version /usr/lib/python3.9/site-packages/neutron/api/rpc/callbacks/version_manager.py:113
2026-06-10 07:45:50.127 15 DEBUG neutron.api.rpc.callbacks.version_manager [req-1f938083-fe49-43c5-b129-ca40f0ad2b55 0085878bdf184b9db979dd8979565be3 5024101d50dc4d928307f3fd3478e8af - - -] Version for resource type SecurityGroup changed None to 1.5 on consumer Open vSwitch agent@undercloud.ooo.test _set_version /usr/lib/python3.9/site-packages/neutron/api/rpc/callbacks/version_manager.py:113
2026-06-10 07:45:50.127 15 DEBUG neutron.api.rpc.callbacks.version_manager [req-1f938083-fe49-43c5-b129-ca40f0ad2b55 0085878bdf184b9db979dd8979565be3 5024101d50dc4d928307f3fd3478e8af - - -] Version for resource type SecurityGroupRule changed None to 1.2 on consumer Open vSwitch agent@undercloud.ooo.test _set_version /usr/lib/python3.9/site-packages/neutron/api/rpc/callbacks/version_manager.py:113
2026-06-10 07:45:50.128 15 DEBUG neutron.api.rpc.callbacks.version_manager [req-1f938083-fe49-43c5-b129-ca40f0ad2b55 0085878bdf184b9db979dd8979565be3 5024101d50dc4d928307f3fd3478e8af - - -] Version for resource type SubPort changed None to 1.0 on consumer Open vSwitch agent@undercloud.ooo.test _set_version /usr/lib/python3.9/site-packages/neutron/api/rpc/callbacks/version_manager.py:113
2026-06-10 07:45:50.128 15 DEBUG neutron.api.rpc.callbacks.version_manager [req-1f938083-fe49-43c5-b129-ca40f0ad2b55 0085878bdf184b9db979dd8979565be3 5024101d50dc4d928307f3fd3478e8af - - -] Version for resource type Subnet changed None to 1.1 on consumer Open vSwitch agent@undercloud.ooo.test _set_version /usr/lib/python3.9/site-packages/neutron/api/rpc/callbacks/version_manager.py:113
2026-06-10 07:45:50.128 15 DEBUG neutron.api.rpc.callbacks.version_manager [req-1f938083-fe49-43c5-b129-ca40f0ad2b55 0085878bdf184b9db979dd8979565be3 5024101d50dc4d928307f3fd3478e8af - - -] Version for resource type Trunk changed None to 1.1 on consumer Open vSwitch agent@undercloud.ooo.test _set_version /usr/lib/python3.9/site-packages/neutron/api/rpc/callbacks/version_manager.py:113
2026-06-10 07:45:50.133 15 DEBUG neutron.plugins.ml2.drivers.mech_agent [req-1f938083-fe49-43c5-b129-ca40f0ad2b55 0085878bdf184b9db979dd8979565be3 5024101d50dc4d928307f3fd3478e8af - default default] Checking segment: {'id': '4993d0f4-e04b-4762-969f-34d538925f14', 'network_type': 'flat', 'physical_network': 'internal_api_internal_api_subnet', 'segmentation_id': None, 'network_id': '004b3e67-56f1-41f1-8704-50ee2e9ec5db'} for mappings: {'ctlplane': 'br-ctlplane'} with network types: ['local', 'flat', 'vlan'] check_segment_for_agent /usr/lib/python3.9/site-packages/neutron/plugins/ml2/drivers/mech_agent.py:343
2026-06-10 07:45:50.133 15 DEBUG neutron.plugins.ml2.drivers.mech_agent [req-1f938083-fe49-43c5-b129-ca40f0ad2b55 0085878bdf184b9db979dd8979565be3 5024101d50dc4d928307f3fd3478e8af - default default] Network 004b3e67-56f1-41f1-8704-50ee2e9ec5db with segment 4993d0f4-e04b-4762-969f-34d538925f14 is connected to physical network internal_api_internal_api_subnet, but agent undercloud.ooo.test reported physical networks {'ctlplane': 'br-ctlplane'}. The physical network must be configured on the agent if binding is to succeed. check_segment_for_agent /usr/lib/python3.9/site-packages/neutron/plugins/ml2/drivers/mech_agent.py:365
2026-06-10 07:45:50.136 15 DEBUG neutron.scheduler.dhcp_agent_scheduler [req-1f938083-fe49-43c5-b129-ca40f0ad2b55 0085878bdf184b9db979dd8979565be3 5024101d50dc4d928307f3fd3478e8af - default default] Network hostable DHCP agents. Network: 004b3e67-56f1-41f1-8704-50ee2e9ec5db, hostable agents: [], hosted agents: [] _get_network_hostable_dhcp_agents /usr/lib/python3.9/site-packages/neutron/scheduler/dhcp_agent_scheduler.py:329
2026-06-10 07:45:50.137 15 DEBUG neutron.scheduler.base_scheduler [req-1f938083-fe49-43c5-b129-ca40f0ad2b55 0085878bdf184b9db979dd8979565be3 5024101d50dc4d928307f3fd3478e8af - default default] Resources bound (agent type, host, resource id): schedule /usr/lib/python3.9/site-packages/neutron/scheduler/base_scheduler.py:57
2026-06-10 07:45:50.137 15 WARNING neutron.api.rpc.agentnotifiers.dhcp_rpc_agent_api [req-1f938083-fe49-43c5-b129-ca40f0ad2b55 0085878bdf184b9db979dd8979565be3 5024101d50dc4d928307f3fd3478e8af - default default] Unable to schedule network 004b3e67-56f1-41f1-8704-50ee2e9ec5db: no agents available; will retry on subsequent port and subnet creation events.
2026-06-10 07:45:50.137 15 DEBUG neutron.api.rpc.agentnotifiers.dhcp_rpc_agent_api [req-1f938083-fe49-43c5-b129-ca40f0ad2b55 0085878bdf184b9db979dd8979565be3 5024101d50dc4d928307f3fd3478e8af - default default] Network 004b3e67-56f1-41f1-8704-50ee2e9ec5db is not hosted by any dhcp agent _notify_agents /usr/lib/python3.9/site-packages/neutron/api/rpc/agentnotifiers/dhcp_rpc_agent_api.py:228
2026-06-10 07:45:50.154 18 DEBUG neutron_lib.callbacks.manager [req-055512a0-d13d-45c3-8d3f-48f3c99d2ce9 0085878bdf184b9db979dd8979565be3 5024101d50dc4d928307f3fd3478e8af - default default] Notify callbacks [] for allowed_address_pair, before_create _notify_loop /usr/lib/python3.9/site-packages/neutron_lib/callbacks/manager.py:200
2026-06-10 07:45:50.155 18 DEBUG neutron_lib.callbacks.manager [req-055512a0-d13d-45c3-8d3f-48f3c99d2ce9 0085878bdf184b9db979dd8979565be3 5024101d50dc4d928307f3fd3478e8af - default default] Notify callbacks [] for port, precommit_create _notify_loop /usr/lib/python3.9/site-packages/neutron_lib/callbacks/manager.py:200
2026-06-10 07:45:50.169 18 DEBUG neutron.db.provisioning_blocks [req-055512a0-d13d-45c3-8d3f-48f3c99d2ce9 0085878bdf184b9db979dd8979565be3 5024101d50dc4d928307f3fd3478e8af - default default] Transition to ACTIVE for port object 151dae90-7f59-4d75-bf7d-3b986501e151 will not be triggered until provisioned by entity DHCP. add_provisioning_component /usr/lib/python3.9/site-packages/neutron/db/provisioning_blocks.py:74
2026-06-10 07:45:50.173 15 DEBUG neutron.pecan_wsgi.hooks.policy_enforcement [req-1f938083-fe49-43c5-b129-ca40f0ad2b55 0085878bdf184b9db979dd8979565be3 5024101d50dc4d928307f3fd3478e8af - default default] Attributes excluded by policy engine: ['standard_attr_id', 'network'] _exclude_attributes_by_policy /usr/lib/python3.9/site-packages/neutron/pecan_wsgi/hooks/policy_enforcement.py:259
2026-06-10 07:45:50.173 15 DEBUG neutron_lib.callbacks.manager [req-1f938083-fe49-43c5-b129-ca40f0ad2b55 0085878bdf184b9db979dd8979565be3 5024101d50dc4d928307f3fd3478e8af - default default] Notify callbacks ['neutron.notifiers.nova.Notifier._send_nova_notification-940035', 'neutron.api.rpc.agentnotifiers.dhcp_rpc_agent_api.DhcpAgentNotifyAPI._send_dhcp_notification-782933'] for port, before_response _notify_loop /usr/lib/python3.9/site-packages/neutron_lib/callbacks/manager.py:200
2026-06-10 07:45:50.177 18 DEBUG neutron_lib.callbacks.manager [req-a5e69df5-7684-4b0a-b619-4dd8f6a6dc95 0085878bdf184b9db979dd8979565be3 5024101d50dc4d928307f3fd3478e8af - default default] Notify callbacks [] for allowed_address_pair, before_create _notify_loop /usr/lib/python3.9/site-packages/neutron_lib/callbacks/manager.py:200
2026-06-10 07:45:50.178 18 DEBUG neutron_lib.callbacks.manager [req-a5e69df5-7684-4b0a-b619-4dd8f6a6dc95 0085878bdf184b9db979dd8979565be3 5024101d50dc4d928307f3fd3478e8af - default default] Notify callbacks [] for port, precommit_create _notify_loop /usr/lib/python3.9/site-packages/neutron_lib/callbacks/manager.py:200
2026-06-10 07:45:50.189 15 INFO neutron.wsgi [req-1f938083-fe49-43c5-b129-ca40f0ad2b55 0085878bdf184b9db979dd8979565be3 5024101d50dc4d928307f3fd3478e8af - default default] 192.168.122.99,192.168.122.100 "POST /v2.0/ports HTTP/1.1" status: 201 len: 1155 time: 0.4750049
2026-06-10 07:45:50.194 18 DEBUG neutron_lib.callbacks.manager [req-a5e69df5-7684-4b0a-b619-4dd8f6a6dc95 0085878bdf184b9db979dd8979565be3 5024101d50dc4d928307f3fd3478e8af - default default] Notify callbacks ['neutron.plugins.ml2.plugin.SecurityGroupServerNotifierRpcMixin.notify_sg_on_port_change-3675213', 'neutron.plugins.ml2.extensions.dns_integration._create_port_in_external_dns_service-8771964773578', 'neutron.plugins.ml2.ovo_rpc._ObjectChangeHandler.handle_event-828320', 'neutron.api.rpc.agentnotifiers.dhcp_rpc_agent_api.DhcpAgentNotifyAPI._native_event_send_dhcp_notification-782951', 'neutron.services.segments.plugin.NovaSegmentNotifier._notify_port_created_or_deleted-604348'] for port, after_create _notify_loop /usr/lib/python3.9/site-packages/neutron_lib/callbacks/manager.py:200
2026-06-10 07:45:50.198 15 DEBUG neutron.services.tag.tag_plugin [req-63853a25-68f7-4476-8cf9-d4aebe14a9ed 0085878bdf184b9db979dd8979565be3 5024101d50dc4d928307f3fd3478e8af - default default] neutron.services.tag.tag_plugin.TagPlugin method update_tags called with arguments (, 'ports', '0587f038-d856-4d33-9003-09ef682c5584', {'tags': ['tripleo_stack_name=cell2', 'tripleo_vip_net=internal_api']}) {} wrapper /usr/lib/python3.9/site-packages/oslo_log/helpers.py:65
2026-06-10 07:45:50.234 18 DEBUG neutron_lib.callbacks.manager [req-055512a0-d13d-45c3-8d3f-48f3c99d2ce9 0085878bdf184b9db979dd8979565be3 5024101d50dc4d928307f3fd3478e8af - default default] Notify callbacks ['neutron.plugins.ml2.plugin.SecurityGroupServerNotifierRpcMixin.notify_sg_on_port_change-3675213', 'neutron.plugins.ml2.extensions.dns_integration._create_port_in_external_dns_service-8771964773578', 'neutron.plugins.ml2.ovo_rpc._ObjectChangeHandler.handle_event-828320', 'neutron.api.rpc.agentnotifiers.dhcp_rpc_agent_api.DhcpAgentNotifyAPI._native_event_send_dhcp_notification-782951', 'neutron.services.segments.plugin.NovaSegmentNotifier._notify_port_created_or_deleted-604348'] for port, after_create _notify_loop /usr/lib/python3.9/site-packages/neutron_lib/callbacks/manager.py:200
2026-06-10 07:45:50.241 15 INFO neutron.wsgi [req-63853a25-68f7-4476-8cf9-d4aebe14a9ed 0085878bdf184b9db979dd8979565be3 5024101d50dc4d928307f3fd3478e8af - default default] 192.168.122.99,192.168.122.100 "PUT /v2.0/ports/0587f038-d856-4d33-9003-09ef682c5584/tags HTTP/1.1" status: 200 len: 244 time: 0.0451949
2026-06-10 07:45:50.243 18 DEBUG neutron.api.rpc.handlers.resources_rpc [req-a5e69df5-7684-4b0a-b619-4dd8f6a6dc95 0085878bdf184b9db979dd8979565be3 5024101d50dc4d928307f3fd3478e8af - - -] Pushing event updated for resources: {'Port': ['ID=9b884075-0809-472b-8547-2388c888928b,revision_number=1']} push /usr/lib/python3.9/site-packages/neutron/api/rpc/handlers/resources_rpc.py:237
