Jun 12 10:15:42 np0000071537 container-server[105765]: 1 successes, 0 failures
Jun 12 10:15:42 np0000071537 container-server[105765]: diff:0 diff_capped:0 empty:0 hashmatch:0 no_change:1 remote_merge:0 rsync:0 ts_repl:0
Jun 12 10:15:43 np0000071537 account-server[105940]: 172.20.0.30 - - [12/Jun/2026:10:15:43 +0000] "HEAD /d1/660/AUTH_ba582bfc01404638ab90ee141c6fed23" 204 - "HEAD http://swift-internal.openstack.svc:8080/v1/AUTH_ba582bfc01404638ab90ee141c6fed23?format=json" "tx510a8730a07c4e4e8199b-006a2bdc4f" "proxy-server 12" 0.0024 "-" 23 -
Jun 12 10:15:43 np0000071537 container-server[106023]: 172.20.0.30 - - [12/Jun/2026:10:15:43 +0000] "HEAD /d1/21/AUTH_ba582bfc01404638ab90ee141c6fed23/glance" 204 - "HEAD http://swift-internal.openstack.svc:8080/v1/AUTH_ba582bfc01404638ab90ee141c6fed23/glance?format=json&states=listing" "tx510a8730a07c4e4e8199b-006a2bdc4f" "proxy-server 12" 0.0024 "-" 22 0
Jun 12 10:15:43 np0000071537 container-server[105991]: 172.20.0.103 - - [12/Jun/2026:10:15:43 +0000] "PUT /d1/21/AUTH_ba582bfc01404638ab90ee141c6fed23/glance/417914a6-724b-458b-995d-0e482fa03472-00001" 201 - "PUT http://swift-internal.openstack.svc:8080/d1/236/AUTH_ba582bfc01404638ab90ee141c6fed23/glance/417914a6-724b-458b-995d-0e482fa03472-00001" "txd3a13d643cc046e7abcb8-006a2bdc4f" "object-server 22" 0.0006 "-" 18 0
Jun 12 10:15:43 np0000071537 object-server[106722]: 172.20.0.30 - - [12/Jun/2026:10:15:43 +0000] "PUT /d1/236/AUTH_ba582bfc01404638ab90ee141c6fed23/glance/417914a6-724b-458b-995d-0e482fa03472-00001" 201 - "PUT http://swift-internal.openstack.svc:8080/v1/AUTH_ba582bfc01404638ab90ee141c6fed23/glance/417914a6-724b-458b-995d-0e482fa03472-00001" "txd3a13d643cc046e7abcb8-006a2bdc4f" "proxy-server 12" 0.0117 "-" 22 0
Jun 12 10:15:43 np0000071537 container-server[105973]: 172.20.0.103 - - [12/Jun/2026:10:15:43 +0000] "PUT /d1/21/AUTH_ba582bfc01404638ab90ee141c6fed23/glance/417914a6-724b-458b-995d-0e482fa03472" 201 - "PUT http://swift-internal.openstack.svc:8080/d1/901/AUTH_ba582bfc01404638ab90ee141c6fed23/glance/417914a6-724b-458b-995d-0e482fa03472" "txd1fda22fc85742858c43d-006a2bdc4f" "object-server 23" 0.0010 "-" 17 0
Jun 12 10:15:43 np0000071537 object-server[106725]: 172.20.0.30 - - [12/Jun/2026:10:15:43 +0000] "PUT /d1/901/AUTH_ba582bfc01404638ab90ee141c6fed23/glance/417914a6-724b-458b-995d-0e482fa03472" 201 - "PUT http://swift-internal.openstack.svc:8080/v1/AUTH_ba582bfc01404638ab90ee141c6fed23/glance/417914a6-724b-458b-995d-0e482fa03472" "txd1fda22fc85742858c43d-006a2bdc4f" "proxy-server 12" 0.0109 "-" 23 0
Jun 12 10:15:43 np0000071537 object-server[561694]: Begin object audit "forever" mode (ZBF)
Jun 12 10:15:43 np0000071537 object-server[561694]: Object audit (ZBF). Since Fri Jun 12 10:15:43 2026: Locally: 1 passed, 0 quarantined, 0 errors, files/sec: 608.31, bytes/sec: 0.00, Total time: 0.00, Auditing time: 0.00, Rate: 0.00
Jun 12 10:15:44 np0000071537 object-server[561694]: Object audit (ZBF) "forever" mode completed: 0.40s. Total quarantined: 0, Total errors: 0, Total files/sec: 54.53, Total bytes/sec: 0.00, Auditing time: 0.40, Rate: 0.98
Jun 12 10:15:44 np0000071537 container-server[106023]: 172.20.0.30 - - [12/Jun/2026:10:15:44 +0000] "HEAD /d1/21/AUTH_ba582bfc01404638ab90ee141c6fed23/glance" 204 - "HEAD http://swift-internal.openstack.svc:8080/v1/AUTH_ba582bfc01404638ab90ee141c6fed23/glance?format=json&states=listing" "tx30d7d9913afc4c67afe10-006a2bdc50" "proxy-server 12" 0.0086 "-" 22 0
Jun 12 10:15:44 np0000071537 container-server[105973]: 172.20.0.103 - - [12/Jun/2026:10:15:44 +0000] "PUT /d1/21/AUTH_ba582bfc01404638ab90ee141c6fed23/glance/812725c3-a050-4c40-81ed-96f385834637-00001" 201 - "PUT http://swift-internal.openstack.svc:8080/d1/189/AUTH_ba582bfc01404638ab90ee141c6fed23/glance/812725c3-a050-4c40-81ed-96f385834637-00001" "tx8e307b90ecbd4e47b4164-006a2bdc50" "object-server 22" 0.0011 "-" 17 0
Jun 12 10:15:44 np0000071537 object-server[106722]: 172.20.0.30 - - [12/Jun/2026:10:15:44 +0000] "PUT /d1/189/AUTH_ba582bfc01404638ab90ee141c6fed23/glance/812725c3-a050-4c40-81ed-96f385834637-00001" 201 - "PUT http://swift-internal.openstack.svc:8080/v1/AUTH_ba582bfc01404638ab90ee141c6fed23/glance/812725c3-a050-4c40-81ed-96f385834637-00001" "tx8e307b90ecbd4e47b4164-006a2bdc50" "proxy-server 12" 0.0129 "-" 22 0
Jun 12 10:15:44 np0000071537 container-server[105991]: 172.20.0.103 - - [12/Jun/2026:10:15:44 +0000] "PUT /d1/21/AUTH_ba582bfc01404638ab90ee141c6fed23/glance/812725c3-a050-4c40-81ed-96f385834637" 201 - "PUT http://swift-internal.openstack.svc:8080/d1/699/AUTH_ba582bfc01404638ab90ee141c6fed23/glance/812725c3-a050-4c40-81ed-96f385834637" "tx2f9d5400fd614db7b729b-006a2bdc50" "object-server 22" 0.0008 "-" 18 0
Jun 12 10:15:44 np0000071537 object-server[106722]: 172.20.0.30 - - [12/Jun/2026:10:15:44 +0000] "PUT /d1/699/AUTH_ba582bfc01404638ab90ee141c6fed23/glance/812725c3-a050-4c40-81ed-96f385834637" 201 - "PUT http://swift-internal.openstack.svc:8080/v1/AUTH_ba582bfc01404638ab90ee141c6fed23/glance/812725c3-a050-4c40-81ed-96f385834637" "tx2f9d5400fd614db7b729b-006a2bdc50" "proxy-server 12" 0.0102 "-" 22 0
Jun 12 10:15:45 np0000071537 container-server[105973]: 172.20.0.30 - - [12/Jun/2026:10:15:45 +0000] "HEAD /d1/21/AUTH_ba582bfc01404638ab90ee141c6fed23/glance" 204 - "HEAD http://swift-internal.openstack.svc:8080/v1/AUTH_ba582bfc01404638ab90ee141c6fed23/glance?format=json&states=listing" "txef7022e1bf324315ac551-006a2bdc51" "proxy-server 7" 0.0092 "-" 17 0
Jun 12 10:15:45 np0000071537 container-server[106007]: 172.20.0.103 - - [12/Jun/2026:10:15:45 +0000] "PUT /d1/21/AUTH_ba582bfc01404638ab90ee141c6fed23/glance/b12d05d0-a61d-4fa8-9091-69ca6bc2ea43-00001" 201 - "PUT http://swift-internal.openstack.svc:8080/d1/773/AUTH_ba582bfc01404638ab90ee141c6fed23/glance/b12d05d0-a61d-4fa8-9091-69ca6bc2ea43-00001" "tx62d366923f944ce887403-006a2bdc51" "object-server 23" 0.0008 "-" 21 0
Jun 12 10:15:45 np0000071537 object-server[106725]: 172.20.0.30 - - [12/Jun/2026:10:15:45 +0000] "PUT /d1/773/AUTH_ba582bfc01404638ab90ee141c6fed23/glance/b12d05d0-a61d-4fa8-9091-69ca6bc2ea43-00001" 201 - "PUT http://swift-internal.openstack.svc:8080/v1/AUTH_ba582bfc01404638ab90ee141c6fed23/glance/b12d05d0-a61d-4fa8-9091-69ca6bc2ea43-00001" "tx62d366923f944ce887403-006a2bdc51" "proxy-server 7" 0.0144 "-" 23 0
Jun 12 10:15:45 np0000071537 container-server[105991]: 172.20.0.103 - - [12/Jun/2026:10:15:45 +0000] "PUT /d1/21/AUTH_ba582bfc01404638ab90ee141c6fed23/glance/b12d05d0-a61d-4fa8-9091-69ca6bc2ea43" 201 - "PUT http://swift-internal.openstack.svc:8080/d1/634/AUTH_ba582bfc01404638ab90ee141c6fed23/glance/b12d05d0-a61d-4fa8-9091-69ca6bc2ea43" "txb9efc9f9d63b4beca48cf-006a2bdc51" "object-server 22" 0.0008 "-" 18 0
Jun 12 10:15:45 np0000071537 object-server[106722]: 172.20.0.30 - - [12/Jun/2026:10:15:45 +0000] "PUT /d1/634/AUTH_ba582bfc01404638ab90ee141c6fed23/glance/b12d05d0-a61d-4fa8-9091-69ca6bc2ea43" 201 - "PUT http://swift-internal.openstack.svc:8080/v1/AUTH_ba582bfc01404638ab90ee141c6fed23/glance/b12d05d0-a61d-4fa8-9091-69ca6bc2ea43" "txb9efc9f9d63b4beca48cf-006a2bdc51" "proxy-server 7" 0.0127 "-" 22 0
Jun 12 10:15:46 np0000071537 container-server[105991]: 172.20.0.30 - - [12/Jun/2026:10:15:46 +0000] "HEAD /d1/21/AUTH_ba582bfc01404638ab90ee141c6fed23/glance" 204 - "HEAD http://swift-internal.openstack.svc:8080/v1/AUTH_ba582bfc01404638ab90ee141c6fed23/glance?format=json&states=listing" "tx2284fd7dde684dc6897d5-006a2bdc52" "proxy-server 5" 0.0089 "-" 18 0
Jun 12 10:15:46 np0000071537 container-server[105973]: 172.20.0.103 - - [12/Jun/2026:10:15:46 +0000] "PUT /d1/21/AUTH_ba582bfc01404638ab90ee141c6fed23/glance/9fc428a4-4a09-45c7-90aa-2324f4984d2f-00001" 201 - "PUT http://swift-internal.openstack.svc:8080/d1/405/AUTH_ba582bfc01404638ab90ee141c6fed23/glance/9fc428a4-4a09-45c7-90aa-2324f4984d2f-00001" "tx872b790a37ca42a085e2f-006a2bdc52" "object-server 24" 0.0010 "-" 17 0
Jun 12 10:15:46 np0000071537 object-server[106726]: 172.20.0.30 - - [12/Jun/2026:10:15:46 +0000] "PUT /d1/405/AUTH_ba582bfc01404638ab90ee141c6fed23/glance/9fc428a4-4a09-45c7-90aa-2324f4984d2f-00001" 201 - "PUT http://swift-internal.openstack.svc:8080/v1/AUTH_ba582bfc01404638ab90ee141c6fed23/glance/9fc428a4-4a09-45c7-90aa-2324f4984d2f-00001" "tx872b790a37ca42a085e2f-006a2bdc52" "proxy-server 5" 0.0148 "-" 24 0
Jun 12 10:15:46 np0000071537 container-server[106023]: 172.20.0.103 - - [12/Jun/2026:10:15:46 +0000] "PUT /d1/21/AUTH_ba582bfc01404638ab90ee141c6fed23/glance/9fc428a4-4a09-45c7-90aa-2324f4984d2f" 201 - "PUT http://swift-internal.openstack.svc:8080/d1/152/AUTH_ba582bfc01404638ab90ee141c6fed23/glance/9fc428a4-4a09-45c7-90aa-2324f4984d2f" "txb54f0efe3ea143c79dd09-006a2bdc52" "object-server 22" 0.0006 "-" 22 0
Jun 12 10:15:46 np0000071537 object-server[106722]: 172.20.0.30 - - [12/Jun/2026:10:15:46 +0000] "PUT /d1/152/AUTH_ba582bfc01404638ab90ee141c6fed23/glance/9fc428a4-4a09-45c7-90aa-2324f4984d2f" 201 - "PUT http://swift-internal.openstack.svc:8080/v1/AUTH_ba582bfc01404638ab90ee141c6fed23/glance/9fc428a4-4a09-45c7-90aa-2324f4984d2f" "txb54f0efe3ea143c79dd09-006a2bdc52" "proxy-server 5" 0.0108 "-" 22 0
Jun 12 10:15:49 np0000071537 object-server[106725]: 172.20.0.30 - - [12/Jun/2026:10:15:49 +0000] "HEAD /d1/152/AUTH_ba582bfc01404638ab90ee141c6fed23/glance/9fc428a4-4a09-45c7-90aa-2324f4984d2f" 200 - "HEAD http://swift-internal.openstack.svc:8080/v1/AUTH_ba582bfc01404638ab90ee141c6fed23/glance/9fc428a4-4a09-45c7-90aa-2324f4984d2f" "tx5bd4ac92f1fa43a2a4565-006a2bdc54" "proxy-server 5" 0.0010 "-" 23 0
Jun 12 10:15:49 np0000071537 container-server[106007]: 172.20.0.30 - - [12/Jun/2026:10:15:49 +0000] "GET /d1/21/AUTH_ba582bfc01404638ab90ee141c6fed23/glance" 200 206 "GET http://swift-internal.openstack.svc:8080/v1/AUTH_ba582bfc01404638ab90ee141c6fed23/glance?prefix=9fc428a4-4a09-45c7-90aa-2324f4984d2f-&format=json&states=listing" "tx5bd4ac92f1fa43a2a4565-006a2bdc54" "proxy-server 5" 0.0083 "-" 21 0
Jun 12 10:15:49 np0000071537 container-server[106023]: 172.20.0.30 - - [12/Jun/2026:10:15:49 +0000] "GET /d1/21/AUTH_ba582bfc01404638ab90ee141c6fed23/glance" 200 206 "GET http://swift-internal.openstack.svc:8080/v1/AUTH_ba582bfc01404638ab90ee141c6fed23/glance?format=json&prefix=9fc428a4-4a09-45c7-90aa-2324f4984d2f-&states=listing" "txbbed093d09664ff186506-006a2bdc55" "proxy-server 5" 0.0037 "-" 22 0
Jun 12 10:15:49 np0000071537 container-server[106023]: 172.20.0.103 - - [12/Jun/2026:10:15:49 +0000] "DELETE /d1/21/AUTH_ba582bfc01404638ab90ee141c6fed23/glance/9fc428a4-4a09-45c7-90aa-2324f4984d2f-00001" 204 - "DELETE http://swift-internal.openstack.svc:8080/d1/405/AUTH_ba582bfc01404638ab90ee141c6fed23/glance/9fc428a4-4a09-45c7-90aa-2324f4984d2f-00001" "tx86af3bebb0b548cb820b3-006a2bdc55" "object-server 24" 0.0007 "-" 22 0
Jun 12 10:15:49 np0000071537 object-server[106726]: 172.20.0.30 - - [12/Jun/2026:10:15:49 +0000] "DELETE /d1/405/AUTH_ba582bfc01404638ab90ee141c6fed23/glance/9fc428a4-4a09-45c7-90aa-2324f4984d2f-00001" 204 - "DELETE http://swift-internal.openstack.svc:8080/v1/AUTH_ba582bfc01404638ab90ee141c6fed23/glance/9fc428a4-4a09-45c7-90aa-2324f4984d2f-00001" "tx86af3bebb0b548cb820b3-006a2bdc55" "proxy-server 5" 0.0085 "-" 24 0
Jun 12 10:15:49 np0000071537 container-server[106023]: 172.20.0.103 - - [12/Jun/2026:10:15:49 +0000] "DELETE /d1/21/AUTH_ba582bfc01404638ab90ee141c6fed23/glance/9fc428a4-4a09-45c7-90aa-2324f4984d2f" 204 - "DELETE http://swift-internal.openstack.svc:8080/d1/152/AUTH_ba582bfc01404638ab90ee141c6fed23/glance/9fc428a4-4a09-45c7-90aa-2324f4984d2f" "tx9e36444858fd48b1a898f-006a2bdc55" "object-server 23" 0.0005 "-" 22 0
Jun 12 10:15:49 np0000071537 object-server[106725]: 172.20.0.30 - - [12/Jun/2026:10:15:49 +0000] "DELETE /d1/152/AUTH_ba582bfc01404638ab90ee141c6fed23/glance/9fc428a4-4a09-45c7-90aa-2324f4984d2f" 204 - "DELETE http://swift-internal.openstack.svc:8080/v1/AUTH_ba582bfc01404638ab90ee141c6fed23/glance/9fc428a4-4a09-45c7-90aa-2324f4984d2f" "tx9e36444858fd48b1a898f-006a2bdc55" "proxy-server 5" 0.0067 "-" 23 0
Jun 12 10:15:50 np0000071537 object-server[106725]: 172.20.0.30 - - [12/Jun/2026:10:15:50 +0000] "HEAD /d1/634/AUTH_ba582bfc01404638ab90ee141c6fed23/glance/b12d05d0-a61d-4fa8-9091-69ca6bc2ea43" 200 - "HEAD http://swift-internal.openstack.svc:8080/v1/AUTH_ba582bfc01404638ab90ee141c6fed23/glance/b12d05d0-a61d-4fa8-9091-69ca6bc2ea43" "tx146e1db27f9d4882bb4d3-006a2bdc56" "proxy-server 5" 0.0009 "-" 23 0
Jun 12 10:15:50 np0000071537 container-server[106023]: 172.20.0.30 - - [12/Jun/2026:10:15:50 +0000] "GET /d1/21/AUTH_ba582bfc01404638ab90ee141c6fed23/glance" 200 206 "GET http://swift-internal.openstack.svc:8080/v1/AUTH_ba582bfc01404638ab90ee141c6fed23/glance?prefix=b12d05d0-a61d-4fa8-9091-69ca6bc2ea43-&format=json&states=listing" "tx146e1db27f9d4882bb4d3-006a2bdc56" "proxy-server 5" 0.0087 "-" 22 0
Jun 12 10:15:50 np0000071537 container-server[106007]: 172.20.0.30 - - [12/Jun/2026:10:15:50 +0000] "GET /d1/21/AUTH_ba582bfc01404638ab90ee141c6fed23/glance" 200 206 "GET http://swift-internal.openstack.svc:8080/v1/AUTH_ba582bfc01404638ab90ee141c6fed23/glance?format=json&prefix=b12d05d0-a61d-4fa8-9091-69ca6bc2ea43-&states=listing" "tx9609281722fc4548ac06a-006a2bdc56" "proxy-server 5" 0.0023 "-" 21 0
Jun 12 10:15:50 np0000071537 container-server[106023]: 172.20.0.103 - - [12/Jun/2026:10:15:50 +0000] "DELETE /d1/21/AUTH_ba582bfc01404638ab90ee141c6fed23/glance/b12d05d0-a61d-4fa8-9091-69ca6bc2ea43-00001" 204 - "DELETE http://swift-internal.openstack.svc:8080/d1/773/AUTH_ba582bfc01404638ab90ee141c6fed23/glance/b12d05d0-a61d-4fa8-9091-69ca6bc2ea43-00001" "tx2c1c92a100d14bf59fedd-006a2bdc56" "object-server 22" 0.0006 "-" 22 0
Jun 12 10:15:50 np0000071537 object-server[106722]: 172.20.0.30 - - [12/Jun/2026:10:15:50 +0000] "DELETE /d1/773/AUTH_ba582bfc01404638ab90ee141c6fed23/glance/b12d05d0-a61d-4fa8-9091-69ca6bc2ea43-00001" 204 - "DELETE http://swift-internal.openstack.svc:8080/v1/AUTH_ba582bfc01404638ab90ee141c6fed23/glance/b12d05d0-a61d-4fa8-9091-69ca6bc2ea43-00001" "tx2c1c92a100d14bf59fedd-006a2bdc56" "proxy-server 5" 0.0079 "-" 22 0
Jun 12 10:15:50 np0000071537 container-server[106023]: 172.20.0.103 - - [12/Jun/2026:10:15:50 +0000] "DELETE /d1/21/AUTH_ba582bfc01404638ab90ee141c6fed23/glance/b12d05d0-a61d-4fa8-9091-69ca6bc2ea43" 204 - "DELETE http://swift-internal.openstack.svc:8080/d1/634/AUTH_ba582bfc01404638ab90ee141c6fed23/glance/b12d05d0-a61d-4fa8-9091-69ca6bc2ea43" "tx1e928697ce204e38a5dbf-006a2bdc56" "object-server 23" 0.0003 "-" 22 0
Jun 12 10:15:50 np0000071537 object-server[106725]: 172.20.0.30 - - [12/Jun/2026:10:15:50 +0000] "DELETE /d1/634/AUTH_ba582bfc01404638ab90ee141c6fed23/glance/b12d05d0-a61d-4fa8-9091-69ca6bc2ea43" 204 - "DELETE http://swift-internal.openstack.svc:8080/v1/AUTH_ba582bfc01404638ab90ee141c6fed23/glance/b12d05d0-a61d-4fa8-9091-69ca6bc2ea43" "tx1e928697ce204e38a5dbf-006a2bdc56" "proxy-server 5" 0.0073 "-" 23 0
Jun 12 10:15:51 np0000071537 object-server[106725]: 172.20.0.30 - - [12/Jun/2026:10:15:51 +0000] "HEAD /d1/699/AUTH_ba582bfc01404638ab90ee141c6fed23/glance/812725c3-a050-4c40-81ed-96f385834637" 200 - "HEAD http://swift-internal.openstack.svc:8080/v1/AUTH_ba582bfc01404638ab90ee141c6fed23/glance/812725c3-a050-4c40-81ed-96f385834637" "txda77e69bf98e43d3903b3-006a2bdc56" "proxy-server 5" 0.0009 "-" 23 0
Jun 12 10:15:51 np0000071537 container-server[105991]: 172.20.0.30 - - [12/Jun/2026:10:15:51 +0000] "GET /d1/21/AUTH_ba582bfc01404638ab90ee141c6fed23/glance" 200 206 "GET http://swift-internal.openstack.svc:8080/v1/AUTH_ba582bfc01404638ab90ee141c6fed23/glance?prefix=812725c3-a050-4c40-81ed-96f385834637-&format=json&states=listing" "txda77e69bf98e43d3903b3-006a2bdc56" "proxy-server 5" 0.0106 "-" 18 0
Jun 12 10:15:51 np0000071537 container-server[105991]: 172.20.0.30 - - [12/Jun/2026:10:15:51 +0000] "GET /d1/21/AUTH_ba582bfc01404638ab90ee141c6fed23/glance" 200 206 "GET http://swift-internal.openstack.svc:8080/v1/AUTH_ba582bfc01404638ab90ee141c6fed23/glance?format=json&prefix=812725c3-a050-4c40-81ed-96f385834637-&states=listing" "tx0154d35e216946c1bbccb-006a2bdc57" "proxy-server 5" 0.0032 "-" 18 0
Jun 12 10:15:51 np0000071537 container-server[106023]: 172.20.0.103 - - [12/Jun/2026:10:15:51 +0000] "DELETE /d1/21/AUTH_ba582bfc01404638ab90ee141c6fed23/glance/812725c3-a050-4c40-81ed-96f385834637-00001" 204 - "DELETE http://swift-internal.openstack.svc:8080/d1/189/AUTH_ba582bfc01404638ab90ee141c6fed23/glance/812725c3-a050-4c40-81ed-96f385834637-00001" "tx96002c22535c45ab9b22f-006a2bdc57" "object-server 22" 0.0008 "-" 22 0
Jun 12 10:15:51 np0000071537 object-server[106722]: 172.20.0.30 - - [12/Jun/2026:10:15:51 +0000] "DELETE /d1/189/AUTH_ba582bfc01404638ab90ee141c6fed23/glance/812725c3-a050-4c40-81ed-96f385834637-00001" 204 - "DELETE http://swift-internal.openstack.svc:8080/v1/AUTH_ba582bfc01404638ab90ee141c6fed23/glance/812725c3-a050-4c40-81ed-96f385834637-00001" "tx96002c22535c45ab9b22f-006a2bdc57" "proxy-server 5" 0.0089 "-" 22 0
Jun 12 10:15:51 np0000071537 container-server[106007]: 172.20.0.103 - - [12/Jun/2026:10:15:51 +0000] "DELETE /d1/21/AUTH_ba582bfc01404638ab90ee141c6fed23/glance/812725c3-a050-4c40-81ed-96f385834637" 204 - "DELETE http://swift-internal.openstack.svc:8080/d1/699/AUTH_ba582bfc01404638ab90ee141c6fed23/glance/812725c3-a050-4c40-81ed-96f385834637" "txf6ab1bb05d34482fb5a2b-006a2bdc57" "object-server 25" 0.0007 "-" 21 0
Jun 12 10:15:51 np0000071537 object-server[106728]: 172.20.0.30 - - [12/Jun/2026:10:15:51 +0000] "DELETE /d1/699/AUTH_ba582bfc01404638ab90ee141c6fed23/glance/812725c3-a050-4c40-81ed-96f385834637" 204 - "DELETE http://swift-internal.openstack.svc:8080/v1/AUTH_ba582bfc01404638ab90ee141c6fed23/glance/812725c3-a050-4c40-81ed-96f385834637" "txf6ab1bb05d34482fb5a2b-006a2bdc57" "proxy-server 5" 0.0096 "-" 25 0
Jun 12 10:15:51 np0000071537 object-server[106726]: 172.20.0.30 - - [12/Jun/2026:10:15:51 +0000] "HEAD /d1/901/AUTH_ba582bfc01404638ab90ee141c6fed23/glance/417914a6-724b-458b-995d-0e482fa03472" 200 - "HEAD http://swift-internal.openstack.svc:8080/v1/AUTH_ba582bfc01404638ab90ee141c6fed23/glance/417914a6-724b-458b-995d-0e482fa03472" "txdfc0a0a87b1d43e492841-006a2bdc57" "proxy-server 5" 0.0011 "-" 24 0
Jun 12 10:15:51 np0000071537 container-server[105973]: 172.20.0.30 - - [12/Jun/2026:10:15:51 +0000] "GET /d1/21/AUTH_ba582bfc01404638ab90ee141c6fed23/glance" 200 206 "GET http://swift-internal.openstack.svc:8080/v1/AUTH_ba582bfc01404638ab90ee141c6fed23/glance?prefix=417914a6-724b-458b-995d-0e482fa03472-&format=json&states=listing" "txdfc0a0a87b1d43e492841-006a2bdc57" "proxy-server 5" 0.0099 "-" 17 0
Jun 12 10:15:51 np0000071537 container-server[105973]: 172.20.0.30 - - [12/Jun/2026:10:15:51 +0000] "GET /d1/21/AUTH_ba582bfc01404638ab90ee141c6fed23/glance" 200 206 "GET http://swift-internal.openstack.svc:8080/v1/AUTH_ba582bfc01404638ab90ee141c6fed23/glance?format=json&prefix=417914a6-724b-458b-995d-0e482fa03472-&states=listing" "tx978d181c7a97460b98038-006a2bdc57" "proxy-server 5" 0.0033 "-" 17 0
Jun 12 10:15:51 np0000071537 container-server[106023]: 172.20.0.103 - - [12/Jun/2026:10:15:51 +0000] "DELETE /d1/21/AUTH_ba582bfc01404638ab90ee141c6fed23/glance/417914a6-724b-458b-995d-0e482fa03472-00001" 204 - "DELETE http://swift-internal.openstack.svc:8080/d1/236/AUTH_ba582bfc01404638ab90ee141c6fed23/glance/417914a6-724b-458b-995d-0e482fa03472-00001" "tx2c2e8e949ea54528b04cd-006a2bdc57" "object-server 25" 0.0008 "-" 22 0
Jun 12 10:15:51 np0000071537 object-server[106728]: 172.20.0.30 - - [12/Jun/2026:10:15:51 +0000] "DELETE /d1/236/AUTH_ba582bfc01404638ab90ee141c6fed23/glance/417914a6-724b-458b-995d-0e482fa03472-00001" 204 - "DELETE http://swift-internal.openstack.svc:8080/v1/AUTH_ba582bfc01404638ab90ee141c6fed23/glance/417914a6-724b-458b-995d-0e482fa03472-00001" "tx2c2e8e949ea54528b04cd-006a2bdc57" "proxy-server 5" 0.0108 "-" 25 0
Jun 12 10:15:51 np0000071537 container-server[105973]: 172.20.0.103 - - [12/Jun/2026:10:15:51 +0000] "DELETE /d1/21/AUTH_ba582bfc01404638ab90ee141c6fed23/glance/417914a6-724b-458b-995d-0e482fa03472" 204 - "DELETE http://swift-internal.openstack.svc:8080/d1/901/AUTH_ba582bfc01404638ab90ee141c6fed23/glance/417914a6-724b-458b-995d-0e482fa03472" "txed945b1b369f4e2a87471-006a2bdc57" "object-server 22" 0.0007 "-" 17 0
Jun 12 10:15:51 np0000071537 object-server[106722]: 172.20.0.30 - - [12/Jun/2026:10:15:51 +0000] "DELETE /d1/901/AUTH_ba582bfc01404638ab90ee141c6fed23/glance/417914a6-724b-458b-995d-0e482fa03472" 204 - "DELETE http://swift-internal.openstack.svc:8080/v1/AUTH_ba582bfc01404638ab90ee141c6fed23/glance/417914a6-724b-458b-995d-0e482fa03472" "txed945b1b369f4e2a87471-006a2bdc57" "proxy-server 5" 0.0090 "-" 22 0
Jun 12 10:15:52 np0000071537 object-server[106726]: 172.20.0.30 - - [12/Jun/2026:10:15:52 +0000] "HEAD /d1/460/AUTH_ba582bfc01404638ab90ee141c6fed23/glance/c123387c-690b-4f76-8e0d-ecde28e6b459" 200 - "HEAD http://swift-internal.openstack.svc:8080/v1/AUTH_ba582bfc01404638ab90ee141c6fed23/glance/c123387c-690b-4f76-8e0d-ecde28e6b459" "tx2019dc18c5ae468da8580-006a2bdc58" "proxy-server 5" 0.0010 "-" 24 0
Jun 12 10:15:52 np0000071537 container-server[105991]: 172.20.0.30 - - [12/Jun/2026:10:15:52 +0000] "GET /d1/21/AUTH_ba582bfc01404638ab90ee141c6fed23/glance" 200 206 "GET http://swift-internal.openstack.svc:8080/v1/AUTH_ba582bfc01404638ab90ee141c6fed23/glance?prefix=c123387c-690b-4f76-8e0d-ecde28e6b459-&format=json&states=listing" "tx2019dc18c5ae468da8580-006a2bdc58" "proxy-server 5" 0.0104 "-" 18 0
Jun 12 10:15:52 np0000071537 container-server[106007]: 172.20.0.30 - - [12/Jun/2026:10:15:52 +0000] "GET /d1/21/AUTH_ba582bfc01404638ab90ee141c6fed23/glance" 200 206 "GET http://swift-internal.openstack.svc:8080/v1/AUTH_ba582bfc01404638ab90ee141c6fed23/glance?format=json&prefix=c123387c-690b-4f76-8e0d-ecde28e6b459-&states=listing" "txe5d5b6ab3a364f1f9570f-006a2bdc58" "proxy-server 5" 0.0041 "-" 21 0
Jun 12 10:15:52 np0000071537 container-server[105973]: 172.20.0.103 - - [12/Jun/2026:10:15:52 +0000] "DELETE /d1/21/AUTH_ba582bfc01404638ab90ee141c6fed23/glance/c123387c-690b-4f76-8e0d-ecde28e6b459-00001" 204 - "DELETE http://swift-internal.openstack.svc:8080/d1/805/AUTH_ba582bfc01404638ab90ee141c6fed23/glance/c123387c-690b-4f76-8e0d-ecde28e6b459-00001" "tx3df7d217aa3a48d88004c-006a2bdc58" "object-server 25" 0.0008 "-" 17 0
Jun 12 10:15:52 np0000071537 object-server[106728]: 172.20.0.30 - - [12/Jun/2026:10:15:52 +0000] "DELETE /d1/805/AUTH_ba582bfc01404638ab90ee141c6fed23/glance/c123387c-690b-4f76-8e0d-ecde28e6b459-00001" 204 - "DELETE http://swift-internal.openstack.svc:8080/v1/AUTH_ba582bfc01404638ab90ee141c6fed23/glance/c123387c-690b-4f76-8e0d-ecde28e6b459-00001" "tx3df7d217aa3a48d88004c-006a2bdc58" "proxy-server 5" 0.0087 "-" 25 0
Jun 12 10:15:52 np0000071537 container-server[106007]: 172.20.0.103 - - [12/Jun/2026:10:15:52 +0000] "DELETE /d1/21/AUTH_ba582bfc01404638ab90ee141c6fed23/glance/c123387c-690b-4f76-8e0d-ecde28e6b459" 204 - "DELETE http://swift-internal.openstack.svc:8080/d1/460/AUTH_ba582bfc01404638ab90ee141c6fed23/glance/c123387c-690b-4f76-8e0d-ecde28e6b459" "tx1a8536f36a2541079578a-006a2bdc58" "object-server 25" 0.0006 "-" 21 0
Jun 12 10:15:52 np0000071537 object-server[106728]: 172.20.0.30 - - [12/Jun/2026:10:15:52 +0000] "DELETE /d1/460/AUTH_ba582bfc01404638ab90ee141c6fed23/glance/c123387c-690b-4f76-8e0d-ecde28e6b459" 204 - "DELETE http://swift-internal.openstack.svc:8080/v1/AUTH_ba582bfc01404638ab90ee141c6fed23/glance/c123387c-690b-4f76-8e0d-ecde28e6b459" "tx1a8536f36a2541079578a-006a2bdc58" "proxy-server 5" 0.0082 "-" 25 0
Jun 12 10:15:52 np0000071537 object-server[106725]: 172.20.0.30 - - [12/Jun/2026:10:15:52 +0000] "HEAD /d1/160/AUTH_ba582bfc01404638ab90ee141c6fed23/glance/e2dc479f-00c8-467a-b9c9-fc9601d21ced" 200 - "HEAD http://swift-internal.openstack.svc:8080/v1/AUTH_ba582bfc01404638ab90ee141c6fed23/glance/e2dc479f-00c8-467a-b9c9-fc9601d21ced" "tx9dffa4c500944cc7bda5c-006a2bdc58" "proxy-server 5" 0.0010 "-" 23 0
Jun 12 10:15:52 np0000071537 container-server[105991]: 172.20.0.30 - - [12/Jun/2026:10:15:52 +0000] "GET /d1/21/AUTH_ba582bfc01404638ab90ee141c6fed23/glance" 200 206 "GET http://swift-internal.openstack.svc:8080/v1/AUTH_ba582bfc01404638ab90ee141c6fed23/glance?prefix=e2dc479f-00c8-467a-b9c9-fc9601d21ced-&format=json&states=listing" "tx9dffa4c500944cc7bda5c-006a2bdc58" "proxy-server 5" 0.0098 "-" 18 0
Jun 12 10:15:52 np0000071537 container-server[105991]: 172.20.0.30 - - [12/Jun/2026:10:15:52 +0000] "GET /d1/21/AUTH_ba582bfc01404638ab90ee141c6fed23/glance" 200 206 "GET http://swift-internal.openstack.svc:8080/v1/AUTH_ba582bfc01404638ab90ee141c6fed23/glance?format=json&prefix=e2dc479f-00c8-467a-b9c9-fc9601d21ced-&states=listing" "txe322334d4e4c4024884ac-006a2bdc58" "proxy-server 5" 0.0032 "-" 18 0
Jun 12 10:15:52 np0000071537 container-server[105991]: 172.20.0.103 - - [12/Jun/2026:10:15:52 +0000] "DELETE /d1/21/AUTH_ba582bfc01404638ab90ee141c6fed23/glance/e2dc479f-00c8-467a-b9c9-fc9601d21ced-00001" 204 - "DELETE http://swift-internal.openstack.svc:8080/d1/852/AUTH_ba582bfc01404638ab90ee141c6fed23/glance/e2dc479f-00c8-467a-b9c9-fc9601d21ced-00001" "txedb52d7e08b1488986cd8-006a2bdc58" "object-server 23" 0.0004 "-" 18 0
Jun 12 10:15:52 np0000071537 object-server[106725]: 172.20.0.30 - - [12/Jun/2026:10:15:52 +0000] "DELETE /d1/852/AUTH_ba582bfc01404638ab90ee141c6fed23/glance/e2dc479f-00c8-467a-b9c9-fc9601d21ced-00001" 204 - "DELETE http://swift-internal.openstack.svc:8080/v1/AUTH_ba582bfc01404638ab90ee141c6fed23/glance/e2dc479f-00c8-467a-b9c9-fc9601d21ced-00001" "txedb52d7e08b1488986cd8-006a2bdc58" "proxy-server 5" 0.0065 "-" 23 0
Jun 12 10:15:52 np0000071537 container-server[105991]: 172.20.0.103 - - [12/Jun/2026:10:15:52 +0000] "DELETE /d1/21/AUTH_ba582bfc01404638ab90ee141c6fed23/glance/e2dc479f-00c8-467a-b9c9-fc9601d21ced" 204 - "DELETE http://swift-internal.openstack.svc:8080/d1/160/AUTH_ba582bfc01404638ab90ee141c6fed23/glance/e2dc479f-00c8-467a-b9c9-fc9601d21ced" "txab8de0a6b1514366b348c-006a2bdc58" "object-server 23" 0.0005 "-" 18 0
Jun 12 10:15:52 np0000071537 object-server[106725]: 172.20.0.30 - - [12/Jun/2026:10:15:52 +0000] "DELETE /d1/160/AUTH_ba582bfc01404638ab90ee141c6fed23/glance/e2dc479f-00c8-467a-b9c9-fc9601d21ced" 204 - "DELETE http://swift-internal.openstack.svc:8080/v1/AUTH_ba582bfc01404638ab90ee141c6fed23/glance/e2dc479f-00c8-467a-b9c9-fc9601d21ced" "txab8de0a6b1514366b348c-006a2bdc58" "proxy-server 5" 0.0081 "-" 23 0
Jun 12 10:15:58 np0000071537 object-server[106355]: Starting object replication pass.
Jun 12 10:15:58 np0000071537 object-server[106355]: 28/28 (100.00%) partitions replicated in 0.13s (214.20/sec, 0s remaining)
Jun 12 10:15:58 np0000071537 object-server[106355]: 0 successes, 0 failures
Jun 12 10:15:58 np0000071537 object-server[106355]: 28 suffixes checked - 42.86% hashed, 0.00% synced
Jun 12 10:15:58 np0000071537 object-server[106355]: Partition times: max 0.0103s, min 0.0005s, med 0.0038s
Jun 12 10:15:58 np0000071537 object-server[106355]: Object replication complete. (0.00 minutes)
Jun 12 10:16:12 np0000071537 container-server[105765]: Beginning replication run
Jun 12 10:16:12 np0000071537 account-server[105662]: Beginning replication run
Jun 12 10:16:12 np0000071537 account-server[105662]: Replication run OVER
Jun 12 10:16:12 np0000071537 account-server[105662]: Attempted to replicate 1 dbs in 0.01083 seconds (92.37656/s)
Jun 12 10:16:12 np0000071537 account-server[105662]: Removed 0 dbs
Jun 12 10:16:12 np0000071537 account-server[105662]: 1 successes, 0 failures
Jun 12 10:16:12 np0000071537 account-server[105662]: diff:0 diff_capped:0 empty:0 hashmatch:0 no_change:1 remote_merge:0 rsync:0 ts_repl:0
Jun 12 10:16:12 np0000071537 container-server[105765]: Replication run OVER
Jun 12 10:16:12 np0000071537 container-server[105765]: Attempted to replicate 1 dbs in 0.03004 seconds (33.28987/s)
Jun 12 10:16:12 np0000071537 container-server[105765]: Removed 0 dbs
Jun 12 10:16:12 np0000071537 container-server[105765]: 1 successes, 0 failures
Jun 12 10:16:12 np0000071537 container-server[105765]: diff:0 diff_capped:0 empty:0 hashmatch:0 no_change:1 remote_merge:0 rsync:0 ts_repl:0
Jun 12 10:16:14 np0000071537 object-server[562941]: Begin object audit "forever" mode (ZBF)
Jun 12 10:16:14 np0000071537 object-server[562942]: Begin object audit "forever" mode (ALL)
Jun 12 10:16:14 np0000071537 object-server[562941]: Object audit (ZBF). Since Fri Jun 12 10:16:14 2026: Locally: 1 passed, 0 quarantined, 0 errors, files/sec: 590.25, bytes/sec: 0.00, Total time: 0.00, Auditing time: 0.00, Rate: 0.00
Jun 12 10:16:14 np0000071537 object-server[562941]: Object audit (ZBF) "forever" mode completed: 0.52s. Total quarantined: 0, Total errors: 0, Total files/sec: 53.48, Total bytes/sec: 0.00, Auditing time: 0.51, Rate: 0.98
Jun 12 10:16:16 np0000071537 object-server[562942]: Object audit (ALL). Since Fri Jun 12 10:16:14 2026: Locally: 1 passed, 0 quarantined, 0 errors, files/sec: 0.46, bytes/sec: 10032491.73, Total time: 2.16, Auditing time: 0.00, Rate: 0.00
Jun 12 10:16:20 np0000071537 object-server[562942]: Object audit (ALL) "forever" mode completed: 6.46s. Total quarantined: 0, Total errors: 0, Total files/sec: 4.33, Total bytes/sec: 9988221.24, Auditing time: 6.46, Rate: 1.00
Jun 12 10:16:23 np0000071537 container-server[105973]: 172.20.0.30 - - [12/Jun/2026:10:16:23 +0000] "HEAD /d1/21/AUTH_ba582bfc01404638ab90ee141c6fed23/glance" 204 - "HEAD http://swift-internal.openstack.svc:8080/v1/AUTH_ba582bfc01404638ab90ee141c6fed23/glance?format=json&states=listing" "tx941dbb2b936f4f49a1c74-006a2bdc77" "proxy-server 7" 0.0025 "-" 17 0
Jun 12 10:16:23 np0000071537 container-server[106007]: 172.20.0.103 - - [12/Jun/2026:10:16:23 +0000] "PUT /d1/21/AUTH_ba582bfc01404638ab90ee141c6fed23/glance/c253d5ff-bc29-4d76-8daa-8cb058e14788-00001" 201 - "PUT http://swift-internal.openstack.svc:8080/d1/611/AUTH_ba582bfc01404638ab90ee141c6fed23/glance/c253d5ff-bc29-4d76-8daa-8cb058e14788-00001" "txb527ec2d5af54694bf83a-006a2bdc77" "object-server 22" 0.0008 "-" 21 0
Jun 12 10:16:23 np0000071537 object-server[106722]: 172.20.0.30 - - [12/Jun/2026:10:16:23 +0000] "PUT /d1/611/AUTH_ba582bfc01404638ab90ee141c6fed23/glance/c253d5ff-bc29-4d76-8daa-8cb058e14788-00001" 201 - "PUT http://swift-internal.openstack.svc:8080/v1/AUTH_ba582bfc01404638ab90ee141c6fed23/glance/c253d5ff-bc29-4d76-8daa-8cb058e14788-00001" "txb527ec2d5af54694bf83a-006a2bdc77" "proxy-server 7" 0.0158 "-" 22 0
Jun 12 10:16:23 np0000071537 container-server[105973]: 172.20.0.103 - - [12/Jun/2026:10:16:23 +0000] "PUT /d1/21/AUTH_ba582bfc01404638ab90ee141c6fed23/glance/c253d5ff-bc29-4d76-8daa-8cb058e14788" 201 - "PUT http://swift-internal.openstack.svc:8080/d1/859/AUTH_ba582bfc01404638ab90ee141c6fed23/glance/c253d5ff-bc29-4d76-8daa-8cb058e14788" "txa2895088e67648478fd2d-006a2bdc77" "object-server 23" 0.0008 "-" 17 0
Jun 12 10:16:23 np0000071537 object-server[106725]: 172.20.0.30 - - [12/Jun/2026:10:16:23 +0000] "PUT /d1/859/AUTH_ba582bfc01404638ab90ee141c6fed23/glance/c253d5ff-bc29-4d76-8daa-8cb058e14788" 201 - "PUT http://swift-internal.openstack.svc:8080/v1/AUTH_ba582bfc01404638ab90ee141c6fed23/glance/c253d5ff-bc29-4d76-8daa-8cb058e14788" "txa2895088e67648478fd2d-006a2bdc77" "proxy-server 7" 0.0116 "-" 23 0
Jun 12 10:16:25 np0000071537 container-server[106023]: 172.20.0.30 - - [12/Jun/2026:10:16:25 +0000] "HEAD /d1/21/AUTH_ba582bfc01404638ab90ee141c6fed23/glance" 204 - "HEAD http://swift-internal.openstack.svc:8080/v1/AUTH_ba582bfc01404638ab90ee141c6fed23/glance?format=json&states=listing" "txc60fc99ad0af417481581-006a2bdc79" "proxy-server 7" 0.0086 "-" 22 0
Jun 12 10:16:25 np0000071537 container-server[106023]: 172.20.0.103 - - [12/Jun/2026:10:16:25 +0000] "PUT /d1/21/AUTH_ba582bfc01404638ab90ee141c6fed23/glance/9bf1452d-e137-4a6f-b705-fa879f4674ba-00001" 201 - "PUT http://swift-internal.openstack.svc:8080/d1/188/AUTH_ba582bfc01404638ab90ee141c6fed23/glance/9bf1452d-e137-4a6f-b705-fa879f4674ba-00001" "tx80d9ea3af73f4033bbaf7-006a2bdc79" "object-server 24" 0.0009 "-" 22 0
Jun 12 10:16:25 np0000071537 object-server[106726]: 172.20.0.30 - - [12/Jun/2026:10:16:25 +0000] "PUT /d1/188/AUTH_ba582bfc01404638ab90ee141c6fed23/glance/9bf1452d-e137-4a6f-b705-fa879f4674ba-00001" 201 - "PUT http://swift-internal.openstack.svc:8080/v1/AUTH_ba582bfc01404638ab90ee141c6fed23/glance/9bf1452d-e137-4a6f-b705-fa879f4674ba-00001" "tx80d9ea3af73f4033bbaf7-006a2bdc79" "proxy-server 7" 0.2425 "-" 24 0
Jun 12 10:16:25 np0000071537 container-server[106023]: 172.20.0.103 - - [12/Jun/2026:10:16:25 +0000] "PUT /d1/21/AUTH_ba582bfc01404638ab90ee141c6fed23/glance/9bf1452d-e137-4a6f-b705-fa879f4674ba" 201 - "PUT http://swift-internal.openstack.svc:8080/d1/308/AUTH_ba582bfc01404638ab90ee141c6fed23/glance/9bf1452d-e137-4a6f-b705-fa879f4674ba" "txb3acf866be244e3db2808-006a2bdc79" "object-server 23" 0.0011 "-" 22 0
Jun 12 10:16:25 np0000071537 object-server[106725]: 172.20.0.30 - - [12/Jun/2026:10:16:25 +0000] "PUT /d1/308/AUTH_ba582bfc01404638ab90ee141c6fed23/glance/9bf1452d-e137-4a6f-b705-fa879f4674ba" 201 - "PUT http://swift-internal.openstack.svc:8080/v1/AUTH_ba582bfc01404638ab90ee141c6fed23/glance/9bf1452d-e137-4a6f-b705-fa879f4674ba" "txb3acf866be244e3db2808-006a2bdc79" "proxy-server 7" 0.0111 "-" 23 0
Jun 12 10:16:26 np0000071537 object-server[106728]: 172.20.0.30 - - [12/Jun/2026:10:16:26 +0000] "HEAD /d1/308/AUTH_ba582bfc01404638ab90ee141c6fed23/glance/9bf1452d-e137-4a6f-b705-fa879f4674ba" 200 - "HEAD http://swift-internal.openstack.svc:8080/v1/AUTH_ba582bfc01404638ab90ee141c6fed23/glance/9bf1452d-e137-4a6f-b705-fa879f4674ba" "txb53cefce9c7641cab3657-006a2bdc7a" "proxy-server 8" 0.0014 "-" 25 0
Jun 12 10:16:26 np0000071537 container-server[105973]: 172.20.0.30 - - [12/Jun/2026:10:16:26 +0000] "GET /d1/21/AUTH_ba582bfc01404638ab90ee141c6fed23/glance" 200 210 "GET http://swift-internal.openstack.svc:8080/v1/AUTH_ba582bfc01404638ab90ee141c6fed23/glance?prefix=9bf1452d-e137-4a6f-b705-fa879f4674ba-&format=json&states=listing" "txb53cefce9c7641cab3657-006a2bdc7a" "proxy-server 8" 0.0111 "-" 17 0
Jun 12 10:16:26 np0000071537 container-server[105973]: 172.20.0.30 - - [12/Jun/2026:10:16:26 +0000] "GET /d1/21/AUTH_ba582bfc01404638ab90ee141c6fed23/glance" 200 210 "GET http://swift-internal.openstack.svc:8080/v1/AUTH_ba582bfc01404638ab90ee141c6fed23/glance?format=json&prefix=9bf1452d-e137-4a6f-b705-fa879f4674ba-&states=listing" "tx294075f4bcee475ab735b-006a2bdc7a" "proxy-server 8" 0.0048 "-" 17 0
Jun 12 10:16:26 np0000071537 container-server[106007]: 172.20.0.103 - - [12/Jun/2026:10:16:26 +0000] "DELETE /d1/21/AUTH_ba582bfc01404638ab90ee141c6fed23/glance/9bf1452d-e137-4a6f-b705-fa879f4674ba-00001" 204 - "DELETE http://swift-internal.openstack.svc:8080/d1/188/AUTH_ba582bfc01404638ab90ee141c6fed23/glance/9bf1452d-e137-4a6f-b705-fa879f4674ba-00001" "tx5e8ca3b280a24b43a6344-006a2bdc7a" "object-server 24" 0.0008 "-" 21 0
Jun 12 10:16:26 np0000071537 object-server[106726]: 172.20.0.30 - - [12/Jun/2026:10:16:26 +0000] "DELETE /d1/188/AUTH_ba582bfc01404638ab90ee141c6fed23/glance/9bf1452d-e137-4a6f-b705-fa879f4674ba-00001" 204 - "DELETE http://swift-internal.openstack.svc:8080/v1/AUTH_ba582bfc01404638ab90ee141c6fed23/glance/9bf1452d-e137-4a6f-b705-fa879f4674ba-00001" "tx5e8ca3b280a24b43a6344-006a2bdc7a" "proxy-server 8" 0.0103 "-" 24 0
Jun 12 10:16:27 np0000071537 container-server[106007]: 172.20.0.103 - - [12/Jun/2026:10:16:27 +0000] "DELETE /d1/21/AUTH_ba582bfc01404638ab90ee141c6fed23/glance/9bf1452d-e137-4a6f-b705-fa879f4674ba" 204 - "DELETE http://swift-internal.openstack.svc:8080/d1/308/AUTH_ba582bfc01404638ab90ee141c6fed23/glance/9bf1452d-e137-4a6f-b705-fa879f4674ba" "txf120c27a54574e868bb0f-006a2bdc7a" "object-server 22" 0.0006 "-" 21 0
Jun 12 10:16:27 np0000071537 object-server[106722]: 172.20.0.30 - - [12/Jun/2026:10:16:27 +0000] "DELETE /d1/308/AUTH_ba582bfc01404638ab90ee141c6fed23/glance/9bf1452d-e137-4a6f-b705-fa879f4674ba" 204 - "DELETE http://swift-internal.openstack.svc:8080/v1/AUTH_ba582bfc01404638ab90ee141c6fed23/glance/9bf1452d-e137-4a6f-b705-fa879f4674ba" "txf120c27a54574e868bb0f-006a2bdc7a" "proxy-server 8" 0.0078 "-" 22 0
Jun 12 10:16:27 np0000071537 object-server[106726]: 172.20.0.30 - - [12/Jun/2026:10:16:27 +0000] "HEAD /d1/859/AUTH_ba582bfc01404638ab90ee141c6fed23/glance/c253d5ff-bc29-4d76-8daa-8cb058e14788" 200 - "HEAD http://swift-internal.openstack.svc:8080/v1/AUTH_ba582bfc01404638ab90ee141c6fed23/glance/c253d5ff-bc29-4d76-8daa-8cb058e14788" "tx827786e9e56748d88d175-006a2bdc7b" "proxy-server 13" 0.0009 "-" 24 0
Jun 12 10:16:27 np0000071537 container-server[105991]: 172.20.0.30 - - [12/Jun/2026:10:16:27 +0000] "GET /d1/21/AUTH_ba582bfc01404638ab90ee141c6fed23/glance" 200 206 "GET http://swift-internal.openstack.svc:8080/v1/AUTH_ba582bfc01404638ab90ee141c6fed23/glance?prefix=c253d5ff-bc29-4d76-8daa-8cb058e14788-&format=json&states=listing" "tx827786e9e56748d88d175-006a2bdc7b" "proxy-server 13" 0.0082 "-" 18 0
Jun 12 10:16:27 np0000071537 container-server[105991]: 172.20.0.30 - - [12/Jun/2026:10:16:27 +0000] "GET /d1/21/AUTH_ba582bfc01404638ab90ee141c6fed23/glance" 200 206 "GET http://swift-internal.openstack.svc:8080/v1/AUTH_ba582bfc01404638ab90ee141c6fed23/glance?format=json&prefix=c253d5ff-bc29-4d76-8daa-8cb058e14788-&states=listing" "tx99ecd43d39744f1abde6b-006a2bdc7b" "proxy-server 13" 0.0026 "-" 18 0
Jun 12 10:16:27 np0000071537 container-server[106007]: 172.20.0.103 - - [12/Jun/2026:10:16:27 +0000] "DELETE /d1/21/AUTH_ba582bfc01404638ab90ee141c6fed23/glance/c253d5ff-bc29-4d76-8daa-8cb058e14788-00001" 204 - "DELETE http://swift-internal.openstack.svc:8080/d1/611/AUTH_ba582bfc01404638ab90ee141c6fed23/glance/c253d5ff-bc29-4d76-8daa-8cb058e14788-00001" "tx560a52c750cc47aba131d-006a2bdc7b" "object-server 25" 0.0008 "-" 21 0
Jun 12 10:16:27 np0000071537 object-server[106728]: 172.20.0.30 - - [12/Jun/2026:10:16:27 +0000] "DELETE /d1/611/AUTH_ba582bfc01404638ab90ee141c6fed23/glance/c253d5ff-bc29-4d76-8daa-8cb058e14788-00001" 204 - "DELETE http://swift-internal.openstack.svc:8080/v1/AUTH_ba582bfc01404638ab90ee141c6fed23/glance/c253d5ff-bc29-4d76-8daa-8cb058e14788-00001" "tx560a52c750cc47aba131d-006a2bdc7b" "proxy-server 13" 0.0097 "-" 25 0
Jun 12 10:16:27 np0000071537 container-server[106007]: 172.20.0.103 - - [12/Jun/2026:10:16:27 +0000] "DELETE /d1/21/AUTH_ba582bfc01404638ab90ee141c6fed23/glance/c253d5ff-bc29-4d76-8daa-8cb058e14788" 204 - "DELETE http://swift-internal.openstack.svc:8080/d1/859/AUTH_ba582bfc01404638ab90ee141c6fed23/glance/c253d5ff-bc29-4d76-8daa-8cb058e14788" "txd8293ff6af7e4e0ebacc3-006a2bdc7b" "object-server 24" 0.0007 "-" 21 0
Jun 12 10:16:27 np0000071537 object-server[106726]: 172.20.0.30 - - [12/Jun/2026:10:16:27 +0000] "DELETE /d1/859/AUTH_ba582bfc01404638ab90ee141c6fed23/glance/c253d5ff-bc29-4d76-8daa-8cb058e14788" 204 - "DELETE http://swift-internal.openstack.svc:8080/v1/AUTH_ba582bfc01404638ab90ee141c6fed23/glance/c253d5ff-bc29-4d76-8daa-8cb058e14788" "txd8293ff6af7e4e0ebacc3-006a2bdc7b" "proxy-server 13" 0.0090 "-" 24 0
Jun 12 10:16:28 np0000071537 object-server[106355]: Starting object replication pass.
Jun 12 10:16:28 np0000071537 object-server[106355]: 32/32 (100.00%) partitions replicated in 0.07s (427.29/sec, 0s remaining)
Jun 12 10:16:28 np0000071537 object-server[106355]: 0 successes, 0 failures
Jun 12 10:16:28 np0000071537 object-server[106355]: 32 suffixes checked - 12.50% hashed, 0.00% synced
Jun 12 10:16:28 np0000071537 object-server[106355]: Partition times: max 0.0095s, min 0.0004s, med 0.0007s
Jun 12 10:16:28 np0000071537 object-server[106355]: Object replication complete. (0.00 minutes)
Jun 12 10:16:31 np0000071537 account-server[105906]: 172.20.0.103 - - [12/Jun/2026:10:16:31 +0000] "HEAD /d1/783/.expiring_objects" 404 - "HEAD http://localhost/v1/.expiring_objects?format=json" "txca4018fa37a2466b9a001-006a2bdc7f" "proxy-server 2" 0.0006 "-" 20 -
Jun 12 10:16:31 np0000071537 object-expirer[106383]: Pass completed in 0s; 0 objects expired (txn: txca4018fa37a2466b9a001-006a2bdc7f)
Jun 12 10:16:42 np0000071537 container-server[105765]: Beginning replication run
Jun 12 10:16:42 np0000071537 account-server[105662]: Beginning replication run
Jun 12 10:16:42 np0000071537 account-server[105662]: Replication run OVER
Jun 12 10:16:42 np0000071537 account-server[105662]: Attempted to replicate 1 dbs in 0.01097 seconds (91.16780/s)
Jun 12 10:16:42 np0000071537 account-server[105662]: Removed 0 dbs
Jun 12 10:16:42 np0000071537 account-server[105662]: 1 successes, 0 failures
Jun 12 10:16:42 np0000071537 account-server[105662]: diff:0 diff_capped:0 empty:0 hashmatch:0 no_change:1 remote_merge:0 rsync:0 ts_repl:0
Jun 12 10:16:42 np0000071537 container-server[105765]: Replication run OVER
Jun 12 10:16:42 np0000071537 container-server[105765]: Attempted to replicate 1 dbs in 0.02525 seconds (39.60125/s)
Jun 12 10:16:42 np0000071537 container-server[105765]: Removed 0 dbs
Jun 12 10:16:42 np0000071537 container-server[105765]: 1 successes, 0 failures
Jun 12 10:16:42 np0000071537 container-server[105765]: diff:0 diff_capped:0 empty:0 hashmatch:0 no_change:1 remote_merge:0 rsync:0 ts_repl:0
Jun 12 10:16:44 np0000071537 object-server[562944]: Begin object audit "forever" mode (ZBF)
Jun 12 10:16:44 np0000071537 object-server[562944]: Object audit (ZBF). Since Fri Jun 12 10:16:44 2026: Locally: 1 passed, 0 quarantined, 0 errors, files/sec: 578.84, bytes/sec: 0.00, Total time: 0.00, Auditing time: 0.00, Rate: 0.00
Jun 12 10:16:45 np0000071537 object-server[562944]: Object audit (ZBF) "forever" mode completed: 0.60s. Total quarantined: 0, Total errors: 0, Total files/sec: 53.03, Total bytes/sec: 0.00, Auditing time: 0.59, Rate: 0.98
Jun 12 10:16:58 np0000071537 object-server[106355]: Starting object replication pass.
Jun 12 10:16:58 np0000071537 object-server[106355]: 32/32 (100.00%) partitions replicated in 0.05s (585.19/sec, 0s remaining)
Jun 12 10:16:58 np0000071537 object-server[106355]: 0 successes, 0 failures
Jun 12 10:16:58 np0000071537 object-server[106355]: 32 suffixes checked - 0.00% hashed, 0.00% synced
Jun 12 10:16:58 np0000071537 object-server[106355]: Partition times: max 0.0061s, min 0.0004s, med 0.0007s
Jun 12 10:16:58 np0000071537 object-server[106355]: Object replication complete. (0.00 minutes)
Jun 12 10:17:04 np0000071537 container-server[106124]: Begin container update sweep
Jun 12 10:17:04 np0000071537 account-server[105940]: 172.20.0.103 - - [12/Jun/2026:10:17:04 +0000] "PUT /d1/660/AUTH_ba582bfc01404638ab90ee141c6fed23/glance" 201 - "-" "-" "container-updater 2" 0.0013 "-" 23 0
Jun 12 10:17:04 np0000071537 container-server[106124]: Container update sweep completed: 0.09s
Jun 12 10:17:12 np0000071537 container-server[105765]: Beginning replication run
Jun 12 10:17:12 np0000071537 container-server[105765]: Replication run OVER
Jun 12 10:17:12 np0000071537 container-server[105765]: Attempted to replicate 1 dbs in 0.01161 seconds (86.13521/s)
Jun 12 10:17:12 np0000071537 container-server[105765]: Removed 0 dbs
Jun 12 10:17:12 np0000071537 container-server[105765]: 1 successes, 0 failures
Jun 12 10:17:12 np0000071537 container-server[105765]: diff:0 diff_capped:0 empty:0 hashmatch:0 no_change:1 remote_merge:0 rsync:0 ts_repl:0
Jun 12 10:17:12 np0000071537 account-server[105662]: Beginning replication run
Jun 12 10:17:12 np0000071537 account-server[105662]: Replication run OVER
Jun 12 10:17:12 np0000071537 account-server[105662]: Attempted to replicate 1 dbs in 0.01680 seconds (59.52287/s)
Jun 12 10:17:12 np0000071537 account-server[105662]: Removed 0 dbs
Jun 12 10:17:12 np0000071537 account-server[105662]: 1 successes, 0 failures
Jun 12 10:17:12 np0000071537 account-server[105662]: diff:0 diff_capped:0 empty:0 hashmatch:0 no_change:1 remote_merge:0 rsync:0 ts_repl:0
Jun 12 10:17:15 np0000071537 object-server[564225]: Begin object audit "forever" mode (ZBF)
Jun 12 10:17:15 np0000071537 object-server[564226]: Begin object audit "forever" mode (ALL)
Jun 12 10:17:15 np0000071537 object-server[564225]: Object audit (ZBF). Since Fri Jun 12 10:17:15 2026: Locally: 1 passed, 0 quarantined, 0 errors, files/sec: 694.65, bytes/sec: 0.00, Total time: 0.00, Auditing time: 0.00, Rate: 0.00
Jun 12 10:17:16 np0000071537 object-server[564225]: Object audit (ZBF) "forever" mode completed: 0.60s. Total quarantined: 0, Total errors: 0, Total files/sec: 53.05, Total bytes/sec: 0.00, Auditing time: 0.59, Rate: 0.98
Jun 12 10:17:17 np0000071537 object-server[564226]: Object audit (ALL). Since Fri Jun 12 10:17:15 2026: Locally: 1 passed, 0 quarantined, 0 errors, files/sec: 0.46, bytes/sec: 10002316.01, Total time: 2.17, Auditing time: 0.00, Rate: 0.00
Jun 12 10:17:21 np0000071537 object-server[564226]: Object audit (ALL) "forever" mode completed: 6.46s. Total quarantined: 0, Total errors: 0, Total files/sec: 4.95, Total bytes/sec: 9986973.39, Auditing time: 6.46, Rate: 1.00
Jun 12 10:17:28 np0000071537 object-server[106355]: Starting object replication pass.
Jun 12 10:17:28 np0000071537 object-server[106355]: 32/32 (100.00%) partitions replicated in 0.04s (735.46/sec, 0s remaining)
Jun 12 10:17:28 np0000071537 object-server[106355]: 0 successes, 0 failures
Jun 12 10:17:28 np0000071537 object-server[106355]: 32 suffixes checked - 0.00% hashed, 0.00% synced
Jun 12 10:17:28 np0000071537 object-server[106355]: Partition times: max 0.0061s, min 0.0004s, med 0.0007s
Jun 12 10:17:28 np0000071537 object-server[106355]: Object replication complete. (0.00 minutes)
Jun 12 10:17:42 np0000071537 container-server[105765]: Beginning replication run
Jun 12 10:17:42 np0000071537 container-server[105765]: Replication run OVER
Jun 12 10:17:42 np0000071537 container-server[105765]: Attempted to replicate 1 dbs in 0.01181 seconds (84.70703/s)
Jun 12 10:17:42 np0000071537 container-server[105765]: Removed 0 dbs
Jun 12 10:17:42 np0000071537 container-server[105765]: 1 successes, 0 failures
Jun 12 10:17:42 np0000071537 container-server[105765]: diff:0 diff_capped:0 empty:0 hashmatch:0 no_change:1 remote_merge:0 rsync:0 ts_repl:0
Jun 12 10:17:42 np0000071537 account-server[105662]: Beginning replication run
Jun 12 10:17:42 np0000071537 account-server[105662]: Replication run OVER
Jun 12 10:17:42 np0000071537 account-server[105662]: Attempted to replicate 1 dbs in 0.00998 seconds (100.15431/s)
Jun 12 10:17:42 np0000071537 account-server[105662]: Removed 0 dbs
Jun 12 10:17:42 np0000071537 account-server[105662]: 1 successes, 0 failures
Jun 12 10:17:42 np0000071537 account-server[105662]: diff:0 diff_capped:0 empty:0 hashmatch:0 no_change:1 remote_merge:0 rsync:0 ts_repl:0
Jun 12 10:17:46 np0000071537 object-server[564228]: Begin object audit "forever" mode (ZBF)
Jun 12 10:17:46 np0000071537 object-server[564228]: Object audit (ZBF). Since Fri Jun 12 10:17:46 2026: Locally: 1 passed, 0 quarantined, 0 errors, files/sec: 610.79, bytes/sec: 0.00, Total time: 0.00, Auditing time: 0.00, Rate: 0.00
Jun 12 10:17:46 np0000071537 object-server[564228]: Object audit (ZBF) "forever" mode completed: 0.60s. Total quarantined: 0, Total errors: 0, Total files/sec: 53.07, Total bytes/sec: 0.00, Auditing time: 0.59, Rate: 0.99
Jun 12 10:17:58 np0000071537 object-server[106355]: Starting object replication pass.
Jun 12 10:17:59 np0000071537 object-server[106355]: 32/32 (100.00%) partitions replicated in 0.03s (967.57/sec, 0s remaining)
Jun 12 10:17:59 np0000071537 object-server[106355]: 0 successes, 0 failures
Jun 12 10:17:59 np0000071537 object-server[106355]: 32 suffixes checked - 0.00% hashed, 0.00% synced
Jun 12 10:17:59 np0000071537 object-server[106355]: Partition times: max 0.0055s, min 0.0004s, med 0.0006s
Jun 12 10:17:59 np0000071537 object-server[106355]: Object replication complete. (0.00 minutes)
Jun 12 10:18:12 np0000071537 container-server[105765]: Beginning replication run
Jun 12 10:18:12 np0000071537 container-server[105765]: Replication run OVER
Jun 12 10:18:12 np0000071537 container-server[105765]: Attempted to replicate 1 dbs in 0.01633 seconds (61.22051/s)
Jun 12 10:18:12 np0000071537 container-server[105765]: Removed 0 dbs
Jun 12 10:18:12 np0000071537 container-server[105765]: 1 successes, 0 failures
Jun 12 10:18:12 np0000071537 container-server[105765]: diff:0 diff_capped:0 empty:0 hashmatch:0 no_change:1 remote_merge:0 rsync:0 ts_repl:0
Jun 12 10:18:12 np0000071537 account-server[105662]: Beginning replication run
Jun 12 10:18:12 np0000071537 account-server[105662]: Replication run OVER
Jun 12 10:18:12 np0000071537 account-server[105662]: Attempted to replicate 1 dbs in 0.00972 seconds (102.83328/s)
Jun 12 10:18:12 np0000071537 account-server[105662]: Removed 0 dbs
Jun 12 10:18:12 np0000071537 account-server[105662]: 1 successes, 0 failures
Jun 12 10:18:12 np0000071537 account-server[105662]: diff:0 diff_capped:0 empty:0 hashmatch:0 no_change:1 remote_merge:0 rsync:0 ts_repl:0
Jun 12 10:18:16 np0000071537 object-server[565475]: Begin object audit "forever" mode (ZBF)
Jun 12 10:18:16 np0000071537 object-server[565475]: Object audit (ZBF). Since Fri Jun 12 10:18:16 2026: Locally: 1 passed, 0 quarantined, 0 errors, files/sec: 803.20, bytes/sec: 0.00, Total time: 0.00, Auditing time: 0.00, Rate: 0.00
Jun 12 10:18:16 np0000071537 object-server[565476]: Begin object audit "forever" mode (ALL)
Jun 12 10:18:17 np0000071537 object-server[565475]: Object audit (ZBF) "forever" mode completed: 0.60s. Total quarantined: 0, Total errors: 0, Total files/sec: 53.09, Total bytes/sec: 0.00, Auditing time: 0.59, Rate: 0.99
Jun 12 10:18:19 np0000071537 object-server[565476]: Object audit (ALL). Since Fri Jun 12 10:18:16 2026: Locally: 1 passed, 0 quarantined, 0 errors, files/sec: 0.46, bytes/sec: 10009830.79, Total time: 2.17, Auditing time: 0.00, Rate: 0.00
Jun 12 10:18:23 np0000071537 object-server[565476]: Object audit (ALL) "forever" mode completed: 6.46s. Total quarantined: 0, Total errors: 0, Total files/sec: 4.96, Total bytes/sec: 9998291.67, Auditing time: 6.45, Rate: 1.00
Jun 12 10:18:23 np0000071537 object-server[106666]: Begin object update sweep
