Jun 12 10:13:41 np0000071537 container-server[105973]: 172.20.0.103 - - [12/Jun/2026:10:13:41 +0000] "DELETE /d1/21/AUTH_ba582bfc01404638ab90ee141c6fed23/glance/d1cc4554-5355-4ad9-bbdc-bb69bfd51ac3" 204 - "DELETE http://swift-internal.openstack.svc:8080/d1/84/AUTH_ba582bfc01404638ab90ee141c6fed23/glance/d1cc4554-5355-4ad9-bbdc-bb69bfd51ac3" "tx63c24696b0304b0495a65-006a2bdbd5" "object-server 23" 0.0009 "-" 17 0
Jun 12 10:13:41 np0000071537 object-server[106725]: 172.20.0.30 - - [12/Jun/2026:10:13:41 +0000] "DELETE /d1/84/AUTH_ba582bfc01404638ab90ee141c6fed23/glance/d1cc4554-5355-4ad9-bbdc-bb69bfd51ac3" 204 - "DELETE http://swift-internal.openstack.svc:8080/v1/AUTH_ba582bfc01404638ab90ee141c6fed23/glance/d1cc4554-5355-4ad9-bbdc-bb69bfd51ac3" "tx63c24696b0304b0495a65-006a2bdbd5" "proxy-server 5" 0.0085 "-" 23 0
Jun 12 10:13:41 np0000071537 object-server[106728]: 172.20.0.30 - - [12/Jun/2026:10:13:41 +0000] "GET /d1/99/AUTH_ba582bfc01404638ab90ee141c6fed23/glance/86580260-5130-4596-83b8-f72fc12d28c5" 200 - "GET http://swift-internal.openstack.svc:8080/v1/AUTH_ba582bfc01404638ab90ee141c6fed23/glance/86580260-5130-4596-83b8-f72fc12d28c5" "txa5778e679b3a4ff2b4ed6-006a2bdbd5" "proxy-server 6" 0.0013 "-" 25 0
Jun 12 10:13:41 np0000071537 container-server[105991]: 172.20.0.30 - - [12/Jun/2026:10:13:41 +0000] "GET /d1/21/AUTH_ba582bfc01404638ab90ee141c6fed23/glance" 200 210 "GET http://swift-internal.openstack.svc:8080/v1/AUTH_ba582bfc01404638ab90ee141c6fed23/glance?prefix=86580260-5130-4596-83b8-f72fc12d28c5-&format=json&states=listing" "txa5778e679b3a4ff2b4ed6-006a2bdbd5" "proxy-server 6" 0.0088 "-" 18 0
Jun 12 10:13:41 np0000071537 object-server[106722]: 172.20.0.30 - - [12/Jun/2026:10:13:41 +0000] "GET /d1/272/AUTH_ba582bfc01404638ab90ee141c6fed23/glance/86580260-5130-4596-83b8-f72fc12d28c5-00001" 200 21430272 "GET http://swift-internal.openstack.svc:8080/v1/AUTH_ba582bfc01404638ab90ee141c6fed23/glance/86580260-5130-4596-83b8-f72fc12d28c5-00001?multipart-manifest=get" "txa5778e679b3a4ff2b4ed6-006a2bdbd5" "proxy-server 6" 0.0009 "-" 22 0
Jun 12 10:13:42 np0000071537 object-server[559102]: Begin object audit "forever" mode (ZBF)
Jun 12 10:13:42 np0000071537 object-server[559102]: Object audit (ZBF). Since Fri Jun 12 10:13:42 2026: Locally: 1 passed, 0 quarantined, 0 errors, files/sec: 391.63, bytes/sec: 0.00, Total time: 0.00, Auditing time: 0.00, Rate: 0.00
Jun 12 10:13:42 np0000071537 object-server[559102]: Object audit (ZBF) "forever" mode completed: 0.16s. Total quarantined: 0, Total errors: 0, Total files/sec: 60.99, Total bytes/sec: 0.00, Auditing time: 0.16, Rate: 0.96
Jun 12 10:13:42 np0000071537 account-server[105662]: Beginning replication run
Jun 12 10:13:42 np0000071537 account-server[105662]: Replication run OVER
Jun 12 10:13:42 np0000071537 account-server[105662]: Attempted to replicate 1 dbs in 0.00942 seconds (106.17572/s)
Jun 12 10:13:42 np0000071537 account-server[105662]: Removed 0 dbs
Jun 12 10:13:42 np0000071537 account-server[105662]: 1 successes, 0 failures
Jun 12 10:13:42 np0000071537 account-server[105662]: diff:0 diff_capped:0 empty:0 hashmatch:0 no_change:1 remote_merge:0 rsync:0 ts_repl:0
Jun 12 10:13:42 np0000071537 container-server[105765]: Beginning replication run
Jun 12 10:13:42 np0000071537 container-server[105765]: Replication run OVER
Jun 12 10:13:42 np0000071537 container-server[105765]: Attempted to replicate 1 dbs in 0.02062 seconds (48.49107/s)
Jun 12 10:13:42 np0000071537 container-server[105765]: Removed 0 dbs
Jun 12 10:13:42 np0000071537 container-server[105765]: 1 successes, 0 failures
Jun 12 10:13:42 np0000071537 container-server[105765]: diff:0 diff_capped:0 empty:0 hashmatch:0 no_change:1 remote_merge:0 rsync:0 ts_repl:0
Jun 12 10:13:58 np0000071537 object-server[106355]: Starting object replication pass.
Jun 12 10:13:58 np0000071537 object-server[106355]: 10/10 (100.00%) partitions replicated in 0.05s (213.63/sec, 0s remaining)
Jun 12 10:13:58 np0000071537 object-server[106355]: 0 successes, 0 failures
Jun 12 10:13:58 np0000071537 object-server[106355]: 10 suffixes checked - 40.00% hashed, 0.00% synced
Jun 12 10:13:58 np0000071537 object-server[106355]: Partition times: max 0.0106s, min 0.0005s, med 0.0009s
Jun 12 10:13:58 np0000071537 object-server[106355]: Object replication complete. (0.00 minutes)
Jun 12 10:14:12 np0000071537 account-server[105662]: Beginning replication run
Jun 12 10:14:12 np0000071537 object-server[560423]: Begin object audit "forever" mode (ZBF)
Jun 12 10:14:12 np0000071537 account-server[105662]: Replication run OVER
Jun 12 10:14:12 np0000071537 account-server[105662]: Attempted to replicate 1 dbs in 0.00906 seconds (110.31714/s)
Jun 12 10:14:12 np0000071537 account-server[105662]: Removed 0 dbs
Jun 12 10:14:12 np0000071537 object-server[560423]: Object audit (ZBF). Since Fri Jun 12 10:14:12 2026: Locally: 1 passed, 0 quarantined, 0 errors, files/sec: 692.02, bytes/sec: 0.00, Total time: 0.00, Auditing time: 0.00, Rate: 0.00
Jun 12 10:14:12 np0000071537 account-server[105662]: 1 successes, 0 failures
Jun 12 10:14:12 np0000071537 object-server[560424]: Begin object audit "forever" mode (ALL)
Jun 12 10:14:12 np0000071537 account-server[105662]: diff:0 diff_capped:0 empty:0 hashmatch:0 no_change:1 remote_merge:0 rsync:0 ts_repl:0
Jun 12 10:14:12 np0000071537 container-server[105765]: Beginning replication run
Jun 12 10:14:12 np0000071537 container-server[105765]: Replication run OVER
Jun 12 10:14:12 np0000071537 container-server[105765]: Attempted to replicate 1 dbs in 0.01262 seconds (79.25831/s)
Jun 12 10:14:12 np0000071537 container-server[105765]: Removed 0 dbs
Jun 12 10:14:12 np0000071537 container-server[105765]: 1 successes, 0 failures
Jun 12 10:14:12 np0000071537 container-server[105765]: diff:0 diff_capped:0 empty:0 hashmatch:0 no_change:1 remote_merge:0 rsync:0 ts_repl:0
Jun 12 10:14:12 np0000071537 object-server[560423]: Object audit (ZBF) "forever" mode completed: 0.16s. Total quarantined: 0, Total errors: 0, Total files/sec: 61.12, Total bytes/sec: 0.00, Auditing time: 0.16, Rate: 0.97
Jun 12 10:14:14 np0000071537 object-server[560424]: Object audit (ALL). Since Fri Jun 12 10:14:12 2026: Locally: 1 passed, 0 quarantined, 0 errors, files/sec: 0.46, bytes/sec: 10039840.33, Total time: 2.16, Auditing time: 0.00, Rate: 0.00
Jun 12 10:14:19 np0000071537 object-server[560424]: Object audit (ALL) "forever" mode completed: 6.46s. Total quarantined: 0, Total errors: 0, Total files/sec: 1.55, Total bytes/sec: 9999712.60, Auditing time: 6.45, Rate: 1.00
Jun 12 10:14:28 np0000071537 object-server[106355]: Starting object replication pass.
Jun 12 10:14:28 np0000071537 object-server[106355]: 10/10 (100.00%) partitions replicated in 0.02s (581.55/sec, 0s remaining)
Jun 12 10:14:28 np0000071537 object-server[106355]: 0 successes, 0 failures
Jun 12 10:14:28 np0000071537 object-server[106355]: 10 suffixes checked - 0.00% hashed, 0.00% synced
Jun 12 10:14:28 np0000071537 object-server[106355]: Partition times: max 0.0051s, min 0.0004s, med 0.0007s
Jun 12 10:14:28 np0000071537 object-server[106355]: Object replication complete. (0.00 minutes)
Jun 12 10:14:39 np0000071537 account-server[105910]: 172.20.0.30 - - [12/Jun/2026:10:14:39 +0000] "HEAD /d1/989/AUTH_0049246e5bc74d7aa89e488aa8be9ef0" 404 - "HEAD http://swift-internal.openstack.svc:8080/v1/AUTH_0049246e5bc74d7aa89e488aa8be9ef0?format=json" "tx3d0ff9ae5a354d429f7b0-006a2bdc0f" "proxy-server 13" 0.0009 "-" 21 -
Jun 12 10:14:41 np0000071537 account-server[105920]: 172.20.0.30 - - [12/Jun/2026:10:14:41 +0000] "HEAD /d1/989/AUTH_0049246e5bc74d7aa89e488aa8be9ef0" 404 - "HEAD http://swift-internal.openstack.svc:8080/v1/AUTH_0049246e5bc74d7aa89e488aa8be9ef0?format=json" "tx3d0ff9ae5a354d429f7b0-006a2bdc0f" "proxy-server 13" 0.0007 "-" 22 -
Jun 12 10:14:41 np0000071537 account-server[105920]: 172.20.0.30 - - [12/Jun/2026:10:14:41 +0000] "HEAD /d1/614/AUTH_22992210610d46efa5ce201c1323ba20" 404 - "HEAD http://swift-internal.openstack.svc:8080/v1/AUTH_22992210610d46efa5ce201c1323ba20?format=json" "tx0c05e2e294ff491b935f4-006a2bdc11" "proxy-server 12" 0.0004 "-" 22 -
Jun 12 10:14:41 np0000071537 account-server[105906]: 172.20.0.30 - - [12/Jun/2026:10:14:41 +0000] "HEAD /d1/614/AUTH_22992210610d46efa5ce201c1323ba20" 404 - "HEAD http://swift-internal.openstack.svc:8080/v1/AUTH_22992210610d46efa5ce201c1323ba20?format=json" "tx0c05e2e294ff491b935f4-006a2bdc11" "proxy-server 12" 0.0005 "-" 20 -
Jun 12 10:14:41 np0000071537 account-server[105920]: 172.20.0.30 - - [12/Jun/2026:10:14:41 +0000] "HEAD /d1/905/AUTH_24c54d0de0e54c10aaa5cf8350f5d8fb" 404 - "HEAD http://swift-internal.openstack.svc:8080/v1/AUTH_24c54d0de0e54c10aaa5cf8350f5d8fb?format=json" "tx2da77b8ef00342589b0d7-006a2bdc11" "proxy-server 13" 0.0007 "-" 22 -
Jun 12 10:14:41 np0000071537 account-server[105920]: 172.20.0.30 - - [12/Jun/2026:10:14:41 +0000] "HEAD /d1/905/AUTH_24c54d0de0e54c10aaa5cf8350f5d8fb" 404 - "HEAD http://swift-internal.openstack.svc:8080/v1/AUTH_24c54d0de0e54c10aaa5cf8350f5d8fb?format=json" "tx2da77b8ef00342589b0d7-006a2bdc11" "proxy-server 13" 0.0003 "-" 22 -
Jun 12 10:14:41 np0000071537 account-server[105910]: 172.20.0.30 - - [12/Jun/2026:10:14:41 +0000] "HEAD /d1/115/AUTH_61e8607a9f0742579667da2efbb13731" 404 - "HEAD http://swift-internal.openstack.svc:8080/v1/AUTH_61e8607a9f0742579667da2efbb13731?format=json" "tx97e5192c56d04f80a9c5f-006a2bdc11" "proxy-server 8" 0.0006 "-" 21 -
Jun 12 10:14:41 np0000071537 account-server[105920]: 172.20.0.30 - - [12/Jun/2026:10:14:41 +0000] "HEAD /d1/115/AUTH_61e8607a9f0742579667da2efbb13731" 404 - "HEAD http://swift-internal.openstack.svc:8080/v1/AUTH_61e8607a9f0742579667da2efbb13731?format=json" "tx97e5192c56d04f80a9c5f-006a2bdc11" "proxy-server 8" 0.0006 "-" 22 -
Jun 12 10:14:41 np0000071537 account-server[105910]: 172.20.0.30 - - [12/Jun/2026:10:14:41 +0000] "HEAD /d1/368/AUTH_6439346585464aa28c8bae5ba559de7d" 404 - "HEAD http://swift-internal.openstack.svc:8080/v1/AUTH_6439346585464aa28c8bae5ba559de7d?format=json" "tx8d76974b07904388b6b99-006a2bdc11" "proxy-server 13" 0.0007 "-" 21 -
Jun 12 10:14:41 np0000071537 account-server[105906]: 172.20.0.30 - - [12/Jun/2026:10:14:41 +0000] "HEAD /d1/368/AUTH_6439346585464aa28c8bae5ba559de7d" 404 - "HEAD http://swift-internal.openstack.svc:8080/v1/AUTH_6439346585464aa28c8bae5ba559de7d?format=json" "tx8d76974b07904388b6b99-006a2bdc11" "proxy-server 13" 0.0005 "-" 20 -
Jun 12 10:14:41 np0000071537 account-server[105906]: 172.20.0.30 - - [12/Jun/2026:10:14:41 +0000] "HEAD /d1/228/AUTH_6ce1d6c136454a6ba4cc8b37b2690748" 404 - "HEAD http://swift-internal.openstack.svc:8080/v1/AUTH_6ce1d6c136454a6ba4cc8b37b2690748?format=json" "tx0f6788691888400e94c0e-006a2bdc11" "proxy-server 5" 0.0005 "-" 20 -
Jun 12 10:14:41 np0000071537 account-server[105920]: 172.20.0.30 - - [12/Jun/2026:10:14:41 +0000] "HEAD /d1/228/AUTH_6ce1d6c136454a6ba4cc8b37b2690748" 404 - "HEAD http://swift-internal.openstack.svc:8080/v1/AUTH_6ce1d6c136454a6ba4cc8b37b2690748?format=json" "tx0f6788691888400e94c0e-006a2bdc11" "proxy-server 5" 0.0007 "-" 22 -
Jun 12 10:14:41 np0000071537 account-server[105940]: 172.20.0.30 - - [12/Jun/2026:10:14:41 +0000] "HEAD /d1/21/AUTH_7e5863c749ba4fc0b46ac908617b34a0" 404 - "HEAD http://swift-internal.openstack.svc:8080/v1/AUTH_7e5863c749ba4fc0b46ac908617b34a0?format=json" "tx65d08f657a0241afa705f-006a2bdc11" "proxy-server 5" 0.0006 "-" 23 -
Jun 12 10:14:41 np0000071537 account-server[105910]: 172.20.0.30 - - [12/Jun/2026:10:14:41 +0000] "HEAD /d1/21/AUTH_7e5863c749ba4fc0b46ac908617b34a0" 404 - "HEAD http://swift-internal.openstack.svc:8080/v1/AUTH_7e5863c749ba4fc0b46ac908617b34a0?format=json" "tx65d08f657a0241afa705f-006a2bdc11" "proxy-server 5" 0.0006 "-" 21 -
Jun 12 10:14:41 np0000071537 account-server[105940]: 172.20.0.30 - - [12/Jun/2026:10:14:41 +0000] "HEAD /d1/552/AUTH_9004362bdcb24c00b144eed28d08edef" 404 - "HEAD http://swift-internal.openstack.svc:8080/v1/AUTH_9004362bdcb24c00b144eed28d08edef?format=json" "tx55f7f472f8da445393693-006a2bdc11" "proxy-server 5" 0.0006 "-" 23 -
Jun 12 10:14:41 np0000071537 account-server[105940]: 172.20.0.30 - - [12/Jun/2026:10:14:41 +0000] "HEAD /d1/552/AUTH_9004362bdcb24c00b144eed28d08edef" 404 - "HEAD http://swift-internal.openstack.svc:8080/v1/AUTH_9004362bdcb24c00b144eed28d08edef?format=json" "tx55f7f472f8da445393693-006a2bdc11" "proxy-server 5" 0.0004 "-" 23 -
Jun 12 10:14:41 np0000071537 account-server[105920]: 172.20.0.30 - - [12/Jun/2026:10:14:41 +0000] "HEAD /d1/929/AUTH_914743b565e14c3a9429c20dc1f6eb64" 404 - "HEAD http://swift-internal.openstack.svc:8080/v1/AUTH_914743b565e14c3a9429c20dc1f6eb64?format=json" "tx85a07699326348aeac15f-006a2bdc11" "proxy-server 5" 0.0007 "-" 22 -
Jun 12 10:14:41 np0000071537 account-server[105910]: 172.20.0.30 - - [12/Jun/2026:10:14:41 +0000] "HEAD /d1/929/AUTH_914743b565e14c3a9429c20dc1f6eb64" 404 - "HEAD http://swift-internal.openstack.svc:8080/v1/AUTH_914743b565e14c3a9429c20dc1f6eb64?format=json" "tx85a07699326348aeac15f-006a2bdc11" "proxy-server 5" 0.0006 "-" 21 -
Jun 12 10:14:41 np0000071537 account-server[105906]: 172.20.0.30 - - [12/Jun/2026:10:14:41 +0000] "HEAD /d1/241/AUTH_aafde8cea57b45ddb030844e3dbf7300" 404 - "HEAD http://swift-internal.openstack.svc:8080/v1/AUTH_aafde8cea57b45ddb030844e3dbf7300?format=json" "tx49538406dcd842119208a-006a2bdc11" "proxy-server 12" 0.0005 "-" 20 -
Jun 12 10:14:41 np0000071537 account-server[105920]: 172.20.0.30 - - [12/Jun/2026:10:14:41 +0000] "HEAD /d1/241/AUTH_aafde8cea57b45ddb030844e3dbf7300" 404 - "HEAD http://swift-internal.openstack.svc:8080/v1/AUTH_aafde8cea57b45ddb030844e3dbf7300?format=json" "tx49538406dcd842119208a-006a2bdc11" "proxy-server 12" 0.0006 "-" 22 -
Jun 12 10:14:41 np0000071537 account-server[105920]: 172.20.0.30 - - [12/Jun/2026:10:14:41 +0000] "HEAD /d1/623/AUTH_ad2e06cbb5c840acba048914f696942d" 404 - "HEAD http://swift-internal.openstack.svc:8080/v1/AUTH_ad2e06cbb5c840acba048914f696942d?format=json" "tx998ea5fb2aac435bb9671-006a2bdc11" "proxy-server 8" 0.0004 "-" 22 -
Jun 12 10:14:41 np0000071537 account-server[105906]: 172.20.0.30 - - [12/Jun/2026:10:14:41 +0000] "HEAD /d1/623/AUTH_ad2e06cbb5c840acba048914f696942d" 404 - "HEAD http://swift-internal.openstack.svc:8080/v1/AUTH_ad2e06cbb5c840acba048914f696942d?format=json" "tx998ea5fb2aac435bb9671-006a2bdc11" "proxy-server 8" 0.0005 "-" 20 -
Jun 12 10:14:41 np0000071537 account-server[105910]: 172.20.0.30 - - [12/Jun/2026:10:14:41 +0000] "HEAD /d1/660/AUTH_ba582bfc01404638ab90ee141c6fed23" 204 - "HEAD http://swift-internal.openstack.svc:8080/v1/AUTH_ba582bfc01404638ab90ee141c6fed23?format=json" "tx343434dbac524326b5df5-006a2bdc11" "proxy-server 13" 0.0026 "-" 21 -
Jun 12 10:14:41 np0000071537 account-server[105920]: 172.20.0.30 - - [12/Jun/2026:10:14:41 +0000] "HEAD /d1/660/AUTH_ba582bfc01404638ab90ee141c6fed23" 204 - "HEAD http://swift-internal.openstack.svc:8080/v1/AUTH_ba582bfc01404638ab90ee141c6fed23?format=json" "tx343434dbac524326b5df5-006a2bdc11" "proxy-server 13" 0.0025 "-" 22 -
Jun 12 10:14:41 np0000071537 account-server[105940]: 172.20.0.30 - - [12/Jun/2026:10:14:41 +0000] "HEAD /d1/384/AUTH_bca5449b45744148beb03d566e18d1a4" 404 - "HEAD http://swift-internal.openstack.svc:8080/v1/AUTH_bca5449b45744148beb03d566e18d1a4?format=json" "tx252a67e5adf84874b079a-006a2bdc11" "proxy-server 12" 0.0007 "-" 23 -
Jun 12 10:14:41 np0000071537 account-server[105940]: 172.20.0.30 - - [12/Jun/2026:10:14:41 +0000] "HEAD /d1/384/AUTH_bca5449b45744148beb03d566e18d1a4" 404 - "HEAD http://swift-internal.openstack.svc:8080/v1/AUTH_bca5449b45744148beb03d566e18d1a4?format=json" "tx252a67e5adf84874b079a-006a2bdc11" "proxy-server 12" 0.0004 "-" 23 -
Jun 12 10:14:41 np0000071537 account-server[105920]: 172.20.0.30 - - [12/Jun/2026:10:14:41 +0000] "HEAD /d1/573/AUTH_c8eb0947cd254ecfb47dd1b1d2c3fab7" 404 - "HEAD http://swift-internal.openstack.svc:8080/v1/AUTH_c8eb0947cd254ecfb47dd1b1d2c3fab7?format=json" "txa378323ba7694fbaba473-006a2bdc11" "proxy-server 8" 0.0005 "-" 22 -
Jun 12 10:14:41 np0000071537 account-server[105940]: 172.20.0.30 - - [12/Jun/2026:10:14:41 +0000] "HEAD /d1/573/AUTH_c8eb0947cd254ecfb47dd1b1d2c3fab7" 404 - "HEAD http://swift-internal.openstack.svc:8080/v1/AUTH_c8eb0947cd254ecfb47dd1b1d2c3fab7?format=json" "txa378323ba7694fbaba473-006a2bdc11" "proxy-server 8" 0.0006 "-" 23 -
Jun 12 10:14:41 np0000071537 account-server[105906]: 172.20.0.30 - - [12/Jun/2026:10:14:41 +0000] "HEAD /d1/455/AUTH_ca22a6891c534c6cbc0eeb5dd6daf48b" 404 - "HEAD http://swift-internal.openstack.svc:8080/v1/AUTH_ca22a6891c534c6cbc0eeb5dd6daf48b?format=json" "tx59ddf63c11754faf9d60d-006a2bdc11" "proxy-server 12" 0.0007 "-" 20 -
Jun 12 10:14:41 np0000071537 account-server[105910]: 172.20.0.30 - - [12/Jun/2026:10:14:41 +0000] "HEAD /d1/455/AUTH_ca22a6891c534c6cbc0eeb5dd6daf48b" 404 - "HEAD http://swift-internal.openstack.svc:8080/v1/AUTH_ca22a6891c534c6cbc0eeb5dd6daf48b?format=json" "tx59ddf63c11754faf9d60d-006a2bdc11" "proxy-server 12" 0.0006 "-" 21 -
Jun 12 10:14:41 np0000071537 account-server[105940]: 172.20.0.30 - - [12/Jun/2026:10:14:41 +0000] "HEAD /d1/847/AUTH_fbfacfd6d6e14f16911a343d94c772eb" 404 - "HEAD http://swift-internal.openstack.svc:8080/v1/AUTH_fbfacfd6d6e14f16911a343d94c772eb?format=json" "tx6977238e51df4a7f91319-006a2bdc11" "proxy-server 8" 0.0005 "-" 23 -
Jun 12 10:14:41 np0000071537 account-server[105920]: 172.20.0.30 - - [12/Jun/2026:10:14:41 +0000] "HEAD /d1/847/AUTH_fbfacfd6d6e14f16911a343d94c772eb" 404 - "HEAD http://swift-internal.openstack.svc:8080/v1/AUTH_fbfacfd6d6e14f16911a343d94c772eb?format=json" "tx6977238e51df4a7f91319-006a2bdc11" "proxy-server 8" 0.0004 "-" 22 -
Jun 12 10:14:42 np0000071537 account-server[105662]: Beginning replication run
Jun 12 10:14:42 np0000071537 account-server[105662]: Replication run OVER
Jun 12 10:14:42 np0000071537 account-server[105662]: Attempted to replicate 1 dbs in 0.01023 seconds (97.75697/s)
Jun 12 10:14:42 np0000071537 account-server[105662]: Removed 0 dbs
Jun 12 10:14:42 np0000071537 account-server[105662]: 1 successes, 0 failures
Jun 12 10:14:42 np0000071537 account-server[105662]: diff:0 diff_capped:0 empty:0 hashmatch:0 no_change:1 remote_merge:0 rsync:0 ts_repl:0
Jun 12 10:14:42 np0000071537 container-server[105765]: Beginning replication run
Jun 12 10:14:42 np0000071537 container-server[105765]: Replication run OVER
Jun 12 10:14:42 np0000071537 container-server[105765]: Attempted to replicate 1 dbs in 0.01409 seconds (70.95230/s)
Jun 12 10:14:42 np0000071537 container-server[105765]: Removed 0 dbs
Jun 12 10:14:42 np0000071537 container-server[105765]: 1 successes, 0 failures
Jun 12 10:14:42 np0000071537 container-server[105765]: diff:0 diff_capped:0 empty:0 hashmatch:0 no_change:1 remote_merge:0 rsync:0 ts_repl:0
Jun 12 10:14:42 np0000071537 object-server[560426]: Begin object audit "forever" mode (ZBF)
Jun 12 10:14:42 np0000071537 object-server[560426]: Object audit (ZBF). Since Fri Jun 12 10:14:42 2026: Locally: 1 passed, 0 quarantined, 0 errors, files/sec: 567.26, bytes/sec: 0.00, Total time: 0.00, Auditing time: 0.00, Rate: 0.00
Jun 12 10:14:43 np0000071537 account-server[105920]: 172.20.0.30 - - [12/Jun/2026:10:14:43 +0000] "GET /d1/989/AUTH_0049246e5bc74d7aa89e488aa8be9ef0" 404 - "GET http://swift-internal.openstack.svc:8080/v1/AUTH_0049246e5bc74d7aa89e488aa8be9ef0?format=json" "tx0ed0a42b0d62412c85290-006a2bdc13" "proxy-server 12" 0.0007 "-" 22 -
Jun 12 10:14:43 np0000071537 account-server[105910]: 172.20.0.30 - - [12/Jun/2026:10:14:43 +0000] "GET /d1/614/AUTH_22992210610d46efa5ce201c1323ba20" 404 - "GET http://swift-internal.openstack.svc:8080/v1/AUTH_22992210610d46efa5ce201c1323ba20?format=json" "tx3b1a1ba47e6c49a297f52-006a2bdc13" "proxy-server 8" 0.0005 "-" 21 -
Jun 12 10:14:43 np0000071537 account-server[105940]: 172.20.0.30 - - [12/Jun/2026:10:14:43 +0000] "GET /d1/905/AUTH_24c54d0de0e54c10aaa5cf8350f5d8fb" 404 - "GET http://swift-internal.openstack.svc:8080/v1/AUTH_24c54d0de0e54c10aaa5cf8350f5d8fb?format=json" "txf4a40b93cbdb481a87719-006a2bdc13" "proxy-server 13" 0.0008 "-" 23 -
Jun 12 10:14:43 np0000071537 account-server[105906]: 172.20.0.30 - - [12/Jun/2026:10:14:43 +0000] "GET /d1/115/AUTH_61e8607a9f0742579667da2efbb13731" 404 - "GET http://swift-internal.openstack.svc:8080/v1/AUTH_61e8607a9f0742579667da2efbb13731?format=json" "txf4964ff93273497493dd6-006a2bdc13" "proxy-server 12" 0.0005 "-" 20 -
Jun 12 10:14:43 np0000071537 object-server[560426]: Object audit (ZBF) "forever" mode completed: 0.16s. Total quarantined: 0, Total errors: 0, Total files/sec: 61.25, Total bytes/sec: 0.00, Auditing time: 0.16, Rate: 0.97
Jun 12 10:14:43 np0000071537 account-server[105906]: 172.20.0.30 - - [12/Jun/2026:10:14:43 +0000] "GET /d1/368/AUTH_6439346585464aa28c8bae5ba559de7d" 404 - "GET http://swift-internal.openstack.svc:8080/v1/AUTH_6439346585464aa28c8bae5ba559de7d?format=json" "tx5e796dd62d95499dadc05-006a2bdc13" "proxy-server 13" 0.0002 "-" 20 -
Jun 12 10:14:43 np0000071537 account-server[105920]: 172.20.0.30 - - [12/Jun/2026:10:14:43 +0000] "GET /d1/228/AUTH_6ce1d6c136454a6ba4cc8b37b2690748" 404 - "GET http://swift-internal.openstack.svc:8080/v1/AUTH_6ce1d6c136454a6ba4cc8b37b2690748?format=json" "txcea9a06f55f1472a950b6-006a2bdc13" "proxy-server 8" 0.0006 "-" 22 -
Jun 12 10:14:43 np0000071537 account-server[105940]: 172.20.0.30 - - [12/Jun/2026:10:14:43 +0000] "GET /d1/21/AUTH_7e5863c749ba4fc0b46ac908617b34a0" 404 - "GET http://swift-internal.openstack.svc:8080/v1/AUTH_7e5863c749ba4fc0b46ac908617b34a0?format=json" "tx1dcfc04362e444e4a0938-006a2bdc13" "proxy-server 12" 0.0005 "-" 23 -
Jun 12 10:14:43 np0000071537 account-server[105910]: 172.20.0.30 - - [12/Jun/2026:10:14:43 +0000] "GET /d1/552/AUTH_9004362bdcb24c00b144eed28d08edef" 404 - "GET http://swift-internal.openstack.svc:8080/v1/AUTH_9004362bdcb24c00b144eed28d08edef?format=json" "tx2ab12509545a4bcf953f6-006a2bdc13" "proxy-server 13" 0.0005 "-" 21 -
Jun 12 10:14:43 np0000071537 account-server[105906]: 172.20.0.30 - - [12/Jun/2026:10:14:43 +0000] "GET /d1/929/AUTH_914743b565e14c3a9429c20dc1f6eb64" 404 - "GET http://swift-internal.openstack.svc:8080/v1/AUTH_914743b565e14c3a9429c20dc1f6eb64?format=json" "tx63a0aa7e7b514896a45dc-006a2bdc13" "proxy-server 8" 0.0006 "-" 20 -
Jun 12 10:14:43 np0000071537 account-server[105906]: 172.20.0.30 - - [12/Jun/2026:10:14:43 +0000] "GET /d1/241/AUTH_aafde8cea57b45ddb030844e3dbf7300" 404 - "GET http://swift-internal.openstack.svc:8080/v1/AUTH_aafde8cea57b45ddb030844e3dbf7300?format=json" "tx00b1db29d87a47b8bd773-006a2bdc13" "proxy-server 12" 0.0006 "-" 20 -
Jun 12 10:14:43 np0000071537 account-server[105920]: 172.20.0.30 - - [12/Jun/2026:10:14:43 +0000] "GET /d1/623/AUTH_ad2e06cbb5c840acba048914f696942d" 404 - "GET http://swift-internal.openstack.svc:8080/v1/AUTH_ad2e06cbb5c840acba048914f696942d?format=json" "txb21467cdc74144e6ad667-006a2bdc13" "proxy-server 8" 0.0007 "-" 22 -
Jun 12 10:14:43 np0000071537 account-server[105920]: 172.20.0.30 - - [12/Jun/2026:10:14:43 +0000] "GET /d1/660/AUTH_ba582bfc01404638ab90ee141c6fed23" 200 98 "GET http://swift-internal.openstack.svc:8080/v1/AUTH_ba582bfc01404638ab90ee141c6fed23?format=json" "tx725bf30c45ed430e94847-006a2bdc13" "proxy-server 13" 0.0031 "-" 22 -
Jun 12 10:14:43 np0000071537 account-server[105920]: 172.20.0.30 - - [12/Jun/2026:10:14:43 +0000] "GET /d1/384/AUTH_bca5449b45744148beb03d566e18d1a4" 404 - "GET http://swift-internal.openstack.svc:8080/v1/AUTH_bca5449b45744148beb03d566e18d1a4?format=json" "tx6a4e29ebc9614574a6be6-006a2bdc13" "proxy-server 8" 0.0006 "-" 22 -
Jun 12 10:14:43 np0000071537 account-server[105940]: 172.20.0.30 - - [12/Jun/2026:10:14:43 +0000] "GET /d1/573/AUTH_c8eb0947cd254ecfb47dd1b1d2c3fab7" 404 - "GET http://swift-internal.openstack.svc:8080/v1/AUTH_c8eb0947cd254ecfb47dd1b1d2c3fab7?format=json" "txcccb13da2647441d90822-006a2bdc13" "proxy-server 12" 0.0006 "-" 23 -
Jun 12 10:14:43 np0000071537 account-server[105910]: 172.20.0.30 - - [12/Jun/2026:10:14:43 +0000] "GET /d1/455/AUTH_ca22a6891c534c6cbc0eeb5dd6daf48b" 404 - "GET http://swift-internal.openstack.svc:8080/v1/AUTH_ca22a6891c534c6cbc0eeb5dd6daf48b?format=json" "txc144c163758c4da0b9540-006a2bdc13" "proxy-server 13" 0.0006 "-" 21 -
Jun 12 10:14:43 np0000071537 account-server[105910]: 172.20.0.30 - - [12/Jun/2026:10:14:43 +0000] "GET /d1/847/AUTH_fbfacfd6d6e14f16911a343d94c772eb" 404 - "GET http://swift-internal.openstack.svc:8080/v1/AUTH_fbfacfd6d6e14f16911a343d94c772eb?format=json" "tx7dec9883eb7b44aa8e900-006a2bdc13" "proxy-server 5" 0.0006 "-" 21 -
Jun 12 10:14:51 np0000071537 container-server[106007]: 172.20.0.30 - - [12/Jun/2026:10:14:51 +0000] "HEAD /d1/21/AUTH_ba582bfc01404638ab90ee141c6fed23/glance" 204 - "HEAD http://swift-internal.openstack.svc:8080/v1/AUTH_ba582bfc01404638ab90ee141c6fed23/glance?format=json&states=listing" "txd04623fd3ecd4a7faedac-006a2bdc1b" "proxy-server 8" 0.0025 "-" 21 0
Jun 12 10:14:51 np0000071537 container-server[106007]: 172.20.0.103 - - [12/Jun/2026:10:14:51 +0000] "PUT /d1/21/AUTH_ba582bfc01404638ab90ee141c6fed23/glance/456e2494-b8c5-4015-9bac-fad64308eba0-00001" 201 - "PUT http://swift-internal.openstack.svc:8080/d1/128/AUTH_ba582bfc01404638ab90ee141c6fed23/glance/456e2494-b8c5-4015-9bac-fad64308eba0-00001" "txf1b525546cf3484baeac5-006a2bdc1b" "object-server 23" 0.0005 "-" 21 0
Jun 12 10:14:51 np0000071537 object-server[106725]: 172.20.0.30 - - [12/Jun/2026:10:14:51 +0000] "PUT /d1/128/AUTH_ba582bfc01404638ab90ee141c6fed23/glance/456e2494-b8c5-4015-9bac-fad64308eba0-00001" 201 - "PUT http://swift-internal.openstack.svc:8080/v1/AUTH_ba582bfc01404638ab90ee141c6fed23/glance/456e2494-b8c5-4015-9bac-fad64308eba0-00001" "txf1b525546cf3484baeac5-006a2bdc1b" "proxy-server 8" 0.0123 "-" 23 0
Jun 12 10:14:51 np0000071537 container-server[105973]: 172.20.0.103 - - [12/Jun/2026:10:14:51 +0000] "PUT /d1/21/AUTH_ba582bfc01404638ab90ee141c6fed23/glance/456e2494-b8c5-4015-9bac-fad64308eba0" 201 - "PUT http://swift-internal.openstack.svc:8080/d1/473/AUTH_ba582bfc01404638ab90ee141c6fed23/glance/456e2494-b8c5-4015-9bac-fad64308eba0" "txde684243744945e3ae13d-006a2bdc1b" "object-server 23" 0.0011 "-" 17 0
Jun 12 10:14:51 np0000071537 object-server[106725]: 172.20.0.30 - - [12/Jun/2026:10:14:51 +0000] "PUT /d1/473/AUTH_ba582bfc01404638ab90ee141c6fed23/glance/456e2494-b8c5-4015-9bac-fad64308eba0" 201 - "PUT http://swift-internal.openstack.svc:8080/v1/AUTH_ba582bfc01404638ab90ee141c6fed23/glance/456e2494-b8c5-4015-9bac-fad64308eba0" "txde684243744945e3ae13d-006a2bdc1b" "proxy-server 8" 0.0114 "-" 23 0
Jun 12 10:14:52 np0000071537 object-server[106722]: 172.20.0.30 - - [12/Jun/2026:10:14:52 +0000] "HEAD /d1/473/AUTH_ba582bfc01404638ab90ee141c6fed23/glance/456e2494-b8c5-4015-9bac-fad64308eba0" 200 - "HEAD http://swift-internal.openstack.svc:8080/v1/AUTH_ba582bfc01404638ab90ee141c6fed23/glance/456e2494-b8c5-4015-9bac-fad64308eba0" "tx130c17822f1045eaa8d04-006a2bdc1c" "proxy-server 5" 0.0010 "-" 22 0
Jun 12 10:14:52 np0000071537 container-server[105973]: 172.20.0.30 - - [12/Jun/2026:10:14:52 +0000] "GET /d1/21/AUTH_ba582bfc01404638ab90ee141c6fed23/glance" 200 206 "GET http://swift-internal.openstack.svc:8080/v1/AUTH_ba582bfc01404638ab90ee141c6fed23/glance?prefix=456e2494-b8c5-4015-9bac-fad64308eba0-&format=json&states=listing" "tx130c17822f1045eaa8d04-006a2bdc1c" "proxy-server 5" 0.0109 "-" 17 0
Jun 12 10:14:52 np0000071537 container-server[105973]: 172.20.0.30 - - [12/Jun/2026:10:14:52 +0000] "GET /d1/21/AUTH_ba582bfc01404638ab90ee141c6fed23/glance" 200 206 "GET http://swift-internal.openstack.svc:8080/v1/AUTH_ba582bfc01404638ab90ee141c6fed23/glance?format=json&prefix=456e2494-b8c5-4015-9bac-fad64308eba0-&states=listing" "txc7af2014b3364c799e4b3-006a2bdc1c" "proxy-server 5" 0.0032 "-" 17 0
Jun 12 10:14:52 np0000071537 container-server[106007]: 172.20.0.103 - - [12/Jun/2026:10:14:52 +0000] "DELETE /d1/21/AUTH_ba582bfc01404638ab90ee141c6fed23/glance/456e2494-b8c5-4015-9bac-fad64308eba0-00001" 204 - "DELETE http://swift-internal.openstack.svc:8080/d1/128/AUTH_ba582bfc01404638ab90ee141c6fed23/glance/456e2494-b8c5-4015-9bac-fad64308eba0-00001" "tx82d29d63627a4115b597c-006a2bdc1c" "object-server 23" 0.0009 "-" 21 0
Jun 12 10:14:52 np0000071537 object-server[106725]: 172.20.0.30 - - [12/Jun/2026:10:14:52 +0000] "DELETE /d1/128/AUTH_ba582bfc01404638ab90ee141c6fed23/glance/456e2494-b8c5-4015-9bac-fad64308eba0-00001" 204 - "DELETE http://swift-internal.openstack.svc:8080/v1/AUTH_ba582bfc01404638ab90ee141c6fed23/glance/456e2494-b8c5-4015-9bac-fad64308eba0-00001" "tx82d29d63627a4115b597c-006a2bdc1c" "proxy-server 5" 0.0097 "-" 23 0
Jun 12 10:14:52 np0000071537 container-server[105991]: 172.20.0.103 - - [12/Jun/2026:10:14:52 +0000] "DELETE /d1/21/AUTH_ba582bfc01404638ab90ee141c6fed23/glance/456e2494-b8c5-4015-9bac-fad64308eba0" 204 - "DELETE http://swift-internal.openstack.svc:8080/d1/473/AUTH_ba582bfc01404638ab90ee141c6fed23/glance/456e2494-b8c5-4015-9bac-fad64308eba0" "tx75a4da5047f143459c3ae-006a2bdc1c" "object-server 23" 0.0009 "-" 18 0
Jun 12 10:14:52 np0000071537 object-server[106725]: 172.20.0.30 - - [12/Jun/2026:10:14:52 +0000] "DELETE /d1/473/AUTH_ba582bfc01404638ab90ee141c6fed23/glance/456e2494-b8c5-4015-9bac-fad64308eba0" 204 - "DELETE http://swift-internal.openstack.svc:8080/v1/AUTH_ba582bfc01404638ab90ee141c6fed23/glance/456e2494-b8c5-4015-9bac-fad64308eba0" "tx75a4da5047f143459c3ae-006a2bdc1c" "proxy-server 5" 0.0093 "-" 23 0
Jun 12 10:14:58 np0000071537 object-server[106355]: Starting object replication pass.
Jun 12 10:14:58 np0000071537 object-server[106355]: 12/12 (100.00%) partitions replicated in 0.04s (314.33/sec, 0s remaining)
Jun 12 10:14:58 np0000071537 object-server[106355]: 0 successes, 0 failures
Jun 12 10:14:58 np0000071537 object-server[106355]: 12 suffixes checked - 16.67% hashed, 0.00% synced
Jun 12 10:14:58 np0000071537 object-server[106355]: Partition times: max 0.0095s, min 0.0004s, med 0.0010s
Jun 12 10:14:58 np0000071537 object-server[106355]: Object replication complete. (0.00 minutes)
Jun 12 10:14:59 np0000071537 container-server[105973]: 172.20.0.30 - - [12/Jun/2026:10:14:59 +0000] "HEAD /d1/21/AUTH_ba582bfc01404638ab90ee141c6fed23/glance" 204 - "HEAD http://swift-internal.openstack.svc:8080/v1/AUTH_ba582bfc01404638ab90ee141c6fed23/glance?format=json&states=listing" "txaecb55b611db4ff1952e1-006a2bdc23" "proxy-server 13" 0.0089 "-" 17 0
Jun 12 10:14:59 np0000071537 container-server[106007]: 172.20.0.103 - - [12/Jun/2026:10:14:59 +0000] "PUT /d1/21/AUTH_ba582bfc01404638ab90ee141c6fed23/glance/33ff5965-ec83-42b8-85f4-eb7d1f2cae58-00001" 201 - "PUT http://swift-internal.openstack.svc:8080/d1/164/AUTH_ba582bfc01404638ab90ee141c6fed23/glance/33ff5965-ec83-42b8-85f4-eb7d1f2cae58-00001" "txa10822aba74f4398b5fd3-006a2bdc23" "object-server 22" 0.0008 "-" 21 0
Jun 12 10:14:59 np0000071537 object-server[106722]: 172.20.0.30 - - [12/Jun/2026:10:14:59 +0000] "PUT /d1/164/AUTH_ba582bfc01404638ab90ee141c6fed23/glance/33ff5965-ec83-42b8-85f4-eb7d1f2cae58-00001" 201 - "PUT http://swift-internal.openstack.svc:8080/v1/AUTH_ba582bfc01404638ab90ee141c6fed23/glance/33ff5965-ec83-42b8-85f4-eb7d1f2cae58-00001" "txa10822aba74f4398b5fd3-006a2bdc23" "proxy-server 13" 0.0214 "-" 22 0
Jun 12 10:14:59 np0000071537 container-server[105973]: 172.20.0.103 - - [12/Jun/2026:10:14:59 +0000] "PUT /d1/21/AUTH_ba582bfc01404638ab90ee141c6fed23/glance/33ff5965-ec83-42b8-85f4-eb7d1f2cae58" 201 - "PUT http://swift-internal.openstack.svc:8080/d1/657/AUTH_ba582bfc01404638ab90ee141c6fed23/glance/33ff5965-ec83-42b8-85f4-eb7d1f2cae58" "tx7c75acabc1794088a55a3-006a2bdc23" "object-server 25" 0.0011 "-" 17 0
Jun 12 10:14:59 np0000071537 object-server[106728]: 172.20.0.30 - - [12/Jun/2026:10:14:59 +0000] "PUT /d1/657/AUTH_ba582bfc01404638ab90ee141c6fed23/glance/33ff5965-ec83-42b8-85f4-eb7d1f2cae58" 201 - "PUT http://swift-internal.openstack.svc:8080/v1/AUTH_ba582bfc01404638ab90ee141c6fed23/glance/33ff5965-ec83-42b8-85f4-eb7d1f2cae58" "tx7c75acabc1794088a55a3-006a2bdc23" "proxy-server 13" 0.0171 "-" 25 0
Jun 12 10:15:01 np0000071537 object-server[106722]: 172.20.0.30 - - [12/Jun/2026:10:15:01 +0000] "GET /d1/657/AUTH_ba582bfc01404638ab90ee141c6fed23/glance/33ff5965-ec83-42b8-85f4-eb7d1f2cae58" 200 - "GET http://swift-internal.openstack.svc:8080/v1/AUTH_ba582bfc01404638ab90ee141c6fed23/glance/33ff5965-ec83-42b8-85f4-eb7d1f2cae58" "txe680ea11f0d849fcb061e-006a2bdc25" "proxy-server 12" 0.0013 "-" 22 0
Jun 12 10:15:01 np0000071537 container-server[106007]: 172.20.0.30 - - [12/Jun/2026:10:15:01 +0000] "GET /d1/21/AUTH_ba582bfc01404638ab90ee141c6fed23/glance" 200 206 "GET http://swift-internal.openstack.svc:8080/v1/AUTH_ba582bfc01404638ab90ee141c6fed23/glance?prefix=33ff5965-ec83-42b8-85f4-eb7d1f2cae58-&format=json&states=listing" "txe680ea11f0d849fcb061e-006a2bdc25" "proxy-server 12" 0.0172 "-" 21 0
Jun 12 10:15:01 np0000071537 object-server[106728]: 172.20.0.30 - - [12/Jun/2026:10:15:01 +0000] "GET /d1/164/AUTH_ba582bfc01404638ab90ee141c6fed23/glance/33ff5965-ec83-42b8-85f4-eb7d1f2cae58-00001" 200 1024 "GET http://swift-internal.openstack.svc:8080/v1/AUTH_ba582bfc01404638ab90ee141c6fed23/glance/33ff5965-ec83-42b8-85f4-eb7d1f2cae58-00001?multipart-manifest=get" "txe680ea11f0d849fcb061e-006a2bdc25" "proxy-server 12" 0.0014 "-" 25 0
Jun 12 10:15:02 np0000071537 container-server[105973]: 172.20.0.30 - - [12/Jun/2026:10:15:02 +0000] "HEAD /d1/21/AUTH_ba582bfc01404638ab90ee141c6fed23/glance" 204 - "HEAD http://swift-internal.openstack.svc:8080/v1/AUTH_ba582bfc01404638ab90ee141c6fed23/glance?format=json&states=listing" "txd77ef57f95074503aac4a-006a2bdc26" "proxy-server 8" 0.0024 "-" 17 0
Jun 12 10:15:02 np0000071537 container-server[106007]: 172.20.0.103 - - [12/Jun/2026:10:15:02 +0000] "PUT /d1/21/AUTH_ba582bfc01404638ab90ee141c6fed23/glance/e5c4f48d-defb-4363-ab36-d0aa0e6c72e4-00001" 201 - "PUT http://swift-internal.openstack.svc:8080/d1/720/AUTH_ba582bfc01404638ab90ee141c6fed23/glance/e5c4f48d-defb-4363-ab36-d0aa0e6c72e4-00001" "tx05dc55289a28496c99130-006a2bdc26" "object-server 22" 0.0009 "-" 21 0
Jun 12 10:15:02 np0000071537 object-server[106722]: 172.20.0.30 - - [12/Jun/2026:10:15:02 +0000] "PUT /d1/720/AUTH_ba582bfc01404638ab90ee141c6fed23/glance/e5c4f48d-defb-4363-ab36-d0aa0e6c72e4-00001" 201 - "PUT http://swift-internal.openstack.svc:8080/v1/AUTH_ba582bfc01404638ab90ee141c6fed23/glance/e5c4f48d-defb-4363-ab36-d0aa0e6c72e4-00001" "tx05dc55289a28496c99130-006a2bdc26" "proxy-server 8" 0.0150 "-" 22 0
Jun 12 10:15:02 np0000071537 container-server[105973]: 172.20.0.103 - - [12/Jun/2026:10:15:02 +0000] "PUT /d1/21/AUTH_ba582bfc01404638ab90ee141c6fed23/glance/e5c4f48d-defb-4363-ab36-d0aa0e6c72e4" 201 - "PUT http://swift-internal.openstack.svc:8080/d1/918/AUTH_ba582bfc01404638ab90ee141c6fed23/glance/e5c4f48d-defb-4363-ab36-d0aa0e6c72e4" "tx954e52b223db478c95e6f-006a2bdc26" "object-server 24" 0.0007 "-" 17 0
Jun 12 10:15:02 np0000071537 object-server[106726]: 172.20.0.30 - - [12/Jun/2026:10:15:02 +0000] "PUT /d1/918/AUTH_ba582bfc01404638ab90ee141c6fed23/glance/e5c4f48d-defb-4363-ab36-d0aa0e6c72e4" 201 - "PUT http://swift-internal.openstack.svc:8080/v1/AUTH_ba582bfc01404638ab90ee141c6fed23/glance/e5c4f48d-defb-4363-ab36-d0aa0e6c72e4" "tx954e52b223db478c95e6f-006a2bdc26" "proxy-server 8" 0.0103 "-" 24 0
Jun 12 10:15:03 np0000071537 object-server[106728]: 172.20.0.30 - - [12/Jun/2026:10:15:03 +0000] "GET /d1/918/AUTH_ba582bfc01404638ab90ee141c6fed23/glance/e5c4f48d-defb-4363-ab36-d0aa0e6c72e4" 200 - "GET http://swift-internal.openstack.svc:8080/v1/AUTH_ba582bfc01404638ab90ee141c6fed23/glance/e5c4f48d-defb-4363-ab36-d0aa0e6c72e4" "tx6038447397354150b79df-006a2bdc26" "proxy-server 12" 0.0013 "-" 25 0
Jun 12 10:15:03 np0000071537 container-server[105991]: 172.20.0.30 - - [12/Jun/2026:10:15:03 +0000] "GET /d1/21/AUTH_ba582bfc01404638ab90ee141c6fed23/glance" 200 206 "GET http://swift-internal.openstack.svc:8080/v1/AUTH_ba582bfc01404638ab90ee141c6fed23/glance?prefix=e5c4f48d-defb-4363-ab36-d0aa0e6c72e4-&format=json&states=listing" "tx6038447397354150b79df-006a2bdc26" "proxy-server 12" 0.0092 "-" 18 0
Jun 12 10:15:03 np0000071537 object-server[106726]: 172.20.0.30 - - [12/Jun/2026:10:15:03 +0000] "GET /d1/720/AUTH_ba582bfc01404638ab90ee141c6fed23/glance/e5c4f48d-defb-4363-ab36-d0aa0e6c72e4-00001" 200 1024 "GET http://swift-internal.openstack.svc:8080/v1/AUTH_ba582bfc01404638ab90ee141c6fed23/glance/e5c4f48d-defb-4363-ab36-d0aa0e6c72e4-00001?multipart-manifest=get" "tx6038447397354150b79df-006a2bdc26" "proxy-server 12" 0.0012 "-" 24 0
Jun 12 10:15:04 np0000071537 object-server[106722]: 172.20.0.30 - - [12/Jun/2026:10:15:04 +0000] "HEAD /d1/918/AUTH_ba582bfc01404638ab90ee141c6fed23/glance/e5c4f48d-defb-4363-ab36-d0aa0e6c72e4" 200 - "HEAD http://swift-internal.openstack.svc:8080/v1/AUTH_ba582bfc01404638ab90ee141c6fed23/glance/e5c4f48d-defb-4363-ab36-d0aa0e6c72e4" "tx1cf3e62f40c84d67a6564-006a2bdc28" "proxy-server 7" 0.0009 "-" 22 0
Jun 12 10:15:04 np0000071537 container-server[105973]: 172.20.0.30 - - [12/Jun/2026:10:15:04 +0000] "GET /d1/21/AUTH_ba582bfc01404638ab90ee141c6fed23/glance" 200 206 "GET http://swift-internal.openstack.svc:8080/v1/AUTH_ba582bfc01404638ab90ee141c6fed23/glance?prefix=e5c4f48d-defb-4363-ab36-d0aa0e6c72e4-&format=json&states=listing" "tx1cf3e62f40c84d67a6564-006a2bdc28" "proxy-server 7" 0.0043 "-" 17 0
Jun 12 10:15:04 np0000071537 container-server[105973]: 172.20.0.30 - - [12/Jun/2026:10:15:04 +0000] "GET /d1/21/AUTH_ba582bfc01404638ab90ee141c6fed23/glance" 200 206 "GET http://swift-internal.openstack.svc:8080/v1/AUTH_ba582bfc01404638ab90ee141c6fed23/glance?format=json&prefix=e5c4f48d-defb-4363-ab36-d0aa0e6c72e4-&states=listing" "tx95563b1d8c4c4e4fb32ae-006a2bdc28" "proxy-server 7" 0.0046 "-" 17 0
Jun 12 10:15:04 np0000071537 container-server[105991]: 172.20.0.103 - - [12/Jun/2026:10:15:04 +0000] "DELETE /d1/21/AUTH_ba582bfc01404638ab90ee141c6fed23/glance/e5c4f48d-defb-4363-ab36-d0aa0e6c72e4-00001" 204 - "DELETE http://swift-internal.openstack.svc:8080/d1/720/AUTH_ba582bfc01404638ab90ee141c6fed23/glance/e5c4f48d-defb-4363-ab36-d0aa0e6c72e4-00001" "tx64a91def55f94991803b9-006a2bdc28" "object-server 24" 0.0007 "-" 18 0
Jun 12 10:15:04 np0000071537 object-server[106726]: 172.20.0.30 - - [12/Jun/2026:10:15:04 +0000] "DELETE /d1/720/AUTH_ba582bfc01404638ab90ee141c6fed23/glance/e5c4f48d-defb-4363-ab36-d0aa0e6c72e4-00001" 204 - "DELETE http://swift-internal.openstack.svc:8080/v1/AUTH_ba582bfc01404638ab90ee141c6fed23/glance/e5c4f48d-defb-4363-ab36-d0aa0e6c72e4-00001" "tx64a91def55f94991803b9-006a2bdc28" "proxy-server 7" 0.0096 "-" 24 0
Jun 12 10:15:04 np0000071537 container-server[106007]: 172.20.0.103 - - [12/Jun/2026:10:15:04 +0000] "DELETE /d1/21/AUTH_ba582bfc01404638ab90ee141c6fed23/glance/e5c4f48d-defb-4363-ab36-d0aa0e6c72e4" 204 - "DELETE http://swift-internal.openstack.svc:8080/d1/918/AUTH_ba582bfc01404638ab90ee141c6fed23/glance/e5c4f48d-defb-4363-ab36-d0aa0e6c72e4" "txc899b3729f394a3784b59-006a2bdc28" "object-server 23" 0.0007 "-" 21 0
Jun 12 10:15:04 np0000071537 object-server[106725]: 172.20.0.30 - - [12/Jun/2026:10:15:04 +0000] "DELETE /d1/918/AUTH_ba582bfc01404638ab90ee141c6fed23/glance/e5c4f48d-defb-4363-ab36-d0aa0e6c72e4" 204 - "DELETE http://swift-internal.openstack.svc:8080/v1/AUTH_ba582bfc01404638ab90ee141c6fed23/glance/e5c4f48d-defb-4363-ab36-d0aa0e6c72e4" "txc899b3729f394a3784b59-006a2bdc28" "proxy-server 7" 0.0088 "-" 23 0
Jun 12 10:15:05 np0000071537 object-server[106728]: 172.20.0.30 - - [12/Jun/2026:10:15:05 +0000] "HEAD /d1/657/AUTH_ba582bfc01404638ab90ee141c6fed23/glance/33ff5965-ec83-42b8-85f4-eb7d1f2cae58" 200 - "HEAD http://swift-internal.openstack.svc:8080/v1/AUTH_ba582bfc01404638ab90ee141c6fed23/glance/33ff5965-ec83-42b8-85f4-eb7d1f2cae58" "txd01b9f7d20634abbb78a0-006a2bdc28" "proxy-server 13" 0.0009 "-" 25 0
Jun 12 10:15:05 np0000071537 container-server[105973]: 172.20.0.30 - - [12/Jun/2026:10:15:05 +0000] "GET /d1/21/AUTH_ba582bfc01404638ab90ee141c6fed23/glance" 200 206 "GET http://swift-internal.openstack.svc:8080/v1/AUTH_ba582bfc01404638ab90ee141c6fed23/glance?prefix=33ff5965-ec83-42b8-85f4-eb7d1f2cae58-&format=json&states=listing" "txd01b9f7d20634abbb78a0-006a2bdc28" "proxy-server 13" 0.0085 "-" 17 0
Jun 12 10:15:05 np0000071537 container-server[105991]: 172.20.0.30 - - [12/Jun/2026:10:15:05 +0000] "GET /d1/21/AUTH_ba582bfc01404638ab90ee141c6fed23/glance" 200 206 "GET http://swift-internal.openstack.svc:8080/v1/AUTH_ba582bfc01404638ab90ee141c6fed23/glance?format=json&prefix=33ff5965-ec83-42b8-85f4-eb7d1f2cae58-&states=listing" "txec9980c6511d44ae964e6-006a2bdc29" "proxy-server 13" 0.0037 "-" 18 0
Jun 12 10:15:05 np0000071537 container-server[106007]: 172.20.0.103 - - [12/Jun/2026:10:15:05 +0000] "DELETE /d1/21/AUTH_ba582bfc01404638ab90ee141c6fed23/glance/33ff5965-ec83-42b8-85f4-eb7d1f2cae58-00001" 204 - "DELETE http://swift-internal.openstack.svc:8080/d1/164/AUTH_ba582bfc01404638ab90ee141c6fed23/glance/33ff5965-ec83-42b8-85f4-eb7d1f2cae58-00001" "tx3fc6ee733e2446ecb2416-006a2bdc29" "object-server 23" 0.0007 "-" 21 0
Jun 12 10:15:05 np0000071537 object-server[106725]: 172.20.0.30 - - [12/Jun/2026:10:15:05 +0000] "DELETE /d1/164/AUTH_ba582bfc01404638ab90ee141c6fed23/glance/33ff5965-ec83-42b8-85f4-eb7d1f2cae58-00001" 204 - "DELETE http://swift-internal.openstack.svc:8080/v1/AUTH_ba582bfc01404638ab90ee141c6fed23/glance/33ff5965-ec83-42b8-85f4-eb7d1f2cae58-00001" "tx3fc6ee733e2446ecb2416-006a2bdc29" "proxy-server 13" 0.0088 "-" 23 0
Jun 12 10:15:05 np0000071537 container-server[105991]: 172.20.0.103 - - [12/Jun/2026:10:15:05 +0000] "DELETE /d1/21/AUTH_ba582bfc01404638ab90ee141c6fed23/glance/33ff5965-ec83-42b8-85f4-eb7d1f2cae58" 204 - "DELETE http://swift-internal.openstack.svc:8080/d1/657/AUTH_ba582bfc01404638ab90ee141c6fed23/glance/33ff5965-ec83-42b8-85f4-eb7d1f2cae58" "tx6ca121018ba7483ba5da6-006a2bdc29" "object-server 23" 0.0007 "-" 18 0
Jun 12 10:15:05 np0000071537 object-server[106725]: 172.20.0.30 - - [12/Jun/2026:10:15:05 +0000] "DELETE /d1/657/AUTH_ba582bfc01404638ab90ee141c6fed23/glance/33ff5965-ec83-42b8-85f4-eb7d1f2cae58" 204 - "DELETE http://swift-internal.openstack.svc:8080/v1/AUTH_ba582bfc01404638ab90ee141c6fed23/glance/33ff5965-ec83-42b8-85f4-eb7d1f2cae58" "tx6ca121018ba7483ba5da6-006a2bdc29" "proxy-server 13" 0.0079 "-" 23 0
Jun 12 10:15:12 np0000071537 account-server[105662]: Beginning replication run
Jun 12 10:15:12 np0000071537 account-server[105662]: Replication run OVER
Jun 12 10:15:12 np0000071537 account-server[105662]: Attempted to replicate 1 dbs in 0.01145 seconds (87.30781/s)
Jun 12 10:15:12 np0000071537 container-server[105765]: Beginning replication run
Jun 12 10:15:12 np0000071537 account-server[105662]: Removed 0 dbs
Jun 12 10:15:12 np0000071537 account-server[105662]: 1 successes, 0 failures
Jun 12 10:15:12 np0000071537 account-server[105662]: diff:0 diff_capped:0 empty:0 hashmatch:0 no_change:1 remote_merge:0 rsync:0 ts_repl:0
Jun 12 10:15:12 np0000071537 container-server[105765]: Replication run OVER
Jun 12 10:15:12 np0000071537 container-server[105765]: Attempted to replicate 1 dbs in 0.02875 seconds (34.78083/s)
Jun 12 10:15:12 np0000071537 container-server[105765]: Removed 0 dbs
Jun 12 10:15:12 np0000071537 container-server[105765]: 1 successes, 0 failures
Jun 12 10:15:12 np0000071537 container-server[105765]: diff:0 diff_capped:0 empty:0 hashmatch:0 no_change:1 remote_merge:0 rsync:0 ts_repl:0
Jun 12 10:15:13 np0000071537 object-server[561692]: Begin object audit "forever" mode (ALL)
Jun 12 10:15:13 np0000071537 object-server[561691]: Begin object audit "forever" mode (ZBF)
Jun 12 10:15:13 np0000071537 object-server[561691]: Object audit (ZBF). Since Fri Jun 12 10:15:13 2026: Locally: 1 passed, 0 quarantined, 0 errors, files/sec: 625.55, bytes/sec: 0.00, Total time: 0.00, Auditing time: 0.00, Rate: 0.00
Jun 12 10:15:13 np0000071537 object-server[561691]: Object audit (ZBF) "forever" mode completed: 0.28s. Total quarantined: 0, Total errors: 0, Total files/sec: 56.53, Total bytes/sec: 0.00, Auditing time: 0.28, Rate: 0.98
Jun 12 10:15:15 np0000071537 object-server[561692]: Object audit (ALL). Since Fri Jun 12 10:15:13 2026: Locally: 1 passed, 0 quarantined, 0 errors, files/sec: 0.46, bytes/sec: 10031459.71, Total time: 2.16, Auditing time: 0.00, Rate: 0.00
Jun 12 10:15:19 np0000071537 object-server[561692]: Object audit (ALL) "forever" mode completed: 6.45s. Total quarantined: 0, Total errors: 0, Total files/sec: 2.48, Total bytes/sec: 10004713.43, Auditing time: 6.45, Rate: 1.00
Jun 12 10:15:28 np0000071537 object-server[106355]: Starting object replication pass.
Jun 12 10:15:28 np0000071537 object-server[106355]: 16/16 (100.00%) partitions replicated in 0.05s (294.58/sec, 0s remaining)
Jun 12 10:15:28 np0000071537 object-server[106355]: 0 successes, 0 failures
Jun 12 10:15:28 np0000071537 object-server[106355]: 16 suffixes checked - 25.00% hashed, 0.00% synced
Jun 12 10:15:28 np0000071537 object-server[106355]: Partition times: max 0.0115s, min 0.0004s, med 0.0008s
Jun 12 10:15:28 np0000071537 object-server[106355]: Object replication complete. (0.00 minutes)
Jun 12 10:15:41 np0000071537 container-server[106023]: 172.20.0.30 - - [12/Jun/2026:10:15:41 +0000] "HEAD /d1/21/AUTH_ba582bfc01404638ab90ee141c6fed23/glance" 204 - "HEAD http://swift-internal.openstack.svc:8080/v1/AUTH_ba582bfc01404638ab90ee141c6fed23/glance?format=json&states=listing" "tx91058179211a43ceb6fdd-006a2bdc4d" "proxy-server 12" 0.0029 "-" 22 0
Jun 12 10:15:41 np0000071537 container-server[106023]: 172.20.0.103 - - [12/Jun/2026:10:15:41 +0000] "PUT /d1/21/AUTH_ba582bfc01404638ab90ee141c6fed23/glance/e2dc479f-00c8-467a-b9c9-fc9601d21ced-00001" 201 - "PUT http://swift-internal.openstack.svc:8080/d1/852/AUTH_ba582bfc01404638ab90ee141c6fed23/glance/e2dc479f-00c8-467a-b9c9-fc9601d21ced-00001" "txc6791e12274d4fb7abb7e-006a2bdc4d" "object-server 24" 0.0007 "-" 22 0
Jun 12 10:15:41 np0000071537 object-server[106726]: 172.20.0.30 - - [12/Jun/2026:10:15:41 +0000] "PUT /d1/852/AUTH_ba582bfc01404638ab90ee141c6fed23/glance/e2dc479f-00c8-467a-b9c9-fc9601d21ced-00001" 201 - "PUT http://swift-internal.openstack.svc:8080/v1/AUTH_ba582bfc01404638ab90ee141c6fed23/glance/e2dc479f-00c8-467a-b9c9-fc9601d21ced-00001" "txc6791e12274d4fb7abb7e-006a2bdc4d" "proxy-server 12" 0.0235 "-" 24 0
Jun 12 10:15:41 np0000071537 container-server[106023]: 172.20.0.103 - - [12/Jun/2026:10:15:41 +0000] "PUT /d1/21/AUTH_ba582bfc01404638ab90ee141c6fed23/glance/e2dc479f-00c8-467a-b9c9-fc9601d21ced" 201 - "PUT http://swift-internal.openstack.svc:8080/d1/160/AUTH_ba582bfc01404638ab90ee141c6fed23/glance/e2dc479f-00c8-467a-b9c9-fc9601d21ced" "txcb8704cc9e054d0c999d2-006a2bdc4d" "object-server 25" 0.0007 "-" 22 0
Jun 12 10:15:41 np0000071537 object-server[106728]: 172.20.0.30 - - [12/Jun/2026:10:15:41 +0000] "PUT /d1/160/AUTH_ba582bfc01404638ab90ee141c6fed23/glance/e2dc479f-00c8-467a-b9c9-fc9601d21ced" 201 - "PUT http://swift-internal.openstack.svc:8080/v1/AUTH_ba582bfc01404638ab90ee141c6fed23/glance/e2dc479f-00c8-467a-b9c9-fc9601d21ced" "txcb8704cc9e054d0c999d2-006a2bdc4d" "proxy-server 12" 0.0120 "-" 25 0
Jun 12 10:15:42 np0000071537 container-server[106023]: 172.20.0.30 - - [12/Jun/2026:10:15:42 +0000] "HEAD /d1/21/AUTH_ba582bfc01404638ab90ee141c6fed23/glance" 204 - "HEAD http://swift-internal.openstack.svc:8080/v1/AUTH_ba582bfc01404638ab90ee141c6fed23/glance?format=json&states=listing" "txfc4eb9dc97824c63ab9f1-006a2bdc4d" "proxy-server 8" 0.0072 "-" 22 0
Jun 12 10:15:42 np0000071537 container-server[105973]: 172.20.0.103 - - [12/Jun/2026:10:15:42 +0000] "PUT /d1/21/AUTH_ba582bfc01404638ab90ee141c6fed23/glance/c123387c-690b-4f76-8e0d-ecde28e6b459-00001" 201 - "PUT http://swift-internal.openstack.svc:8080/d1/805/AUTH_ba582bfc01404638ab90ee141c6fed23/glance/c123387c-690b-4f76-8e0d-ecde28e6b459-00001" "txc6519a25e45640bcb307d-006a2bdc4e" "object-server 25" 0.0009 "-" 17 0
Jun 12 10:15:42 np0000071537 object-server[106728]: 172.20.0.30 - - [12/Jun/2026:10:15:42 +0000] "PUT /d1/805/AUTH_ba582bfc01404638ab90ee141c6fed23/glance/c123387c-690b-4f76-8e0d-ecde28e6b459-00001" 201 - "PUT http://swift-internal.openstack.svc:8080/v1/AUTH_ba582bfc01404638ab90ee141c6fed23/glance/c123387c-690b-4f76-8e0d-ecde28e6b459-00001" "txc6519a25e45640bcb307d-006a2bdc4e" "proxy-server 8" 0.0209 "-" 25 0
Jun 12 10:15:42 np0000071537 container-server[106023]: 172.20.0.103 - - [12/Jun/2026:10:15:42 +0000] "PUT /d1/21/AUTH_ba582bfc01404638ab90ee141c6fed23/glance/c123387c-690b-4f76-8e0d-ecde28e6b459" 201 - "PUT http://swift-internal.openstack.svc:8080/d1/460/AUTH_ba582bfc01404638ab90ee141c6fed23/glance/c123387c-690b-4f76-8e0d-ecde28e6b459" "txbe17191944d94204aef68-006a2bdc4e" "object-server 22" 0.0008 "-" 22 0
Jun 12 10:15:42 np0000071537 object-server[106722]: 172.20.0.30 - - [12/Jun/2026:10:15:42 +0000] "PUT /d1/460/AUTH_ba582bfc01404638ab90ee141c6fed23/glance/c123387c-690b-4f76-8e0d-ecde28e6b459" 201 - "PUT http://swift-internal.openstack.svc:8080/v1/AUTH_ba582bfc01404638ab90ee141c6fed23/glance/c123387c-690b-4f76-8e0d-ecde28e6b459" "txbe17191944d94204aef68-006a2bdc4e" "proxy-server 8" 0.0102 "-" 22 0
Jun 12 10:15:42 np0000071537 account-server[105662]: Beginning replication run
Jun 12 10:15:42 np0000071537 account-server[105662]: Replication run OVER
Jun 12 10:15:42 np0000071537 account-server[105662]: Attempted to replicate 1 dbs in 0.00933 seconds (107.12758/s)
Jun 12 10:15:42 np0000071537 account-server[105662]: Removed 0 dbs
Jun 12 10:15:42 np0000071537 account-server[105662]: 1 successes, 0 failures
Jun 12 10:15:42 np0000071537 account-server[105662]: diff:0 diff_capped:0 empty:0 hashmatch:0 no_change:1 remote_merge:0 rsync:0 ts_repl:0
Jun 12 10:15:42 np0000071537 container-server[105765]: Beginning replication run
Jun 12 10:15:42 np0000071537 container-server[105765]: Replication run OVER
Jun 12 10:15:42 np0000071537 container-server[105765]: Attempted to replicate 1 dbs in 0.02934 seconds (34.07969/s)
Jun 12 10:15:42 np0000071537 container-server[105765]: Removed 0 dbs
