2026-06-12 07:56:30.463 15 DEBUG neutron.wsgi [-] (15) accepted ('192.168.122.100', 60194) server /usr/lib/python3.9/site-packages/eventlet/wsgi.py:992
2026-06-12 07:56:30.467 15 INFO neutron.wsgi [-] 192.168.122.100 "GET /healthcheck HTTP/1.0" status: 200 len: 137 time: 0.0024552
2026-06-12 07:56:32.467 18 DEBUG neutron.wsgi [-] (18) accepted ('192.168.122.100', 56894) server /usr/lib/python3.9/site-packages/eventlet/wsgi.py:992
2026-06-12 07:56:32.469 18 INFO neutron.wsgi [-] 192.168.122.100 "GET /healthcheck HTTP/1.0" status: 200 len: 137 time: 0.0013537
2026-06-12 07:56:34.469 17 DEBUG neutron.wsgi [-] (17) accepted ('192.168.122.100', 56898) server /usr/lib/python3.9/site-packages/eventlet/wsgi.py:992
2026-06-12 07:56:34.472 17 INFO neutron.wsgi [-] 192.168.122.100 "GET /healthcheck HTTP/1.0" status: 200 len: 137 time: 0.0017483
2026-06-12 07:56:36.472 17 DEBUG neutron.wsgi [-] (17) accepted ('192.168.122.100', 56906) server /usr/lib/python3.9/site-packages/eventlet/wsgi.py:992
2026-06-12 07:56:36.476 17 INFO neutron.wsgi [-] 192.168.122.100 "GET /healthcheck HTTP/1.0" status: 200 len: 137 time: 0.0026610
2026-06-12 07:56:38.476 15 DEBUG neutron.wsgi [-] (15) accepted ('192.168.122.100', 56916) server /usr/lib/python3.9/site-packages/eventlet/wsgi.py:992
2026-06-12 07:56:38.478 15 INFO neutron.wsgi [-] 192.168.122.100 "GET /healthcheck HTTP/1.0" status: 200 len: 137 time: 0.0013852
2026-06-12 07:56:40.478 16 DEBUG neutron.wsgi [-] (16) accepted ('192.168.122.100', 56922) server /usr/lib/python3.9/site-packages/eventlet/wsgi.py:992
2026-06-12 07:56:40.481 16 INFO neutron.wsgi [-] 192.168.122.100 "GET /healthcheck HTTP/1.0" status: 200 len: 137 time: 0.0018117
2026-06-12 07:56:42.482 18 DEBUG neutron.wsgi [-] (18) accepted ('192.168.122.100', 50034) server /usr/lib/python3.9/site-packages/eventlet/wsgi.py:992
2026-06-12 07:56:42.484 18 INFO neutron.wsgi [-] 192.168.122.100 "GET /healthcheck HTTP/1.0" status: 200 len: 137 time: 0.0012901
2026-06-12 07:56:44.485 15 DEBUG neutron.wsgi [-] (15) accepted ('192.168.122.100', 50046) server /usr/lib/python3.9/site-packages/eventlet/wsgi.py:992
2026-06-12 07:56:44.487 15 INFO neutron.wsgi [-] 192.168.122.100 "GET /healthcheck HTTP/1.0" status: 200 len: 137 time: 0.0017629
2026-06-12 07:56:46.488 16 DEBUG neutron.wsgi [-] (16) accepted ('192.168.122.100', 50050) server /usr/lib/python3.9/site-packages/eventlet/wsgi.py:992
2026-06-12 07:56:46.490 16 INFO neutron.wsgi [-] 192.168.122.100 "GET /healthcheck HTTP/1.0" status: 200 len: 137 time: 0.0017354
2026-06-12 07:56:48.492 16 DEBUG neutron.wsgi [-] (16) accepted ('192.168.122.100', 50064) server /usr/lib/python3.9/site-packages/eventlet/wsgi.py:992
2026-06-12 07:56:48.496 16 INFO neutron.wsgi [-] 192.168.122.100 "GET /healthcheck HTTP/1.0" status: 200 len: 137 time: 0.0021505
2026-06-12 07:56:50.496 15 DEBUG neutron.wsgi [-] (15) accepted ('192.168.122.100', 50078) server /usr/lib/python3.9/site-packages/eventlet/wsgi.py:992
2026-06-12 07:56:50.500 15 INFO neutron.wsgi [-] 192.168.122.100 "GET /healthcheck HTTP/1.0" status: 200 len: 137 time: 0.0024805
2026-06-12 07:56:52.501 18 DEBUG neutron.wsgi [-] (18) accepted ('192.168.122.100', 45382) server /usr/lib/python3.9/site-packages/eventlet/wsgi.py:992
2026-06-12 07:56:52.505 18 INFO neutron.wsgi [-] 192.168.122.100 "GET /healthcheck HTTP/1.0" status: 200 len: 137 time: 0.0025656
2026-06-12 07:56:54.506 15 DEBUG neutron.wsgi [-] (15) accepted ('192.168.122.100', 45398) server /usr/lib/python3.9/site-packages/eventlet/wsgi.py:992
2026-06-12 07:56:54.509 15 INFO neutron.wsgi [-] 192.168.122.100 "GET /healthcheck HTTP/1.0" status: 200 len: 137 time: 0.0016680
2026-06-12 07:56:55.638 16 DEBUG neutron.wsgi [-] (16) accepted ('192.168.122.100', 45410) server /usr/lib/python3.9/site-packages/eventlet/wsgi.py:992
2026-06-12 07:56:55.642 16 INFO neutron.wsgi [-] 192.168.122.100 "GET / HTTP/1.1" status: 200 len: 233 time: 0.0027370
2026-06-12 07:56:56.510 15 DEBUG neutron.wsgi [-] (15) accepted ('192.168.122.100', 45412) server /usr/lib/python3.9/site-packages/eventlet/wsgi.py:992
2026-06-12 07:56:56.513 15 INFO neutron.wsgi [-] 192.168.122.100 "GET /healthcheck HTTP/1.0" status: 200 len: 137 time: 0.0017717
2026-06-12 07:56:58.514 17 DEBUG neutron.wsgi [-] (17) accepted ('192.168.122.100', 45420) server /usr/lib/python3.9/site-packages/eventlet/wsgi.py:992
2026-06-12 07:56:58.518 17 INFO neutron.wsgi [-] 192.168.122.100 "GET /healthcheck HTTP/1.0" status: 200 len: 137 time: 0.0024221
2026-06-12 07:57:00.519 15 DEBUG neutron.wsgi [-] (15) accepted ('192.168.122.100', 45432) server /usr/lib/python3.9/site-packages/eventlet/wsgi.py:992
2026-06-12 07:57:00.523 15 INFO neutron.wsgi [-] 192.168.122.100 "GET /healthcheck HTTP/1.0" status: 200 len: 137 time: 0.0026815
2026-06-12 07:57:02.526 16 DEBUG neutron.wsgi [-] (16) accepted ('192.168.122.100', 53314) server /usr/lib/python3.9/site-packages/eventlet/wsgi.py:992
2026-06-12 07:57:02.528 16 INFO neutron.wsgi [-] 192.168.122.100 "GET /healthcheck HTTP/1.0" status: 200 len: 137 time: 0.0021608
2026-06-12 07:57:04.529 17 DEBUG neutron.wsgi [-] (17) accepted ('192.168.122.100', 53316) server /usr/lib/python3.9/site-packages/eventlet/wsgi.py:992
2026-06-12 07:57:04.533 17 INFO neutron.wsgi [-] 192.168.122.100 "GET /healthcheck HTTP/1.0" status: 200 len: 137 time: 0.0027206
2026-06-12 07:57:06.534 17 DEBUG neutron.wsgi [-] (17) accepted ('192.168.122.100', 53320) server /usr/lib/python3.9/site-packages/eventlet/wsgi.py:992
2026-06-12 07:57:06.537 17 INFO neutron.wsgi [-] 192.168.122.100 "GET /healthcheck HTTP/1.0" status: 200 len: 137 time: 0.0018206
2026-06-12 07:57:08.538 16 DEBUG neutron.wsgi [-] (16) accepted ('192.168.122.100', 53324) server /usr/lib/python3.9/site-packages/eventlet/wsgi.py:992
2026-06-12 07:57:08.542 16 INFO neutron.wsgi [-] 192.168.122.100 "GET /healthcheck HTTP/1.0" status: 200 len: 137 time: 0.0024879
2026-06-12 07:57:10.543 18 DEBUG neutron.wsgi [-] (18) accepted ('192.168.122.100', 53330) server /usr/lib/python3.9/site-packages/eventlet/wsgi.py:992
2026-06-12 07:57:10.547 18 INFO neutron.wsgi [-] 192.168.122.100 "GET /healthcheck HTTP/1.0" status: 200 len: 137 time: 0.0025334
2026-06-12 07:57:12.547 17 DEBUG neutron.wsgi [-] (17) accepted ('192.168.122.100', 49970) server /usr/lib/python3.9/site-packages/eventlet/wsgi.py:992
2026-06-12 07:57:12.551 17 INFO neutron.wsgi [-] 192.168.122.100 "GET /healthcheck HTTP/1.0" status: 200 len: 137 time: 0.0025485
2026-06-12 07:57:14.553 15 DEBUG neutron.wsgi [-] (15) accepted ('192.168.122.100', 49974) server /usr/lib/python3.9/site-packages/eventlet/wsgi.py:992
2026-06-12 07:57:14.555 15 INFO neutron.wsgi [-] 192.168.122.100 "GET /healthcheck HTTP/1.0" status: 200 len: 137 time: 0.0019093
2026-06-12 07:57:16.555 15 DEBUG neutron.wsgi [-] (15) accepted ('192.168.122.100', 49984) server /usr/lib/python3.9/site-packages/eventlet/wsgi.py:992
2026-06-12 07:57:16.557 15 INFO neutron.wsgi [-] 192.168.122.100 "GET /healthcheck HTTP/1.0" status: 200 len: 137 time: 0.0016606
2026-06-12 07:57:18.559 15 DEBUG neutron.wsgi [-] (15) accepted ('192.168.122.100', 49988) server /usr/lib/python3.9/site-packages/eventlet/wsgi.py:992
2026-06-12 07:57:18.562 15 INFO neutron.wsgi [-] 192.168.122.100 "GET /healthcheck HTTP/1.0" status: 200 len: 137 time: 0.0019703
2026-06-12 07:57:20.563 16 DEBUG neutron.wsgi [-] (16) accepted ('192.168.122.100', 49992) server /usr/lib/python3.9/site-packages/eventlet/wsgi.py:992
2026-06-12 07:57:20.567 16 INFO neutron.wsgi [-] 192.168.122.100 "GET /healthcheck HTTP/1.0" status: 200 len: 137 time: 0.0027306
2026-06-12 07:57:20.703 23 DEBUG neutron_lib.callbacks.manager [req-eab08339-4fef-4ef4-ba60-bce7bdffd0a4 - - - - -] Notify callbacks ['neutron.services.segments.db._update_segment_host_mapping_for_agent-8760602736478', 'neutron.plugins.ml2.plugin.Ml2Plugin._retry_binding_revived_agents-4068370'] for agent, after_update _notify_loop /usr/lib/python3.9/site-packages/neutron_lib/callbacks/manager.py:200
2026-06-12 07:57:22.169 19 DEBUG neutron_lib.callbacks.manager [req-ee7e3727-600f-4633-93c9-47b3339ec67e - - - - -] Notify callbacks ['neutron.services.segments.db._update_segment_host_mapping_for_agent-8760602736478', 'neutron.plugins.ml2.plugin.Ml2Plugin._retry_binding_revived_agents-4068370'] for agent, after_update _notify_loop /usr/lib/python3.9/site-packages/neutron_lib/callbacks/manager.py:200
2026-06-12 07:57:22.569 18 DEBUG neutron.wsgi [-] (18) accepted ('192.168.122.100', 47914) server /usr/lib/python3.9/site-packages/eventlet/wsgi.py:992
2026-06-12 07:57:22.574 18 INFO neutron.wsgi [-] 192.168.122.100 "GET /healthcheck HTTP/1.0" status: 200 len: 137 time: 0.0035684
2026-06-12 07:57:24.575 18 DEBUG neutron.wsgi [-] (18) accepted ('192.168.122.100', 47920) server /usr/lib/python3.9/site-packages/eventlet/wsgi.py:992
2026-06-12 07:57:24.579 18 INFO neutron.wsgi [-] 192.168.122.100 "GET /healthcheck HTTP/1.0" status: 200 len: 137 time: 0.0024762
2026-06-12 07:57:26.579 18 DEBUG neutron.wsgi [-] (18) accepted ('192.168.122.100', 47932) server /usr/lib/python3.9/site-packages/eventlet/wsgi.py:992
2026-06-12 07:57:26.582 18 INFO neutron.wsgi [-] 192.168.122.100 "GET /healthcheck HTTP/1.0" status: 200 len: 137 time: 0.0020225
2026-06-12 07:57:26.741 18 DEBUG neutron.wsgi [-] (18) accepted ('192.168.122.100', 47936) server /usr/lib/python3.9/site-packages/eventlet/wsgi.py:992
2026-06-12 07:57:26.744 18 INFO neutron.wsgi [-] 192.168.122.100 "GET / HTTP/1.1" status: 200 len: 233 time: 0.0016334
2026-06-12 07:57:26.898 22 DEBUG neutron_lib.callbacks.manager [req-f9d511b2-e5ac-46a1-9c60-40eef2da997f - - - - -] Notify callbacks ['neutron.services.segments.db._update_segment_host_mapping_for_agent-8760602736478', 'neutron.plugins.ml2.plugin.Ml2Plugin._retry_binding_revived_agents-4068370'] for agent, after_update _notify_loop /usr/lib/python3.9/site-packages/neutron_lib/callbacks/manager.py:200
2026-06-12 07:57:28.583 18 DEBUG neutron.wsgi [-] (18) accepted ('192.168.122.100', 47952) server /usr/lib/python3.9/site-packages/eventlet/wsgi.py:992
2026-06-12 07:57:28.587 18 INFO neutron.wsgi [-] 192.168.122.100 "GET /healthcheck HTTP/1.0" status: 200 len: 137 time: 0.0026088
2026-06-12 07:57:30.588 17 DEBUG neutron.wsgi [-] (17) accepted ('192.168.122.100', 47962) server /usr/lib/python3.9/site-packages/eventlet/wsgi.py:992
2026-06-12 07:57:30.593 17 INFO neutron.wsgi [-] 192.168.122.100 "GET /healthcheck HTTP/1.0" status: 200 len: 137 time: 0.0034566
2026-06-12 07:57:32.594 15 DEBUG neutron.wsgi [-] (15) accepted ('192.168.122.100', 46862) server /usr/lib/python3.9/site-packages/eventlet/wsgi.py:992
2026-06-12 07:57:32.598 15 INFO neutron.wsgi [-] 192.168.122.100 "GET /healthcheck HTTP/1.0" status: 200 len: 137 time: 0.0024471
2026-06-12 07:57:34.599 16 DEBUG neutron.wsgi [-] (16) accepted ('192.168.122.100', 46866) server /usr/lib/python3.9/site-packages/eventlet/wsgi.py:992
2026-06-12 07:57:34.601 16 INFO neutron.wsgi [-] 192.168.122.100 "GET /healthcheck HTTP/1.0" status: 200 len: 137 time: 0.0012639
2026-06-12 07:57:36.602 17 DEBUG neutron.wsgi [-] (17) accepted ('192.168.122.100', 46882) server /usr/lib/python3.9/site-packages/eventlet/wsgi.py:992
2026-06-12 07:57:36.605 17 INFO neutron.wsgi [-] 192.168.122.100 "GET /healthcheck HTTP/1.0" status: 200 len: 137 time: 0.0013292
2026-06-12 07:57:38.606 18 DEBUG neutron.wsgi [-] (18) accepted ('192.168.122.100', 46892) server /usr/lib/python3.9/site-packages/eventlet/wsgi.py:992
2026-06-12 07:57:38.608 18 INFO neutron.wsgi [-] 192.168.122.100 "GET /healthcheck HTTP/1.0" status: 200 len: 137 time: 0.0014060
2026-06-12 07:57:40.609 15 DEBUG neutron.wsgi [-] (15) accepted ('192.168.122.100', 46898) server /usr/lib/python3.9/site-packages/eventlet/wsgi.py:992
2026-06-12 07:57:40.613 15 INFO neutron.wsgi [-] 192.168.122.100 "GET /healthcheck HTTP/1.0" status: 200 len: 137 time: 0.0025678
2026-06-12 07:57:42.615 17 DEBUG neutron.wsgi [-] (17) accepted ('192.168.122.100', 56424) server /usr/lib/python3.9/site-packages/eventlet/wsgi.py:992
2026-06-12 07:57:42.619 17 INFO neutron.wsgi [-] 192.168.122.100 "GET /healthcheck HTTP/1.0" status: 200 len: 137 time: 0.0030856
2026-06-12 07:57:44.620 17 DEBUG neutron.wsgi [-] (17) accepted ('192.168.122.100', 56426) server /usr/lib/python3.9/site-packages/eventlet/wsgi.py:992
2026-06-12 07:57:44.623 17 INFO neutron.wsgi [-] 192.168.122.100 "GET /healthcheck HTTP/1.0" status: 200 len: 137 time: 0.0018826
2026-06-12 07:57:46.623 15 DEBUG neutron.wsgi [-] (15) accepted ('192.168.122.100', 56432) server /usr/lib/python3.9/site-packages/eventlet/wsgi.py:992
2026-06-12 07:57:46.625 15 INFO neutron.wsgi [-] 192.168.122.100 "GET /healthcheck HTTP/1.0" status: 200 len: 137 time: 0.0017245
2026-06-12 07:57:48.626 15 DEBUG neutron.wsgi [-] (15) accepted ('192.168.122.100', 56436) server /usr/lib/python3.9/site-packages/eventlet/wsgi.py:992
2026-06-12 07:57:48.630 15 INFO neutron.wsgi [-] 192.168.122.100 "GET /healthcheck HTTP/1.0" status: 200 len: 137 time: 0.0026724
2026-06-12 07:57:50.630 15 DEBUG neutron.wsgi [-] (15) accepted ('192.168.122.100', 56442) server /usr/lib/python3.9/site-packages/eventlet/wsgi.py:992
2026-06-12 07:57:50.632 15 INFO neutron.wsgi [-] 192.168.122.100 "GET /healthcheck HTTP/1.0" status: 200 len: 137 time: 0.0018275
2026-06-12 07:57:52.634 16 DEBUG neutron.wsgi [-] (16) accepted ('192.168.122.100', 42692) server /usr/lib/python3.9/site-packages/eventlet/wsgi.py:992
2026-06-12 07:57:52.638 16 INFO neutron.wsgi [-] 192.168.122.100 "GET /healthcheck HTTP/1.0" status: 200 len: 137 time: 0.0031366
2026-06-12 07:57:54.639 17 DEBUG neutron.wsgi [-] (17) accepted ('192.168.122.100', 42708) server /usr/lib/python3.9/site-packages/eventlet/wsgi.py:992
2026-06-12 07:57:54.643 17 INFO neutron.wsgi [-] 192.168.122.100 "GET /healthcheck HTTP/1.0" status: 200 len: 137 time: 0.0025215
2026-06-12 07:57:56.643 17 DEBUG neutron.wsgi [-] (17) accepted ('192.168.122.100', 42718) server /usr/lib/python3.9/site-packages/eventlet/wsgi.py:992
2026-06-12 07:57:56.647 17 INFO neutron.wsgi [-] 192.168.122.100 "GET /healthcheck HTTP/1.0" status: 200 len: 137 time: 0.0028360
2026-06-12 07:57:57.703 16 DEBUG neutron.wsgi [-] (16) accepted ('192.168.122.100', 42722) server /usr/lib/python3.9/site-packages/eventlet/wsgi.py:992
2026-06-12 07:57:57.707 16 INFO neutron.wsgi [-] 192.168.122.100 "GET / HTTP/1.1" status: 200 len: 233 time: 0.0021758
2026-06-12 07:57:58.648 17 DEBUG neutron.wsgi [-] (17) accepted ('192.168.122.100', 42726) server /usr/lib/python3.9/site-packages/eventlet/wsgi.py:992
2026-06-12 07:57:58.652 17 INFO neutron.wsgi [-] 192.168.122.100 "GET /healthcheck HTTP/1.0" status: 200 len: 137 time: 0.0027287
2026-06-12 07:58:00.654 17 DEBUG neutron.wsgi [-] (17) accepted ('192.168.122.100', 42734) server /usr/lib/python3.9/site-packages/eventlet/wsgi.py:992
2026-06-12 07:58:00.656 17 INFO neutron.wsgi [-] 192.168.122.100 "GET /healthcheck HTTP/1.0" status: 200 len: 137 time: 0.0018210
2026-06-12 07:58:02.657 17 DEBUG neutron.wsgi [-] (17) accepted ('192.168.122.100', 46246) server /usr/lib/python3.9/site-packages/eventlet/wsgi.py:992
2026-06-12 07:58:02.660 17 INFO neutron.wsgi [-] 192.168.122.100 "GET /healthcheck HTTP/1.0" status: 200 len: 137 time: 0.0018585
2026-06-12 07:58:04.662 17 DEBUG neutron.wsgi [-] (17) accepted ('192.168.122.100', 46250) server /usr/lib/python3.9/site-packages/eventlet/wsgi.py:992
2026-06-12 07:58:04.664 17 INFO neutron.wsgi [-] 192.168.122.100 "GET /healthcheck HTTP/1.0" status: 200 len: 137 time: 0.0015225
2026-06-12 07:58:06.666 15 DEBUG neutron.wsgi [-] (15) accepted ('192.168.122.100', 46256) server /usr/lib/python3.9/site-packages/eventlet/wsgi.py:992
2026-06-12 07:58:06.670 15 INFO neutron.wsgi [-] 192.168.122.100 "GET /healthcheck HTTP/1.0" status: 200 len: 137 time: 0.0026698
2026-06-12 07:58:08.672 15 DEBUG neutron.wsgi [-] (15) accepted ('192.168.122.100', 46262) server /usr/lib/python3.9/site-packages/eventlet/wsgi.py:992
2026-06-12 07:58:08.675 15 INFO neutron.wsgi [-] 192.168.122.100 "GET /healthcheck HTTP/1.0" status: 200 len: 137 time: 0.0017536
2026-06-12 07:58:10.677 18 DEBUG neutron.wsgi [-] (18) accepted ('192.168.122.100', 46272) server /usr/lib/python3.9/site-packages/eventlet/wsgi.py:992
2026-06-12 07:58:10.681 18 INFO neutron.wsgi [-] 192.168.122.100 "GET /healthcheck HTTP/1.0" status: 200 len: 137 time: 0.0026712
2026-06-12 07:58:12.683 18 DEBUG neutron.wsgi [-] (18) accepted ('192.168.122.100', 57178) server /usr/lib/python3.9/site-packages/eventlet/wsgi.py:992
2026-06-12 07:58:12.685 18 INFO neutron.wsgi [-] 192.168.122.100 "GET /healthcheck HTTP/1.0" status: 200 len: 137 time: 0.0012867
2026-06-12 07:58:14.688 16 DEBUG neutron.wsgi [-] (16) accepted ('192.168.122.100', 57186) server /usr/lib/python3.9/site-packages/eventlet/wsgi.py:992
2026-06-12 07:58:14.692 16 INFO neutron.wsgi [-] 192.168.122.100 "GET /healthcheck HTTP/1.0" status: 200 len: 137 time: 0.0026722
2026-06-12 07:58:16.694 18 DEBUG neutron.wsgi [-] (18) accepted ('192.168.122.100', 57190) server /usr/lib/python3.9/site-packages/eventlet/wsgi.py:992
2026-06-12 07:58:16.698 18 INFO neutron.wsgi [-] 192.168.122.100 "GET /healthcheck HTTP/1.0" status: 200 len: 137 time: 0.0023949
2026-06-12 07:58:18.700 17 DEBUG neutron.wsgi [-] (17) accepted ('192.168.122.100', 57192) server /usr/lib/python3.9/site-packages/eventlet/wsgi.py:992
2026-06-12 07:58:18.703 17 INFO neutron.wsgi [-] 192.168.122.100 "GET /healthcheck HTTP/1.0" status: 200 len: 137 time: 0.0017185
2026-06-12 07:58:20.704 17 DEBUG neutron.wsgi [-] (17) accepted ('192.168.122.100', 57202) server /usr/lib/python3.9/site-packages/eventlet/wsgi.py:992
2026-06-12 07:58:20.706 17 INFO neutron.wsgi [-] 192.168.122.100 "GET /healthcheck HTTP/1.0" status: 200 len: 137 time: 0.0013070
2026-06-12 07:58:22.708 16 DEBUG neutron.wsgi [-] (16) accepted ('192.168.122.100', 36750) server /usr/lib/python3.9/site-packages/eventlet/wsgi.py:992
2026-06-12 07:58:22.710 16 INFO neutron.wsgi [-] 192.168.122.100 "GET /healthcheck HTTP/1.0" status: 200 len: 137 time: 0.0017066
2026-06-12 07:58:24.711 17 DEBUG neutron.wsgi [-] (17) accepted ('192.168.122.100', 36764) server /usr/lib/python3.9/site-packages/eventlet/wsgi.py:992
2026-06-12 07:58:24.716 17 INFO neutron.wsgi [-] 192.168.122.100 "GET /healthcheck HTTP/1.0" status: 200 len: 137 time: 0.0032454
2026-06-12 07:58:26.718 18 DEBUG neutron.wsgi [-] (18) accepted ('192.168.122.100', 36780) server /usr/lib/python3.9/site-packages/eventlet/wsgi.py:992
2026-06-12 07:58:26.722 18 INFO neutron.wsgi [-] 192.168.122.100 "GET /healthcheck HTTP/1.0" status: 200 len: 137 time: 0.0025959
2026-06-12 07:58:28.722 15 DEBUG neutron.wsgi [-] (15) accepted ('192.168.122.100', 36796) server /usr/lib/python3.9/site-packages/eventlet/wsgi.py:992
2026-06-12 07:58:28.725 15 INFO neutron.wsgi [-] 192.168.122.100 "GET /healthcheck HTTP/1.0" status: 200 len: 137 time: 0.0013156
2026-06-12 07:58:28.858 15 DEBUG neutron.wsgi [-] (15) accepted ('192.168.122.100', 36808) server /usr/lib/python3.9/site-packages/eventlet/wsgi.py:992
2026-06-12 07:58:28.860 15 INFO neutron.wsgi [-] 192.168.122.100 "GET / HTTP/1.1" status: 200 len: 233 time: 0.0012498
2026-06-12 07:58:30.725 17 DEBUG neutron.wsgi [-] (17) accepted ('192.168.122.100', 36824) server /usr/lib/python3.9/site-packages/eventlet/wsgi.py:992
2026-06-12 07:58:30.728 17 INFO neutron.wsgi [-] 192.168.122.100 "GET /healthcheck HTTP/1.0" status: 200 len: 137 time: 0.0017152
2026-06-12 07:58:32.729 16 DEBUG neutron.wsgi [-] (16) accepted ('192.168.122.100', 48340) server /usr/lib/python3.9/site-packages/eventlet/wsgi.py:992
2026-06-12 07:58:32.733 16 INFO neutron.wsgi [-] 192.168.122.100 "GET /healthcheck HTTP/1.0" status: 200 len: 137 time: 0.0026162
2026-06-12 07:58:34.734 15 DEBUG neutron.wsgi [-] (15) accepted ('192.168.122.100', 48352) server /usr/lib/python3.9/site-packages/eventlet/wsgi.py:992
2026-06-12 07:58:34.737 15 INFO neutron.wsgi [-] 192.168.122.100 "GET /healthcheck HTTP/1.0" status: 200 len: 137 time: 0.0024369
2026-06-12 07:58:36.737 16 DEBUG neutron.wsgi [-] (16) accepted ('192.168.122.100', 48354) server /usr/lib/python3.9/site-packages/eventlet/wsgi.py:992
2026-06-12 07:58:36.741 16 INFO neutron.wsgi [-] 192.168.122.100 "GET /healthcheck HTTP/1.0" status: 200 len: 137 time: 0.0025315
2026-06-12 07:58:38.742 16 DEBUG neutron.wsgi [-] (16) accepted ('192.168.122.100', 48362) server /usr/lib/python3.9/site-packages/eventlet/wsgi.py:992
2026-06-12 07:58:38.746 16 INFO neutron.wsgi [-] 192.168.122.100 "GET /healthcheck HTTP/1.0" status: 200 len: 137 time: 0.0026901
2026-06-12 07:58:40.702 15 DEBUG neutron.wsgi [-] (15) accepted ('192.168.122.100', 48368) server /usr/lib/python3.9/site-packages/eventlet/wsgi.py:992
2026-06-12 07:58:40.747 16 DEBUG neutron.wsgi [-] (16) accepted ('192.168.122.100', 48370) server /usr/lib/python3.9/site-packages/eventlet/wsgi.py:992
2026-06-12 07:58:40.750 16 INFO neutron.wsgi [-] 192.168.122.100 "GET /healthcheck HTTP/1.0" status: 200 len: 137 time: 0.0020204
2026-06-12 07:58:40.804 15 DEBUG neutron.pecan_wsgi.hooks.policy_enforcement [req-9ac55057-4883-4b09-b061-b9dea259dd7c 2177e223270d498e9808c95d2fe439f1 72cb557941ca4e74a48d541163fc4393 - default default] Attributes excluded by policy engine: ['standard_attr_id'] _exclude_attributes_by_policy /usr/lib/python3.9/site-packages/neutron/pecan_wsgi/hooks/policy_enforcement.py:259
2026-06-12 07:58:40.805 15 DEBUG neutron.pecan_wsgi.hooks.policy_enforcement [req-9ac55057-4883-4b09-b061-b9dea259dd7c 2177e223270d498e9808c95d2fe439f1 72cb557941ca4e74a48d541163fc4393 - default default] Attributes excluded by policy engine: ['standard_attr_id'] _exclude_attributes_by_policy /usr/lib/python3.9/site-packages/neutron/pecan_wsgi/hooks/policy_enforcement.py:259
2026-06-12 07:58:40.805 15 DEBUG neutron.pecan_wsgi.hooks.policy_enforcement [req-9ac55057-4883-4b09-b061-b9dea259dd7c 2177e223270d498e9808c95d2fe439f1 72cb557941ca4e74a48d541163fc4393 - default default] Attributes excluded by policy engine: ['standard_attr_id'] _exclude_attributes_by_policy /usr/lib/python3.9/site-packages/neutron/pecan_wsgi/hooks/policy_enforcement.py:259
2026-06-12 07:58:40.806 15 DEBUG neutron.pecan_wsgi.hooks.policy_enforcement [req-9ac55057-4883-4b09-b061-b9dea259dd7c 2177e223270d498e9808c95d2fe439f1 72cb557941ca4e74a48d541163fc4393 - default default] Attributes excluded by policy engine: ['standard_attr_id'] _exclude_attributes_by_policy /usr/lib/python3.9/site-packages/neutron/pecan_wsgi/hooks/policy_enforcement.py:259
2026-06-12 07:58:40.806 15 DEBUG neutron.pecan_wsgi.hooks.policy_enforcement [req-9ac55057-4883-4b09-b061-b9dea259dd7c 2177e223270d498e9808c95d2fe439f1 72cb557941ca4e74a48d541163fc4393 - default default] Attributes excluded by policy engine: ['standard_attr_id'] _exclude_attributes_by_policy /usr/lib/python3.9/site-packages/neutron/pecan_wsgi/hooks/policy_enforcement.py:259
2026-06-12 07:58:40.807 15 INFO neutron.wsgi [req-9ac55057-4883-4b09-b061-b9dea259dd7c 2177e223270d498e9808c95d2fe439f1 72cb557941ca4e74a48d541163fc4393 - default default] 192.168.122.99,192.168.122.100 "GET /v2.0/ports?tags=tripleo_stack_name%3Dovercloud HTTP/1.1" status: 200 len: 5303 time: 0.1040716
2026-06-12 07:58:40.830 15 INFO neutron.pecan_wsgi.hooks.translation [req-43b4423e-c0a2-482e-a02b-48976f3ea4da 2177e223270d498e9808c95d2fe439f1 72cb557941ca4e74a48d541163fc4393 - default default] GET failed (client error): The resource could not be found.
2026-06-12 07:58:40.832 15 INFO neutron.wsgi [req-43b4423e-c0a2-482e-a02b-48976f3ea4da 2177e223270d498e9808c95d2fe439f1 72cb557941ca4e74a48d541163fc4393 - default default] 192.168.122.99,192.168.122.100 "GET /v2.0/networks/ctlplane HTTP/1.1" status: 404 len: 292 time: 0.0152428
2026-06-12 07:58:40.894 15 DEBUG neutron.pecan_wsgi.hooks.policy_enforcement [req-b158e30d-4b84-413d-83f2-e1bc7639bcac 2177e223270d498e9808c95d2fe439f1 72cb557941ca4e74a48d541163fc4393 - default default] Attributes excluded by policy engine: ['standard_attr_id', 'vlan_transparent'] _exclude_attributes_by_policy /usr/lib/python3.9/site-packages/neutron/pecan_wsgi/hooks/policy_enforcement.py:259
2026-06-12 07:58:40.895 15 INFO neutron.wsgi [req-b158e30d-4b84-413d-83f2-e1bc7639bcac 2177e223270d498e9808c95d2fe439f1 72cb557941ca4e74a48d541163fc4393 - default default] 192.168.122.99,192.168.122.100 "GET /v2.0/networks?name=ctlplane HTTP/1.1" status: 200 len: 922 time: 0.0608175
2026-06-12 07:58:42.751 17 DEBUG neutron.wsgi [-] (17) accepted ('192.168.122.100', 45768) server /usr/lib/python3.9/site-packages/eventlet/wsgi.py:992
2026-06-12 07:58:42.756 17 INFO neutron.wsgi [-] 192.168.122.100 "GET /healthcheck HTTP/1.0" status: 200 len: 137 time: 0.0026999
2026-06-12 07:58:44.758 17 DEBUG neutron.wsgi [-] (17) accepted ('192.168.122.100', 45772) server /usr/lib/python3.9/site-packages/eventlet/wsgi.py:992
2026-06-12 07:58:44.761 17 INFO neutron.wsgi [-] 192.168.122.100 "GET /healthcheck HTTP/1.0" status: 200 len: 137 time: 0.0017967
2026-06-12 07:58:46.763 16 DEBUG neutron.wsgi [-] (16) accepted ('192.168.122.100', 45786) server /usr/lib/python3.9/site-packages/eventlet/wsgi.py:992
2026-06-12 07:58:46.769 16 INFO neutron.wsgi [-] 192.168.122.100 "GET /healthcheck HTTP/1.0" status: 200 len: 137 time: 0.0043552
2026-06-12 07:58:48.772 16 DEBUG neutron.wsgi [-] (16) accepted ('192.168.122.100', 45792) server /usr/lib/python3.9/site-packages/eventlet/wsgi.py:992
2026-06-12 07:58:48.777 16 INFO neutron.wsgi [-] 192.168.122.100 "GET /healthcheck HTTP/1.0" status: 200 len: 137 time: 0.0030079
2026-06-12 07:58:50.779 18 DEBUG neutron.wsgi [-] (18) accepted ('192.168.122.100', 45806) server /usr/lib/python3.9/site-packages/eventlet/wsgi.py:992
2026-06-12 07:58:50.783 18 INFO neutron.wsgi [-] 192.168.122.100 "GET /healthcheck HTTP/1.0" status: 200 len: 137 time: 0.0028086
2026-06-12 07:58:52.785 17 DEBUG neutron.wsgi [-] (17) accepted ('192.168.122.100', 51470) server /usr/lib/python3.9/site-packages/eventlet/wsgi.py:992
2026-06-12 07:58:52.788 17 INFO neutron.wsgi [-] 192.168.122.100 "GET /healthcheck HTTP/1.0" status: 200 len: 137 time: 0.0020819
2026-06-12 07:58:54.790 16 DEBUG neutron.wsgi [-] (16) accepted ('192.168.122.100', 51476) server /usr/lib/python3.9/site-packages/eventlet/wsgi.py:992
2026-06-12 07:58:54.794 16 INFO neutron.wsgi [-] 192.168.122.100 "GET /healthcheck HTTP/1.0" status: 200 len: 137 time: 0.0026767
2026-06-12 07:58:56.795 16 DEBUG neutron.wsgi [-] (16) accepted ('192.168.122.100', 51488) server /usr/lib/python3.9/site-packages/eventlet/wsgi.py:992
2026-06-12 07:58:56.798 16 INFO neutron.wsgi [-] 192.168.122.100 "GET /healthcheck HTTP/1.0" status: 200 len: 137 time: 0.0014167
2026-06-12 07:58:58.800 16 DEBUG neutron.wsgi [-] (16) accepted ('192.168.122.100', 51504) server /usr/lib/python3.9/site-packages/eventlet/wsgi.py:992
2026-06-12 07:58:58.804 16 INFO neutron.wsgi [-] 192.168.122.100 "GET /healthcheck HTTP/1.0" status: 200 len: 137 time: 0.0028086
2026-06-12 07:58:59.258 15 DEBUG neutron.wsgi [-] (15) accepted ('192.168.122.100', 51514) server /usr/lib/python3.9/site-packages/eventlet/wsgi.py:992
2026-06-12 07:58:59.263 15 INFO neutron.wsgi [-] 192.168.122.100 "GET / HTTP/1.1" status: 200 len: 233 time: 0.0035686
2026-06-12 07:59:00.806 16 DEBUG neutron.wsgi [-] (16) accepted ('192.168.122.100', 51524) server /usr/lib/python3.9/site-packages/eventlet/wsgi.py:992
2026-06-12 07:59:00.808 16 INFO neutron.wsgi [-] 192.168.122.100 "GET /healthcheck HTTP/1.0" status: 200 len: 137 time: 0.0013583
2026-06-12 07:59:02.809 18 DEBUG neutron.wsgi [-] (18) accepted ('192.168.122.100', 39028) server /usr/lib/python3.9/site-packages/eventlet/wsgi.py:992
2026-06-12 07:59:02.811 18 INFO neutron.wsgi [-] 192.168.122.100 "GET /healthcheck HTTP/1.0" status: 200 len: 137 time: 0.0013072
2026-06-12 07:59:04.383 18 DEBUG neutron.wsgi [-] (18) accepted ('192.168.122.100', 39042) server /usr/lib/python3.9/site-packages/eventlet/wsgi.py:992
2026-06-12 07:59:04.445 18 INFO neutron.pecan_wsgi.hooks.translation [req-22d5e236-ae13-44f5-9abb-7d4d9bb758f4 2177e223270d498e9808c95d2fe439f1 72cb557941ca4e74a48d541163fc4393 - default default] GET failed (client error): The resource could not be found.
2026-06-12 07:59:04.447 18 INFO neutron.wsgi [req-22d5e236-ae13-44f5-9abb-7d4d9bb758f4 2177e223270d498e9808c95d2fe439f1 72cb557941ca4e74a48d541163fc4393 - default default] 192.168.122.99,192.168.122.100 "GET /v2.0/networks/ovn_mac_addr_net HTTP/1.1" status: 404 len: 300 time: 0.0615807
2026-06-12 07:59:04.472 18 INFO neutron.wsgi [req-ecb9727d-16a6-46ce-928e-d7f160a4ad03 2177e223270d498e9808c95d2fe439f1 72cb557941ca4e74a48d541163fc4393 - default default] 192.168.122.99,192.168.122.100 "GET /v2.0/networks?name=ovn_mac_addr_net HTTP/1.1" status: 200 len: 189 time: 0.0211253
2026-06-12 07:59:04.480 18 DEBUG neutron.api.v2.base [req-bfbdff5b-8742-4ec7-aec2-9d80b5531fc5 2177e223270d498e9808c95d2fe439f1 72cb557941ca4e74a48d541163fc4393 - default default] Request body: {'network': {'description': 'Network used to allocate MAC addresses for OVN chassis.', 'name': 'ovn_mac_addr_net'}} prepare_request_body /usr/lib/python3.9/site-packages/neutron/api/v2/base.py:729
2026-06-12 07:59:04.498 18 DEBUG neutron.pecan_wsgi.hooks.quota_enforcement [req-bfbdff5b-8742-4ec7-aec2-9d80b5531fc5 2177e223270d498e9808c95d2fe439f1 72cb557941ca4e74a48d541163fc4393 - default default] Made reservation on behalf of 72cb557941ca4e74a48d541163fc4393 for: {'network': 1} before /usr/lib/python3.9/site-packages/neutron/pecan_wsgi/hooks/quota_enforcement.py:53
2026-06-12 07:59:04.500 18 DEBUG neutron_lib.callbacks.manager [req-bfbdff5b-8742-4ec7-aec2-9d80b5531fc5 2177e223270d498e9808c95d2fe439f1 72cb557941ca4e74a48d541163fc4393 - default default] Notify callbacks ['neutron.plugins.ml2.plugin.SecurityGroupDbMixin._ensure_default_security_group_handler-3899663'] for network, before_create _notify_loop /usr/lib/python3.9/site-packages/neutron_lib/callbacks/manager.py:200
2026-06-12 07:59:04.530 18 DEBUG neutron_lib.callbacks.manager [req-bfbdff5b-8742-4ec7-aec2-9d80b5531fc5 2177e223270d498e9808c95d2fe439f1 72cb557941ca4e74a48d541163fc4393 - default default] Notify callbacks ['neutron.services.segments.db._add_segment_host_mapping_for_segment-8760602736487', 'neutron.plugins.ml2.plugin.Ml2Plugin._handle_segment_change-4125098'] for segment, precommit_create _notify_loop /usr/lib/python3.9/site-packages/neutron_lib/callbacks/manager.py:200
2026-06-12 07:59:04.530 18 INFO neutron.db.segments_db [req-bfbdff5b-8742-4ec7-aec2-9d80b5531fc5 2177e223270d498e9808c95d2fe439f1 72cb557941ca4e74a48d541163fc4393 - default default] Added segment c147f857-7486-4b9f-a820-7e7a8253c3fc of type local for network 21dc8a84-5191-4730-b8cd-73049cda4b88
2026-06-12 07:59:04.549 18 DEBUG neutron_lib.callbacks.manager [req-bfbdff5b-8742-4ec7-aec2-9d80b5531fc5 2177e223270d498e9808c95d2fe439f1 72cb557941ca4e74a48d541163fc4393 - default default] Notify callbacks ['neutron.services.auto_allocate.db._ensure_external_network_default_value_callback-8760602090545'] for network, precommit_create _notify_loop /usr/lib/python3.9/site-packages/neutron_lib/callbacks/manager.py:200
2026-06-12 07:59:04.566 18 DEBUG neutron_lib.callbacks.manager [req-bfbdff5b-8742-4ec7-aec2-9d80b5531fc5 2177e223270d498e9808c95d2fe439f1 72cb557941ca4e74a48d541163fc4393 - default default] Notify callbacks ['neutron.plugins.ml2.ovo_rpc._ObjectChangeHandler.handle_event-654407', 'neutron.api.rpc.agentnotifiers.dhcp_rpc_agent_api.DhcpAgentNotifyAPI._native_event_send_dhcp_notification-676457'] for network, after_create _notify_loop /usr/lib/python3.9/site-packages/neutron_lib/callbacks/manager.py:200
2026-06-12 07:59:04.567 18 DEBUG neutron.pecan_wsgi.hooks.policy_enforcement [req-bfbdff5b-8742-4ec7-aec2-9d80b5531fc5 2177e223270d498e9808c95d2fe439f1 72cb557941ca4e74a48d541163fc4393 - default default] Attributes excluded by policy engine: ['standard_attr_id', 'vlan_transparent'] _exclude_attributes_by_policy /usr/lib/python3.9/site-packages/neutron/pecan_wsgi/hooks/policy_enforcement.py:259
2026-06-12 07:59:04.567 18 DEBUG neutron_lib.callbacks.manager [req-bfbdff5b-8742-4ec7-aec2-9d80b5531fc5 2177e223270d498e9808c95d2fe439f1 72cb557941ca4e74a48d541163fc4393 - default default] Notify callbacks ['neutron.api.rpc.agentnotifiers.dhcp_rpc_agent_api.DhcpAgentNotifyAPI._send_dhcp_notification-676443'] for network, before_response _notify_loop /usr/lib/python3.9/site-packages/neutron_lib/callbacks/manager.py:200
2026-06-12 07:59:04.593 18 INFO neutron.wsgi [req-bfbdff5b-8742-4ec7-aec2-9d80b5531fc5 2177e223270d498e9808c95d2fe439f1 72cb557941ca4e74a48d541163fc4393 - default default] 192.168.122.99,192.168.122.100 "POST /v2.0/networks HTTP/1.1" status: 201 len: 918 time: 0.1158812
2026-06-12 07:59:04.629 18 DEBUG neutron.api.rpc.handlers.resources_rpc [req-bfbdff5b-8742-4ec7-aec2-9d80b5531fc5 2177e223270d498e9808c95d2fe439f1 72cb557941ca4e74a48d541163fc4393 - - -] Pushing event updated for resources: {'Network': ['ID=21dc8a84-5191-4730-b8cd-73049cda4b88,revision_number=1']} push /usr/lib/python3.9/site-packages/neutron/api/rpc/handlers/resources_rpc.py:237
2026-06-12 07:59:04.634 18 INFO neutron.wsgi [req-3a990d83-421d-4975-b53f-01e4f12a5f5a 2177e223270d498e9808c95d2fe439f1 72cb557941ca4e74a48d541163fc4393 - default default] 192.168.122.99,192.168.122.100 "GET /v2.0/ports?name=np0000071537_ovn_physnet_datacentre&network_id=21dc8a84-5191-4730-b8cd-73049cda4b88&tags=tripleo_stack_name%3Dovercloud HTTP/1.1" status: 200 len: 186 time: 0.0266607
2026-06-12 07:59:04.635 18 DEBUG neutron.api.rpc.callbacks.version_manager [req-bfbdff5b-8742-4ec7-aec2-9d80b5531fc5 2177e223270d498e9808c95d2fe439f1 72cb557941ca4e74a48d541163fc4393 - - -] Version for resource type AddressGroup changed None to 1.2 on consumer Open vSwitch agent@undercloud.ooo.test _set_version /usr/lib/python3.9/site-packages/neutron/api/rpc/callbacks/version_manager.py:113
2026-06-12 07:59:04.635 18 DEBUG neutron.api.rpc.callbacks.version_manager [req-bfbdff5b-8742-4ec7-aec2-9d80b5531fc5 2177e223270d498e9808c95d2fe439f1 72cb557941ca4e74a48d541163fc4393 - - -] Version for resource type ConntrackHelper changed None to 1.0 on consumer Open vSwitch agent@undercloud.ooo.test _set_version /usr/lib/python3.9/site-packages/neutron/api/rpc/callbacks/version_manager.py:113
2026-06-12 07:59:04.635 18 DEBUG neutron.api.rpc.callbacks.version_manager [req-bfbdff5b-8742-4ec7-aec2-9d80b5531fc5 2177e223270d498e9808c95d2fe439f1 72cb557941ca4e74a48d541163fc4393 - - -] Version for resource type Log changed None to 1.0 on consumer Open vSwitch agent@undercloud.ooo.test _set_version /usr/lib/python3.9/site-packages/neutron/api/rpc/callbacks/version_manager.py:113
2026-06-12 07:59:04.635 18 DEBUG neutron.api.rpc.callbacks.version_manager [req-bfbdff5b-8742-4ec7-aec2-9d80b5531fc5 2177e223270d498e9808c95d2fe439f1 72cb557941ca4e74a48d541163fc4393 - - -] Version for resource type Network changed None to 1.1 on consumer Open vSwitch agent@undercloud.ooo.test _set_version /usr/lib/python3.9/site-packages/neutron/api/rpc/callbacks/version_manager.py:113
2026-06-12 07:59:04.636 18 DEBUG neutron.api.rpc.callbacks.version_manager [req-bfbdff5b-8742-4ec7-aec2-9d80b5531fc5 2177e223270d498e9808c95d2fe439f1 72cb557941ca4e74a48d541163fc4393 - - -] Version for resource type Port changed None to 1.7 on consumer Open vSwitch agent@undercloud.ooo.test _set_version /usr/lib/python3.9/site-packages/neutron/api/rpc/callbacks/version_manager.py:113
2026-06-12 07:59:04.636 18 DEBUG neutron.api.rpc.callbacks.version_manager [req-bfbdff5b-8742-4ec7-aec2-9d80b5531fc5 2177e223270d498e9808c95d2fe439f1 72cb557941ca4e74a48d541163fc4393 - - -] Version for resource type PortForwarding changed None to 1.2 on consumer Open vSwitch agent@undercloud.ooo.test _set_version /usr/lib/python3.9/site-packages/neutron/api/rpc/callbacks/version_manager.py:113
2026-06-12 07:59:04.636 18 DEBUG neutron.api.rpc.callbacks.version_manager [req-bfbdff5b-8742-4ec7-aec2-9d80b5531fc5 2177e223270d498e9808c95d2fe439f1 72cb557941ca4e74a48d541163fc4393 - - -] Version for resource type QosPolicy changed None to 1.8 on consumer Open vSwitch agent@undercloud.ooo.test _set_version /usr/lib/python3.9/site-packages/neutron/api/rpc/callbacks/version_manager.py:113
2026-06-12 07:59:04.636 18 DEBUG neutron.api.rpc.callbacks.version_manager [req-bfbdff5b-8742-4ec7-aec2-9d80b5531fc5 2177e223270d498e9808c95d2fe439f1 72cb557941ca4e74a48d541163fc4393 - - -] Version for resource type SecurityGroup changed None to 1.5 on consumer Open vSwitch agent@undercloud.ooo.test _set_version /usr/lib/python3.9/site-packages/neutron/api/rpc/callbacks/version_manager.py:113
2026-06-12 07:59:04.636 18 DEBUG neutron.api.rpc.callbacks.version_manager [req-bfbdff5b-8742-4ec7-aec2-9d80b5531fc5 2177e223270d498e9808c95d2fe439f1 72cb557941ca4e74a48d541163fc4393 - - -] Version for resource type SecurityGroupRule changed None to 1.2 on consumer Open vSwitch agent@undercloud.ooo.test _set_version /usr/lib/python3.9/site-packages/neutron/api/rpc/callbacks/version_manager.py:113
2026-06-12 07:59:04.636 18 DEBUG neutron.api.rpc.callbacks.version_manager [req-bfbdff5b-8742-4ec7-aec2-9d80b5531fc5 2177e223270d498e9808c95d2fe439f1 72cb557941ca4e74a48d541163fc4393 - - -] Version for resource type SubPort changed None to 1.0 on consumer Open vSwitch agent@undercloud.ooo.test _set_version /usr/lib/python3.9/site-packages/neutron/api/rpc/callbacks/version_manager.py:113
2026-06-12 07:59:04.636 18 DEBUG neutron.api.rpc.callbacks.version_manager [req-bfbdff5b-8742-4ec7-aec2-9d80b5531fc5 2177e223270d498e9808c95d2fe439f1 72cb557941ca4e74a48d541163fc4393 - - -] Version for resource type Subnet changed None to 1.1 on consumer Open vSwitch agent@undercloud.ooo.test _set_version /usr/lib/python3.9/site-packages/neutron/api/rpc/callbacks/version_manager.py:113
2026-06-12 07:59:04.636 18 DEBUG neutron.api.rpc.callbacks.version_manager [req-bfbdff5b-8742-4ec7-aec2-9d80b5531fc5 2177e223270d498e9808c95d2fe439f1 72cb557941ca4e74a48d541163fc4393 - - -] Version for resource type Trunk changed None to 1.1 on consumer Open vSwitch agent@undercloud.ooo.test _set_version /usr/lib/python3.9/site-packages/neutron/api/rpc/callbacks/version_manager.py:113
2026-06-12 07:59:04.641 18 DEBUG neutron.api.v2.base [req-3b34bc4b-c653-48ab-87eb-32b7c0b07cf0 2177e223270d498e9808c95d2fe439f1 72cb557941ca4e74a48d541163fc4393 - default default] Request body: {'port': {'dns_name': 'np0000071537', 'network_id': '21dc8a84-5191-4730-b8cd-73049cda4b88', 'name': 'np0000071537_ovn_physnet_datacentre'}} prepare_request_body /usr/lib/python3.9/site-packages/neutron/api/v2/base.py:729
2026-06-12 07:59:04.647 22 DEBUG neutron.plugins.ml2.rpc [req-f9d511b2-e5ac-46a1-9c60-40eef2da997f - - - - -] Network 21dc8a84-5191-4730-b8cd-73049cda4b88 details requested by agent ovs-agent-undercloud.ooo.test with host undercloud.ooo.test get_network_details /usr/lib/python3.9/site-packages/neutron/plugins/ml2/rpc.py:232
2026-06-12 07:59:04.649 18 DEBUG neutron.pecan_wsgi.hooks.quota_enforcement [req-3b34bc4b-c653-48ab-87eb-32b7c0b07cf0 2177e223270d498e9808c95d2fe439f1 72cb557941ca4e74a48d541163fc4393 - default default] Made reservation on behalf of 72cb557941ca4e74a48d541163fc4393 for: {'port': 1} before /usr/lib/python3.9/site-packages/neutron/pecan_wsgi/hooks/quota_enforcement.py:53
2026-06-12 07:59:04.650 18 DEBUG neutron_lib.callbacks.manager [req-3b34bc4b-c653-48ab-87eb-32b7c0b07cf0 2177e223270d498e9808c95d2fe439f1 72cb557941ca4e74a48d541163fc4393 - default default] Notify callbacks ['neutron.plugins.ml2.plugin.SecurityGroupDbMixin._ensure_default_security_group_handler-3899663'] for port, before_create _notify_loop /usr/lib/python3.9/site-packages/neutron_lib/callbacks/manager.py:200
2026-06-12 07:59:04.662 18 DEBUG neutron.notifiers.nova [req-3b34bc4b-c653-48ab-87eb-32b7c0b07cf0 2177e223270d498e9808c95d2fe439f1 72cb557941ca4e74a48d541163fc4393 - default default] device_id is not set on port ed4be766-d1e9-4654-a1ba-6c3ec2a9d070 yet. _can_notify /usr/lib/python3.9/site-packages/neutron/notifiers/nova.py:201
2026-06-12 07:59:04.814 17 DEBUG neutron.wsgi [-] (17) accepted ('192.168.122.100', 39054) server /usr/lib/python3.9/site-packages/eventlet/wsgi.py:992
2026-06-12 07:59:04.817 17 INFO neutron.wsgi [-] 192.168.122.100 "GET /healthcheck HTTP/1.0" status: 200 len: 137 time: 0.0025189
2026-06-12 07:59:04.863 18 DEBUG neutron_lib.callbacks.manager [req-3b34bc4b-c653-48ab-87eb-32b7c0b07cf0 2177e223270d498e9808c95d2fe439f1 72cb557941ca4e74a48d541163fc4393 - default default] Notify callbacks [] for allowed_address_pair, before_create _notify_loop /usr/lib/python3.9/site-packages/neutron_lib/callbacks/manager.py:200
2026-06-12 07:59:04.863 18 DEBUG neutron_lib.callbacks.manager [req-3b34bc4b-c653-48ab-87eb-32b7c0b07cf0 2177e223270d498e9808c95d2fe439f1 72cb557941ca4e74a48d541163fc4393 - default default] Notify callbacks [] for port, precommit_create _notify_loop /usr/lib/python3.9/site-packages/neutron_lib/callbacks/manager.py:200
2026-06-12 07:59:04.876 18 DEBUG neutron_lib.callbacks.manager [req-3b34bc4b-c653-48ab-87eb-32b7c0b07cf0 2177e223270d498e9808c95d2fe439f1 72cb557941ca4e74a48d541163fc4393 - default default] Notify callbacks ['neutron.plugins.ml2.plugin.SecurityGroupServerNotifierRpcMixin.notify_sg_on_port_change-3700551', 'neutron.plugins.ml2.extensions.dns_integration._create_port_in_external_dns_service-8760602621386', 'neutron.plugins.ml2.ovo_rpc._ObjectChangeHandler.handle_event-351500', 'neutron.api.rpc.agentnotifiers.dhcp_rpc_agent_api.DhcpAgentNotifyAPI._native_event_send_dhcp_notification-676457', 'neutron.services.segments.plugin.NovaSegmentNotifier._notify_port_created_or_deleted-989372'] for port, after_create _notify_loop /usr/lib/python3.9/site-packages/neutron_lib/callbacks/manager.py:200
2026-06-12 07:59:04.938 18 DEBUG neutron.api.rpc.handlers.resources_rpc [req-3b34bc4b-c653-48ab-87eb-32b7c0b07cf0 2177e223270d498e9808c95d2fe439f1 72cb557941ca4e74a48d541163fc4393 - - -] Pushing event updated for resources: {'Port': ['ID=ed4be766-d1e9-4654-a1ba-6c3ec2a9d070,revision_number=1']} push /usr/lib/python3.9/site-packages/neutron/api/rpc/handlers/resources_rpc.py:237
2026-06-12 07:59:04.943 18 DEBUG neutron.plugins.ml2.drivers.mech_agent [req-3b34bc4b-c653-48ab-87eb-32b7c0b07cf0 2177e223270d498e9808c95d2fe439f1 72cb557941ca4e74a48d541163fc4393 - default default] Checking segment: {'id': 'c147f857-7486-4b9f-a820-7e7a8253c3fc', 'network_type': 'local', 'physical_network': None, 'segmentation_id': None, 'network_id': '21dc8a84-5191-4730-b8cd-73049cda4b88'} for mappings: {'ctlplane': 'br-ctlplane'} with network types: ['local', 'flat', 'vlan'] check_segment_for_agent /usr/lib/python3.9/site-packages/neutron/plugins/ml2/drivers/mech_agent.py:343
2026-06-12 07:59:04.943 18 DEBUG neutron.scheduler.dhcp_agent_scheduler [req-3b34bc4b-c653-48ab-87eb-32b7c0b07cf0 2177e223270d498e9808c95d2fe439f1 72cb557941ca4e74a48d541163fc4393 - default default] Network hostable DHCP agents. Network: 21dc8a84-5191-4730-b8cd-73049cda4b88, hostable agents: ['dec6e320-47ab-4bda-9280-a6e0c998f7ef'], hosted agents: [] _get_network_hostable_dhcp_agents /usr/lib/python3.9/site-packages/neutron/scheduler/dhcp_agent_scheduler.py:329
2026-06-12 07:59:04.957 18 DEBUG neutron.scheduler.dhcp_agent_scheduler [req-3b34bc4b-c653-48ab-87eb-32b7c0b07cf0 2177e223270d498e9808c95d2fe439f1 72cb557941ca4e74a48d541163fc4393 - default default] Network 21dc8a84-5191-4730-b8cd-73049cda4b88 is scheduled to be hosted by DHCP agent dec6e320-47ab-4bda-9280-a6e0c998f7ef with binding_index 1 bind /usr/lib/python3.9/site-packages/neutron/scheduler/dhcp_agent_scheduler.py:227
2026-06-12 07:59:04.963 18 DEBUG neutron.scheduler.base_scheduler [req-3b34bc4b-c653-48ab-87eb-32b7c0b07cf0 2177e223270d498e9808c95d2fe439f1 72cb557941ca4e74a48d541163fc4393 - default default] Resources bound (agent type, host, resource id): (DHCP agent, undercloud.ooo.test, 21dc8a84-5191-4730-b8cd-73049cda4b88) schedule /usr/lib/python3.9/site-packages/neutron/scheduler/base_scheduler.py:57
2026-06-12 07:59:04.972 18 DEBUG neutron.pecan_wsgi.hooks.policy_enforcement [req-3b34bc4b-c653-48ab-87eb-32b7c0b07cf0 2177e223270d498e9808c95d2fe439f1 72cb557941ca4e74a48d541163fc4393 - default default] Attributes excluded by policy engine: ['standard_attr_id', 'network'] _exclude_attributes_by_policy /usr/lib/python3.9/site-packages/neutron/pecan_wsgi/hooks/policy_enforcement.py:259
2026-06-12 07:59:04.973 18 DEBUG neutron_lib.callbacks.manager [req-3b34bc4b-c653-48ab-87eb-32b7c0b07cf0 2177e223270d498e9808c95d2fe439f1 72cb557941ca4e74a48d541163fc4393 - default default] Notify callbacks ['neutron.notifiers.nova.Notifier._send_nova_notification-179977', 'neutron.api.rpc.agentnotifiers.dhcp_rpc_agent_api.DhcpAgentNotifyAPI._send_dhcp_notification-676443'] for port, before_response _notify_loop /usr/lib/python3.9/site-packages/neutron_lib/callbacks/manager.py:200
2026-06-12 07:59:04.974 21 DEBUG neutron.api.rpc.handlers.dhcp_rpc [req-3894e994-9372-4632-a157-40b04ed64425 - - - - -] Network 21dc8a84-5191-4730-b8cd-73049cda4b88 requested from undercloud.ooo.test get_network_info /usr/lib/python3.9/site-packages/neutron/api/rpc/handlers/dhcp_rpc.py:213
2026-06-12 07:59:04.982 18 INFO neutron.wsgi [req-3b34bc4b-c653-48ab-87eb-32b7c0b07cf0 2177e223270d498e9808c95d2fe439f1 72cb557941ca4e74a48d541163fc4393 - default default] 192.168.122.99,192.168.122.100 "POST /v2.0/ports HTTP/1.1" status: 201 len: 1016 time: 0.3425498
2026-06-12 07:59:04.988 18 DEBUG neutron.services.tag.tag_plugin [req-66ad82fd-0423-4733-a14b-b370b9f9fe76 2177e223270d498e9808c95d2fe439f1 72cb557941ca4e74a48d541163fc4393 - default default] neutron.services.tag.tag_plugin.TagPlugin method update_tags called with arguments (, 'ports', 'ed4be766-d1e9-4654-a1ba-6c3ec2a9d070', {'tags': ['tripleo_stack_name=overcloud', 'tripleo_ovn_physnet=datacentre']}) {} wrapper /usr/lib/python3.9/site-packages/oslo_log/helpers.py:65
2026-06-12 07:59:05.021 18 INFO neutron.wsgi [req-66ad82fd-0423-4733-a14b-b370b9f9fe76 2177e223270d498e9808c95d2fe439f1 72cb557941ca4e74a48d541163fc4393 - default default] 192.168.122.99,192.168.122.100 "PUT /v2.0/ports/ed4be766-d1e9-4654-a1ba-6c3ec2a9d070/tags HTTP/1.1" status: 200 len: 250 time: 0.0353987
2026-06-12 07:59:05.064 18 DEBUG neutron.pecan_wsgi.hooks.policy_enforcement [req-bf5e565f-20b6-4129-9959-52e47e3c61e0 2177e223270d498e9808c95d2fe439f1 72cb557941ca4e74a48d541163fc4393 - default default] Attributes excluded by policy engine: ['standard_attr_id'] _exclude_attributes_by_policy /usr/lib/python3.9/site-packages/neutron/pecan_wsgi/hooks/policy_enforcement.py:259
2026-06-12 07:59:05.065 18 INFO neutron.wsgi [req-bf5e565f-20b6-4129-9959-52e47e3c61e0 2177e223270d498e9808c95d2fe439f1 72cb557941ca4e74a48d541163fc4393 - default default] 192.168.122.99,192.168.122.100 "GET /v2.0/ports?network_id=21dc8a84-5191-4730-b8cd-73049cda4b88&tags=tripleo_stack_name%3Dovercloud HTTP/1.1" status: 200 len: 1077 time: 0.0391290
2026-06-12 07:59:05.111 18 DEBUG neutron.pecan_wsgi.hooks.policy_enforcement [req-064a56a4-fe5b-4f92-a3b5-551bf63b7d18 2177e223270d498e9808c95d2fe439f1 72cb557941ca4e74a48d541163fc4393 - default default] Attributes excluded by policy engine: ['standard_attr_id'] _exclude_attributes_by_policy /usr/lib/python3.9/site-packages/neutron/pecan_wsgi/hooks/policy_enforcement.py:259
2026-06-12 07:59:05.112 18 INFO neutron.wsgi [req-064a56a4-fe5b-4f92-a3b5-551bf63b7d18 2177e223270d498e9808c95d2fe439f1 72cb557941ca4e74a48d541163fc4393 - default default] 192.168.122.99,192.168.122.100 "GET /v2.0/ports?network_id=21dc8a84-5191-4730-b8cd-73049cda4b88&tags=tripleo_stack_name%3Dovercloud HTTP/1.1" status: 200 len: 1077 time: 0.0402594
2026-06-12 07:59:06.818 18 DEBUG neutron.wsgi [-] (18) accepted ('192.168.122.100', 39060) server /usr/lib/python3.9/site-packages/eventlet/wsgi.py:992
2026-06-12 07:59:06.821 18 INFO neutron.wsgi [-] 192.168.122.100 "GET /healthcheck HTTP/1.0" status: 200 len: 137 time: 0.0019906
2026-06-12 07:59:08.823 16 DEBUG neutron.wsgi [-] (16) accepted ('192.168.122.100', 39064) server /usr/lib/python3.9/site-packages/eventlet/wsgi.py:992
2026-06-12 07:59:08.825 16 INFO neutron.wsgi [-] 192.168.122.100 "GET /healthcheck HTTP/1.0" status: 200 len: 137 time: 0.0015695
2026-06-12 07:59:10.827 18 DEBUG neutron.wsgi [-] (18) accepted ('192.168.122.100', 39070) server /usr/lib/python3.9/site-packages/eventlet/wsgi.py:992
2026-06-12 07:59:10.831 18 INFO neutron.wsgi [-] 192.168.122.100 "GET /healthcheck HTTP/1.0" status: 200 len: 137 time: 0.0025203
2026-06-12 07:59:12.833 15 DEBUG neutron.wsgi [-] (15) accepted ('192.168.122.100', 57630) server /usr/lib/python3.9/site-packages/eventlet/wsgi.py:992
2026-06-12 07:59:12.837 15 INFO neutron.wsgi [-] 192.168.122.100 "GET /healthcheck HTTP/1.0" status: 200 len: 137 time: 0.0028007
2026-06-12 07:59:14.840 18 DEBUG neutron.wsgi [-] (18) accepted ('192.168.122.100', 57636) server /usr/lib/python3.9/site-packages/eventlet/wsgi.py:992
2026-06-12 07:59:14.844 18 INFO neutron.wsgi [-] 192.168.122.100 "GET /healthcheck HTTP/1.0" status: 200 len: 137 time: 0.0025947
2026-06-12 07:59:16.847 15 DEBUG neutron.wsgi [-] (15) accepted ('192.168.122.100', 57646) server /usr/lib/python3.9/site-packages/eventlet/wsgi.py:992
2026-06-12 07:59:16.850 15 INFO neutron.wsgi [-] 192.168.122.100 "GET /healthcheck HTTP/1.0" status: 200 len: 137 time: 0.0025899
2026-06-12 07:59:18.852 16 DEBUG neutron.wsgi [-] (16) accepted ('192.168.122.100', 57656) server /usr/lib/python3.9/site-packages/eventlet/wsgi.py:992
2026-06-12 07:59:18.856 16 INFO neutron.wsgi [-] 192.168.122.100 "GET /healthcheck HTTP/1.0" status: 200 len: 137 time: 0.0024929
2026-06-12 07:59:20.857 16 DEBUG neutron.wsgi [-] (16) accepted ('192.168.122.100', 57672) server /usr/lib/python3.9/site-packages/eventlet/wsgi.py:992
