2026-06-12 07:55:06.165 18 INFO neutron.wsgi [req-55303b0b-4424-41d2-b77c-b1271f419323 2177e223270d498e9808c95d2fe439f1 72cb557941ca4e74a48d541163fc4393 - default default] 192.168.122.99,192.168.122.100 "GET /v2.0/networks?name=storage HTTP/1.1" status: 200 len: 1023 time: 0.0749204
2026-06-12 07:55:06.202 18 DEBUG neutron.pecan_wsgi.hooks.policy_enforcement [req-2bf5c9d4-6470-492f-9164-7e579d4a6abd 2177e223270d498e9808c95d2fe439f1 72cb557941ca4e74a48d541163fc4393 - default default] Attributes excluded by policy engine: ['standard_attr_id', 'shared'] _exclude_attributes_by_policy /usr/lib/python3.9/site-packages/neutron/pecan_wsgi/hooks/policy_enforcement.py:259
2026-06-12 07:55:06.202 18 INFO neutron.wsgi [req-2bf5c9d4-6470-492f-9164-7e579d4a6abd 2177e223270d498e9808c95d2fe439f1 72cb557941ca4e74a48d541163fc4393 - default default] 192.168.122.99,192.168.122.100 "GET /v2.0/subnets/91ac3d23-9744-41c0-b81b-ad6e3e302536 HTTP/1.1" status: 200 len: 859 time: 0.0322280
2026-06-12 07:55:06.218 18 INFO neutron.pecan_wsgi.hooks.translation [req-a577939f-84f4-42ae-bd31-dac8828686df 2177e223270d498e9808c95d2fe439f1 72cb557941ca4e74a48d541163fc4393 - default default] GET failed (client error): The resource could not be found.
2026-06-12 07:55:06.218 18 INFO neutron.wsgi [req-a577939f-84f4-42ae-bd31-dac8828686df 2177e223270d498e9808c95d2fe439f1 72cb557941ca4e74a48d541163fc4393 - default default] 192.168.122.99,192.168.122.100 "GET /v2.0/networks/storage_mgmt HTTP/1.1" status: 404 len: 296 time: 0.0124886
2026-06-12 07:55:06.276 18 DEBUG neutron.pecan_wsgi.hooks.policy_enforcement [req-a1beeb2e-96ad-4483-bff7-0d2452df850e 2177e223270d498e9808c95d2fe439f1 72cb557941ca4e74a48d541163fc4393 - default default] Attributes excluded by policy engine: ['standard_attr_id', 'vlan_transparent'] _exclude_attributes_by_policy /usr/lib/python3.9/site-packages/neutron/pecan_wsgi/hooks/policy_enforcement.py:259
2026-06-12 07:55:06.276 18 INFO neutron.wsgi [req-a1beeb2e-96ad-4483-bff7-0d2452df850e 2177e223270d498e9808c95d2fe439f1 72cb557941ca4e74a48d541163fc4393 - default default] 192.168.122.99,192.168.122.100 "GET /v2.0/networks?name=storage_mgmt HTTP/1.1" status: 200 len: 1051 time: 0.0539753
2026-06-12 07:55:06.293 17 DEBUG neutron.wsgi [-] (17) accepted ('192.168.122.100', 38424) server /usr/lib/python3.9/site-packages/eventlet/wsgi.py:992
2026-06-12 07:55:06.296 17 INFO neutron.wsgi [-] 192.168.122.100 "GET /healthcheck HTTP/1.0" status: 200 len: 137 time: 0.0020063
2026-06-12 07:55:06.311 18 DEBUG neutron.pecan_wsgi.hooks.policy_enforcement [req-495f7f70-9e5b-44db-9484-c3f37ca2c927 2177e223270d498e9808c95d2fe439f1 72cb557941ca4e74a48d541163fc4393 - default default] Attributes excluded by policy engine: ['standard_attr_id', 'shared'] _exclude_attributes_by_policy /usr/lib/python3.9/site-packages/neutron/pecan_wsgi/hooks/policy_enforcement.py:259
2026-06-12 07:55:06.312 18 INFO neutron.wsgi [req-495f7f70-9e5b-44db-9484-c3f37ca2c927 2177e223270d498e9808c95d2fe439f1 72cb557941ca4e74a48d541163fc4393 - default default] 192.168.122.99,192.168.122.100 "GET /v2.0/subnets/561811b4-4dfc-47f1-b087-d105ddd70032 HTTP/1.1" status: 200 len: 864 time: 0.0289593
2026-06-12 07:55:06.329 18 INFO neutron.pecan_wsgi.hooks.translation [req-0bc11889-e9b3-48cc-be69-5b64fd680632 2177e223270d498e9808c95d2fe439f1 72cb557941ca4e74a48d541163fc4393 - default default] GET failed (client error): The resource could not be found.
2026-06-12 07:55:06.330 18 INFO neutron.wsgi [req-0bc11889-e9b3-48cc-be69-5b64fd680632 2177e223270d498e9808c95d2fe439f1 72cb557941ca4e74a48d541163fc4393 - default default] 192.168.122.99,192.168.122.100 "GET /v2.0/networks/internal_api HTTP/1.1" status: 404 len: 296 time: 0.0123842
2026-06-12 07:55:06.393 18 DEBUG neutron.pecan_wsgi.hooks.policy_enforcement [req-d838c8f1-6065-4f7f-b80a-84da8dd190ae 2177e223270d498e9808c95d2fe439f1 72cb557941ca4e74a48d541163fc4393 - default default] Attributes excluded by policy engine: ['standard_attr_id', 'vlan_transparent'] _exclude_attributes_by_policy /usr/lib/python3.9/site-packages/neutron/pecan_wsgi/hooks/policy_enforcement.py:259
2026-06-12 07:55:06.394 18 INFO neutron.wsgi [req-d838c8f1-6065-4f7f-b80a-84da8dd190ae 2177e223270d498e9808c95d2fe439f1 72cb557941ca4e74a48d541163fc4393 - default default] 192.168.122.99,192.168.122.100 "GET /v2.0/networks?name=internal_api HTTP/1.1" status: 200 len: 1052 time: 0.0596833
2026-06-12 07:55:06.433 18 DEBUG neutron.pecan_wsgi.hooks.policy_enforcement [req-aff95e04-800d-4643-b9fb-07b110ab8c59 2177e223270d498e9808c95d2fe439f1 72cb557941ca4e74a48d541163fc4393 - default default] Attributes excluded by policy engine: ['standard_attr_id', 'shared'] _exclude_attributes_by_policy /usr/lib/python3.9/site-packages/neutron/pecan_wsgi/hooks/policy_enforcement.py:259
2026-06-12 07:55:06.434 18 INFO neutron.wsgi [req-aff95e04-800d-4643-b9fb-07b110ab8c59 2177e223270d498e9808c95d2fe439f1 72cb557941ca4e74a48d541163fc4393 - default default] 192.168.122.99,192.168.122.100 "GET /v2.0/subnets/b2e37ffb-de36-43ab-a612-c006b8100af9 HTTP/1.1" status: 200 len: 864 time: 0.0341649
2026-06-12 07:55:06.451 18 INFO neutron.pecan_wsgi.hooks.translation [req-a51f652b-9c13-44a9-9d20-248cf1432c4d 2177e223270d498e9808c95d2fe439f1 72cb557941ca4e74a48d541163fc4393 - default default] GET failed (client error): The resource could not be found.
2026-06-12 07:55:06.453 18 INFO neutron.wsgi [req-a51f652b-9c13-44a9-9d20-248cf1432c4d 2177e223270d498e9808c95d2fe439f1 72cb557941ca4e74a48d541163fc4393 - default default] 192.168.122.99,192.168.122.100 "GET /v2.0/networks/tenant HTTP/1.1" status: 404 len: 290 time: 0.0126815
2026-06-12 07:55:06.509 18 DEBUG neutron.pecan_wsgi.hooks.policy_enforcement [req-c56a440a-b8e5-4e8f-bbe1-1bfcf8b369ba 2177e223270d498e9808c95d2fe439f1 72cb557941ca4e74a48d541163fc4393 - default default] Attributes excluded by policy engine: ['standard_attr_id', 'vlan_transparent'] _exclude_attributes_by_policy /usr/lib/python3.9/site-packages/neutron/pecan_wsgi/hooks/policy_enforcement.py:259
2026-06-12 07:55:06.510 18 INFO neutron.wsgi [req-c56a440a-b8e5-4e8f-bbe1-1bfcf8b369ba 2177e223270d498e9808c95d2fe439f1 72cb557941ca4e74a48d541163fc4393 - default default] 192.168.122.99,192.168.122.100 "GET /v2.0/networks?name=tenant HTTP/1.1" status: 200 len: 998 time: 0.0535924
2026-06-12 07:55:06.543 18 DEBUG neutron.pecan_wsgi.hooks.policy_enforcement [req-baa254c9-1181-4965-8c8b-93258d8f9d6c 2177e223270d498e9808c95d2fe439f1 72cb557941ca4e74a48d541163fc4393 - default default] Attributes excluded by policy engine: ['standard_attr_id', 'shared'] _exclude_attributes_by_policy /usr/lib/python3.9/site-packages/neutron/pecan_wsgi/hooks/policy_enforcement.py:259
2026-06-12 07:55:06.544 18 INFO neutron.wsgi [req-baa254c9-1181-4965-8c8b-93258d8f9d6c 2177e223270d498e9808c95d2fe439f1 72cb557941ca4e74a48d541163fc4393 - default default] 192.168.122.99,192.168.122.100 "GET /v2.0/subnets/7337f0b6-851e-4b26-a366-f9f2bbdfc8e9 HTTP/1.1" status: 200 len: 858 time: 0.0286384
2026-06-12 07:55:06.560 18 INFO neutron.pecan_wsgi.hooks.translation [req-561f6dfd-7e97-4e48-bb8d-21a6239e3d27 2177e223270d498e9808c95d2fe439f1 72cb557941ca4e74a48d541163fc4393 - default default] GET failed (client error): The resource could not be found.
2026-06-12 07:55:06.561 18 INFO neutron.wsgi [req-561f6dfd-7e97-4e48-bb8d-21a6239e3d27 2177e223270d498e9808c95d2fe439f1 72cb557941ca4e74a48d541163fc4393 - default default] 192.168.122.99,192.168.122.100 "GET /v2.0/networks/external HTTP/1.1" status: 404 len: 292 time: 0.0115981
2026-06-12 07:55:06.618 18 DEBUG neutron.pecan_wsgi.hooks.policy_enforcement [req-0b3633a6-ca8f-4d1e-8c3f-0bc13bb64589 2177e223270d498e9808c95d2fe439f1 72cb557941ca4e74a48d541163fc4393 - default default] Attributes excluded by policy engine: ['standard_attr_id', 'vlan_transparent'] _exclude_attributes_by_policy /usr/lib/python3.9/site-packages/neutron/pecan_wsgi/hooks/policy_enforcement.py:259
2026-06-12 07:55:06.619 18 INFO neutron.wsgi [req-0b3633a6-ca8f-4d1e-8c3f-0bc13bb64589 2177e223270d498e9808c95d2fe439f1 72cb557941ca4e74a48d541163fc4393 - default default] 192.168.122.99,192.168.122.100 "GET /v2.0/networks?name=external HTTP/1.1" status: 200 len: 1029 time: 0.0543096
2026-06-12 07:55:06.670 18 DEBUG neutron.pecan_wsgi.hooks.policy_enforcement [req-d50b2661-4a4e-46b2-8162-85e500942259 2177e223270d498e9808c95d2fe439f1 72cb557941ca4e74a48d541163fc4393 - default default] Attributes excluded by policy engine: ['standard_attr_id', 'shared'] _exclude_attributes_by_policy /usr/lib/python3.9/site-packages/neutron/pecan_wsgi/hooks/policy_enforcement.py:259
2026-06-12 07:55:06.671 18 INFO neutron.wsgi [req-d50b2661-4a4e-46b2-8162-85e500942259 2177e223270d498e9808c95d2fe439f1 72cb557941ca4e74a48d541163fc4393 - default default] 192.168.122.99,192.168.122.100 "GET /v2.0/subnets/8f3aa053-ca8e-4b03-a5f5-11248933b50d HTTP/1.1" status: 200 len: 868 time: 0.0462141
2026-06-12 07:55:08.298 16 DEBUG neutron.wsgi [-] (16) accepted ('192.168.122.100', 38436) server /usr/lib/python3.9/site-packages/eventlet/wsgi.py:992
2026-06-12 07:55:08.300 16 INFO neutron.wsgi [-] 192.168.122.100 "GET /healthcheck HTTP/1.0" status: 200 len: 137 time: 0.0014615
2026-06-12 07:55:10.302 15 DEBUG neutron.wsgi [-] (15) accepted ('192.168.122.100', 38444) server /usr/lib/python3.9/site-packages/eventlet/wsgi.py:992
2026-06-12 07:55:10.304 15 INFO neutron.wsgi [-] 192.168.122.100 "GET /healthcheck HTTP/1.0" status: 200 len: 137 time: 0.0013049
2026-06-12 07:55:12.270 15 DEBUG neutron.wsgi [-] (15) accepted ('192.168.122.100', 49132) server /usr/lib/python3.9/site-packages/eventlet/wsgi.py:992
2026-06-12 07:55:12.306 16 DEBUG neutron.wsgi [-] (16) accepted ('192.168.122.100', 49148) server /usr/lib/python3.9/site-packages/eventlet/wsgi.py:992
2026-06-12 07:55:12.309 16 INFO neutron.wsgi [-] 192.168.122.100 "GET /healthcheck HTTP/1.0" status: 200 len: 137 time: 0.0025799
2026-06-12 07:55:12.414 15 DEBUG neutron.pecan_wsgi.hooks.policy_enforcement [req-c17dcc6f-6160-4a25-9551-bd271ce7d016 2177e223270d498e9808c95d2fe439f1 72cb557941ca4e74a48d541163fc4393 - default default] Attributes excluded by policy engine: ['standard_attr_id', 'vlan_transparent'] _exclude_attributes_by_policy /usr/lib/python3.9/site-packages/neutron/pecan_wsgi/hooks/policy_enforcement.py:259
2026-06-12 07:55:12.415 15 DEBUG neutron.pecan_wsgi.hooks.policy_enforcement [req-c17dcc6f-6160-4a25-9551-bd271ce7d016 2177e223270d498e9808c95d2fe439f1 72cb557941ca4e74a48d541163fc4393 - default default] Attributes excluded by policy engine: ['standard_attr_id', 'vlan_transparent'] _exclude_attributes_by_policy /usr/lib/python3.9/site-packages/neutron/pecan_wsgi/hooks/policy_enforcement.py:259
2026-06-12 07:55:12.415 15 DEBUG neutron.pecan_wsgi.hooks.policy_enforcement [req-c17dcc6f-6160-4a25-9551-bd271ce7d016 2177e223270d498e9808c95d2fe439f1 72cb557941ca4e74a48d541163fc4393 - default default] Attributes excluded by policy engine: ['standard_attr_id', 'vlan_transparent'] _exclude_attributes_by_policy /usr/lib/python3.9/site-packages/neutron/pecan_wsgi/hooks/policy_enforcement.py:259
2026-06-12 07:55:12.415 15 DEBUG neutron.pecan_wsgi.hooks.policy_enforcement [req-c17dcc6f-6160-4a25-9551-bd271ce7d016 2177e223270d498e9808c95d2fe439f1 72cb557941ca4e74a48d541163fc4393 - default default] Attributes excluded by policy engine: ['standard_attr_id', 'vlan_transparent'] _exclude_attributes_by_policy /usr/lib/python3.9/site-packages/neutron/pecan_wsgi/hooks/policy_enforcement.py:259
2026-06-12 07:55:12.416 15 DEBUG neutron.pecan_wsgi.hooks.policy_enforcement [req-c17dcc6f-6160-4a25-9551-bd271ce7d016 2177e223270d498e9808c95d2fe439f1 72cb557941ca4e74a48d541163fc4393 - default default] Attributes excluded by policy engine: ['standard_attr_id', 'vlan_transparent'] _exclude_attributes_by_policy /usr/lib/python3.9/site-packages/neutron/pecan_wsgi/hooks/policy_enforcement.py:259
2026-06-12 07:55:12.416 15 DEBUG neutron.pecan_wsgi.hooks.policy_enforcement [req-c17dcc6f-6160-4a25-9551-bd271ce7d016 2177e223270d498e9808c95d2fe439f1 72cb557941ca4e74a48d541163fc4393 - default default] Attributes excluded by policy engine: ['standard_attr_id', 'vlan_transparent'] _exclude_attributes_by_policy /usr/lib/python3.9/site-packages/neutron/pecan_wsgi/hooks/policy_enforcement.py:259
2026-06-12 07:55:12.417 15 INFO neutron.wsgi [req-c17dcc6f-6160-4a25-9551-bd271ce7d016 2177e223270d498e9808c95d2fe439f1 72cb557941ca4e74a48d541163fc4393 - default default] 192.168.122.99,192.168.122.100 "GET /v2.0/networks HTTP/1.1" status: 200 len: 5131 time: 0.1457860
2026-06-12 07:55:12.465 15 DEBUG neutron.pecan_wsgi.hooks.policy_enforcement [req-431e9773-64b9-49b5-9f16-623976cdd9b0 2177e223270d498e9808c95d2fe439f1 72cb557941ca4e74a48d541163fc4393 - default default] Attributes excluded by policy engine: ['standard_attr_id', 'shared'] _exclude_attributes_by_policy /usr/lib/python3.9/site-packages/neutron/pecan_wsgi/hooks/policy_enforcement.py:259
2026-06-12 07:55:12.466 15 INFO neutron.wsgi [req-431e9773-64b9-49b5-9f16-623976cdd9b0 2177e223270d498e9808c95d2fe439f1 72cb557941ca4e74a48d541163fc4393 - default default] 192.168.122.99,192.168.122.100 "GET /v2.0/subnets?network_id=0a7b4373-c743-482f-8fc5-211e5a064f43 HTTP/1.1" status: 200 len: 867 time: 0.0428402
2026-06-12 07:55:12.507 15 DEBUG neutron.pecan_wsgi.hooks.policy_enforcement [req-c11d2031-845e-48f8-a992-4e49bc5934ff 2177e223270d498e9808c95d2fe439f1 72cb557941ca4e74a48d541163fc4393 - default default] Attributes excluded by policy engine: ['standard_attr_id', 'shared'] _exclude_attributes_by_policy /usr/lib/python3.9/site-packages/neutron/pecan_wsgi/hooks/policy_enforcement.py:259
2026-06-12 07:55:12.508 15 INFO neutron.wsgi [req-c11d2031-845e-48f8-a992-4e49bc5934ff 2177e223270d498e9808c95d2fe439f1 72cb557941ca4e74a48d541163fc4393 - default default] 192.168.122.99,192.168.122.100 "GET /v2.0/subnets?network_id=0e09fd9b-d22a-4217-8e18-3202e2c8a9e9 HTTP/1.1" status: 200 len: 867 time: 0.0356181
2026-06-12 07:55:12.540 15 DEBUG neutron.pecan_wsgi.hooks.policy_enforcement [req-dd584a00-9c40-4151-8aaf-1358faa4c0d8 2177e223270d498e9808c95d2fe439f1 72cb557941ca4e74a48d541163fc4393 - default default] Attributes excluded by policy engine: ['standard_attr_id', 'shared'] _exclude_attributes_by_policy /usr/lib/python3.9/site-packages/neutron/pecan_wsgi/hooks/policy_enforcement.py:259
2026-06-12 07:55:12.541 15 INFO neutron.wsgi [req-dd584a00-9c40-4151-8aaf-1358faa4c0d8 2177e223270d498e9808c95d2fe439f1 72cb557941ca4e74a48d541163fc4393 - default default] 192.168.122.99,192.168.122.100 "GET /v2.0/subnets?network_id=2eb08cc5-2c3c-4802-9874-7b3b9e6cd616 HTTP/1.1" status: 200 len: 845 time: 0.0289824
2026-06-12 07:55:12.571 15 DEBUG neutron.pecan_wsgi.hooks.policy_enforcement [req-d5d2e07d-b9ff-48de-82ab-9dc8de17ecad 2177e223270d498e9808c95d2fe439f1 72cb557941ca4e74a48d541163fc4393 - default default] Attributes excluded by policy engine: ['standard_attr_id', 'shared'] _exclude_attributes_by_policy /usr/lib/python3.9/site-packages/neutron/pecan_wsgi/hooks/policy_enforcement.py:259
2026-06-12 07:55:12.572 15 INFO neutron.wsgi [req-d5d2e07d-b9ff-48de-82ab-9dc8de17ecad 2177e223270d498e9808c95d2fe439f1 72cb557941ca4e74a48d541163fc4393 - default default] 192.168.122.99,192.168.122.100 "GET /v2.0/subnets?network_id=41810b9a-7d8e-4621-a425-da929c24dd99 HTTP/1.1" status: 200 len: 861 time: 0.0268767
2026-06-12 07:55:12.606 15 DEBUG neutron.pecan_wsgi.hooks.policy_enforcement [req-8306dccf-6a1e-4f16-b2e0-3d4d317f05bf 2177e223270d498e9808c95d2fe439f1 72cb557941ca4e74a48d541163fc4393 - default default] Attributes excluded by policy engine: ['standard_attr_id', 'shared'] _exclude_attributes_by_policy /usr/lib/python3.9/site-packages/neutron/pecan_wsgi/hooks/policy_enforcement.py:259
2026-06-12 07:55:12.607 15 INFO neutron.wsgi [req-8306dccf-6a1e-4f16-b2e0-3d4d317f05bf 2177e223270d498e9808c95d2fe439f1 72cb557941ca4e74a48d541163fc4393 - default default] 192.168.122.99,192.168.122.100 "GET /v2.0/subnets?network_id=449ae195-80b8-47d5-937e-cf2cbc3bce8e HTTP/1.1" status: 200 len: 862 time: 0.0282943
2026-06-12 07:55:12.642 15 DEBUG neutron.pecan_wsgi.hooks.policy_enforcement [req-87a2fda3-01ac-40b5-9fab-614913b6b5ca 2177e223270d498e9808c95d2fe439f1 72cb557941ca4e74a48d541163fc4393 - default default] Attributes excluded by policy engine: ['standard_attr_id', 'shared'] _exclude_attributes_by_policy /usr/lib/python3.9/site-packages/neutron/pecan_wsgi/hooks/policy_enforcement.py:259
2026-06-12 07:55:12.642 15 INFO neutron.wsgi [req-87a2fda3-01ac-40b5-9fab-614913b6b5ca 2177e223270d498e9808c95d2fe439f1 72cb557941ca4e74a48d541163fc4393 - default default] 192.168.122.99,192.168.122.100 "GET /v2.0/subnets?network_id=efbef2b2-447a-41f6-bccc-b3f3449695d3 HTTP/1.1" status: 200 len: 871 time: 0.0293100
2026-06-12 07:55:12.667 16 DEBUG neutron.wsgi [-] (16) accepted ('192.168.122.100', 49160) server /usr/lib/python3.9/site-packages/eventlet/wsgi.py:992
2026-06-12 07:55:12.669 18 DEBUG neutron.wsgi [-] (18) accepted ('192.168.122.100', 49170) server /usr/lib/python3.9/site-packages/eventlet/wsgi.py:992
2026-06-12 07:55:12.670 17 DEBUG neutron.wsgi [-] (17) accepted ('192.168.122.100', 49178) server /usr/lib/python3.9/site-packages/eventlet/wsgi.py:992
2026-06-12 07:55:12.682 15 DEBUG neutron.wsgi [-] (15) accepted ('192.168.122.100', 49194) server /usr/lib/python3.9/site-packages/eventlet/wsgi.py:992
2026-06-12 07:55:12.718 17 INFO neutron.wsgi [req-803c302c-2c76-4950-bc60-ea02017f1e26 2177e223270d498e9808c95d2fe439f1 72cb557941ca4e74a48d541163fc4393 - default default] 192.168.122.99,192.168.122.100 "GET /v2.0/ports?network_id=0a7b4373-c743-482f-8fc5-211e5a064f43&tags=tripleo_stack_name%3Dcell2&tags=tripleo_vip_net%3Dinternal_api HTTP/1.1" status: 200 len: 186 time: 0.0470207
2026-06-12 07:55:12.720 18 INFO neutron.wsgi [req-ae72a145-499c-41a8-915c-bea5fe019e2b 2177e223270d498e9808c95d2fe439f1 72cb557941ca4e74a48d541163fc4393 - default default] 192.168.122.99,192.168.122.100 "GET /v2.0/ports?network_id=efbef2b2-447a-41f6-bccc-b3f3449695d3&tags=tripleo_stack_name%3Dcell2&tags=tripleo_vip_net%3Dexternal HTTP/1.1" status: 200 len: 186 time: 0.0496712
2026-06-12 07:55:12.720 16 INFO neutron.wsgi [req-4066e72e-dc7a-428e-884d-c022271461c5 2177e223270d498e9808c95d2fe439f1 72cb557941ca4e74a48d541163fc4393 - default default] 192.168.122.99,192.168.122.100 "GET /v2.0/ports?network_id=449ae195-80b8-47d5-937e-cf2cbc3bce8e&tags=tripleo_stack_name%3Dcell2&tags=tripleo_vip_net%3Dstorage HTTP/1.1" status: 200 len: 186 time: 0.0512590
2026-06-12 07:55:12.731 17 DEBUG neutron.api.v2.base [req-6743cf5f-0cef-4447-87aa-02a18b649764 2177e223270d498e9808c95d2fe439f1 72cb557941ca4e74a48d541163fc4393 - default default] Request body: {'port': {'network_id': '0a7b4373-c743-482f-8fc5-211e5a064f43', 'fixed_ips': [{'ip_address': '172.17.0.136'}], 'dns_name': 'multicell', 'name': 'internal_api_vip'}} prepare_request_body /usr/lib/python3.9/site-packages/neutron/api/v2/base.py:729
2026-06-12 07:55:12.735 17 DEBUG neutron.api.v2.base [req-31999c05-cfe4-48cc-961f-a431874fb8fb 2177e223270d498e9808c95d2fe439f1 72cb557941ca4e74a48d541163fc4393 - default default] Request body: {'port': {'network_id': 'efbef2b2-447a-41f6-bccc-b3f3449695d3', 'fixed_ips': [{'ip_address': '172.21.0.86'}], 'dns_name': 'multicell', 'name': 'external_vip'}} prepare_request_body /usr/lib/python3.9/site-packages/neutron/api/v2/base.py:729
2026-06-12 07:55:12.735 18 DEBUG neutron.api.v2.base [req-c980f883-10fd-441d-8bf6-63745de4061d 2177e223270d498e9808c95d2fe439f1 72cb557941ca4e74a48d541163fc4393 - default default] Request body: {'port': {'network_id': '449ae195-80b8-47d5-937e-cf2cbc3bce8e', 'fixed_ips': [{'ip_address': '172.18.0.146'}], 'dns_name': 'multicell', 'name': 'storage_vip'}} prepare_request_body /usr/lib/python3.9/site-packages/neutron/api/v2/base.py:729
2026-06-12 07:55:12.739 15 INFO neutron.wsgi [req-dff31f0c-7604-4a4e-95a8-2b4b0ddb8a91 2177e223270d498e9808c95d2fe439f1 72cb557941ca4e74a48d541163fc4393 - default default] 192.168.122.99,192.168.122.100 "GET /v2.0/ports?network_id=0e09fd9b-d22a-4217-8e18-3202e2c8a9e9&tags=tripleo_stack_name%3Dcell2&tags=tripleo_vip_net%3Dstorage_mgmt HTTP/1.1" status: 200 len: 186 time: 0.0563369
2026-06-12 07:55:12.741 15 INFO neutron.wsgi [req-b4340e4a-8ee5-4ef5-8173-4b6ae2b556b3 2177e223270d498e9808c95d2fe439f1 72cb557941ca4e74a48d541163fc4393 - default default] 192.168.122.99,192.168.122.100 "GET /v2.0/ports?network_id=2eb08cc5-2c3c-4802-9874-7b3b9e6cd616&tags=tripleo_stack_name%3Dcell2&tags=tripleo_vip_net%3Dctlplane HTTP/1.1" status: 200 len: 186 time: 0.0908699
2026-06-12 07:55:12.750 15 DEBUG neutron.api.v2.base [req-641ced4a-1400-4e50-b659-0c370442685d 2177e223270d498e9808c95d2fe439f1 72cb557941ca4e74a48d541163fc4393 - default default] Request body: {'port': {'network_id': '2eb08cc5-2c3c-4802-9874-7b3b9e6cd616', 'fixed_ips': [{'ip_address': '192.168.122.96'}], 'dns_name': 'multicell', 'name': 'ctlplane_vip'}} prepare_request_body /usr/lib/python3.9/site-packages/neutron/api/v2/base.py:729
2026-06-12 07:55:12.753 18 DEBUG neutron.pecan_wsgi.hooks.quota_enforcement [req-c980f883-10fd-441d-8bf6-63745de4061d 2177e223270d498e9808c95d2fe439f1 72cb557941ca4e74a48d541163fc4393 - default default] Made reservation on behalf of 72cb557941ca4e74a48d541163fc4393 for: {'port': 1} before /usr/lib/python3.9/site-packages/neutron/pecan_wsgi/hooks/quota_enforcement.py:53
2026-06-12 07:55:12.756 18 DEBUG neutron_lib.callbacks.manager [req-c980f883-10fd-441d-8bf6-63745de4061d 2177e223270d498e9808c95d2fe439f1 72cb557941ca4e74a48d541163fc4393 - default default] Notify callbacks ['neutron.plugins.ml2.plugin.SecurityGroupDbMixin._ensure_default_security_group_handler-3899663'] for port, before_create _notify_loop /usr/lib/python3.9/site-packages/neutron_lib/callbacks/manager.py:200
2026-06-12 07:55:12.757 17 DEBUG neutron.pecan_wsgi.hooks.quota_enforcement [req-6743cf5f-0cef-4447-87aa-02a18b649764 2177e223270d498e9808c95d2fe439f1 72cb557941ca4e74a48d541163fc4393 - default default] Made reservation on behalf of 72cb557941ca4e74a48d541163fc4393 for: {'port': 1} before /usr/lib/python3.9/site-packages/neutron/pecan_wsgi/hooks/quota_enforcement.py:53
2026-06-12 07:55:12.758 15 DEBUG neutron.api.v2.base [req-bf181403-58b8-41c5-b105-53b3a4c05bca 2177e223270d498e9808c95d2fe439f1 72cb557941ca4e74a48d541163fc4393 - default default] Request body: {'port': {'network_id': '0e09fd9b-d22a-4217-8e18-3202e2c8a9e9', 'fixed_ips': [{'ip_address': '172.20.0.156'}], 'dns_name': 'multicell', 'name': 'storage_mgmt_vip'}} prepare_request_body /usr/lib/python3.9/site-packages/neutron/api/v2/base.py:729
2026-06-12 07:55:12.761 17 DEBUG neutron_lib.callbacks.manager [req-6743cf5f-0cef-4447-87aa-02a18b649764 2177e223270d498e9808c95d2fe439f1 72cb557941ca4e74a48d541163fc4393 - default default] Notify callbacks ['neutron.plugins.ml2.plugin.SecurityGroupDbMixin._ensure_default_security_group_handler-3899663'] for port, before_create _notify_loop /usr/lib/python3.9/site-packages/neutron_lib/callbacks/manager.py:200
2026-06-12 07:55:12.774 15 DEBUG neutron.pecan_wsgi.hooks.quota_enforcement [req-641ced4a-1400-4e50-b659-0c370442685d 2177e223270d498e9808c95d2fe439f1 72cb557941ca4e74a48d541163fc4393 - default default] Made reservation on behalf of 72cb557941ca4e74a48d541163fc4393 for: {'port': 1} before /usr/lib/python3.9/site-packages/neutron/pecan_wsgi/hooks/quota_enforcement.py:53
2026-06-12 07:55:12.776 15 DEBUG neutron_lib.callbacks.manager [req-641ced4a-1400-4e50-b659-0c370442685d 2177e223270d498e9808c95d2fe439f1 72cb557941ca4e74a48d541163fc4393 - default default] Notify callbacks ['neutron.plugins.ml2.plugin.SecurityGroupDbMixin._ensure_default_security_group_handler-3899663'] for port, before_create _notify_loop /usr/lib/python3.9/site-packages/neutron_lib/callbacks/manager.py:200
2026-06-12 07:55:12.780 18 DEBUG neutron.notifiers.nova [req-c980f883-10fd-441d-8bf6-63745de4061d 2177e223270d498e9808c95d2fe439f1 72cb557941ca4e74a48d541163fc4393 - default default] device_id is not set on port 09b6dfaa-2e27-4e75-b45d-c523628e7633 yet. _can_notify /usr/lib/python3.9/site-packages/neutron/notifiers/nova.py:201
2026-06-12 07:55:12.782 17 DEBUG neutron.pecan_wsgi.hooks.quota_enforcement [req-31999c05-cfe4-48cc-961f-a431874fb8fb 2177e223270d498e9808c95d2fe439f1 72cb557941ca4e74a48d541163fc4393 - default default] Made reservation on behalf of 72cb557941ca4e74a48d541163fc4393 for: {'port': 1} before /usr/lib/python3.9/site-packages/neutron/pecan_wsgi/hooks/quota_enforcement.py:53
2026-06-12 07:55:12.784 17 DEBUG neutron_lib.callbacks.manager [req-31999c05-cfe4-48cc-961f-a431874fb8fb 2177e223270d498e9808c95d2fe439f1 72cb557941ca4e74a48d541163fc4393 - default default] Notify callbacks ['neutron.plugins.ml2.plugin.SecurityGroupDbMixin._ensure_default_security_group_handler-3899663'] for port, before_create _notify_loop /usr/lib/python3.9/site-packages/neutron_lib/callbacks/manager.py:200
2026-06-12 07:55:12.790 15 DEBUG neutron.pecan_wsgi.hooks.quota_enforcement [req-bf181403-58b8-41c5-b105-53b3a4c05bca 2177e223270d498e9808c95d2fe439f1 72cb557941ca4e74a48d541163fc4393 - default default] Made reservation on behalf of 72cb557941ca4e74a48d541163fc4393 for: {'port': 1} before /usr/lib/python3.9/site-packages/neutron/pecan_wsgi/hooks/quota_enforcement.py:53
2026-06-12 07:55:12.792 15 DEBUG neutron_lib.callbacks.manager [req-bf181403-58b8-41c5-b105-53b3a4c05bca 2177e223270d498e9808c95d2fe439f1 72cb557941ca4e74a48d541163fc4393 - default default] Notify callbacks ['neutron.plugins.ml2.plugin.SecurityGroupDbMixin._ensure_default_security_group_handler-3899663'] for port, before_create _notify_loop /usr/lib/python3.9/site-packages/neutron_lib/callbacks/manager.py:200
2026-06-12 07:55:12.811 15 DEBUG neutron.notifiers.nova [req-641ced4a-1400-4e50-b659-0c370442685d 2177e223270d498e9808c95d2fe439f1 72cb557941ca4e74a48d541163fc4393 - default default] device_id is not set on port e7c62e26-75f2-414c-82da-af4744a27081 yet. _can_notify /usr/lib/python3.9/site-packages/neutron/notifiers/nova.py:201
2026-06-12 07:55:12.811 17 DEBUG neutron.notifiers.nova [req-31999c05-cfe4-48cc-961f-a431874fb8fb 2177e223270d498e9808c95d2fe439f1 72cb557941ca4e74a48d541163fc4393 - default default] device_id is not set on port bf78c0d1-f692-4fd0-8b2c-3ee9ff4d5449 yet. _can_notify /usr/lib/python3.9/site-packages/neutron/notifiers/nova.py:201
2026-06-12 07:55:12.828 17 DEBUG neutron.notifiers.nova [req-6743cf5f-0cef-4447-87aa-02a18b649764 2177e223270d498e9808c95d2fe439f1 72cb557941ca4e74a48d541163fc4393 - default default] device_id is not set on port 7b3c7864-1315-4e27-a3fe-ab7c8a0755ce yet. _can_notify /usr/lib/python3.9/site-packages/neutron/notifiers/nova.py:201
2026-06-12 07:55:12.848 15 DEBUG neutron.notifiers.nova [req-bf181403-58b8-41c5-b105-53b3a4c05bca 2177e223270d498e9808c95d2fe439f1 72cb557941ca4e74a48d541163fc4393 - default default] device_id is not set on port 4766865a-d68b-4a10-bfda-f9044d43c5e0 yet. _can_notify /usr/lib/python3.9/site-packages/neutron/notifiers/nova.py:201
2026-06-12 07:55:12.888 18 DEBUG neutron.db.db_base_plugin_common [req-c980f883-10fd-441d-8bf6-63745de4061d 2177e223270d498e9808c95d2fe439f1 72cb557941ca4e74a48d541163fc4393 - default default] Allocated IP 172.18.0.146 (449ae195-80b8-47d5-937e-cf2cbc3bce8e/91ac3d23-9744-41c0-b81b-ad6e3e302536/09b6dfaa-2e27-4e75-b45d-c523628e7633) _store_ip_allocation /usr/lib/python3.9/site-packages/neutron/db/db_base_plugin_common.py:131
2026-06-12 07:55:12.968 17 DEBUG neutron.db.db_base_plugin_common [req-6743cf5f-0cef-4447-87aa-02a18b649764 2177e223270d498e9808c95d2fe439f1 72cb557941ca4e74a48d541163fc4393 - default default] Allocated IP 172.17.0.136 (0a7b4373-c743-482f-8fc5-211e5a064f43/b2e37ffb-de36-43ab-a612-c006b8100af9/7b3c7864-1315-4e27-a3fe-ab7c8a0755ce) _store_ip_allocation /usr/lib/python3.9/site-packages/neutron/db/db_base_plugin_common.py:131
2026-06-12 07:55:12.974 17 DEBUG neutron.db.db_base_plugin_common [req-31999c05-cfe4-48cc-961f-a431874fb8fb 2177e223270d498e9808c95d2fe439f1 72cb557941ca4e74a48d541163fc4393 - default default] Allocated IP 172.21.0.86 (efbef2b2-447a-41f6-bccc-b3f3449695d3/8f3aa053-ca8e-4b03-a5f5-11248933b50d/bf78c0d1-f692-4fd0-8b2c-3ee9ff4d5449) _store_ip_allocation /usr/lib/python3.9/site-packages/neutron/db/db_base_plugin_common.py:131
2026-06-12 07:55:12.981 15 DEBUG neutron.db.db_base_plugin_common [req-641ced4a-1400-4e50-b659-0c370442685d 2177e223270d498e9808c95d2fe439f1 72cb557941ca4e74a48d541163fc4393 - default default] Allocated IP 192.168.122.96 (2eb08cc5-2c3c-4802-9874-7b3b9e6cd616/b0b1d181-13ef-438f-a3d1-7df7e1e36fd5/e7c62e26-75f2-414c-82da-af4744a27081) _store_ip_allocation /usr/lib/python3.9/site-packages/neutron/db/db_base_plugin_common.py:131
2026-06-12 07:55:12.989 15 DEBUG neutron.db.db_base_plugin_common [req-bf181403-58b8-41c5-b105-53b3a4c05bca 2177e223270d498e9808c95d2fe439f1 72cb557941ca4e74a48d541163fc4393 - default default] Allocated IP 172.20.0.156 (0e09fd9b-d22a-4217-8e18-3202e2c8a9e9/561811b4-4dfc-47f1-b087-d105ddd70032/4766865a-d68b-4a10-bfda-f9044d43c5e0) _store_ip_allocation /usr/lib/python3.9/site-packages/neutron/db/db_base_plugin_common.py:131
2026-06-12 07:55:13.049 18 DEBUG neutron_lib.callbacks.manager [req-c980f883-10fd-441d-8bf6-63745de4061d 2177e223270d498e9808c95d2fe439f1 72cb557941ca4e74a48d541163fc4393 - default default] Notify callbacks [] for allowed_address_pair, before_create _notify_loop /usr/lib/python3.9/site-packages/neutron_lib/callbacks/manager.py:200
2026-06-12 07:55:13.050 18 DEBUG neutron_lib.callbacks.manager [req-c980f883-10fd-441d-8bf6-63745de4061d 2177e223270d498e9808c95d2fe439f1 72cb557941ca4e74a48d541163fc4393 - default default] Notify callbacks [] for port, precommit_create _notify_loop /usr/lib/python3.9/site-packages/neutron_lib/callbacks/manager.py:200
2026-06-12 07:55:13.077 18 DEBUG neutron_lib.callbacks.manager [req-c980f883-10fd-441d-8bf6-63745de4061d 2177e223270d498e9808c95d2fe439f1 72cb557941ca4e74a48d541163fc4393 - default default] Notify callbacks ['neutron.plugins.ml2.plugin.SecurityGroupServerNotifierRpcMixin.notify_sg_on_port_change-3700551', 'neutron.plugins.ml2.extensions.dns_integration._create_port_in_external_dns_service-8760602621386', 'neutron.plugins.ml2.ovo_rpc._ObjectChangeHandler.handle_event-351500', 'neutron.api.rpc.agentnotifiers.dhcp_rpc_agent_api.DhcpAgentNotifyAPI._native_event_send_dhcp_notification-676457', 'neutron.services.segments.plugin.NovaSegmentNotifier._notify_port_created_or_deleted-989372'] for port, after_create _notify_loop /usr/lib/python3.9/site-packages/neutron_lib/callbacks/manager.py:200
2026-06-12 07:55:13.115 18 DEBUG neutron.api.rpc.handlers.resources_rpc [req-c980f883-10fd-441d-8bf6-63745de4061d 2177e223270d498e9808c95d2fe439f1 72cb557941ca4e74a48d541163fc4393 - - -] Pushing event updated for resources: {'Port': ['ID=09b6dfaa-2e27-4e75-b45d-c523628e7633,revision_number=1']} push /usr/lib/python3.9/site-packages/neutron/api/rpc/handlers/resources_rpc.py:237
2026-06-12 07:55:13.128 18 DEBUG neutron.plugins.ml2.drivers.mech_agent [req-c980f883-10fd-441d-8bf6-63745de4061d 2177e223270d498e9808c95d2fe439f1 72cb557941ca4e74a48d541163fc4393 - default default] Checking segment: {'id': '0714ecc3-0027-4ecb-b5e0-30006d5b7c88', 'network_type': 'flat', 'physical_network': 'storage_storage_subnet', 'segmentation_id': None, 'network_id': '449ae195-80b8-47d5-937e-cf2cbc3bce8e'} for mappings: {'ctlplane': 'br-ctlplane'} with network types: ['local', 'flat', 'vlan'] check_segment_for_agent /usr/lib/python3.9/site-packages/neutron/plugins/ml2/drivers/mech_agent.py:343
2026-06-12 07:55:13.128 18 DEBUG neutron.plugins.ml2.drivers.mech_agent [req-c980f883-10fd-441d-8bf6-63745de4061d 2177e223270d498e9808c95d2fe439f1 72cb557941ca4e74a48d541163fc4393 - default default] Network 449ae195-80b8-47d5-937e-cf2cbc3bce8e with segment 0714ecc3-0027-4ecb-b5e0-30006d5b7c88 is connected to physical network storage_storage_subnet, but agent undercloud.ooo.test reported physical networks {'ctlplane': 'br-ctlplane'}. The physical network must be configured on the agent if binding is to succeed. check_segment_for_agent /usr/lib/python3.9/site-packages/neutron/plugins/ml2/drivers/mech_agent.py:365
2026-06-12 07:55:13.130 18 DEBUG neutron.scheduler.dhcp_agent_scheduler [req-c980f883-10fd-441d-8bf6-63745de4061d 2177e223270d498e9808c95d2fe439f1 72cb557941ca4e74a48d541163fc4393 - default default] Network hostable DHCP agents. Network: 449ae195-80b8-47d5-937e-cf2cbc3bce8e, hostable agents: [], hosted agents: [] _get_network_hostable_dhcp_agents /usr/lib/python3.9/site-packages/neutron/scheduler/dhcp_agent_scheduler.py:329
2026-06-12 07:55:13.131 18 DEBUG neutron.scheduler.base_scheduler [req-c980f883-10fd-441d-8bf6-63745de4061d 2177e223270d498e9808c95d2fe439f1 72cb557941ca4e74a48d541163fc4393 - default default] Resources bound (agent type, host, resource id): schedule /usr/lib/python3.9/site-packages/neutron/scheduler/base_scheduler.py:57
2026-06-12 07:55:13.131 18 WARNING neutron.api.rpc.agentnotifiers.dhcp_rpc_agent_api [req-c980f883-10fd-441d-8bf6-63745de4061d 2177e223270d498e9808c95d2fe439f1 72cb557941ca4e74a48d541163fc4393 - default default] Unable to schedule network 449ae195-80b8-47d5-937e-cf2cbc3bce8e: no agents available; will retry on subsequent port and subnet creation events.
2026-06-12 07:55:13.131 18 DEBUG neutron.api.rpc.agentnotifiers.dhcp_rpc_agent_api [req-c980f883-10fd-441d-8bf6-63745de4061d 2177e223270d498e9808c95d2fe439f1 72cb557941ca4e74a48d541163fc4393 - default default] Network 449ae195-80b8-47d5-937e-cf2cbc3bce8e is not hosted by any dhcp agent _notify_agents /usr/lib/python3.9/site-packages/neutron/api/rpc/agentnotifiers/dhcp_rpc_agent_api.py:228
2026-06-12 07:55:13.154 18 DEBUG neutron.pecan_wsgi.hooks.policy_enforcement [req-c980f883-10fd-441d-8bf6-63745de4061d 2177e223270d498e9808c95d2fe439f1 72cb557941ca4e74a48d541163fc4393 - default default] Attributes excluded by policy engine: ['standard_attr_id', 'network'] _exclude_attributes_by_policy /usr/lib/python3.9/site-packages/neutron/pecan_wsgi/hooks/policy_enforcement.py:259
2026-06-12 07:55:13.154 18 DEBUG neutron_lib.callbacks.manager [req-c980f883-10fd-441d-8bf6-63745de4061d 2177e223270d498e9808c95d2fe439f1 72cb557941ca4e74a48d541163fc4393 - default default] Notify callbacks ['neutron.notifiers.nova.Notifier._send_nova_notification-179977', 'neutron.api.rpc.agentnotifiers.dhcp_rpc_agent_api.DhcpAgentNotifyAPI._send_dhcp_notification-676443'] for port, before_response _notify_loop /usr/lib/python3.9/site-packages/neutron_lib/callbacks/manager.py:200
2026-06-12 07:55:13.164 18 INFO neutron.wsgi [req-c980f883-10fd-441d-8bf6-63745de4061d 2177e223270d498e9808c95d2fe439f1 72cb557941ca4e74a48d541163fc4393 - default default] 192.168.122.99,192.168.122.100 "POST /v2.0/ports HTTP/1.1" status: 201 len: 1150 time: 0.4334958
2026-06-12 07:55:13.172 18 DEBUG neutron.services.tag.tag_plugin [req-996d79f1-48b4-4319-98cb-687d6cd66dab 2177e223270d498e9808c95d2fe439f1 72cb557941ca4e74a48d541163fc4393 - default default] neutron.services.tag.tag_plugin.TagPlugin method update_tags called with arguments (, 'ports', '09b6dfaa-2e27-4e75-b45d-c523628e7633', {'tags': ['tripleo_stack_name=cell2', 'tripleo_vip_net=storage']}) {} wrapper /usr/lib/python3.9/site-packages/oslo_log/helpers.py:65
2026-06-12 07:55:13.208 18 INFO neutron.wsgi [req-996d79f1-48b4-4319-98cb-687d6cd66dab 2177e223270d498e9808c95d2fe439f1 72cb557941ca4e74a48d541163fc4393 - default default] 192.168.122.99,192.168.122.100 "PUT /v2.0/ports/09b6dfaa-2e27-4e75-b45d-c523628e7633/tags HTTP/1.1" status: 200 len: 239 time: 0.0377343
2026-06-12 07:55:13.230 15 DEBUG neutron_lib.callbacks.manager [req-641ced4a-1400-4e50-b659-0c370442685d 2177e223270d498e9808c95d2fe439f1 72cb557941ca4e74a48d541163fc4393 - default default] Notify callbacks [] for allowed_address_pair, before_create _notify_loop /usr/lib/python3.9/site-packages/neutron_lib/callbacks/manager.py:200
2026-06-12 07:55:13.231 15 DEBUG neutron_lib.callbacks.manager [req-641ced4a-1400-4e50-b659-0c370442685d 2177e223270d498e9808c95d2fe439f1 72cb557941ca4e74a48d541163fc4393 - default default] Notify callbacks [] for port, precommit_create _notify_loop /usr/lib/python3.9/site-packages/neutron_lib/callbacks/manager.py:200
2026-06-12 07:55:13.243 15 DEBUG neutron_lib.callbacks.manager [req-bf181403-58b8-41c5-b105-53b3a4c05bca 2177e223270d498e9808c95d2fe439f1 72cb557941ca4e74a48d541163fc4393 - default default] Notify callbacks [] for allowed_address_pair, before_create _notify_loop /usr/lib/python3.9/site-packages/neutron_lib/callbacks/manager.py:200
2026-06-12 07:55:13.243 15 DEBUG neutron_lib.callbacks.manager [req-bf181403-58b8-41c5-b105-53b3a4c05bca 2177e223270d498e9808c95d2fe439f1 72cb557941ca4e74a48d541163fc4393 - default default] Notify callbacks [] for port, precommit_create _notify_loop /usr/lib/python3.9/site-packages/neutron_lib/callbacks/manager.py:200
2026-06-12 07:55:13.244 15 DEBUG neutron.db.provisioning_blocks [req-641ced4a-1400-4e50-b659-0c370442685d 2177e223270d498e9808c95d2fe439f1 72cb557941ca4e74a48d541163fc4393 - default default] Transition to ACTIVE for port object e7c62e26-75f2-414c-82da-af4744a27081 will not be triggered until provisioned by entity DHCP. add_provisioning_component /usr/lib/python3.9/site-packages/neutron/db/provisioning_blocks.py:74
2026-06-12 07:55:13.264 15 DEBUG neutron_lib.callbacks.manager [req-641ced4a-1400-4e50-b659-0c370442685d 2177e223270d498e9808c95d2fe439f1 72cb557941ca4e74a48d541163fc4393 - default default] Notify callbacks ['neutron.plugins.ml2.plugin.SecurityGroupServerNotifierRpcMixin.notify_sg_on_port_change-3700551', 'neutron.plugins.ml2.extensions.dns_integration._create_port_in_external_dns_service-8760602621386', 'neutron.plugins.ml2.ovo_rpc._ObjectChangeHandler.handle_event-351500', 'neutron.api.rpc.agentnotifiers.dhcp_rpc_agent_api.DhcpAgentNotifyAPI._native_event_send_dhcp_notification-676457', 'neutron.services.segments.plugin.NovaSegmentNotifier._notify_port_created_or_deleted-989372'] for port, after_create _notify_loop /usr/lib/python3.9/site-packages/neutron_lib/callbacks/manager.py:200
2026-06-12 07:55:13.275 17 DEBUG neutron_lib.callbacks.manager [req-6743cf5f-0cef-4447-87aa-02a18b649764 2177e223270d498e9808c95d2fe439f1 72cb557941ca4e74a48d541163fc4393 - default default] Notify callbacks [] for allowed_address_pair, before_create _notify_loop /usr/lib/python3.9/site-packages/neutron_lib/callbacks/manager.py:200
2026-06-12 07:55:13.276 17 DEBUG neutron_lib.callbacks.manager [req-6743cf5f-0cef-4447-87aa-02a18b649764 2177e223270d498e9808c95d2fe439f1 72cb557941ca4e74a48d541163fc4393 - default default] Notify callbacks [] for port, precommit_create _notify_loop /usr/lib/python3.9/site-packages/neutron_lib/callbacks/manager.py:200
2026-06-12 07:55:13.278 17 DEBUG neutron_lib.callbacks.manager [req-31999c05-cfe4-48cc-961f-a431874fb8fb 2177e223270d498e9808c95d2fe439f1 72cb557941ca4e74a48d541163fc4393 - default default] Notify callbacks [] for allowed_address_pair, before_create _notify_loop /usr/lib/python3.9/site-packages/neutron_lib/callbacks/manager.py:200
2026-06-12 07:55:13.278 17 DEBUG neutron_lib.callbacks.manager [req-31999c05-cfe4-48cc-961f-a431874fb8fb 2177e223270d498e9808c95d2fe439f1 72cb557941ca4e74a48d541163fc4393 - default default] Notify callbacks [] for port, precommit_create _notify_loop /usr/lib/python3.9/site-packages/neutron_lib/callbacks/manager.py:200
2026-06-12 07:55:13.279 15 DEBUG neutron_lib.callbacks.manager [req-bf181403-58b8-41c5-b105-53b3a4c05bca 2177e223270d498e9808c95d2fe439f1 72cb557941ca4e74a48d541163fc4393 - default default] Notify callbacks ['neutron.plugins.ml2.plugin.SecurityGroupServerNotifierRpcMixin.notify_sg_on_port_change-3700551', 'neutron.plugins.ml2.extensions.dns_integration._create_port_in_external_dns_service-8760602621386', 'neutron.plugins.ml2.ovo_rpc._ObjectChangeHandler.handle_event-351500', 'neutron.api.rpc.agentnotifiers.dhcp_rpc_agent_api.DhcpAgentNotifyAPI._native_event_send_dhcp_notification-676457', 'neutron.services.segments.plugin.NovaSegmentNotifier._notify_port_created_or_deleted-989372'] for port, after_create _notify_loop /usr/lib/python3.9/site-packages/neutron_lib/callbacks/manager.py:200
2026-06-12 07:55:13.294 15 DEBUG neutron.scheduler.dhcp_agent_scheduler [req-641ced4a-1400-4e50-b659-0c370442685d 2177e223270d498e9808c95d2fe439f1 72cb557941ca4e74a48d541163fc4393 - default default] Network 2eb08cc5-2c3c-4802-9874-7b3b9e6cd616 is already hosted by enough agents. _get_dhcp_agents_hosting_network /usr/lib/python3.9/site-packages/neutron/scheduler/dhcp_agent_scheduler.py:275
2026-06-12 07:55:13.297 15 DEBUG neutron.scheduler.base_scheduler [req-641ced4a-1400-4e50-b659-0c370442685d 2177e223270d498e9808c95d2fe439f1 72cb557941ca4e74a48d541163fc4393 - default default] Resources bound (agent type, host, resource id): schedule /usr/lib/python3.9/site-packages/neutron/scheduler/base_scheduler.py:57
2026-06-12 07:55:13.301 17 DEBUG neutron_lib.callbacks.manager [req-31999c05-cfe4-48cc-961f-a431874fb8fb 2177e223270d498e9808c95d2fe439f1 72cb557941ca4e74a48d541163fc4393 - default default] Notify callbacks ['neutron.plugins.ml2.plugin.SecurityGroupServerNotifierRpcMixin.notify_sg_on_port_change-3700551', 'neutron.plugins.ml2.extensions.dns_integration._create_port_in_external_dns_service-8760602621386', 'neutron.plugins.ml2.ovo_rpc._ObjectChangeHandler.handle_event-351500', 'neutron.api.rpc.agentnotifiers.dhcp_rpc_agent_api.DhcpAgentNotifyAPI._native_event_send_dhcp_notification-676457', 'neutron.services.segments.plugin.NovaSegmentNotifier._notify_port_created_or_deleted-989372'] for port, after_create _notify_loop /usr/lib/python3.9/site-packages/neutron_lib/callbacks/manager.py:200
2026-06-12 07:55:13.317 17 DEBUG neutron_lib.callbacks.manager [req-6743cf5f-0cef-4447-87aa-02a18b649764 2177e223270d498e9808c95d2fe439f1 72cb557941ca4e74a48d541163fc4393 - default default] Notify callbacks ['neutron.plugins.ml2.plugin.SecurityGroupServerNotifierRpcMixin.notify_sg_on_port_change-3700551', 'neutron.plugins.ml2.extensions.dns_integration._create_port_in_external_dns_service-8760602621386', 'neutron.plugins.ml2.ovo_rpc._ObjectChangeHandler.handle_event-351500', 'neutron.api.rpc.agentnotifiers.dhcp_rpc_agent_api.DhcpAgentNotifyAPI._native_event_send_dhcp_notification-676457', 'neutron.services.segments.plugin.NovaSegmentNotifier._notify_port_created_or_deleted-989372'] for port, after_create _notify_loop /usr/lib/python3.9/site-packages/neutron_lib/callbacks/manager.py:200
2026-06-12 07:55:13.328 15 DEBUG neutron.api.rpc.handlers.resources_rpc [req-641ced4a-1400-4e50-b659-0c370442685d 2177e223270d498e9808c95d2fe439f1 72cb557941ca4e74a48d541163fc4393 - - -] Pushing event updated for resources: {'Port': ['ID=e7c62e26-75f2-414c-82da-af4744a27081,revision_number=1']} push /usr/lib/python3.9/site-packages/neutron/api/rpc/handlers/resources_rpc.py:237
2026-06-12 07:55:13.337 15 DEBUG neutron.api.rpc.callbacks.version_manager [req-641ced4a-1400-4e50-b659-0c370442685d 2177e223270d498e9808c95d2fe439f1 72cb557941ca4e74a48d541163fc4393 - - -] Version for resource type AddressGroup changed None to 1.2 on consumer Open vSwitch agent@undercloud.ooo.test _set_version /usr/lib/python3.9/site-packages/neutron/api/rpc/callbacks/version_manager.py:113
2026-06-12 07:55:13.337 15 DEBUG neutron.api.rpc.callbacks.version_manager [req-641ced4a-1400-4e50-b659-0c370442685d 2177e223270d498e9808c95d2fe439f1 72cb557941ca4e74a48d541163fc4393 - - -] Version for resource type ConntrackHelper changed None to 1.0 on consumer Open vSwitch agent@undercloud.ooo.test _set_version /usr/lib/python3.9/site-packages/neutron/api/rpc/callbacks/version_manager.py:113
2026-06-12 07:55:13.337 15 DEBUG neutron.api.rpc.callbacks.version_manager [req-641ced4a-1400-4e50-b659-0c370442685d 2177e223270d498e9808c95d2fe439f1 72cb557941ca4e74a48d541163fc4393 - - -] Version for resource type Log changed None to 1.0 on consumer Open vSwitch agent@undercloud.ooo.test _set_version /usr/lib/python3.9/site-packages/neutron/api/rpc/callbacks/version_manager.py:113
2026-06-12 07:55:13.337 15 DEBUG neutron.api.rpc.callbacks.version_manager [req-641ced4a-1400-4e50-b659-0c370442685d 2177e223270d498e9808c95d2fe439f1 72cb557941ca4e74a48d541163fc4393 - - -] Version for resource type Network changed None to 1.1 on consumer Open vSwitch agent@undercloud.ooo.test _set_version /usr/lib/python3.9/site-packages/neutron/api/rpc/callbacks/version_manager.py:113
2026-06-12 07:55:13.338 15 DEBUG neutron.api.rpc.callbacks.version_manager [req-641ced4a-1400-4e50-b659-0c370442685d 2177e223270d498e9808c95d2fe439f1 72cb557941ca4e74a48d541163fc4393 - - -] Version for resource type Port changed None to 1.7 on consumer Open vSwitch agent@undercloud.ooo.test _set_version /usr/lib/python3.9/site-packages/neutron/api/rpc/callbacks/version_manager.py:113
2026-06-12 07:55:13.338 15 DEBUG neutron.api.rpc.callbacks.version_manager [req-641ced4a-1400-4e50-b659-0c370442685d 2177e223270d498e9808c95d2fe439f1 72cb557941ca4e74a48d541163fc4393 - - -] Version for resource type PortForwarding changed None to 1.2 on consumer Open vSwitch agent@undercloud.ooo.test _set_version /usr/lib/python3.9/site-packages/neutron/api/rpc/callbacks/version_manager.py:113
2026-06-12 07:55:13.338 15 DEBUG neutron.api.rpc.callbacks.version_manager [req-641ced4a-1400-4e50-b659-0c370442685d 2177e223270d498e9808c95d2fe439f1 72cb557941ca4e74a48d541163fc4393 - - -] Version for resource type QosPolicy changed None to 1.8 on consumer Open vSwitch agent@undercloud.ooo.test _set_version /usr/lib/python3.9/site-packages/neutron/api/rpc/callbacks/version_manager.py:113
2026-06-12 07:55:13.338 15 DEBUG neutron.api.rpc.callbacks.version_manager [req-641ced4a-1400-4e50-b659-0c370442685d 2177e223270d498e9808c95d2fe439f1 72cb557941ca4e74a48d541163fc4393 - - -] Version for resource type SecurityGroup changed None to 1.5 on consumer Open vSwitch agent@undercloud.ooo.test _set_version /usr/lib/python3.9/site-packages/neutron/api/rpc/callbacks/version_manager.py:113
2026-06-12 07:55:13.338 15 DEBUG neutron.api.rpc.callbacks.version_manager [req-641ced4a-1400-4e50-b659-0c370442685d 2177e223270d498e9808c95d2fe439f1 72cb557941ca4e74a48d541163fc4393 - - -] Version for resource type SecurityGroupRule changed None to 1.2 on consumer Open vSwitch agent@undercloud.ooo.test _set_version /usr/lib/python3.9/site-packages/neutron/api/rpc/callbacks/version_manager.py:113
2026-06-12 07:55:13.338 15 DEBUG neutron.api.rpc.callbacks.version_manager [req-641ced4a-1400-4e50-b659-0c370442685d 2177e223270d498e9808c95d2fe439f1 72cb557941ca4e74a48d541163fc4393 - - -] Version for resource type SubPort changed None to 1.0 on consumer Open vSwitch agent@undercloud.ooo.test _set_version /usr/lib/python3.9/site-packages/neutron/api/rpc/callbacks/version_manager.py:113
2026-06-12 07:55:13.338 15 DEBUG neutron.api.rpc.callbacks.version_manager [req-641ced4a-1400-4e50-b659-0c370442685d 2177e223270d498e9808c95d2fe439f1 72cb557941ca4e74a48d541163fc4393 - - -] Version for resource type Subnet changed None to 1.1 on consumer Open vSwitch agent@undercloud.ooo.test _set_version /usr/lib/python3.9/site-packages/neutron/api/rpc/callbacks/version_manager.py:113
2026-06-12 07:55:13.338 15 DEBUG neutron.api.rpc.callbacks.version_manager [req-641ced4a-1400-4e50-b659-0c370442685d 2177e223270d498e9808c95d2fe439f1 72cb557941ca4e74a48d541163fc4393 - - -] Version for resource type Trunk changed None to 1.1 on consumer Open vSwitch agent@undercloud.ooo.test _set_version /usr/lib/python3.9/site-packages/neutron/api/rpc/callbacks/version_manager.py:113
2026-06-12 07:55:13.346 17 DEBUG neutron.api.rpc.handlers.resources_rpc [req-31999c05-cfe4-48cc-961f-a431874fb8fb 2177e223270d498e9808c95d2fe439f1 72cb557941ca4e74a48d541163fc4393 - - -] Pushing event updated for resources: {'Port': ['ID=bf78c0d1-f692-4fd0-8b2c-3ee9ff4d5449,revision_number=1']} push /usr/lib/python3.9/site-packages/neutron/api/rpc/handlers/resources_rpc.py:237
2026-06-12 07:55:13.354 15 DEBUG neutron.pecan_wsgi.hooks.policy_enforcement [req-641ced4a-1400-4e50-b659-0c370442685d 2177e223270d498e9808c95d2fe439f1 72cb557941ca4e74a48d541163fc4393 - default default] Attributes excluded by policy engine: ['standard_attr_id', 'network'] _exclude_attributes_by_policy /usr/lib/python3.9/site-packages/neutron/pecan_wsgi/hooks/policy_enforcement.py:259
2026-06-12 07:55:13.354 15 DEBUG neutron_lib.callbacks.manager [req-641ced4a-1400-4e50-b659-0c370442685d 2177e223270d498e9808c95d2fe439f1 72cb557941ca4e74a48d541163fc4393 - default default] Notify callbacks ['neutron.notifiers.nova.Notifier._send_nova_notification-179977', 'neutron.api.rpc.agentnotifiers.dhcp_rpc_agent_api.DhcpAgentNotifyAPI._send_dhcp_notification-676443'] for port, before_response _notify_loop /usr/lib/python3.9/site-packages/neutron_lib/callbacks/manager.py:200
2026-06-12 07:55:13.367 15 DEBUG neutron.plugins.ml2.drivers.mech_agent [req-bf181403-58b8-41c5-b105-53b3a4c05bca 2177e223270d498e9808c95d2fe439f1 72cb557941ca4e74a48d541163fc4393 - default default] Checking segment: {'id': '0489a6c3-3734-4d23-a43e-21dd77a08b16', 'network_type': 'flat', 'physical_network': 'storage_mgmt_storage_mgmt_subnet', 'segmentation_id': None, 'network_id': '0e09fd9b-d22a-4217-8e18-3202e2c8a9e9'} for mappings: {'ctlplane': 'br-ctlplane'} with network types: ['local', 'flat', 'vlan'] check_segment_for_agent /usr/lib/python3.9/site-packages/neutron/plugins/ml2/drivers/mech_agent.py:343
