2026-06-12 07:52:39.956 16 INFO neutron.wsgi [-] 192.168.122.100 "GET /healthcheck HTTP/1.0" status: 200 len: 137 time: 0.0013263
2026-06-12 07:52:41.958 16 DEBUG neutron.wsgi [-] (16) accepted ('192.168.122.100', 52050) server /usr/lib/python3.9/site-packages/eventlet/wsgi.py:992
2026-06-12 07:52:41.960 16 INFO neutron.wsgi [-] 192.168.122.100 "GET /healthcheck HTTP/1.0" status: 200 len: 137 time: 0.0013466
2026-06-12 07:52:43.962 17 DEBUG neutron.wsgi [-] (17) accepted ('192.168.122.100', 52054) server /usr/lib/python3.9/site-packages/eventlet/wsgi.py:992
2026-06-12 07:52:43.966 17 INFO neutron.wsgi [-] 192.168.122.100 "GET /healthcheck HTTP/1.0" status: 200 len: 137 time: 0.0027707
2026-06-12 07:52:45.969 16 DEBUG neutron.wsgi [-] (16) accepted ('192.168.122.100', 52056) server /usr/lib/python3.9/site-packages/eventlet/wsgi.py:992
2026-06-12 07:52:45.973 16 INFO neutron.wsgi [-] 192.168.122.100 "GET /healthcheck HTTP/1.0" status: 200 len: 137 time: 0.0028017
2026-06-12 07:52:47.975 15 DEBUG neutron.wsgi [-] (15) accepted ('192.168.122.100', 52066) server /usr/lib/python3.9/site-packages/eventlet/wsgi.py:992
2026-06-12 07:52:47.979 15 INFO neutron.wsgi [-] 192.168.122.100 "GET /healthcheck HTTP/1.0" status: 200 len: 137 time: 0.0027978
2026-06-12 07:52:48.611 18 DEBUG neutron.wsgi [-] (18) accepted ('192.168.122.100', 52072) server /usr/lib/python3.9/site-packages/eventlet/wsgi.py:992
2026-06-12 07:52:48.619 18 INFO neutron.wsgi [-] 192.168.122.100 "GET / HTTP/1.1" status: 200 len: 233 time: 0.0048728
2026-06-12 07:52:49.981 16 DEBUG neutron.wsgi [-] (16) accepted ('192.168.122.100', 52086) server /usr/lib/python3.9/site-packages/eventlet/wsgi.py:992
2026-06-12 07:52:49.985 16 INFO neutron.wsgi [-] 192.168.122.100 "GET /healthcheck HTTP/1.0" status: 200 len: 137 time: 0.0027106
2026-06-12 07:52:51.987 16 DEBUG neutron.wsgi [-] (16) accepted ('192.168.122.100', 44920) server /usr/lib/python3.9/site-packages/eventlet/wsgi.py:992
2026-06-12 07:52:51.990 16 INFO neutron.wsgi [-] 192.168.122.100 "GET /healthcheck HTTP/1.0" status: 200 len: 137 time: 0.0018864
2026-06-12 07:52:53.991 16 DEBUG neutron.wsgi [-] (16) accepted ('192.168.122.100', 44922) server /usr/lib/python3.9/site-packages/eventlet/wsgi.py:992
2026-06-12 07:52:53.995 16 INFO neutron.wsgi [-] 192.168.122.100 "GET /healthcheck HTTP/1.0" status: 200 len: 137 time: 0.0025973
2026-06-12 07:52:55.996 18 DEBUG neutron.wsgi [-] (18) accepted ('192.168.122.100', 44928) server /usr/lib/python3.9/site-packages/eventlet/wsgi.py:992
2026-06-12 07:52:56.005 18 INFO neutron.wsgi [-] 192.168.122.100 "GET /healthcheck HTTP/1.0" status: 200 len: 137 time: 0.0072320
2026-06-12 07:52:58.007 16 DEBUG neutron.wsgi [-] (16) accepted ('192.168.122.100', 44940) server /usr/lib/python3.9/site-packages/eventlet/wsgi.py:992
2026-06-12 07:52:58.009 16 INFO neutron.wsgi [-] 192.168.122.100 "GET /healthcheck HTTP/1.0" status: 200 len: 137 time: 0.0013845
2026-06-12 07:53:00.011 15 DEBUG neutron.wsgi [-] (15) accepted ('192.168.122.100', 44952) server /usr/lib/python3.9/site-packages/eventlet/wsgi.py:992
2026-06-12 07:53:00.013 15 INFO neutron.wsgi [-] 192.168.122.100 "GET /healthcheck HTTP/1.0" status: 200 len: 137 time: 0.0012932
2026-06-12 07:53:02.015 15 DEBUG neutron.wsgi [-] (15) accepted ('192.168.122.100', 33110) server /usr/lib/python3.9/site-packages/eventlet/wsgi.py:992
2026-06-12 07:53:02.017 15 INFO neutron.wsgi [-] 192.168.122.100 "GET /healthcheck HTTP/1.0" status: 200 len: 137 time: 0.0016894
2026-06-12 07:53:04.019 15 DEBUG neutron.wsgi [-] (15) accepted ('192.168.122.100', 33114) server /usr/lib/python3.9/site-packages/eventlet/wsgi.py:992
2026-06-12 07:53:04.022 15 INFO neutron.wsgi [-] 192.168.122.100 "GET /healthcheck HTTP/1.0" status: 200 len: 137 time: 0.0024927
2026-06-12 07:53:06.024 17 DEBUG neutron.wsgi [-] (17) accepted ('192.168.122.100', 33130) server /usr/lib/python3.9/site-packages/eventlet/wsgi.py:992
2026-06-12 07:53:06.028 17 INFO neutron.wsgi [-] 192.168.122.100 "GET /healthcheck HTTP/1.0" status: 200 len: 137 time: 0.0024970
2026-06-12 07:53:08.030 16 DEBUG neutron.wsgi [-] (16) accepted ('192.168.122.100', 33146) server /usr/lib/python3.9/site-packages/eventlet/wsgi.py:992
2026-06-12 07:53:08.032 16 INFO neutron.wsgi [-] 192.168.122.100 "GET /healthcheck HTTP/1.0" status: 200 len: 137 time: 0.0017476
2026-06-12 07:53:10.034 18 DEBUG neutron.wsgi [-] (18) accepted ('192.168.122.100', 33148) server /usr/lib/python3.9/site-packages/eventlet/wsgi.py:992
2026-06-12 07:53:10.036 18 INFO neutron.wsgi [-] 192.168.122.100 "GET /healthcheck HTTP/1.0" status: 200 len: 137 time: 0.0012860
2026-06-12 07:53:12.038 17 DEBUG neutron.wsgi [-] (17) accepted ('192.168.122.100', 40566) server /usr/lib/python3.9/site-packages/eventlet/wsgi.py:992
2026-06-12 07:53:12.041 17 INFO neutron.wsgi [-] 192.168.122.100 "GET /healthcheck HTTP/1.0" status: 200 len: 137 time: 0.0025108
2026-06-12 07:53:14.043 17 DEBUG neutron.wsgi [-] (17) accepted ('192.168.122.100', 40574) server /usr/lib/python3.9/site-packages/eventlet/wsgi.py:992
2026-06-12 07:53:14.045 17 INFO neutron.wsgi [-] 192.168.122.100 "GET /healthcheck HTTP/1.0" status: 200 len: 137 time: 0.0018032
2026-06-12 07:53:16.047 18 DEBUG neutron.wsgi [-] (18) accepted ('192.168.122.100', 40582) server /usr/lib/python3.9/site-packages/eventlet/wsgi.py:992
2026-06-12 07:53:16.051 18 INFO neutron.wsgi [-] 192.168.122.100 "GET /healthcheck HTTP/1.0" status: 200 len: 137 time: 0.0025980
2026-06-12 07:53:18.053 18 DEBUG neutron.wsgi [-] (18) accepted ('192.168.122.100', 40584) server /usr/lib/python3.9/site-packages/eventlet/wsgi.py:992
2026-06-12 07:53:18.055 18 INFO neutron.wsgi [-] 192.168.122.100 "GET /healthcheck HTTP/1.0" status: 200 len: 137 time: 0.0015116
2026-06-12 07:53:19.624 16 DEBUG neutron.wsgi [-] (16) accepted ('192.168.122.100', 40592) server /usr/lib/python3.9/site-packages/eventlet/wsgi.py:992
2026-06-12 07:53:19.629 16 INFO neutron.wsgi [-] 192.168.122.100 "GET / HTTP/1.1" status: 200 len: 233 time: 0.0036221
2026-06-12 07:53:20.057 17 DEBUG neutron.wsgi [-] (17) accepted ('192.168.122.100', 40602) server /usr/lib/python3.9/site-packages/eventlet/wsgi.py:992
2026-06-12 07:53:20.060 17 INFO neutron.wsgi [-] 192.168.122.100 "GET /healthcheck HTTP/1.0" status: 200 len: 137 time: 0.0025773
2026-06-12 07:53:22.062 18 DEBUG neutron.wsgi [-] (18) accepted ('192.168.122.100', 52722) server /usr/lib/python3.9/site-packages/eventlet/wsgi.py:992
2026-06-12 07:53:22.066 18 INFO neutron.wsgi [-] 192.168.122.100 "GET /healthcheck HTTP/1.0" status: 200 len: 137 time: 0.0026171
2026-06-12 07:53:24.066 15 DEBUG neutron.wsgi [-] (15) accepted ('192.168.122.100', 52732) server /usr/lib/python3.9/site-packages/eventlet/wsgi.py:992
2026-06-12 07:53:24.068 15 INFO neutron.wsgi [-] 192.168.122.100 "GET /healthcheck HTTP/1.0" status: 200 len: 137 time: 0.0012457
2026-06-12 07:53:26.070 17 DEBUG neutron.wsgi [-] (17) accepted ('192.168.122.100', 52740) server /usr/lib/python3.9/site-packages/eventlet/wsgi.py:992
2026-06-12 07:53:26.074 17 INFO neutron.wsgi [-] 192.168.122.100 "GET /healthcheck HTTP/1.0" status: 200 len: 137 time: 0.0025563
2026-06-12 07:53:28.076 15 DEBUG neutron.wsgi [-] (15) accepted ('192.168.122.100', 52742) server /usr/lib/python3.9/site-packages/eventlet/wsgi.py:992
2026-06-12 07:53:28.079 15 INFO neutron.wsgi [-] 192.168.122.100 "GET /healthcheck HTTP/1.0" status: 200 len: 137 time: 0.0017617
2026-06-12 07:53:30.080 15 DEBUG neutron.wsgi [-] (15) accepted ('192.168.122.100', 52750) server /usr/lib/python3.9/site-packages/eventlet/wsgi.py:992
2026-06-12 07:53:30.084 15 INFO neutron.wsgi [-] 192.168.122.100 "GET /healthcheck HTTP/1.0" status: 200 len: 137 time: 0.0024123
2026-06-12 07:53:32.086 16 DEBUG neutron.wsgi [-] (16) accepted ('192.168.122.100', 34432) server /usr/lib/python3.9/site-packages/eventlet/wsgi.py:992
2026-06-12 07:53:32.088 16 INFO neutron.wsgi [-] 192.168.122.100 "GET /healthcheck HTTP/1.0" status: 200 len: 137 time: 0.0013986
2026-06-12 07:53:34.091 16 DEBUG neutron.wsgi [-] (16) accepted ('192.168.122.100', 34448) server /usr/lib/python3.9/site-packages/eventlet/wsgi.py:992
2026-06-12 07:53:34.094 16 INFO neutron.wsgi [-] 192.168.122.100 "GET /healthcheck HTTP/1.0" status: 200 len: 137 time: 0.0020013
2026-06-12 07:53:36.096 15 DEBUG neutron.wsgi [-] (15) accepted ('192.168.122.100', 34464) server /usr/lib/python3.9/site-packages/eventlet/wsgi.py:992
2026-06-12 07:53:36.100 15 INFO neutron.wsgi [-] 192.168.122.100 "GET /healthcheck HTTP/1.0" status: 200 len: 137 time: 0.0029044
2026-06-12 07:53:38.102 15 DEBUG neutron.wsgi [-] (15) accepted ('192.168.122.100', 34470) server /usr/lib/python3.9/site-packages/eventlet/wsgi.py:992
2026-06-12 07:53:38.105 15 INFO neutron.wsgi [-] 192.168.122.100 "GET /healthcheck HTTP/1.0" status: 200 len: 137 time: 0.0025258
2026-06-12 07:53:40.107 15 DEBUG neutron.wsgi [-] (15) accepted ('192.168.122.100', 34472) server /usr/lib/python3.9/site-packages/eventlet/wsgi.py:992
2026-06-12 07:53:40.109 15 INFO neutron.wsgi [-] 192.168.122.100 "GET /healthcheck HTTP/1.0" status: 200 len: 137 time: 0.0015242
2026-06-12 07:53:42.111 16 DEBUG neutron.wsgi [-] (16) accepted ('192.168.122.100', 60714) server /usr/lib/python3.9/site-packages/eventlet/wsgi.py:992
2026-06-12 07:53:42.114 16 INFO neutron.wsgi [-] 192.168.122.100 "GET /healthcheck HTTP/1.0" status: 200 len: 137 time: 0.0018556
2026-06-12 07:53:44.116 18 DEBUG neutron.wsgi [-] (18) accepted ('192.168.122.100', 60724) server /usr/lib/python3.9/site-packages/eventlet/wsgi.py:992
2026-06-12 07:53:44.118 18 INFO neutron.wsgi [-] 192.168.122.100 "GET /healthcheck HTTP/1.0" status: 200 len: 137 time: 0.0012469
2026-06-12 07:53:46.120 17 DEBUG neutron.wsgi [-] (17) accepted ('192.168.122.100', 60730) server /usr/lib/python3.9/site-packages/eventlet/wsgi.py:992
2026-06-12 07:53:46.122 17 INFO neutron.wsgi [-] 192.168.122.100 "GET /healthcheck HTTP/1.0" status: 200 len: 137 time: 0.0017538
2026-06-12 07:53:48.057 15 DEBUG neutron.wsgi [-] (15) accepted ('192.168.122.100', 60746) server /usr/lib/python3.9/site-packages/eventlet/wsgi.py:992
2026-06-12 07:53:48.123 17 DEBUG neutron.wsgi [-] (17) accepted ('192.168.122.100', 60754) server /usr/lib/python3.9/site-packages/eventlet/wsgi.py:992
2026-06-12 07:53:48.127 17 INFO neutron.wsgi [-] 192.168.122.100 "GET /healthcheck HTTP/1.0" status: 200 len: 137 time: 0.0022840
2026-06-12 07:53:48.816 15 DEBUG neutron.policy [req-a352602f-d110-44e1-86fb-ed0f6e713213 2177e223270d498e9808c95d2fe439f1 72cb557941ca4e74a48d541163fc4393 - default default] Loaded default policies from ['networking-bgpvpn', 'neutron'] under neutron.policies entry points register_rules /usr/lib/python3.9/site-packages/neutron/policy.py:73
2026-06-12 07:53:48.841 15 INFO neutron.wsgi [req-a352602f-d110-44e1-86fb-ed0f6e713213 2177e223270d498e9808c95d2fe439f1 72cb557941ca4e74a48d541163fc4393 - default default] 192.168.122.99,192.168.122.100 "GET /v2.0/networks?name=ctlplane HTTP/1.1" status: 200 len: 189 time: 0.7825527
2026-06-12 07:53:48.849 15 DEBUG neutron.api.v2.base [req-1408dbd3-f807-4813-818a-4443ee4d04a1 2177e223270d498e9808c95d2fe439f1 72cb557941ca4e74a48d541163fc4393 - default default] Request body: {'network': {'provider:physical_network': 'ctlplane', 'provider:network_type': 'flat', 'mtu': 1450, 'dns_domain': 'ctlplane.ooo.test.', 'name': 'ctlplane'}} prepare_request_body /usr/lib/python3.9/site-packages/neutron/api/v2/base.py:729
2026-06-12 07:53:48.880 15 DEBUG neutron.pecan_wsgi.hooks.quota_enforcement [req-1408dbd3-f807-4813-818a-4443ee4d04a1 2177e223270d498e9808c95d2fe439f1 72cb557941ca4e74a48d541163fc4393 - default default] Made reservation on behalf of 72cb557941ca4e74a48d541163fc4393 for: {'network': 1} before /usr/lib/python3.9/site-packages/neutron/pecan_wsgi/hooks/quota_enforcement.py:53
2026-06-12 07:53:48.883 15 DEBUG neutron_lib.callbacks.manager [req-1408dbd3-f807-4813-818a-4443ee4d04a1 2177e223270d498e9808c95d2fe439f1 72cb557941ca4e74a48d541163fc4393 - default default] Notify callbacks ['neutron.plugins.ml2.plugin.SecurityGroupDbMixin._ensure_default_security_group_handler-3899663'] for network, before_create _notify_loop /usr/lib/python3.9/site-packages/neutron_lib/callbacks/manager.py:200
2026-06-12 07:53:48.910 15 DEBUG neutron_lib.callbacks.manager [req-1408dbd3-f807-4813-818a-4443ee4d04a1 2177e223270d498e9808c95d2fe439f1 72cb557941ca4e74a48d541163fc4393 - default default] Notify callbacks [] for security_group, before_create _notify_loop /usr/lib/python3.9/site-packages/neutron_lib/callbacks/manager.py:200
2026-06-12 07:53:48.989 15 DEBUG neutron_lib.callbacks.manager [req-1408dbd3-f807-4813-818a-4443ee4d04a1 2177e223270d498e9808c95d2fe439f1 72cb557941ca4e74a48d541163fc4393 - default default] Notify callbacks [] for security_group, precommit_create _notify_loop /usr/lib/python3.9/site-packages/neutron_lib/callbacks/manager.py:200
2026-06-12 07:53:48.994 15 DEBUG neutron_lib.callbacks.manager [req-1408dbd3-f807-4813-818a-4443ee4d04a1 2177e223270d498e9808c95d2fe439f1 72cb557941ca4e74a48d541163fc4393 - default default] Notify callbacks ['neutron.plugins.ml2.ovo_rpc._ObjectChangeHandler.handle_event-654390'] for security_group, after_create _notify_loop /usr/lib/python3.9/site-packages/neutron_lib/callbacks/manager.py:200
2026-06-12 07:53:49.007 15 DEBUG neutron.plugins.ml2.drivers.type_flat [req-1408dbd3-f807-4813-818a-4443ee4d04a1 2177e223270d498e9808c95d2fe439f1 72cb557941ca4e74a48d541163fc4393 - default default] Reserving flat network on physical network ctlplane reserve_provider_segment /usr/lib/python3.9/site-packages/neutron/plugins/ml2/drivers/type_flat.py:100
2026-06-12 07:53:49.020 15 DEBUG neutron.api.rpc.handlers.resources_rpc [req-1408dbd3-f807-4813-818a-4443ee4d04a1 2177e223270d498e9808c95d2fe439f1 72cb557941ca4e74a48d541163fc4393 - - -] Pushing event updated for resources: {'SecurityGroup': ['ID=a4ff07e1-18bd-4cf3-83cb-42a157acc4d4,revision_number=1']} push /usr/lib/python3.9/site-packages/neutron/api/rpc/handlers/resources_rpc.py:237
2026-06-12 07:53:49.022 15 DEBUG neutron_lib.callbacks.manager [req-1408dbd3-f807-4813-818a-4443ee4d04a1 2177e223270d498e9808c95d2fe439f1 72cb557941ca4e74a48d541163fc4393 - default default] Notify callbacks ['neutron.services.segments.db._add_segment_host_mapping_for_segment-8760602736487', 'neutron.plugins.ml2.plugin.Ml2Plugin._handle_segment_change-4125098'] for segment, precommit_create _notify_loop /usr/lib/python3.9/site-packages/neutron_lib/callbacks/manager.py:200
2026-06-12 07:53:49.025 15 DEBUG neutron.plugins.ml2.drivers.mech_agent [req-1408dbd3-f807-4813-818a-4443ee4d04a1 2177e223270d498e9808c95d2fe439f1 72cb557941ca4e74a48d541163fc4393 - default default] Checking segment: NetworkSegment(created_at=2026-06-12T07:53:49Z,description=,hosts=[],id=ff67942c-73b3-4594-b8d5-c992895247e2,is_dynamic=False,name=,network_id=2eb08cc5-2c3c-4802-9874-7b3b9e6cd616,network_type='flat',physical_network='ctlplane',revision_number=0,segment_index=0,segmentation_id=None,updated_at=2026-06-12T07:53:49Z) for mappings: {'ctlplane': 'br-ctlplane'} with network types: ['local', 'flat', 'vlan'] check_segment_for_agent /usr/lib/python3.9/site-packages/neutron/plugins/ml2/drivers/mech_agent.py:343
2026-06-12 07:53:49.029 15 DEBUG neutron.api.rpc.callbacks.version_manager [req-1408dbd3-f807-4813-818a-4443ee4d04a1 2177e223270d498e9808c95d2fe439f1 72cb557941ca4e74a48d541163fc4393 - - -] Version for resource type AddressGroup changed None to 1.2 on consumer Open vSwitch agent@undercloud.ooo.test _set_version /usr/lib/python3.9/site-packages/neutron/api/rpc/callbacks/version_manager.py:113
2026-06-12 07:53:49.029 15 DEBUG neutron.api.rpc.callbacks.version_manager [req-1408dbd3-f807-4813-818a-4443ee4d04a1 2177e223270d498e9808c95d2fe439f1 72cb557941ca4e74a48d541163fc4393 - - -] Version for resource type ConntrackHelper changed None to 1.0 on consumer Open vSwitch agent@undercloud.ooo.test _set_version /usr/lib/python3.9/site-packages/neutron/api/rpc/callbacks/version_manager.py:113
2026-06-12 07:53:49.029 15 DEBUG neutron.api.rpc.callbacks.version_manager [req-1408dbd3-f807-4813-818a-4443ee4d04a1 2177e223270d498e9808c95d2fe439f1 72cb557941ca4e74a48d541163fc4393 - - -] Version for resource type Log changed None to 1.0 on consumer Open vSwitch agent@undercloud.ooo.test _set_version /usr/lib/python3.9/site-packages/neutron/api/rpc/callbacks/version_manager.py:113
2026-06-12 07:53:49.029 15 DEBUG neutron.api.rpc.callbacks.version_manager [req-1408dbd3-f807-4813-818a-4443ee4d04a1 2177e223270d498e9808c95d2fe439f1 72cb557941ca4e74a48d541163fc4393 - - -] Version for resource type Network changed None to 1.1 on consumer Open vSwitch agent@undercloud.ooo.test _set_version /usr/lib/python3.9/site-packages/neutron/api/rpc/callbacks/version_manager.py:113
2026-06-12 07:53:49.030 15 DEBUG neutron.api.rpc.callbacks.version_manager [req-1408dbd3-f807-4813-818a-4443ee4d04a1 2177e223270d498e9808c95d2fe439f1 72cb557941ca4e74a48d541163fc4393 - - -] Version for resource type Port changed None to 1.7 on consumer Open vSwitch agent@undercloud.ooo.test _set_version /usr/lib/python3.9/site-packages/neutron/api/rpc/callbacks/version_manager.py:113
2026-06-12 07:53:49.030 15 DEBUG neutron.api.rpc.callbacks.version_manager [req-1408dbd3-f807-4813-818a-4443ee4d04a1 2177e223270d498e9808c95d2fe439f1 72cb557941ca4e74a48d541163fc4393 - - -] Version for resource type PortForwarding changed None to 1.2 on consumer Open vSwitch agent@undercloud.ooo.test _set_version /usr/lib/python3.9/site-packages/neutron/api/rpc/callbacks/version_manager.py:113
2026-06-12 07:53:49.030 15 DEBUG neutron.api.rpc.callbacks.version_manager [req-1408dbd3-f807-4813-818a-4443ee4d04a1 2177e223270d498e9808c95d2fe439f1 72cb557941ca4e74a48d541163fc4393 - - -] Version for resource type QosPolicy changed None to 1.8 on consumer Open vSwitch agent@undercloud.ooo.test _set_version /usr/lib/python3.9/site-packages/neutron/api/rpc/callbacks/version_manager.py:113
2026-06-12 07:53:49.030 15 DEBUG neutron.api.rpc.callbacks.version_manager [req-1408dbd3-f807-4813-818a-4443ee4d04a1 2177e223270d498e9808c95d2fe439f1 72cb557941ca4e74a48d541163fc4393 - - -] Version for resource type SecurityGroup changed None to 1.5 on consumer Open vSwitch agent@undercloud.ooo.test _set_version /usr/lib/python3.9/site-packages/neutron/api/rpc/callbacks/version_manager.py:113
2026-06-12 07:53:49.030 15 DEBUG neutron.api.rpc.callbacks.version_manager [req-1408dbd3-f807-4813-818a-4443ee4d04a1 2177e223270d498e9808c95d2fe439f1 72cb557941ca4e74a48d541163fc4393 - - -] Version for resource type SecurityGroupRule changed None to 1.2 on consumer Open vSwitch agent@undercloud.ooo.test _set_version /usr/lib/python3.9/site-packages/neutron/api/rpc/callbacks/version_manager.py:113
2026-06-12 07:53:49.030 15 DEBUG neutron.api.rpc.callbacks.version_manager [req-1408dbd3-f807-4813-818a-4443ee4d04a1 2177e223270d498e9808c95d2fe439f1 72cb557941ca4e74a48d541163fc4393 - - -] Version for resource type SubPort changed None to 1.0 on consumer Open vSwitch agent@undercloud.ooo.test _set_version /usr/lib/python3.9/site-packages/neutron/api/rpc/callbacks/version_manager.py:113
2026-06-12 07:53:49.030 15 DEBUG neutron.api.rpc.callbacks.version_manager [req-1408dbd3-f807-4813-818a-4443ee4d04a1 2177e223270d498e9808c95d2fe439f1 72cb557941ca4e74a48d541163fc4393 - - -] Version for resource type Subnet changed None to 1.1 on consumer Open vSwitch agent@undercloud.ooo.test _set_version /usr/lib/python3.9/site-packages/neutron/api/rpc/callbacks/version_manager.py:113
2026-06-12 07:53:49.030 15 DEBUG neutron.api.rpc.callbacks.version_manager [req-1408dbd3-f807-4813-818a-4443ee4d04a1 2177e223270d498e9808c95d2fe439f1 72cb557941ca4e74a48d541163fc4393 - - -] Version for resource type Trunk changed None to 1.1 on consumer Open vSwitch agent@undercloud.ooo.test _set_version /usr/lib/python3.9/site-packages/neutron/api/rpc/callbacks/version_manager.py:113
2026-06-12 07:53:49.031 15 DEBUG neutron.api.rpc.callbacks.version_manager [req-1408dbd3-f807-4813-818a-4443ee4d04a1 2177e223270d498e9808c95d2fe439f1 72cb557941ca4e74a48d541163fc4393 - - -] Tracked resource versions report: pushed versions: { 'AddressGroup': {'1.2'}, 'ConntrackHelper': {'1.0'}, 'Log': {'1.0'}, 'Network': {'1.1'}, 'Port': {'1.7'}, 'PortForwarding': {'1.2'}, 'QosPolicy': {'1.8'}, 'SecurityGroup': {'1.5'}, 'SecurityGroupRule': {'1.2'}, 'SubPort': {'1.0'}, 'Subnet': {'1.1'}, 'Trunk': {'1.1'}} consumer versions: { DHCP agent@undercloud.ooo.test: {}, L3 agent@undercloud.ooo.test: {}, Open vSwitch agent@undercloud.ooo.test: { 'AddressGroup': '1.2', 'ConntrackHelper': '1.0', 'Log': '1.0', 'Network': '1.1', 'Port': '1.7', 'PortForwarding': '1.2', 'QosPolicy': '1.8', 'SecurityGroup': '1.5', 'SecurityGroupRule': '1.2', 'SubPort': '1.0', 'Subnet': '1.1', 'Trunk': '1.1'}} report /usr/lib/python3.9/site-packages/neutron/api/rpc/callbacks/version_manager.py:175
2026-06-12 07:53:49.048 15 DEBUG neutron.services.segments.db [req-1408dbd3-f807-4813-818a-4443ee4d04a1 2177e223270d498e9808c95d2fe439f1 72cb557941ca4e74a48d541163fc4393 - default default] Segment ff67942c-73b3-4594-b8d5-c992895247e2 mapped to the hosts {'undercloud.ooo.test'} map_segment_to_hosts /usr/lib/python3.9/site-packages/neutron/services/segments/db.py:339
2026-06-12 07:53:49.049 15 INFO neutron.db.segments_db [req-1408dbd3-f807-4813-818a-4443ee4d04a1 2177e223270d498e9808c95d2fe439f1 72cb557941ca4e74a48d541163fc4393 - default default] Added segment ff67942c-73b3-4594-b8d5-c992895247e2 of type flat for network 2eb08cc5-2c3c-4802-9874-7b3b9e6cd616
2026-06-12 07:53:49.140 15 DEBUG neutron_lib.callbacks.manager [req-1408dbd3-f807-4813-818a-4443ee4d04a1 2177e223270d498e9808c95d2fe439f1 72cb557941ca4e74a48d541163fc4393 - default default] Notify callbacks ['neutron.services.auto_allocate.db._ensure_external_network_default_value_callback-8760602090545'] for network, precommit_create _notify_loop /usr/lib/python3.9/site-packages/neutron_lib/callbacks/manager.py:200
2026-06-12 07:53:49.175 15 DEBUG neutron_lib.callbacks.manager [req-1408dbd3-f807-4813-818a-4443ee4d04a1 2177e223270d498e9808c95d2fe439f1 72cb557941ca4e74a48d541163fc4393 - default default] Notify callbacks ['neutron.plugins.ml2.ovo_rpc._ObjectChangeHandler.handle_event-654407', 'neutron.api.rpc.agentnotifiers.dhcp_rpc_agent_api.DhcpAgentNotifyAPI._native_event_send_dhcp_notification-676457'] for network, after_create _notify_loop /usr/lib/python3.9/site-packages/neutron_lib/callbacks/manager.py:200
2026-06-12 07:53:49.176 15 DEBUG neutron.pecan_wsgi.hooks.policy_enforcement [req-1408dbd3-f807-4813-818a-4443ee4d04a1 2177e223270d498e9808c95d2fe439f1 72cb557941ca4e74a48d541163fc4393 - default default] Attributes excluded by policy engine: ['standard_attr_id', 'vlan_transparent'] _exclude_attributes_by_policy /usr/lib/python3.9/site-packages/neutron/pecan_wsgi/hooks/policy_enforcement.py:259
2026-06-12 07:53:49.177 15 DEBUG neutron_lib.callbacks.manager [req-1408dbd3-f807-4813-818a-4443ee4d04a1 2177e223270d498e9808c95d2fe439f1 72cb557941ca4e74a48d541163fc4393 - default default] Notify callbacks ['neutron.api.rpc.agentnotifiers.dhcp_rpc_agent_api.DhcpAgentNotifyAPI._send_dhcp_notification-676443'] for network, before_response _notify_loop /usr/lib/python3.9/site-packages/neutron_lib/callbacks/manager.py:200
2026-06-12 07:53:49.236 15 INFO neutron.wsgi [req-1408dbd3-f807-4813-818a-4443ee4d04a1 2177e223270d498e9808c95d2fe439f1 72cb557941ca4e74a48d541163fc4393 - default default] 192.168.122.99,192.168.122.100 "POST /v2.0/networks HTTP/1.1" status: 201 len: 881 time: 0.3912849
2026-06-12 07:53:49.260 15 DEBUG neutron.api.rpc.handlers.resources_rpc [req-1408dbd3-f807-4813-818a-4443ee4d04a1 2177e223270d498e9808c95d2fe439f1 72cb557941ca4e74a48d541163fc4393 - - -] Pushing event updated for resources: {'Network': ['ID=2eb08cc5-2c3c-4802-9874-7b3b9e6cd616,revision_number=1']} push /usr/lib/python3.9/site-packages/neutron/api/rpc/handlers/resources_rpc.py:237
2026-06-12 07:53:49.264 15 INFO neutron.wsgi [req-2187d815-dc84-4638-864e-2866a29c9ccb 2177e223270d498e9808c95d2fe439f1 72cb557941ca4e74a48d541163fc4393 - default default] 192.168.122.99,192.168.122.100 "GET /v2.0/subnets?cidr=192.168.122.0%2F24&network_id=2eb08cc5-2c3c-4802-9874-7b3b9e6cd616 HTTP/1.1" status: 200 len: 188 time: 0.0210917
2026-06-12 07:53:49.269 15 DEBUG neutron.services.segments.db [req-864c16c1-41a7-4f83-9c3a-99c55e8c1bb3 2177e223270d498e9808c95d2fe439f1 72cb557941ca4e74a48d541163fc4393 - default default] neutron.services.segments.plugin.Plugin method get_segments called with arguments (,) {'filters': {'network_id': ['2eb08cc5-2c3c-4802-9874-7b3b9e6cd616'], 'physical_network': ['ctlplane']}, 'fields': [], 'sorts': [('id', True)], 'limit': None, 'marker': None, 'page_reverse': False} wrapper /usr/lib/python3.9/site-packages/oslo_log/helpers.py:65
2026-06-12 07:53:49.272 20 DEBUG neutron.plugins.ml2.rpc [req-f9d511b2-e5ac-46a1-9c60-40eef2da997f - - - - -] Network 2eb08cc5-2c3c-4802-9874-7b3b9e6cd616 details requested by agent ovs-agent-undercloud.ooo.test with host undercloud.ooo.test get_network_details /usr/lib/python3.9/site-packages/neutron/plugins/ml2/rpc.py:232
2026-06-12 07:53:49.279 15 INFO neutron.wsgi [req-864c16c1-41a7-4f83-9c3a-99c55e8c1bb3 2177e223270d498e9808c95d2fe439f1 72cb557941ca4e74a48d541163fc4393 - default default] 192.168.122.99,192.168.122.100 "GET /v2.0/segments?network_id=2eb08cc5-2c3c-4802-9874-7b3b9e6cd616&physical_network=ctlplane HTTP/1.1" status: 200 len: 505 time: 0.0124652
2026-06-12 07:53:49.286 15 DEBUG neutron.api.v2.base [req-cfb1eea2-ad44-4b8d-8b60-300faa964cb5 2177e223270d498e9808c95d2fe439f1 72cb557941ca4e74a48d541163fc4393 - default default] Request body: {'subnet': {'ip_version': '4', 'cidr': '192.168.122.0/24', 'allocation_pools': [{'end': '192.168.122.130', 'start': '192.168.122.110'}], 'network_id': '2eb08cc5-2c3c-4802-9874-7b3b9e6cd616', 'gateway_ip': '192.168.122.10', 'enable_dhcp': True, 'segment_id': None, 'name': 'ctlplane-subnet', 'host_routes': [], 'dns_nameservers': ['192.168.122.10']}} prepare_request_body /usr/lib/python3.9/site-packages/neutron/api/v2/base.py:729
2026-06-12 07:53:49.298 15 DEBUG neutron.pecan_wsgi.hooks.quota_enforcement [req-cfb1eea2-ad44-4b8d-8b60-300faa964cb5 2177e223270d498e9808c95d2fe439f1 72cb557941ca4e74a48d541163fc4393 - default default] Made reservation on behalf of 72cb557941ca4e74a48d541163fc4393 for: {'subnet': 1} before /usr/lib/python3.9/site-packages/neutron/pecan_wsgi/hooks/quota_enforcement.py:53
2026-06-12 07:53:49.299 15 DEBUG neutron_lib.callbacks.manager [req-cfb1eea2-ad44-4b8d-8b60-300faa964cb5 2177e223270d498e9808c95d2fe439f1 72cb557941ca4e74a48d541163fc4393 - default default] Notify callbacks ['neutron.services.segments.plugin.SegmentHostRoutes.host_routes_before_create-586493'] for subnet, before_create _notify_loop /usr/lib/python3.9/site-packages/neutron_lib/callbacks/manager.py:200
2026-06-12 07:53:49.334 15 DEBUG neutron.db.ipam_backend_mixin [req-cfb1eea2-ad44-4b8d-8b60-300faa964cb5 2177e223270d498e9808c95d2fe439f1 72cb557941ca4e74a48d541163fc4393 - default default] Performing IP validity checks on allocation pools validate_allocation_pools /usr/lib/python3.9/site-packages/neutron/db/ipam_backend_mixin.py:314
2026-06-12 07:53:49.335 15 DEBUG neutron.db.ipam_backend_mixin [req-cfb1eea2-ad44-4b8d-8b60-300faa964cb5 2177e223270d498e9808c95d2fe439f1 72cb557941ca4e74a48d541163fc4393 - default default] Checking for overlaps among allocation pools and gateway ip validate_allocation_pools /usr/lib/python3.9/site-packages/neutron/db/ipam_backend_mixin.py:335
2026-06-12 07:53:49.411 15 DEBUG neutron_lib.callbacks.manager [req-cfb1eea2-ad44-4b8d-8b60-300faa964cb5 2177e223270d498e9808c95d2fe439f1 72cb557941ca4e74a48d541163fc4393 - default default] Notify callbacks ['neutron.plugins.ml2.ovo_rpc._ObjectChangeHandler.handle_event-654574', 'neutron.api.rpc.agentnotifiers.dhcp_rpc_agent_api.DhcpAgentNotifyAPI._native_event_send_dhcp_notification-676457', 'neutron.services.segments.plugin.NovaSegmentNotifier._notify_subnet_created-989235', 'neutron.services.segments.plugin.SegmentHostRoutes.host_routes_after_create-586503'] for subnet, after_create _notify_loop /usr/lib/python3.9/site-packages/neutron_lib/callbacks/manager.py:200
2026-06-12 07:53:49.446 15 DEBUG neutron.api.rpc.handlers.resources_rpc [req-cfb1eea2-ad44-4b8d-8b60-300faa964cb5 2177e223270d498e9808c95d2fe439f1 72cb557941ca4e74a48d541163fc4393 - - -] Pushing event updated for resources: {'Subnet': ['ID=b0b1d181-13ef-438f-a3d1-7df7e1e36fd5,revision_number=0']} push /usr/lib/python3.9/site-packages/neutron/api/rpc/handlers/resources_rpc.py:237
2026-06-12 07:53:49.452 15 DEBUG neutron.plugins.ml2.drivers.mech_agent [req-cfb1eea2-ad44-4b8d-8b60-300faa964cb5 2177e223270d498e9808c95d2fe439f1 72cb557941ca4e74a48d541163fc4393 - default default] Checking segment: {'id': 'ff67942c-73b3-4594-b8d5-c992895247e2', 'network_type': 'flat', 'physical_network': 'ctlplane', 'segmentation_id': None, 'network_id': '2eb08cc5-2c3c-4802-9874-7b3b9e6cd616'} for mappings: {'ctlplane': 'br-ctlplane'} with network types: ['local', 'flat', 'vlan'] check_segment_for_agent /usr/lib/python3.9/site-packages/neutron/plugins/ml2/drivers/mech_agent.py:343
2026-06-12 07:53:49.452 15 DEBUG neutron.scheduler.dhcp_agent_scheduler [req-cfb1eea2-ad44-4b8d-8b60-300faa964cb5 2177e223270d498e9808c95d2fe439f1 72cb557941ca4e74a48d541163fc4393 - default default] Network hostable DHCP agents. Network: 2eb08cc5-2c3c-4802-9874-7b3b9e6cd616, hostable agents: ['dec6e320-47ab-4bda-9280-a6e0c998f7ef'], hosted agents: [] _get_network_hostable_dhcp_agents /usr/lib/python3.9/site-packages/neutron/scheduler/dhcp_agent_scheduler.py:329
2026-06-12 07:53:49.463 15 DEBUG neutron.scheduler.dhcp_agent_scheduler [req-cfb1eea2-ad44-4b8d-8b60-300faa964cb5 2177e223270d498e9808c95d2fe439f1 72cb557941ca4e74a48d541163fc4393 - default default] Network 2eb08cc5-2c3c-4802-9874-7b3b9e6cd616 is scheduled to be hosted by DHCP agent dec6e320-47ab-4bda-9280-a6e0c998f7ef with binding_index 1 bind /usr/lib/python3.9/site-packages/neutron/scheduler/dhcp_agent_scheduler.py:227
2026-06-12 07:53:49.469 15 DEBUG neutron.scheduler.base_scheduler [req-cfb1eea2-ad44-4b8d-8b60-300faa964cb5 2177e223270d498e9808c95d2fe439f1 72cb557941ca4e74a48d541163fc4393 - default default] Resources bound (agent type, host, resource id): (DHCP agent, undercloud.ooo.test, 2eb08cc5-2c3c-4802-9874-7b3b9e6cd616) schedule /usr/lib/python3.9/site-packages/neutron/scheduler/base_scheduler.py:57
2026-06-12 07:53:49.472 15 DEBUG neutron.pecan_wsgi.hooks.policy_enforcement [req-cfb1eea2-ad44-4b8d-8b60-300faa964cb5 2177e223270d498e9808c95d2fe439f1 72cb557941ca4e74a48d541163fc4393 - default default] Attributes excluded by policy engine: ['standard_attr_id', 'shared', 'network'] _exclude_attributes_by_policy /usr/lib/python3.9/site-packages/neutron/pecan_wsgi/hooks/policy_enforcement.py:259
2026-06-12 07:53:49.472 15 DEBUG neutron_lib.callbacks.manager [req-cfb1eea2-ad44-4b8d-8b60-300faa964cb5 2177e223270d498e9808c95d2fe439f1 72cb557941ca4e74a48d541163fc4393 - default default] Notify callbacks ['neutron.api.rpc.agentnotifiers.dhcp_rpc_agent_api.DhcpAgentNotifyAPI._send_dhcp_notification-676443'] for subnet, before_response _notify_loop /usr/lib/python3.9/site-packages/neutron_lib/callbacks/manager.py:200
2026-06-12 07:53:49.480 22 DEBUG neutron.api.rpc.handlers.dhcp_rpc [req-c25ab88e-c804-4516-b9cb-36f18cd9d4ab - - - - -] Network 2eb08cc5-2c3c-4802-9874-7b3b9e6cd616 requested from undercloud.ooo.test get_network_info /usr/lib/python3.9/site-packages/neutron/api/rpc/handlers/dhcp_rpc.py:213
2026-06-12 07:53:49.483 15 INFO neutron.wsgi [req-cfb1eea2-ad44-4b8d-8b60-300faa964cb5 2177e223270d498e9808c95d2fe439f1 72cb557941ca4e74a48d541163fc4393 - default default] 192.168.122.99,192.168.122.100 "POST /v2.0/subnets HTTP/1.1" status: 201 len: 847 time: 0.1997492
2026-06-12 07:53:49.489 15 DEBUG neutron.services.tag.tag_plugin [req-884b1a59-7da1-48ff-b112-5de598bfcde2 2177e223270d498e9808c95d2fe439f1 72cb557941ca4e74a48d541163fc4393 - default default] neutron.services.tag.tag_plugin.TagPlugin method update_tags called with arguments (, 'networks', '2eb08cc5-2c3c-4802-9874-7b3b9e6cd616', {'tags': ['192.168.122.0/24']}) {} wrapper /usr/lib/python3.9/site-packages/oslo_log/helpers.py:65
2026-06-12 07:53:49.551 15 INFO neutron.wsgi [req-884b1a59-7da1-48ff-b112-5de598bfcde2 2177e223270d498e9808c95d2fe439f1 72cb557941ca4e74a48d541163fc4393 - default default] 192.168.122.99,192.168.122.100 "PUT /v2.0/networks/2eb08cc5-2c3c-4802-9874-7b3b9e6cd616/tags HTTP/1.1" status: 200 len: 204 time: 0.0641093
2026-06-12 07:53:49.745 21 DEBUG neutron.api.rpc.handlers.dhcp_rpc [req-661526c8-ca81-4a25-8703-00b07b019d59 - - - - -] Create dhcp port {'port': {'name': '', 'admin_state_up': True, 'device_id': 'dhcp4ffb0b0c-492f-50f3-b91f-5f97b4a206be-2eb08cc5-2c3c-4802-9874-7b3b9e6cd616', 'network_id': '2eb08cc5-2c3c-4802-9874-7b3b9e6cd616', 'tenant_id': '72cb557941ca4e74a48d541163fc4393', 'fixed_ips': [{'subnet_id': 'b0b1d181-13ef-438f-a3d1-7df7e1e36fd5'}]}} from undercloud.ooo.test. create_dhcp_port /usr/lib/python3.9/site-packages/neutron/api/rpc/handlers/dhcp_rpc.py:279
2026-06-12 07:53:49.746 21 DEBUG neutron_lib.callbacks.manager [req-661526c8-ca81-4a25-8703-00b07b019d59 - - - - -] Notify callbacks ['neutron.plugins.ml2.plugin.SecurityGroupDbMixin._ensure_default_security_group_handler-3899663'] for port, before_create _notify_loop /usr/lib/python3.9/site-packages/neutron_lib/callbacks/manager.py:200
2026-06-12 07:53:49.861 21 DEBUG neutron.db.db_base_plugin_common [req-661526c8-ca81-4a25-8703-00b07b019d59 - - - - -] Allocated IP 192.168.122.110 (2eb08cc5-2c3c-4802-9874-7b3b9e6cd616/b0b1d181-13ef-438f-a3d1-7df7e1e36fd5/9682aba9-ace5-4f9f-8272-2cc1cbf5d4eb) _store_ip_allocation /usr/lib/python3.9/site-packages/neutron/db/db_base_plugin_common.py:131
2026-06-12 07:53:49.973 21 DEBUG neutron_lib.callbacks.manager [req-661526c8-ca81-4a25-8703-00b07b019d59 - - - - -] Notify callbacks [] for allowed_address_pair, before_create _notify_loop /usr/lib/python3.9/site-packages/neutron_lib/callbacks/manager.py:200
2026-06-12 07:53:49.975 21 DEBUG neutron_lib.callbacks.manager [req-661526c8-ca81-4a25-8703-00b07b019d59 - - - - -] Notify callbacks [] for port, precommit_create _notify_loop /usr/lib/python3.9/site-packages/neutron_lib/callbacks/manager.py:200
2026-06-12 07:53:49.982 21 DEBUG neutron.db.provisioning_blocks [req-661526c8-ca81-4a25-8703-00b07b019d59 - - - - -] Transition to ACTIVE for port object 9682aba9-ace5-4f9f-8272-2cc1cbf5d4eb will not be triggered until provisioned by entity L2. add_provisioning_component /usr/lib/python3.9/site-packages/neutron/db/provisioning_blocks.py:74
2026-06-12 07:53:49.993 21 DEBUG neutron.db.provisioning_blocks [req-661526c8-ca81-4a25-8703-00b07b019d59 - - - - -] Transition to ACTIVE for port object 9682aba9-ace5-4f9f-8272-2cc1cbf5d4eb will not be triggered until provisioned by entity DHCP. add_provisioning_component /usr/lib/python3.9/site-packages/neutron/db/provisioning_blocks.py:74
2026-06-12 07:53:50.001 21 DEBUG neutron_lib.callbacks.manager [req-661526c8-ca81-4a25-8703-00b07b019d59 - - - - -] Notify callbacks ['neutron.plugins.ml2.plugin.SecurityGroupServerNotifierRpcMixin.notify_sg_on_port_change-3700551', 'neutron.plugins.ml2.extensions.dns_integration._create_port_in_external_dns_service-8760602621386', 'neutron.plugins.ml2.ovo_rpc._ObjectChangeHandler.handle_event-351500', 'neutron.api.rpc.agentnotifiers.dhcp_rpc_agent_api.DhcpAgentNotifyAPI._native_event_send_dhcp_notification-676457', 'neutron.services.segments.plugin.NovaSegmentNotifier._notify_port_created_or_deleted-989372'] for port, after_create _notify_loop /usr/lib/python3.9/site-packages/neutron_lib/callbacks/manager.py:200
2026-06-12 07:53:50.028 21 DEBUG neutron.scheduler.dhcp_agent_scheduler [req-661526c8-ca81-4a25-8703-00b07b019d59 - - - - -] Network 2eb08cc5-2c3c-4802-9874-7b3b9e6cd616 is already hosted by enough agents. _get_dhcp_agents_hosting_network /usr/lib/python3.9/site-packages/neutron/scheduler/dhcp_agent_scheduler.py:275
2026-06-12 07:53:50.030 21 DEBUG neutron.scheduler.base_scheduler [req-661526c8-ca81-4a25-8703-00b07b019d59 - - - - -] Resources bound (agent type, host, resource id): schedule /usr/lib/python3.9/site-packages/neutron/scheduler/base_scheduler.py:57
2026-06-12 07:53:50.045 21 DEBUG neutron.api.rpc.handlers.resources_rpc [req-661526c8-ca81-4a25-8703-00b07b019d59 - - - - -] Pushing event updated for resources: {'Port': ['ID=9682aba9-ace5-4f9f-8272-2cc1cbf5d4eb,revision_number=1']} push /usr/lib/python3.9/site-packages/neutron/api/rpc/handlers/resources_rpc.py:237
2026-06-12 07:53:50.046 21 DEBUG neutron.plugins.ml2.managers [req-661526c8-ca81-4a25-8703-00b07b019d59 - - - - -] Attempting to bind port 9682aba9-ace5-4f9f-8272-2cc1cbf5d4eb on host undercloud.ooo.test for vnic_type normal with profile bind_port /usr/lib/python3.9/site-packages/neutron/plugins/ml2/managers.py:806
2026-06-12 07:53:50.046 21 DEBUG neutron.plugins.ml2.managers [req-661526c8-ca81-4a25-8703-00b07b019d59 - - - - -] Attempting to bind port 9682aba9-ace5-4f9f-8272-2cc1cbf5d4eb by drivers openvswitch,baremetal on host undercloud.ooo.test at level 0 using segments [{'id': 'ff67942c-73b3-4594-b8d5-c992895247e2', 'network_type': 'flat', 'physical_network': 'ctlplane', 'segmentation_id': None, 'network_id': '2eb08cc5-2c3c-4802-9874-7b3b9e6cd616'}] _bind_port_level /usr/lib/python3.9/site-packages/neutron/plugins/ml2/managers.py:831
2026-06-12 07:53:50.046 21 DEBUG neutron.plugins.ml2.drivers.mech_agent [req-661526c8-ca81-4a25-8703-00b07b019d59 - - - - -] Attempting to bind port 9682aba9-ace5-4f9f-8272-2cc1cbf5d4eb on network 2eb08cc5-2c3c-4802-9874-7b3b9e6cd616 bind_port /usr/lib/python3.9/site-packages/neutron/plugins/ml2/drivers/mech_agent.py:86
2026-06-12 07:53:50.050 21 DEBUG neutron.api.rpc.callbacks.version_manager [req-661526c8-ca81-4a25-8703-00b07b019d59 - - - - -] Version for resource type AddressGroup changed None to 1.2 on consumer Open vSwitch agent@undercloud.ooo.test _set_version /usr/lib/python3.9/site-packages/neutron/api/rpc/callbacks/version_manager.py:113
2026-06-12 07:53:50.050 21 DEBUG neutron.api.rpc.callbacks.version_manager [req-661526c8-ca81-4a25-8703-00b07b019d59 - - - - -] Version for resource type ConntrackHelper changed None to 1.0 on consumer Open vSwitch agent@undercloud.ooo.test _set_version /usr/lib/python3.9/site-packages/neutron/api/rpc/callbacks/version_manager.py:113
2026-06-12 07:53:50.050 21 DEBUG neutron.api.rpc.callbacks.version_manager [req-661526c8-ca81-4a25-8703-00b07b019d59 - - - - -] Version for resource type Log changed None to 1.0 on consumer Open vSwitch agent@undercloud.ooo.test _set_version /usr/lib/python3.9/site-packages/neutron/api/rpc/callbacks/version_manager.py:113
2026-06-12 07:53:50.050 21 DEBUG neutron.api.rpc.callbacks.version_manager [req-661526c8-ca81-4a25-8703-00b07b019d59 - - - - -] Version for resource type Network changed None to 1.1 on consumer Open vSwitch agent@undercloud.ooo.test _set_version /usr/lib/python3.9/site-packages/neutron/api/rpc/callbacks/version_manager.py:113
2026-06-12 07:53:50.050 21 DEBUG neutron.api.rpc.callbacks.version_manager [req-661526c8-ca81-4a25-8703-00b07b019d59 - - - - -] Version for resource type Port changed None to 1.7 on consumer Open vSwitch agent@undercloud.ooo.test _set_version /usr/lib/python3.9/site-packages/neutron/api/rpc/callbacks/version_manager.py:113
2026-06-12 07:53:50.051 21 DEBUG neutron.api.rpc.callbacks.version_manager [req-661526c8-ca81-4a25-8703-00b07b019d59 - - - - -] Version for resource type PortForwarding changed None to 1.2 on consumer Open vSwitch agent@undercloud.ooo.test _set_version /usr/lib/python3.9/site-packages/neutron/api/rpc/callbacks/version_manager.py:113
2026-06-12 07:53:50.051 21 DEBUG neutron.api.rpc.callbacks.version_manager [req-661526c8-ca81-4a25-8703-00b07b019d59 - - - - -] Version for resource type QosPolicy changed None to 1.8 on consumer Open vSwitch agent@undercloud.ooo.test _set_version /usr/lib/python3.9/site-packages/neutron/api/rpc/callbacks/version_manager.py:113
2026-06-12 07:53:50.051 21 DEBUG neutron.api.rpc.callbacks.version_manager [req-661526c8-ca81-4a25-8703-00b07b019d59 - - - - -] Version for resource type SecurityGroup changed None to 1.5 on consumer Open vSwitch agent@undercloud.ooo.test _set_version /usr/lib/python3.9/site-packages/neutron/api/rpc/callbacks/version_manager.py:113
2026-06-12 07:53:50.051 21 DEBUG neutron.api.rpc.callbacks.version_manager [req-661526c8-ca81-4a25-8703-00b07b019d59 - - - - -] Version for resource type SecurityGroupRule changed None to 1.2 on consumer Open vSwitch agent@undercloud.ooo.test _set_version /usr/lib/python3.9/site-packages/neutron/api/rpc/callbacks/version_manager.py:113
2026-06-12 07:53:50.051 21 DEBUG neutron.api.rpc.callbacks.version_manager [req-661526c8-ca81-4a25-8703-00b07b019d59 - - - - -] Version for resource type SubPort changed None to 1.0 on consumer Open vSwitch agent@undercloud.ooo.test _set_version /usr/lib/python3.9/site-packages/neutron/api/rpc/callbacks/version_manager.py:113
2026-06-12 07:53:50.051 21 DEBUG neutron.api.rpc.callbacks.version_manager [req-661526c8-ca81-4a25-8703-00b07b019d59 - - - - -] Version for resource type Subnet changed None to 1.1 on consumer Open vSwitch agent@undercloud.ooo.test _set_version /usr/lib/python3.9/site-packages/neutron/api/rpc/callbacks/version_manager.py:113
2026-06-12 07:53:50.051 21 DEBUG neutron.api.rpc.callbacks.version_manager [req-661526c8-ca81-4a25-8703-00b07b019d59 - - - - -] Version for resource type Trunk changed None to 1.1 on consumer Open vSwitch agent@undercloud.ooo.test _set_version /usr/lib/python3.9/site-packages/neutron/api/rpc/callbacks/version_manager.py:113
2026-06-12 07:53:50.052 21 DEBUG neutron.api.rpc.callbacks.version_manager [req-661526c8-ca81-4a25-8703-00b07b019d59 - - - - -] Tracked resource versions report: pushed versions: { 'AddressGroup': {'1.2'}, 'ConntrackHelper': {'1.0'}, 'Log': {'1.0'}, 'Network': {'1.1'}, 'Port': {'1.7'}, 'PortForwarding': {'1.2'}, 'QosPolicy': {'1.8'}, 'SecurityGroup': {'1.5'}, 'SecurityGroupRule': {'1.2'}, 'SubPort': {'1.0'}, 'Subnet': {'1.1'}, 'Trunk': {'1.1'}} consumer versions: { DHCP agent@undercloud.ooo.test: {}, L3 agent@undercloud.ooo.test: {}, Open vSwitch agent@undercloud.ooo.test: { 'AddressGroup': '1.2', 'ConntrackHelper': '1.0', 'Log': '1.0', 'Network': '1.1', 'Port': '1.7', 'PortForwarding': '1.2', 'QosPolicy': '1.8', 'SecurityGroup': '1.5', 'SecurityGroupRule': '1.2', 'SubPort': '1.0', 'Subnet': '1.1', 'Trunk': '1.1'}} report /usr/lib/python3.9/site-packages/neutron/api/rpc/callbacks/version_manager.py:175
2026-06-12 07:53:50.053 21 DEBUG neutron.plugins.ml2.drivers.mech_agent [req-661526c8-ca81-4a25-8703-00b07b019d59 - - - - -] Checking agent: {'id': '8abaf00c-508a-48cb-bf3d-4563166f60e3', 'agent_type': 'Open vSwitch agent', 'binary': 'neutron-openvswitch-agent', 'topic': 'N/A', 'host': 'undercloud.ooo.test', 'admin_state_up': True, 'created_at': datetime.datetime(2026, 6, 12, 7, 52, 26), 'started_at': datetime.datetime(2026, 6, 12, 7, 52, 26), 'heartbeat_timestamp': datetime.datetime(2026, 6, 12, 7, 52, 26), 'description': None, 'resources_synced': None, 'availability_zone': None, 'alive': True, 'configurations': {'arp_responder_enabled': False, 'baremetal_smartnic': False, 'bridge_mappings': {'ctlplane': 'br-ctlplane'}, 'datapath_type': 'system', 'devices': 0, 'enable_distributed_routing': False, 'extensions': [], 'in_distributed_mode': False, 'integration_bridge': 'br-int', 'l2_population': False, 'log_agent_heartbeats': False, 'ovs_capabilities': {'datapath_types': ['netdev', 'system'], 'iface_types': ['bareudp', 'erspan', 'geneve', 'gre', 'gtpu', 'internal', 'ip6erspan', 'ip6gre', 'lisp', 'patch', 'srv6', 'stt', 'system', 'tap', 'vxlan']}, 'ovs_hybrid_plug': True, 'resource_provider_bandwidths': {}, 'resource_provider_hypervisors': {'br-ctlplane': 'undercloud.ooo.test'}, 'resource_provider_inventory_defaults': {'allocation_ratio': 1.0, 'min_unit': 1, 'step_size': 1, 'reserved': 0}, 'tunnel_types': [], 'tunneling_ip': None, 'vhostuser_socket_dir': '/var/run/openvswitch'}, 'resource_versions': {'AddressGroup': '1.2', 'ConntrackHelper': '1.0', 'Log': '1.0', 'Network': '1.1', 'Port': '1.7', 'PortForwarding': '1.2', 'QosPolicy': '1.8', 'SecurityGroup': '1.5', 'SecurityGroupRule': '1.2', 'SubPort': '1.0', 'Subnet': '1.1', 'Trunk': '1.1'}} bind_port /usr/lib/python3.9/site-packages/neutron/plugins/ml2/drivers/mech_agent.py:105
2026-06-12 07:53:50.053 21 DEBUG neutron.plugins.ml2.drivers.mech_agent [req-661526c8-ca81-4a25-8703-00b07b019d59 - - - - -] Checking segment: {'id': 'ff67942c-73b3-4594-b8d5-c992895247e2', 'network_type': 'flat', 'physical_network': 'ctlplane', 'segmentation_id': None, 'network_id': '2eb08cc5-2c3c-4802-9874-7b3b9e6cd616'} for mappings: {'ctlplane': 'br-ctlplane'} with network types: ['local', 'flat', 'vlan'] check_segment_for_agent /usr/lib/python3.9/site-packages/neutron/plugins/ml2/drivers/mech_agent.py:343
2026-06-12 07:53:50.054 21 DEBUG neutron_lib.callbacks.manager [req-661526c8-ca81-4a25-8703-00b07b019d59 - - - - -] Notify callbacks [] for ovs_bridge_name, before_read _notify_loop /usr/lib/python3.9/site-packages/neutron_lib/callbacks/manager.py:200
2026-06-12 07:53:50.054 21 DEBUG neutron.plugins.ml2.drivers.mech_agent [req-661526c8-ca81-4a25-8703-00b07b019d59 - - - - -] Bound using segment: {'id': 'ff67942c-73b3-4594-b8d5-c992895247e2', 'network_type': 'flat', 'physical_network': 'ctlplane', 'segmentation_id': None, 'network_id': '2eb08cc5-2c3c-4802-9874-7b3b9e6cd616'} bind_port /usr/lib/python3.9/site-packages/neutron/plugins/ml2/drivers/mech_agent.py:115
2026-06-12 07:53:50.054 21 DEBUG neutron.plugins.ml2.managers [req-661526c8-ca81-4a25-8703-00b07b019d59 - - - - -] Bound port: 9682aba9-ace5-4f9f-8272-2cc1cbf5d4eb, host: undercloud.ooo.test, vif_type: ovs, vif_details: {"connectivity": "l2", "port_filter": true, "ovs_hybrid_plug": true, "datapath_type": "system", "bridge_name": "br-int"}, binding_levels: [{'bound_driver': 'openvswitch', 'bound_segment': {'id': 'ff67942c-73b3-4594-b8d5-c992895247e2', 'network_type': 'flat', 'physical_network': 'ctlplane', 'segmentation_id': None, 'network_id': '2eb08cc5-2c3c-4802-9874-7b3b9e6cd616'}}] _bind_port_level /usr/lib/python3.9/site-packages/neutron/plugins/ml2/managers.py:944
2026-06-12 07:53:50.054 21 DEBUG neutron_lib.callbacks.manager [req-661526c8-ca81-4a25-8703-00b07b019d59 - - - - -] Notify callbacks ['neutron.plugins.ml2.plugin.SecurityGroupDbMixin._ensure_default_security_group_handler-3899663'] for port, before_update _notify_loop /usr/lib/python3.9/site-packages/neutron_lib/callbacks/manager.py:200
2026-06-12 07:53:50.103 21 DEBUG neutron.plugins.ml2.db [req-661526c8-ca81-4a25-8703-00b07b019d59 - - - - -] For port 9682aba9-ace5-4f9f-8272-2cc1cbf5d4eb, host undercloud.ooo.test, cleared binding levels clear_binding_levels /usr/lib/python3.9/site-packages/neutron/plugins/ml2/db.py:88
2026-06-12 07:53:50.105 21 DEBUG neutron.plugins.ml2.db [req-661526c8-ca81-4a25-8703-00b07b019d59 - - - - -] For port 9682aba9-ace5-4f9f-8272-2cc1cbf5d4eb, host undercloud.ooo.test, set binding levels [PortBindingLevel(driver='openvswitch',host='undercloud.ooo.test',level=0,port_id=9682aba9-ace5-4f9f-8272-2cc1cbf5d4eb,segment=NetworkSegment(ff67942c-73b3-4594-b8d5-c992895247e2),segment_id=ff67942c-73b3-4594-b8d5-c992895247e2)] set_binding_levels /usr/lib/python3.9/site-packages/neutron/plugins/ml2/db.py:60
2026-06-12 07:53:50.108 21 DEBUG neutron_lib.callbacks.manager [req-661526c8-ca81-4a25-8703-00b07b019d59 - - - - -] Notify callbacks ['neutron.plugins.ml2.plugin.SecurityGroupServerNotifierRpcMixin.notify_sg_on_port_change-3700551', 'neutron.plugins.ml2.extensions.dns_integration._update_port_in_external_dns_service-8760602621413', 'neutron.plugins.ml2.ovo_rpc._ObjectChangeHandler.handle_event-351500', 'neutron.api.rpc.agentnotifiers.dhcp_rpc_agent_api.DhcpAgentNotifyAPI._native_event_send_dhcp_notification-676457', 'neutron.db.l3_db.L3RpcNotifierMixin._notify_gateway_port_ip_changed-8760602658973', 'neutron.db.l3_hascheduler_db._notify_l3_agent_ha_port_update-8760602175290', 'neutron.services.segments.plugin.NovaSegmentNotifier._notify_port_updated-989347'] for port, after_update _notify_loop /usr/lib/python3.9/site-packages/neutron_lib/callbacks/manager.py:200
2026-06-12 07:53:50.127 17 DEBUG neutron.wsgi [-] (17) accepted ('192.168.122.100', 60758) server /usr/lib/python3.9/site-packages/eventlet/wsgi.py:992
2026-06-12 07:53:50.129 17 INFO neutron.wsgi [-] 192.168.122.100 "GET /healthcheck HTTP/1.0" status: 200 len: 137 time: 0.0013361
2026-06-12 07:53:50.147 21 DEBUG neutron.api.rpc.handlers.resources_rpc [req-661526c8-ca81-4a25-8703-00b07b019d59 - - - - -] Pushing event updated for resources: {'Port': ['ID=9682aba9-ace5-4f9f-8272-2cc1cbf5d4eb,revision_number=2']} push /usr/lib/python3.9/site-packages/neutron/api/rpc/handlers/resources_rpc.py:237
2026-06-12 07:53:50.551 15 DEBUG neutron.wsgi [-] (15) accepted ('192.168.122.100', 60762) server /usr/lib/python3.9/site-packages/eventlet/wsgi.py:992
2026-06-12 07:53:50.555 15 INFO neutron.wsgi [-] 192.168.122.100 "GET / HTTP/1.1" status: 200 len: 233 time: 0.0024052
2026-06-12 07:53:52.109 20 DEBUG neutron.plugins.ml2.rpc [req-f9d511b2-e5ac-46a1-9c60-40eef2da997f - - - - -] Device 9682aba9-ace5-4f9f-8272-2cc1cbf5d4eb up at agent ovs-agent-undercloud.ooo.test update_device_up /usr/lib/python3.9/site-packages/neutron/plugins/ml2/rpc.py:278
2026-06-12 07:53:52.131 18 DEBUG neutron.wsgi [-] (18) accepted ('192.168.122.100', 59638) server /usr/lib/python3.9/site-packages/eventlet/wsgi.py:992
2026-06-12 07:53:52.132 18 INFO neutron.wsgi [-] 192.168.122.100 "GET /healthcheck HTTP/1.0" status: 200 len: 137 time: 0.0012417
