2026-06-12 07:54:17.646 17 INFO neutron.wsgi [req-35120991-81b2-4230-a852-6e6b63cceb5a 2177e223270d498e9808c95d2fe439f1 72cb557941ca4e74a48d541163fc4393 - default default] 192.168.122.99,192.168.122.100 "GET /v2.0/networks/storage HTTP/1.1" status: 404 len: 291 time: 0.5414650
2026-06-12 07:54:17.743 17 DEBUG neutron.policy [req-b42c9370-9746-4d47-a607-48f031a15d51 2177e223270d498e9808c95d2fe439f1 72cb557941ca4e74a48d541163fc4393 - default default] Loaded default policies from ['networking-bgpvpn', 'neutron'] under neutron.policies entry points register_rules /usr/lib/python3.9/site-packages/neutron/policy.py:73
2026-06-12 07:54:17.766 17 DEBUG neutron.pecan_wsgi.hooks.policy_enforcement [req-b42c9370-9746-4d47-a607-48f031a15d51 2177e223270d498e9808c95d2fe439f1 72cb557941ca4e74a48d541163fc4393 - default default] Attributes excluded by policy engine: ['standard_attr_id', 'vlan_transparent'] _exclude_attributes_by_policy /usr/lib/python3.9/site-packages/neutron/pecan_wsgi/hooks/policy_enforcement.py:259
2026-06-12 07:54:17.767 17 INFO neutron.wsgi [req-b42c9370-9746-4d47-a607-48f031a15d51 2177e223270d498e9808c95d2fe439f1 72cb557941ca4e74a48d541163fc4393 - default default] 192.168.122.99,192.168.122.100 "GET /v2.0/networks?name=storage HTTP/1.1" status: 200 len: 1023 time: 0.1163073
2026-06-12 07:54:17.799 17 DEBUG neutron.pecan_wsgi.hooks.policy_enforcement [req-a8dc1f57-c9f0-4138-912d-9243877a4583 2177e223270d498e9808c95d2fe439f1 72cb557941ca4e74a48d541163fc4393 - default default] Attributes excluded by policy engine: ['standard_attr_id', 'shared'] _exclude_attributes_by_policy /usr/lib/python3.9/site-packages/neutron/pecan_wsgi/hooks/policy_enforcement.py:259
2026-06-12 07:54:17.800 17 INFO neutron.wsgi [req-a8dc1f57-c9f0-4138-912d-9243877a4583 2177e223270d498e9808c95d2fe439f1 72cb557941ca4e74a48d541163fc4393 - default default] 192.168.122.99,192.168.122.100 "GET /v2.0/subnets/91ac3d23-9744-41c0-b81b-ad6e3e302536 HTTP/1.1" status: 200 len: 859 time: 0.0282257
2026-06-12 07:54:17.814 17 INFO neutron.pecan_wsgi.hooks.translation [req-8c69d346-cdec-435d-872f-87ee4c80487e 2177e223270d498e9808c95d2fe439f1 72cb557941ca4e74a48d541163fc4393 - default default] GET failed (client error): The resource could not be found.
2026-06-12 07:54:17.815 17 INFO neutron.wsgi [req-8c69d346-cdec-435d-872f-87ee4c80487e 2177e223270d498e9808c95d2fe439f1 72cb557941ca4e74a48d541163fc4393 - default default] 192.168.122.99,192.168.122.100 "GET /v2.0/networks/storage_mgmt HTTP/1.1" status: 404 len: 296 time: 0.0108905
2026-06-12 07:54:17.867 17 DEBUG neutron.pecan_wsgi.hooks.policy_enforcement [req-802ce2d1-b12c-4f4a-ba88-7ca71d54915c 2177e223270d498e9808c95d2fe439f1 72cb557941ca4e74a48d541163fc4393 - default default] Attributes excluded by policy engine: ['standard_attr_id', 'vlan_transparent'] _exclude_attributes_by_policy /usr/lib/python3.9/site-packages/neutron/pecan_wsgi/hooks/policy_enforcement.py:259
2026-06-12 07:54:17.868 17 INFO neutron.wsgi [req-802ce2d1-b12c-4f4a-ba88-7ca71d54915c 2177e223270d498e9808c95d2fe439f1 72cb557941ca4e74a48d541163fc4393 - default default] 192.168.122.99,192.168.122.100 "GET /v2.0/networks?name=storage_mgmt HTTP/1.1" status: 200 len: 1051 time: 0.0504851
2026-06-12 07:54:17.900 17 DEBUG neutron.pecan_wsgi.hooks.policy_enforcement [req-89221cec-7824-40de-b9da-dc3c6a867db5 2177e223270d498e9808c95d2fe439f1 72cb557941ca4e74a48d541163fc4393 - default default] Attributes excluded by policy engine: ['standard_attr_id', 'shared'] _exclude_attributes_by_policy /usr/lib/python3.9/site-packages/neutron/pecan_wsgi/hooks/policy_enforcement.py:259
2026-06-12 07:54:17.901 17 INFO neutron.wsgi [req-89221cec-7824-40de-b9da-dc3c6a867db5 2177e223270d498e9808c95d2fe439f1 72cb557941ca4e74a48d541163fc4393 - default default] 192.168.122.99,192.168.122.100 "GET /v2.0/subnets/561811b4-4dfc-47f1-b087-d105ddd70032 HTTP/1.1" status: 200 len: 864 time: 0.0285623
2026-06-12 07:54:17.916 17 INFO neutron.pecan_wsgi.hooks.translation [req-433284c2-8a38-4827-875b-6b02596c8bf5 2177e223270d498e9808c95d2fe439f1 72cb557941ca4e74a48d541163fc4393 - default default] GET failed (client error): The resource could not be found.
2026-06-12 07:54:17.916 17 INFO neutron.wsgi [req-433284c2-8a38-4827-875b-6b02596c8bf5 2177e223270d498e9808c95d2fe439f1 72cb557941ca4e74a48d541163fc4393 - default default] 192.168.122.99,192.168.122.100 "GET /v2.0/networks/internal_api HTTP/1.1" status: 404 len: 296 time: 0.0106902
2026-06-12 07:54:17.969 17 DEBUG neutron.pecan_wsgi.hooks.policy_enforcement [req-d0663c1d-5f0b-4227-86d8-c8bc27586f7d 2177e223270d498e9808c95d2fe439f1 72cb557941ca4e74a48d541163fc4393 - default default] Attributes excluded by policy engine: ['standard_attr_id', 'vlan_transparent'] _exclude_attributes_by_policy /usr/lib/python3.9/site-packages/neutron/pecan_wsgi/hooks/policy_enforcement.py:259
2026-06-12 07:54:17.970 17 INFO neutron.wsgi [req-d0663c1d-5f0b-4227-86d8-c8bc27586f7d 2177e223270d498e9808c95d2fe439f1 72cb557941ca4e74a48d541163fc4393 - default default] 192.168.122.99,192.168.122.100 "GET /v2.0/networks?name=internal_api HTTP/1.1" status: 200 len: 1052 time: 0.0510364
2026-06-12 07:54:18.002 17 DEBUG neutron.pecan_wsgi.hooks.policy_enforcement [req-3b989994-3ce2-46db-89b5-1a70135036a4 2177e223270d498e9808c95d2fe439f1 72cb557941ca4e74a48d541163fc4393 - default default] Attributes excluded by policy engine: ['standard_attr_id', 'shared'] _exclude_attributes_by_policy /usr/lib/python3.9/site-packages/neutron/pecan_wsgi/hooks/policy_enforcement.py:259
2026-06-12 07:54:18.003 17 INFO neutron.wsgi [req-3b989994-3ce2-46db-89b5-1a70135036a4 2177e223270d498e9808c95d2fe439f1 72cb557941ca4e74a48d541163fc4393 - default default] 192.168.122.99,192.168.122.100 "GET /v2.0/subnets/b2e37ffb-de36-43ab-a612-c006b8100af9 HTTP/1.1" status: 200 len: 864 time: 0.0268121
2026-06-12 07:54:18.017 17 INFO neutron.pecan_wsgi.hooks.translation [req-a7726ea6-72c8-4208-b75a-78c7112732a3 2177e223270d498e9808c95d2fe439f1 72cb557941ca4e74a48d541163fc4393 - default default] GET failed (client error): The resource could not be found.
2026-06-12 07:54:18.017 17 INFO neutron.wsgi [req-a7726ea6-72c8-4208-b75a-78c7112732a3 2177e223270d498e9808c95d2fe439f1 72cb557941ca4e74a48d541163fc4393 - default default] 192.168.122.99,192.168.122.100 "GET /v2.0/networks/tenant HTTP/1.1" status: 404 len: 290 time: 0.0104492
2026-06-12 07:54:18.068 17 DEBUG neutron.pecan_wsgi.hooks.policy_enforcement [req-4946ef00-a6a6-466f-83da-9f34b1093c9e 2177e223270d498e9808c95d2fe439f1 72cb557941ca4e74a48d541163fc4393 - default default] Attributes excluded by policy engine: ['standard_attr_id', 'vlan_transparent'] _exclude_attributes_by_policy /usr/lib/python3.9/site-packages/neutron/pecan_wsgi/hooks/policy_enforcement.py:259
2026-06-12 07:54:18.069 17 INFO neutron.wsgi [req-4946ef00-a6a6-466f-83da-9f34b1093c9e 2177e223270d498e9808c95d2fe439f1 72cb557941ca4e74a48d541163fc4393 - default default] 192.168.122.99,192.168.122.100 "GET /v2.0/networks?name=tenant HTTP/1.1" status: 200 len: 998 time: 0.0489557
2026-06-12 07:54:18.100 17 DEBUG neutron.pecan_wsgi.hooks.policy_enforcement [req-c0b25c86-5b9a-4f91-a60a-37bbe5cacf19 2177e223270d498e9808c95d2fe439f1 72cb557941ca4e74a48d541163fc4393 - default default] Attributes excluded by policy engine: ['standard_attr_id', 'shared'] _exclude_attributes_by_policy /usr/lib/python3.9/site-packages/neutron/pecan_wsgi/hooks/policy_enforcement.py:259
2026-06-12 07:54:18.100 17 INFO neutron.wsgi [req-c0b25c86-5b9a-4f91-a60a-37bbe5cacf19 2177e223270d498e9808c95d2fe439f1 72cb557941ca4e74a48d541163fc4393 - default default] 192.168.122.99,192.168.122.100 "GET /v2.0/subnets/7337f0b6-851e-4b26-a366-f9f2bbdfc8e9 HTTP/1.1" status: 200 len: 858 time: 0.0271926
2026-06-12 07:54:18.114 17 INFO neutron.pecan_wsgi.hooks.translation [req-b7e83839-b67f-4c6e-9fac-8715448da3b4 2177e223270d498e9808c95d2fe439f1 72cb557941ca4e74a48d541163fc4393 - default default] GET failed (client error): The resource could not be found.
2026-06-12 07:54:18.115 17 INFO neutron.wsgi [req-b7e83839-b67f-4c6e-9fac-8715448da3b4 2177e223270d498e9808c95d2fe439f1 72cb557941ca4e74a48d541163fc4393 - default default] 192.168.122.99,192.168.122.100 "GET /v2.0/networks/external HTTP/1.1" status: 404 len: 292 time: 0.0105591
2026-06-12 07:54:18.174 17 DEBUG neutron.pecan_wsgi.hooks.policy_enforcement [req-e84560c8-cd29-4633-a262-ea7f9e22b918 2177e223270d498e9808c95d2fe439f1 72cb557941ca4e74a48d541163fc4393 - default default] Attributes excluded by policy engine: ['standard_attr_id', 'vlan_transparent'] _exclude_attributes_by_policy /usr/lib/python3.9/site-packages/neutron/pecan_wsgi/hooks/policy_enforcement.py:259
2026-06-12 07:54:18.174 17 INFO neutron.wsgi [req-e84560c8-cd29-4633-a262-ea7f9e22b918 2177e223270d498e9808c95d2fe439f1 72cb557941ca4e74a48d541163fc4393 - default default] 192.168.122.99,192.168.122.100 "GET /v2.0/networks?name=external HTTP/1.1" status: 200 len: 1029 time: 0.0572653
2026-06-12 07:54:18.184 15 DEBUG neutron.wsgi [-] (15) accepted ('192.168.122.100', 50336) server /usr/lib/python3.9/site-packages/eventlet/wsgi.py:992
2026-06-12 07:54:18.187 15 INFO neutron.wsgi [-] 192.168.122.100 "GET /healthcheck HTTP/1.0" status: 200 len: 137 time: 0.0019302
2026-06-12 07:54:18.204 17 DEBUG neutron.pecan_wsgi.hooks.policy_enforcement [req-fa9594cb-a471-4bc9-b911-b79184520bd9 2177e223270d498e9808c95d2fe439f1 72cb557941ca4e74a48d541163fc4393 - default default] Attributes excluded by policy engine: ['standard_attr_id', 'shared'] _exclude_attributes_by_policy /usr/lib/python3.9/site-packages/neutron/pecan_wsgi/hooks/policy_enforcement.py:259
2026-06-12 07:54:18.205 17 INFO neutron.wsgi [req-fa9594cb-a471-4bc9-b911-b79184520bd9 2177e223270d498e9808c95d2fe439f1 72cb557941ca4e74a48d541163fc4393 - default default] 192.168.122.99,192.168.122.100 "GET /v2.0/subnets/8f3aa053-ca8e-4b03-a5f5-11248933b50d HTTP/1.1" status: 200 len: 868 time: 0.0266342
2026-06-12 07:54:20.188 18 DEBUG neutron.wsgi [-] (18) accepted ('192.168.122.100', 50338) server /usr/lib/python3.9/site-packages/eventlet/wsgi.py:992
2026-06-12 07:54:20.192 18 INFO neutron.wsgi [-] 192.168.122.100 "GET /healthcheck HTTP/1.0" status: 200 len: 137 time: 0.0027866
2026-06-12 07:54:20.843 16 DEBUG neutron.wsgi [-] (16) accepted ('192.168.122.100', 50348) server /usr/lib/python3.9/site-packages/eventlet/wsgi.py:992
2026-06-12 07:54:20.846 16 INFO neutron.wsgi [-] 192.168.122.100 "GET / HTTP/1.1" status: 200 len: 233 time: 0.0021925
2026-06-12 07:54:22.195 15 DEBUG neutron.wsgi [-] (15) accepted ('192.168.122.100', 56342) server /usr/lib/python3.9/site-packages/eventlet/wsgi.py:992
2026-06-12 07:54:22.198 15 INFO neutron.wsgi [-] 192.168.122.100 "GET /healthcheck HTTP/1.0" status: 200 len: 137 time: 0.0025978
2026-06-12 07:54:23.740 15 DEBUG neutron.wsgi [-] (15) accepted ('192.168.122.100', 56356) server /usr/lib/python3.9/site-packages/eventlet/wsgi.py:992
2026-06-12 07:54:23.857 15 DEBUG neutron.pecan_wsgi.hooks.policy_enforcement [req-7f2d7e98-87a8-4db7-8710-ded1a733ab44 2177e223270d498e9808c95d2fe439f1 72cb557941ca4e74a48d541163fc4393 - default default] Attributes excluded by policy engine: ['standard_attr_id', 'vlan_transparent'] _exclude_attributes_by_policy /usr/lib/python3.9/site-packages/neutron/pecan_wsgi/hooks/policy_enforcement.py:259
2026-06-12 07:54:23.858 15 DEBUG neutron.pecan_wsgi.hooks.policy_enforcement [req-7f2d7e98-87a8-4db7-8710-ded1a733ab44 2177e223270d498e9808c95d2fe439f1 72cb557941ca4e74a48d541163fc4393 - default default] Attributes excluded by policy engine: ['standard_attr_id', 'vlan_transparent'] _exclude_attributes_by_policy /usr/lib/python3.9/site-packages/neutron/pecan_wsgi/hooks/policy_enforcement.py:259
2026-06-12 07:54:23.858 15 DEBUG neutron.pecan_wsgi.hooks.policy_enforcement [req-7f2d7e98-87a8-4db7-8710-ded1a733ab44 2177e223270d498e9808c95d2fe439f1 72cb557941ca4e74a48d541163fc4393 - default default] Attributes excluded by policy engine: ['standard_attr_id', 'vlan_transparent'] _exclude_attributes_by_policy /usr/lib/python3.9/site-packages/neutron/pecan_wsgi/hooks/policy_enforcement.py:259
2026-06-12 07:54:23.858 15 DEBUG neutron.pecan_wsgi.hooks.policy_enforcement [req-7f2d7e98-87a8-4db7-8710-ded1a733ab44 2177e223270d498e9808c95d2fe439f1 72cb557941ca4e74a48d541163fc4393 - default default] Attributes excluded by policy engine: ['standard_attr_id', 'vlan_transparent'] _exclude_attributes_by_policy /usr/lib/python3.9/site-packages/neutron/pecan_wsgi/hooks/policy_enforcement.py:259
2026-06-12 07:54:23.859 15 DEBUG neutron.pecan_wsgi.hooks.policy_enforcement [req-7f2d7e98-87a8-4db7-8710-ded1a733ab44 2177e223270d498e9808c95d2fe439f1 72cb557941ca4e74a48d541163fc4393 - default default] Attributes excluded by policy engine: ['standard_attr_id', 'vlan_transparent'] _exclude_attributes_by_policy /usr/lib/python3.9/site-packages/neutron/pecan_wsgi/hooks/policy_enforcement.py:259
2026-06-12 07:54:23.859 15 DEBUG neutron.pecan_wsgi.hooks.policy_enforcement [req-7f2d7e98-87a8-4db7-8710-ded1a733ab44 2177e223270d498e9808c95d2fe439f1 72cb557941ca4e74a48d541163fc4393 - default default] Attributes excluded by policy engine: ['standard_attr_id', 'vlan_transparent'] _exclude_attributes_by_policy /usr/lib/python3.9/site-packages/neutron/pecan_wsgi/hooks/policy_enforcement.py:259
2026-06-12 07:54:23.860 15 INFO neutron.wsgi [req-7f2d7e98-87a8-4db7-8710-ded1a733ab44 2177e223270d498e9808c95d2fe439f1 72cb557941ca4e74a48d541163fc4393 - default default] 192.168.122.99,192.168.122.100 "GET /v2.0/networks HTTP/1.1" status: 200 len: 5131 time: 0.1193948
2026-06-12 07:54:23.896 15 DEBUG neutron.pecan_wsgi.hooks.policy_enforcement [req-a35d217a-29e8-421a-9434-421eabfadbbb 2177e223270d498e9808c95d2fe439f1 72cb557941ca4e74a48d541163fc4393 - default default] Attributes excluded by policy engine: ['standard_attr_id', 'shared'] _exclude_attributes_by_policy /usr/lib/python3.9/site-packages/neutron/pecan_wsgi/hooks/policy_enforcement.py:259
2026-06-12 07:54:23.897 15 INFO neutron.wsgi [req-a35d217a-29e8-421a-9434-421eabfadbbb 2177e223270d498e9808c95d2fe439f1 72cb557941ca4e74a48d541163fc4393 - default default] 192.168.122.99,192.168.122.100 "GET /v2.0/subnets?network_id=0a7b4373-c743-482f-8fc5-211e5a064f43 HTTP/1.1" status: 200 len: 867 time: 0.0305188
2026-06-12 07:54:23.929 15 DEBUG neutron.pecan_wsgi.hooks.policy_enforcement [req-15f80742-efa5-40b4-b820-69b41d0a8ec9 2177e223270d498e9808c95d2fe439f1 72cb557941ca4e74a48d541163fc4393 - default default] Attributes excluded by policy engine: ['standard_attr_id', 'shared'] _exclude_attributes_by_policy /usr/lib/python3.9/site-packages/neutron/pecan_wsgi/hooks/policy_enforcement.py:259
2026-06-12 07:54:23.930 15 INFO neutron.wsgi [req-15f80742-efa5-40b4-b820-69b41d0a8ec9 2177e223270d498e9808c95d2fe439f1 72cb557941ca4e74a48d541163fc4393 - default default] 192.168.122.99,192.168.122.100 "GET /v2.0/subnets?network_id=0e09fd9b-d22a-4217-8e18-3202e2c8a9e9 HTTP/1.1" status: 200 len: 867 time: 0.0266538
2026-06-12 07:54:23.963 15 DEBUG neutron.pecan_wsgi.hooks.policy_enforcement [req-c8e0a378-7a21-4d84-bf7f-be4ef224479a 2177e223270d498e9808c95d2fe439f1 72cb557941ca4e74a48d541163fc4393 - default default] Attributes excluded by policy engine: ['standard_attr_id', 'shared'] _exclude_attributes_by_policy /usr/lib/python3.9/site-packages/neutron/pecan_wsgi/hooks/policy_enforcement.py:259
2026-06-12 07:54:23.964 15 INFO neutron.wsgi [req-c8e0a378-7a21-4d84-bf7f-be4ef224479a 2177e223270d498e9808c95d2fe439f1 72cb557941ca4e74a48d541163fc4393 - default default] 192.168.122.99,192.168.122.100 "GET /v2.0/subnets?network_id=2eb08cc5-2c3c-4802-9874-7b3b9e6cd616 HTTP/1.1" status: 200 len: 845 time: 0.0284574
2026-06-12 07:54:23.996 15 DEBUG neutron.pecan_wsgi.hooks.policy_enforcement [req-f9281395-f679-4f08-b8b4-18adb34e4bb8 2177e223270d498e9808c95d2fe439f1 72cb557941ca4e74a48d541163fc4393 - default default] Attributes excluded by policy engine: ['standard_attr_id', 'shared'] _exclude_attributes_by_policy /usr/lib/python3.9/site-packages/neutron/pecan_wsgi/hooks/policy_enforcement.py:259
2026-06-12 07:54:23.997 15 INFO neutron.wsgi [req-f9281395-f679-4f08-b8b4-18adb34e4bb8 2177e223270d498e9808c95d2fe439f1 72cb557941ca4e74a48d541163fc4393 - default default] 192.168.122.99,192.168.122.100 "GET /v2.0/subnets?network_id=41810b9a-7d8e-4621-a425-da929c24dd99 HTTP/1.1" status: 200 len: 861 time: 0.0263560
2026-06-12 07:54:24.030 15 DEBUG neutron.pecan_wsgi.hooks.policy_enforcement [req-cd3e87bb-d41c-4312-989e-a2583de9d398 2177e223270d498e9808c95d2fe439f1 72cb557941ca4e74a48d541163fc4393 - default default] Attributes excluded by policy engine: ['standard_attr_id', 'shared'] _exclude_attributes_by_policy /usr/lib/python3.9/site-packages/neutron/pecan_wsgi/hooks/policy_enforcement.py:259
2026-06-12 07:54:24.031 15 INFO neutron.wsgi [req-cd3e87bb-d41c-4312-989e-a2583de9d398 2177e223270d498e9808c95d2fe439f1 72cb557941ca4e74a48d541163fc4393 - default default] 192.168.122.99,192.168.122.100 "GET /v2.0/subnets?network_id=449ae195-80b8-47d5-937e-cf2cbc3bce8e HTTP/1.1" status: 200 len: 862 time: 0.0272617
2026-06-12 07:54:24.063 15 DEBUG neutron.pecan_wsgi.hooks.policy_enforcement [req-ff178a96-ee3d-443c-9319-8496d2322355 2177e223270d498e9808c95d2fe439f1 72cb557941ca4e74a48d541163fc4393 - default default] Attributes excluded by policy engine: ['standard_attr_id', 'shared'] _exclude_attributes_by_policy /usr/lib/python3.9/site-packages/neutron/pecan_wsgi/hooks/policy_enforcement.py:259
2026-06-12 07:54:24.064 15 INFO neutron.wsgi [req-ff178a96-ee3d-443c-9319-8496d2322355 2177e223270d498e9808c95d2fe439f1 72cb557941ca4e74a48d541163fc4393 - default default] 192.168.122.99,192.168.122.100 "GET /v2.0/subnets?network_id=efbef2b2-447a-41f6-bccc-b3f3449695d3 HTTP/1.1" status: 200 len: 871 time: 0.0265861
2026-06-12 07:54:24.091 18 DEBUG neutron.wsgi [-] (18) accepted ('192.168.122.100', 56366) server /usr/lib/python3.9/site-packages/eventlet/wsgi.py:992
2026-06-12 07:54:24.092 16 DEBUG neutron.wsgi [-] (16) accepted ('192.168.122.100', 56378) server /usr/lib/python3.9/site-packages/eventlet/wsgi.py:992
2026-06-12 07:54:24.094 17 DEBUG neutron.wsgi [-] (17) accepted ('192.168.122.100', 56382) server /usr/lib/python3.9/site-packages/eventlet/wsgi.py:992
2026-06-12 07:54:24.094 16 DEBUG neutron.wsgi [-] (16) accepted ('192.168.122.100', 56394) server /usr/lib/python3.9/site-packages/eventlet/wsgi.py:992
2026-06-12 07:54:24.103 15 INFO neutron.wsgi [req-1bd49861-839e-4cc0-85eb-15ed100b5aeb 2177e223270d498e9808c95d2fe439f1 72cb557941ca4e74a48d541163fc4393 - default default] 192.168.122.99,192.168.122.100 "GET /v2.0/ports?network_id=2eb08cc5-2c3c-4802-9874-7b3b9e6cd616&tags=tripleo_stack_name%3Dovercloud&tags=tripleo_vip_net%3Dctlplane HTTP/1.1" status: 200 len: 186 time: 0.0314052
2026-06-12 07:54:24.113 15 DEBUG neutron.api.v2.base [req-c16190fb-8653-4bf3-b3e1-3e7418a61f82 2177e223270d498e9808c95d2fe439f1 72cb557941ca4e74a48d541163fc4393 - default default] Request body: {'port': {'network_id': '2eb08cc5-2c3c-4802-9874-7b3b9e6cd616', 'dns_name': 'multicell', 'fixed_ips': [{'ip_address': '192.168.122.90'}], 'name': 'ctlplane_vip'}} prepare_request_body /usr/lib/python3.9/site-packages/neutron/api/v2/base.py:729
2026-06-12 07:54:24.121 15 DEBUG neutron.pecan_wsgi.hooks.quota_enforcement [req-c16190fb-8653-4bf3-b3e1-3e7418a61f82 2177e223270d498e9808c95d2fe439f1 72cb557941ca4e74a48d541163fc4393 - default default] Made reservation on behalf of 72cb557941ca4e74a48d541163fc4393 for: {'port': 1} before /usr/lib/python3.9/site-packages/neutron/pecan_wsgi/hooks/quota_enforcement.py:53
2026-06-12 07:54:24.122 15 DEBUG neutron_lib.callbacks.manager [req-c16190fb-8653-4bf3-b3e1-3e7418a61f82 2177e223270d498e9808c95d2fe439f1 72cb557941ca4e74a48d541163fc4393 - default default] Notify callbacks ['neutron.plugins.ml2.plugin.SecurityGroupDbMixin._ensure_default_security_group_handler-3899663'] for port, before_create _notify_loop /usr/lib/python3.9/site-packages/neutron_lib/callbacks/manager.py:200
2026-06-12 07:54:24.142 15 DEBUG neutron.notifiers.nova [req-c16190fb-8653-4bf3-b3e1-3e7418a61f82 2177e223270d498e9808c95d2fe439f1 72cb557941ca4e74a48d541163fc4393 - default default] device_id is not set on port f6d57627-5434-40f3-8224-5330ce6caa75 yet. _can_notify /usr/lib/python3.9/site-packages/neutron/notifiers/nova.py:201
2026-06-12 07:54:24.155 17 INFO neutron.wsgi [req-407c1c1c-8602-40b0-9651-bae53d650015 2177e223270d498e9808c95d2fe439f1 72cb557941ca4e74a48d541163fc4393 - default default] 192.168.122.99,192.168.122.100 "GET /v2.0/ports?network_id=efbef2b2-447a-41f6-bccc-b3f3449695d3&tags=tripleo_stack_name%3Dovercloud&tags=tripleo_vip_net%3Dexternal HTTP/1.1" status: 200 len: 186 time: 0.0599728
2026-06-12 07:54:24.185 18 INFO neutron.wsgi [req-f9dd92ba-9b85-4e64-8eaa-2dee088929eb 2177e223270d498e9808c95d2fe439f1 72cb557941ca4e74a48d541163fc4393 - default default] 192.168.122.99,192.168.122.100 "GET /v2.0/ports?network_id=0a7b4373-c743-482f-8fc5-211e5a064f43&tags=tripleo_stack_name%3Dovercloud&tags=tripleo_vip_net%3Dinternal_api HTTP/1.1" status: 200 len: 186 time: 0.0926945
2026-06-12 07:54:24.186 16 INFO neutron.wsgi [req-436cdf94-0e2c-4ba9-bfed-971c45943cb1 2177e223270d498e9808c95d2fe439f1 72cb557941ca4e74a48d541163fc4393 - default default] 192.168.122.99,192.168.122.100 "GET /v2.0/ports?network_id=0e09fd9b-d22a-4217-8e18-3202e2c8a9e9&tags=tripleo_stack_name%3Dovercloud&tags=tripleo_vip_net%3Dstorage_mgmt HTTP/1.1" status: 200 len: 186 time: 0.0906177
2026-06-12 07:54:24.187 16 INFO neutron.wsgi [req-6e8a867e-e579-4743-bb83-52b4288cf57f 2177e223270d498e9808c95d2fe439f1 72cb557941ca4e74a48d541163fc4393 - default default] 192.168.122.99,192.168.122.100 "GET /v2.0/ports?network_id=449ae195-80b8-47d5-937e-cf2cbc3bce8e&tags=tripleo_stack_name%3Dovercloud&tags=tripleo_vip_net%3Dstorage HTTP/1.1" status: 200 len: 186 time: 0.0934036
2026-06-12 07:54:24.188 18 DEBUG neutron.api.v2.base [req-88f24a3d-3043-4118-827f-b18ed5116333 2177e223270d498e9808c95d2fe439f1 72cb557941ca4e74a48d541163fc4393 - default default] Request body: {'port': {'network_id': 'efbef2b2-447a-41f6-bccc-b3f3449695d3', 'dns_name': 'multicell', 'fixed_ips': [{'ip_address': '172.21.0.80'}], 'name': 'external_vip'}} prepare_request_body /usr/lib/python3.9/site-packages/neutron/api/v2/base.py:729
2026-06-12 07:54:24.195 18 DEBUG neutron.api.v2.base [req-db4b3865-414e-46c8-9869-1c8584f45226 2177e223270d498e9808c95d2fe439f1 72cb557941ca4e74a48d541163fc4393 - default default] Request body: {'port': {'network_id': '0a7b4373-c743-482f-8fc5-211e5a064f43', 'dns_name': 'multicell', 'fixed_ips': [{'ip_address': '172.17.0.130'}], 'name': 'internal_api_vip'}} prepare_request_body /usr/lib/python3.9/site-packages/neutron/api/v2/base.py:729
2026-06-12 07:54:24.198 16 DEBUG neutron.wsgi [-] (16) accepted ('192.168.122.100', 56404) server /usr/lib/python3.9/site-packages/eventlet/wsgi.py:992
2026-06-12 07:54:24.202 16 INFO neutron.wsgi [-] 192.168.122.100 "GET /healthcheck HTTP/1.0" status: 200 len: 137 time: 0.0027745
2026-06-12 07:54:24.204 18 DEBUG neutron.pecan_wsgi.hooks.quota_enforcement [req-88f24a3d-3043-4118-827f-b18ed5116333 2177e223270d498e9808c95d2fe439f1 72cb557941ca4e74a48d541163fc4393 - default default] Made reservation on behalf of 72cb557941ca4e74a48d541163fc4393 for: {'port': 1} before /usr/lib/python3.9/site-packages/neutron/pecan_wsgi/hooks/quota_enforcement.py:53
2026-06-12 07:54:24.204 17 DEBUG neutron.api.v2.base [req-8c94759f-c5c1-42e4-ab5b-45afca6882ce 2177e223270d498e9808c95d2fe439f1 72cb557941ca4e74a48d541163fc4393 - default default] Request body: {'port': {'network_id': '449ae195-80b8-47d5-937e-cf2cbc3bce8e', 'dns_name': 'multicell', 'fixed_ips': [{'ip_address': '172.18.0.140'}], 'name': 'storage_vip'}} prepare_request_body /usr/lib/python3.9/site-packages/neutron/api/v2/base.py:729
2026-06-12 07:54:24.205 18 DEBUG neutron_lib.callbacks.manager [req-88f24a3d-3043-4118-827f-b18ed5116333 2177e223270d498e9808c95d2fe439f1 72cb557941ca4e74a48d541163fc4393 - default default] Notify callbacks ['neutron.plugins.ml2.plugin.SecurityGroupDbMixin._ensure_default_security_group_handler-3899663'] for port, before_create _notify_loop /usr/lib/python3.9/site-packages/neutron_lib/callbacks/manager.py:200
2026-06-12 07:54:24.207 16 DEBUG neutron.api.v2.base [req-ae4f53d0-68ba-48aa-86bb-d88691baaa9c 2177e223270d498e9808c95d2fe439f1 72cb557941ca4e74a48d541163fc4393 - default default] Request body: {'port': {'network_id': '0e09fd9b-d22a-4217-8e18-3202e2c8a9e9', 'dns_name': 'multicell', 'fixed_ips': [{'ip_address': '172.20.0.150'}], 'name': 'storage_mgmt_vip'}} prepare_request_body /usr/lib/python3.9/site-packages/neutron/api/v2/base.py:729
2026-06-12 07:54:24.215 18 DEBUG neutron.pecan_wsgi.hooks.quota_enforcement [req-db4b3865-414e-46c8-9869-1c8584f45226 2177e223270d498e9808c95d2fe439f1 72cb557941ca4e74a48d541163fc4393 - default default] Made reservation on behalf of 72cb557941ca4e74a48d541163fc4393 for: {'port': 1} before /usr/lib/python3.9/site-packages/neutron/pecan_wsgi/hooks/quota_enforcement.py:53
2026-06-12 07:54:24.217 18 DEBUG neutron_lib.callbacks.manager [req-db4b3865-414e-46c8-9869-1c8584f45226 2177e223270d498e9808c95d2fe439f1 72cb557941ca4e74a48d541163fc4393 - default default] Notify callbacks ['neutron.plugins.ml2.plugin.SecurityGroupDbMixin._ensure_default_security_group_handler-3899663'] for port, before_create _notify_loop /usr/lib/python3.9/site-packages/neutron_lib/callbacks/manager.py:200
2026-06-12 07:54:24.217 16 DEBUG neutron.pecan_wsgi.hooks.quota_enforcement [req-ae4f53d0-68ba-48aa-86bb-d88691baaa9c 2177e223270d498e9808c95d2fe439f1 72cb557941ca4e74a48d541163fc4393 - default default] Made reservation on behalf of 72cb557941ca4e74a48d541163fc4393 for: {'port': 1} before /usr/lib/python3.9/site-packages/neutron/pecan_wsgi/hooks/quota_enforcement.py:53
2026-06-12 07:54:24.219 16 DEBUG neutron_lib.callbacks.manager [req-ae4f53d0-68ba-48aa-86bb-d88691baaa9c 2177e223270d498e9808c95d2fe439f1 72cb557941ca4e74a48d541163fc4393 - default default] Notify callbacks ['neutron.plugins.ml2.plugin.SecurityGroupDbMixin._ensure_default_security_group_handler-3899663'] for port, before_create _notify_loop /usr/lib/python3.9/site-packages/neutron_lib/callbacks/manager.py:200
2026-06-12 07:54:24.233 17 DEBUG neutron.pecan_wsgi.hooks.quota_enforcement [req-8c94759f-c5c1-42e4-ab5b-45afca6882ce 2177e223270d498e9808c95d2fe439f1 72cb557941ca4e74a48d541163fc4393 - default default] Made reservation on behalf of 72cb557941ca4e74a48d541163fc4393 for: {'port': 1} before /usr/lib/python3.9/site-packages/neutron/pecan_wsgi/hooks/quota_enforcement.py:53
2026-06-12 07:54:24.234 18 DEBUG neutron.notifiers.nova [req-88f24a3d-3043-4118-827f-b18ed5116333 2177e223270d498e9808c95d2fe439f1 72cb557941ca4e74a48d541163fc4393 - default default] device_id is not set on port dc29e4d2-9782-4d81-a75c-c07cdd4d2bdc yet. _can_notify /usr/lib/python3.9/site-packages/neutron/notifiers/nova.py:201
2026-06-12 07:54:24.235 17 DEBUG neutron_lib.callbacks.manager [req-8c94759f-c5c1-42e4-ab5b-45afca6882ce 2177e223270d498e9808c95d2fe439f1 72cb557941ca4e74a48d541163fc4393 - default default] Notify callbacks ['neutron.plugins.ml2.plugin.SecurityGroupDbMixin._ensure_default_security_group_handler-3899663'] for port, before_create _notify_loop /usr/lib/python3.9/site-packages/neutron_lib/callbacks/manager.py:200
2026-06-12 07:54:24.238 16 DEBUG neutron.notifiers.nova [req-ae4f53d0-68ba-48aa-86bb-d88691baaa9c 2177e223270d498e9808c95d2fe439f1 72cb557941ca4e74a48d541163fc4393 - default default] device_id is not set on port dc69a3c3-d39c-498b-b877-b32c3e032e27 yet. _can_notify /usr/lib/python3.9/site-packages/neutron/notifiers/nova.py:201
2026-06-12 07:54:24.247 18 DEBUG neutron.notifiers.nova [req-db4b3865-414e-46c8-9869-1c8584f45226 2177e223270d498e9808c95d2fe439f1 72cb557941ca4e74a48d541163fc4393 - default default] device_id is not set on port b36be0a8-22a8-4ed1-9bb9-c999d4d2c401 yet. _can_notify /usr/lib/python3.9/site-packages/neutron/notifiers/nova.py:201
2026-06-12 07:54:24.272 17 DEBUG neutron.notifiers.nova [req-8c94759f-c5c1-42e4-ab5b-45afca6882ce 2177e223270d498e9808c95d2fe439f1 72cb557941ca4e74a48d541163fc4393 - default default] device_id is not set on port ad60ffcd-63c4-4b28-bb5d-5dc883a67c49 yet. _can_notify /usr/lib/python3.9/site-packages/neutron/notifiers/nova.py:201
2026-06-12 07:54:24.303 15 DEBUG neutron.db.db_base_plugin_common [req-c16190fb-8653-4bf3-b3e1-3e7418a61f82 2177e223270d498e9808c95d2fe439f1 72cb557941ca4e74a48d541163fc4393 - default default] Allocated IP 192.168.122.90 (2eb08cc5-2c3c-4802-9874-7b3b9e6cd616/b0b1d181-13ef-438f-a3d1-7df7e1e36fd5/f6d57627-5434-40f3-8224-5330ce6caa75) _store_ip_allocation /usr/lib/python3.9/site-packages/neutron/db/db_base_plugin_common.py:131
2026-06-12 07:54:24.331 16 DEBUG neutron.db.db_base_plugin_common [req-ae4f53d0-68ba-48aa-86bb-d88691baaa9c 2177e223270d498e9808c95d2fe439f1 72cb557941ca4e74a48d541163fc4393 - default default] Allocated IP 172.20.0.150 (0e09fd9b-d22a-4217-8e18-3202e2c8a9e9/561811b4-4dfc-47f1-b087-d105ddd70032/dc69a3c3-d39c-498b-b877-b32c3e032e27) _store_ip_allocation /usr/lib/python3.9/site-packages/neutron/db/db_base_plugin_common.py:131
2026-06-12 07:54:24.378 18 DEBUG neutron.db.db_base_plugin_common [req-88f24a3d-3043-4118-827f-b18ed5116333 2177e223270d498e9808c95d2fe439f1 72cb557941ca4e74a48d541163fc4393 - default default] Allocated IP 172.21.0.80 (efbef2b2-447a-41f6-bccc-b3f3449695d3/8f3aa053-ca8e-4b03-a5f5-11248933b50d/dc29e4d2-9782-4d81-a75c-c07cdd4d2bdc) _store_ip_allocation /usr/lib/python3.9/site-packages/neutron/db/db_base_plugin_common.py:131
2026-06-12 07:54:24.379 18 DEBUG neutron.db.db_base_plugin_common [req-db4b3865-414e-46c8-9869-1c8584f45226 2177e223270d498e9808c95d2fe439f1 72cb557941ca4e74a48d541163fc4393 - default default] Allocated IP 172.17.0.130 (0a7b4373-c743-482f-8fc5-211e5a064f43/b2e37ffb-de36-43ab-a612-c006b8100af9/b36be0a8-22a8-4ed1-9bb9-c999d4d2c401) _store_ip_allocation /usr/lib/python3.9/site-packages/neutron/db/db_base_plugin_common.py:131
2026-06-12 07:54:24.395 17 DEBUG neutron.db.db_base_plugin_common [req-8c94759f-c5c1-42e4-ab5b-45afca6882ce 2177e223270d498e9808c95d2fe439f1 72cb557941ca4e74a48d541163fc4393 - default default] Allocated IP 172.18.0.140 (449ae195-80b8-47d5-937e-cf2cbc3bce8e/91ac3d23-9744-41c0-b81b-ad6e3e302536/ad60ffcd-63c4-4b28-bb5d-5dc883a67c49) _store_ip_allocation /usr/lib/python3.9/site-packages/neutron/db/db_base_plugin_common.py:131
2026-06-12 07:54:24.491 16 DEBUG neutron_lib.callbacks.manager [req-ae4f53d0-68ba-48aa-86bb-d88691baaa9c 2177e223270d498e9808c95d2fe439f1 72cb557941ca4e74a48d541163fc4393 - default default] Notify callbacks [] for allowed_address_pair, before_create _notify_loop /usr/lib/python3.9/site-packages/neutron_lib/callbacks/manager.py:200
2026-06-12 07:54:24.492 16 DEBUG neutron_lib.callbacks.manager [req-ae4f53d0-68ba-48aa-86bb-d88691baaa9c 2177e223270d498e9808c95d2fe439f1 72cb557941ca4e74a48d541163fc4393 - default default] Notify callbacks [] for port, precommit_create _notify_loop /usr/lib/python3.9/site-packages/neutron_lib/callbacks/manager.py:200
2026-06-12 07:54:24.509 15 DEBUG neutron_lib.callbacks.manager [req-c16190fb-8653-4bf3-b3e1-3e7418a61f82 2177e223270d498e9808c95d2fe439f1 72cb557941ca4e74a48d541163fc4393 - default default] Notify callbacks [] for allowed_address_pair, before_create _notify_loop /usr/lib/python3.9/site-packages/neutron_lib/callbacks/manager.py:200
2026-06-12 07:54:24.510 15 DEBUG neutron_lib.callbacks.manager [req-c16190fb-8653-4bf3-b3e1-3e7418a61f82 2177e223270d498e9808c95d2fe439f1 72cb557941ca4e74a48d541163fc4393 - default default] Notify callbacks [] for port, precommit_create _notify_loop /usr/lib/python3.9/site-packages/neutron_lib/callbacks/manager.py:200
2026-06-12 07:54:24.527 16 DEBUG neutron_lib.callbacks.manager [req-ae4f53d0-68ba-48aa-86bb-d88691baaa9c 2177e223270d498e9808c95d2fe439f1 72cb557941ca4e74a48d541163fc4393 - default default] Notify callbacks ['neutron.plugins.ml2.plugin.SecurityGroupServerNotifierRpcMixin.notify_sg_on_port_change-3700551', 'neutron.plugins.ml2.extensions.dns_integration._create_port_in_external_dns_service-8760602621386', 'neutron.plugins.ml2.ovo_rpc._ObjectChangeHandler.handle_event-351500', 'neutron.api.rpc.agentnotifiers.dhcp_rpc_agent_api.DhcpAgentNotifyAPI._native_event_send_dhcp_notification-676457', 'neutron.services.segments.plugin.NovaSegmentNotifier._notify_port_created_or_deleted-989372'] for port, after_create _notify_loop /usr/lib/python3.9/site-packages/neutron_lib/callbacks/manager.py:200
2026-06-12 07:54:24.534 15 DEBUG neutron.db.provisioning_blocks [req-c16190fb-8653-4bf3-b3e1-3e7418a61f82 2177e223270d498e9808c95d2fe439f1 72cb557941ca4e74a48d541163fc4393 - default default] Transition to ACTIVE for port object f6d57627-5434-40f3-8224-5330ce6caa75 will not be triggered until provisioned by entity DHCP. add_provisioning_component /usr/lib/python3.9/site-packages/neutron/db/provisioning_blocks.py:74
2026-06-12 07:54:24.566 17 DEBUG neutron_lib.callbacks.manager [req-8c94759f-c5c1-42e4-ab5b-45afca6882ce 2177e223270d498e9808c95d2fe439f1 72cb557941ca4e74a48d541163fc4393 - default default] Notify callbacks [] for allowed_address_pair, before_create _notify_loop /usr/lib/python3.9/site-packages/neutron_lib/callbacks/manager.py:200
2026-06-12 07:54:24.567 17 DEBUG neutron_lib.callbacks.manager [req-8c94759f-c5c1-42e4-ab5b-45afca6882ce 2177e223270d498e9808c95d2fe439f1 72cb557941ca4e74a48d541163fc4393 - default default] Notify callbacks [] for port, precommit_create _notify_loop /usr/lib/python3.9/site-packages/neutron_lib/callbacks/manager.py:200
2026-06-12 07:54:24.567 16 DEBUG neutron.api.rpc.handlers.resources_rpc [req-ae4f53d0-68ba-48aa-86bb-d88691baaa9c 2177e223270d498e9808c95d2fe439f1 72cb557941ca4e74a48d541163fc4393 - - -] Pushing event updated for resources: {'Port': ['ID=dc69a3c3-d39c-498b-b877-b32c3e032e27,revision_number=1']} push /usr/lib/python3.9/site-packages/neutron/api/rpc/handlers/resources_rpc.py:237
2026-06-12 07:54:24.579 16 DEBUG neutron.plugins.ml2.drivers.mech_agent [req-ae4f53d0-68ba-48aa-86bb-d88691baaa9c 2177e223270d498e9808c95d2fe439f1 72cb557941ca4e74a48d541163fc4393 - default default] Checking segment: {'id': '0489a6c3-3734-4d23-a43e-21dd77a08b16', 'network_type': 'flat', 'physical_network': 'storage_mgmt_storage_mgmt_subnet', 'segmentation_id': None, 'network_id': '0e09fd9b-d22a-4217-8e18-3202e2c8a9e9'} for mappings: {'ctlplane': 'br-ctlplane'} with network types: ['local', 'flat', 'vlan'] check_segment_for_agent /usr/lib/python3.9/site-packages/neutron/plugins/ml2/drivers/mech_agent.py:343
2026-06-12 07:54:24.579 16 DEBUG neutron.plugins.ml2.drivers.mech_agent [req-ae4f53d0-68ba-48aa-86bb-d88691baaa9c 2177e223270d498e9808c95d2fe439f1 72cb557941ca4e74a48d541163fc4393 - default default] Network 0e09fd9b-d22a-4217-8e18-3202e2c8a9e9 with segment 0489a6c3-3734-4d23-a43e-21dd77a08b16 is connected to physical network storage_mgmt_storage_mgmt_subnet, but agent undercloud.ooo.test reported physical networks {'ctlplane': 'br-ctlplane'}. The physical network must be configured on the agent if binding is to succeed. check_segment_for_agent /usr/lib/python3.9/site-packages/neutron/plugins/ml2/drivers/mech_agent.py:365
2026-06-12 07:54:24.581 16 DEBUG neutron.scheduler.dhcp_agent_scheduler [req-ae4f53d0-68ba-48aa-86bb-d88691baaa9c 2177e223270d498e9808c95d2fe439f1 72cb557941ca4e74a48d541163fc4393 - default default] Network hostable DHCP agents. Network: 0e09fd9b-d22a-4217-8e18-3202e2c8a9e9, hostable agents: [], hosted agents: [] _get_network_hostable_dhcp_agents /usr/lib/python3.9/site-packages/neutron/scheduler/dhcp_agent_scheduler.py:329
2026-06-12 07:54:24.582 16 DEBUG neutron.scheduler.base_scheduler [req-ae4f53d0-68ba-48aa-86bb-d88691baaa9c 2177e223270d498e9808c95d2fe439f1 72cb557941ca4e74a48d541163fc4393 - default default] Resources bound (agent type, host, resource id): schedule /usr/lib/python3.9/site-packages/neutron/scheduler/base_scheduler.py:57
2026-06-12 07:54:24.582 16 WARNING neutron.api.rpc.agentnotifiers.dhcp_rpc_agent_api [req-ae4f53d0-68ba-48aa-86bb-d88691baaa9c 2177e223270d498e9808c95d2fe439f1 72cb557941ca4e74a48d541163fc4393 - default default] Unable to schedule network 0e09fd9b-d22a-4217-8e18-3202e2c8a9e9: no agents available; will retry on subsequent port and subnet creation events.
2026-06-12 07:54:24.582 16 DEBUG neutron.api.rpc.agentnotifiers.dhcp_rpc_agent_api [req-ae4f53d0-68ba-48aa-86bb-d88691baaa9c 2177e223270d498e9808c95d2fe439f1 72cb557941ca4e74a48d541163fc4393 - default default] Network 0e09fd9b-d22a-4217-8e18-3202e2c8a9e9 is not hosted by any dhcp agent _notify_agents /usr/lib/python3.9/site-packages/neutron/api/rpc/agentnotifiers/dhcp_rpc_agent_api.py:228
2026-06-12 07:54:24.592 15 DEBUG neutron_lib.callbacks.manager [req-c16190fb-8653-4bf3-b3e1-3e7418a61f82 2177e223270d498e9808c95d2fe439f1 72cb557941ca4e74a48d541163fc4393 - default default] Notify callbacks ['neutron.plugins.ml2.plugin.SecurityGroupServerNotifierRpcMixin.notify_sg_on_port_change-3700551', 'neutron.plugins.ml2.extensions.dns_integration._create_port_in_external_dns_service-8760602621386', 'neutron.plugins.ml2.ovo_rpc._ObjectChangeHandler.handle_event-351500', 'neutron.api.rpc.agentnotifiers.dhcp_rpc_agent_api.DhcpAgentNotifyAPI._native_event_send_dhcp_notification-676457', 'neutron.services.segments.plugin.NovaSegmentNotifier._notify_port_created_or_deleted-989372'] for port, after_create _notify_loop /usr/lib/python3.9/site-packages/neutron_lib/callbacks/manager.py:200
2026-06-12 07:54:24.607 17 DEBUG neutron_lib.callbacks.manager [req-8c94759f-c5c1-42e4-ab5b-45afca6882ce 2177e223270d498e9808c95d2fe439f1 72cb557941ca4e74a48d541163fc4393 - default default] Notify callbacks ['neutron.plugins.ml2.plugin.SecurityGroupServerNotifierRpcMixin.notify_sg_on_port_change-3700551', 'neutron.plugins.ml2.extensions.dns_integration._create_port_in_external_dns_service-8760602621386', 'neutron.plugins.ml2.ovo_rpc._ObjectChangeHandler.handle_event-351500', 'neutron.api.rpc.agentnotifiers.dhcp_rpc_agent_api.DhcpAgentNotifyAPI._native_event_send_dhcp_notification-676457', 'neutron.services.segments.plugin.NovaSegmentNotifier._notify_port_created_or_deleted-989372'] for port, after_create _notify_loop /usr/lib/python3.9/site-packages/neutron_lib/callbacks/manager.py:200
2026-06-12 07:54:24.609 16 DEBUG neutron.pecan_wsgi.hooks.policy_enforcement [req-ae4f53d0-68ba-48aa-86bb-d88691baaa9c 2177e223270d498e9808c95d2fe439f1 72cb557941ca4e74a48d541163fc4393 - default default] Attributes excluded by policy engine: ['standard_attr_id', 'network'] _exclude_attributes_by_policy /usr/lib/python3.9/site-packages/neutron/pecan_wsgi/hooks/policy_enforcement.py:259
2026-06-12 07:54:24.609 16 DEBUG neutron_lib.callbacks.manager [req-ae4f53d0-68ba-48aa-86bb-d88691baaa9c 2177e223270d498e9808c95d2fe439f1 72cb557941ca4e74a48d541163fc4393 - default default] Notify callbacks ['neutron.notifiers.nova.Notifier._send_nova_notification-179977', 'neutron.api.rpc.agentnotifiers.dhcp_rpc_agent_api.DhcpAgentNotifyAPI._send_dhcp_notification-676443'] for port, before_response _notify_loop /usr/lib/python3.9/site-packages/neutron_lib/callbacks/manager.py:200
2026-06-12 07:54:24.621 16 INFO neutron.wsgi [req-ae4f53d0-68ba-48aa-86bb-d88691baaa9c 2177e223270d498e9808c95d2fe439f1 72cb557941ca4e74a48d541163fc4393 - default default] 192.168.122.99,192.168.122.100 "POST /v2.0/ports HTTP/1.1" status: 201 len: 1155 time: 0.4178233
2026-06-12 07:54:24.626 16 DEBUG neutron.services.tag.tag_plugin [req-85e1b877-316f-4abe-b8ef-a8832f662f64 2177e223270d498e9808c95d2fe439f1 72cb557941ca4e74a48d541163fc4393 - default default] neutron.services.tag.tag_plugin.TagPlugin method update_tags called with arguments (, 'ports', 'dc69a3c3-d39c-498b-b877-b32c3e032e27', {'tags': ['tripleo_stack_name=overcloud', 'tripleo_vip_net=storage_mgmt']}) {} wrapper /usr/lib/python3.9/site-packages/oslo_log/helpers.py:65
2026-06-12 07:54:24.639 18 DEBUG neutron_lib.callbacks.manager [req-88f24a3d-3043-4118-827f-b18ed5116333 2177e223270d498e9808c95d2fe439f1 72cb557941ca4e74a48d541163fc4393 - default default] Notify callbacks [] for allowed_address_pair, before_create _notify_loop /usr/lib/python3.9/site-packages/neutron_lib/callbacks/manager.py:200
2026-06-12 07:54:24.640 18 DEBUG neutron_lib.callbacks.manager [req-88f24a3d-3043-4118-827f-b18ed5116333 2177e223270d498e9808c95d2fe439f1 72cb557941ca4e74a48d541163fc4393 - default default] Notify callbacks [] for port, precommit_create _notify_loop /usr/lib/python3.9/site-packages/neutron_lib/callbacks/manager.py:200
2026-06-12 07:54:24.642 15 DEBUG neutron.scheduler.dhcp_agent_scheduler [req-c16190fb-8653-4bf3-b3e1-3e7418a61f82 2177e223270d498e9808c95d2fe439f1 72cb557941ca4e74a48d541163fc4393 - default default] Network 2eb08cc5-2c3c-4802-9874-7b3b9e6cd616 is already hosted by enough agents. _get_dhcp_agents_hosting_network /usr/lib/python3.9/site-packages/neutron/scheduler/dhcp_agent_scheduler.py:275
2026-06-12 07:54:24.643 18 DEBUG neutron_lib.callbacks.manager [req-db4b3865-414e-46c8-9869-1c8584f45226 2177e223270d498e9808c95d2fe439f1 72cb557941ca4e74a48d541163fc4393 - default default] Notify callbacks [] for allowed_address_pair, before_create _notify_loop /usr/lib/python3.9/site-packages/neutron_lib/callbacks/manager.py:200
2026-06-12 07:54:24.643 18 DEBUG neutron_lib.callbacks.manager [req-db4b3865-414e-46c8-9869-1c8584f45226 2177e223270d498e9808c95d2fe439f1 72cb557941ca4e74a48d541163fc4393 - default default] Notify callbacks [] for port, precommit_create _notify_loop /usr/lib/python3.9/site-packages/neutron_lib/callbacks/manager.py:200
2026-06-12 07:54:24.643 15 DEBUG neutron.scheduler.base_scheduler [req-c16190fb-8653-4bf3-b3e1-3e7418a61f82 2177e223270d498e9808c95d2fe439f1 72cb557941ca4e74a48d541163fc4393 - default default] Resources bound (agent type, host, resource id): schedule /usr/lib/python3.9/site-packages/neutron/scheduler/base_scheduler.py:57
2026-06-12 07:54:24.665 15 DEBUG neutron.api.rpc.handlers.resources_rpc [req-c16190fb-8653-4bf3-b3e1-3e7418a61f82 2177e223270d498e9808c95d2fe439f1 72cb557941ca4e74a48d541163fc4393 - - -] Pushing event updated for resources: {'Port': ['ID=f6d57627-5434-40f3-8224-5330ce6caa75,revision_number=1']} push /usr/lib/python3.9/site-packages/neutron/api/rpc/handlers/resources_rpc.py:237
2026-06-12 07:54:24.673 15 DEBUG neutron.pecan_wsgi.hooks.policy_enforcement [req-c16190fb-8653-4bf3-b3e1-3e7418a61f82 2177e223270d498e9808c95d2fe439f1 72cb557941ca4e74a48d541163fc4393 - default default] Attributes excluded by policy engine: ['standard_attr_id', 'network'] _exclude_attributes_by_policy /usr/lib/python3.9/site-packages/neutron/pecan_wsgi/hooks/policy_enforcement.py:259
2026-06-12 07:54:24.674 15 DEBUG neutron_lib.callbacks.manager [req-c16190fb-8653-4bf3-b3e1-3e7418a61f82 2177e223270d498e9808c95d2fe439f1 72cb557941ca4e74a48d541163fc4393 - default default] Notify callbacks ['neutron.notifiers.nova.Notifier._send_nova_notification-179977', 'neutron.api.rpc.agentnotifiers.dhcp_rpc_agent_api.DhcpAgentNotifyAPI._send_dhcp_notification-676443'] for port, before_response _notify_loop /usr/lib/python3.9/site-packages/neutron_lib/callbacks/manager.py:200
2026-06-12 07:54:24.674 18 DEBUG neutron_lib.callbacks.manager [req-db4b3865-414e-46c8-9869-1c8584f45226 2177e223270d498e9808c95d2fe439f1 72cb557941ca4e74a48d541163fc4393 - default default] Notify callbacks ['neutron.plugins.ml2.plugin.SecurityGroupServerNotifierRpcMixin.notify_sg_on_port_change-3700551', 'neutron.plugins.ml2.extensions.dns_integration._create_port_in_external_dns_service-8760602621386', 'neutron.plugins.ml2.ovo_rpc._ObjectChangeHandler.handle_event-351500', 'neutron.api.rpc.agentnotifiers.dhcp_rpc_agent_api.DhcpAgentNotifyAPI._native_event_send_dhcp_notification-676457', 'neutron.services.segments.plugin.NovaSegmentNotifier._notify_port_created_or_deleted-989372'] for port, after_create _notify_loop /usr/lib/python3.9/site-packages/neutron_lib/callbacks/manager.py:200
2026-06-12 07:54:24.688 15 INFO neutron.wsgi [req-c16190fb-8653-4bf3-b3e1-3e7418a61f82 2177e223270d498e9808c95d2fe439f1 72cb557941ca4e74a48d541163fc4393 - default default] 192.168.122.99,192.168.122.100 "POST /v2.0/ports HTTP/1.1" status: 201 len: 1155 time: 0.5771158
2026-06-12 07:54:24.689 16 INFO neutron.wsgi [req-85e1b877-316f-4abe-b8ef-a8832f662f64 2177e223270d498e9808c95d2fe439f1 72cb557941ca4e74a48d541163fc4393 - default default] 192.168.122.99,192.168.122.100 "PUT /v2.0/ports/dc69a3c3-d39c-498b-b877-b32c3e032e27/tags HTTP/1.1" status: 200 len: 248 time: 0.0652294
2026-06-12 07:54:24.694 18 DEBUG neutron_lib.callbacks.manager [req-88f24a3d-3043-4118-827f-b18ed5116333 2177e223270d498e9808c95d2fe439f1 72cb557941ca4e74a48d541163fc4393 - default default] Notify callbacks ['neutron.plugins.ml2.plugin.SecurityGroupServerNotifierRpcMixin.notify_sg_on_port_change-3700551', 'neutron.plugins.ml2.extensions.dns_integration._create_port_in_external_dns_service-8760602621386', 'neutron.plugins.ml2.ovo_rpc._ObjectChangeHandler.handle_event-351500', 'neutron.api.rpc.agentnotifiers.dhcp_rpc_agent_api.DhcpAgentNotifyAPI._native_event_send_dhcp_notification-676457', 'neutron.services.segments.plugin.NovaSegmentNotifier._notify_port_created_or_deleted-989372'] for port, after_create _notify_loop /usr/lib/python3.9/site-packages/neutron_lib/callbacks/manager.py:200
2026-06-12 07:54:24.697 16 DEBUG neutron.services.tag.tag_plugin [req-b0ed3ea0-06c6-42c8-a08d-7fabb5379cce 2177e223270d498e9808c95d2fe439f1 72cb557941ca4e74a48d541163fc4393 - default default] neutron.services.tag.tag_plugin.TagPlugin method update_tags called with arguments (, 'ports', 'f6d57627-5434-40f3-8224-5330ce6caa75', {'tags': ['tripleo_stack_name=overcloud', 'tripleo_vip_net=ctlplane']}) {} wrapper /usr/lib/python3.9/site-packages/oslo_log/helpers.py:65
2026-06-12 07:54:24.719 17 DEBUG neutron.api.rpc.handlers.resources_rpc [req-8c94759f-c5c1-42e4-ab5b-45afca6882ce 2177e223270d498e9808c95d2fe439f1 72cb557941ca4e74a48d541163fc4393 - - -] Pushing event updated for resources: {'Port': ['ID=ad60ffcd-63c4-4b28-bb5d-5dc883a67c49,revision_number=1']} push /usr/lib/python3.9/site-packages/neutron/api/rpc/handlers/resources_rpc.py:237
2026-06-12 07:54:24.721 17 DEBUG neutron.plugins.ml2.drivers.mech_agent [req-8c94759f-c5c1-42e4-ab5b-45afca6882ce 2177e223270d498e9808c95d2fe439f1 72cb557941ca4e74a48d541163fc4393 - default default] Checking segment: {'id': '0714ecc3-0027-4ecb-b5e0-30006d5b7c88', 'network_type': 'flat', 'physical_network': 'storage_storage_subnet', 'segmentation_id': None, 'network_id': '449ae195-80b8-47d5-937e-cf2cbc3bce8e'} for mappings: {'ctlplane': 'br-ctlplane'} with network types: ['local', 'flat', 'vlan'] check_segment_for_agent /usr/lib/python3.9/site-packages/neutron/plugins/ml2/drivers/mech_agent.py:343
2026-06-12 07:54:24.722 17 DEBUG neutron.plugins.ml2.drivers.mech_agent [req-8c94759f-c5c1-42e4-ab5b-45afca6882ce 2177e223270d498e9808c95d2fe439f1 72cb557941ca4e74a48d541163fc4393 - default default] Network 449ae195-80b8-47d5-937e-cf2cbc3bce8e with segment 0714ecc3-0027-4ecb-b5e0-30006d5b7c88 is connected to physical network storage_storage_subnet, but agent undercloud.ooo.test reported physical networks {'ctlplane': 'br-ctlplane'}. The physical network must be configured on the agent if binding is to succeed. check_segment_for_agent /usr/lib/python3.9/site-packages/neutron/plugins/ml2/drivers/mech_agent.py:365
2026-06-12 07:54:24.723 18 DEBUG neutron.plugins.ml2.drivers.mech_agent [req-db4b3865-414e-46c8-9869-1c8584f45226 2177e223270d498e9808c95d2fe439f1 72cb557941ca4e74a48d541163fc4393 - default default] Checking segment: {'id': 'dbfe9ba4-0a19-44c5-95b5-28b52c2887c6', 'network_type': 'flat', 'physical_network': 'internal_api_internal_api_subnet', 'segmentation_id': None, 'network_id': '0a7b4373-c743-482f-8fc5-211e5a064f43'} for mappings: {'ctlplane': 'br-ctlplane'} with network types: ['local', 'flat', 'vlan'] check_segment_for_agent /usr/lib/python3.9/site-packages/neutron/plugins/ml2/drivers/mech_agent.py:343
2026-06-12 07:54:24.723 18 DEBUG neutron.plugins.ml2.drivers.mech_agent [req-db4b3865-414e-46c8-9869-1c8584f45226 2177e223270d498e9808c95d2fe439f1 72cb557941ca4e74a48d541163fc4393 - default default] Network 0a7b4373-c743-482f-8fc5-211e5a064f43 with segment dbfe9ba4-0a19-44c5-95b5-28b52c2887c6 is connected to physical network internal_api_internal_api_subnet, but agent undercloud.ooo.test reported physical networks {'ctlplane': 'br-ctlplane'}. The physical network must be configured on the agent if binding is to succeed. check_segment_for_agent /usr/lib/python3.9/site-packages/neutron/plugins/ml2/drivers/mech_agent.py:365
2026-06-12 07:54:24.726 17 DEBUG neutron.api.rpc.callbacks.version_manager [req-8c94759f-c5c1-42e4-ab5b-45afca6882ce 2177e223270d498e9808c95d2fe439f1 72cb557941ca4e74a48d541163fc4393 - - -] Version for resource type AddressGroup changed None to 1.2 on consumer Open vSwitch agent@undercloud.ooo.test _set_version /usr/lib/python3.9/site-packages/neutron/api/rpc/callbacks/version_manager.py:113
2026-06-12 07:54:24.726 17 DEBUG neutron.api.rpc.callbacks.version_manager [req-8c94759f-c5c1-42e4-ab5b-45afca6882ce 2177e223270d498e9808c95d2fe439f1 72cb557941ca4e74a48d541163fc4393 - - -] Version for resource type ConntrackHelper changed None to 1.0 on consumer Open vSwitch agent@undercloud.ooo.test _set_version /usr/lib/python3.9/site-packages/neutron/api/rpc/callbacks/version_manager.py:113
2026-06-12 07:54:24.726 17 DEBUG neutron.api.rpc.callbacks.version_manager [req-8c94759f-c5c1-42e4-ab5b-45afca6882ce 2177e223270d498e9808c95d2fe439f1 72cb557941ca4e74a48d541163fc4393 - - -] Version for resource type Log changed None to 1.0 on consumer Open vSwitch agent@undercloud.ooo.test _set_version /usr/lib/python3.9/site-packages/neutron/api/rpc/callbacks/version_manager.py:113
