2026-06-09 08:05:01.172 17 INFO neutron.wsgi [req-b6cd51e6-3ef3-4008-9656-f73ec5bbf70f e774064b842544f9ba4c82bc99eed506 1d7916dd4a974a2d899c30e0178c5585 - default default] 192.168.122.99,192.168.122.100 "GET /v2.0/ports?network_id=3af45c7e-c799-4ead-9297-d754df1abeb1&tags=tripleo_stack_name%3Dovercloud HTTP/1.1" status: 200 len: 2860 time: 0.0559170
2026-06-09 08:05:01.231 17 DEBUG neutron.pecan_wsgi.hooks.policy_enforcement [req-5d9f9812-32ef-42b3-bb7a-8912119cc189 e774064b842544f9ba4c82bc99eed506 1d7916dd4a974a2d899c30e0178c5585 - default default] Attributes excluded by policy engine: ['standard_attr_id'] _exclude_attributes_by_policy /usr/lib/python3.9/site-packages/neutron/pecan_wsgi/hooks/policy_enforcement.py:259
2026-06-09 08:05:01.231 17 DEBUG neutron.pecan_wsgi.hooks.policy_enforcement [req-5d9f9812-32ef-42b3-bb7a-8912119cc189 e774064b842544f9ba4c82bc99eed506 1d7916dd4a974a2d899c30e0178c5585 - default default] Attributes excluded by policy engine: ['standard_attr_id'] _exclude_attributes_by_policy /usr/lib/python3.9/site-packages/neutron/pecan_wsgi/hooks/policy_enforcement.py:259
2026-06-09 08:05:01.231 17 DEBUG neutron.pecan_wsgi.hooks.policy_enforcement [req-5d9f9812-32ef-42b3-bb7a-8912119cc189 e774064b842544f9ba4c82bc99eed506 1d7916dd4a974a2d899c30e0178c5585 - default default] Attributes excluded by policy engine: ['standard_attr_id'] _exclude_attributes_by_policy /usr/lib/python3.9/site-packages/neutron/pecan_wsgi/hooks/policy_enforcement.py:259
2026-06-09 08:05:01.233 17 INFO neutron.wsgi [req-5d9f9812-32ef-42b3-bb7a-8912119cc189 e774064b842544f9ba4c82bc99eed506 1d7916dd4a974a2d899c30e0178c5585 - default default] 192.168.122.99,192.168.122.100 "GET /v2.0/ports?network_id=3af45c7e-c799-4ead-9297-d754df1abeb1&tags=tripleo_stack_name%3Dovercloud HTTP/1.1" status: 200 len: 2860 time: 0.0559576
2026-06-09 08:05:01.281 20 DEBUG neutron.api.rpc.handlers.dhcp_rpc [req-66f89dd4-c70b-40b3-82db-22bf038b8f62 - - - - -] Network 3af45c7e-c799-4ead-9297-d754df1abeb1 requested from undercloud.ooo.test get_network_info /usr/lib/python3.9/site-packages/neutron/api/rpc/handlers/dhcp_rpc.py:213
2026-06-09 08:05:01.434 16 DEBUG neutron.wsgi [-] (16) accepted ('192.168.122.100', 57372) server /usr/lib/python3.9/site-packages/eventlet/wsgi.py:992
2026-06-09 08:05:01.436 16 INFO neutron.wsgi [-] 192.168.122.100 "GET /healthcheck HTTP/1.0" status: 200 len: 137 time: 0.0013742
2026-06-09 08:05:03.343 16 DEBUG neutron.wsgi [-] (16) accepted ('192.168.122.100', 57384) server /usr/lib/python3.9/site-packages/eventlet/wsgi.py:992
2026-06-09 08:05:03.407 16 INFO neutron.pecan_wsgi.hooks.translation [req-fde14adc-903d-4ce1-8e45-aa4f66b0987c e774064b842544f9ba4c82bc99eed506 1d7916dd4a974a2d899c30e0178c5585 - default default] GET failed (client error): The resource could not be found.
2026-06-09 08:05:03.408 16 INFO neutron.wsgi [req-fde14adc-903d-4ce1-8e45-aa4f66b0987c e774064b842544f9ba4c82bc99eed506 1d7916dd4a974a2d899c30e0178c5585 - default default] 192.168.122.99,192.168.122.100 "GET /v2.0/networks/ovn_mac_addr_net HTTP/1.1" status: 404 len: 300 time: 0.0639651
2026-06-09 08:05:03.438 17 DEBUG neutron.wsgi [-] (17) accepted ('192.168.122.100', 57388) server /usr/lib/python3.9/site-packages/eventlet/wsgi.py:992
2026-06-09 08:05:03.444 17 INFO neutron.wsgi [-] 192.168.122.100 "GET /healthcheck HTTP/1.0" status: 200 len: 137 time: 0.0035024
2026-06-09 08:05:03.474 16 DEBUG neutron.pecan_wsgi.hooks.policy_enforcement [req-8cd449c9-8193-46ab-894f-f4d18a1a6a9e e774064b842544f9ba4c82bc99eed506 1d7916dd4a974a2d899c30e0178c5585 - default default] Attributes excluded by policy engine: ['standard_attr_id', 'vlan_transparent'] _exclude_attributes_by_policy /usr/lib/python3.9/site-packages/neutron/pecan_wsgi/hooks/policy_enforcement.py:259
2026-06-09 08:05:03.475 16 INFO neutron.wsgi [req-8cd449c9-8193-46ab-894f-f4d18a1a6a9e e774064b842544f9ba4c82bc99eed506 1d7916dd4a974a2d899c30e0178c5585 - default default] 192.168.122.99,192.168.122.100 "GET /v2.0/networks?name=ovn_mac_addr_net HTTP/1.1" status: 200 len: 903 time: 0.0621827
2026-06-09 08:05:03.498 18 DEBUG neutron.wsgi [-] (18) accepted ('192.168.122.100', 57400) server /usr/lib/python3.9/site-packages/eventlet/wsgi.py:992
2026-06-09 08:05:03.501 17 DEBUG neutron.wsgi [-] (17) accepted ('192.168.122.100', 57408) server /usr/lib/python3.9/site-packages/eventlet/wsgi.py:992
2026-06-09 08:05:03.527 16 INFO neutron.wsgi [req-b1ed9a66-6930-407b-aaef-0379d24fc9b8 e774064b842544f9ba4c82bc99eed506 1d7916dd4a974a2d899c30e0178c5585 - default default] 192.168.122.99,192.168.122.100 "GET /v2.0/ports?name=np0000068149_ovn_physnet_datacentre&network_id=3af45c7e-c799-4ead-9297-d754df1abeb1&tags=tripleo_stack_name%3Dovercloud HTTP/1.1" status: 200 len: 186 time: 0.0432770
2026-06-09 08:05:03.538 16 DEBUG neutron.api.v2.base [req-801c3724-3991-4003-92e3-6e8750e12ae6 e774064b842544f9ba4c82bc99eed506 1d7916dd4a974a2d899c30e0178c5585 - default default] Request body: {'port': {'dns_name': 'np0000068149', 'name': 'np0000068149_ovn_physnet_datacentre', 'network_id': '3af45c7e-c799-4ead-9297-d754df1abeb1'}} prepare_request_body /usr/lib/python3.9/site-packages/neutron/api/v2/base.py:729
2026-06-09 08:05:03.545 18 INFO neutron.wsgi [req-4313a701-0c58-4a38-9159-2929f3fad0fd e774064b842544f9ba4c82bc99eed506 1d7916dd4a974a2d899c30e0178c5585 - default default] 192.168.122.99,192.168.122.100 "GET /v2.0/ports?name=np0000068151_ovn_physnet_datacentre&network_id=3af45c7e-c799-4ead-9297-d754df1abeb1&tags=tripleo_stack_name%3Dovercloud HTTP/1.1" status: 200 len: 186 time: 0.0454018
2026-06-09 08:05:03.551 18 DEBUG neutron.api.v2.base [req-4acf6909-a509-4b42-b864-52b9a8b9a498 e774064b842544f9ba4c82bc99eed506 1d7916dd4a974a2d899c30e0178c5585 - default default] Request body: {'port': {'dns_name': 'np0000068151', 'name': 'np0000068151_ovn_physnet_datacentre', 'network_id': '3af45c7e-c799-4ead-9297-d754df1abeb1'}} prepare_request_body /usr/lib/python3.9/site-packages/neutron/api/v2/base.py:729
2026-06-09 08:05:03.554 17 INFO neutron.wsgi [req-b5c4f470-0564-43b8-8c90-1443d37e8d1f e774064b842544f9ba4c82bc99eed506 1d7916dd4a974a2d899c30e0178c5585 - default default] 192.168.122.99,192.168.122.100 "GET /v2.0/ports?name=np0000068150_ovn_physnet_datacentre&network_id=3af45c7e-c799-4ead-9297-d754df1abeb1&tags=tripleo_stack_name%3Dovercloud HTTP/1.1" status: 200 len: 186 time: 0.0513365
2026-06-09 08:05:03.560 18 DEBUG neutron.pecan_wsgi.hooks.quota_enforcement [req-4acf6909-a509-4b42-b864-52b9a8b9a498 e774064b842544f9ba4c82bc99eed506 1d7916dd4a974a2d899c30e0178c5585 - default default] Made reservation on behalf of 1d7916dd4a974a2d899c30e0178c5585 for: {'port': 1} before /usr/lib/python3.9/site-packages/neutron/pecan_wsgi/hooks/quota_enforcement.py:53
2026-06-09 08:05:03.562 18 DEBUG neutron_lib.callbacks.manager [req-4acf6909-a509-4b42-b864-52b9a8b9a498 e774064b842544f9ba4c82bc99eed506 1d7916dd4a974a2d899c30e0178c5585 - default default] Notify callbacks ['neutron.plugins.ml2.plugin.SecurityGroupDbMixin._ensure_default_security_group_handler-754715'] for port, before_create _notify_loop /usr/lib/python3.9/site-packages/neutron_lib/callbacks/manager.py:200
2026-06-09 08:05:03.563 16 DEBUG neutron.pecan_wsgi.hooks.quota_enforcement [req-801c3724-3991-4003-92e3-6e8750e12ae6 e774064b842544f9ba4c82bc99eed506 1d7916dd4a974a2d899c30e0178c5585 - default default] Made reservation on behalf of 1d7916dd4a974a2d899c30e0178c5585 for: {'port': 1} before /usr/lib/python3.9/site-packages/neutron/pecan_wsgi/hooks/quota_enforcement.py:53
2026-06-09 08:05:03.564 17 DEBUG neutron.api.v2.base [req-7bd636fa-873e-41c9-85aa-210a98b2e2a9 e774064b842544f9ba4c82bc99eed506 1d7916dd4a974a2d899c30e0178c5585 - default default] Request body: {'port': {'dns_name': 'np0000068150', 'name': 'np0000068150_ovn_physnet_datacentre', 'network_id': '3af45c7e-c799-4ead-9297-d754df1abeb1'}} prepare_request_body /usr/lib/python3.9/site-packages/neutron/api/v2/base.py:729
2026-06-09 08:05:03.566 16 DEBUG neutron_lib.callbacks.manager [req-801c3724-3991-4003-92e3-6e8750e12ae6 e774064b842544f9ba4c82bc99eed506 1d7916dd4a974a2d899c30e0178c5585 - default default] Notify callbacks ['neutron.plugins.ml2.plugin.SecurityGroupDbMixin._ensure_default_security_group_handler-754715'] for port, before_create _notify_loop /usr/lib/python3.9/site-packages/neutron_lib/callbacks/manager.py:200
2026-06-09 08:05:03.577 18 DEBUG neutron.notifiers.nova [req-4acf6909-a509-4b42-b864-52b9a8b9a498 e774064b842544f9ba4c82bc99eed506 1d7916dd4a974a2d899c30e0178c5585 - default default] device_id is not set on port 9e295bce-7bf3-409e-9684-adbdbb802864 yet. _can_notify /usr/lib/python3.9/site-packages/neutron/notifiers/nova.py:201
2026-06-09 08:05:03.584 17 DEBUG neutron.pecan_wsgi.hooks.quota_enforcement [req-7bd636fa-873e-41c9-85aa-210a98b2e2a9 e774064b842544f9ba4c82bc99eed506 1d7916dd4a974a2d899c30e0178c5585 - default default] Made reservation on behalf of 1d7916dd4a974a2d899c30e0178c5585 for: {'port': 1} before /usr/lib/python3.9/site-packages/neutron/pecan_wsgi/hooks/quota_enforcement.py:53
2026-06-09 08:05:03.586 17 DEBUG neutron_lib.callbacks.manager [req-7bd636fa-873e-41c9-85aa-210a98b2e2a9 e774064b842544f9ba4c82bc99eed506 1d7916dd4a974a2d899c30e0178c5585 - default default] Notify callbacks ['neutron.plugins.ml2.plugin.SecurityGroupDbMixin._ensure_default_security_group_handler-754715'] for port, before_create _notify_loop /usr/lib/python3.9/site-packages/neutron_lib/callbacks/manager.py:200
2026-06-09 08:05:03.602 16 DEBUG neutron.notifiers.nova [req-801c3724-3991-4003-92e3-6e8750e12ae6 e774064b842544f9ba4c82bc99eed506 1d7916dd4a974a2d899c30e0178c5585 - default default] device_id is not set on port 2fac818b-9201-4d62-8a12-36c839b8bc15 yet. _can_notify /usr/lib/python3.9/site-packages/neutron/notifiers/nova.py:201
2026-06-09 08:05:03.615 17 DEBUG neutron.notifiers.nova [req-7bd636fa-873e-41c9-85aa-210a98b2e2a9 e774064b842544f9ba4c82bc99eed506 1d7916dd4a974a2d899c30e0178c5585 - default default] device_id is not set on port ff88e390-1eb1-4425-a23f-8f973167b87c yet. _can_notify /usr/lib/python3.9/site-packages/neutron/notifiers/nova.py:201
2026-06-09 08:05:03.738 18 DEBUG neutron_lib.callbacks.manager [req-4acf6909-a509-4b42-b864-52b9a8b9a498 e774064b842544f9ba4c82bc99eed506 1d7916dd4a974a2d899c30e0178c5585 - default default] Notify callbacks [] for allowed_address_pair, before_create _notify_loop /usr/lib/python3.9/site-packages/neutron_lib/callbacks/manager.py:200
2026-06-09 08:05:03.738 18 DEBUG neutron_lib.callbacks.manager [req-4acf6909-a509-4b42-b864-52b9a8b9a498 e774064b842544f9ba4c82bc99eed506 1d7916dd4a974a2d899c30e0178c5585 - default default] Notify callbacks [] for port, precommit_create _notify_loop /usr/lib/python3.9/site-packages/neutron_lib/callbacks/manager.py:200
2026-06-09 08:05:03.754 18 DEBUG neutron_lib.callbacks.manager [req-4acf6909-a509-4b42-b864-52b9a8b9a498 e774064b842544f9ba4c82bc99eed506 1d7916dd4a974a2d899c30e0178c5585 - default default] Notify callbacks ['neutron.plugins.ml2.plugin.SecurityGroupServerNotifierRpcMixin.notify_sg_on_port_change-552787', 'neutron.plugins.ml2.extensions.dns_integration._create_port_in_external_dns_service-8765162354104', 'neutron.plugins.ml2.ovo_rpc._ObjectChangeHandler.handle_event-350208', 'neutron.api.rpc.agentnotifiers.dhcp_rpc_agent_api.DhcpAgentNotifyAPI._native_event_send_dhcp_notification-3822439', 'neutron.services.segments.plugin.NovaSegmentNotifier._notify_port_created_or_deleted-4135615'] for port, after_create _notify_loop /usr/lib/python3.9/site-packages/neutron_lib/callbacks/manager.py:200
2026-06-09 08:05:03.771 16 DEBUG neutron_lib.callbacks.manager [req-801c3724-3991-4003-92e3-6e8750e12ae6 e774064b842544f9ba4c82bc99eed506 1d7916dd4a974a2d899c30e0178c5585 - default default] Notify callbacks [] for allowed_address_pair, before_create _notify_loop /usr/lib/python3.9/site-packages/neutron_lib/callbacks/manager.py:200
2026-06-09 08:05:03.771 16 DEBUG neutron_lib.callbacks.manager [req-801c3724-3991-4003-92e3-6e8750e12ae6 e774064b842544f9ba4c82bc99eed506 1d7916dd4a974a2d899c30e0178c5585 - default default] Notify callbacks [] for port, precommit_create _notify_loop /usr/lib/python3.9/site-packages/neutron_lib/callbacks/manager.py:200
2026-06-09 08:05:03.782 18 DEBUG neutron.scheduler.dhcp_agent_scheduler [req-4acf6909-a509-4b42-b864-52b9a8b9a498 e774064b842544f9ba4c82bc99eed506 1d7916dd4a974a2d899c30e0178c5585 - default default] Network 3af45c7e-c799-4ead-9297-d754df1abeb1 is already hosted by enough agents. _get_dhcp_agents_hosting_network /usr/lib/python3.9/site-packages/neutron/scheduler/dhcp_agent_scheduler.py:275
2026-06-09 08:05:03.783 18 DEBUG neutron.scheduler.base_scheduler [req-4acf6909-a509-4b42-b864-52b9a8b9a498 e774064b842544f9ba4c82bc99eed506 1d7916dd4a974a2d899c30e0178c5585 - default default] Resources bound (agent type, host, resource id): schedule /usr/lib/python3.9/site-packages/neutron/scheduler/base_scheduler.py:57
2026-06-09 08:05:03.786 16 DEBUG neutron_lib.callbacks.manager [req-801c3724-3991-4003-92e3-6e8750e12ae6 e774064b842544f9ba4c82bc99eed506 1d7916dd4a974a2d899c30e0178c5585 - default default] Notify callbacks ['neutron.plugins.ml2.plugin.SecurityGroupServerNotifierRpcMixin.notify_sg_on_port_change-552787', 'neutron.plugins.ml2.extensions.dns_integration._create_port_in_external_dns_service-8765162354104', 'neutron.plugins.ml2.ovo_rpc._ObjectChangeHandler.handle_event-350208', 'neutron.api.rpc.agentnotifiers.dhcp_rpc_agent_api.DhcpAgentNotifyAPI._native_event_send_dhcp_notification-3822439', 'neutron.services.segments.plugin.NovaSegmentNotifier._notify_port_created_or_deleted-4135615'] for port, after_create _notify_loop /usr/lib/python3.9/site-packages/neutron_lib/callbacks/manager.py:200
2026-06-09 08:05:03.788 18 DEBUG neutron.pecan_wsgi.hooks.policy_enforcement [req-4acf6909-a509-4b42-b864-52b9a8b9a498 e774064b842544f9ba4c82bc99eed506 1d7916dd4a974a2d899c30e0178c5585 - default default] Attributes excluded by policy engine: ['standard_attr_id', 'network'] _exclude_attributes_by_policy /usr/lib/python3.9/site-packages/neutron/pecan_wsgi/hooks/policy_enforcement.py:259
2026-06-09 08:05:03.789 18 DEBUG neutron_lib.callbacks.manager [req-4acf6909-a509-4b42-b864-52b9a8b9a498 e774064b842544f9ba4c82bc99eed506 1d7916dd4a974a2d899c30e0178c5585 - default default] Notify callbacks ['neutron.notifiers.nova.Notifier._send_nova_notification-151118', 'neutron.api.rpc.agentnotifiers.dhcp_rpc_agent_api.DhcpAgentNotifyAPI._send_dhcp_notification-3822421'] for port, before_response _notify_loop /usr/lib/python3.9/site-packages/neutron_lib/callbacks/manager.py:200
2026-06-09 08:05:03.791 17 DEBUG neutron_lib.callbacks.manager [req-7bd636fa-873e-41c9-85aa-210a98b2e2a9 e774064b842544f9ba4c82bc99eed506 1d7916dd4a974a2d899c30e0178c5585 - default default] Notify callbacks [] for allowed_address_pair, before_create _notify_loop /usr/lib/python3.9/site-packages/neutron_lib/callbacks/manager.py:200
2026-06-09 08:05:03.791 17 DEBUG neutron_lib.callbacks.manager [req-7bd636fa-873e-41c9-85aa-210a98b2e2a9 e774064b842544f9ba4c82bc99eed506 1d7916dd4a974a2d899c30e0178c5585 - default default] Notify callbacks [] for port, precommit_create _notify_loop /usr/lib/python3.9/site-packages/neutron_lib/callbacks/manager.py:200
2026-06-09 08:05:03.793 18 DEBUG neutron.api.rpc.handlers.resources_rpc [req-4acf6909-a509-4b42-b864-52b9a8b9a498 e774064b842544f9ba4c82bc99eed506 1d7916dd4a974a2d899c30e0178c5585 - - -] Pushing event updated for resources: {'Port': ['ID=9e295bce-7bf3-409e-9684-adbdbb802864,revision_number=1']} push /usr/lib/python3.9/site-packages/neutron/api/rpc/handlers/resources_rpc.py:237
2026-06-09 08:05:03.803 18 INFO neutron.wsgi [req-4acf6909-a509-4b42-b864-52b9a8b9a498 e774064b842544f9ba4c82bc99eed506 1d7916dd4a974a2d899c30e0178c5585 - default default] 192.168.122.99,192.168.122.100 "POST /v2.0/ports HTTP/1.1" status: 201 len: 1016 time: 0.2538221
2026-06-09 08:05:03.812 18 DEBUG neutron.services.tag.tag_plugin [req-f5a68d58-3757-46ab-a206-446a5c7542a0 e774064b842544f9ba4c82bc99eed506 1d7916dd4a974a2d899c30e0178c5585 - default default] neutron.services.tag.tag_plugin.TagPlugin method update_tags called with arguments (, 'ports', '9e295bce-7bf3-409e-9684-adbdbb802864', {'tags': ['tripleo_stack_name=overcloud', 'tripleo_ovn_physnet=datacentre']}) {} wrapper /usr/lib/python3.9/site-packages/oslo_log/helpers.py:65
2026-06-09 08:05:03.813 17 DEBUG neutron_lib.callbacks.manager [req-7bd636fa-873e-41c9-85aa-210a98b2e2a9 e774064b842544f9ba4c82bc99eed506 1d7916dd4a974a2d899c30e0178c5585 - default default] Notify callbacks ['neutron.plugins.ml2.plugin.SecurityGroupServerNotifierRpcMixin.notify_sg_on_port_change-552787', 'neutron.plugins.ml2.extensions.dns_integration._create_port_in_external_dns_service-8765162354104', 'neutron.plugins.ml2.ovo_rpc._ObjectChangeHandler.handle_event-350208', 'neutron.api.rpc.agentnotifiers.dhcp_rpc_agent_api.DhcpAgentNotifyAPI._native_event_send_dhcp_notification-3822439', 'neutron.services.segments.plugin.NovaSegmentNotifier._notify_port_created_or_deleted-4135615'] for port, after_create _notify_loop /usr/lib/python3.9/site-packages/neutron_lib/callbacks/manager.py:200
2026-06-09 08:05:03.820 16 DEBUG neutron.scheduler.dhcp_agent_scheduler [req-801c3724-3991-4003-92e3-6e8750e12ae6 e774064b842544f9ba4c82bc99eed506 1d7916dd4a974a2d899c30e0178c5585 - default default] Network 3af45c7e-c799-4ead-9297-d754df1abeb1 is already hosted by enough agents. _get_dhcp_agents_hosting_network /usr/lib/python3.9/site-packages/neutron/scheduler/dhcp_agent_scheduler.py:275
2026-06-09 08:05:03.824 16 DEBUG neutron.scheduler.base_scheduler [req-801c3724-3991-4003-92e3-6e8750e12ae6 e774064b842544f9ba4c82bc99eed506 1d7916dd4a974a2d899c30e0178c5585 - default default] Resources bound (agent type, host, resource id): schedule /usr/lib/python3.9/site-packages/neutron/scheduler/base_scheduler.py:57
2026-06-09 08:05:03.826 16 DEBUG neutron.api.rpc.handlers.resources_rpc [req-801c3724-3991-4003-92e3-6e8750e12ae6 e774064b842544f9ba4c82bc99eed506 1d7916dd4a974a2d899c30e0178c5585 - - -] Pushing event updated for resources: {'Port': ['ID=2fac818b-9201-4d62-8a12-36c839b8bc15,revision_number=1']} push /usr/lib/python3.9/site-packages/neutron/api/rpc/handlers/resources_rpc.py:237
2026-06-09 08:05:03.828 16 DEBUG neutron.pecan_wsgi.hooks.policy_enforcement [req-801c3724-3991-4003-92e3-6e8750e12ae6 e774064b842544f9ba4c82bc99eed506 1d7916dd4a974a2d899c30e0178c5585 - default default] Attributes excluded by policy engine: ['standard_attr_id', 'network'] _exclude_attributes_by_policy /usr/lib/python3.9/site-packages/neutron/pecan_wsgi/hooks/policy_enforcement.py:259
2026-06-09 08:05:03.828 16 DEBUG neutron_lib.callbacks.manager [req-801c3724-3991-4003-92e3-6e8750e12ae6 e774064b842544f9ba4c82bc99eed506 1d7916dd4a974a2d899c30e0178c5585 - default default] Notify callbacks ['neutron.notifiers.nova.Notifier._send_nova_notification-151118', 'neutron.api.rpc.agentnotifiers.dhcp_rpc_agent_api.DhcpAgentNotifyAPI._send_dhcp_notification-3822421'] for port, before_response _notify_loop /usr/lib/python3.9/site-packages/neutron_lib/callbacks/manager.py:200
2026-06-09 08:05:03.834 16 DEBUG neutron.api.rpc.callbacks.version_manager [req-801c3724-3991-4003-92e3-6e8750e12ae6 e774064b842544f9ba4c82bc99eed506 1d7916dd4a974a2d899c30e0178c5585 - - -] Version for resource type AddressGroup changed None to 1.2 on consumer Open vSwitch agent@undercloud.ooo.test _set_version /usr/lib/python3.9/site-packages/neutron/api/rpc/callbacks/version_manager.py:113
2026-06-09 08:05:03.834 16 DEBUG neutron.api.rpc.callbacks.version_manager [req-801c3724-3991-4003-92e3-6e8750e12ae6 e774064b842544f9ba4c82bc99eed506 1d7916dd4a974a2d899c30e0178c5585 - - -] Version for resource type ConntrackHelper changed None to 1.0 on consumer Open vSwitch agent@undercloud.ooo.test _set_version /usr/lib/python3.9/site-packages/neutron/api/rpc/callbacks/version_manager.py:113
2026-06-09 08:05:03.834 16 DEBUG neutron.api.rpc.callbacks.version_manager [req-801c3724-3991-4003-92e3-6e8750e12ae6 e774064b842544f9ba4c82bc99eed506 1d7916dd4a974a2d899c30e0178c5585 - - -] Version for resource type Log changed None to 1.0 on consumer Open vSwitch agent@undercloud.ooo.test _set_version /usr/lib/python3.9/site-packages/neutron/api/rpc/callbacks/version_manager.py:113
2026-06-09 08:05:03.835 16 DEBUG neutron.api.rpc.callbacks.version_manager [req-801c3724-3991-4003-92e3-6e8750e12ae6 e774064b842544f9ba4c82bc99eed506 1d7916dd4a974a2d899c30e0178c5585 - - -] Version for resource type Network changed None to 1.1 on consumer Open vSwitch agent@undercloud.ooo.test _set_version /usr/lib/python3.9/site-packages/neutron/api/rpc/callbacks/version_manager.py:113
2026-06-09 08:05:03.835 16 DEBUG neutron.api.rpc.callbacks.version_manager [req-801c3724-3991-4003-92e3-6e8750e12ae6 e774064b842544f9ba4c82bc99eed506 1d7916dd4a974a2d899c30e0178c5585 - - -] Version for resource type Port changed None to 1.7 on consumer Open vSwitch agent@undercloud.ooo.test _set_version /usr/lib/python3.9/site-packages/neutron/api/rpc/callbacks/version_manager.py:113
2026-06-09 08:05:03.835 16 DEBUG neutron.api.rpc.callbacks.version_manager [req-801c3724-3991-4003-92e3-6e8750e12ae6 e774064b842544f9ba4c82bc99eed506 1d7916dd4a974a2d899c30e0178c5585 - - -] Version for resource type PortForwarding changed None to 1.2 on consumer Open vSwitch agent@undercloud.ooo.test _set_version /usr/lib/python3.9/site-packages/neutron/api/rpc/callbacks/version_manager.py:113
2026-06-09 08:05:03.835 16 DEBUG neutron.api.rpc.callbacks.version_manager [req-801c3724-3991-4003-92e3-6e8750e12ae6 e774064b842544f9ba4c82bc99eed506 1d7916dd4a974a2d899c30e0178c5585 - - -] Version for resource type QosPolicy changed None to 1.8 on consumer Open vSwitch agent@undercloud.ooo.test _set_version /usr/lib/python3.9/site-packages/neutron/api/rpc/callbacks/version_manager.py:113
2026-06-09 08:05:03.835 16 DEBUG neutron.api.rpc.callbacks.version_manager [req-801c3724-3991-4003-92e3-6e8750e12ae6 e774064b842544f9ba4c82bc99eed506 1d7916dd4a974a2d899c30e0178c5585 - - -] Version for resource type SecurityGroup changed None to 1.5 on consumer Open vSwitch agent@undercloud.ooo.test _set_version /usr/lib/python3.9/site-packages/neutron/api/rpc/callbacks/version_manager.py:113
2026-06-09 08:05:03.835 16 DEBUG neutron.api.rpc.callbacks.version_manager [req-801c3724-3991-4003-92e3-6e8750e12ae6 e774064b842544f9ba4c82bc99eed506 1d7916dd4a974a2d899c30e0178c5585 - - -] Version for resource type SecurityGroupRule changed None to 1.2 on consumer Open vSwitch agent@undercloud.ooo.test _set_version /usr/lib/python3.9/site-packages/neutron/api/rpc/callbacks/version_manager.py:113
2026-06-09 08:05:03.835 16 DEBUG neutron.api.rpc.callbacks.version_manager [req-801c3724-3991-4003-92e3-6e8750e12ae6 e774064b842544f9ba4c82bc99eed506 1d7916dd4a974a2d899c30e0178c5585 - - -] Version for resource type SubPort changed None to 1.0 on consumer Open vSwitch agent@undercloud.ooo.test _set_version /usr/lib/python3.9/site-packages/neutron/api/rpc/callbacks/version_manager.py:113
2026-06-09 08:05:03.835 16 DEBUG neutron.api.rpc.callbacks.version_manager [req-801c3724-3991-4003-92e3-6e8750e12ae6 e774064b842544f9ba4c82bc99eed506 1d7916dd4a974a2d899c30e0178c5585 - - -] Version for resource type Subnet changed None to 1.1 on consumer Open vSwitch agent@undercloud.ooo.test _set_version /usr/lib/python3.9/site-packages/neutron/api/rpc/callbacks/version_manager.py:113
2026-06-09 08:05:03.836 16 DEBUG neutron.api.rpc.callbacks.version_manager [req-801c3724-3991-4003-92e3-6e8750e12ae6 e774064b842544f9ba4c82bc99eed506 1d7916dd4a974a2d899c30e0178c5585 - - -] Version for resource type Trunk changed None to 1.1 on consumer Open vSwitch agent@undercloud.ooo.test _set_version /usr/lib/python3.9/site-packages/neutron/api/rpc/callbacks/version_manager.py:113
2026-06-09 08:05:03.845 16 INFO neutron.wsgi [req-801c3724-3991-4003-92e3-6e8750e12ae6 e774064b842544f9ba4c82bc99eed506 1d7916dd4a974a2d899c30e0178c5585 - default default] 192.168.122.99,192.168.122.100 "POST /v2.0/ports HTTP/1.1" status: 201 len: 1016 time: 0.3114839
2026-06-09 08:05:03.847 18 INFO neutron.wsgi [req-f5a68d58-3757-46ab-a206-446a5c7542a0 e774064b842544f9ba4c82bc99eed506 1d7916dd4a974a2d899c30e0178c5585 - default default] 192.168.122.99,192.168.122.100 "PUT /v2.0/ports/9e295bce-7bf3-409e-9684-adbdbb802864/tags HTTP/1.1" status: 200 len: 250 time: 0.0379627
2026-06-09 08:05:03.849 17 DEBUG neutron.scheduler.dhcp_agent_scheduler [req-7bd636fa-873e-41c9-85aa-210a98b2e2a9 e774064b842544f9ba4c82bc99eed506 1d7916dd4a974a2d899c30e0178c5585 - default default] Network 3af45c7e-c799-4ead-9297-d754df1abeb1 is already hosted by enough agents. _get_dhcp_agents_hosting_network /usr/lib/python3.9/site-packages/neutron/scheduler/dhcp_agent_scheduler.py:275
2026-06-09 08:05:03.851 17 DEBUG neutron.scheduler.base_scheduler [req-7bd636fa-873e-41c9-85aa-210a98b2e2a9 e774064b842544f9ba4c82bc99eed506 1d7916dd4a974a2d899c30e0178c5585 - default default] Resources bound (agent type, host, resource id): schedule /usr/lib/python3.9/site-packages/neutron/scheduler/base_scheduler.py:57
2026-06-09 08:05:03.852 16 DEBUG neutron.services.tag.tag_plugin [req-a9528762-422f-4dd2-a13f-b5a31332b37b e774064b842544f9ba4c82bc99eed506 1d7916dd4a974a2d899c30e0178c5585 - default default] neutron.services.tag.tag_plugin.TagPlugin method update_tags called with arguments (, 'ports', '2fac818b-9201-4d62-8a12-36c839b8bc15', {'tags': ['tripleo_stack_name=overcloud', 'tripleo_ovn_physnet=datacentre']}) {} wrapper /usr/lib/python3.9/site-packages/oslo_log/helpers.py:65
2026-06-09 08:05:03.854 17 DEBUG neutron.pecan_wsgi.hooks.policy_enforcement [req-7bd636fa-873e-41c9-85aa-210a98b2e2a9 e774064b842544f9ba4c82bc99eed506 1d7916dd4a974a2d899c30e0178c5585 - default default] Attributes excluded by policy engine: ['standard_attr_id', 'network'] _exclude_attributes_by_policy /usr/lib/python3.9/site-packages/neutron/pecan_wsgi/hooks/policy_enforcement.py:259
2026-06-09 08:05:03.855 17 DEBUG neutron_lib.callbacks.manager [req-7bd636fa-873e-41c9-85aa-210a98b2e2a9 e774064b842544f9ba4c82bc99eed506 1d7916dd4a974a2d899c30e0178c5585 - default default] Notify callbacks ['neutron.notifiers.nova.Notifier._send_nova_notification-151118', 'neutron.api.rpc.agentnotifiers.dhcp_rpc_agent_api.DhcpAgentNotifyAPI._send_dhcp_notification-3822421'] for port, before_response _notify_loop /usr/lib/python3.9/site-packages/neutron_lib/callbacks/manager.py:200
2026-06-09 08:05:03.867 17 DEBUG neutron.api.rpc.handlers.resources_rpc [req-7bd636fa-873e-41c9-85aa-210a98b2e2a9 e774064b842544f9ba4c82bc99eed506 1d7916dd4a974a2d899c30e0178c5585 - - -] Pushing event updated for resources: {'Port': ['ID=ff88e390-1eb1-4425-a23f-8f973167b87c,revision_number=1']} push /usr/lib/python3.9/site-packages/neutron/api/rpc/handlers/resources_rpc.py:237
2026-06-09 08:05:03.876 17 INFO neutron.wsgi [req-7bd636fa-873e-41c9-85aa-210a98b2e2a9 e774064b842544f9ba4c82bc99eed506 1d7916dd4a974a2d899c30e0178c5585 - default default] 192.168.122.99,192.168.122.100 "POST /v2.0/ports HTTP/1.1" status: 201 len: 1016 time: 0.3155448
2026-06-09 08:05:03.883 17 DEBUG neutron.services.tag.tag_plugin [req-aed0c399-d096-45ed-8e9e-0e258d2c81a2 e774064b842544f9ba4c82bc99eed506 1d7916dd4a974a2d899c30e0178c5585 - default default] neutron.services.tag.tag_plugin.TagPlugin method update_tags called with arguments (, 'ports', 'ff88e390-1eb1-4425-a23f-8f973167b87c', {'tags': ['tripleo_stack_name=overcloud', 'tripleo_ovn_physnet=datacentre']}) {} wrapper /usr/lib/python3.9/site-packages/oslo_log/helpers.py:65
2026-06-09 08:05:03.922 16 INFO neutron.wsgi [req-a9528762-422f-4dd2-a13f-b5a31332b37b e774064b842544f9ba4c82bc99eed506 1d7916dd4a974a2d899c30e0178c5585 - default default] 192.168.122.99,192.168.122.100 "PUT /v2.0/ports/2fac818b-9201-4d62-8a12-36c839b8bc15/tags HTTP/1.1" status: 200 len: 250 time: 0.0739188
2026-06-09 08:05:03.925 17 INFO neutron.wsgi [req-aed0c399-d096-45ed-8e9e-0e258d2c81a2 e774064b842544f9ba4c82bc99eed506 1d7916dd4a974a2d899c30e0178c5585 - default default] 192.168.122.99,192.168.122.100 "PUT /v2.0/ports/ff88e390-1eb1-4425-a23f-8f973167b87c/tags HTTP/1.1" status: 200 len: 250 time: 0.0459325
2026-06-09 08:05:04.021 17 DEBUG neutron.pecan_wsgi.hooks.policy_enforcement [req-3369379d-d6c6-476d-a13e-6035e0a37ecd e774064b842544f9ba4c82bc99eed506 1d7916dd4a974a2d899c30e0178c5585 - default default] Attributes excluded by policy engine: ['standard_attr_id'] _exclude_attributes_by_policy /usr/lib/python3.9/site-packages/neutron/pecan_wsgi/hooks/policy_enforcement.py:259
2026-06-09 08:05:04.022 17 DEBUG neutron.pecan_wsgi.hooks.policy_enforcement [req-3369379d-d6c6-476d-a13e-6035e0a37ecd e774064b842544f9ba4c82bc99eed506 1d7916dd4a974a2d899c30e0178c5585 - default default] Attributes excluded by policy engine: ['standard_attr_id'] _exclude_attributes_by_policy /usr/lib/python3.9/site-packages/neutron/pecan_wsgi/hooks/policy_enforcement.py:259
2026-06-09 08:05:04.023 17 DEBUG neutron.pecan_wsgi.hooks.policy_enforcement [req-3369379d-d6c6-476d-a13e-6035e0a37ecd e774064b842544f9ba4c82bc99eed506 1d7916dd4a974a2d899c30e0178c5585 - default default] Attributes excluded by policy engine: ['standard_attr_id'] _exclude_attributes_by_policy /usr/lib/python3.9/site-packages/neutron/pecan_wsgi/hooks/policy_enforcement.py:259
2026-06-09 08:05:04.023 17 DEBUG neutron.pecan_wsgi.hooks.policy_enforcement [req-3369379d-d6c6-476d-a13e-6035e0a37ecd e774064b842544f9ba4c82bc99eed506 1d7916dd4a974a2d899c30e0178c5585 - default default] Attributes excluded by policy engine: ['standard_attr_id'] _exclude_attributes_by_policy /usr/lib/python3.9/site-packages/neutron/pecan_wsgi/hooks/policy_enforcement.py:259
2026-06-09 08:05:04.024 17 DEBUG neutron.pecan_wsgi.hooks.policy_enforcement [req-3369379d-d6c6-476d-a13e-6035e0a37ecd e774064b842544f9ba4c82bc99eed506 1d7916dd4a974a2d899c30e0178c5585 - default default] Attributes excluded by policy engine: ['standard_attr_id'] _exclude_attributes_by_policy /usr/lib/python3.9/site-packages/neutron/pecan_wsgi/hooks/policy_enforcement.py:259
2026-06-09 08:05:04.024 17 DEBUG neutron.pecan_wsgi.hooks.policy_enforcement [req-3369379d-d6c6-476d-a13e-6035e0a37ecd e774064b842544f9ba4c82bc99eed506 1d7916dd4a974a2d899c30e0178c5585 - default default] Attributes excluded by policy engine: ['standard_attr_id'] _exclude_attributes_by_policy /usr/lib/python3.9/site-packages/neutron/pecan_wsgi/hooks/policy_enforcement.py:259
2026-06-09 08:05:04.026 17 INFO neutron.wsgi [req-3369379d-d6c6-476d-a13e-6035e0a37ecd e774064b842544f9ba4c82bc99eed506 1d7916dd4a974a2d899c30e0178c5585 - default default] 192.168.122.99,192.168.122.100 "GET /v2.0/ports?network_id=3af45c7e-c799-4ead-9297-d754df1abeb1&tags=tripleo_stack_name%3Dovercloud HTTP/1.1" status: 200 len: 5533 time: 0.0957482
2026-06-09 08:05:04.077 17 DEBUG neutron.plugins.ml2.plugin [req-9a97db22-ca78-4650-a8b2-2c98a92c395a e774064b842544f9ba4c82bc99eed506 1d7916dd4a974a2d899c30e0178c5585 - default default] Deleting port 681d8c69-498e-486f-90ba-0c64a926414e _pre_delete_port /usr/lib/python3.9/site-packages/neutron/plugins/ml2/plugin.py:2025
2026-06-09 08:05:04.078 17 DEBUG neutron_lib.callbacks.manager [req-9a97db22-ca78-4650-a8b2-2c98a92c395a e774064b842544f9ba4c82bc99eed506 1d7916dd4a974a2d899c30e0178c5585 - default default] Notify callbacks ['neutron.plugins.ml2.extensions.dns_integration._delete_port_in_external_dns_service-8765162354140', 'neutron.db.l3_db.L3_NAT_dbonly_mixin._prevent_l3_port_delete_callback-8765162418059'] for port, before_delete _notify_loop /usr/lib/python3.9/site-packages/neutron_lib/callbacks/manager.py:200
2026-06-09 08:05:04.200 17 DEBUG neutron_lib.callbacks.manager [req-9a97db22-ca78-4650-a8b2-2c98a92c395a e774064b842544f9ba4c82bc99eed506 1d7916dd4a974a2d899c30e0178c5585 - default default] Notify callbacks ['neutron.services.l3_router.l3_router_plugin.L3_NAT_dbonly_mixin._precommit_delete_port_callback-3695813'] for port, precommit_delete _notify_loop /usr/lib/python3.9/site-packages/neutron_lib/callbacks/manager.py:200
2026-06-09 08:05:04.213 17 DEBUG neutron.plugins.ml2.plugin [req-9a97db22-ca78-4650-a8b2-2c98a92c395a e774064b842544f9ba4c82bc99eed506 1d7916dd4a974a2d899c30e0178c5585 - default default] Calling delete_port for 681d8c69-498e-486f-90ba-0c64a926414e owned by delete_port /usr/lib/python3.9/site-packages/neutron/plugins/ml2/plugin.py:2097
2026-06-09 08:05:04.292 17 DEBUG neutron_lib.callbacks.manager [req-9a97db22-ca78-4650-a8b2-2c98a92c395a e774064b842544f9ba4c82bc99eed506 1d7916dd4a974a2d899c30e0178c5585 - default default] Notify callbacks ['neutron.plugins.ml2.plugin.SecurityGroupServerNotifierRpcMixin.notify_sg_on_port_change-552787', 'neutron.plugins.ml2.ovo_rpc._ObjectChangeHandler.handle_event-350208', 'neutron.api.rpc.agentnotifiers.dhcp_rpc_agent_api.DhcpAgentNotifyAPI._native_event_send_dhcp_notification-3822439', 'neutron.db.l3_db.L3RpcNotifierMixin._notify_routers_callback-8765162424540', 'neutron.services.segments.plugin.NovaSegmentNotifier._notify_port_created_or_deleted-4135615'] for port, after_delete _notify_loop /usr/lib/python3.9/site-packages/neutron_lib/callbacks/manager.py:200
2026-06-09 08:05:04.313 17 DEBUG neutron_lib.callbacks.manager [req-9a97db22-ca78-4650-a8b2-2c98a92c395a e774064b842544f9ba4c82bc99eed506 1d7916dd4a974a2d899c30e0178c5585 - default default] Notify callbacks ['neutron.notifiers.nova.Notifier._send_nova_notification-151118', 'neutron.api.rpc.agentnotifiers.dhcp_rpc_agent_api.DhcpAgentNotifyAPI._send_dhcp_notification-3822421'] for port, before_response _notify_loop /usr/lib/python3.9/site-packages/neutron_lib/callbacks/manager.py:200
2026-06-09 08:05:04.315 17 INFO neutron.wsgi [req-9a97db22-ca78-4650-a8b2-2c98a92c395a e774064b842544f9ba4c82bc99eed506 1d7916dd4a974a2d899c30e0178c5585 - default default] 192.168.122.99,192.168.122.100 "DELETE /v2.0/ports/681d8c69-498e-486f-90ba-0c64a926414e HTTP/1.1" status: 204 len: 149 time: 0.2797029
2026-06-09 08:05:04.321 17 DEBUG neutron.api.rpc.handlers.resources_rpc [req-9a97db22-ca78-4650-a8b2-2c98a92c395a e774064b842544f9ba4c82bc99eed506 1d7916dd4a974a2d899c30e0178c5585 - - -] Pushing event deleted for resources: {'Port': ['ID=681d8c69-498e-486f-90ba-0c64a926414e,revision_number=None']} push /usr/lib/python3.9/site-packages/neutron/api/rpc/handlers/resources_rpc.py:237
2026-06-09 08:05:04.362 17 DEBUG neutron.plugins.ml2.plugin [req-445998e0-d534-40c0-a1c9-5d10250c84e5 e774064b842544f9ba4c82bc99eed506 1d7916dd4a974a2d899c30e0178c5585 - default default] Deleting port 836c42a7-70c5-48a5-9c11-a98a4083d025 _pre_delete_port /usr/lib/python3.9/site-packages/neutron/plugins/ml2/plugin.py:2025
2026-06-09 08:05:04.363 17 DEBUG neutron_lib.callbacks.manager [req-445998e0-d534-40c0-a1c9-5d10250c84e5 e774064b842544f9ba4c82bc99eed506 1d7916dd4a974a2d899c30e0178c5585 - default default] Notify callbacks ['neutron.plugins.ml2.extensions.dns_integration._delete_port_in_external_dns_service-8765162354140', 'neutron.db.l3_db.L3_NAT_dbonly_mixin._prevent_l3_port_delete_callback-8765162418059'] for port, before_delete _notify_loop /usr/lib/python3.9/site-packages/neutron_lib/callbacks/manager.py:200
2026-06-09 08:05:04.497 17 DEBUG neutron_lib.callbacks.manager [req-445998e0-d534-40c0-a1c9-5d10250c84e5 e774064b842544f9ba4c82bc99eed506 1d7916dd4a974a2d899c30e0178c5585 - default default] Notify callbacks ['neutron.services.l3_router.l3_router_plugin.L3_NAT_dbonly_mixin._precommit_delete_port_callback-3695813'] for port, precommit_delete _notify_loop /usr/lib/python3.9/site-packages/neutron_lib/callbacks/manager.py:200
2026-06-09 08:05:04.506 17 DEBUG neutron.plugins.ml2.plugin [req-445998e0-d534-40c0-a1c9-5d10250c84e5 e774064b842544f9ba4c82bc99eed506 1d7916dd4a974a2d899c30e0178c5585 - default default] Calling delete_port for 836c42a7-70c5-48a5-9c11-a98a4083d025 owned by delete_port /usr/lib/python3.9/site-packages/neutron/plugins/ml2/plugin.py:2097
2026-06-09 08:05:04.544 17 DEBUG neutron_lib.callbacks.manager [req-445998e0-d534-40c0-a1c9-5d10250c84e5 e774064b842544f9ba4c82bc99eed506 1d7916dd4a974a2d899c30e0178c5585 - default default] Notify callbacks ['neutron.plugins.ml2.plugin.SecurityGroupServerNotifierRpcMixin.notify_sg_on_port_change-552787', 'neutron.plugins.ml2.ovo_rpc._ObjectChangeHandler.handle_event-350208', 'neutron.api.rpc.agentnotifiers.dhcp_rpc_agent_api.DhcpAgentNotifyAPI._native_event_send_dhcp_notification-3822439', 'neutron.db.l3_db.L3RpcNotifierMixin._notify_routers_callback-8765162424540', 'neutron.services.segments.plugin.NovaSegmentNotifier._notify_port_created_or_deleted-4135615'] for port, after_delete _notify_loop /usr/lib/python3.9/site-packages/neutron_lib/callbacks/manager.py:200
2026-06-09 08:05:04.596 17 DEBUG neutron.api.rpc.handlers.resources_rpc [req-445998e0-d534-40c0-a1c9-5d10250c84e5 e774064b842544f9ba4c82bc99eed506 1d7916dd4a974a2d899c30e0178c5585 - - -] Pushing event deleted for resources: {'Port': ['ID=836c42a7-70c5-48a5-9c11-a98a4083d025,revision_number=None']} push /usr/lib/python3.9/site-packages/neutron/api/rpc/handlers/resources_rpc.py:237
2026-06-09 08:05:04.615 17 DEBUG neutron_lib.callbacks.manager [req-445998e0-d534-40c0-a1c9-5d10250c84e5 e774064b842544f9ba4c82bc99eed506 1d7916dd4a974a2d899c30e0178c5585 - default default] Notify callbacks ['neutron.notifiers.nova.Notifier._send_nova_notification-151118', 'neutron.api.rpc.agentnotifiers.dhcp_rpc_agent_api.DhcpAgentNotifyAPI._send_dhcp_notification-3822421'] for port, before_response _notify_loop /usr/lib/python3.9/site-packages/neutron_lib/callbacks/manager.py:200
2026-06-09 08:05:04.616 17 INFO neutron.wsgi [req-445998e0-d534-40c0-a1c9-5d10250c84e5 e774064b842544f9ba4c82bc99eed506 1d7916dd4a974a2d899c30e0178c5585 - default default] 192.168.122.99,192.168.122.100 "DELETE /v2.0/ports/836c42a7-70c5-48a5-9c11-a98a4083d025 HTTP/1.1" status: 204 len: 149 time: 0.2938957
2026-06-09 08:05:04.655 17 DEBUG neutron.plugins.ml2.plugin [req-e908b055-b971-40f7-bbdb-4296ffd14220 e774064b842544f9ba4c82bc99eed506 1d7916dd4a974a2d899c30e0178c5585 - default default] Deleting port 9d96bc9f-aa20-4ed6-87f5-1d66640e199c _pre_delete_port /usr/lib/python3.9/site-packages/neutron/plugins/ml2/plugin.py:2025
2026-06-09 08:05:04.655 17 DEBUG neutron_lib.callbacks.manager [req-e908b055-b971-40f7-bbdb-4296ffd14220 e774064b842544f9ba4c82bc99eed506 1d7916dd4a974a2d899c30e0178c5585 - default default] Notify callbacks ['neutron.plugins.ml2.extensions.dns_integration._delete_port_in_external_dns_service-8765162354140', 'neutron.db.l3_db.L3_NAT_dbonly_mixin._prevent_l3_port_delete_callback-8765162418059'] for port, before_delete _notify_loop /usr/lib/python3.9/site-packages/neutron_lib/callbacks/manager.py:200
2026-06-09 08:05:04.752 17 DEBUG neutron_lib.callbacks.manager [req-e908b055-b971-40f7-bbdb-4296ffd14220 e774064b842544f9ba4c82bc99eed506 1d7916dd4a974a2d899c30e0178c5585 - default default] Notify callbacks ['neutron.services.l3_router.l3_router_plugin.L3_NAT_dbonly_mixin._precommit_delete_port_callback-3695813'] for port, precommit_delete _notify_loop /usr/lib/python3.9/site-packages/neutron_lib/callbacks/manager.py:200
2026-06-09 08:05:04.761 17 DEBUG neutron.plugins.ml2.plugin [req-e908b055-b971-40f7-bbdb-4296ffd14220 e774064b842544f9ba4c82bc99eed506 1d7916dd4a974a2d899c30e0178c5585 - default default] Calling delete_port for 9d96bc9f-aa20-4ed6-87f5-1d66640e199c owned by delete_port /usr/lib/python3.9/site-packages/neutron/plugins/ml2/plugin.py:2097
2026-06-09 08:05:04.803 17 DEBUG neutron_lib.callbacks.manager [req-e908b055-b971-40f7-bbdb-4296ffd14220 e774064b842544f9ba4c82bc99eed506 1d7916dd4a974a2d899c30e0178c5585 - default default] Notify callbacks ['neutron.plugins.ml2.plugin.SecurityGroupServerNotifierRpcMixin.notify_sg_on_port_change-552787', 'neutron.plugins.ml2.ovo_rpc._ObjectChangeHandler.handle_event-350208', 'neutron.api.rpc.agentnotifiers.dhcp_rpc_agent_api.DhcpAgentNotifyAPI._native_event_send_dhcp_notification-3822439', 'neutron.db.l3_db.L3RpcNotifierMixin._notify_routers_callback-8765162424540', 'neutron.services.segments.plugin.NovaSegmentNotifier._notify_port_created_or_deleted-4135615'] for port, after_delete _notify_loop /usr/lib/python3.9/site-packages/neutron_lib/callbacks/manager.py:200
2026-06-09 08:05:04.832 17 DEBUG neutron.api.rpc.handlers.resources_rpc [req-e908b055-b971-40f7-bbdb-4296ffd14220 e774064b842544f9ba4c82bc99eed506 1d7916dd4a974a2d899c30e0178c5585 - - -] Pushing event deleted for resources: {'Port': ['ID=9d96bc9f-aa20-4ed6-87f5-1d66640e199c,revision_number=None']} push /usr/lib/python3.9/site-packages/neutron/api/rpc/handlers/resources_rpc.py:237
2026-06-09 08:05:04.837 17 DEBUG neutron_lib.callbacks.manager [req-e908b055-b971-40f7-bbdb-4296ffd14220 e774064b842544f9ba4c82bc99eed506 1d7916dd4a974a2d899c30e0178c5585 - default default] Notify callbacks ['neutron.notifiers.nova.Notifier._send_nova_notification-151118', 'neutron.api.rpc.agentnotifiers.dhcp_rpc_agent_api.DhcpAgentNotifyAPI._send_dhcp_notification-3822421'] for port, before_response _notify_loop /usr/lib/python3.9/site-packages/neutron_lib/callbacks/manager.py:200
2026-06-09 08:05:04.839 17 INFO neutron.wsgi [req-e908b055-b971-40f7-bbdb-4296ffd14220 e774064b842544f9ba4c82bc99eed506 1d7916dd4a974a2d899c30e0178c5585 - default default] 192.168.122.99,192.168.122.100 "DELETE /v2.0/ports/9d96bc9f-aa20-4ed6-87f5-1d66640e199c HTTP/1.1" status: 204 len: 149 time: 0.2140279
2026-06-09 08:05:04.897 17 DEBUG neutron.pecan_wsgi.hooks.policy_enforcement [req-f1fa5452-ef0c-420c-8ef9-7dea4a4bcf88 e774064b842544f9ba4c82bc99eed506 1d7916dd4a974a2d899c30e0178c5585 - default default] Attributes excluded by policy engine: ['standard_attr_id'] _exclude_attributes_by_policy /usr/lib/python3.9/site-packages/neutron/pecan_wsgi/hooks/policy_enforcement.py:259
2026-06-09 08:05:04.897 17 DEBUG neutron.pecan_wsgi.hooks.policy_enforcement [req-f1fa5452-ef0c-420c-8ef9-7dea4a4bcf88 e774064b842544f9ba4c82bc99eed506 1d7916dd4a974a2d899c30e0178c5585 - default default] Attributes excluded by policy engine: ['standard_attr_id'] _exclude_attributes_by_policy /usr/lib/python3.9/site-packages/neutron/pecan_wsgi/hooks/policy_enforcement.py:259
2026-06-09 08:05:04.897 17 DEBUG neutron.pecan_wsgi.hooks.policy_enforcement [req-f1fa5452-ef0c-420c-8ef9-7dea4a4bcf88 e774064b842544f9ba4c82bc99eed506 1d7916dd4a974a2d899c30e0178c5585 - default default] Attributes excluded by policy engine: ['standard_attr_id'] _exclude_attributes_by_policy /usr/lib/python3.9/site-packages/neutron/pecan_wsgi/hooks/policy_enforcement.py:259
2026-06-09 08:05:04.898 17 INFO neutron.wsgi [req-f1fa5452-ef0c-420c-8ef9-7dea4a4bcf88 e774064b842544f9ba4c82bc99eed506 1d7916dd4a974a2d899c30e0178c5585 - default default] 192.168.122.99,192.168.122.100 "GET /v2.0/ports?network_id=3af45c7e-c799-4ead-9297-d754df1abeb1&tags=tripleo_stack_name%3Dovercloud HTTP/1.1" status: 200 len: 2860 time: 0.0461395
2026-06-09 08:05:05.445 18 DEBUG neutron.wsgi [-] (18) accepted ('192.168.122.100', 57412) server /usr/lib/python3.9/site-packages/eventlet/wsgi.py:992
2026-06-09 08:05:05.448 18 INFO neutron.wsgi [-] 192.168.122.100 "GET /healthcheck HTTP/1.0" status: 200 len: 137 time: 0.0026977
2026-06-09 08:05:07.450 18 DEBUG neutron.wsgi [-] (18) accepted ('192.168.122.100', 57426) server /usr/lib/python3.9/site-packages/eventlet/wsgi.py:992
2026-06-09 08:05:07.453 18 INFO neutron.wsgi [-] 192.168.122.100 "GET /healthcheck HTTP/1.0" status: 200 len: 137 time: 0.0026209
2026-06-09 08:05:09.456 15 DEBUG neutron.wsgi [-] (15) accepted ('192.168.122.100', 57434) server /usr/lib/python3.9/site-packages/eventlet/wsgi.py:992
2026-06-09 08:05:09.458 15 INFO neutron.wsgi [-] 192.168.122.100 "GET /healthcheck HTTP/1.0" status: 200 len: 137 time: 0.0013633
2026-06-09 08:05:11.460 15 DEBUG neutron.wsgi [-] (15) accepted ('192.168.122.100', 33574) server /usr/lib/python3.9/site-packages/eventlet/wsgi.py:992
2026-06-09 08:05:11.462 15 INFO neutron.wsgi [-] 192.168.122.100 "GET /healthcheck HTTP/1.0" status: 200 len: 137 time: 0.0013859
2026-06-09 08:05:13.464 17 DEBUG neutron.wsgi [-] (17) accepted ('192.168.122.100', 33578) server /usr/lib/python3.9/site-packages/eventlet/wsgi.py:992
2026-06-09 08:05:13.468 17 INFO neutron.wsgi [-] 192.168.122.100 "GET /healthcheck HTTP/1.0" status: 200 len: 137 time: 0.0028198
2026-06-09 08:05:15.470 18 DEBUG neutron.wsgi [-] (18) accepted ('192.168.122.100', 33584) server /usr/lib/python3.9/site-packages/eventlet/wsgi.py:992
2026-06-09 08:05:15.472 18 INFO neutron.wsgi [-] 192.168.122.100 "GET /healthcheck HTTP/1.0" status: 200 len: 137 time: 0.0015173
2026-06-09 08:05:17.474 17 DEBUG neutron.wsgi [-] (17) accepted ('192.168.122.100', 33588) server /usr/lib/python3.9/site-packages/eventlet/wsgi.py:992
2026-06-09 08:05:17.477 17 INFO neutron.wsgi [-] 192.168.122.100 "GET /healthcheck HTTP/1.0" status: 200 len: 137 time: 0.0019073
2026-06-09 08:05:19.479 15 DEBUG neutron.wsgi [-] (15) accepted ('192.168.122.100', 33600) server /usr/lib/python3.9/site-packages/eventlet/wsgi.py:992
2026-06-09 08:05:19.483 15 INFO neutron.wsgi [-] 192.168.122.100 "GET /healthcheck HTTP/1.0" status: 200 len: 137 time: 0.0025780
2026-06-09 08:05:21.485 17 DEBUG neutron.wsgi [-] (17) accepted ('192.168.122.100', 49470) server /usr/lib/python3.9/site-packages/eventlet/wsgi.py:992
2026-06-09 08:05:21.489 17 INFO neutron.wsgi [-] 192.168.122.100 "GET /healthcheck HTTP/1.0" status: 200 len: 137 time: 0.0027144
2026-06-09 08:05:23.490 15 DEBUG neutron.wsgi [-] (15) accepted ('192.168.122.100', 49484) server /usr/lib/python3.9/site-packages/eventlet/wsgi.py:992
2026-06-09 08:05:23.494 15 INFO neutron.wsgi [-] 192.168.122.100 "GET /healthcheck HTTP/1.0" status: 200 len: 137 time: 0.0026131
2026-06-09 08:05:25.495 15 DEBUG neutron.wsgi [-] (15) accepted ('192.168.122.100', 49488) server /usr/lib/python3.9/site-packages/eventlet/wsgi.py:992
2026-06-09 08:05:25.497 15 INFO neutron.wsgi [-] 192.168.122.100 "GET /healthcheck HTTP/1.0" status: 200 len: 137 time: 0.0013485
2026-06-09 08:05:27.498 18 DEBUG neutron.wsgi [-] (18) accepted ('192.168.122.100', 49492) server /usr/lib/python3.9/site-packages/eventlet/wsgi.py:992
2026-06-09 08:05:27.501 18 INFO neutron.wsgi [-] 192.168.122.100 "GET /healthcheck HTTP/1.0" status: 200 len: 137 time: 0.0016367
2026-06-09 08:05:29.502 16 DEBUG neutron.wsgi [-] (16) accepted ('192.168.122.100', 49508) server /usr/lib/python3.9/site-packages/eventlet/wsgi.py:992
2026-06-09 08:05:29.505 16 INFO neutron.wsgi [-] 192.168.122.100 "GET /healthcheck HTTP/1.0" status: 200 len: 137 time: 0.0019956
2026-06-09 08:05:31.507 16 DEBUG neutron.wsgi [-] (16) accepted ('192.168.122.100', 43398) server /usr/lib/python3.9/site-packages/eventlet/wsgi.py:992
2026-06-09 08:05:31.509 16 INFO neutron.wsgi [-] 192.168.122.100 "GET /healthcheck HTTP/1.0" status: 200 len: 137 time: 0.0014026
2026-06-09 08:05:31.970 16 DEBUG neutron.wsgi [-] (16) accepted ('192.168.122.100', 43412) server /usr/lib/python3.9/site-packages/eventlet/wsgi.py:992
2026-06-09 08:05:31.972 16 INFO neutron.wsgi [-] 192.168.122.100 "GET / HTTP/1.1" status: 200 len: 233 time: 0.0012941
2026-06-09 08:05:33.510 17 DEBUG neutron.wsgi [-] (17) accepted ('192.168.122.100', 43420) server /usr/lib/python3.9/site-packages/eventlet/wsgi.py:992
2026-06-09 08:05:33.513 17 INFO neutron.wsgi [-] 192.168.122.100 "GET /healthcheck HTTP/1.0" status: 200 len: 137 time: 0.0015948
2026-06-09 08:05:35.514 16 DEBUG neutron.wsgi [-] (16) accepted ('192.168.122.100', 43424) server /usr/lib/python3.9/site-packages/eventlet/wsgi.py:992
2026-06-09 08:05:35.519 16 INFO neutron.wsgi [-] 192.168.122.100 "GET /healthcheck HTTP/1.0" status: 200 len: 137 time: 0.0037084
2026-06-09 08:05:37.521 15 DEBUG neutron.wsgi [-] (15) accepted ('192.168.122.100', 43428) server /usr/lib/python3.9/site-packages/eventlet/wsgi.py:992
2026-06-09 08:05:37.524 15 INFO neutron.wsgi [-] 192.168.122.100 "GET /healthcheck HTTP/1.0" status: 200 len: 137 time: 0.0026608
2026-06-09 08:05:39.525 17 DEBUG neutron.wsgi [-] (17) accepted ('192.168.122.100', 43438) server /usr/lib/python3.9/site-packages/eventlet/wsgi.py:992
2026-06-09 08:05:39.530 17 INFO neutron.wsgi [-] 192.168.122.100 "GET /healthcheck HTTP/1.0" status: 200 len: 137 time: 0.0028300
2026-06-09 08:05:41.531 16 DEBUG neutron.wsgi [-] (16) accepted ('192.168.122.100', 39726) server /usr/lib/python3.9/site-packages/eventlet/wsgi.py:992
2026-06-09 08:05:41.533 16 INFO neutron.wsgi [-] 192.168.122.100 "GET /healthcheck HTTP/1.0" status: 200 len: 137 time: 0.0015011
2026-06-09 08:05:43.536 16 DEBUG neutron.wsgi [-] (16) accepted ('192.168.122.100', 39734) server /usr/lib/python3.9/site-packages/eventlet/wsgi.py:992
2026-06-09 08:05:43.540 16 INFO neutron.wsgi [-] 192.168.122.100 "GET /healthcheck HTTP/1.0" status: 200 len: 137 time: 0.0031967
2026-06-09 08:05:45.541 18 DEBUG neutron.wsgi [-] (18) accepted ('192.168.122.100', 39740) server /usr/lib/python3.9/site-packages/eventlet/wsgi.py:992
2026-06-09 08:05:45.545 18 INFO neutron.wsgi [-] 192.168.122.100 "GET /healthcheck HTTP/1.0" status: 200 len: 137 time: 0.0025132
2026-06-09 08:05:47.546 15 DEBUG neutron.wsgi [-] (15) accepted ('192.168.122.100', 39756) server /usr/lib/python3.9/site-packages/eventlet/wsgi.py:992
2026-06-09 08:05:47.550 15 INFO neutron.wsgi [-] 192.168.122.100 "GET /healthcheck HTTP/1.0" status: 200 len: 137 time: 0.0028450
2026-06-09 08:05:49.552 16 DEBUG neutron.wsgi [-] (16) accepted ('192.168.122.100', 39764) server /usr/lib/python3.9/site-packages/eventlet/wsgi.py:992
2026-06-09 08:05:49.556 16 INFO neutron.wsgi [-] 192.168.122.100 "GET /healthcheck HTTP/1.0" status: 200 len: 137 time: 0.0033920
2026-06-09 08:05:51.557 15 DEBUG neutron.wsgi [-] (15) accepted ('192.168.122.100', 52690) server /usr/lib/python3.9/site-packages/eventlet/wsgi.py:992
