2026-06-09 08:04:31.544 15 DEBUG neutron.pecan_wsgi.hooks.policy_enforcement [req-38c7667a-072b-45b5-872f-4dbaa1df5a39 e774064b842544f9ba4c82bc99eed506 1d7916dd4a974a2d899c30e0178c5585 - default default] Attributes excluded by policy engine: ['standard_attr_id', 'vlan_transparent'] _exclude_attributes_by_policy /usr/lib/python3.9/site-packages/neutron/pecan_wsgi/hooks/policy_enforcement.py:259
2026-06-09 08:04:31.545 15 INFO neutron.wsgi [req-38c7667a-072b-45b5-872f-4dbaa1df5a39 e774064b842544f9ba4c82bc99eed506 1d7916dd4a974a2d899c30e0178c5585 - default default] 192.168.122.99,192.168.122.100 "GET /v2.0/networks?name=ctlplane HTTP/1.1" status: 200 len: 922 time: 0.0779927
2026-06-09 08:04:33.361 18 DEBUG neutron.wsgi [-] (18) accepted ('192.168.122.100', 34362) server /usr/lib/python3.9/site-packages/eventlet/wsgi.py:992
2026-06-09 08:04:33.365 18 INFO neutron.wsgi [-] 192.168.122.100 "GET /healthcheck HTTP/1.0" status: 200 len: 137 time: 0.0025082
2026-06-09 08:04:35.367 18 DEBUG neutron.wsgi [-] (18) accepted ('192.168.122.100', 34370) server /usr/lib/python3.9/site-packages/eventlet/wsgi.py:992
2026-06-09 08:04:35.369 18 INFO neutron.wsgi [-] 192.168.122.100 "GET /healthcheck HTTP/1.0" status: 200 len: 137 time: 0.0013957
2026-06-09 08:04:37.371 17 DEBUG neutron.wsgi [-] (17) accepted ('192.168.122.100', 34376) server /usr/lib/python3.9/site-packages/eventlet/wsgi.py:992
2026-06-09 08:04:37.375 17 INFO neutron.wsgi [-] 192.168.122.100 "GET /healthcheck HTTP/1.0" status: 200 len: 137 time: 0.0027449
2026-06-09 08:04:39.377 17 DEBUG neutron.wsgi [-] (17) accepted ('192.168.122.100', 34388) server /usr/lib/python3.9/site-packages/eventlet/wsgi.py:992
2026-06-09 08:04:39.380 17 INFO neutron.wsgi [-] 192.168.122.100 "GET /healthcheck HTTP/1.0" status: 200 len: 137 time: 0.0024760
2026-06-09 08:04:41.381 17 DEBUG neutron.wsgi [-] (17) accepted ('192.168.122.100', 55180) server /usr/lib/python3.9/site-packages/eventlet/wsgi.py:992
2026-06-09 08:04:41.383 17 INFO neutron.wsgi [-] 192.168.122.100 "GET /healthcheck HTTP/1.0" status: 200 len: 137 time: 0.0013595
2026-06-09 08:04:43.385 16 DEBUG neutron.wsgi [-] (16) accepted ('192.168.122.100', 55182) server /usr/lib/python3.9/site-packages/eventlet/wsgi.py:992
2026-06-09 08:04:43.389 16 INFO neutron.wsgi [-] 192.168.122.100 "GET /healthcheck HTTP/1.0" status: 200 len: 137 time: 0.0025411
2026-06-09 08:04:45.391 17 DEBUG neutron.wsgi [-] (17) accepted ('192.168.122.100', 55186) server /usr/lib/python3.9/site-packages/eventlet/wsgi.py:992
2026-06-09 08:04:45.395 17 INFO neutron.wsgi [-] 192.168.122.100 "GET /healthcheck HTTP/1.0" status: 200 len: 137 time: 0.0024719
2026-06-09 08:04:47.397 15 DEBUG neutron.wsgi [-] (15) accepted ('192.168.122.100', 55188) server /usr/lib/python3.9/site-packages/eventlet/wsgi.py:992
2026-06-09 08:04:47.401 15 INFO neutron.wsgi [-] 192.168.122.100 "GET /healthcheck HTTP/1.0" status: 200 len: 137 time: 0.0026827
2026-06-09 08:04:49.403 18 DEBUG neutron.wsgi [-] (18) accepted ('192.168.122.100', 55196) server /usr/lib/python3.9/site-packages/eventlet/wsgi.py:992
2026-06-09 08:04:49.405 18 INFO neutron.wsgi [-] 192.168.122.100 "GET /healthcheck HTTP/1.0" status: 200 len: 137 time: 0.0017068
2026-06-09 08:04:51.407 15 DEBUG neutron.wsgi [-] (15) accepted ('192.168.122.100', 46198) server /usr/lib/python3.9/site-packages/eventlet/wsgi.py:992
2026-06-09 08:04:51.411 15 INFO neutron.wsgi [-] 192.168.122.100 "GET /healthcheck HTTP/1.0" status: 200 len: 137 time: 0.0024796
2026-06-09 08:04:53.413 18 DEBUG neutron.wsgi [-] (18) accepted ('192.168.122.100', 46214) server /usr/lib/python3.9/site-packages/eventlet/wsgi.py:992
2026-06-09 08:04:53.417 18 INFO neutron.wsgi [-] 192.168.122.100 "GET /healthcheck HTTP/1.0" status: 200 len: 137 time: 0.0027320
2026-06-09 08:04:55.419 16 DEBUG neutron.wsgi [-] (16) accepted ('192.168.122.100', 46230) server /usr/lib/python3.9/site-packages/eventlet/wsgi.py:992
2026-06-09 08:04:55.423 16 INFO neutron.wsgi [-] 192.168.122.100 "GET /healthcheck HTTP/1.0" status: 200 len: 137 time: 0.0026770
2026-06-09 08:04:56.388 24 DEBUG neutron.db.agents_db [req-9a2dc4c8-0c01-4242-9735-9d6bbac34a9a - - - - -] Agent healthcheck: found 3 active agents agent_health_check /usr/lib/python3.9/site-packages/neutron/db/agents_db.py:328
2026-06-09 08:04:57.425 16 DEBUG neutron.wsgi [-] (16) accepted ('192.168.122.100', 46244) server /usr/lib/python3.9/site-packages/eventlet/wsgi.py:992
2026-06-09 08:04:57.428 16 INFO neutron.wsgi [-] 192.168.122.100 "GET /healthcheck HTTP/1.0" status: 200 len: 137 time: 0.0025303
2026-06-09 08:04:59.430 16 DEBUG neutron.wsgi [-] (16) accepted ('192.168.122.100', 46260) server /usr/lib/python3.9/site-packages/eventlet/wsgi.py:992
2026-06-09 08:04:59.433 16 INFO neutron.wsgi [-] 192.168.122.100 "GET /healthcheck HTTP/1.0" status: 200 len: 137 time: 0.0017822
2026-06-09 08:05:00.357 17 DEBUG neutron.wsgi [-] (17) accepted ('192.168.122.100', 57334) server /usr/lib/python3.9/site-packages/eventlet/wsgi.py:992
2026-06-09 08:05:00.435 17 INFO neutron.pecan_wsgi.hooks.translation [req-4f342b5d-be8d-4090-8c6c-2cc008d9489b e774064b842544f9ba4c82bc99eed506 1d7916dd4a974a2d899c30e0178c5585 - default default] GET failed (client error): The resource could not be found.
2026-06-09 08:05:00.436 17 INFO neutron.wsgi [req-4f342b5d-be8d-4090-8c6c-2cc008d9489b e774064b842544f9ba4c82bc99eed506 1d7916dd4a974a2d899c30e0178c5585 - default default] 192.168.122.99,192.168.122.100 "GET /v2.0/networks/ovn_mac_addr_net HTTP/1.1" status: 404 len: 300 time: 0.0776989
2026-06-09 08:05:00.454 17 INFO neutron.wsgi [req-9f870676-d61d-446f-99f7-cdd53680b071 e774064b842544f9ba4c82bc99eed506 1d7916dd4a974a2d899c30e0178c5585 - default default] 192.168.122.99,192.168.122.100 "GET /v2.0/networks?name=ovn_mac_addr_net HTTP/1.1" status: 200 len: 189 time: 0.0131650
2026-06-09 08:05:00.461 17 DEBUG neutron.api.v2.base [req-5fe5a625-afb1-4fb0-bd98-cc2f1099879d e774064b842544f9ba4c82bc99eed506 1d7916dd4a974a2d899c30e0178c5585 - default default] Request body: {'network': {'description': 'Network used to allocate MAC addresses for OVN chassis.', 'name': 'ovn_mac_addr_net'}} prepare_request_body /usr/lib/python3.9/site-packages/neutron/api/v2/base.py:729
2026-06-09 08:05:00.475 17 DEBUG neutron.pecan_wsgi.hooks.quota_enforcement [req-5fe5a625-afb1-4fb0-bd98-cc2f1099879d e774064b842544f9ba4c82bc99eed506 1d7916dd4a974a2d899c30e0178c5585 - default default] Made reservation on behalf of 1d7916dd4a974a2d899c30e0178c5585 for: {'network': 1} before /usr/lib/python3.9/site-packages/neutron/pecan_wsgi/hooks/quota_enforcement.py:53
2026-06-09 08:05:00.477 17 DEBUG neutron_lib.callbacks.manager [req-5fe5a625-afb1-4fb0-bd98-cc2f1099879d e774064b842544f9ba4c82bc99eed506 1d7916dd4a974a2d899c30e0178c5585 - default default] Notify callbacks ['neutron.plugins.ml2.plugin.SecurityGroupDbMixin._ensure_default_security_group_handler-754715'] for network, before_create _notify_loop /usr/lib/python3.9/site-packages/neutron_lib/callbacks/manager.py:200
2026-06-09 08:05:00.513 17 DEBUG neutron_lib.callbacks.manager [req-5fe5a625-afb1-4fb0-bd98-cc2f1099879d e774064b842544f9ba4c82bc99eed506 1d7916dd4a974a2d899c30e0178c5585 - default default] Notify callbacks ['neutron.services.segments.db._add_segment_host_mapping_for_segment-8765162469479', 'neutron.plugins.ml2.plugin.Ml2Plugin._handle_segment_change-948414'] for segment, precommit_create _notify_loop /usr/lib/python3.9/site-packages/neutron_lib/callbacks/manager.py:200
2026-06-09 08:05:00.513 17 INFO neutron.db.segments_db [req-5fe5a625-afb1-4fb0-bd98-cc2f1099879d e774064b842544f9ba4c82bc99eed506 1d7916dd4a974a2d899c30e0178c5585 - default default] Added segment f967b819-b1ff-43fd-99c2-23289a27c9a6 of type local for network 3af45c7e-c799-4ead-9297-d754df1abeb1
2026-06-09 08:05:00.538 17 DEBUG neutron_lib.callbacks.manager [req-5fe5a625-afb1-4fb0-bd98-cc2f1099879d e774064b842544f9ba4c82bc99eed506 1d7916dd4a974a2d899c30e0178c5585 - default default] Notify callbacks ['neutron.services.auto_allocate.db._ensure_external_network_default_value_callback-8765161825302'] for network, precommit_create _notify_loop /usr/lib/python3.9/site-packages/neutron_lib/callbacks/manager.py:200
2026-06-09 08:05:00.558 17 DEBUG neutron_lib.callbacks.manager [req-5fe5a625-afb1-4fb0-bd98-cc2f1099879d e774064b842544f9ba4c82bc99eed506 1d7916dd4a974a2d899c30e0178c5585 - default default] Notify callbacks ['neutron.plugins.ml2.ovo_rpc._ObjectChangeHandler.handle_event-3799106', 'neutron.api.rpc.agentnotifiers.dhcp_rpc_agent_api.DhcpAgentNotifyAPI._native_event_send_dhcp_notification-3822439'] for network, after_create _notify_loop /usr/lib/python3.9/site-packages/neutron_lib/callbacks/manager.py:200
2026-06-09 08:05:00.559 17 DEBUG neutron.pecan_wsgi.hooks.policy_enforcement [req-5fe5a625-afb1-4fb0-bd98-cc2f1099879d e774064b842544f9ba4c82bc99eed506 1d7916dd4a974a2d899c30e0178c5585 - default default] Attributes excluded by policy engine: ['standard_attr_id', 'vlan_transparent'] _exclude_attributes_by_policy /usr/lib/python3.9/site-packages/neutron/pecan_wsgi/hooks/policy_enforcement.py:259
2026-06-09 08:05:00.559 17 DEBUG neutron_lib.callbacks.manager [req-5fe5a625-afb1-4fb0-bd98-cc2f1099879d e774064b842544f9ba4c82bc99eed506 1d7916dd4a974a2d899c30e0178c5585 - default default] Notify callbacks ['neutron.api.rpc.agentnotifiers.dhcp_rpc_agent_api.DhcpAgentNotifyAPI._send_dhcp_notification-3822421'] for network, before_response _notify_loop /usr/lib/python3.9/site-packages/neutron_lib/callbacks/manager.py:200
2026-06-09 08:05:00.601 17 INFO neutron.wsgi [req-5fe5a625-afb1-4fb0-bd98-cc2f1099879d e774064b842544f9ba4c82bc99eed506 1d7916dd4a974a2d899c30e0178c5585 - default default] 192.168.122.99,192.168.122.100 "POST /v2.0/networks HTTP/1.1" status: 201 len: 918 time: 0.1432028
2026-06-09 08:05:00.607 17 DEBUG neutron.api.rpc.handlers.resources_rpc [req-5fe5a625-afb1-4fb0-bd98-cc2f1099879d e774064b842544f9ba4c82bc99eed506 1d7916dd4a974a2d899c30e0178c5585 - - -] Pushing event updated for resources: {'Network': ['ID=3af45c7e-c799-4ead-9297-d754df1abeb1,revision_number=1']} push /usr/lib/python3.9/site-packages/neutron/api/rpc/handlers/resources_rpc.py:237
2026-06-09 08:05:00.626 15 DEBUG neutron.wsgi [-] (15) accepted ('192.168.122.100', 57350) server /usr/lib/python3.9/site-packages/eventlet/wsgi.py:992
2026-06-09 08:05:00.626 18 DEBUG neutron.wsgi [-] (18) accepted ('192.168.122.100', 57354) server /usr/lib/python3.9/site-packages/eventlet/wsgi.py:992
2026-06-09 08:05:00.641 17 DEBUG neutron.api.rpc.callbacks.version_manager [req-5fe5a625-afb1-4fb0-bd98-cc2f1099879d e774064b842544f9ba4c82bc99eed506 1d7916dd4a974a2d899c30e0178c5585 - - -] Version for resource type AddressGroup changed None to 1.2 on consumer Open vSwitch agent@undercloud.ooo.test _set_version /usr/lib/python3.9/site-packages/neutron/api/rpc/callbacks/version_manager.py:113
2026-06-09 08:05:00.641 17 DEBUG neutron.api.rpc.callbacks.version_manager [req-5fe5a625-afb1-4fb0-bd98-cc2f1099879d e774064b842544f9ba4c82bc99eed506 1d7916dd4a974a2d899c30e0178c5585 - - -] Version for resource type ConntrackHelper changed None to 1.0 on consumer Open vSwitch agent@undercloud.ooo.test _set_version /usr/lib/python3.9/site-packages/neutron/api/rpc/callbacks/version_manager.py:113
2026-06-09 08:05:00.642 17 DEBUG neutron.api.rpc.callbacks.version_manager [req-5fe5a625-afb1-4fb0-bd98-cc2f1099879d e774064b842544f9ba4c82bc99eed506 1d7916dd4a974a2d899c30e0178c5585 - - -] Version for resource type Log changed None to 1.0 on consumer Open vSwitch agent@undercloud.ooo.test _set_version /usr/lib/python3.9/site-packages/neutron/api/rpc/callbacks/version_manager.py:113
2026-06-09 08:05:00.642 17 DEBUG neutron.api.rpc.callbacks.version_manager [req-5fe5a625-afb1-4fb0-bd98-cc2f1099879d e774064b842544f9ba4c82bc99eed506 1d7916dd4a974a2d899c30e0178c5585 - - -] Version for resource type Network changed None to 1.1 on consumer Open vSwitch agent@undercloud.ooo.test _set_version /usr/lib/python3.9/site-packages/neutron/api/rpc/callbacks/version_manager.py:113
2026-06-09 08:05:00.642 17 DEBUG neutron.api.rpc.callbacks.version_manager [req-5fe5a625-afb1-4fb0-bd98-cc2f1099879d e774064b842544f9ba4c82bc99eed506 1d7916dd4a974a2d899c30e0178c5585 - - -] Version for resource type Port changed None to 1.7 on consumer Open vSwitch agent@undercloud.ooo.test _set_version /usr/lib/python3.9/site-packages/neutron/api/rpc/callbacks/version_manager.py:113
2026-06-09 08:05:00.642 17 DEBUG neutron.api.rpc.callbacks.version_manager [req-5fe5a625-afb1-4fb0-bd98-cc2f1099879d e774064b842544f9ba4c82bc99eed506 1d7916dd4a974a2d899c30e0178c5585 - - -] Version for resource type PortForwarding changed None to 1.2 on consumer Open vSwitch agent@undercloud.ooo.test _set_version /usr/lib/python3.9/site-packages/neutron/api/rpc/callbacks/version_manager.py:113
2026-06-09 08:05:00.642 17 DEBUG neutron.api.rpc.callbacks.version_manager [req-5fe5a625-afb1-4fb0-bd98-cc2f1099879d e774064b842544f9ba4c82bc99eed506 1d7916dd4a974a2d899c30e0178c5585 - - -] Version for resource type QosPolicy changed None to 1.8 on consumer Open vSwitch agent@undercloud.ooo.test _set_version /usr/lib/python3.9/site-packages/neutron/api/rpc/callbacks/version_manager.py:113
2026-06-09 08:05:00.643 17 DEBUG neutron.api.rpc.callbacks.version_manager [req-5fe5a625-afb1-4fb0-bd98-cc2f1099879d e774064b842544f9ba4c82bc99eed506 1d7916dd4a974a2d899c30e0178c5585 - - -] Version for resource type SecurityGroup changed None to 1.5 on consumer Open vSwitch agent@undercloud.ooo.test _set_version /usr/lib/python3.9/site-packages/neutron/api/rpc/callbacks/version_manager.py:113
2026-06-09 08:05:00.643 17 DEBUG neutron.api.rpc.callbacks.version_manager [req-5fe5a625-afb1-4fb0-bd98-cc2f1099879d e774064b842544f9ba4c82bc99eed506 1d7916dd4a974a2d899c30e0178c5585 - - -] Version for resource type SecurityGroupRule changed None to 1.2 on consumer Open vSwitch agent@undercloud.ooo.test _set_version /usr/lib/python3.9/site-packages/neutron/api/rpc/callbacks/version_manager.py:113
2026-06-09 08:05:00.643 17 DEBUG neutron.api.rpc.callbacks.version_manager [req-5fe5a625-afb1-4fb0-bd98-cc2f1099879d e774064b842544f9ba4c82bc99eed506 1d7916dd4a974a2d899c30e0178c5585 - - -] Version for resource type SubPort changed None to 1.0 on consumer Open vSwitch agent@undercloud.ooo.test _set_version /usr/lib/python3.9/site-packages/neutron/api/rpc/callbacks/version_manager.py:113
2026-06-09 08:05:00.643 17 DEBUG neutron.api.rpc.callbacks.version_manager [req-5fe5a625-afb1-4fb0-bd98-cc2f1099879d e774064b842544f9ba4c82bc99eed506 1d7916dd4a974a2d899c30e0178c5585 - - -] Version for resource type Subnet changed None to 1.1 on consumer Open vSwitch agent@undercloud.ooo.test _set_version /usr/lib/python3.9/site-packages/neutron/api/rpc/callbacks/version_manager.py:113
2026-06-09 08:05:00.644 17 DEBUG neutron.api.rpc.callbacks.version_manager [req-5fe5a625-afb1-4fb0-bd98-cc2f1099879d e774064b842544f9ba4c82bc99eed506 1d7916dd4a974a2d899c30e0178c5585 - - -] Version for resource type Trunk changed None to 1.1 on consumer Open vSwitch agent@undercloud.ooo.test _set_version /usr/lib/python3.9/site-packages/neutron/api/rpc/callbacks/version_manager.py:113
2026-06-09 08:05:00.653 17 INFO neutron.wsgi [req-78b13f06-4c05-4fff-980c-a79ad7f91c14 e774064b842544f9ba4c82bc99eed506 1d7916dd4a974a2d899c30e0178c5585 - default default] 192.168.122.99,192.168.122.100 "GET /v2.0/ports?name=np0000068146_ovn_physnet_datacentre&network_id=3af45c7e-c799-4ead-9297-d754df1abeb1&tags=tripleo_stack_name%3Dovercloud HTTP/1.1" status: 200 len: 186 time: 0.0434980
2026-06-09 08:05:00.656 22 DEBUG neutron.plugins.ml2.rpc [req-adab7945-e9d6-4da2-b5af-c7ed12febc41 - - - - -] Network 3af45c7e-c799-4ead-9297-d754df1abeb1 details requested by agent ovs-agent-undercloud.ooo.test with host undercloud.ooo.test get_network_details /usr/lib/python3.9/site-packages/neutron/plugins/ml2/rpc.py:232
2026-06-09 08:05:00.662 17 DEBUG neutron.api.v2.base [req-8fa61155-9402-42b7-8116-3eb7b7e60d8b e774064b842544f9ba4c82bc99eed506 1d7916dd4a974a2d899c30e0178c5585 - default default] Request body: {'port': {'network_id': '3af45c7e-c799-4ead-9297-d754df1abeb1', 'dns_name': 'np0000068146', 'name': 'np0000068146_ovn_physnet_datacentre'}} prepare_request_body /usr/lib/python3.9/site-packages/neutron/api/v2/base.py:729
2026-06-09 08:05:00.667 15 INFO neutron.wsgi [req-a005dbee-008a-4069-8a77-a0b5bfe569eb e774064b842544f9ba4c82bc99eed506 1d7916dd4a974a2d899c30e0178c5585 - default default] 192.168.122.99,192.168.122.100 "GET /v2.0/ports?name=np0000068148_ovn_physnet_datacentre&network_id=3af45c7e-c799-4ead-9297-d754df1abeb1&tags=tripleo_stack_name%3Dovercloud HTTP/1.1" status: 200 len: 186 time: 0.0395911
2026-06-09 08:05:00.673 17 DEBUG neutron.pecan_wsgi.hooks.quota_enforcement [req-8fa61155-9402-42b7-8116-3eb7b7e60d8b e774064b842544f9ba4c82bc99eed506 1d7916dd4a974a2d899c30e0178c5585 - default default] Made reservation on behalf of 1d7916dd4a974a2d899c30e0178c5585 for: {'port': 1} before /usr/lib/python3.9/site-packages/neutron/pecan_wsgi/hooks/quota_enforcement.py:53
2026-06-09 08:05:00.675 17 DEBUG neutron_lib.callbacks.manager [req-8fa61155-9402-42b7-8116-3eb7b7e60d8b e774064b842544f9ba4c82bc99eed506 1d7916dd4a974a2d899c30e0178c5585 - default default] Notify callbacks ['neutron.plugins.ml2.plugin.SecurityGroupDbMixin._ensure_default_security_group_handler-754715'] for port, before_create _notify_loop /usr/lib/python3.9/site-packages/neutron_lib/callbacks/manager.py:200
2026-06-09 08:05:00.683 15 DEBUG neutron.api.v2.base [req-5ba014c9-5be0-408c-9bba-bb30bb75f73b e774064b842544f9ba4c82bc99eed506 1d7916dd4a974a2d899c30e0178c5585 - default default] Request body: {'port': {'network_id': '3af45c7e-c799-4ead-9297-d754df1abeb1', 'dns_name': 'np0000068148', 'name': 'np0000068148_ovn_physnet_datacentre'}} prepare_request_body /usr/lib/python3.9/site-packages/neutron/api/v2/base.py:729
2026-06-09 08:05:00.692 18 INFO neutron.wsgi [req-6690ab4c-87ca-46b8-8782-c079f9ca1390 e774064b842544f9ba4c82bc99eed506 1d7916dd4a974a2d899c30e0178c5585 - default default] 192.168.122.99,192.168.122.100 "GET /v2.0/ports?name=np0000068147_ovn_physnet_datacentre&network_id=3af45c7e-c799-4ead-9297-d754df1abeb1&tags=tripleo_stack_name%3Dovercloud HTTP/1.1" status: 200 len: 186 time: 0.0649185
2026-06-09 08:05:00.707 18 DEBUG neutron.api.v2.base [req-ba1262e3-1063-487b-b5c6-3077fcef0cfd e774064b842544f9ba4c82bc99eed506 1d7916dd4a974a2d899c30e0178c5585 - default default] Request body: {'port': {'network_id': '3af45c7e-c799-4ead-9297-d754df1abeb1', 'dns_name': 'np0000068147', 'name': 'np0000068147_ovn_physnet_datacentre'}} prepare_request_body /usr/lib/python3.9/site-packages/neutron/api/v2/base.py:729
2026-06-09 08:05:00.717 15 DEBUG neutron.pecan_wsgi.hooks.quota_enforcement [req-5ba014c9-5be0-408c-9bba-bb30bb75f73b e774064b842544f9ba4c82bc99eed506 1d7916dd4a974a2d899c30e0178c5585 - default default] Made reservation on behalf of 1d7916dd4a974a2d899c30e0178c5585 for: {'port': 1} before /usr/lib/python3.9/site-packages/neutron/pecan_wsgi/hooks/quota_enforcement.py:53
2026-06-09 08:05:00.719 15 DEBUG neutron_lib.callbacks.manager [req-5ba014c9-5be0-408c-9bba-bb30bb75f73b e774064b842544f9ba4c82bc99eed506 1d7916dd4a974a2d899c30e0178c5585 - default default] Notify callbacks ['neutron.plugins.ml2.plugin.SecurityGroupDbMixin._ensure_default_security_group_handler-754715'] for port, before_create _notify_loop /usr/lib/python3.9/site-packages/neutron_lib/callbacks/manager.py:200
2026-06-09 08:05:00.722 17 DEBUG neutron.notifiers.nova [req-8fa61155-9402-42b7-8116-3eb7b7e60d8b e774064b842544f9ba4c82bc99eed506 1d7916dd4a974a2d899c30e0178c5585 - default default] device_id is not set on port 9d96bc9f-aa20-4ed6-87f5-1d66640e199c yet. _can_notify /usr/lib/python3.9/site-packages/neutron/notifiers/nova.py:201
2026-06-09 08:05:00.726 18 DEBUG neutron.pecan_wsgi.hooks.quota_enforcement [req-ba1262e3-1063-487b-b5c6-3077fcef0cfd e774064b842544f9ba4c82bc99eed506 1d7916dd4a974a2d899c30e0178c5585 - default default] Made reservation on behalf of 1d7916dd4a974a2d899c30e0178c5585 for: {'port': 1} before /usr/lib/python3.9/site-packages/neutron/pecan_wsgi/hooks/quota_enforcement.py:53
2026-06-09 08:05:00.727 18 DEBUG neutron_lib.callbacks.manager [req-ba1262e3-1063-487b-b5c6-3077fcef0cfd e774064b842544f9ba4c82bc99eed506 1d7916dd4a974a2d899c30e0178c5585 - default default] Notify callbacks ['neutron.plugins.ml2.plugin.SecurityGroupDbMixin._ensure_default_security_group_handler-754715'] for port, before_create _notify_loop /usr/lib/python3.9/site-packages/neutron_lib/callbacks/manager.py:200
2026-06-09 08:05:00.743 15 DEBUG neutron.notifiers.nova [req-5ba014c9-5be0-408c-9bba-bb30bb75f73b e774064b842544f9ba4c82bc99eed506 1d7916dd4a974a2d899c30e0178c5585 - default default] device_id is not set on port 836c42a7-70c5-48a5-9c11-a98a4083d025 yet. _can_notify /usr/lib/python3.9/site-packages/neutron/notifiers/nova.py:201
2026-06-09 08:05:00.745 18 DEBUG neutron.notifiers.nova [req-ba1262e3-1063-487b-b5c6-3077fcef0cfd e774064b842544f9ba4c82bc99eed506 1d7916dd4a974a2d899c30e0178c5585 - default default] device_id is not set on port 681d8c69-498e-486f-90ba-0c64a926414e yet. _can_notify /usr/lib/python3.9/site-packages/neutron/notifiers/nova.py:201
2026-06-09 08:05:00.912 17 DEBUG neutron_lib.callbacks.manager [req-8fa61155-9402-42b7-8116-3eb7b7e60d8b e774064b842544f9ba4c82bc99eed506 1d7916dd4a974a2d899c30e0178c5585 - default default] Notify callbacks [] for allowed_address_pair, before_create _notify_loop /usr/lib/python3.9/site-packages/neutron_lib/callbacks/manager.py:200
2026-06-09 08:05:00.912 17 DEBUG neutron_lib.callbacks.manager [req-8fa61155-9402-42b7-8116-3eb7b7e60d8b e774064b842544f9ba4c82bc99eed506 1d7916dd4a974a2d899c30e0178c5585 - default default] Notify callbacks [] for port, precommit_create _notify_loop /usr/lib/python3.9/site-packages/neutron_lib/callbacks/manager.py:200
2026-06-09 08:05:00.924 18 DEBUG neutron_lib.callbacks.manager [req-ba1262e3-1063-487b-b5c6-3077fcef0cfd e774064b842544f9ba4c82bc99eed506 1d7916dd4a974a2d899c30e0178c5585 - default default] Notify callbacks [] for allowed_address_pair, before_create _notify_loop /usr/lib/python3.9/site-packages/neutron_lib/callbacks/manager.py:200
2026-06-09 08:05:00.925 18 DEBUG neutron_lib.callbacks.manager [req-ba1262e3-1063-487b-b5c6-3077fcef0cfd e774064b842544f9ba4c82bc99eed506 1d7916dd4a974a2d899c30e0178c5585 - default default] Notify callbacks [] for port, precommit_create _notify_loop /usr/lib/python3.9/site-packages/neutron_lib/callbacks/manager.py:200
2026-06-09 08:05:00.942 18 DEBUG neutron_lib.callbacks.manager [req-ba1262e3-1063-487b-b5c6-3077fcef0cfd e774064b842544f9ba4c82bc99eed506 1d7916dd4a974a2d899c30e0178c5585 - default default] Notify callbacks ['neutron.plugins.ml2.plugin.SecurityGroupServerNotifierRpcMixin.notify_sg_on_port_change-552787', 'neutron.plugins.ml2.extensions.dns_integration._create_port_in_external_dns_service-8765162354104', 'neutron.plugins.ml2.ovo_rpc._ObjectChangeHandler.handle_event-350208', 'neutron.api.rpc.agentnotifiers.dhcp_rpc_agent_api.DhcpAgentNotifyAPI._native_event_send_dhcp_notification-3822439', 'neutron.services.segments.plugin.NovaSegmentNotifier._notify_port_created_or_deleted-4135615'] for port, after_create _notify_loop /usr/lib/python3.9/site-packages/neutron_lib/callbacks/manager.py:200
2026-06-09 08:05:00.947 15 DEBUG neutron_lib.callbacks.manager [req-5ba014c9-5be0-408c-9bba-bb30bb75f73b e774064b842544f9ba4c82bc99eed506 1d7916dd4a974a2d899c30e0178c5585 - default default] Notify callbacks [] for allowed_address_pair, before_create _notify_loop /usr/lib/python3.9/site-packages/neutron_lib/callbacks/manager.py:200
2026-06-09 08:05:00.947 17 DEBUG neutron_lib.callbacks.manager [req-8fa61155-9402-42b7-8116-3eb7b7e60d8b e774064b842544f9ba4c82bc99eed506 1d7916dd4a974a2d899c30e0178c5585 - default default] Notify callbacks ['neutron.plugins.ml2.plugin.SecurityGroupServerNotifierRpcMixin.notify_sg_on_port_change-552787', 'neutron.plugins.ml2.extensions.dns_integration._create_port_in_external_dns_service-8765162354104', 'neutron.plugins.ml2.ovo_rpc._ObjectChangeHandler.handle_event-350208', 'neutron.api.rpc.agentnotifiers.dhcp_rpc_agent_api.DhcpAgentNotifyAPI._native_event_send_dhcp_notification-3822439', 'neutron.services.segments.plugin.NovaSegmentNotifier._notify_port_created_or_deleted-4135615'] for port, after_create _notify_loop /usr/lib/python3.9/site-packages/neutron_lib/callbacks/manager.py:200
2026-06-09 08:05:00.948 15 DEBUG neutron_lib.callbacks.manager [req-5ba014c9-5be0-408c-9bba-bb30bb75f73b e774064b842544f9ba4c82bc99eed506 1d7916dd4a974a2d899c30e0178c5585 - default default] Notify callbacks [] for port, precommit_create _notify_loop /usr/lib/python3.9/site-packages/neutron_lib/callbacks/manager.py:200
2026-06-09 08:05:00.967 15 DEBUG neutron_lib.callbacks.manager [req-5ba014c9-5be0-408c-9bba-bb30bb75f73b e774064b842544f9ba4c82bc99eed506 1d7916dd4a974a2d899c30e0178c5585 - default default] Notify callbacks ['neutron.plugins.ml2.plugin.SecurityGroupServerNotifierRpcMixin.notify_sg_on_port_change-552787', 'neutron.plugins.ml2.extensions.dns_integration._create_port_in_external_dns_service-8765162354104', 'neutron.plugins.ml2.ovo_rpc._ObjectChangeHandler.handle_event-350208', 'neutron.api.rpc.agentnotifiers.dhcp_rpc_agent_api.DhcpAgentNotifyAPI._native_event_send_dhcp_notification-3822439', 'neutron.services.segments.plugin.NovaSegmentNotifier._notify_port_created_or_deleted-4135615'] for port, after_create _notify_loop /usr/lib/python3.9/site-packages/neutron_lib/callbacks/manager.py:200
2026-06-09 08:05:00.982 18 DEBUG neutron.api.rpc.handlers.resources_rpc [req-ba1262e3-1063-487b-b5c6-3077fcef0cfd e774064b842544f9ba4c82bc99eed506 1d7916dd4a974a2d899c30e0178c5585 - - -] Pushing event updated for resources: {'Port': ['ID=681d8c69-498e-486f-90ba-0c64a926414e,revision_number=1']} push /usr/lib/python3.9/site-packages/neutron/api/rpc/handlers/resources_rpc.py:237
2026-06-09 08:05:00.989 18 DEBUG neutron.api.rpc.callbacks.version_manager [req-ba1262e3-1063-487b-b5c6-3077fcef0cfd e774064b842544f9ba4c82bc99eed506 1d7916dd4a974a2d899c30e0178c5585 - - -] Version for resource type AddressGroup changed None to 1.2 on consumer Open vSwitch agent@undercloud.ooo.test _set_version /usr/lib/python3.9/site-packages/neutron/api/rpc/callbacks/version_manager.py:113
2026-06-09 08:05:00.989 18 DEBUG neutron.api.rpc.callbacks.version_manager [req-ba1262e3-1063-487b-b5c6-3077fcef0cfd e774064b842544f9ba4c82bc99eed506 1d7916dd4a974a2d899c30e0178c5585 - - -] Version for resource type ConntrackHelper changed None to 1.0 on consumer Open vSwitch agent@undercloud.ooo.test _set_version /usr/lib/python3.9/site-packages/neutron/api/rpc/callbacks/version_manager.py:113
2026-06-09 08:05:00.989 18 DEBUG neutron.api.rpc.callbacks.version_manager [req-ba1262e3-1063-487b-b5c6-3077fcef0cfd e774064b842544f9ba4c82bc99eed506 1d7916dd4a974a2d899c30e0178c5585 - - -] Version for resource type Log changed None to 1.0 on consumer Open vSwitch agent@undercloud.ooo.test _set_version /usr/lib/python3.9/site-packages/neutron/api/rpc/callbacks/version_manager.py:113
2026-06-09 08:05:00.990 18 DEBUG neutron.api.rpc.callbacks.version_manager [req-ba1262e3-1063-487b-b5c6-3077fcef0cfd e774064b842544f9ba4c82bc99eed506 1d7916dd4a974a2d899c30e0178c5585 - - -] Version for resource type Network changed None to 1.1 on consumer Open vSwitch agent@undercloud.ooo.test _set_version /usr/lib/python3.9/site-packages/neutron/api/rpc/callbacks/version_manager.py:113
2026-06-09 08:05:00.990 18 DEBUG neutron.api.rpc.callbacks.version_manager [req-ba1262e3-1063-487b-b5c6-3077fcef0cfd e774064b842544f9ba4c82bc99eed506 1d7916dd4a974a2d899c30e0178c5585 - - -] Version for resource type Port changed None to 1.7 on consumer Open vSwitch agent@undercloud.ooo.test _set_version /usr/lib/python3.9/site-packages/neutron/api/rpc/callbacks/version_manager.py:113
2026-06-09 08:05:00.990 18 DEBUG neutron.api.rpc.callbacks.version_manager [req-ba1262e3-1063-487b-b5c6-3077fcef0cfd e774064b842544f9ba4c82bc99eed506 1d7916dd4a974a2d899c30e0178c5585 - - -] Version for resource type PortForwarding changed None to 1.2 on consumer Open vSwitch agent@undercloud.ooo.test _set_version /usr/lib/python3.9/site-packages/neutron/api/rpc/callbacks/version_manager.py:113
2026-06-09 08:05:00.990 18 DEBUG neutron.api.rpc.callbacks.version_manager [req-ba1262e3-1063-487b-b5c6-3077fcef0cfd e774064b842544f9ba4c82bc99eed506 1d7916dd4a974a2d899c30e0178c5585 - - -] Version for resource type QosPolicy changed None to 1.8 on consumer Open vSwitch agent@undercloud.ooo.test _set_version /usr/lib/python3.9/site-packages/neutron/api/rpc/callbacks/version_manager.py:113
2026-06-09 08:05:00.990 18 DEBUG neutron.api.rpc.callbacks.version_manager [req-ba1262e3-1063-487b-b5c6-3077fcef0cfd e774064b842544f9ba4c82bc99eed506 1d7916dd4a974a2d899c30e0178c5585 - - -] Version for resource type SecurityGroup changed None to 1.5 on consumer Open vSwitch agent@undercloud.ooo.test _set_version /usr/lib/python3.9/site-packages/neutron/api/rpc/callbacks/version_manager.py:113
2026-06-09 08:05:00.990 18 DEBUG neutron.api.rpc.callbacks.version_manager [req-ba1262e3-1063-487b-b5c6-3077fcef0cfd e774064b842544f9ba4c82bc99eed506 1d7916dd4a974a2d899c30e0178c5585 - - -] Version for resource type SecurityGroupRule changed None to 1.2 on consumer Open vSwitch agent@undercloud.ooo.test _set_version /usr/lib/python3.9/site-packages/neutron/api/rpc/callbacks/version_manager.py:113
2026-06-09 08:05:00.991 18 DEBUG neutron.api.rpc.callbacks.version_manager [req-ba1262e3-1063-487b-b5c6-3077fcef0cfd e774064b842544f9ba4c82bc99eed506 1d7916dd4a974a2d899c30e0178c5585 - - -] Version for resource type SubPort changed None to 1.0 on consumer Open vSwitch agent@undercloud.ooo.test _set_version /usr/lib/python3.9/site-packages/neutron/api/rpc/callbacks/version_manager.py:113
2026-06-09 08:05:00.991 18 DEBUG neutron.api.rpc.callbacks.version_manager [req-ba1262e3-1063-487b-b5c6-3077fcef0cfd e774064b842544f9ba4c82bc99eed506 1d7916dd4a974a2d899c30e0178c5585 - - -] Version for resource type Subnet changed None to 1.1 on consumer Open vSwitch agent@undercloud.ooo.test _set_version /usr/lib/python3.9/site-packages/neutron/api/rpc/callbacks/version_manager.py:113
2026-06-09 08:05:00.991 18 DEBUG neutron.api.rpc.callbacks.version_manager [req-ba1262e3-1063-487b-b5c6-3077fcef0cfd e774064b842544f9ba4c82bc99eed506 1d7916dd4a974a2d899c30e0178c5585 - - -] Version for resource type Trunk changed None to 1.1 on consumer Open vSwitch agent@undercloud.ooo.test _set_version /usr/lib/python3.9/site-packages/neutron/api/rpc/callbacks/version_manager.py:113
2026-06-09 08:05:00.998 17 DEBUG neutron.api.rpc.handlers.resources_rpc [req-8fa61155-9402-42b7-8116-3eb7b7e60d8b e774064b842544f9ba4c82bc99eed506 1d7916dd4a974a2d899c30e0178c5585 - - -] Pushing event updated for resources: {'Port': ['ID=9d96bc9f-aa20-4ed6-87f5-1d66640e199c,revision_number=1']} push /usr/lib/python3.9/site-packages/neutron/api/rpc/handlers/resources_rpc.py:237
2026-06-09 08:05:01.006 18 DEBUG neutron.plugins.ml2.drivers.mech_agent [req-ba1262e3-1063-487b-b5c6-3077fcef0cfd e774064b842544f9ba4c82bc99eed506 1d7916dd4a974a2d899c30e0178c5585 - default default] Checking segment: {'id': 'f967b819-b1ff-43fd-99c2-23289a27c9a6', 'network_type': 'local', 'physical_network': None, 'segmentation_id': None, 'network_id': '3af45c7e-c799-4ead-9297-d754df1abeb1'} for mappings: {'ctlplane': 'br-ctlplane'} with network types: ['local', 'flat', 'vlan'] check_segment_for_agent /usr/lib/python3.9/site-packages/neutron/plugins/ml2/drivers/mech_agent.py:343
2026-06-09 08:05:01.006 18 DEBUG neutron.scheduler.dhcp_agent_scheduler [req-ba1262e3-1063-487b-b5c6-3077fcef0cfd e774064b842544f9ba4c82bc99eed506 1d7916dd4a974a2d899c30e0178c5585 - default default] Network hostable DHCP agents. Network: 3af45c7e-c799-4ead-9297-d754df1abeb1, hostable agents: ['bf6359af-bf61-4c60-8b45-7a073f2aad4f'], hosted agents: [] _get_network_hostable_dhcp_agents /usr/lib/python3.9/site-packages/neutron/scheduler/dhcp_agent_scheduler.py:329
2026-06-09 08:05:01.008 17 DEBUG neutron.plugins.ml2.drivers.mech_agent [req-8fa61155-9402-42b7-8116-3eb7b7e60d8b e774064b842544f9ba4c82bc99eed506 1d7916dd4a974a2d899c30e0178c5585 - default default] Checking segment: {'id': 'f967b819-b1ff-43fd-99c2-23289a27c9a6', 'network_type': 'local', 'physical_network': None, 'segmentation_id': None, 'network_id': '3af45c7e-c799-4ead-9297-d754df1abeb1'} for mappings: {'ctlplane': 'br-ctlplane'} with network types: ['local', 'flat', 'vlan'] check_segment_for_agent /usr/lib/python3.9/site-packages/neutron/plugins/ml2/drivers/mech_agent.py:343
2026-06-09 08:05:01.008 17 DEBUG neutron.scheduler.dhcp_agent_scheduler [req-8fa61155-9402-42b7-8116-3eb7b7e60d8b e774064b842544f9ba4c82bc99eed506 1d7916dd4a974a2d899c30e0178c5585 - default default] Network hostable DHCP agents. Network: 3af45c7e-c799-4ead-9297-d754df1abeb1, hostable agents: ['bf6359af-bf61-4c60-8b45-7a073f2aad4f'], hosted agents: [] _get_network_hostable_dhcp_agents /usr/lib/python3.9/site-packages/neutron/scheduler/dhcp_agent_scheduler.py:329
2026-06-09 08:05:01.014 15 DEBUG neutron.api.rpc.handlers.resources_rpc [req-5ba014c9-5be0-408c-9bba-bb30bb75f73b e774064b842544f9ba4c82bc99eed506 1d7916dd4a974a2d899c30e0178c5585 - - -] Pushing event updated for resources: {'Port': ['ID=836c42a7-70c5-48a5-9c11-a98a4083d025,revision_number=1']} push /usr/lib/python3.9/site-packages/neutron/api/rpc/handlers/resources_rpc.py:237
2026-06-09 08:05:01.018 18 DEBUG neutron.scheduler.dhcp_agent_scheduler [req-ba1262e3-1063-487b-b5c6-3077fcef0cfd e774064b842544f9ba4c82bc99eed506 1d7916dd4a974a2d899c30e0178c5585 - default default] Network 3af45c7e-c799-4ead-9297-d754df1abeb1 is scheduled to be hosted by DHCP agent bf6359af-bf61-4c60-8b45-7a073f2aad4f with binding_index 1 bind /usr/lib/python3.9/site-packages/neutron/scheduler/dhcp_agent_scheduler.py:227
2026-06-09 08:05:01.020 15 DEBUG neutron.api.rpc.callbacks.version_manager [req-5ba014c9-5be0-408c-9bba-bb30bb75f73b e774064b842544f9ba4c82bc99eed506 1d7916dd4a974a2d899c30e0178c5585 - - -] Version for resource type AddressGroup changed None to 1.2 on consumer Open vSwitch agent@undercloud.ooo.test _set_version /usr/lib/python3.9/site-packages/neutron/api/rpc/callbacks/version_manager.py:113
2026-06-09 08:05:01.020 15 DEBUG neutron.api.rpc.callbacks.version_manager [req-5ba014c9-5be0-408c-9bba-bb30bb75f73b e774064b842544f9ba4c82bc99eed506 1d7916dd4a974a2d899c30e0178c5585 - - -] Version for resource type ConntrackHelper changed None to 1.0 on consumer Open vSwitch agent@undercloud.ooo.test _set_version /usr/lib/python3.9/site-packages/neutron/api/rpc/callbacks/version_manager.py:113
2026-06-09 08:05:01.020 15 DEBUG neutron.api.rpc.callbacks.version_manager [req-5ba014c9-5be0-408c-9bba-bb30bb75f73b e774064b842544f9ba4c82bc99eed506 1d7916dd4a974a2d899c30e0178c5585 - - -] Version for resource type Log changed None to 1.0 on consumer Open vSwitch agent@undercloud.ooo.test _set_version /usr/lib/python3.9/site-packages/neutron/api/rpc/callbacks/version_manager.py:113
2026-06-09 08:05:01.020 15 DEBUG neutron.api.rpc.callbacks.version_manager [req-5ba014c9-5be0-408c-9bba-bb30bb75f73b e774064b842544f9ba4c82bc99eed506 1d7916dd4a974a2d899c30e0178c5585 - - -] Version for resource type Network changed None to 1.1 on consumer Open vSwitch agent@undercloud.ooo.test _set_version /usr/lib/python3.9/site-packages/neutron/api/rpc/callbacks/version_manager.py:113
2026-06-09 08:05:01.020 15 DEBUG neutron.api.rpc.callbacks.version_manager [req-5ba014c9-5be0-408c-9bba-bb30bb75f73b e774064b842544f9ba4c82bc99eed506 1d7916dd4a974a2d899c30e0178c5585 - - -] Version for resource type Port changed None to 1.7 on consumer Open vSwitch agent@undercloud.ooo.test _set_version /usr/lib/python3.9/site-packages/neutron/api/rpc/callbacks/version_manager.py:113
2026-06-09 08:05:01.021 15 DEBUG neutron.api.rpc.callbacks.version_manager [req-5ba014c9-5be0-408c-9bba-bb30bb75f73b e774064b842544f9ba4c82bc99eed506 1d7916dd4a974a2d899c30e0178c5585 - - -] Version for resource type PortForwarding changed None to 1.2 on consumer Open vSwitch agent@undercloud.ooo.test _set_version /usr/lib/python3.9/site-packages/neutron/api/rpc/callbacks/version_manager.py:113
2026-06-09 08:05:01.021 15 DEBUG neutron.api.rpc.callbacks.version_manager [req-5ba014c9-5be0-408c-9bba-bb30bb75f73b e774064b842544f9ba4c82bc99eed506 1d7916dd4a974a2d899c30e0178c5585 - - -] Version for resource type QosPolicy changed None to 1.8 on consumer Open vSwitch agent@undercloud.ooo.test _set_version /usr/lib/python3.9/site-packages/neutron/api/rpc/callbacks/version_manager.py:113
2026-06-09 08:05:01.021 15 DEBUG neutron.api.rpc.callbacks.version_manager [req-5ba014c9-5be0-408c-9bba-bb30bb75f73b e774064b842544f9ba4c82bc99eed506 1d7916dd4a974a2d899c30e0178c5585 - - -] Version for resource type SecurityGroup changed None to 1.5 on consumer Open vSwitch agent@undercloud.ooo.test _set_version /usr/lib/python3.9/site-packages/neutron/api/rpc/callbacks/version_manager.py:113
2026-06-09 08:05:01.021 15 DEBUG neutron.api.rpc.callbacks.version_manager [req-5ba014c9-5be0-408c-9bba-bb30bb75f73b e774064b842544f9ba4c82bc99eed506 1d7916dd4a974a2d899c30e0178c5585 - - -] Version for resource type SecurityGroupRule changed None to 1.2 on consumer Open vSwitch agent@undercloud.ooo.test _set_version /usr/lib/python3.9/site-packages/neutron/api/rpc/callbacks/version_manager.py:113
2026-06-09 08:05:01.021 15 DEBUG neutron.api.rpc.callbacks.version_manager [req-5ba014c9-5be0-408c-9bba-bb30bb75f73b e774064b842544f9ba4c82bc99eed506 1d7916dd4a974a2d899c30e0178c5585 - - -] Version for resource type SubPort changed None to 1.0 on consumer Open vSwitch agent@undercloud.ooo.test _set_version /usr/lib/python3.9/site-packages/neutron/api/rpc/callbacks/version_manager.py:113
2026-06-09 08:05:01.021 15 DEBUG neutron.api.rpc.callbacks.version_manager [req-5ba014c9-5be0-408c-9bba-bb30bb75f73b e774064b842544f9ba4c82bc99eed506 1d7916dd4a974a2d899c30e0178c5585 - - -] Version for resource type Subnet changed None to 1.1 on consumer Open vSwitch agent@undercloud.ooo.test _set_version /usr/lib/python3.9/site-packages/neutron/api/rpc/callbacks/version_manager.py:113
2026-06-09 08:05:01.021 15 DEBUG neutron.api.rpc.callbacks.version_manager [req-5ba014c9-5be0-408c-9bba-bb30bb75f73b e774064b842544f9ba4c82bc99eed506 1d7916dd4a974a2d899c30e0178c5585 - - -] Version for resource type Trunk changed None to 1.1 on consumer Open vSwitch agent@undercloud.ooo.test _set_version /usr/lib/python3.9/site-packages/neutron/api/rpc/callbacks/version_manager.py:113
2026-06-09 08:05:01.024 18 DEBUG neutron.scheduler.base_scheduler [req-ba1262e3-1063-487b-b5c6-3077fcef0cfd e774064b842544f9ba4c82bc99eed506 1d7916dd4a974a2d899c30e0178c5585 - default default] Resources bound (agent type, host, resource id): (DHCP agent, undercloud.ooo.test, 3af45c7e-c799-4ead-9297-d754df1abeb1) schedule /usr/lib/python3.9/site-packages/neutron/scheduler/base_scheduler.py:57
2026-06-09 08:05:01.025 17 INFO neutron.scheduler.dhcp_agent_scheduler [req-8fa61155-9402-42b7-8116-3eb7b7e60d8b e774064b842544f9ba4c82bc99eed506 1d7916dd4a974a2d899c30e0178c5585 - default default] Agent bf6359af-bf61-4c60-8b45-7a073f2aad4f already present
2026-06-09 08:05:01.025 17 DEBUG neutron.scheduler.dhcp_agent_scheduler [req-8fa61155-9402-42b7-8116-3eb7b7e60d8b e774064b842544f9ba4c82bc99eed506 1d7916dd4a974a2d899c30e0178c5585 - default default] Network 3af45c7e-c799-4ead-9297-d754df1abeb1 is scheduled to be hosted by DHCP agent bf6359af-bf61-4c60-8b45-7a073f2aad4f with binding_index 1 bind /usr/lib/python3.9/site-packages/neutron/scheduler/dhcp_agent_scheduler.py:227
2026-06-09 08:05:01.025 17 DEBUG neutron.scheduler.base_scheduler [req-8fa61155-9402-42b7-8116-3eb7b7e60d8b e774064b842544f9ba4c82bc99eed506 1d7916dd4a974a2d899c30e0178c5585 - default default] Resources bound (agent type, host, resource id): (DHCP agent, undercloud.ooo.test, 3af45c7e-c799-4ead-9297-d754df1abeb1) schedule /usr/lib/python3.9/site-packages/neutron/scheduler/base_scheduler.py:57
2026-06-09 08:05:01.027 18 DEBUG neutron.pecan_wsgi.hooks.policy_enforcement [req-ba1262e3-1063-487b-b5c6-3077fcef0cfd e774064b842544f9ba4c82bc99eed506 1d7916dd4a974a2d899c30e0178c5585 - default default] Attributes excluded by policy engine: ['standard_attr_id', 'network'] _exclude_attributes_by_policy /usr/lib/python3.9/site-packages/neutron/pecan_wsgi/hooks/policy_enforcement.py:259
2026-06-09 08:05:01.028 15 DEBUG neutron.plugins.ml2.drivers.mech_agent [req-5ba014c9-5be0-408c-9bba-bb30bb75f73b e774064b842544f9ba4c82bc99eed506 1d7916dd4a974a2d899c30e0178c5585 - default default] Checking segment: {'id': 'f967b819-b1ff-43fd-99c2-23289a27c9a6', 'network_type': 'local', 'physical_network': None, 'segmentation_id': None, 'network_id': '3af45c7e-c799-4ead-9297-d754df1abeb1'} for mappings: {'ctlplane': 'br-ctlplane'} with network types: ['local', 'flat', 'vlan'] check_segment_for_agent /usr/lib/python3.9/site-packages/neutron/plugins/ml2/drivers/mech_agent.py:343
2026-06-09 08:05:01.028 15 DEBUG neutron.scheduler.dhcp_agent_scheduler [req-5ba014c9-5be0-408c-9bba-bb30bb75f73b e774064b842544f9ba4c82bc99eed506 1d7916dd4a974a2d899c30e0178c5585 - default default] Network hostable DHCP agents. Network: 3af45c7e-c799-4ead-9297-d754df1abeb1, hostable agents: ['bf6359af-bf61-4c60-8b45-7a073f2aad4f'], hosted agents: [] _get_network_hostable_dhcp_agents /usr/lib/python3.9/site-packages/neutron/scheduler/dhcp_agent_scheduler.py:329
2026-06-09 08:05:01.028 18 DEBUG neutron_lib.callbacks.manager [req-ba1262e3-1063-487b-b5c6-3077fcef0cfd e774064b842544f9ba4c82bc99eed506 1d7916dd4a974a2d899c30e0178c5585 - default default] Notify callbacks ['neutron.notifiers.nova.Notifier._send_nova_notification-151118', 'neutron.api.rpc.agentnotifiers.dhcp_rpc_agent_api.DhcpAgentNotifyAPI._send_dhcp_notification-3822421'] for port, before_response _notify_loop /usr/lib/python3.9/site-packages/neutron_lib/callbacks/manager.py:200
2026-06-09 08:05:01.029 17 DEBUG neutron.pecan_wsgi.hooks.policy_enforcement [req-8fa61155-9402-42b7-8116-3eb7b7e60d8b e774064b842544f9ba4c82bc99eed506 1d7916dd4a974a2d899c30e0178c5585 - default default] Attributes excluded by policy engine: ['standard_attr_id', 'network'] _exclude_attributes_by_policy /usr/lib/python3.9/site-packages/neutron/pecan_wsgi/hooks/policy_enforcement.py:259
2026-06-09 08:05:01.029 17 DEBUG neutron_lib.callbacks.manager [req-8fa61155-9402-42b7-8116-3eb7b7e60d8b e774064b842544f9ba4c82bc99eed506 1d7916dd4a974a2d899c30e0178c5585 - default default] Notify callbacks ['neutron.notifiers.nova.Notifier._send_nova_notification-151118', 'neutron.api.rpc.agentnotifiers.dhcp_rpc_agent_api.DhcpAgentNotifyAPI._send_dhcp_notification-3822421'] for port, before_response _notify_loop /usr/lib/python3.9/site-packages/neutron_lib/callbacks/manager.py:200
2026-06-09 08:05:01.032 16 DEBUG neutron.wsgi [-] (16) accepted ('192.168.122.100', 57358) server /usr/lib/python3.9/site-packages/eventlet/wsgi.py:992
2026-06-09 08:05:01.032 21 DEBUG neutron.api.rpc.handlers.dhcp_rpc [req-b8ee276e-78c9-436a-8112-e278b6501596 - - - - -] Network 3af45c7e-c799-4ead-9297-d754df1abeb1 requested from undercloud.ooo.test get_network_info /usr/lib/python3.9/site-packages/neutron/api/rpc/handlers/dhcp_rpc.py:213
2026-06-09 08:05:01.034 16 INFO neutron.wsgi [-] 192.168.122.100 "GET / HTTP/1.1" status: 200 len: 233 time: 0.0013578
2026-06-09 08:05:01.040 15 DEBUG neutron.scheduler.dhcp_agent_scheduler [req-5ba014c9-5be0-408c-9bba-bb30bb75f73b e774064b842544f9ba4c82bc99eed506 1d7916dd4a974a2d899c30e0178c5585 - default default] Unable to find a vacant binding_index for network 3af45c7e-c799-4ead-9297-d754df1abeb1 and agent bf6359af-bf61-4c60-8b45-7a073f2aad4f bind /usr/lib/python3.9/site-packages/neutron/scheduler/dhcp_agent_scheduler.py:209
2026-06-09 08:05:01.040 18 INFO neutron.wsgi [req-ba1262e3-1063-487b-b5c6-3077fcef0cfd e774064b842544f9ba4c82bc99eed506 1d7916dd4a974a2d899c30e0178c5585 - default default] 192.168.122.99,192.168.122.100 "POST /v2.0/ports HTTP/1.1" status: 201 len: 1016 time: 0.3412373
2026-06-09 08:05:01.044 15 DEBUG neutron.scheduler.base_scheduler [req-5ba014c9-5be0-408c-9bba-bb30bb75f73b e774064b842544f9ba4c82bc99eed506 1d7916dd4a974a2d899c30e0178c5585 - default default] Resources bound (agent type, host, resource id): (DHCP agent, undercloud.ooo.test, 3af45c7e-c799-4ead-9297-d754df1abeb1) schedule /usr/lib/python3.9/site-packages/neutron/scheduler/base_scheduler.py:57
2026-06-09 08:05:01.048 15 DEBUG neutron.pecan_wsgi.hooks.policy_enforcement [req-5ba014c9-5be0-408c-9bba-bb30bb75f73b e774064b842544f9ba4c82bc99eed506 1d7916dd4a974a2d899c30e0178c5585 - default default] Attributes excluded by policy engine: ['standard_attr_id', 'network'] _exclude_attributes_by_policy /usr/lib/python3.9/site-packages/neutron/pecan_wsgi/hooks/policy_enforcement.py:259
2026-06-09 08:05:01.049 15 DEBUG neutron_lib.callbacks.manager [req-5ba014c9-5be0-408c-9bba-bb30bb75f73b e774064b842544f9ba4c82bc99eed506 1d7916dd4a974a2d899c30e0178c5585 - default default] Notify callbacks ['neutron.notifiers.nova.Notifier._send_nova_notification-151118', 'neutron.api.rpc.agentnotifiers.dhcp_rpc_agent_api.DhcpAgentNotifyAPI._send_dhcp_notification-3822421'] for port, before_response _notify_loop /usr/lib/python3.9/site-packages/neutron_lib/callbacks/manager.py:200
2026-06-09 08:05:01.050 17 INFO neutron.wsgi [req-8fa61155-9402-42b7-8116-3eb7b7e60d8b e774064b842544f9ba4c82bc99eed506 1d7916dd4a974a2d899c30e0178c5585 - default default] 192.168.122.99,192.168.122.100 "POST /v2.0/ports HTTP/1.1" status: 201 len: 1016 time: 0.3909872
2026-06-09 08:05:01.054 18 DEBUG neutron.services.tag.tag_plugin [req-c8021873-0e9b-4d2d-91a8-0620230eede5 e774064b842544f9ba4c82bc99eed506 1d7916dd4a974a2d899c30e0178c5585 - default default] neutron.services.tag.tag_plugin.TagPlugin method update_tags called with arguments (, 'ports', '681d8c69-498e-486f-90ba-0c64a926414e', {'tags': ['tripleo_stack_name=overcloud', 'tripleo_ovn_physnet=datacentre']}) {} wrapper /usr/lib/python3.9/site-packages/oslo_log/helpers.py:65
2026-06-09 08:05:01.056 17 DEBUG neutron.services.tag.tag_plugin [req-96c6ff43-6623-4532-9bf8-cb29d2a84d88 e774064b842544f9ba4c82bc99eed506 1d7916dd4a974a2d899c30e0178c5585 - default default] neutron.services.tag.tag_plugin.TagPlugin method update_tags called with arguments (, 'ports', '9d96bc9f-aa20-4ed6-87f5-1d66640e199c', {'tags': ['tripleo_stack_name=overcloud', 'tripleo_ovn_physnet=datacentre']}) {} wrapper /usr/lib/python3.9/site-packages/oslo_log/helpers.py:65
2026-06-09 08:05:01.061 15 INFO neutron.wsgi [req-5ba014c9-5be0-408c-9bba-bb30bb75f73b e774064b842544f9ba4c82bc99eed506 1d7916dd4a974a2d899c30e0178c5585 - default default] 192.168.122.99,192.168.122.100 "POST /v2.0/ports HTTP/1.1" status: 201 len: 1016 time: 0.3846328
2026-06-09 08:05:01.068 15 DEBUG neutron.services.tag.tag_plugin [req-a7adf4b9-c2a7-479e-a208-30251cdefcea e774064b842544f9ba4c82bc99eed506 1d7916dd4a974a2d899c30e0178c5585 - default default] neutron.services.tag.tag_plugin.TagPlugin method update_tags called with arguments (, 'ports', '836c42a7-70c5-48a5-9c11-a98a4083d025', {'tags': ['tripleo_stack_name=overcloud', 'tripleo_ovn_physnet=datacentre']}) {} wrapper /usr/lib/python3.9/site-packages/oslo_log/helpers.py:65
2026-06-09 08:05:01.097 18 INFO neutron.wsgi [req-c8021873-0e9b-4d2d-91a8-0620230eede5 e774064b842544f9ba4c82bc99eed506 1d7916dd4a974a2d899c30e0178c5585 - default default] 192.168.122.99,192.168.122.100 "PUT /v2.0/ports/681d8c69-498e-486f-90ba-0c64a926414e/tags HTTP/1.1" status: 200 len: 250 time: 0.0505781
2026-06-09 08:05:01.110 15 INFO neutron.wsgi [req-a7adf4b9-c2a7-479e-a208-30251cdefcea e774064b842544f9ba4c82bc99eed506 1d7916dd4a974a2d899c30e0178c5585 - default default] 192.168.122.99,192.168.122.100 "PUT /v2.0/ports/836c42a7-70c5-48a5-9c11-a98a4083d025/tags HTTP/1.1" status: 200 len: 250 time: 0.0439842
2026-06-09 08:05:01.112 17 INFO neutron.wsgi [req-96c6ff43-6623-4532-9bf8-cb29d2a84d88 e774064b842544f9ba4c82bc99eed506 1d7916dd4a974a2d899c30e0178c5585 - default default] 192.168.122.99,192.168.122.100 "PUT /v2.0/ports/9d96bc9f-aa20-4ed6-87f5-1d66640e199c/tags HTTP/1.1" status: 200 len: 250 time: 0.0603185
2026-06-09 08:05:01.152 19 DEBUG neutron.api.rpc.handlers.dhcp_rpc [req-3676b53e-4346-4493-8e05-721d762523cf - - - - -] Network 3af45c7e-c799-4ead-9297-d754df1abeb1 requested from undercloud.ooo.test get_network_info /usr/lib/python3.9/site-packages/neutron/api/rpc/handlers/dhcp_rpc.py:213
2026-06-09 08:05:01.170 17 DEBUG neutron.pecan_wsgi.hooks.policy_enforcement [req-b6cd51e6-3ef3-4008-9656-f73ec5bbf70f e774064b842544f9ba4c82bc99eed506 1d7916dd4a974a2d899c30e0178c5585 - default default] Attributes excluded by policy engine: ['standard_attr_id'] _exclude_attributes_by_policy /usr/lib/python3.9/site-packages/neutron/pecan_wsgi/hooks/policy_enforcement.py:259
2026-06-09 08:05:01.170 17 DEBUG neutron.pecan_wsgi.hooks.policy_enforcement [req-b6cd51e6-3ef3-4008-9656-f73ec5bbf70f e774064b842544f9ba4c82bc99eed506 1d7916dd4a974a2d899c30e0178c5585 - default default] Attributes excluded by policy engine: ['standard_attr_id'] _exclude_attributes_by_policy /usr/lib/python3.9/site-packages/neutron/pecan_wsgi/hooks/policy_enforcement.py:259
2026-06-09 08:05:01.171 17 DEBUG neutron.pecan_wsgi.hooks.policy_enforcement [req-b6cd51e6-3ef3-4008-9656-f73ec5bbf70f e774064b842544f9ba4c82bc99eed506 1d7916dd4a974a2d899c30e0178c5585 - default default] Attributes excluded by policy engine: ['standard_attr_id'] _exclude_attributes_by_policy /usr/lib/python3.9/site-packages/neutron/pecan_wsgi/hooks/policy_enforcement.py:259
