Jun 12 08:55:00 np0000071510 container-server[125900]: Replication run OVER
Jun 12 08:55:00 np0000071510 container-server[125900]: Attempted to replicate 22 dbs in 0.43565 seconds (50.49904/s)
Jun 12 08:55:00 np0000071510 container-server[125900]: Removed 0 dbs
Jun 12 08:55:00 np0000071510 container-server[125900]: 44 successes, 0 failures
Jun 12 08:55:00 np0000071510 container-server[125900]: diff:0 diff_capped:0 empty:0 hashmatch:0 no_change:44 remote_merge:0 rsync:0 ts_repl:0
Jun 12 08:55:10 np0000071510 account-server[125737]: Beginning replication run
Jun 12 08:55:10 np0000071510 account-server[125737]: Replication run OVER
Jun 12 08:55:10 np0000071510 account-server[125737]: Attempted to replicate 1 dbs in 0.02457 seconds (40.70147/s)
Jun 12 08:55:10 np0000071510 account-server[125737]: Removed 0 dbs
Jun 12 08:55:10 np0000071510 account-server[125737]: 2 successes, 0 failures
Jun 12 08:55:10 np0000071510 account-server[125737]: diff:0 diff_capped:0 empty:0 hashmatch:0 no_change:2 remote_merge:0 rsync:0 ts_repl:0
Jun 12 08:55:12 np0000071510 object-server[126548]: Starting object replication pass.
Jun 12 08:55:12 np0000071510 object-server[126548]: 44/44 (100.00%) partitions replicated in 0.45s (96.80/sec, 0s remaining)
Jun 12 08:55:12 np0000071510 object-server[126548]: 88 successes, 0 failures
Jun 12 08:55:12 np0000071510 object-server[126548]: 44 suffixes checked - 0.00% hashed, 0.00% synced
Jun 12 08:55:12 np0000071510 object-server[126548]: Partition times: max 0.0161s, min 0.0072s, med 0.0089s
Jun 12 08:55:12 np0000071510 object-server[126548]: Object replication complete. (0.01 minutes)
Jun 12 08:55:15 np0000071510 object-server[231114]: Begin object audit "forever" mode (ZBF)
Jun 12 08:55:15 np0000071510 object-server[231114]: Object audit (ZBF). Since Fri Jun 12 08:55:15 2026: Locally: 1 passed, 0 quarantined, 0 errors, files/sec: 542.67, bytes/sec: 0.00, Total time: 0.00, Auditing time: 0.00, Rate: 0.00
Jun 12 08:55:16 np0000071510 object-server[231114]: Object audit (ZBF) "forever" mode completed: 0.84s. Total quarantined: 0, Total errors: 0, Total files/sec: 52.15, Total bytes/sec: 0.00, Auditing time: 0.83, Rate: 0.99
Jun 12 08:55:30 np0000071510 container-server[125900]: Beginning replication run
Jun 12 08:55:33 np0000071510 container-server[125900]: Replication run OVER
Jun 12 08:55:33 np0000071510 container-server[125900]: Attempted to replicate 22 dbs in 3.66435 seconds (6.00380/s)
Jun 12 08:55:33 np0000071510 container-server[125900]: Removed 0 dbs
Jun 12 08:55:33 np0000071510 container-server[125900]: 44 successes, 0 failures
Jun 12 08:55:33 np0000071510 container-server[125900]: diff:0 diff_capped:0 empty:0 hashmatch:0 no_change:44 remote_merge:0 rsync:0 ts_repl:0
Jun 12 08:55:40 np0000071510 account-server[125737]: Beginning replication run
Jun 12 08:55:40 np0000071510 account-server[125737]: Replication run OVER
Jun 12 08:55:40 np0000071510 account-server[125737]: Attempted to replicate 1 dbs in 0.02246 seconds (44.51823/s)
Jun 12 08:55:40 np0000071510 account-server[125737]: Removed 0 dbs
Jun 12 08:55:40 np0000071510 account-server[125737]: 2 successes, 0 failures
Jun 12 08:55:40 np0000071510 account-server[125737]: diff:0 diff_capped:0 empty:0 hashmatch:0 no_change:2 remote_merge:0 rsync:0 ts_repl:0
Jun 12 08:55:42 np0000071510 object-server[126548]: Starting object replication pass.
Jun 12 08:55:43 np0000071510 object-server[126548]: 44/44 (100.00%) partitions replicated in 0.75s (58.70/sec, 0s remaining)
Jun 12 08:55:43 np0000071510 object-server[126548]: 88 successes, 0 failures
Jun 12 08:55:43 np0000071510 object-server[126548]: 44 suffixes checked - 0.00% hashed, 0.00% synced
Jun 12 08:55:43 np0000071510 object-server[126548]: Partition times: max 0.3746s, min 0.0062s, med 0.0079s
Jun 12 08:55:43 np0000071510 object-server[126548]: Object replication complete. (0.01 minutes)
Jun 12 08:55:44 np0000071510 account-server[126184]: 172.20.0.105 - - [12/Jun/2026:08:55:44 +0000] "HEAD /d1/635/.expiring_objects" 404 - "HEAD http://localhost/v1/.expiring_objects?format=json" "tx134d0bdb50bb411c96b40-006a2bc98f" "proxy-server 2" 0.0030 "-" 17 -
Jun 12 08:55:46 np0000071510 object-server[237734]: Begin object audit "forever" mode (ALL)
Jun 12 08:55:46 np0000071510 object-server[237733]: Begin object audit "forever" mode (ZBF)
Jun 12 08:55:46 np0000071510 object-server[237733]: Object audit (ZBF). Since Fri Jun 12 08:55:46 2026: Locally: 1 passed, 0 quarantined, 0 errors, files/sec: 519.55, bytes/sec: 0.00, Total time: 0.00, Auditing time: 0.00, Rate: 0.00
Jun 12 08:55:46 np0000071510 object-server[237734]: Object audit (ALL). Since Fri Jun 12 08:55:46 2026: Locally: 1 passed, 0 quarantined, 0 errors, files/sec: 89.80, bytes/sec: 1436.74, Total time: 0.01, Auditing time: 0.00, Rate: 0.00
Jun 12 08:55:47 np0000071510 object-server[237733]: Object audit (ZBF) "forever" mode completed: 0.84s. Total quarantined: 0, Total errors: 0, Total files/sec: 52.17, Total bytes/sec: 0.00, Auditing time: 0.83, Rate: 0.98
Jun 12 08:55:48 np0000071510 object-server[237734]: Object audit (ALL) "forever" mode completed: 2.11s. Total quarantined: 0, Total errors: 0, Total files/sec: 20.82, Total bytes/sec: 400.24, Auditing time: 2.10, Rate: 0.99
Jun 12 08:56:00 np0000071510 container-server[125900]: Beginning replication run
Jun 12 08:56:00 np0000071510 container-server[125900]: Replication run OVER
Jun 12 08:56:00 np0000071510 container-server[125900]: Attempted to replicate 22 dbs in 0.48622 seconds (45.24723/s)
Jun 12 08:56:00 np0000071510 container-server[125900]: Removed 0 dbs
Jun 12 08:56:00 np0000071510 container-server[125900]: 44 successes, 0 failures
Jun 12 08:56:00 np0000071510 container-server[125900]: diff:0 diff_capped:0 empty:0 hashmatch:0 no_change:44 remote_merge:0 rsync:0 ts_repl:0
Jun 12 08:56:06 np0000071510 account-server[126172]: 172.20.0.103 - - [12/Jun/2026:08:56:06 +0000] "HEAD /d1/635/.expiring_objects" 404 - "HEAD http://localhost/v1/.expiring_objects?format=json" "tx0ef91679ab2f420e8cdee-006a2bc9a6" "proxy-server 2" 0.0005 "-" 16 -
Jun 12 08:56:07 np0000071510 object-expirer[126530]: Pass completed in 0s; 0 objects expired (txn: tx0ef91679ab2f420e8cdee-006a2bc9a6)
Jun 12 08:56:10 np0000071510 account-server[125737]: Beginning replication run
Jun 12 08:56:11 np0000071510 account-server[125737]: Replication run OVER
Jun 12 08:56:11 np0000071510 account-server[125737]: Attempted to replicate 1 dbs in 1.10471 seconds (0.90522/s)
Jun 12 08:56:11 np0000071510 account-server[125737]: Removed 0 dbs
Jun 12 08:56:11 np0000071510 account-server[125737]: 2 successes, 0 failures
Jun 12 08:56:11 np0000071510 account-server[125737]: diff:0 diff_capped:0 empty:0 hashmatch:0 no_change:2 remote_merge:0 rsync:0 ts_repl:0
Jun 12 08:56:13 np0000071510 object-server[126548]: Starting object replication pass.
Jun 12 08:56:13 np0000071510 object-server[126548]: 44/44 (100.00%) partitions replicated in 0.43s (102.55/sec, 0s remaining)
Jun 12 08:56:13 np0000071510 object-server[126548]: 88 successes, 0 failures
Jun 12 08:56:13 np0000071510 object-server[126548]: 44 suffixes checked - 0.00% hashed, 0.00% synced
Jun 12 08:56:13 np0000071510 object-server[126548]: Partition times: max 0.0277s, min 0.0064s, med 0.0079s
Jun 12 08:56:13 np0000071510 object-server[126548]: Object replication complete. (0.01 minutes)
Jun 12 08:56:17 np0000071510 object-server[237773]: Begin object audit "forever" mode (ZBF)
Jun 12 08:56:17 np0000071510 object-server[237773]: Object audit (ZBF). Since Fri Jun 12 08:56:17 2026: Locally: 1 passed, 0 quarantined, 0 errors, files/sec: 462.64, bytes/sec: 0.00, Total time: 0.00, Auditing time: 0.00, Rate: 0.00
Jun 12 08:56:19 np0000071510 object-server[237773]: Object audit (ZBF) "forever" mode completed: 1.06s. Total quarantined: 0, Total errors: 0, Total files/sec: 41.42, Total bytes/sec: 0.00, Auditing time: 0.83, Rate: 0.78
Jun 12 08:56:30 np0000071510 container-server[125900]: Beginning replication run
Jun 12 08:56:31 np0000071510 container-server[126366]: Begin container update sweep
Jun 12 08:56:31 np0000071510 account-server[126148]: 172.20.0.103 - - [12/Jun/2026:08:56:31 +0000] "PUT /d1/19/AUTH_ef85e77878ca49cebc5107d5dc4c09a8/gnocchi.d5278fd2-d130-4023-909f-95671015e62c" 201 - "-" "-" "container-updater 2" 0.0011 "-" 14 0
Jun 12 08:56:31 np0000071510 account-server[126184]: 172.20.0.103 - - [12/Jun/2026:08:56:31 +0000] "PUT /d1/19/AUTH_ef85e77878ca49cebc5107d5dc4c09a8/gnocchi.ee13968a-327c-4a0d-b731-140d5983d4df" 201 - "-" "-" "container-updater 2" 0.0007 "-" 17 0
Jun 12 08:56:31 np0000071510 account-server[126159]: 172.20.0.103 - - [12/Jun/2026:08:56:31 +0000] "PUT /d1/19/AUTH_ef85e77878ca49cebc5107d5dc4c09a8/gnocchi.44057a46-8df6-4ba2-8e3c-ac9f65e489f7" 201 - "-" "-" "container-updater 2" 0.0009 "-" 15 0
Jun 12 08:56:31 np0000071510 account-server[126184]: 172.20.0.103 - - [12/Jun/2026:08:56:31 +0000] "PUT /d1/19/AUTH_ef85e77878ca49cebc5107d5dc4c09a8/gnocchi.6adcda10-22bb-4d2e-bb5b-d3b55ea6f812" 201 - "-" "-" "container-updater 2" 0.0007 "-" 17 0
Jun 12 08:56:31 np0000071510 account-server[126172]: 172.20.0.103 - - [12/Jun/2026:08:56:31 +0000] "PUT /d1/19/AUTH_ef85e77878ca49cebc5107d5dc4c09a8/gnocchi.db76e519-73c2-454a-9531-258c3e3f274c" 201 - "-" "-" "container-updater 2" 0.0004 "-" 16 0
Jun 12 08:56:31 np0000071510 container-server[125900]: Replication run OVER
Jun 12 08:56:31 np0000071510 container-server[125900]: Attempted to replicate 22 dbs in 1.24860 seconds (17.61974/s)
Jun 12 08:56:31 np0000071510 container-server[125900]: Removed 0 dbs
Jun 12 08:56:31 np0000071510 container-server[125900]: 44 successes, 0 failures
Jun 12 08:56:31 np0000071510 container-server[125900]: diff:0 diff_capped:0 empty:0 hashmatch:0 no_change:44 remote_merge:0 rsync:0 ts_repl:0
Jun 12 08:56:31 np0000071510 account-server[126184]: 172.20.0.103 - - [12/Jun/2026:08:56:31 +0000] "PUT /d1/19/AUTH_ef85e77878ca49cebc5107d5dc4c09a8/gnocchi.d543d934-5d5e-48f3-b641-d8da384a8e2c" 201 - "-" "-" "container-updater 2" 0.0006 "-" 17 0
Jun 12 08:56:31 np0000071510 account-server[126148]: 172.20.0.103 - - [12/Jun/2026:08:56:31 +0000] "PUT /d1/19/AUTH_ef85e77878ca49cebc5107d5dc4c09a8/gnocchi.6c7a94a2-12de-4408-9130-d6b695ea3440" 201 - "-" "-" "container-updater 2" 0.0007 "-" 14 0
Jun 12 08:56:31 np0000071510 account-server[126172]: 172.20.0.103 - - [12/Jun/2026:08:56:31 +0000] "PUT /d1/19/AUTH_ef85e77878ca49cebc5107d5dc4c09a8/gnocchi.f6d0da45-cda2-4412-b5f9-41c7245bd199" 201 - "-" "-" "container-updater 2" 0.0004 "-" 16 0
Jun 12 08:56:31 np0000071510 account-server[126148]: 172.20.0.103 - - [12/Jun/2026:08:56:31 +0000] "PUT /d1/19/AUTH_ef85e77878ca49cebc5107d5dc4c09a8/gnocchi.849ce80c-32a1-4f25-827a-6f75fc090aca" 201 - "-" "-" "container-updater 2" 0.0008 "-" 14 0
Jun 12 08:56:32 np0000071510 account-server[126159]: 172.20.0.103 - - [12/Jun/2026:08:56:32 +0000] "PUT /d1/19/AUTH_ef85e77878ca49cebc5107d5dc4c09a8/gnocchi.9fd55d25-2bf0-4202-af20-2af103263838" 201 - "-" "-" "container-updater 2" 0.0008 "-" 15 0
Jun 12 08:56:32 np0000071510 account-server[126172]: 172.20.0.103 - - [12/Jun/2026:08:56:32 +0000] "PUT /d1/19/AUTH_ef85e77878ca49cebc5107d5dc4c09a8/gnocchi.ebff7527-336f-4ffe-8244-f69641beea04" 201 - "-" "-" "container-updater 2" 0.0008 "-" 16 0
Jun 12 08:56:32 np0000071510 account-server[126159]: 172.20.0.103 - - [12/Jun/2026:08:56:32 +0000] "PUT /d1/19/AUTH_ef85e77878ca49cebc5107d5dc4c09a8/gnocchi.754dd191-494e-4f29-83e9-e2b524c88032" 201 - "-" "-" "container-updater 2" 0.0007 "-" 15 0
Jun 12 08:56:32 np0000071510 account-server[126184]: 172.20.0.103 - - [12/Jun/2026:08:56:32 +0000] "PUT /d1/19/AUTH_ef85e77878ca49cebc5107d5dc4c09a8/gnocchi.3fbaaa13-1bf8-4d66-bc95-5986e025bdb1" 201 - "-" "-" "container-updater 2" 0.0015 "-" 17 0
Jun 12 08:56:32 np0000071510 account-server[126184]: 172.20.0.103 - - [12/Jun/2026:08:56:32 +0000] "PUT /d1/19/AUTH_ef85e77878ca49cebc5107d5dc4c09a8/gnocchi.a2afc5f7-9e3c-42f9-8c45-65b2b276ec92" 201 - "-" "-" "container-updater 2" 0.0005 "-" 17 0
Jun 12 08:56:32 np0000071510 account-server[126172]: 172.20.0.103 - - [12/Jun/2026:08:56:32 +0000] "PUT /d1/19/AUTH_ef85e77878ca49cebc5107d5dc4c09a8/gnocchi.d95abb9a-53c3-4402-83a4-ca46022ce1c5" 201 - "-" "-" "container-updater 2" 0.0007 "-" 16 0
Jun 12 08:56:32 np0000071510 account-server[126184]: 172.20.0.103 - - [12/Jun/2026:08:56:32 +0000] "PUT /d1/19/AUTH_ef85e77878ca49cebc5107d5dc4c09a8/gnocchi.2e70578d-da3b-433b-9672-94d53271f9f9" 201 - "-" "-" "container-updater 2" 0.0009 "-" 17 0
Jun 12 08:56:32 np0000071510 account-server[126148]: 172.20.0.103 - - [12/Jun/2026:08:56:32 +0000] "PUT /d1/19/AUTH_ef85e77878ca49cebc5107d5dc4c09a8/gnocchi.05aa862f-5277-4dcf-9079-7483c1550021" 201 - "-" "-" "container-updater 2" 0.0007 "-" 14 0
Jun 12 08:56:32 np0000071510 account-server[126148]: 172.20.0.103 - - [12/Jun/2026:08:56:32 +0000] "PUT /d1/19/AUTH_ef85e77878ca49cebc5107d5dc4c09a8/gnocchi.52daf89e-f3d1-4104-a4ab-5fae6f0bf6e0" 201 - "-" "-" "container-updater 2" 0.0008 "-" 14 0
Jun 12 08:56:32 np0000071510 account-server[126148]: 172.20.0.103 - - [12/Jun/2026:08:56:32 +0000] "PUT /d1/19/AUTH_ef85e77878ca49cebc5107d5dc4c09a8/gnocchi.764659f8-6805-4fea-add9-148aa550de2b" 201 - "-" "-" "container-updater 2" 0.0008 "-" 14 0
Jun 12 08:56:32 np0000071510 account-server[126184]: 172.20.0.103 - - [12/Jun/2026:08:56:32 +0000] "PUT /d1/19/AUTH_ef85e77878ca49cebc5107d5dc4c09a8/gnocchi.9db0153f-f2bd-43e1-9bca-12d0d9f711be" 201 - "-" "-" "container-updater 2" 0.0009 "-" 17 0
Jun 12 08:56:32 np0000071510 account-server[126172]: 172.20.0.103 - - [12/Jun/2026:08:56:32 +0000] "PUT /d1/19/AUTH_ef85e77878ca49cebc5107d5dc4c09a8/gnocchi.ed0a8cc4-0e15-45fe-8308-d5398a20dd7f" 201 - "-" "-" "container-updater 2" 0.0004 "-" 16 0
Jun 12 08:56:32 np0000071510 account-server[126184]: 172.20.0.103 - - [12/Jun/2026:08:56:32 +0000] "PUT /d1/19/AUTH_ef85e77878ca49cebc5107d5dc4c09a8/gnocchi.7f2a8251-fa8a-40b1-9245-fceb32ef05cd" 201 - "-" "-" "container-updater 2" 0.0008 "-" 17 0
Jun 12 08:56:33 np0000071510 container-server[126366]: Container update sweep completed: 1.79s
Jun 12 08:56:40 np0000071510 account-server[125737]: Beginning replication run
Jun 12 08:56:40 np0000071510 account-server[125737]: Replication run OVER
Jun 12 08:56:40 np0000071510 account-server[125737]: Attempted to replicate 1 dbs in 0.02201 seconds (45.44286/s)
Jun 12 08:56:40 np0000071510 account-server[125737]: Removed 0 dbs
Jun 12 08:56:40 np0000071510 account-server[125737]: 2 successes, 0 failures
Jun 12 08:56:40 np0000071510 account-server[125737]: diff:0 diff_capped:0 empty:0 hashmatch:0 no_change:2 remote_merge:0 rsync:0 ts_repl:0
Jun 12 08:56:43 np0000071510 object-server[126548]: Starting object replication pass.
Jun 12 08:56:44 np0000071510 object-server[126548]: 44/44 (100.00%) partitions replicated in 0.45s (98.12/sec, 0s remaining)
Jun 12 08:56:44 np0000071510 object-server[126548]: 88 successes, 0 failures
Jun 12 08:56:44 np0000071510 object-server[126548]: 44 suffixes checked - 0.00% hashed, 0.00% synced
Jun 12 08:56:44 np0000071510 object-server[126548]: Partition times: max 0.0171s, min 0.0075s, med 0.0096s
Jun 12 08:56:44 np0000071510 object-server[126548]: Object replication complete. (0.01 minutes)
Jun 12 08:56:49 np0000071510 object-server[243898]: Begin object audit "forever" mode (ALL)
Jun 12 08:56:49 np0000071510 object-server[243897]: Begin object audit "forever" mode (ZBF)
Jun 12 08:56:49 np0000071510 object-server[243897]: Object audit (ZBF). Since Fri Jun 12 08:56:49 2026: Locally: 1 passed, 0 quarantined, 0 errors, files/sec: 466.50, bytes/sec: 0.00, Total time: 0.00, Auditing time: 0.00, Rate: 0.00
Jun 12 08:56:49 np0000071510 object-server[243898]: Object audit (ALL). Since Fri Jun 12 08:56:49 2026: Locally: 1 passed, 0 quarantined, 0 errors, files/sec: 92.34, bytes/sec: 1477.52, Total time: 0.01, Auditing time: 0.00, Rate: 0.00
Jun 12 08:56:50 np0000071510 object-server[243897]: Object audit (ZBF) "forever" mode completed: 0.84s. Total quarantined: 0, Total errors: 0, Total files/sec: 52.13, Total bytes/sec: 0.00, Auditing time: 0.83, Rate: 0.98
Jun 12 08:56:51 np0000071510 object-server[243898]: Object audit (ALL) "forever" mode completed: 2.11s. Total quarantined: 0, Total errors: 0, Total files/sec: 20.82, Total bytes/sec: 400.37, Auditing time: 2.10, Rate: 0.99
Jun 12 08:57:00 np0000071510 container-server[125900]: Beginning replication run
Jun 12 08:57:00 np0000071510 container-server[125900]: Replication run OVER
Jun 12 08:57:00 np0000071510 container-server[125900]: Attempted to replicate 22 dbs in 0.44252 seconds (49.71484/s)
Jun 12 08:57:00 np0000071510 container-server[125900]: Removed 0 dbs
Jun 12 08:57:00 np0000071510 container-server[125900]: 44 successes, 0 failures
Jun 12 08:57:00 np0000071510 container-server[125900]: diff:0 diff_capped:0 empty:0 hashmatch:0 no_change:44 remote_merge:0 rsync:0 ts_repl:0
Jun 12 08:57:10 np0000071510 account-server[125737]: Beginning replication run
Jun 12 08:57:10 np0000071510 account-server[125737]: Replication run OVER
Jun 12 08:57:10 np0000071510 account-server[125737]: Attempted to replicate 1 dbs in 0.38930 seconds (2.56873/s)
Jun 12 08:57:10 np0000071510 account-server[125737]: Removed 0 dbs
Jun 12 08:57:10 np0000071510 account-server[125737]: 2 successes, 0 failures
Jun 12 08:57:10 np0000071510 account-server[125737]: diff:0 diff_capped:0 empty:0 hashmatch:0 no_change:2 remote_merge:0 rsync:0 ts_repl:0
Jun 12 08:57:14 np0000071510 object-server[126548]: Starting object replication pass.
Jun 12 08:57:15 np0000071510 object-server[126548]: 44/44 (100.00%) partitions replicated in 1.76s (24.96/sec, 0s remaining)
Jun 12 08:57:15 np0000071510 object-server[126548]: 88 successes, 0 failures
Jun 12 08:57:15 np0000071510 object-server[126548]: 44 suffixes checked - 0.00% hashed, 0.00% synced
Jun 12 08:57:15 np0000071510 object-server[126548]: Partition times: max 1.3350s, min 0.0054s, med 0.0079s
Jun 12 08:57:15 np0000071510 object-server[126548]: Object replication complete. (0.03 minutes)
Jun 12 08:57:20 np0000071510 object-server[243935]: Begin object audit "forever" mode (ZBF)
Jun 12 08:57:20 np0000071510 object-server[243935]: Object audit (ZBF). Since Fri Jun 12 08:57:20 2026: Locally: 1 passed, 0 quarantined, 0 errors, files/sec: 734.17, bytes/sec: 0.00, Total time: 0.00, Auditing time: 0.00, Rate: 0.00
Jun 12 08:57:21 np0000071510 account-server[126184]: 172.20.0.105 - - [12/Jun/2026:08:57:21 +0000] "HEAD /d1/635/.expiring_objects" 404 - "HEAD http://localhost/v1/.expiring_objects?format=json" "txb5b99695b7c14b528b5a1-006a2bc9f1" "proxy-server 2" 0.0008 "-" 17 -
Jun 12 08:57:21 np0000071510 object-server[243935]: Object audit (ZBF) "forever" mode completed: 0.84s. Total quarantined: 0, Total errors: 0, Total files/sec: 52.18, Total bytes/sec: 0.00, Auditing time: 0.83, Rate: 0.99
Jun 12 08:57:27 np0000071510 object-server[126830]: Begin object update sweep
Jun 12 08:57:28 np0000071510 object-server[246901]: Object update sweep starting on /srv/node/d1 (pid: 15)
Jun 12 08:57:28 np0000071510 object-server[246901]: Object update sweep completed on /srv/node/d1 in 0.00s seconds:, 0 successes, 0 failures, 0 quarantines, 0 unlinks, 0 errors, 0 redirects (pid: 15)
Jun 12 08:57:28 np0000071510 object-server[246901]: Object update sweep of d1 completed: 0.00s, 0 successes, 0 failures, 0 quarantines, 0 unlinks, 0 errors, 0 redirects
Jun 12 08:57:28 np0000071510 object-server[126830]: Object update sweep completed: 0.06s
Jun 12 08:57:30 np0000071510 container-server[125900]: Beginning replication run
Jun 12 08:57:30 np0000071510 container-server[125900]: Replication run OVER
Jun 12 08:57:30 np0000071510 container-server[125900]: Attempted to replicate 22 dbs in 0.46336 seconds (47.47956/s)
Jun 12 08:57:30 np0000071510 container-server[125900]: Removed 0 dbs
Jun 12 08:57:30 np0000071510 container-server[125900]: 44 successes, 0 failures
Jun 12 08:57:30 np0000071510 container-server[125900]: diff:0 diff_capped:0 empty:0 hashmatch:0 no_change:44 remote_merge:0 rsync:0 ts_repl:0
Jun 12 08:57:40 np0000071510 account-server[125737]: Beginning replication run
Jun 12 08:57:40 np0000071510 account-server[125737]: Replication run OVER
Jun 12 08:57:40 np0000071510 account-server[125737]: Attempted to replicate 1 dbs in 0.45459 seconds (2.19978/s)
Jun 12 08:57:40 np0000071510 account-server[125737]: Removed 0 dbs
Jun 12 08:57:40 np0000071510 account-server[125737]: 2 successes, 0 failures
Jun 12 08:57:40 np0000071510 account-server[125737]: diff:0 diff_capped:0 empty:0 hashmatch:0 no_change:2 remote_merge:0 rsync:0 ts_repl:0
Jun 12 08:57:42 np0000071510 account-server[126148]: 172.20.0.104 - - [12/Jun/2026:08:57:42 +0000] "HEAD /d1/635/.expiring_objects" 404 - "HEAD http://localhost/v1/.expiring_objects?format=json" "txb803a212c1504a19affdb-006a2bca06" "proxy-server 2" 0.0008 "-" 14 -
Jun 12 08:57:45 np0000071510 object-server[126548]: Starting object replication pass.
Jun 12 08:57:49 np0000071510 object-server[126548]: 44/44 (100.00%) partitions replicated in 3.90s (11.29/sec, 0s remaining)
Jun 12 08:57:49 np0000071510 object-server[126548]: 88 successes, 0 failures
Jun 12 08:57:49 np0000071510 object-server[126548]: 44 suffixes checked - 0.00% hashed, 0.00% synced
Jun 12 08:57:49 np0000071510 object-server[126548]: Partition times: max 2.7514s, min 0.0047s, med 0.0088s
Jun 12 08:57:49 np0000071510 object-server[126548]: Object replication complete. (0.06 minutes)
Jun 12 08:57:51 np0000071510 object-server[249446]: Begin object audit "forever" mode (ZBF)
Jun 12 08:57:51 np0000071510 object-server[249448]: Begin object audit "forever" mode (ALL)
Jun 12 08:57:51 np0000071510 object-server[249446]: Object audit (ZBF). Since Fri Jun 12 08:57:51 2026: Locally: 1 passed, 0 quarantined, 0 errors, files/sec: 580.45, bytes/sec: 0.00, Total time: 0.00, Auditing time: 0.00, Rate: 0.00
Jun 12 08:57:51 np0000071510 object-server[249448]: Object audit (ALL). Since Fri Jun 12 08:57:51 2026: Locally: 1 passed, 0 quarantined, 0 errors, files/sec: 116.35, bytes/sec: 1861.55, Total time: 0.01, Auditing time: 0.00, Rate: 0.00
Jun 12 08:57:52 np0000071510 object-server[249446]: Object audit (ZBF) "forever" mode completed: 0.84s. Total quarantined: 0, Total errors: 0, Total files/sec: 52.16, Total bytes/sec: 0.00, Auditing time: 0.83, Rate: 0.99
Jun 12 08:57:53 np0000071510 object-server[249448]: Object audit (ALL) "forever" mode completed: 2.11s. Total quarantined: 0, Total errors: 0, Total files/sec: 20.85, Total bytes/sec: 400.80, Auditing time: 2.10, Rate: 0.99
Jun 12 08:58:00 np0000071510 container-server[125900]: Beginning replication run
Jun 12 08:58:00 np0000071510 container-server[125900]: Replication run OVER
Jun 12 08:58:00 np0000071510 container-server[125900]: Attempted to replicate 22 dbs in 0.43707 seconds (50.33538/s)
Jun 12 08:58:00 np0000071510 container-server[125900]: Removed 0 dbs
Jun 12 08:58:00 np0000071510 container-server[125900]: 44 successes, 0 failures
Jun 12 08:58:00 np0000071510 container-server[125900]: diff:0 diff_capped:0 empty:0 hashmatch:0 no_change:44 remote_merge:0 rsync:0 ts_repl:0
Jun 12 08:58:10 np0000071510 account-server[125737]: Beginning replication run
Jun 12 08:58:10 np0000071510 account-server[125737]: Replication run OVER
Jun 12 08:58:10 np0000071510 account-server[125737]: Attempted to replicate 1 dbs in 0.01346 seconds (74.28356/s)
Jun 12 08:58:10 np0000071510 account-server[125737]: Removed 0 dbs
Jun 12 08:58:10 np0000071510 account-server[125737]: 2 successes, 0 failures
Jun 12 08:58:10 np0000071510 account-server[125737]: diff:0 diff_capped:0 empty:0 hashmatch:0 no_change:2 remote_merge:0 rsync:0 ts_repl:0
Jun 12 08:58:19 np0000071510 object-server[126548]: Starting object replication pass.
Jun 12 08:58:20 np0000071510 object-server[126548]: 44/44 (100.00%) partitions replicated in 0.40s (111.36/sec, 0s remaining)
Jun 12 08:58:20 np0000071510 object-server[126548]: 88 successes, 0 failures
Jun 12 08:58:20 np0000071510 object-server[126548]: 44 suffixes checked - 0.00% hashed, 0.00% synced
Jun 12 08:58:20 np0000071510 object-server[126548]: Partition times: max 0.0191s, min 0.0059s, med 0.0075s
Jun 12 08:58:20 np0000071510 object-server[126548]: Object replication complete. (0.01 minutes)
Jun 12 08:58:22 np0000071510 object-server[249470]: Begin object audit "forever" mode (ZBF)
Jun 12 08:58:22 np0000071510 object-server[249470]: Object audit (ZBF). Since Fri Jun 12 08:58:22 2026: Locally: 1 passed, 0 quarantined, 0 errors, files/sec: 497.84, bytes/sec: 0.00, Total time: 0.00, Auditing time: 0.00, Rate: 0.00
Jun 12 08:58:23 np0000071510 object-server[249470]: Object audit (ZBF) "forever" mode completed: 0.84s. Total quarantined: 0, Total errors: 0, Total files/sec: 52.11, Total bytes/sec: 0.00, Auditing time: 0.83, Rate: 0.98
Jun 12 08:58:30 np0000071510 container-server[125900]: Beginning replication run
Jun 12 08:58:30 np0000071510 container-server[125900]: Replication run OVER
Jun 12 08:58:30 np0000071510 container-server[125900]: Attempted to replicate 22 dbs in 0.44020 seconds (49.97769/s)
Jun 12 08:58:30 np0000071510 container-server[125900]: Removed 0 dbs
Jun 12 08:58:30 np0000071510 container-server[125900]: 44 successes, 0 failures
Jun 12 08:58:30 np0000071510 container-server[125900]: diff:0 diff_capped:0 empty:0 hashmatch:0 no_change:44 remote_merge:0 rsync:0 ts_repl:0
Jun 12 08:58:38 np0000071510 account-server[126148]: 172.20.0.103 - - [12/Jun/2026:08:58:38 +0000] "HEAD /d1/635/.expiring_objects" 404 - "HEAD http://localhost/v1/.expiring_objects?format=json" "txc3bfec5478dd4eb7aacbc-006a2bca3e" "proxy-server 2" 0.0005 "-" 14 -
Jun 12 08:58:38 np0000071510 object-expirer[126530]: Pass completed in 0s; 0 objects expired (txn: txc3bfec5478dd4eb7aacbc-006a2bca3e)
Jun 12 08:58:40 np0000071510 account-server[125737]: Beginning replication run
Jun 12 08:58:40 np0000071510 account-server[125737]: Replication run OVER
Jun 12 08:58:40 np0000071510 account-server[125737]: Attempted to replicate 1 dbs in 0.01420 seconds (70.40445/s)
Jun 12 08:58:40 np0000071510 account-server[125737]: Removed 0 dbs
Jun 12 08:58:40 np0000071510 account-server[125737]: 2 successes, 0 failures
Jun 12 08:58:40 np0000071510 account-server[125737]: diff:0 diff_capped:0 empty:0 hashmatch:0 no_change:2 remote_merge:0 rsync:0 ts_repl:0
Jun 12 08:58:43 np0000071510 account-server[126159]: 172.20.0.105 - - [12/Jun/2026:08:58:43 +0000] "PUT /d1/19/AUTH_ef85e77878ca49cebc5107d5dc4c09a8/gnocchi.ed0a8cc4-0e15-45fe-8308-d5398a20dd7f" 201 - "-" "-" "container-updater 2" 0.0018 "-" 15 0
Jun 12 08:58:43 np0000071510 account-server[126148]: 172.20.0.105 - - [12/Jun/2026:08:58:43 +0000] "PUT /d1/19/AUTH_ef85e77878ca49cebc5107d5dc4c09a8/gnocchi.44057a46-8df6-4ba2-8e3c-ac9f65e489f7" 201 - "-" "-" "container-updater 2" 0.0013 "-" 14 0
Jun 12 08:58:43 np0000071510 account-server[126159]: 172.20.0.105 - - [12/Jun/2026:08:58:43 +0000] "PUT /d1/19/AUTH_ef85e77878ca49cebc5107d5dc4c09a8/gnocchi.754dd191-494e-4f29-83e9-e2b524c88032" 201 - "-" "-" "container-updater 2" 0.0008 "-" 15 0
Jun 12 08:58:43 np0000071510 account-server[126184]: 172.20.0.105 - - [12/Jun/2026:08:58:43 +0000] "PUT /d1/19/AUTH_ef85e77878ca49cebc5107d5dc4c09a8/gnocchi.d5278fd2-d130-4023-909f-95671015e62c" 201 - "-" "-" "container-updater 2" 0.0006 "-" 17 0
Jun 12 08:58:43 np0000071510 account-server[126184]: 172.20.0.105 - - [12/Jun/2026:08:58:43 +0000] "PUT /d1/19/AUTH_ef85e77878ca49cebc5107d5dc4c09a8/gnocchi.db76e519-73c2-454a-9531-258c3e3f274c" 201 - "-" "-" "container-updater 2" 0.0006 "-" 17 0
Jun 12 08:58:43 np0000071510 account-server[126148]: 172.20.0.105 - - [12/Jun/2026:08:58:43 +0000] "PUT /d1/19/AUTH_ef85e77878ca49cebc5107d5dc4c09a8/gnocchi.a2afc5f7-9e3c-42f9-8c45-65b2b276ec92" 201 - "-" "-" "container-updater 2" 0.0009 "-" 14 0
Jun 12 08:58:43 np0000071510 account-server[126159]: 172.20.0.105 - - [12/Jun/2026:08:58:43 +0000] "PUT /d1/19/AUTH_ef85e77878ca49cebc5107d5dc4c09a8/gnocchi.f6d0da45-cda2-4412-b5f9-41c7245bd199" 201 - "-" "-" "container-updater 2" 0.0008 "-" 15 0
Jun 12 08:58:44 np0000071510 account-server[126184]: 172.20.0.105 - - [12/Jun/2026:08:58:44 +0000] "PUT /d1/19/AUTH_ef85e77878ca49cebc5107d5dc4c09a8/gnocchi.764659f8-6805-4fea-add9-148aa550de2b" 201 - "-" "-" "container-updater 2" 0.0006 "-" 17 0
Jun 12 08:58:44 np0000071510 account-server[126184]: 172.20.0.105 - - [12/Jun/2026:08:58:44 +0000] "PUT /d1/19/AUTH_ef85e77878ca49cebc5107d5dc4c09a8/gnocchi.6c7a94a2-12de-4408-9130-d6b695ea3440" 201 - "-" "-" "container-updater 2" 0.0009 "-" 17 0
Jun 12 08:58:44 np0000071510 account-server[126148]: 172.20.0.105 - - [12/Jun/2026:08:58:44 +0000] "PUT /d1/19/AUTH_ef85e77878ca49cebc5107d5dc4c09a8/gnocchi.6adcda10-22bb-4d2e-bb5b-d3b55ea6f812" 201 - "-" "-" "container-updater 2" 0.0009 "-" 14 0
Jun 12 08:58:44 np0000071510 account-server[126159]: 172.20.0.105 - - [12/Jun/2026:08:58:44 +0000] "PUT /d1/19/AUTH_ef85e77878ca49cebc5107d5dc4c09a8/gnocchi.849ce80c-32a1-4f25-827a-6f75fc090aca" 201 - "-" "-" "container-updater 2" 0.0005 "-" 15 0
Jun 12 08:58:44 np0000071510 account-server[126184]: 172.20.0.105 - - [12/Jun/2026:08:58:44 +0000] "PUT /d1/19/AUTH_ef85e77878ca49cebc5107d5dc4c09a8/gnocchi.2e70578d-da3b-433b-9672-94d53271f9f9" 201 - "-" "-" "container-updater 2" 0.0007 "-" 17 0
Jun 12 08:58:44 np0000071510 account-server[126159]: 172.20.0.105 - - [12/Jun/2026:08:58:44 +0000] "PUT /d1/19/AUTH_ef85e77878ca49cebc5107d5dc4c09a8/gnocchi.52daf89e-f3d1-4104-a4ab-5fae6f0bf6e0" 201 - "-" "-" "container-updater 2" 0.0007 "-" 15 0
Jun 12 08:58:45 np0000071510 account-server[126148]: 172.20.0.105 - - [12/Jun/2026:08:58:45 +0000] "PUT /d1/19/AUTH_ef85e77878ca49cebc5107d5dc4c09a8/gnocchi.ee13968a-327c-4a0d-b731-140d5983d4df" 201 - "-" "-" "container-updater 2" 0.0009 "-" 14 0
Jun 12 08:58:50 np0000071510 object-server[126548]: Starting object replication pass.
Jun 12 08:58:50 np0000071510 object-server[126548]: 44/44 (100.00%) partitions replicated in 0.43s (101.99/sec, 0s remaining)
Jun 12 08:58:50 np0000071510 object-server[126548]: 88 successes, 0 failures
Jun 12 08:58:50 np0000071510 object-server[126548]: 44 suffixes checked - 0.00% hashed, 0.00% synced
Jun 12 08:58:50 np0000071510 object-server[126548]: Partition times: max 0.0192s, min 0.0058s, med 0.0090s
Jun 12 08:58:50 np0000071510 object-server[126548]: Object replication complete. (0.01 minutes)
Jun 12 08:58:51 np0000071510 account-server[126148]: 172.20.0.105 - - [12/Jun/2026:08:58:51 +0000] "HEAD /d1/635/.expiring_objects" 404 - "HEAD http://localhost/v1/.expiring_objects?format=json" "tx251ab6941984486390764-006a2bca4b" "proxy-server 2" 0.0007 "-" 14 -
Jun 12 08:58:53 np0000071510 object-server[255335]: Begin object audit "forever" mode (ZBF)
Jun 12 08:58:53 np0000071510 object-server[255337]: Begin object audit "forever" mode (ALL)
Jun 12 08:58:53 np0000071510 object-server[255335]: Object audit (ZBF). Since Fri Jun 12 08:58:53 2026: Locally: 1 passed, 0 quarantined, 0 errors, files/sec: 344.56, bytes/sec: 0.00, Total time: 0.00, Auditing time: 0.00, Rate: 0.00
Jun 12 08:58:53 np0000071510 object-server[255337]: Object audit (ALL). Since Fri Jun 12 08:58:53 2026: Locally: 1 passed, 0 quarantined, 0 errors, files/sec: 108.85, bytes/sec: 1741.59, Total time: 0.01, Auditing time: 0.00, Rate: 0.00
Jun 12 08:58:54 np0000071510 object-server[255335]: Object audit (ZBF) "forever" mode completed: 0.84s. Total quarantined: 0, Total errors: 0, Total files/sec: 52.10, Total bytes/sec: 0.00, Auditing time: 0.83, Rate: 0.99
Jun 12 08:58:55 np0000071510 object-server[255337]: Object audit (ALL) "forever" mode completed: 2.11s. Total quarantined: 0, Total errors: 0, Total files/sec: 20.84, Total bytes/sec: 400.69, Auditing time: 2.10, Rate: 0.99
Jun 12 08:59:00 np0000071510 container-server[125900]: Beginning replication run
Jun 12 08:59:00 np0000071510 proxy-server[128112]: - - 12/Jun/2026/08/59/00 HEAD /v1/AUTH_ef85e77878ca49cebc5107d5dc4c09a8%3Fformat%3Djson HTTP/1.0 204 - Swift - - - - tx034c285a976a46ce9884f-006a2bca54 - 0.0131 RL - 1781254740.470646620 1781254740.483697891 -
Jun 12 08:59:00 np0000071510 object-server[126864]: 172.20.0.103 - - [12/Jun/2026:08:59:00 +0000] "GET /d1/1007/AUTH_ef85e77878ca49cebc5107d5dc4c09a8/gnocchi.6c7a94a2-12de-4408-9130-d6b695ea3440/none_v3" 200 22 "GET http://172.18.0.204:8080/v1/AUTH_ef85e77878ca49cebc5107d5dc4c09a8/gnocchi.6c7a94a2-12de-4408-9130-d6b695ea3440/none_v3" "tx034c285a976a46ce9884f-006a2bca54" "proxy-server 20" 0.0017 "-" 25 0
Jun 12 08:59:00 np0000071510 proxy-server[128112]: 172.18.0.204 172.18.0.104 12/Jun/2026/08/59/00 GET /v1/AUTH_ef85e77878ca49cebc5107d5dc4c09a8/gnocchi.6c7a94a2-12de-4408-9130-d6b695ea3440/none_v3 HTTP/1.0 200 - python-swiftclient-3.11.1 gAAAAABqK8jqdbsa... - 22 - tx034c285a976a46ce9884f-006a2bca54 - 0.0805 - - 1781254740.468144655 1781254740.548668385 0
Jun 12 08:59:00 np0000071510 container-server[126496]: 172.20.0.103 - - [12/Jun/2026:08:59:00 +0000] "GET /d1/621/AUTH_ef85e77878ca49cebc5107d5dc4c09a8/gnocchi.6c7a94a2-12de-4408-9130-d6b695ea3440" 200 357 "GET http://172.18.0.204:8080/v1/AUTH_ef85e77878ca49cebc5107d5dc4c09a8/gnocchi.6c7a94a2-12de-4408-9130-d6b695ea3440?format=json&states=listing" "txa2b29dcd5b7c428195dfa-006a2bca54" "proxy-server 20" 0.0042 "-" 23 0
Jun 12 08:59:00 np0000071510 proxy-server[128112]: 172.18.0.204 172.18.0.104 12/Jun/2026/08/59/00 GET /v1/AUTH_ef85e77878ca49cebc5107d5dc4c09a8/gnocchi.6c7a94a2-12de-4408-9130-d6b695ea3440%3Fformat%3Djson%26states%3Dlisting HTTP/1.0 200 - python-swiftclient-3.11.1 gAAAAABqK8jqdbsa... - 357 - txa2b29dcd5b7c428195dfa-006a2bca54 - 0.0117 - - 1781254740.555718899 1781254740.567375183 0
Jun 12 08:59:00 np0000071510 container-server[126484]: 172.20.0.103 - - [12/Jun/2026:08:59:00 +0000] "GET /d1/621/AUTH_ef85e77878ca49cebc5107d5dc4c09a8/gnocchi.6c7a94a2-12de-4408-9130-d6b695ea3440" 200 2 "GET http://172.18.0.204:8080/v1/AUTH_ef85e77878ca49cebc5107d5dc4c09a8/gnocchi.6c7a94a2-12de-4408-9130-d6b695ea3440?format=json&marker=none_v3&states=listing" "tx482f06e483974a2aabbcb-006a2bca54" "proxy-server 20" 0.0042 "-" 22 0
Jun 12 08:59:00 np0000071510 proxy-server[128112]: 172.18.0.204 172.18.0.104 12/Jun/2026/08/59/00 GET /v1/AUTH_ef85e77878ca49cebc5107d5dc4c09a8/gnocchi.6c7a94a2-12de-4408-9130-d6b695ea3440%3Fformat%3Djson%26marker%3Dnone_v3%26states%3Dlisting HTTP/1.0 200 - python-swiftclient-3.11.1 gAAAAABqK8jqdbsa... - 2 - tx482f06e483974a2aabbcb-006a2bca54 - 0.0112 - - 1781254740.569864750 1781254740.581095457 0
Jun 12 08:59:00 np0000071510 object-server[126840]: 172.20.0.103 - - [12/Jun/2026:08:59:00 +0000] "GET /d1/406/AUTH_ef85e77878ca49cebc5107d5dc4c09a8/gnocchi.6c7a94a2-12de-4408-9130-d6b695ea3440/1780920000.0_rate%3Amean_300.0_v3" 404 70 "GET http://172.18.0.204:8080/v1/AUTH_ef85e77878ca49cebc5107d5dc4c09a8/gnocchi.6c7a94a2-12de-4408-9130-d6b695ea3440/1780920000.0_rate%3Amean_300.0_v3" "tx6de64aa46e144450be4ed-006a2bca54" "proxy-server 20" 0.0005 "-" 22 0
Jun 12 08:59:00 np0000071510 proxy-server[128112]: 172.18.0.204 172.18.0.104 12/Jun/2026/08/59/00 GET /v1/AUTH_ef85e77878ca49cebc5107d5dc4c09a8/gnocchi.6c7a94a2-12de-4408-9130-d6b695ea3440/1780920000.0_rate%253Amean_300.0_v3 HTTP/1.0 404 - python-swiftclient-3.11.1 gAAAAABqK8jqdbsa... - 70 - tx6de64aa46e144450be4ed-006a2bca54 - 0.0154 - - 1781254740.584847450 1781254740.600228071 0
Jun 12 08:59:00 np0000071510 proxy-server[128112]: 172.18.0.204 172.18.0.104 12/Jun/2026/08/59/00 GET /v1/AUTH_ef85e77878ca49cebc5107d5dc4c09a8/gnocchi.6c7a94a2-12de-4408-9130-d6b695ea3440/1780920000.0_mean_300.0_v3 HTTP/1.0 200 - python-swiftclient-3.11.1 gAAAAABqK8jqdbsa... - 16 - tx8e5f1e1a0cac42f0a4e71-006a2bca54 - 0.0077 - - 1781254740.602730751 1781254740.610479355 0
Jun 12 08:59:00 np0000071510 container-server[126476]: 172.20.0.103 - - [12/Jun/2026:08:59:00 +0000] "PUT /d1/621/AUTH_ef85e77878ca49cebc5107d5dc4c09a8/gnocchi.6c7a94a2-12de-4408-9130-d6b695ea3440/1780920000.0_rate%3Amean_300.0_v3" 201 - "PUT http://172.18.0.204:8080/d1/406/AUTH_ef85e77878ca49cebc5107d5dc4c09a8/gnocchi.6c7a94a2-12de-4408-9130-d6b695ea3440/1780920000.0_rate%3Amean_300.0_v3" "tx6baa82218cc048698f246-006a2bca54" "object-server 22" 0.0008 "-" 21 0
Jun 12 08:59:00 np0000071510 object-server[126840]: 172.20.0.103 - - [12/Jun/2026:08:59:00 +0000] "PUT /d1/406/AUTH_ef85e77878ca49cebc5107d5dc4c09a8/gnocchi.6c7a94a2-12de-4408-9130-d6b695ea3440/1780920000.0_rate%3Amean_300.0_v3" 201 - "PUT http://172.18.0.204:8080/v1/AUTH_ef85e77878ca49cebc5107d5dc4c09a8/gnocchi.6c7a94a2-12de-4408-9130-d6b695ea3440/1780920000.0_rate%3Amean_300.0_v3" "tx6baa82218cc048698f246-006a2bca54" "proxy-server 20" 0.0159 "-" 22 0
Jun 12 08:59:00 np0000071510 proxy-server[128112]: 172.18.0.204 172.18.0.104 12/Jun/2026/08/59/00 PUT /v1/AUTH_ef85e77878ca49cebc5107d5dc4c09a8/gnocchi.6c7a94a2-12de-4408-9130-d6b695ea3440/1780920000.0_rate%253Amean_300.0_v3 HTTP/1.0 201 - python-swiftclient-3.11.1 gAAAAABqK8jqdbsa... 16 - - tx6baa82218cc048698f246-006a2bca54 - 0.0300 - - 1781254740.613760471 1781254740.643758535 0
Jun 12 08:59:00 np0000071510 container-server[126470]: 172.20.0.103 - - [12/Jun/2026:08:59:00 +0000] "PUT /d1/621/AUTH_ef85e77878ca49cebc5107d5dc4c09a8/gnocchi.6c7a94a2-12de-4408-9130-d6b695ea3440/1780920000.0_mean_300.0_v3" 201 - "PUT http://172.18.0.204:8080/d1/11/AUTH_ef85e77878ca49cebc5107d5dc4c09a8/gnocchi.6c7a94a2-12de-4408-9130-d6b695ea3440/1780920000.0_mean_300.0_v3" "txd66ded3e3e91466ca38a6-006a2bca54" "object-server 24" 0.0006 "-" 20 0
Jun 12 08:59:00 np0000071510 object-server[126852]: 172.20.0.103 - - [12/Jun/2026:08:59:00 +0000] "PUT /d1/11/AUTH_ef85e77878ca49cebc5107d5dc4c09a8/gnocchi.6c7a94a2-12de-4408-9130-d6b695ea3440/1780920000.0_mean_300.0_v3" 201 - "PUT http://172.18.0.204:8080/v1/AUTH_ef85e77878ca49cebc5107d5dc4c09a8/gnocchi.6c7a94a2-12de-4408-9130-d6b695ea3440/1780920000.0_mean_300.0_v3" "txd66ded3e3e91466ca38a6-006a2bca54" "proxy-server 20" 0.0143 "-" 24 0
Jun 12 08:59:00 np0000071510 proxy-server[128112]: 172.18.0.204 172.18.0.104 12/Jun/2026/08/59/00 PUT /v1/AUTH_ef85e77878ca49cebc5107d5dc4c09a8/gnocchi.6c7a94a2-12de-4408-9130-d6b695ea3440/1780920000.0_mean_300.0_v3 HTTP/1.0 201 - python-swiftclient-3.11.1 gAAAAABqK8jqdbsa... 24 - - txd66ded3e3e91466ca38a6-006a2bca54 - 0.0257 - - 1781254740.648720503 1781254740.674466848 0
Jun 12 08:59:00 np0000071510 container-server[126470]: 172.20.0.103 - - [12/Jun/2026:08:59:00 +0000] "PUT /d1/621/AUTH_ef85e77878ca49cebc5107d5dc4c09a8/gnocchi.6c7a94a2-12de-4408-9130-d6b695ea3440/none_v3" 201 - "PUT http://172.18.0.204:8080/d1/1007/AUTH_ef85e77878ca49cebc5107d5dc4c09a8/gnocchi.6c7a94a2-12de-4408-9130-d6b695ea3440/none_v3" "tx78260b12762d4fb6a981e-006a2bca54" "object-server 23" 0.0008 "-" 20 0
Jun 12 08:59:00 np0000071510 object-server[126842]: 172.20.0.103 - - [12/Jun/2026:08:59:00 +0000] "PUT /d1/1007/AUTH_ef85e77878ca49cebc5107d5dc4c09a8/gnocchi.6c7a94a2-12de-4408-9130-d6b695ea3440/none_v3" 201 - "PUT http://172.18.0.204:8080/v1/AUTH_ef85e77878ca49cebc5107d5dc4c09a8/gnocchi.6c7a94a2-12de-4408-9130-d6b695ea3440/none_v3" "tx78260b12762d4fb6a981e-006a2bca54" "proxy-server 20" 0.0121 "-" 23 0
Jun 12 08:59:00 np0000071510 proxy-server[128112]: 172.18.0.204 172.18.0.104 12/Jun/2026/08/59/00 PUT /v1/AUTH_ef85e77878ca49cebc5107d5dc4c09a8/gnocchi.6c7a94a2-12de-4408-9130-d6b695ea3440/none_v3 HTTP/1.0 201 - python-swiftclient-3.11.1 gAAAAABqK8jqdbsa... 33 - - tx78260b12762d4fb6a981e-006a2bca54 - 0.0234 - - 1781254740.678398609 1781254740.701812267 0
Jun 12 08:59:00 np0000071510 container-server[126470]: 172.20.0.103 - - [12/Jun/2026:08:59:00 +0000] "HEAD /d1/419/AUTH_ef85e77878ca49cebc5107d5dc4c09a8/gnocchi.2e70578d-da3b-433b-9672-94d53271f9f9" 204 - "HEAD http://172.18.0.204:8080/v1/AUTH_ef85e77878ca49cebc5107d5dc4c09a8/gnocchi.2e70578d-da3b-433b-9672-94d53271f9f9?format=json&states=listing" "txfd6543ae68c04abbb5003-006a2bca54" "proxy-server 20" 0.0016 "-" 20 0
Jun 12 08:59:00 np0000071510 object-server[126840]: 172.20.0.103 - - [12/Jun/2026:08:59:00 +0000] "GET /d1/553/AUTH_ef85e77878ca49cebc5107d5dc4c09a8/gnocchi.2e70578d-da3b-433b-9672-94d53271f9f9/none_v3" 200 22 "GET http://172.18.0.204:8080/v1/AUTH_ef85e77878ca49cebc5107d5dc4c09a8/gnocchi.2e70578d-da3b-433b-9672-94d53271f9f9/none_v3" "txfd6543ae68c04abbb5003-006a2bca54" "proxy-server 20" 0.0012 "-" 22 0
Jun 12 08:59:00 np0000071510 proxy-server[128112]: 172.18.0.204 172.18.0.104 12/Jun/2026/08/59/00 GET /v1/AUTH_ef85e77878ca49cebc5107d5dc4c09a8/gnocchi.2e70578d-da3b-433b-9672-94d53271f9f9/none_v3 HTTP/1.0 200 - python-swiftclient-3.11.1 gAAAAABqK8jqdbsa... - 22 - txfd6543ae68c04abbb5003-006a2bca54 - 0.0166 - - 1781254740.721358776 1781254740.737932444 0
Jun 12 08:59:00 np0000071510 proxy-server[128112]: 172.18.0.204 172.18.0.104 12/Jun/2026/08/59/00 GET /v1/AUTH_ef85e77878ca49cebc5107d5dc4c09a8/gnocchi.2e70578d-da3b-433b-9672-94d53271f9f9%3Fformat%3Djson%26states%3Dlisting HTTP/1.0 200 - python-swiftclient-3.11.1 gAAAAABqK8jqdbsa... - 357 - txf3d332de54c64a8ba9c4e-006a2bca54 - 0.0157 - - 1781254740.742478848 1781254740.758190632 0
Jun 12 08:59:00 np0000071510 proxy-server[128112]: 172.18.0.204 172.18.0.104 12/Jun/2026/08/59/00 GET /v1/AUTH_ef85e77878ca49cebc5107d5dc4c09a8/gnocchi.2e70578d-da3b-433b-9672-94d53271f9f9%3Fformat%3Djson%26marker%3Dnone_v3%26states%3Dlisting HTTP/1.0 200 - python-swiftclient-3.11.1 gAAAAABqK8jqdbsa... - 2 - tx6e28d453739c4c6d85db0-006a2bca54 - 0.0188 - - 1781254740.762164831 1781254740.780921698 0
Jun 12 08:59:00 np0000071510 object-server[126842]: 172.20.0.103 - - [12/Jun/2026:08:59:00 +0000] "GET /d1/162/AUTH_ef85e77878ca49cebc5107d5dc4c09a8/gnocchi.2e70578d-da3b-433b-9672-94d53271f9f9/1780920000.0_rate%3Amean_300.0_v3" 404 70 "GET http://172.18.0.204:8080/v1/AUTH_ef85e77878ca49cebc5107d5dc4c09a8/gnocchi.2e70578d-da3b-433b-9672-94d53271f9f9/1780920000.0_rate%3Amean_300.0_v3" "txb11f6fd8bb064fa3b9fe2-006a2bca54" "proxy-server 20" 0.0006 "-" 23 0
Jun 12 08:59:00 np0000071510 proxy-server[128112]: 172.18.0.204 172.18.0.104 12/Jun/2026/08/59/00 GET /v1/AUTH_ef85e77878ca49cebc5107d5dc4c09a8/gnocchi.2e70578d-da3b-433b-9672-94d53271f9f9/1780920000.0_rate%253Amean_300.0_v3 HTTP/1.0 404 - python-swiftclient-3.11.1 gAAAAABqK8jqdbsa... - 70 - txb11f6fd8bb064fa3b9fe2-006a2bca54 - 0.0229 - - 1781254740.788401365 1781254740.811317682 0
Jun 12 08:59:00 np0000071510 proxy-server[128112]: 172.18.0.204 172.18.0.104 12/Jun/2026/08/59/00 GET /v1/AUTH_ef85e77878ca49cebc5107d5dc4c09a8/gnocchi.2e70578d-da3b-433b-9672-94d53271f9f9/1780920000.0_mean_300.0_v3 HTTP/1.0 200 - python-swiftclient-3.11.1 gAAAAABqK8jqdbsa... - 16 - tx85c7370393e640708e709-006a2bca54 - 0.0126 - - 1781254740.820514917 1781254740.833153248 0
Jun 12 08:59:00 np0000071510 object-server[126864]: 172.20.0.103 - - [12/Jun/2026:08:59:00 +0000] "PUT /d1/162/AUTH_ef85e77878ca49cebc5107d5dc4c09a8/gnocchi.2e70578d-da3b-433b-9672-94d53271f9f9/1780920000.0_rate%3Amean_300.0_v3" 201 - "PUT http://172.18.0.204:8080/v1/AUTH_ef85e77878ca49cebc5107d5dc4c09a8/gnocchi.2e70578d-da3b-433b-9672-94d53271f9f9/1780920000.0_rate%3Amean_300.0_v3" "tx845c8686e38c471db7ea3-006a2bca54" "proxy-server 20" 0.0131 "-" 25 0
Jun 12 08:59:00 np0000071510 container-server[125900]: Replication run OVER
Jun 12 08:59:00 np0000071510 container-server[125900]: Attempted to replicate 22 dbs in 0.42915 seconds (51.26405/s)
Jun 12 08:59:00 np0000071510 container-server[125900]: Removed 0 dbs
Jun 12 08:59:00 np0000071510 container-server[125900]: 44 successes, 0 failures
Jun 12 08:59:00 np0000071510 container-server[125900]: diff:0 diff_capped:0 empty:0 hashmatch:0 no_change:44 remote_merge:0 rsync:0 ts_repl:0
Jun 12 08:59:00 np0000071510 container-server[126484]: 172.20.0.105 - - [12/Jun/2026:08:59:00 +0000] "PUT /d1/419/AUTH_ef85e77878ca49cebc5107d5dc4c09a8/gnocchi.2e70578d-da3b-433b-9672-94d53271f9f9/1780920000.0_rate%3Amean_300.0_v3" 201 - "PUT http://172.18.0.204:8080/d1/162/AUTH_ef85e77878ca49cebc5107d5dc4c09a8/gnocchi.2e70578d-da3b-433b-9672-94d53271f9f9/1780920000.0_rate%3Amean_300.0_v3" "tx845c8686e38c471db7ea3-006a2bca54" "object-server 23" 0.0009 "-" 22 0
Jun 12 08:59:00 np0000071510 proxy-server[128112]: 172.18.0.204 172.18.0.104 12/Jun/2026/08/59/00 PUT /v1/AUTH_ef85e77878ca49cebc5107d5dc4c09a8/gnocchi.2e70578d-da3b-433b-9672-94d53271f9f9/1780920000.0_rate%253Amean_300.0_v3 HTTP/1.0 201 - python-swiftclient-3.11.1 gAAAAABqK8jqdbsa... 16 - - tx845c8686e38c471db7ea3-006a2bca54 - 0.0382 - - 1781254740.839982510 1781254740.878167629 0
Jun 12 08:59:00 np0000071510 container-server[126470]: 172.20.0.105 - - [12/Jun/2026:08:59:00 +0000] "PUT /d1/419/AUTH_ef85e77878ca49cebc5107d5dc4c09a8/gnocchi.2e70578d-da3b-433b-9672-94d53271f9f9/1780920000.0_mean_300.0_v3" 201 - "PUT http://172.18.0.204:8080/d1/274/AUTH_ef85e77878ca49cebc5107d5dc4c09a8/gnocchi.2e70578d-da3b-433b-9672-94d53271f9f9/1780920000.0_mean_300.0_v3" "tx1f39d535a83441859f937-006a2bca54" "object-server 23" 0.0008 "-" 20 0
Jun 12 08:59:00 np0000071510 object-server[126852]: 172.20.0.103 - - [12/Jun/2026:08:59:00 +0000] "PUT /d1/274/AUTH_ef85e77878ca49cebc5107d5dc4c09a8/gnocchi.2e70578d-da3b-433b-9672-94d53271f9f9/1780920000.0_mean_300.0_v3" 201 - "PUT http://172.18.0.204:8080/v1/AUTH_ef85e77878ca49cebc5107d5dc4c09a8/gnocchi.2e70578d-da3b-433b-9672-94d53271f9f9/1780920000.0_mean_300.0_v3" "tx1f39d535a83441859f937-006a2bca54" "proxy-server 20" 0.0129 "-" 24 0
Jun 12 08:59:00 np0000071510 proxy-server[128112]: 172.18.0.204 172.18.0.104 12/Jun/2026/08/59/00 PUT /v1/AUTH_ef85e77878ca49cebc5107d5dc4c09a8/gnocchi.2e70578d-da3b-433b-9672-94d53271f9f9/1780920000.0_mean_300.0_v3 HTTP/1.0 201 - python-swiftclient-3.11.1 gAAAAABqK8jqdbsa... 24 - - tx1f39d535a83441859f937-006a2bca54 - 0.0265 - - 1781254740.883966684 1781254740.910462141 0
Jun 12 08:59:00 np0000071510 container-server[126496]: 172.20.0.103 - - [12/Jun/2026:08:59:00 +0000] "PUT /d1/419/AUTH_ef85e77878ca49cebc5107d5dc4c09a8/gnocchi.2e70578d-da3b-433b-9672-94d53271f9f9/none_v3" 201 - "PUT http://172.18.0.204:8080/d1/553/AUTH_ef85e77878ca49cebc5107d5dc4c09a8/gnocchi.2e70578d-da3b-433b-9672-94d53271f9f9/none_v3" "txf9c8007dcd9e449fba6b7-006a2bca54" "object-server 24" 0.0008 "-" 23 0
Jun 12 08:59:00 np0000071510 object-server[126852]: 172.20.0.103 - - [12/Jun/2026:08:59:00 +0000] "PUT /d1/553/AUTH_ef85e77878ca49cebc5107d5dc4c09a8/gnocchi.2e70578d-da3b-433b-9672-94d53271f9f9/none_v3" 201 - "PUT http://172.18.0.204:8080/v1/AUTH_ef85e77878ca49cebc5107d5dc4c09a8/gnocchi.2e70578d-da3b-433b-9672-94d53271f9f9/none_v3" "txf9c8007dcd9e449fba6b7-006a2bca54" "proxy-server 20" 0.0133 "-" 24 0
Jun 12 08:59:00 np0000071510 proxy-server[128112]: 172.18.0.204 172.18.0.104 12/Jun/2026/08/59/00 PUT /v1/AUTH_ef85e77878ca49cebc5107d5dc4c09a8/gnocchi.2e70578d-da3b-433b-9672-94d53271f9f9/none_v3 HTTP/1.0 201 - python-swiftclient-3.11.1 gAAAAABqK8jqdbsa... 33 - - txf9c8007dcd9e449fba6b7-006a2bca54 - 0.0282 - - 1781254740.916124582 1781254740.944314957 0
Jun 12 08:59:00 np0000071510 object-server[126840]: 172.20.0.103 - - [12/Jun/2026:08:59:00 +0000] "GET /d1/677/AUTH_ef85e77878ca49cebc5107d5dc4c09a8/gnocchi.6adcda10-22bb-4d2e-bb5b-d3b55ea6f812/none_v3" 200 22 "GET http://172.18.0.204:8080/v1/AUTH_ef85e77878ca49cebc5107d5dc4c09a8/gnocchi.6adcda10-22bb-4d2e-bb5b-d3b55ea6f812/none_v3" "txecd2229adac64e778f710-006a2bca54" "proxy-server 20" 0.0009 "-" 22 0
Jun 12 08:59:00 np0000071510 proxy-server[128112]: 172.18.0.204 172.18.0.104 12/Jun/2026/08/59/00 GET /v1/AUTH_ef85e77878ca49cebc5107d5dc4c09a8/gnocchi.6adcda10-22bb-4d2e-bb5b-d3b55ea6f812/none_v3 HTTP/1.0 200 - python-swiftclient-3.11.1 gAAAAABqK8jqdbsa... - 22 - txecd2229adac64e778f710-006a2bca54 - 0.0187 - - 1781254740.962493420 1781254740.981239796 0
Jun 12 08:59:01 np0000071510 proxy-server[128112]: 172.18.0.204 172.18.0.104 12/Jun/2026/08/59/01 GET /v1/AUTH_ef85e77878ca49cebc5107d5dc4c09a8/gnocchi.6adcda10-22bb-4d2e-bb5b-d3b55ea6f812%3Fformat%3Djson%26states%3Dlisting HTTP/1.0 200 - python-swiftclient-3.11.1 gAAAAABqK8jqdbsa... - 357 - tx23b93bf1a00e411196ce8-006a2bca54 - 0.0166 - - 1781254740.985154390 1781254741.001756430 0
Jun 12 08:59:01 np0000071510 container-server[126476]: 172.20.0.103 - - [12/Jun/2026:08:59:01 +0000] "GET /d1/128/AUTH_ef85e77878ca49cebc5107d5dc4c09a8/gnocchi.6adcda10-22bb-4d2e-bb5b-d3b55ea6f812" 200 2 "GET http://172.18.0.204:8080/v1/AUTH_ef85e77878ca49cebc5107d5dc4c09a8/gnocchi.6adcda10-22bb-4d2e-bb5b-d3b55ea6f812?format=json&marker=none_v3&states=listing" "txea51c883b8404a91b1f34-006a2bca55" "proxy-server 20" 0.0042 "-" 21 0
Jun 12 08:59:01 np0000071510 proxy-server[128112]: 172.18.0.204 172.18.0.104 12/Jun/2026/08/59/01 GET /v1/AUTH_ef85e77878ca49cebc5107d5dc4c09a8/gnocchi.6adcda10-22bb-4d2e-bb5b-d3b55ea6f812%3Fformat%3Djson%26marker%3Dnone_v3%26states%3Dlisting HTTP/1.0 200 - python-swiftclient-3.11.1 gAAAAABqK8jqdbsa... - 2 - txea51c883b8404a91b1f34-006a2bca55 - 0.0134 - - 1781254741.004168272 1781254741.017572403 0
Jun 12 08:59:01 np0000071510 object-server[126852]: 172.20.0.103 - - [12/Jun/2026:08:59:01 +0000] "GET /d1/765/AUTH_ef85e77878ca49cebc5107d5dc4c09a8/gnocchi.6adcda10-22bb-4d2e-bb5b-d3b55ea6f812/1780920000.0_rate%3Amean_300.0_v3" 404 70 "GET http://172.18.0.204:8080/v1/AUTH_ef85e77878ca49cebc5107d5dc4c09a8/gnocchi.6adcda10-22bb-4d2e-bb5b-d3b55ea6f812/1780920000.0_rate%3Amean_300.0_v3" "txb5bd5a5484044561b8c0b-006a2bca55" "proxy-server 20" 0.0005 "-" 24 0
Jun 12 08:59:01 np0000071510 proxy-server[128112]: 172.18.0.204 172.18.0.104 12/Jun/2026/08/59/01 GET /v1/AUTH_ef85e77878ca49cebc5107d5dc4c09a8/gnocchi.6adcda10-22bb-4d2e-bb5b-d3b55ea6f812/1780920000.0_rate%253Amean_300.0_v3 HTTP/1.0 404 - python-swiftclient-3.11.1 gAAAAABqK8jqdbsa... - 70 - txb5bd5a5484044561b8c0b-006a2bca55 - 0.0199 - - 1781254741.021231890 1781254741.041176081 0
