Jun 12 08:54:00 np0000071510 object-server[126842]: 172.20.0.105 - - [12/Jun/2026:08:54:00 +0000] "GET /d1/855/AUTH_ef85e77878ca49cebc5107d5dc4c09a8/gnocchi.db76e519-73c2-454a-9531-258c3e3f274c/none_v3" 404 70 "GET http://172.18.0.204:8080/v1/AUTH_ef85e77878ca49cebc5107d5dc4c09a8/gnocchi.db76e519-73c2-454a-9531-258c3e3f274c/none_v3" "tx1e50db6b10e04e3ba279c-006a2bc928" "proxy-server 12" 0.0005 "-" 23 0
Jun 12 08:54:00 np0000071510 object-server[126842]: 172.20.0.104 - - [12/Jun/2026:08:54:00 +0000] "GET /d1/32/AUTH_ef85e77878ca49cebc5107d5dc4c09a8/gnocchi.764659f8-6805-4fea-add9-148aa550de2b/none_v3" 404 70 "GET http://172.18.0.204:8080/v1/AUTH_ef85e77878ca49cebc5107d5dc4c09a8/gnocchi.764659f8-6805-4fea-add9-148aa550de2b/none_v3" "txe27751ce59f24052be821-006a2bc928" "proxy-server 20" 0.0003 "-" 23 0
Jun 12 08:54:00 np0000071510 object-server[126840]: 172.20.0.103 - - [12/Jun/2026:08:54:00 +0000] "PUT /d1/1007/AUTH_ef85e77878ca49cebc5107d5dc4c09a8/gnocchi.6c7a94a2-12de-4408-9130-d6b695ea3440/none_v3" 201 - "PUT http://172.18.0.204:8080/v1/AUTH_ef85e77878ca49cebc5107d5dc4c09a8/gnocchi.6c7a94a2-12de-4408-9130-d6b695ea3440/none_v3" "txb4281271fb0e490e9e7dc-006a2bc928" "proxy-server 20" 0.0119 "-" 22 0
Jun 12 08:54:00 np0000071510 container-server[126496]: 172.20.0.105 - - [12/Jun/2026:08:54:00 +0000] "PUT /d1/621/AUTH_ef85e77878ca49cebc5107d5dc4c09a8/gnocchi.6c7a94a2-12de-4408-9130-d6b695ea3440/none_v3" 201 - "PUT http://172.18.0.204:8080/d1/1007/AUTH_ef85e77878ca49cebc5107d5dc4c09a8/gnocchi.6c7a94a2-12de-4408-9130-d6b695ea3440/none_v3" "txb4281271fb0e490e9e7dc-006a2bc928" "object-server 24" 0.0008 "-" 23 0
Jun 12 08:54:00 np0000071510 proxy-server[128112]: 172.18.0.204 172.18.0.104 12/Jun/2026/08/54/00 PUT /v1/AUTH_ef85e77878ca49cebc5107d5dc4c09a8/gnocchi.6c7a94a2-12de-4408-9130-d6b695ea3440/none_v3 HTTP/1.0 201 - python-swiftclient-3.11.1 gAAAAABqK8jqdbsa... 22 - - txb4281271fb0e490e9e7dc-006a2bc928 - 0.0229 - - 1781254440.883182049 1781254440.906110048 0
Jun 12 08:54:00 np0000071510 account-server[126148]: 172.20.0.104 - - [12/Jun/2026:08:54:00 +0000] "PUT /d1/19/AUTH_ef85e77878ca49cebc5107d5dc4c09a8/gnocchi.764659f8-6805-4fea-add9-148aa550de2b" 201 - "PUT http://172.20.0.104:6001/d1/567/AUTH_ef85e77878ca49cebc5107d5dc4c09a8/gnocchi.764659f8-6805-4fea-add9-148aa550de2b" "tx75b6ce2335194a38b7397-006a2bc928" "container-server 20" 0.0058 "-" 14 0
Jun 12 08:54:00 np0000071510 account-server[126148]: 172.20.0.104 - - [12/Jun/2026:08:54:00 +0000] "PUT /d1/19/AUTH_ef85e77878ca49cebc5107d5dc4c09a8/gnocchi.db76e519-73c2-454a-9531-258c3e3f274c" 201 - "PUT http://172.20.0.104:6001/d1/624/AUTH_ef85e77878ca49cebc5107d5dc4c09a8/gnocchi.db76e519-73c2-454a-9531-258c3e3f274c" "txd6ca0caeef934601994c7-006a2bc928" "container-server 22" 0.0052 "-" 14 0
Jun 12 08:54:00 np0000071510 container-server[126484]: 172.20.0.103 - - [12/Jun/2026:08:54:00 +0000] "HEAD /d1/896/AUTH_ef85e77878ca49cebc5107d5dc4c09a8/gnocchi.d5278fd2-d130-4023-909f-95671015e62c" 404 - "HEAD http://172.18.0.204:8080/v1/AUTH_ef85e77878ca49cebc5107d5dc4c09a8/gnocchi.d5278fd2-d130-4023-909f-95671015e62c?format=json&states=listing" "txcf4fc56b997a4dd1b2f68-006a2bc928" "proxy-server 20" 0.0007 "-" 22 0
Jun 12 08:54:00 np0000071510 container-server[126496]: 172.20.0.105 - - [12/Jun/2026:08:54:00 +0000] "PUT /d1/624/AUTH_ef85e77878ca49cebc5107d5dc4c09a8/gnocchi.db76e519-73c2-454a-9531-258c3e3f274c" 201 - "PUT http://172.18.0.204:8080/v1/AUTH_ef85e77878ca49cebc5107d5dc4c09a8/gnocchi.db76e519-73c2-454a-9531-258c3e3f274c" "txd6ca0caeef934601994c7-006a2bc928" "proxy-server 12" 0.0344 "-" 23 0
Jun 12 08:54:00 np0000071510 container-server[126484]: 172.20.0.104 - - [12/Jun/2026:08:54:00 +0000] "PUT /d1/567/AUTH_ef85e77878ca49cebc5107d5dc4c09a8/gnocchi.764659f8-6805-4fea-add9-148aa550de2b" 201 - "PUT http://172.18.0.204:8080/v1/AUTH_ef85e77878ca49cebc5107d5dc4c09a8/gnocchi.764659f8-6805-4fea-add9-148aa550de2b" "tx75b6ce2335194a38b7397-006a2bc928" "proxy-server 20" 0.0374 "-" 22 0
Jun 12 08:54:00 np0000071510 object-server[126864]: 172.20.0.103 - - [12/Jun/2026:08:54:00 +0000] "GET /d1/920/AUTH_ef85e77878ca49cebc5107d5dc4c09a8/gnocchi.d5278fd2-d130-4023-909f-95671015e62c/none_v3" 404 70 "GET http://172.18.0.204:8080/v1/AUTH_ef85e77878ca49cebc5107d5dc4c09a8/gnocchi.d5278fd2-d130-4023-909f-95671015e62c/none_v3" "txcf4fc56b997a4dd1b2f68-006a2bc928" "proxy-server 20" 0.0005 "-" 25 0
Jun 12 08:54:00 np0000071510 proxy-server[128112]: 172.18.0.204 172.18.0.104 12/Jun/2026/08/54/00 GET /v1/AUTH_ef85e77878ca49cebc5107d5dc4c09a8/gnocchi.d5278fd2-d130-4023-909f-95671015e62c/none_v3 HTTP/1.0 404 - python-swiftclient-3.11.1 gAAAAABqK8jqdbsa... - 70 - txcf4fc56b997a4dd1b2f68-006a2bc928 - 0.0329 - - 1781254440.931837559 1781254440.964711428 0
Jun 12 08:54:00 np0000071510 object-server[126864]: 172.20.0.104 - - [12/Jun/2026:08:54:00 +0000] "GET /d1/522/AUTH_ef85e77878ca49cebc5107d5dc4c09a8/gnocchi.764659f8-6805-4fea-add9-148aa550de2b/1780920000.0_mean_300.0_v3" 404 70 "GET http://172.18.0.204:8080/v1/AUTH_ef85e77878ca49cebc5107d5dc4c09a8/gnocchi.764659f8-6805-4fea-add9-148aa550de2b/1780920000.0_mean_300.0_v3" "tx8343ad56670d4bdab8f1c-006a2bc928" "proxy-server 20" 0.0005 "-" 25 0
Jun 12 08:54:00 np0000071510 object-server[126840]: 172.20.0.105 - - [12/Jun/2026:08:54:00 +0000] "GET /d1/34/AUTH_ef85e77878ca49cebc5107d5dc4c09a8/gnocchi.db76e519-73c2-454a-9531-258c3e3f274c/1780920000.0_mean_300.0_v3" 404 70 "GET http://172.18.0.204:8080/v1/AUTH_ef85e77878ca49cebc5107d5dc4c09a8/gnocchi.db76e519-73c2-454a-9531-258c3e3f274c/1780920000.0_mean_300.0_v3" "tx1a4bd0c5229940e794ae8-006a2bc928" "proxy-server 12" 0.0005 "-" 22 0
Jun 12 08:54:00 np0000071510 container-server[126496]: 172.20.0.103 - - [12/Jun/2026:08:54:00 +0000] "PUT /d1/896/AUTH_ef85e77878ca49cebc5107d5dc4c09a8/gnocchi.d5278fd2-d130-4023-909f-95671015e62c" 201 - "PUT http://172.18.0.204:8080/v1/AUTH_ef85e77878ca49cebc5107d5dc4c09a8/gnocchi.d5278fd2-d130-4023-909f-95671015e62c" "tx196dff85e8fb45bbaaae0-006a2bc928" "proxy-server 20" 0.0193 "-" 23 0
Jun 12 08:54:00 np0000071510 account-server[126159]: 172.20.0.104 - - [12/Jun/2026:08:54:00 +0000] "PUT /d1/19/AUTH_ef85e77878ca49cebc5107d5dc4c09a8/gnocchi.d5278fd2-d130-4023-909f-95671015e62c" 201 - "PUT http://172.20.0.104:6001/d1/896/AUTH_ef85e77878ca49cebc5107d5dc4c09a8/gnocchi.d5278fd2-d130-4023-909f-95671015e62c" "tx196dff85e8fb45bbaaae0-006a2bc928" "container-server 20" 0.0061 "-" 15 0
Jun 12 08:54:01 np0000071510 proxy-server[128112]: 172.18.0.204 172.18.0.104 12/Jun/2026/08/54/01 PUT /v1/AUTH_ef85e77878ca49cebc5107d5dc4c09a8/gnocchi.d5278fd2-d130-4023-909f-95671015e62c HTTP/1.0 201 - python-swiftclient-3.11.1 gAAAAABqK8jqdbsa... - - - tx196dff85e8fb45bbaaae0-006a2bc928 - 0.0351 - - 1781254440.969782352 1781254441.004876137 0
Jun 12 08:54:01 np0000071510 container-server[126470]: 172.20.0.103 - - [12/Jun/2026:08:54:01 +0000] "PUT /d1/567/AUTH_ef85e77878ca49cebc5107d5dc4c09a8/gnocchi.764659f8-6805-4fea-add9-148aa550de2b/1780920000.0_mean_300.0_v3" 201 - "PUT http://172.18.0.204:8080/d1/522/AUTH_ef85e77878ca49cebc5107d5dc4c09a8/gnocchi.764659f8-6805-4fea-add9-148aa550de2b/1780920000.0_mean_300.0_v3" "tx63df9a66bf98459fa9f19-006a2bc928" "object-server 25" 0.0013 "-" 20 0
Jun 12 08:54:01 np0000071510 object-server[126864]: 172.20.0.104 - - [12/Jun/2026:08:54:01 +0000] "PUT /d1/522/AUTH_ef85e77878ca49cebc5107d5dc4c09a8/gnocchi.764659f8-6805-4fea-add9-148aa550de2b/1780920000.0_mean_300.0_v3" 201 - "PUT http://172.18.0.204:8080/v1/AUTH_ef85e77878ca49cebc5107d5dc4c09a8/gnocchi.764659f8-6805-4fea-add9-148aa550de2b/1780920000.0_mean_300.0_v3" "tx63df9a66bf98459fa9f19-006a2bc928" "proxy-server 20" 0.0165 "-" 25 0
Jun 12 08:54:01 np0000071510 container-server[126476]: 172.20.0.103 - - [12/Jun/2026:08:54:01 +0000] "HEAD /d1/896/AUTH_ef85e77878ca49cebc5107d5dc4c09a8/gnocchi.d5278fd2-d130-4023-909f-95671015e62c" 204 - "HEAD http://172.18.0.204:8080/v1/AUTH_ef85e77878ca49cebc5107d5dc4c09a8/gnocchi.d5278fd2-d130-4023-909f-95671015e62c?format=json&states=listing" "tx4fc0cedd31a54ebab0972-006a2bc929" "proxy-server 20" 0.0024 "-" 21 0
Jun 12 08:54:01 np0000071510 object-server[126840]: 172.20.0.105 - - [12/Jun/2026:08:54:01 +0000] "PUT /d1/34/AUTH_ef85e77878ca49cebc5107d5dc4c09a8/gnocchi.db76e519-73c2-454a-9531-258c3e3f274c/1780920000.0_mean_300.0_v3" 201 - "PUT http://172.18.0.204:8080/v1/AUTH_ef85e77878ca49cebc5107d5dc4c09a8/gnocchi.db76e519-73c2-454a-9531-258c3e3f274c/1780920000.0_mean_300.0_v3" "txc257de0a1fcd4d6bbc485-006a2bc928" "proxy-server 12" 0.0120 "-" 22 0
Jun 12 08:54:01 np0000071510 container-server[126476]: 172.20.0.104 - - [12/Jun/2026:08:54:01 +0000] "PUT /d1/624/AUTH_ef85e77878ca49cebc5107d5dc4c09a8/gnocchi.db76e519-73c2-454a-9531-258c3e3f274c/1780920000.0_mean_300.0_v3" 201 - "PUT http://172.18.0.204:8080/d1/34/AUTH_ef85e77878ca49cebc5107d5dc4c09a8/gnocchi.db76e519-73c2-454a-9531-258c3e3f274c/1780920000.0_mean_300.0_v3" "txc257de0a1fcd4d6bbc485-006a2bc928" "object-server 24" 0.0012 "-" 21 0
Jun 12 08:54:01 np0000071510 proxy-server[128112]: - - 12/Jun/2026/08/54/01 HEAD /v1/AUTH_ef85e77878ca49cebc5107d5dc4c09a8/gnocchi.d5278fd2-d130-4023-909f-95671015e62c%3Fformat%3Djson%26states%3Dlisting HTTP/1.0 204 - Swift - - - - tx4fc0cedd31a54ebab0972-006a2bc929 - 0.0121 RL - 1781254441.019906282 1781254441.032045364 0
Jun 12 08:54:01 np0000071510 container-server[126470]: 172.20.0.103 - - [12/Jun/2026:08:54:01 +0000] "PUT /d1/567/AUTH_ef85e77878ca49cebc5107d5dc4c09a8/gnocchi.764659f8-6805-4fea-add9-148aa550de2b/none_v3" 201 - "PUT http://172.18.0.204:8080/d1/32/AUTH_ef85e77878ca49cebc5107d5dc4c09a8/gnocchi.764659f8-6805-4fea-add9-148aa550de2b/none_v3" "tx5cadd933cf3e4875a6fcc-006a2bc929" "object-server 23" 0.0008 "-" 20 0
Jun 12 08:54:01 np0000071510 object-server[126842]: 172.20.0.104 - - [12/Jun/2026:08:54:01 +0000] "PUT /d1/32/AUTH_ef85e77878ca49cebc5107d5dc4c09a8/gnocchi.764659f8-6805-4fea-add9-148aa550de2b/none_v3" 201 - "PUT http://172.18.0.204:8080/v1/AUTH_ef85e77878ca49cebc5107d5dc4c09a8/gnocchi.764659f8-6805-4fea-add9-148aa550de2b/none_v3" "tx5cadd933cf3e4875a6fcc-006a2bc929" "proxy-server 20" 0.0107 "-" 23 0
Jun 12 08:54:01 np0000071510 proxy-server[128112]: 172.18.0.204 172.18.0.104 12/Jun/2026/08/54/01 GET /v1/AUTH_ef85e77878ca49cebc5107d5dc4c09a8/gnocchi.d5278fd2-d130-4023-909f-95671015e62c%3Fformat%3Djson%26states%3Dlisting HTTP/1.0 200 - python-swiftclient-3.11.1 gAAAAABqK8jqdbsa... - 2 - tx4fc0cedd31a54ebab0972-006a2bc929 - 0.0347 - - 1781254441.012338161 1781254441.047034264 0
Jun 12 08:54:01 np0000071510 object-server[126852]: 172.20.0.105 - - [12/Jun/2026:08:54:01 +0000] "GET /d1/752/AUTH_ef85e77878ca49cebc5107d5dc4c09a8/gnocchi.d5278fd2-d130-4023-909f-95671015e62c/1780920000.0_mean_300.0_v3" 404 70 "GET http://172.18.0.204:8080/v1/AUTH_ef85e77878ca49cebc5107d5dc4c09a8/gnocchi.d5278fd2-d130-4023-909f-95671015e62c/1780920000.0_mean_300.0_v3" "tx68ed18d674184caa8c706-006a2bc929" "proxy-server 12" 0.0005 "-" 24 0
Jun 12 08:54:01 np0000071510 container-server[126496]: 172.20.0.104 - - [12/Jun/2026:08:54:01 +0000] "PUT /d1/624/AUTH_ef85e77878ca49cebc5107d5dc4c09a8/gnocchi.db76e519-73c2-454a-9531-258c3e3f274c/none_v3" 201 - "PUT http://172.18.0.204:8080/d1/855/AUTH_ef85e77878ca49cebc5107d5dc4c09a8/gnocchi.db76e519-73c2-454a-9531-258c3e3f274c/none_v3" "tx2f3a514e603d4a37a6482-006a2bc929" "object-server 24" 0.0007 "-" 23 0
Jun 12 08:54:01 np0000071510 object-server[126842]: 172.20.0.104 - - [12/Jun/2026:08:54:01 +0000] "PUT /d1/855/AUTH_ef85e77878ca49cebc5107d5dc4c09a8/gnocchi.db76e519-73c2-454a-9531-258c3e3f274c/none_v3" 201 - "PUT http://172.18.0.204:8080/v1/AUTH_ef85e77878ca49cebc5107d5dc4c09a8/gnocchi.db76e519-73c2-454a-9531-258c3e3f274c/none_v3" "tx2f3a514e603d4a37a6482-006a2bc929" "proxy-server 20" 0.0174 "-" 23 0
Jun 12 08:54:01 np0000071510 container-server[126484]: 172.20.0.105 - - [12/Jun/2026:08:54:01 +0000] "HEAD /d1/128/AUTH_ef85e77878ca49cebc5107d5dc4c09a8/gnocchi.6adcda10-22bb-4d2e-bb5b-d3b55ea6f812" 404 - "HEAD http://172.18.0.204:8080/v1/AUTH_ef85e77878ca49cebc5107d5dc4c09a8/gnocchi.6adcda10-22bb-4d2e-bb5b-d3b55ea6f812?format=json&states=listing" "tx54fd7b26d2934ffcadf8b-006a2bc929" "proxy-server 12" 0.0007 "-" 22 0
Jun 12 08:54:01 np0000071510 container-server[126484]: 172.20.0.105 - - [12/Jun/2026:08:54:01 +0000] "PUT /d1/896/AUTH_ef85e77878ca49cebc5107d5dc4c09a8/gnocchi.d5278fd2-d130-4023-909f-95671015e62c/1780920000.0_mean_300.0_v3" 201 - "PUT http://172.18.0.204:8080/d1/752/AUTH_ef85e77878ca49cebc5107d5dc4c09a8/gnocchi.d5278fd2-d130-4023-909f-95671015e62c/1780920000.0_mean_300.0_v3" "txe885f237d00a4566bdbe8-006a2bc929" "object-server 25" 0.0009 "-" 22 0
Jun 12 08:54:01 np0000071510 container-server[126476]: 172.20.0.104 - - [12/Jun/2026:08:54:01 +0000] "HEAD /d1/419/AUTH_ef85e77878ca49cebc5107d5dc4c09a8/gnocchi.2e70578d-da3b-433b-9672-94d53271f9f9" 404 - "HEAD http://172.18.0.204:8080/v1/AUTH_ef85e77878ca49cebc5107d5dc4c09a8/gnocchi.2e70578d-da3b-433b-9672-94d53271f9f9?format=json&states=listing" "tx0943c68535454bdf85eea-006a2bc929" "proxy-server 20" 0.0005 "-" 21 0
Jun 12 08:54:01 np0000071510 object-server[126840]: 172.20.0.105 - - [12/Jun/2026:08:54:01 +0000] "GET /d1/677/AUTH_ef85e77878ca49cebc5107d5dc4c09a8/gnocchi.6adcda10-22bb-4d2e-bb5b-d3b55ea6f812/none_v3" 404 70 "GET http://172.18.0.204:8080/v1/AUTH_ef85e77878ca49cebc5107d5dc4c09a8/gnocchi.6adcda10-22bb-4d2e-bb5b-d3b55ea6f812/none_v3" "tx54fd7b26d2934ffcadf8b-006a2bc929" "proxy-server 12" 0.0004 "-" 22 0
Jun 12 08:54:01 np0000071510 object-server[126840]: 172.20.0.103 - - [12/Jun/2026:08:54:01 +0000] "PUT /d1/752/AUTH_ef85e77878ca49cebc5107d5dc4c09a8/gnocchi.d5278fd2-d130-4023-909f-95671015e62c/1780920000.0_mean_300.0_v3" 201 - "PUT http://172.18.0.204:8080/v1/AUTH_ef85e77878ca49cebc5107d5dc4c09a8/gnocchi.d5278fd2-d130-4023-909f-95671015e62c/1780920000.0_mean_300.0_v3" "txe885f237d00a4566bdbe8-006a2bc929" "proxy-server 20" 0.0217 "-" 22 0
Jun 12 08:54:01 np0000071510 proxy-server[128112]: 172.18.0.204 172.18.0.104 12/Jun/2026/08/54/01 PUT /v1/AUTH_ef85e77878ca49cebc5107d5dc4c09a8/gnocchi.d5278fd2-d130-4023-909f-95671015e62c/1780920000.0_mean_300.0_v3 HTTP/1.0 201 - python-swiftclient-3.11.1 gAAAAABqK8jqdbsa... 16 - - txe885f237d00a4566bdbe8-006a2bc929 - 0.0344 - - 1781254441.075870991 1781254441.110253334 0
Jun 12 08:54:01 np0000071510 object-server[126864]: 172.20.0.104 - - [12/Jun/2026:08:54:01 +0000] "GET /d1/553/AUTH_ef85e77878ca49cebc5107d5dc4c09a8/gnocchi.2e70578d-da3b-433b-9672-94d53271f9f9/none_v3" 404 70 "GET http://172.18.0.204:8080/v1/AUTH_ef85e77878ca49cebc5107d5dc4c09a8/gnocchi.2e70578d-da3b-433b-9672-94d53271f9f9/none_v3" "tx0943c68535454bdf85eea-006a2bc929" "proxy-server 20" 0.0005 "-" 25 0
Jun 12 08:54:01 np0000071510 account-server[126184]: 172.20.0.103 - - [12/Jun/2026:08:54:01 +0000] "PUT /d1/19/AUTH_ef85e77878ca49cebc5107d5dc4c09a8/gnocchi.6adcda10-22bb-4d2e-bb5b-d3b55ea6f812" 201 - "PUT http://172.20.0.103:6001/d1/128/AUTH_ef85e77878ca49cebc5107d5dc4c09a8/gnocchi.6adcda10-22bb-4d2e-bb5b-d3b55ea6f812" "tx169f5ab2c32248cdb0375-006a2bc929" "container-server 23" 0.0105 "-" 17 0
Jun 12 08:54:01 np0000071510 container-server[126496]: 172.20.0.105 - - [12/Jun/2026:08:54:01 +0000] "PUT /d1/128/AUTH_ef85e77878ca49cebc5107d5dc4c09a8/gnocchi.6adcda10-22bb-4d2e-bb5b-d3b55ea6f812" 201 - "PUT http://172.18.0.204:8080/v1/AUTH_ef85e77878ca49cebc5107d5dc4c09a8/gnocchi.6adcda10-22bb-4d2e-bb5b-d3b55ea6f812" "tx169f5ab2c32248cdb0375-006a2bc929" "proxy-server 12" 0.0231 "-" 23 0
Jun 12 08:54:01 np0000071510 container-server[126484]: 172.20.0.105 - - [12/Jun/2026:08:54:01 +0000] "PUT /d1/896/AUTH_ef85e77878ca49cebc5107d5dc4c09a8/gnocchi.d5278fd2-d130-4023-909f-95671015e62c/none_v3" 201 - "PUT http://172.18.0.204:8080/d1/920/AUTH_ef85e77878ca49cebc5107d5dc4c09a8/gnocchi.d5278fd2-d130-4023-909f-95671015e62c/none_v3" "tx9a5b73f583d34040aa068-006a2bc929" "object-server 25" 0.0007 "-" 22 0
Jun 12 08:54:01 np0000071510 container-server[126484]: 172.20.0.104 - - [12/Jun/2026:08:54:01 +0000] "PUT /d1/419/AUTH_ef85e77878ca49cebc5107d5dc4c09a8/gnocchi.2e70578d-da3b-433b-9672-94d53271f9f9" 201 - "PUT http://172.18.0.204:8080/v1/AUTH_ef85e77878ca49cebc5107d5dc4c09a8/gnocchi.2e70578d-da3b-433b-9672-94d53271f9f9" "txa93baad6e326470e9c06c-006a2bc929" "proxy-server 20" 0.0193 "-" 22 0
Jun 12 08:54:01 np0000071510 object-server[126852]: 172.20.0.103 - - [12/Jun/2026:08:54:01 +0000] "PUT /d1/920/AUTH_ef85e77878ca49cebc5107d5dc4c09a8/gnocchi.d5278fd2-d130-4023-909f-95671015e62c/none_v3" 201 - "PUT http://172.18.0.204:8080/v1/AUTH_ef85e77878ca49cebc5107d5dc4c09a8/gnocchi.d5278fd2-d130-4023-909f-95671015e62c/none_v3" "tx9a5b73f583d34040aa068-006a2bc929" "proxy-server 20" 0.0176 "-" 24 0
Jun 12 08:54:01 np0000071510 account-server[126184]: 172.20.0.105 - - [12/Jun/2026:08:54:01 +0000] "PUT /d1/19/AUTH_ef85e77878ca49cebc5107d5dc4c09a8/gnocchi.2e70578d-da3b-433b-9672-94d53271f9f9" 201 - "PUT http://172.20.0.105:6001/d1/419/AUTH_ef85e77878ca49cebc5107d5dc4c09a8/gnocchi.2e70578d-da3b-433b-9672-94d53271f9f9" "txa93baad6e326470e9c06c-006a2bc929" "container-server 19" 0.0063 "-" 17 0
Jun 12 08:54:01 np0000071510 proxy-server[128112]: 172.18.0.204 172.18.0.104 12/Jun/2026/08/54/01 PUT /v1/AUTH_ef85e77878ca49cebc5107d5dc4c09a8/gnocchi.d5278fd2-d130-4023-909f-95671015e62c/none_v3 HTTP/1.0 201 - python-swiftclient-3.11.1 gAAAAABqK8jqdbsa... 22 - - tx9a5b73f583d34040aa068-006a2bc929 - 0.0317 - - 1781254441.116523266 1781254441.148193836 0
Jun 12 08:54:01 np0000071510 container-server[126484]: 172.20.0.105 - - [12/Jun/2026:08:54:01 +0000] "HEAD /d1/713/AUTH_ef85e77878ca49cebc5107d5dc4c09a8/gnocchi.a2afc5f7-9e3c-42f9-8c45-65b2b276ec92" 404 - "HEAD http://172.18.0.204:8080/v1/AUTH_ef85e77878ca49cebc5107d5dc4c09a8/gnocchi.a2afc5f7-9e3c-42f9-8c45-65b2b276ec92?format=json&states=listing" "tx6745fa8b1b0c451c879a2-006a2bc929" "proxy-server 12" 0.0015 "-" 22 0
Jun 12 08:54:01 np0000071510 container-server[126470]: 172.20.0.103 - - [12/Jun/2026:08:54:01 +0000] "HEAD /d1/419/AUTH_ef85e77878ca49cebc5107d5dc4c09a8/gnocchi.2e70578d-da3b-433b-9672-94d53271f9f9" 204 - "HEAD http://172.18.0.204:8080/v1/AUTH_ef85e77878ca49cebc5107d5dc4c09a8/gnocchi.2e70578d-da3b-433b-9672-94d53271f9f9?format=json&states=listing" "tx09050b1e19c24a6991878-006a2bc929" "proxy-server 20" 0.0025 "-" 20 0
Jun 12 08:54:01 np0000071510 proxy-server[128112]: - - 12/Jun/2026/08/54/01 HEAD /v1/AUTH_ef85e77878ca49cebc5107d5dc4c09a8/gnocchi.2e70578d-da3b-433b-9672-94d53271f9f9%3Fformat%3Djson%26states%3Dlisting HTTP/1.0 204 - Swift - - - - tx09050b1e19c24a6991878-006a2bc929 - 0.0090 RL - 1781254441.157284498 1781254441.166246414 0
Jun 12 08:54:01 np0000071510 object-server[126840]: 172.20.0.105 - - [12/Jun/2026:08:54:01 +0000] "GET /d1/413/AUTH_ef85e77878ca49cebc5107d5dc4c09a8/gnocchi.a2afc5f7-9e3c-42f9-8c45-65b2b276ec92/none_v3" 404 70 "GET http://172.18.0.204:8080/v1/AUTH_ef85e77878ca49cebc5107d5dc4c09a8/gnocchi.a2afc5f7-9e3c-42f9-8c45-65b2b276ec92/none_v3" "tx6745fa8b1b0c451c879a2-006a2bc929" "proxy-server 12" 0.0005 "-" 22 0
Jun 12 08:54:01 np0000071510 container-server[126496]: 172.20.0.104 - - [12/Jun/2026:08:54:01 +0000] "HEAD /d1/90/AUTH_ef85e77878ca49cebc5107d5dc4c09a8/gnocchi.ee13968a-327c-4a0d-b731-140d5983d4df" 404 - "HEAD http://172.18.0.204:8080/v1/AUTH_ef85e77878ca49cebc5107d5dc4c09a8/gnocchi.ee13968a-327c-4a0d-b731-140d5983d4df?format=json&states=listing" "tx1ab8365e9ebf491caec16-006a2bc929" "proxy-server 20" 0.0006 "-" 23 0
Jun 12 08:54:01 np0000071510 proxy-server[128112]: 172.18.0.105 172.18.0.104 12/Jun/2026/08/54/01 GET /v1/AUTH_ef85e77878ca49cebc5107d5dc4c09a8/gnocchi.2e70578d-da3b-433b-9672-94d53271f9f9%3Fformat%3Djson%26states%3Dlisting HTTP/1.0 200 - python-swiftclient-3.11.1 gAAAAABqK8immuXj... - 2 - tx09050b1e19c24a6991878-006a2bc929 - 0.0278 - - 1781254441.154512405 1781254441.182306290 0
Jun 12 08:54:01 np0000071510 object-server[126864]: 172.20.0.104 - - [12/Jun/2026:08:54:01 +0000] "GET /d1/546/AUTH_ef85e77878ca49cebc5107d5dc4c09a8/gnocchi.ee13968a-327c-4a0d-b731-140d5983d4df/none_v3" 404 70 "GET http://172.18.0.204:8080/v1/AUTH_ef85e77878ca49cebc5107d5dc4c09a8/gnocchi.ee13968a-327c-4a0d-b731-140d5983d4df/none_v3" "tx1ab8365e9ebf491caec16-006a2bc929" "proxy-server 20" 0.0005 "-" 25 0
Jun 12 08:54:01 np0000071510 object-server[126852]: 172.20.0.105 - - [12/Jun/2026:08:54:01 +0000] "GET /d1/274/AUTH_ef85e77878ca49cebc5107d5dc4c09a8/gnocchi.2e70578d-da3b-433b-9672-94d53271f9f9/1780920000.0_mean_300.0_v3" 404 70 "GET http://172.18.0.204:8080/v1/AUTH_ef85e77878ca49cebc5107d5dc4c09a8/gnocchi.2e70578d-da3b-433b-9672-94d53271f9f9/1780920000.0_mean_300.0_v3" "txf5efcedc213b4fb1ae47a-006a2bc929" "proxy-server 12" 0.0005 "-" 24 0
Jun 12 08:54:01 np0000071510 account-server[126148]: 172.20.0.103 - - [12/Jun/2026:08:54:01 +0000] "PUT /d1/19/AUTH_ef85e77878ca49cebc5107d5dc4c09a8/gnocchi.a2afc5f7-9e3c-42f9-8c45-65b2b276ec92" 201 - "PUT http://172.20.0.103:6001/d1/713/AUTH_ef85e77878ca49cebc5107d5dc4c09a8/gnocchi.a2afc5f7-9e3c-42f9-8c45-65b2b276ec92" "tx8390ad6a7cc64ef28ba11-006a2bc929" "container-server 20" 0.0095 "-" 14 0
Jun 12 08:54:01 np0000071510 container-server[126470]: 172.20.0.103 - - [12/Jun/2026:08:54:01 +0000] "PUT /d1/713/AUTH_ef85e77878ca49cebc5107d5dc4c09a8/gnocchi.a2afc5f7-9e3c-42f9-8c45-65b2b276ec92" 201 - "PUT http://172.18.0.204:8080/v1/AUTH_ef85e77878ca49cebc5107d5dc4c09a8/gnocchi.a2afc5f7-9e3c-42f9-8c45-65b2b276ec92" "tx8390ad6a7cc64ef28ba11-006a2bc929" "proxy-server 20" 0.0260 "-" 20 0
Jun 12 08:54:01 np0000071510 proxy-server[128112]: 172.18.0.103 172.18.0.104 12/Jun/2026/08/54/01 PUT /v1/AUTH_ef85e77878ca49cebc5107d5dc4c09a8/gnocchi.a2afc5f7-9e3c-42f9-8c45-65b2b276ec92 HTTP/1.0 201 - python-swiftclient-3.11.1 gAAAAABqK8j1-Tkw... - - - tx8390ad6a7cc64ef28ba11-006a2bc929 - 0.0414 - - 1781254441.190474272 1781254441.231869459 0
Jun 12 08:54:01 np0000071510 account-server[126172]: 172.20.0.104 - - [12/Jun/2026:08:54:01 +0000] "PUT /d1/19/AUTH_ef85e77878ca49cebc5107d5dc4c09a8/gnocchi.ee13968a-327c-4a0d-b731-140d5983d4df" 201 - "PUT http://172.20.0.104:6001/d1/90/AUTH_ef85e77878ca49cebc5107d5dc4c09a8/gnocchi.ee13968a-327c-4a0d-b731-140d5983d4df" "txdbc15c7cb72149b08ffd8-006a2bc929" "container-server 20" 0.0129 "-" 16 0
Jun 12 08:54:01 np0000071510 container-server[126484]: 172.20.0.104 - - [12/Jun/2026:08:54:01 +0000] "PUT /d1/90/AUTH_ef85e77878ca49cebc5107d5dc4c09a8/gnocchi.ee13968a-327c-4a0d-b731-140d5983d4df" 201 - "PUT http://172.18.0.204:8080/v1/AUTH_ef85e77878ca49cebc5107d5dc4c09a8/gnocchi.ee13968a-327c-4a0d-b731-140d5983d4df" "txdbc15c7cb72149b08ffd8-006a2bc929" "proxy-server 20" 0.0293 "-" 22 0
Jun 12 08:54:01 np0000071510 container-server[126470]: 172.20.0.103 - - [12/Jun/2026:08:54:01 +0000] "PUT /d1/419/AUTH_ef85e77878ca49cebc5107d5dc4c09a8/gnocchi.2e70578d-da3b-433b-9672-94d53271f9f9/1780920000.0_mean_300.0_v3" 201 - "PUT http://172.18.0.204:8080/d1/274/AUTH_ef85e77878ca49cebc5107d5dc4c09a8/gnocchi.2e70578d-da3b-433b-9672-94d53271f9f9/1780920000.0_mean_300.0_v3" "tx60a6449c5bb9496d88d03-006a2bc929" "object-server 23" 0.0009 "-" 20 0
Jun 12 08:54:01 np0000071510 object-server[126842]: 172.20.0.105 - - [12/Jun/2026:08:54:01 +0000] "PUT /d1/274/AUTH_ef85e77878ca49cebc5107d5dc4c09a8/gnocchi.2e70578d-da3b-433b-9672-94d53271f9f9/1780920000.0_mean_300.0_v3" 201 - "PUT http://172.18.0.204:8080/v1/AUTH_ef85e77878ca49cebc5107d5dc4c09a8/gnocchi.2e70578d-da3b-433b-9672-94d53271f9f9/1780920000.0_mean_300.0_v3" "tx60a6449c5bb9496d88d03-006a2bc929" "proxy-server 12" 0.0321 "-" 23 0
Jun 12 08:54:01 np0000071510 proxy-server[128112]: - - 12/Jun/2026/08/54/01 HEAD /v1/AUTH_ef85e77878ca49cebc5107d5dc4c09a8/gnocchi.6adcda10-22bb-4d2e-bb5b-d3b55ea6f812%3Fformat%3Djson%26states%3Dlisting HTTP/1.0 204 - Swift - - - - txc9d0227474364955affb6-006a2bc929 - 0.0087 RL - 1781254441.243961811 1781254441.252648592 0
Jun 12 08:54:01 np0000071510 container-server[126496]: 172.20.0.104 - - [12/Jun/2026:08:54:01 +0000] "HEAD /d1/90/AUTH_ef85e77878ca49cebc5107d5dc4c09a8/gnocchi.ee13968a-327c-4a0d-b731-140d5983d4df" 204 - "HEAD http://172.18.0.204:8080/v1/AUTH_ef85e77878ca49cebc5107d5dc4c09a8/gnocchi.ee13968a-327c-4a0d-b731-140d5983d4df?format=json&states=listing" "tx7f333be2deb44e359611a-006a2bc929" "proxy-server 20" 0.0022 "-" 23 0
Jun 12 08:54:01 np0000071510 proxy-server[128112]: 172.18.0.103 172.18.0.104 12/Jun/2026/08/54/01 GET /v1/AUTH_ef85e77878ca49cebc5107d5dc4c09a8/gnocchi.6adcda10-22bb-4d2e-bb5b-d3b55ea6f812%3Fformat%3Djson%26states%3Dlisting HTTP/1.0 200 - python-swiftclient-3.11.1 gAAAAABqK8j1-Tkw... - 2 - txc9d0227474364955affb6-006a2bc929 - 0.0287 - - 1781254441.239239454 1781254441.267939806 0
Jun 12 08:54:01 np0000071510 container-server[126476]: 172.20.0.103 - - [12/Jun/2026:08:54:01 +0000] "PUT /d1/419/AUTH_ef85e77878ca49cebc5107d5dc4c09a8/gnocchi.2e70578d-da3b-433b-9672-94d53271f9f9/none_v3" 201 - "PUT http://172.18.0.204:8080/d1/553/AUTH_ef85e77878ca49cebc5107d5dc4c09a8/gnocchi.2e70578d-da3b-433b-9672-94d53271f9f9/none_v3" "tx062de346d8d940ca932f2-006a2bc929" "object-server 25" 0.0007 "-" 21 0
Jun 12 08:54:01 np0000071510 object-server[126864]: 172.20.0.105 - - [12/Jun/2026:08:54:01 +0000] "PUT /d1/553/AUTH_ef85e77878ca49cebc5107d5dc4c09a8/gnocchi.2e70578d-da3b-433b-9672-94d53271f9f9/none_v3" 201 - "PUT http://172.18.0.204:8080/v1/AUTH_ef85e77878ca49cebc5107d5dc4c09a8/gnocchi.2e70578d-da3b-433b-9672-94d53271f9f9/none_v3" "tx062de346d8d940ca932f2-006a2bc929" "proxy-server 12" 0.0105 "-" 25 0
Jun 12 08:54:01 np0000071510 container-server[126470]: 172.20.0.103 - - [12/Jun/2026:08:54:01 +0000] "HEAD /d1/713/AUTH_ef85e77878ca49cebc5107d5dc4c09a8/gnocchi.a2afc5f7-9e3c-42f9-8c45-65b2b276ec92" 204 - "HEAD http://172.18.0.204:8080/v1/AUTH_ef85e77878ca49cebc5107d5dc4c09a8/gnocchi.a2afc5f7-9e3c-42f9-8c45-65b2b276ec92?format=json&states=listing" "tx319deb4f7f9c465ba7a4e-006a2bc929" "proxy-server 20" 0.0019 "-" 20 0
Jun 12 08:54:01 np0000071510 proxy-server[128112]: - - 12/Jun/2026/08/54/01 HEAD /v1/AUTH_ef85e77878ca49cebc5107d5dc4c09a8/gnocchi.a2afc5f7-9e3c-42f9-8c45-65b2b276ec92%3Fformat%3Djson%26states%3Dlisting HTTP/1.0 204 - Swift - - - - tx319deb4f7f9c465ba7a4e-006a2bc929 - 0.0054 RL - 1781254441.274647713 1781254441.279998779 0
Jun 12 08:54:01 np0000071510 proxy-server[128112]: 172.18.0.103 172.18.0.104 12/Jun/2026/08/54/01 GET /v1/AUTH_ef85e77878ca49cebc5107d5dc4c09a8/gnocchi.a2afc5f7-9e3c-42f9-8c45-65b2b276ec92%3Fformat%3Djson%26states%3Dlisting HTTP/1.0 200 - python-swiftclient-3.11.1 gAAAAABqK8j1-Tkw... - 2 - tx319deb4f7f9c465ba7a4e-006a2bc929 - 0.0151 - - 1781254441.273067713 1781254441.288185835 0
Jun 12 08:54:01 np0000071510 object-server[126842]: 172.20.0.105 - - [12/Jun/2026:08:54:01 +0000] "GET /d1/621/AUTH_ef85e77878ca49cebc5107d5dc4c09a8/gnocchi.ee13968a-327c-4a0d-b731-140d5983d4df/1780920000.0_mean_300.0_v3" 404 70 "GET http://172.18.0.204:8080/v1/AUTH_ef85e77878ca49cebc5107d5dc4c09a8/gnocchi.ee13968a-327c-4a0d-b731-140d5983d4df/1780920000.0_mean_300.0_v3" "txa99547367f634898aa7f8-006a2bc929" "proxy-server 12" 0.0006 "-" 23 0
Jun 12 08:54:01 np0000071510 container-server[126484]: 172.20.0.103 - - [12/Jun/2026:08:54:01 +0000] "HEAD /d1/650/AUTH_ef85e77878ca49cebc5107d5dc4c09a8/gnocchi.ed0a8cc4-0e15-45fe-8308-d5398a20dd7f" 404 - "HEAD http://172.18.0.204:8080/v1/AUTH_ef85e77878ca49cebc5107d5dc4c09a8/gnocchi.ed0a8cc4-0e15-45fe-8308-d5398a20dd7f?format=json&states=listing" "txa04f3027e8b1402aa3ccf-006a2bc929" "proxy-server 20" 0.0007 "-" 22 0
Jun 12 08:54:01 np0000071510 object-server[126842]: 172.20.0.104 - - [12/Jun/2026:08:54:01 +0000] "GET /d1/334/AUTH_ef85e77878ca49cebc5107d5dc4c09a8/gnocchi.6adcda10-22bb-4d2e-bb5b-d3b55ea6f812/1780920000.0_mean_300.0_v3" 404 70 "GET http://172.18.0.204:8080/v1/AUTH_ef85e77878ca49cebc5107d5dc4c09a8/gnocchi.6adcda10-22bb-4d2e-bb5b-d3b55ea6f812/1780920000.0_mean_300.0_v3" "txe95aa0b2bc4442d5919f6-006a2bc929" "proxy-server 20" 0.0005 "-" 23 0
Jun 12 08:54:01 np0000071510 object-server[126864]: 172.20.0.103 - - [12/Jun/2026:08:54:01 +0000] "GET /d1/460/AUTH_ef85e77878ca49cebc5107d5dc4c09a8/gnocchi.ed0a8cc4-0e15-45fe-8308-d5398a20dd7f/none_v3" 404 70 "GET http://172.18.0.204:8080/v1/AUTH_ef85e77878ca49cebc5107d5dc4c09a8/gnocchi.ed0a8cc4-0e15-45fe-8308-d5398a20dd7f/none_v3" "txa04f3027e8b1402aa3ccf-006a2bc929" "proxy-server 20" 0.0005 "-" 25 0
Jun 12 08:54:01 np0000071510 proxy-server[128112]: 172.18.0.105 172.18.0.104 12/Jun/2026/08/54/01 GET /v1/AUTH_ef85e77878ca49cebc5107d5dc4c09a8/gnocchi.ed0a8cc4-0e15-45fe-8308-d5398a20dd7f/none_v3 HTTP/1.0 404 - python-swiftclient-3.11.1 gAAAAABqK8immuXj... - 70 - txa04f3027e8b1402aa3ccf-006a2bc929 - 0.0280 - - 1781254441.293433666 1781254441.321469784 0
Jun 12 08:54:01 np0000071510 object-server[126864]: 172.20.0.104 - - [12/Jun/2026:08:54:01 +0000] "GET /d1/605/AUTH_ef85e77878ca49cebc5107d5dc4c09a8/gnocchi.a2afc5f7-9e3c-42f9-8c45-65b2b276ec92/1780920000.0_mean_300.0_v3" 404 70 "GET http://172.18.0.204:8080/v1/AUTH_ef85e77878ca49cebc5107d5dc4c09a8/gnocchi.a2afc5f7-9e3c-42f9-8c45-65b2b276ec92/1780920000.0_mean_300.0_v3" "tx904fd908e2e54454a2861-006a2bc929" "proxy-server 20" 0.0002 "-" 25 0
Jun 12 08:54:01 np0000071510 container-server[126484]: 172.20.0.105 - - [12/Jun/2026:08:54:01 +0000] "PUT /d1/90/AUTH_ef85e77878ca49cebc5107d5dc4c09a8/gnocchi.ee13968a-327c-4a0d-b731-140d5983d4df/1780920000.0_mean_300.0_v3" 201 - "PUT http://172.18.0.204:8080/d1/621/AUTH_ef85e77878ca49cebc5107d5dc4c09a8/gnocchi.ee13968a-327c-4a0d-b731-140d5983d4df/1780920000.0_mean_300.0_v3" "txb043105d3fa14996baa6a-006a2bc929" "object-server 22" 0.0009 "-" 22 0
Jun 12 08:54:01 np0000071510 object-server[126842]: 172.20.0.105 - - [12/Jun/2026:08:54:01 +0000] "PUT /d1/621/AUTH_ef85e77878ca49cebc5107d5dc4c09a8/gnocchi.ee13968a-327c-4a0d-b731-140d5983d4df/1780920000.0_mean_300.0_v3" 201 - "PUT http://172.18.0.204:8080/v1/AUTH_ef85e77878ca49cebc5107d5dc4c09a8/gnocchi.ee13968a-327c-4a0d-b731-140d5983d4df/1780920000.0_mean_300.0_v3" "txb043105d3fa14996baa6a-006a2bc929" "proxy-server 12" 0.0122 "-" 23 0
Jun 12 08:54:01 np0000071510 account-server[126148]: 172.20.0.104 - - [12/Jun/2026:08:54:01 +0000] "PUT /d1/19/AUTH_ef85e77878ca49cebc5107d5dc4c09a8/gnocchi.ed0a8cc4-0e15-45fe-8308-d5398a20dd7f" 201 - "PUT http://172.20.0.104:6001/d1/650/AUTH_ef85e77878ca49cebc5107d5dc4c09a8/gnocchi.ed0a8cc4-0e15-45fe-8308-d5398a20dd7f" "tx455763a72f074fa796900-006a2bc929" "container-server 21" 0.0054 "-" 14 0
Jun 12 08:54:01 np0000071510 container-server[126470]: 172.20.0.104 - - [12/Jun/2026:08:54:01 +0000] "PUT /d1/128/AUTH_ef85e77878ca49cebc5107d5dc4c09a8/gnocchi.6adcda10-22bb-4d2e-bb5b-d3b55ea6f812/1780920000.0_mean_300.0_v3" 201 - "PUT http://172.18.0.204:8080/d1/334/AUTH_ef85e77878ca49cebc5107d5dc4c09a8/gnocchi.6adcda10-22bb-4d2e-bb5b-d3b55ea6f812/1780920000.0_mean_300.0_v3" "tx40c0be02a91b4ed7bafff-006a2bc929" "object-server 22" 0.0007 "-" 20 0
Jun 12 08:54:01 np0000071510 container-server[126470]: 172.20.0.103 - - [12/Jun/2026:08:54:01 +0000] "PUT /d1/650/AUTH_ef85e77878ca49cebc5107d5dc4c09a8/gnocchi.ed0a8cc4-0e15-45fe-8308-d5398a20dd7f" 201 - "PUT http://172.18.0.204:8080/v1/AUTH_ef85e77878ca49cebc5107d5dc4c09a8/gnocchi.ed0a8cc4-0e15-45fe-8308-d5398a20dd7f" "tx455763a72f074fa796900-006a2bc929" "proxy-server 20" 0.0244 "-" 20 0
Jun 12 08:54:01 np0000071510 proxy-server[128112]: 172.18.0.105 172.18.0.104 12/Jun/2026/08/54/01 PUT /v1/AUTH_ef85e77878ca49cebc5107d5dc4c09a8/gnocchi.ed0a8cc4-0e15-45fe-8308-d5398a20dd7f HTTP/1.0 201 - python-swiftclient-3.11.1 gAAAAABqK8immuXj... - - - tx455763a72f074fa796900-006a2bc929 - 0.0309 - - 1781254441.324470520 1781254441.355328560 0
Jun 12 08:54:01 np0000071510 object-server[126864]: 172.20.0.104 - - [12/Jun/2026:08:54:01 +0000] "PUT /d1/334/AUTH_ef85e77878ca49cebc5107d5dc4c09a8/gnocchi.6adcda10-22bb-4d2e-bb5b-d3b55ea6f812/1780920000.0_mean_300.0_v3" 201 - "PUT http://172.18.0.204:8080/v1/AUTH_ef85e77878ca49cebc5107d5dc4c09a8/gnocchi.6adcda10-22bb-4d2e-bb5b-d3b55ea6f812/1780920000.0_mean_300.0_v3" "tx40c0be02a91b4ed7bafff-006a2bc929" "proxy-server 20" 0.0209 "-" 25 0
Jun 12 08:54:01 np0000071510 container-server[126496]: 172.20.0.104 - - [12/Jun/2026:08:54:01 +0000] "PUT /d1/90/AUTH_ef85e77878ca49cebc5107d5dc4c09a8/gnocchi.ee13968a-327c-4a0d-b731-140d5983d4df/none_v3" 201 - "PUT http://172.18.0.204:8080/d1/546/AUTH_ef85e77878ca49cebc5107d5dc4c09a8/gnocchi.ee13968a-327c-4a0d-b731-140d5983d4df/none_v3" "tx25ba7ae2a34c4efa9bab5-006a2bc929" "object-server 25" 0.0006 "-" 23 0
Jun 12 08:54:01 np0000071510 object-server[126852]: 172.20.0.105 - - [12/Jun/2026:08:54:01 +0000] "PUT /d1/546/AUTH_ef85e77878ca49cebc5107d5dc4c09a8/gnocchi.ee13968a-327c-4a0d-b731-140d5983d4df/none_v3" 201 - "PUT http://172.18.0.204:8080/v1/AUTH_ef85e77878ca49cebc5107d5dc4c09a8/gnocchi.ee13968a-327c-4a0d-b731-140d5983d4df/none_v3" "tx25ba7ae2a34c4efa9bab5-006a2bc929" "proxy-server 12" 0.0175 "-" 24 0
Jun 12 08:54:01 np0000071510 container-server[126484]: 172.20.0.103 - - [12/Jun/2026:08:54:01 +0000] "HEAD /d1/650/AUTH_ef85e77878ca49cebc5107d5dc4c09a8/gnocchi.ed0a8cc4-0e15-45fe-8308-d5398a20dd7f" 204 - "HEAD http://172.18.0.204:8080/v1/AUTH_ef85e77878ca49cebc5107d5dc4c09a8/gnocchi.ed0a8cc4-0e15-45fe-8308-d5398a20dd7f?format=json&states=listing" "tx9a86849c43f742bdbf956-006a2bc929" "proxy-server 20" 0.0100 "-" 22 0
Jun 12 08:54:01 np0000071510 proxy-server[128112]: - - 12/Jun/2026/08/54/01 HEAD /v1/AUTH_ef85e77878ca49cebc5107d5dc4c09a8/gnocchi.ed0a8cc4-0e15-45fe-8308-d5398a20dd7f%3Fformat%3Djson%26states%3Dlisting HTTP/1.0 204 - Swift - - - - tx9a86849c43f742bdbf956-006a2bc929 - 0.0202 RL - 1781254441.361512184 1781254441.381669283 0
Jun 12 08:54:01 np0000071510 container-server[126484]: 172.20.0.103 - - [12/Jun/2026:08:54:01 +0000] "PUT /d1/713/AUTH_ef85e77878ca49cebc5107d5dc4c09a8/gnocchi.a2afc5f7-9e3c-42f9-8c45-65b2b276ec92/1780920000.0_mean_300.0_v3" 201 - "PUT http://172.18.0.204:8080/d1/605/AUTH_ef85e77878ca49cebc5107d5dc4c09a8/gnocchi.a2afc5f7-9e3c-42f9-8c45-65b2b276ec92/1780920000.0_mean_300.0_v3" "txb889310ff98f41edac896-006a2bc929" "object-server 25" 0.0010 "-" 22 0
Jun 12 08:54:01 np0000071510 object-server[126864]: 172.20.0.104 - - [12/Jun/2026:08:54:01 +0000] "PUT /d1/605/AUTH_ef85e77878ca49cebc5107d5dc4c09a8/gnocchi.a2afc5f7-9e3c-42f9-8c45-65b2b276ec92/1780920000.0_mean_300.0_v3" 201 - "PUT http://172.18.0.204:8080/v1/AUTH_ef85e77878ca49cebc5107d5dc4c09a8/gnocchi.a2afc5f7-9e3c-42f9-8c45-65b2b276ec92/1780920000.0_mean_300.0_v3" "txb889310ff98f41edac896-006a2bc929" "proxy-server 20" 0.0129 "-" 25 0
Jun 12 08:54:01 np0000071510 proxy-server[128112]: 172.18.0.105 172.18.0.104 12/Jun/2026/08/54/01 GET /v1/AUTH_ef85e77878ca49cebc5107d5dc4c09a8/gnocchi.ed0a8cc4-0e15-45fe-8308-d5398a20dd7f%3Fformat%3Djson%26states%3Dlisting HTTP/1.0 200 - python-swiftclient-3.11.1 gAAAAABqK8immuXj... - 2 - tx9a86849c43f742bdbf956-006a2bc929 - 0.0360 - - 1781254441.359420300 1781254441.395416021 0
Jun 12 08:54:01 np0000071510 object-server[126852]: 172.20.0.104 - - [12/Jun/2026:08:54:01 +0000] "GET /d1/916/AUTH_ef85e77878ca49cebc5107d5dc4c09a8/gnocchi.ed0a8cc4-0e15-45fe-8308-d5398a20dd7f/1780920000.0_mean_300.0_v3" 404 70 "GET http://172.18.0.204:8080/v1/AUTH_ef85e77878ca49cebc5107d5dc4c09a8/gnocchi.ed0a8cc4-0e15-45fe-8308-d5398a20dd7f/1780920000.0_mean_300.0_v3" "txa0f5fc411e4d4f26aeac8-006a2bc929" "proxy-server 20" 0.0005 "-" 24 0
Jun 12 08:54:01 np0000071510 container-server[126470]: 172.20.0.103 - - [12/Jun/2026:08:54:01 +0000] "PUT /d1/128/AUTH_ef85e77878ca49cebc5107d5dc4c09a8/gnocchi.6adcda10-22bb-4d2e-bb5b-d3b55ea6f812/none_v3" 201 - "PUT http://172.18.0.204:8080/d1/677/AUTH_ef85e77878ca49cebc5107d5dc4c09a8/gnocchi.6adcda10-22bb-4d2e-bb5b-d3b55ea6f812/none_v3" "txc9533b12a3cd49a1b4734-006a2bc929" "object-server 24" 0.0007 "-" 20 0
Jun 12 08:54:01 np0000071510 object-server[126852]: 172.20.0.105 - - [12/Jun/2026:08:54:01 +0000] "PUT /d1/677/AUTH_ef85e77878ca49cebc5107d5dc4c09a8/gnocchi.6adcda10-22bb-4d2e-bb5b-d3b55ea6f812/none_v3" 201 - "PUT http://172.18.0.204:8080/v1/AUTH_ef85e77878ca49cebc5107d5dc4c09a8/gnocchi.6adcda10-22bb-4d2e-bb5b-d3b55ea6f812/none_v3" "txc9533b12a3cd49a1b4734-006a2bc929" "proxy-server 12" 0.0123 "-" 24 0
Jun 12 08:54:01 np0000071510 container-server[126476]: 172.20.0.105 - - [12/Jun/2026:08:54:01 +0000] "PUT /d1/650/AUTH_ef85e77878ca49cebc5107d5dc4c09a8/gnocchi.ed0a8cc4-0e15-45fe-8308-d5398a20dd7f/1780920000.0_mean_300.0_v3" 201 - "PUT http://172.18.0.204:8080/d1/916/AUTH_ef85e77878ca49cebc5107d5dc4c09a8/gnocchi.ed0a8cc4-0e15-45fe-8308-d5398a20dd7f/1780920000.0_mean_300.0_v3" "txc03b613707424b0488313-006a2bc929" "object-server 24" 0.0006 "-" 21 0
Jun 12 08:54:01 np0000071510 object-server[126842]: 172.20.0.103 - - [12/Jun/2026:08:54:01 +0000] "PUT /d1/916/AUTH_ef85e77878ca49cebc5107d5dc4c09a8/gnocchi.ed0a8cc4-0e15-45fe-8308-d5398a20dd7f/1780920000.0_mean_300.0_v3" 201 - "PUT http://172.18.0.204:8080/v1/AUTH_ef85e77878ca49cebc5107d5dc4c09a8/gnocchi.ed0a8cc4-0e15-45fe-8308-d5398a20dd7f/1780920000.0_mean_300.0_v3" "txc03b613707424b0488313-006a2bc929" "proxy-server 20" 0.0117 "-" 23 0
Jun 12 08:54:01 np0000071510 proxy-server[128112]: 172.18.0.105 172.18.0.104 12/Jun/2026/08/54/01 PUT /v1/AUTH_ef85e77878ca49cebc5107d5dc4c09a8/gnocchi.ed0a8cc4-0e15-45fe-8308-d5398a20dd7f/1780920000.0_mean_300.0_v3 HTTP/1.0 201 - python-swiftclient-3.11.1 gAAAAABqK8immuXj... 16 - - txc03b613707424b0488313-006a2bc929 - 0.0211 - - 1781254441.423005104 1781254441.444106340 0
Jun 12 08:54:01 np0000071510 container-server[126476]: 172.20.0.103 - - [12/Jun/2026:08:54:01 +0000] "PUT /d1/713/AUTH_ef85e77878ca49cebc5107d5dc4c09a8/gnocchi.a2afc5f7-9e3c-42f9-8c45-65b2b276ec92/none_v3" 201 - "PUT http://172.18.0.204:8080/d1/413/AUTH_ef85e77878ca49cebc5107d5dc4c09a8/gnocchi.a2afc5f7-9e3c-42f9-8c45-65b2b276ec92/none_v3" "tx3cfff46eb76d4b8f8832c-006a2bc929" "object-server 22" 0.0004 "-" 21 0
Jun 12 08:54:01 np0000071510 object-server[126840]: 172.20.0.104 - - [12/Jun/2026:08:54:01 +0000] "PUT /d1/413/AUTH_ef85e77878ca49cebc5107d5dc4c09a8/gnocchi.a2afc5f7-9e3c-42f9-8c45-65b2b276ec92/none_v3" 201 - "PUT http://172.18.0.204:8080/v1/AUTH_ef85e77878ca49cebc5107d5dc4c09a8/gnocchi.a2afc5f7-9e3c-42f9-8c45-65b2b276ec92/none_v3" "tx3cfff46eb76d4b8f8832c-006a2bc929" "proxy-server 20" 0.0111 "-" 22 0
Jun 12 08:54:01 np0000071510 container-server[126476]: 172.20.0.105 - - [12/Jun/2026:08:54:01 +0000] "PUT /d1/650/AUTH_ef85e77878ca49cebc5107d5dc4c09a8/gnocchi.ed0a8cc4-0e15-45fe-8308-d5398a20dd7f/none_v3" 201 - "PUT http://172.18.0.204:8080/d1/460/AUTH_ef85e77878ca49cebc5107d5dc4c09a8/gnocchi.ed0a8cc4-0e15-45fe-8308-d5398a20dd7f/none_v3" "tx5b00ac4909fb4e73bab5d-006a2bc929" "object-server 22" 0.0012 "-" 21 0
Jun 12 08:54:01 np0000071510 object-server[126842]: 172.20.0.105 - - [12/Jun/2026:08:54:01 +0000] "PUT /d1/460/AUTH_ef85e77878ca49cebc5107d5dc4c09a8/gnocchi.ed0a8cc4-0e15-45fe-8308-d5398a20dd7f/none_v3" 201 - "PUT http://172.18.0.204:8080/v1/AUTH_ef85e77878ca49cebc5107d5dc4c09a8/gnocchi.ed0a8cc4-0e15-45fe-8308-d5398a20dd7f/none_v3" "tx5b00ac4909fb4e73bab5d-006a2bc929" "proxy-server 12" 0.0189 "-" 23 0
Jun 12 08:54:07 np0000071510 account-server[126159]: 172.20.0.105 - - [12/Jun/2026:08:54:07 +0000] "HEAD /d1/635/.expiring_objects" 404 - "HEAD http://localhost/v1/.expiring_objects?format=json" "tx266108115a5a4e6b9db86-006a2bc92f" "proxy-server 2" 0.0008 "-" 15 -
Jun 12 08:54:10 np0000071510 account-server[125737]: Beginning replication run
Jun 12 08:54:10 np0000071510 account-server[125737]: Replication run OVER
Jun 12 08:54:10 np0000071510 account-server[125737]: Attempted to replicate 1 dbs in 0.02130 seconds (46.95217/s)
Jun 12 08:54:10 np0000071510 account-server[125737]: Removed 0 dbs
Jun 12 08:54:10 np0000071510 account-server[125737]: 2 successes, 0 failures
Jun 12 08:54:10 np0000071510 account-server[125737]: diff:0 diff_capped:0 empty:0 hashmatch:0 no_change:2 remote_merge:0 rsync:0 ts_repl:0
Jun 12 08:54:11 np0000071510 object-server[126548]: Starting object replication pass.
Jun 12 08:54:11 np0000071510 object-server[126548]: 44/44 (100.00%) partitions replicated in 0.41s (107.15/sec, 0s remaining)
Jun 12 08:54:11 np0000071510 object-server[126548]: 88 successes, 0 failures
Jun 12 08:54:11 np0000071510 object-server[126548]: 44 suffixes checked - 0.00% hashed, 0.00% synced
Jun 12 08:54:11 np0000071510 object-server[126548]: Partition times: max 0.0197s, min 0.0060s, med 0.0079s
Jun 12 08:54:11 np0000071510 object-server[126548]: Object replication complete. (0.01 minutes)
Jun 12 08:54:13 np0000071510 object-server[225209]: Begin object audit "forever" mode (ZBF)
Jun 12 08:54:13 np0000071510 object-server[225209]: Object audit (ZBF). Since Fri Jun 12 08:54:13 2026: Locally: 1 passed, 0 quarantined, 0 errors, files/sec: 319.18, bytes/sec: 0.00, Total time: 0.00, Auditing time: 0.00, Rate: 0.00
Jun 12 08:54:14 np0000071510 object-server[225209]: Object audit (ZBF) "forever" mode completed: 0.85s. Total quarantined: 0, Total errors: 0, Total files/sec: 52.02, Total bytes/sec: 0.00, Auditing time: 0.83, Rate: 0.98
Jun 12 08:54:30 np0000071510 container-server[125900]: Beginning replication run
Jun 12 08:54:37 np0000071510 container-server[125900]: Replication run OVER
Jun 12 08:54:37 np0000071510 container-server[125900]: Attempted to replicate 22 dbs in 7.49921 seconds (2.93364/s)
Jun 12 08:54:37 np0000071510 container-server[125900]: Removed 0 dbs
Jun 12 08:54:37 np0000071510 container-server[125900]: 44 successes, 0 failures
Jun 12 08:54:37 np0000071510 container-server[125900]: diff:0 diff_capped:0 empty:0 hashmatch:0 no_change:44 remote_merge:0 rsync:0 ts_repl:0
Jun 12 08:54:40 np0000071510 account-server[125737]: Beginning replication run
Jun 12 08:54:40 np0000071510 account-server[125737]: Replication run OVER
Jun 12 08:54:40 np0000071510 account-server[125737]: Attempted to replicate 1 dbs in 0.01620 seconds (61.71323/s)
Jun 12 08:54:40 np0000071510 account-server[125737]: Removed 0 dbs
Jun 12 08:54:40 np0000071510 account-server[125737]: 2 successes, 0 failures
Jun 12 08:54:40 np0000071510 account-server[125737]: diff:0 diff_capped:0 empty:0 hashmatch:0 no_change:2 remote_merge:0 rsync:0 ts_repl:0
Jun 12 08:54:40 np0000071510 account-server[126184]: 172.20.0.104 - - [12/Jun/2026:08:54:40 +0000] "HEAD /d1/635/.expiring_objects" 404 - "HEAD http://localhost/v1/.expiring_objects?format=json" "txff5d59834d0746d9a8291-006a2bc950" "proxy-server 2" 0.0009 "-" 17 -
Jun 12 08:54:41 np0000071510 object-server[126548]: Starting object replication pass.
Jun 12 08:54:42 np0000071510 object-server[126548]: 44/44 (100.00%) partitions replicated in 0.43s (101.71/sec, 0s remaining)
Jun 12 08:54:42 np0000071510 object-server[126548]: 88 successes, 0 failures
Jun 12 08:54:42 np0000071510 object-server[126548]: 44 suffixes checked - 0.00% hashed, 0.00% synced
Jun 12 08:54:42 np0000071510 object-server[126548]: Partition times: max 0.0160s, min 0.0059s, med 0.0090s
Jun 12 08:54:42 np0000071510 object-server[126548]: Object replication complete. (0.01 minutes)
Jun 12 08:54:44 np0000071510 object-server[230999]: Begin object audit "forever" mode (ALL)
Jun 12 08:54:44 np0000071510 object-server[230998]: Begin object audit "forever" mode (ZBF)
Jun 12 08:54:44 np0000071510 object-server[230998]: Object audit (ZBF). Since Fri Jun 12 08:54:44 2026: Locally: 1 passed, 0 quarantined, 0 errors, files/sec: 334.82, bytes/sec: 0.00, Total time: 0.00, Auditing time: 0.00, Rate: 0.00
Jun 12 08:54:44 np0000071510 object-server[230999]: Object audit (ALL). Since Fri Jun 12 08:54:44 2026: Locally: 1 passed, 0 quarantined, 0 errors, files/sec: 99.07, bytes/sec: 1585.19, Total time: 0.01, Auditing time: 0.00, Rate: 0.00
Jun 12 08:54:45 np0000071510 object-server[230998]: Object audit (ZBF) "forever" mode completed: 0.85s. Total quarantined: 0, Total errors: 0, Total files/sec: 52.02, Total bytes/sec: 0.00, Auditing time: 0.83, Rate: 0.98
Jun 12 08:54:46 np0000071510 object-server[230999]: Object audit (ALL) "forever" mode completed: 2.11s. Total quarantined: 0, Total errors: 0, Total files/sec: 20.83, Total bytes/sec: 400.47, Auditing time: 2.10, Rate: 0.99
Jun 12 08:54:50 np0000071510 account-server[126159]: 172.20.0.104 - - [12/Jun/2026:08:54:50 +0000] "PUT /d1/19/AUTH_ef85e77878ca49cebc5107d5dc4c09a8/gnocchi.2e70578d-da3b-433b-9672-94d53271f9f9" 201 - "-" "-" "container-updater 2" 0.0014 "-" 15 0
Jun 12 08:54:50 np0000071510 account-server[126184]: 172.20.0.104 - - [12/Jun/2026:08:54:50 +0000] "PUT /d1/19/AUTH_ef85e77878ca49cebc5107d5dc4c09a8/gnocchi.ebff7527-336f-4ffe-8244-f69641beea04" 201 - "-" "-" "container-updater 2" 0.0008 "-" 17 0
Jun 12 08:54:50 np0000071510 account-server[126184]: 172.20.0.104 - - [12/Jun/2026:08:54:50 +0000] "PUT /d1/19/AUTH_ef85e77878ca49cebc5107d5dc4c09a8/gnocchi.d543d934-5d5e-48f3-b641-d8da384a8e2c" 201 - "-" "-" "container-updater 2" 0.0007 "-" 17 0
Jun 12 08:54:50 np0000071510 account-server[126172]: 172.20.0.104 - - [12/Jun/2026:08:54:50 +0000] "PUT /d1/19/AUTH_ef85e77878ca49cebc5107d5dc4c09a8/gnocchi.6c7a94a2-12de-4408-9130-d6b695ea3440" 201 - "-" "-" "container-updater 2" 0.0009 "-" 16 0
Jun 12 08:54:50 np0000071510 account-server[126159]: 172.20.0.104 - - [12/Jun/2026:08:54:50 +0000] "PUT /d1/19/AUTH_ef85e77878ca49cebc5107d5dc4c09a8/gnocchi.d95abb9a-53c3-4402-83a4-ca46022ce1c5" 201 - "-" "-" "container-updater 2" 0.0007 "-" 15 0
Jun 12 08:54:50 np0000071510 account-server[126172]: 172.20.0.104 - - [12/Jun/2026:08:54:50 +0000] "PUT /d1/19/AUTH_ef85e77878ca49cebc5107d5dc4c09a8/gnocchi.f6d0da45-cda2-4412-b5f9-41c7245bd199" 201 - "-" "-" "container-updater 2" 0.0009 "-" 16 0
Jun 12 08:54:51 np0000071510 account-server[126172]: 172.20.0.104 - - [12/Jun/2026:08:54:51 +0000] "PUT /d1/19/AUTH_ef85e77878ca49cebc5107d5dc4c09a8/gnocchi.a2afc5f7-9e3c-42f9-8c45-65b2b276ec92" 201 - "-" "-" "container-updater 2" 0.0007 "-" 16 0
Jun 12 08:54:51 np0000071510 account-server[126172]: 172.20.0.104 - - [12/Jun/2026:08:54:51 +0000] "PUT /d1/19/AUTH_ef85e77878ca49cebc5107d5dc4c09a8/gnocchi.6adcda10-22bb-4d2e-bb5b-d3b55ea6f812" 201 - "-" "-" "container-updater 2" 0.0007 "-" 16 0
Jun 12 08:54:51 np0000071510 account-server[126172]: 172.20.0.104 - - [12/Jun/2026:08:54:51 +0000] "PUT /d1/19/AUTH_ef85e77878ca49cebc5107d5dc4c09a8/gnocchi.52daf89e-f3d1-4104-a4ab-5fae6f0bf6e0" 201 - "-" "-" "container-updater 2" 0.0006 "-" 16 0
Jun 12 08:54:51 np0000071510 account-server[126159]: 172.20.0.104 - - [12/Jun/2026:08:54:51 +0000] "PUT /d1/19/AUTH_ef85e77878ca49cebc5107d5dc4c09a8/gnocchi.ee13968a-327c-4a0d-b731-140d5983d4df" 201 - "-" "-" "container-updater 2" 0.0009 "-" 15 0
Jun 12 08:54:51 np0000071510 account-server[126172]: 172.20.0.104 - - [12/Jun/2026:08:54:51 +0000] "PUT /d1/19/AUTH_ef85e77878ca49cebc5107d5dc4c09a8/gnocchi.9db0153f-f2bd-43e1-9bca-12d0d9f711be" 201 - "-" "-" "container-updater 2" 0.0007 "-" 16 0
Jun 12 08:54:51 np0000071510 account-server[126172]: 172.20.0.104 - - [12/Jun/2026:08:54:51 +0000] "PUT /d1/19/AUTH_ef85e77878ca49cebc5107d5dc4c09a8/gnocchi.db76e519-73c2-454a-9531-258c3e3f274c" 201 - "-" "-" "container-updater 2" 0.0007 "-" 16 0
Jun 12 08:54:51 np0000071510 account-server[126172]: 172.20.0.104 - - [12/Jun/2026:08:54:51 +0000] "PUT /d1/19/AUTH_ef85e77878ca49cebc5107d5dc4c09a8/gnocchi.7f2a8251-fa8a-40b1-9245-fceb32ef05cd" 201 - "-" "-" "container-updater 2" 0.0007 "-" 16 0
Jun 12 08:54:51 np0000071510 account-server[126172]: 172.20.0.104 - - [12/Jun/2026:08:54:51 +0000] "PUT /d1/19/AUTH_ef85e77878ca49cebc5107d5dc4c09a8/gnocchi.764659f8-6805-4fea-add9-148aa550de2b" 201 - "-" "-" "container-updater 2" 0.0007 "-" 16 0
Jun 12 08:54:51 np0000071510 account-server[126172]: 172.20.0.104 - - [12/Jun/2026:08:54:51 +0000] "PUT /d1/19/AUTH_ef85e77878ca49cebc5107d5dc4c09a8/gnocchi.3fbaaa13-1bf8-4d66-bc95-5986e025bdb1" 201 - "-" "-" "container-updater 2" 0.0007 "-" 16 0
Jun 12 08:54:51 np0000071510 account-server[126148]: 172.20.0.104 - - [12/Jun/2026:08:54:51 +0000] "PUT /d1/19/AUTH_ef85e77878ca49cebc5107d5dc4c09a8/gnocchi.05aa862f-5277-4dcf-9079-7483c1550021" 201 - "-" "-" "container-updater 2" 0.0008 "-" 14 0
Jun 12 08:54:51 np0000071510 account-server[126159]: 172.20.0.104 - - [12/Jun/2026:08:54:51 +0000] "PUT /d1/19/AUTH_ef85e77878ca49cebc5107d5dc4c09a8/gnocchi.849ce80c-32a1-4f25-827a-6f75fc090aca" 201 - "-" "-" "container-updater 2" 0.0008 "-" 15 0
Jun 12 08:54:51 np0000071510 account-server[126184]: 172.20.0.104 - - [12/Jun/2026:08:54:51 +0000] "PUT /d1/19/AUTH_ef85e77878ca49cebc5107d5dc4c09a8/gnocchi.44057a46-8df6-4ba2-8e3c-ac9f65e489f7" 201 - "-" "-" "container-updater 2" 0.0007 "-" 17 0
Jun 12 08:54:51 np0000071510 account-server[126148]: 172.20.0.104 - - [12/Jun/2026:08:54:51 +0000] "PUT /d1/19/AUTH_ef85e77878ca49cebc5107d5dc4c09a8/gnocchi.9fd55d25-2bf0-4202-af20-2af103263838" 201 - "-" "-" "container-updater 2" 0.0008 "-" 14 0
Jun 12 08:54:52 np0000071510 account-server[126184]: 172.20.0.104 - - [12/Jun/2026:08:54:52 +0000] "PUT /d1/19/AUTH_ef85e77878ca49cebc5107d5dc4c09a8/gnocchi.754dd191-494e-4f29-83e9-e2b524c88032" 201 - "-" "-" "container-updater 2" 0.0007 "-" 17 0
Jun 12 08:54:52 np0000071510 account-server[126172]: 172.20.0.104 - - [12/Jun/2026:08:54:52 +0000] "PUT /d1/19/AUTH_ef85e77878ca49cebc5107d5dc4c09a8/gnocchi.d5278fd2-d130-4023-909f-95671015e62c" 201 - "-" "-" "container-updater 2" 0.0006 "-" 16 0
Jun 12 08:54:52 np0000071510 account-server[126159]: 172.20.0.104 - - [12/Jun/2026:08:54:52 +0000] "PUT /d1/19/AUTH_ef85e77878ca49cebc5107d5dc4c09a8/gnocchi.ed0a8cc4-0e15-45fe-8308-d5398a20dd7f" 201 - "-" "-" "container-updater 2" 0.0008 "-" 15 0
Jun 12 08:54:56 np0000071510 account-server[126172]: 172.20.0.103 - - [12/Jun/2026:08:54:56 +0000] "HEAD /d1/635/.expiring_objects" 404 - "HEAD http://localhost/v1/.expiring_objects?format=json" "tx57364ba2d15b41eebba03-006a2bc960" "proxy-server 2" 0.0006 "-" 16 -
Jun 12 08:54:56 np0000071510 object-expirer[126530]: Pass completed in 0s; 0 objects expired (txn: tx57364ba2d15b41eebba03-006a2bc960)
Jun 12 08:55:00 np0000071510 container-server[125900]: Beginning replication run
