Jun 12 08:53:09 np0000071510 proxy-server[128112]: 172.18.0.204 172.18.0.104 12/Jun/2026/08/53/09 PUT /v1/AUTH_ef85e77878ca49cebc5107d5dc4c09a8/gnocchi.d95abb9a-53c3-4402-83a4-ca46022ce1c5 HTTP/1.0 201 - python-swiftclient-3.11.1 gAAAAABqK8jqdbsa... - - - tx720085f0797746a3ae22c-006a2bc8f5 - 0.0377 - - 1781254389.681413174 1781254389.719155312 0
Jun 12 08:53:09 np0000071510 container-server[126484]: 172.20.0.105 - - [12/Jun/2026:08:53:09 +0000] "GET /d1/393/AUTH_ef85e77878ca49cebc5107d5dc4c09a8/gnocchi.d95abb9a-53c3-4402-83a4-ca46022ce1c5" 200 2 "GET http://172.18.0.204:8080/v1/AUTH_ef85e77878ca49cebc5107d5dc4c09a8/gnocchi.d95abb9a-53c3-4402-83a4-ca46022ce1c5?format=json&states=listing" "tx731ff877528346e49e805-006a2bc8f5" "proxy-server 12" 0.0032 "-" 22 0
Jun 12 08:53:09 np0000071510 container-server[126470]: 172.20.0.103 - - [12/Jun/2026:08:53:09 +0000] "PUT /d1/180/AUTH_ef85e77878ca49cebc5107d5dc4c09a8/gnocchi.9fd55d25-2bf0-4202-af20-2af103263838/none_v3" 201 - "PUT http://172.18.0.204:8080/d1/350/AUTH_ef85e77878ca49cebc5107d5dc4c09a8/gnocchi.9fd55d25-2bf0-4202-af20-2af103263838/none_v3" "tx7362747231b849fcb8915-006a2bc8f5" "object-server 24" 0.0010 "-" 20 0
Jun 12 08:53:09 np0000071510 object-server[126852]: 172.20.0.104 - - [12/Jun/2026:08:53:09 +0000] "PUT /d1/350/AUTH_ef85e77878ca49cebc5107d5dc4c09a8/gnocchi.9fd55d25-2bf0-4202-af20-2af103263838/none_v3" 201 - "PUT http://172.18.0.204:8080/v1/AUTH_ef85e77878ca49cebc5107d5dc4c09a8/gnocchi.9fd55d25-2bf0-4202-af20-2af103263838/none_v3" "tx7362747231b849fcb8915-006a2bc8f5" "proxy-server 20" 0.0170 "-" 24 0
Jun 12 08:53:09 np0000071510 object-server[126842]: 172.20.0.103 - - [12/Jun/2026:08:53:09 +0000] "GET /d1/829/AUTH_ef85e77878ca49cebc5107d5dc4c09a8/gnocchi.d95abb9a-53c3-4402-83a4-ca46022ce1c5/1780920000.0_mean_300.0_v3" 404 70 "GET http://172.18.0.204:8080/v1/AUTH_ef85e77878ca49cebc5107d5dc4c09a8/gnocchi.d95abb9a-53c3-4402-83a4-ca46022ce1c5/1780920000.0_mean_300.0_v3" "tx6bd60c955988413ebf713-006a2bc8f5" "proxy-server 20" 0.0006 "-" 23 0
Jun 12 08:53:09 np0000071510 proxy-server[128112]: 172.18.0.204 172.18.0.104 12/Jun/2026/08/53/09 GET /v1/AUTH_ef85e77878ca49cebc5107d5dc4c09a8/gnocchi.d95abb9a-53c3-4402-83a4-ca46022ce1c5/1780920000.0_mean_300.0_v3 HTTP/1.0 404 - python-swiftclient-3.11.1 gAAAAABqK8jqdbsa... - 70 - tx6bd60c955988413ebf713-006a2bc8f5 - 0.0151 - - 1781254389.745801449 1781254389.760937452 0
Jun 12 08:53:09 np0000071510 container-server[126470]: 172.20.0.105 - - [12/Jun/2026:08:53:09 +0000] "PUT /d1/393/AUTH_ef85e77878ca49cebc5107d5dc4c09a8/gnocchi.d95abb9a-53c3-4402-83a4-ca46022ce1c5/1780920000.0_mean_300.0_v3" 201 - "PUT http://172.18.0.204:8080/d1/829/AUTH_ef85e77878ca49cebc5107d5dc4c09a8/gnocchi.d95abb9a-53c3-4402-83a4-ca46022ce1c5/1780920000.0_mean_300.0_v3" "tx662d343f0e954a6f8d782-006a2bc8f5" "object-server 24" 0.0009 "-" 20 0
Jun 12 08:53:09 np0000071510 object-server[126840]: 172.20.0.105 - - [12/Jun/2026:08:53:09 +0000] "PUT /d1/829/AUTH_ef85e77878ca49cebc5107d5dc4c09a8/gnocchi.d95abb9a-53c3-4402-83a4-ca46022ce1c5/1780920000.0_mean_300.0_v3" 201 - "PUT http://172.18.0.204:8080/v1/AUTH_ef85e77878ca49cebc5107d5dc4c09a8/gnocchi.d95abb9a-53c3-4402-83a4-ca46022ce1c5/1780920000.0_mean_300.0_v3" "tx662d343f0e954a6f8d782-006a2bc8f5" "proxy-server 12" 0.0273 "-" 22 0
Jun 12 08:53:09 np0000071510 container-server[126476]: 172.20.0.104 - - [12/Jun/2026:08:53:09 +0000] "HEAD /d1/20/AUTH_ef85e77878ca49cebc5107d5dc4c09a8/gnocchi.7f2a8251-fa8a-40b1-9245-fceb32ef05cd" 404 - "HEAD http://172.18.0.204:8080/v1/AUTH_ef85e77878ca49cebc5107d5dc4c09a8/gnocchi.7f2a8251-fa8a-40b1-9245-fceb32ef05cd?format=json&states=listing" "tx484fe59d5db2435bb42e1-006a2bc8f5" "proxy-server 20" 0.0007 "-" 21 0
Jun 12 08:53:09 np0000071510 object-server[126842]: 172.20.0.104 - - [12/Jun/2026:08:53:09 +0000] "GET /d1/457/AUTH_ef85e77878ca49cebc5107d5dc4c09a8/gnocchi.7f2a8251-fa8a-40b1-9245-fceb32ef05cd/none_v3" 404 70 "GET http://172.18.0.204:8080/v1/AUTH_ef85e77878ca49cebc5107d5dc4c09a8/gnocchi.7f2a8251-fa8a-40b1-9245-fceb32ef05cd/none_v3" "tx484fe59d5db2435bb42e1-006a2bc8f5" "proxy-server 20" 0.0005 "-" 23 0
Jun 12 08:53:09 np0000071510 container-server[126476]: 172.20.0.104 - - [12/Jun/2026:08:53:09 +0000] "PUT /d1/393/AUTH_ef85e77878ca49cebc5107d5dc4c09a8/gnocchi.d95abb9a-53c3-4402-83a4-ca46022ce1c5/none_v3" 201 - "PUT http://172.18.0.204:8080/d1/793/AUTH_ef85e77878ca49cebc5107d5dc4c09a8/gnocchi.d95abb9a-53c3-4402-83a4-ca46022ce1c5/none_v3" "tx7787376fbc3f44e6af9e3-006a2bc8f5" "object-server 24" 0.0008 "-" 21 0
Jun 12 08:53:09 np0000071510 object-server[126852]: 172.20.0.105 - - [12/Jun/2026:08:53:09 +0000] "PUT /d1/793/AUTH_ef85e77878ca49cebc5107d5dc4c09a8/gnocchi.d95abb9a-53c3-4402-83a4-ca46022ce1c5/none_v3" 201 - "PUT http://172.18.0.204:8080/v1/AUTH_ef85e77878ca49cebc5107d5dc4c09a8/gnocchi.d95abb9a-53c3-4402-83a4-ca46022ce1c5/none_v3" "tx7787376fbc3f44e6af9e3-006a2bc8f5" "proxy-server 12" 0.0126 "-" 24 0
Jun 12 08:53:09 np0000071510 account-server[126159]: 172.20.0.105 - - [12/Jun/2026:08:53:09 +0000] "PUT /d1/19/AUTH_ef85e77878ca49cebc5107d5dc4c09a8/gnocchi.7f2a8251-fa8a-40b1-9245-fceb32ef05cd" 201 - "PUT http://172.20.0.105:6001/d1/20/AUTH_ef85e77878ca49cebc5107d5dc4c09a8/gnocchi.7f2a8251-fa8a-40b1-9245-fceb32ef05cd" "txfd2dda6e331140cc808e6-006a2bc8f5" "container-server 22" 0.0060 "-" 15 0
Jun 12 08:53:09 np0000071510 container-server[126470]: 172.20.0.104 - - [12/Jun/2026:08:53:09 +0000] "PUT /d1/20/AUTH_ef85e77878ca49cebc5107d5dc4c09a8/gnocchi.7f2a8251-fa8a-40b1-9245-fceb32ef05cd" 201 - "PUT http://172.18.0.204:8080/v1/AUTH_ef85e77878ca49cebc5107d5dc4c09a8/gnocchi.7f2a8251-fa8a-40b1-9245-fceb32ef05cd" "txfd2dda6e331140cc808e6-006a2bc8f5" "proxy-server 20" 0.0207 "-" 20 0
Jun 12 08:53:09 np0000071510 container-server[126496]: 172.20.0.103 - - [12/Jun/2026:08:53:09 +0000] "HEAD /d1/59/AUTH_ef85e77878ca49cebc5107d5dc4c09a8/gnocchi.05aa862f-5277-4dcf-9079-7483c1550021" 404 - "HEAD http://172.18.0.204:8080/v1/AUTH_ef85e77878ca49cebc5107d5dc4c09a8/gnocchi.05aa862f-5277-4dcf-9079-7483c1550021?format=json&states=listing" "tx55a4099444af4332a9659-006a2bc8f5" "proxy-server 20" 0.0007 "-" 23 0
Jun 12 08:53:09 np0000071510 object-server[126864]: 172.20.0.103 - - [12/Jun/2026:08:53:09 +0000] "GET /d1/99/AUTH_ef85e77878ca49cebc5107d5dc4c09a8/gnocchi.05aa862f-5277-4dcf-9079-7483c1550021/none_v3" 404 70 "GET http://172.18.0.204:8080/v1/AUTH_ef85e77878ca49cebc5107d5dc4c09a8/gnocchi.05aa862f-5277-4dcf-9079-7483c1550021/none_v3" "tx55a4099444af4332a9659-006a2bc8f5" "proxy-server 20" 0.0005 "-" 25 0
Jun 12 08:53:09 np0000071510 proxy-server[128112]: 172.18.0.103 172.18.0.104 12/Jun/2026/08/53/09 GET /v1/AUTH_ef85e77878ca49cebc5107d5dc4c09a8/gnocchi.05aa862f-5277-4dcf-9079-7483c1550021/none_v3 HTTP/1.0 404 - python-swiftclient-3.11.1 gAAAAABqK8j1-Tkw... - 70 - tx55a4099444af4332a9659-006a2bc8f5 - 0.0786 - - 1781254389.806192160 1781254389.884822130 0
Jun 12 08:53:09 np0000071510 object-server[126842]: 172.20.0.104 - - [12/Jun/2026:08:53:09 +0000] "GET /d1/1022/AUTH_ef85e77878ca49cebc5107d5dc4c09a8/gnocchi.7f2a8251-fa8a-40b1-9245-fceb32ef05cd/1780920000.0_mean_300.0_v3" 404 70 "GET http://172.18.0.204:8080/v1/AUTH_ef85e77878ca49cebc5107d5dc4c09a8/gnocchi.7f2a8251-fa8a-40b1-9245-fceb32ef05cd/1780920000.0_mean_300.0_v3" "txbc2b41dd3bfe4dc88246d-006a2bc8f5" "proxy-server 20" 0.0005 "-" 23 0
Jun 12 08:53:09 np0000071510 container-server[126484]: 172.20.0.105 - - [12/Jun/2026:08:53:09 +0000] "PUT /d1/59/AUTH_ef85e77878ca49cebc5107d5dc4c09a8/gnocchi.05aa862f-5277-4dcf-9079-7483c1550021" 201 - "PUT http://172.18.0.204:8080/v1/AUTH_ef85e77878ca49cebc5107d5dc4c09a8/gnocchi.05aa862f-5277-4dcf-9079-7483c1550021" "tx782c4f2bb8324554b0d9b-006a2bc8f5" "proxy-server 12" 0.0163 "-" 22 0
Jun 12 08:53:09 np0000071510 account-server[126148]: 172.20.0.104 - - [12/Jun/2026:08:53:09 +0000] "PUT /d1/19/AUTH_ef85e77878ca49cebc5107d5dc4c09a8/gnocchi.05aa862f-5277-4dcf-9079-7483c1550021" 201 - "PUT http://172.20.0.104:6001/d1/59/AUTH_ef85e77878ca49cebc5107d5dc4c09a8/gnocchi.05aa862f-5277-4dcf-9079-7483c1550021" "tx782c4f2bb8324554b0d9b-006a2bc8f5" "container-server 21" 0.0073 "-" 14 0
Jun 12 08:53:09 np0000071510 container-server[126470]: 172.20.0.105 - - [12/Jun/2026:08:53:09 +0000] "PUT /d1/20/AUTH_ef85e77878ca49cebc5107d5dc4c09a8/gnocchi.7f2a8251-fa8a-40b1-9245-fceb32ef05cd/1780920000.0_mean_300.0_v3" 201 - "PUT http://172.18.0.204:8080/d1/1022/AUTH_ef85e77878ca49cebc5107d5dc4c09a8/gnocchi.7f2a8251-fa8a-40b1-9245-fceb32ef05cd/1780920000.0_mean_300.0_v3" "tx05175e3368a242f2b54c8-006a2bc8f5" "object-server 22" 0.0010 "-" 20 0
Jun 12 08:53:09 np0000071510 object-server[126864]: 172.20.0.103 - - [12/Jun/2026:08:53:09 +0000] "PUT /d1/1022/AUTH_ef85e77878ca49cebc5107d5dc4c09a8/gnocchi.7f2a8251-fa8a-40b1-9245-fceb32ef05cd/1780920000.0_mean_300.0_v3" 201 - "PUT http://172.18.0.204:8080/v1/AUTH_ef85e77878ca49cebc5107d5dc4c09a8/gnocchi.7f2a8251-fa8a-40b1-9245-fceb32ef05cd/1780920000.0_mean_300.0_v3" "tx05175e3368a242f2b54c8-006a2bc8f5" "proxy-server 20" 0.0155 "-" 25 0
Jun 12 08:53:09 np0000071510 proxy-server[128112]: 172.18.0.105 172.18.0.104 12/Jun/2026/08/53/09 PUT /v1/AUTH_ef85e77878ca49cebc5107d5dc4c09a8/gnocchi.7f2a8251-fa8a-40b1-9245-fceb32ef05cd/1780920000.0_mean_300.0_v3 HTTP/1.0 201 - python-swiftclient-3.11.1 gAAAAABqK8immuXj... 16 - - tx05175e3368a242f2b54c8-006a2bc8f5 - 0.0275 - - 1781254389.912412882 1781254389.939915180 0
Jun 12 08:53:09 np0000071510 container-server[126484]: 172.20.0.104 - - [12/Jun/2026:08:53:09 +0000] "HEAD /d1/59/AUTH_ef85e77878ca49cebc5107d5dc4c09a8/gnocchi.05aa862f-5277-4dcf-9079-7483c1550021" 204 - "HEAD http://172.18.0.204:8080/v1/AUTH_ef85e77878ca49cebc5107d5dc4c09a8/gnocchi.05aa862f-5277-4dcf-9079-7483c1550021?format=json&states=listing" "txa54a9467bf5c41a484642-006a2bc8f5" "proxy-server 20" 0.0024 "-" 22 0
Jun 12 08:53:09 np0000071510 container-server[126476]: 172.20.0.104 - - [12/Jun/2026:08:53:09 +0000] "PUT /d1/20/AUTH_ef85e77878ca49cebc5107d5dc4c09a8/gnocchi.7f2a8251-fa8a-40b1-9245-fceb32ef05cd/none_v3" 201 - "PUT http://172.18.0.204:8080/d1/457/AUTH_ef85e77878ca49cebc5107d5dc4c09a8/gnocchi.7f2a8251-fa8a-40b1-9245-fceb32ef05cd/none_v3" "tx815156f67195470194a51-006a2bc8f5" "object-server 23" 0.0009 "-" 21 0
Jun 12 08:53:09 np0000071510 object-server[126840]: 172.20.0.105 - - [12/Jun/2026:08:53:09 +0000] "PUT /d1/457/AUTH_ef85e77878ca49cebc5107d5dc4c09a8/gnocchi.7f2a8251-fa8a-40b1-9245-fceb32ef05cd/none_v3" 201 - "PUT http://172.18.0.204:8080/v1/AUTH_ef85e77878ca49cebc5107d5dc4c09a8/gnocchi.7f2a8251-fa8a-40b1-9245-fceb32ef05cd/none_v3" "tx815156f67195470194a51-006a2bc8f5" "proxy-server 12" 0.0121 "-" 22 0
Jun 12 08:53:09 np0000071510 object-server[126842]: 172.20.0.103 - - [12/Jun/2026:08:53:09 +0000] "GET /d1/893/AUTH_ef85e77878ca49cebc5107d5dc4c09a8/gnocchi.05aa862f-5277-4dcf-9079-7483c1550021/1780920000.0_mean_300.0_v3" 404 70 "GET http://172.18.0.204:8080/v1/AUTH_ef85e77878ca49cebc5107d5dc4c09a8/gnocchi.05aa862f-5277-4dcf-9079-7483c1550021/1780920000.0_mean_300.0_v3" "tx96b5e650a90f44bdbbcba-006a2bc8f5" "proxy-server 20" 0.0007 "-" 23 0
Jun 12 08:53:09 np0000071510 proxy-server[128112]: 172.18.0.103 172.18.0.104 12/Jun/2026/08/53/09 GET /v1/AUTH_ef85e77878ca49cebc5107d5dc4c09a8/gnocchi.05aa862f-5277-4dcf-9079-7483c1550021/1780920000.0_mean_300.0_v3 HTTP/1.0 404 - python-swiftclient-3.11.1 gAAAAABqK8j1-Tkw... - 70 - tx96b5e650a90f44bdbbcba-006a2bc8f5 - 0.0171 - - 1781254389.966804028 1781254389.983933449 0
Jun 12 08:53:10 np0000071510 container-server[126484]: 172.20.0.103 - - [12/Jun/2026:08:53:10 +0000] "PUT /d1/59/AUTH_ef85e77878ca49cebc5107d5dc4c09a8/gnocchi.05aa862f-5277-4dcf-9079-7483c1550021/1780920000.0_mean_300.0_v3" 201 - "PUT http://172.18.0.204:8080/d1/893/AUTH_ef85e77878ca49cebc5107d5dc4c09a8/gnocchi.05aa862f-5277-4dcf-9079-7483c1550021/1780920000.0_mean_300.0_v3" "tx1cdfc6ccceb24b51b68b6-006a2bc8f5" "object-server 24" 0.0008 "-" 22 0
Jun 12 08:53:10 np0000071510 object-server[126852]: 172.20.0.104 - - [12/Jun/2026:08:53:10 +0000] "PUT /d1/893/AUTH_ef85e77878ca49cebc5107d5dc4c09a8/gnocchi.05aa862f-5277-4dcf-9079-7483c1550021/1780920000.0_mean_300.0_v3" 201 - "PUT http://172.18.0.204:8080/v1/AUTH_ef85e77878ca49cebc5107d5dc4c09a8/gnocchi.05aa862f-5277-4dcf-9079-7483c1550021/1780920000.0_mean_300.0_v3" "tx1cdfc6ccceb24b51b68b6-006a2bc8f5" "proxy-server 20" 0.0112 "-" 24 0
Jun 12 08:53:10 np0000071510 container-server[126476]: 172.20.0.105 - - [12/Jun/2026:08:53:10 +0000] "PUT /d1/59/AUTH_ef85e77878ca49cebc5107d5dc4c09a8/gnocchi.05aa862f-5277-4dcf-9079-7483c1550021/none_v3" 201 - "PUT http://172.18.0.204:8080/d1/99/AUTH_ef85e77878ca49cebc5107d5dc4c09a8/gnocchi.05aa862f-5277-4dcf-9079-7483c1550021/none_v3" "txfae2e5fcf7fa4138bc607-006a2bc8f6" "object-server 23" 0.0013 "-" 21 0
Jun 12 08:53:10 np0000071510 object-server[126842]: 172.20.0.105 - - [12/Jun/2026:08:53:10 +0000] "PUT /d1/99/AUTH_ef85e77878ca49cebc5107d5dc4c09a8/gnocchi.05aa862f-5277-4dcf-9079-7483c1550021/none_v3" 201 - "PUT http://172.18.0.204:8080/v1/AUTH_ef85e77878ca49cebc5107d5dc4c09a8/gnocchi.05aa862f-5277-4dcf-9079-7483c1550021/none_v3" "txfae2e5fcf7fa4138bc607-006a2bc8f6" "proxy-server 12" 0.0143 "-" 23 0
Jun 12 08:53:10 np0000071510 account-server[125737]: Beginning replication run
Jun 12 08:53:10 np0000071510 account-server[125737]: Replication run OVER
Jun 12 08:53:10 np0000071510 account-server[125737]: Attempted to replicate 1 dbs in 0.03546 seconds (28.20090/s)
Jun 12 08:53:10 np0000071510 account-server[125737]: Removed 0 dbs
Jun 12 08:53:10 np0000071510 account-server[125737]: 2 successes, 0 failures
Jun 12 08:53:10 np0000071510 account-server[125737]: diff:0 diff_capped:0 empty:0 hashmatch:0 no_change:2 remote_merge:0 rsync:0 ts_repl:0
Jun 12 08:53:10 np0000071510 object-server[126548]: Starting object replication pass.
Jun 12 08:53:11 np0000071510 object-server[126548]: 16/16 (100.00%) partitions replicated in 0.42s (38.40/sec, 0s remaining)
Jun 12 08:53:11 np0000071510 object-server[126548]: 32 successes, 0 failures
Jun 12 08:53:11 np0000071510 object-server[126548]: 16 suffixes checked - 62.50% hashed, 0.00% synced
Jun 12 08:53:11 np0000071510 object-server[126548]: Partition times: max 0.0420s, min 0.0086s, med 0.0321s
Jun 12 08:53:11 np0000071510 object-server[126548]: Object replication complete. (0.01 minutes)
Jun 12 08:53:12 np0000071510 object-server[219113]: Begin object audit "forever" mode (ZBF)
Jun 12 08:53:12 np0000071510 object-server[219113]: Object audit (ZBF). Since Fri Jun 12 08:53:12 2026: Locally: 1 passed, 0 quarantined, 0 errors, files/sec: 430.05, bytes/sec: 0.00, Total time: 0.00, Auditing time: 0.00, Rate: 0.00
Jun 12 08:53:13 np0000071510 object-server[219113]: Object audit (ZBF) "forever" mode completed: 0.28s. Total quarantined: 0, Total errors: 0, Total files/sec: 56.38, Total bytes/sec: 0.00, Auditing time: 0.28, Rate: 0.97
Jun 12 08:53:30 np0000071510 container-server[125900]: Beginning replication run
Jun 12 08:53:30 np0000071510 container-server[125900]: Replication run OVER
Jun 12 08:53:30 np0000071510 container-server[125900]: Attempted to replicate 8 dbs in 0.20363 seconds (39.28665/s)
Jun 12 08:53:30 np0000071510 container-server[125900]: Removed 0 dbs
Jun 12 08:53:30 np0000071510 container-server[125900]: 16 successes, 0 failures
Jun 12 08:53:30 np0000071510 container-server[125900]: diff:0 diff_capped:0 empty:0 hashmatch:0 no_change:16 remote_merge:0 rsync:0 ts_repl:0
Jun 12 08:53:40 np0000071510 account-server[125737]: Beginning replication run
Jun 12 08:53:40 np0000071510 account-server[125737]: Replication run OVER
Jun 12 08:53:40 np0000071510 account-server[125737]: Attempted to replicate 1 dbs in 0.01598 seconds (62.58341/s)
Jun 12 08:53:40 np0000071510 account-server[125737]: Removed 0 dbs
Jun 12 08:53:40 np0000071510 account-server[125737]: 2 successes, 0 failures
Jun 12 08:53:40 np0000071510 account-server[125737]: diff:0 diff_capped:0 empty:0 hashmatch:0 no_change:2 remote_merge:0 rsync:0 ts_repl:0
Jun 12 08:53:41 np0000071510 object-server[126548]: Starting object replication pass.
Jun 12 08:53:41 np0000071510 object-server[126548]: 16/16 (100.00%) partitions replicated in 0.17s (93.64/sec, 0s remaining)
Jun 12 08:53:41 np0000071510 object-server[126548]: 32 successes, 0 failures
Jun 12 08:53:41 np0000071510 object-server[126548]: 16 suffixes checked - 0.00% hashed, 0.00% synced
Jun 12 08:53:41 np0000071510 object-server[126548]: Partition times: max 0.0146s, min 0.0079s, med 0.0097s
Jun 12 08:53:41 np0000071510 object-server[126548]: Object replication complete. (0.00 minutes)
Jun 12 08:53:43 np0000071510 object-server[225185]: Begin object audit "forever" mode (ZBF)
Jun 12 08:53:43 np0000071510 object-server[225185]: Object audit (ZBF). Since Fri Jun 12 08:53:43 2026: Locally: 1 passed, 0 quarantined, 0 errors, files/sec: 522.65, bytes/sec: 0.00, Total time: 0.00, Auditing time: 0.00, Rate: 0.00
Jun 12 08:53:43 np0000071510 object-server[225186]: Begin object audit "forever" mode (ALL)
Jun 12 08:53:43 np0000071510 object-server[225186]: Object audit (ALL). Since Fri Jun 12 08:53:43 2026: Locally: 1 passed, 0 quarantined, 0 errors, files/sec: 97.27, bytes/sec: 1556.36, Total time: 0.01, Auditing time: 0.00, Rate: 0.00
Jun 12 08:53:43 np0000071510 account-server[126148]: 172.20.0.105 - - [12/Jun/2026:08:53:43 +0000] "PUT /d1/19/AUTH_ef85e77878ca49cebc5107d5dc4c09a8/gnocchi.9db0153f-f2bd-43e1-9bca-12d0d9f711be" 201 - "-" "-" "container-updater 2" 0.0014 "-" 14 0
Jun 12 08:53:43 np0000071510 account-server[126184]: 172.20.0.105 - - [12/Jun/2026:08:53:43 +0000] "PUT /d1/19/AUTH_ef85e77878ca49cebc5107d5dc4c09a8/gnocchi.3fbaaa13-1bf8-4d66-bc95-5986e025bdb1" 201 - "-" "-" "container-updater 2" 0.0005 "-" 17 0
Jun 12 08:53:43 np0000071510 object-server[225185]: Object audit (ZBF) "forever" mode completed: 0.28s. Total quarantined: 0, Total errors: 0, Total files/sec: 56.36, Total bytes/sec: 0.00, Auditing time: 0.28, Rate: 0.98
Jun 12 08:53:43 np0000071510 account-server[126159]: 172.20.0.105 - - [12/Jun/2026:08:53:43 +0000] "PUT /d1/19/AUTH_ef85e77878ca49cebc5107d5dc4c09a8/gnocchi.d543d934-5d5e-48f3-b641-d8da384a8e2c" 201 - "-" "-" "container-updater 2" 0.0006 "-" 15 0
Jun 12 08:53:43 np0000071510 account-server[126184]: 172.20.0.105 - - [12/Jun/2026:08:53:43 +0000] "PUT /d1/19/AUTH_ef85e77878ca49cebc5107d5dc4c09a8/gnocchi.ebff7527-336f-4ffe-8244-f69641beea04" 201 - "-" "-" "container-updater 2" 0.0007 "-" 17 0
Jun 12 08:53:43 np0000071510 account-server[126184]: 172.20.0.105 - - [12/Jun/2026:08:53:43 +0000] "PUT /d1/19/AUTH_ef85e77878ca49cebc5107d5dc4c09a8/gnocchi.7f2a8251-fa8a-40b1-9245-fceb32ef05cd" 201 - "-" "-" "container-updater 2" 0.0006 "-" 17 0
Jun 12 08:53:43 np0000071510 account-server[126148]: 172.20.0.105 - - [12/Jun/2026:08:53:43 +0000] "PUT /d1/19/AUTH_ef85e77878ca49cebc5107d5dc4c09a8/gnocchi.05aa862f-5277-4dcf-9079-7483c1550021" 201 - "-" "-" "container-updater 2" 0.0008 "-" 14 0
Jun 12 08:53:43 np0000071510 account-server[126172]: 172.20.0.105 - - [12/Jun/2026:08:53:43 +0000] "PUT /d1/19/AUTH_ef85e77878ca49cebc5107d5dc4c09a8/gnocchi.d95abb9a-53c3-4402-83a4-ca46022ce1c5" 201 - "-" "-" "container-updater 2" 0.0008 "-" 16 0
Jun 12 08:53:43 np0000071510 object-server[225186]: Object audit (ALL) "forever" mode completed: 0.71s. Total quarantined: 0, Total errors: 0, Total files/sec: 22.45, Total bytes/sec: 440.57, Auditing time: 0.70, Rate: 0.98
Jun 12 08:53:43 np0000071510 account-server[126148]: 172.20.0.105 - - [12/Jun/2026:08:53:43 +0000] "PUT /d1/19/AUTH_ef85e77878ca49cebc5107d5dc4c09a8/gnocchi.9fd55d25-2bf0-4202-af20-2af103263838" 201 - "-" "-" "container-updater 2" 0.0009 "-" 14 0
Jun 12 08:54:00 np0000071510 container-server[125900]: Beginning replication run
Jun 12 08:54:00 np0000071510 container-server[125900]: Replication run OVER
Jun 12 08:54:00 np0000071510 container-server[125900]: Attempted to replicate 8 dbs in 0.15947 seconds (50.16642/s)
Jun 12 08:54:00 np0000071510 container-server[125900]: Removed 0 dbs
Jun 12 08:54:00 np0000071510 container-server[125900]: 16 successes, 0 failures
Jun 12 08:54:00 np0000071510 container-server[125900]: diff:0 diff_capped:0 empty:0 hashmatch:0 no_change:16 remote_merge:0 rsync:0 ts_repl:0
Jun 12 08:54:00 np0000071510 proxy-server[128112]: - - 12/Jun/2026/08/54/00 HEAD /v1/AUTH_ef85e77878ca49cebc5107d5dc4c09a8%3Fformat%3Djson HTTP/1.0 204 - Swift - - - - tx87fe88d236234bb784f81-006a2bc928 - 0.0202 RL - 1781254440.468894243 1781254440.489103794 -
Jun 12 08:54:00 np0000071510 container-server[126470]: 172.20.0.103 - - [12/Jun/2026:08:54:00 +0000] "HEAD /d1/921/AUTH_ef85e77878ca49cebc5107d5dc4c09a8/gnocchi.754dd191-494e-4f29-83e9-e2b524c88032" 404 - "HEAD http://172.18.0.204:8080/v1/AUTH_ef85e77878ca49cebc5107d5dc4c09a8/gnocchi.754dd191-494e-4f29-83e9-e2b524c88032?format=json&states=listing" "tx87fe88d236234bb784f81-006a2bc928" "proxy-server 20" 0.0013 "-" 20 0
Jun 12 08:54:00 np0000071510 container-server[126476]: 172.20.0.104 - - [12/Jun/2026:08:54:00 +0000] "HEAD /d1/968/AUTH_ef85e77878ca49cebc5107d5dc4c09a8/gnocchi.f6d0da45-cda2-4412-b5f9-41c7245bd199" 404 - "HEAD http://172.18.0.204:8080/v1/AUTH_ef85e77878ca49cebc5107d5dc4c09a8/gnocchi.f6d0da45-cda2-4412-b5f9-41c7245bd199?format=json&states=listing" "tx4985406e97f2421d90345-006a2bc928" "proxy-server 20" 0.0006 "-" 21 0
Jun 12 08:54:00 np0000071510 container-server[126496]: 172.20.0.105 - - [12/Jun/2026:08:54:00 +0000] "HEAD /d1/772/AUTH_ef85e77878ca49cebc5107d5dc4c09a8/gnocchi.849ce80c-32a1-4f25-827a-6f75fc090aca" 404 - "HEAD http://172.18.0.204:8080/v1/AUTH_ef85e77878ca49cebc5107d5dc4c09a8/gnocchi.849ce80c-32a1-4f25-827a-6f75fc090aca?format=json&states=listing" "tx9f73fb8c07b144b79deaa-006a2bc928" "proxy-server 12" 0.0005 "-" 23 0
Jun 12 08:54:00 np0000071510 object-server[126852]: 172.20.0.105 - - [12/Jun/2026:08:54:00 +0000] "GET /d1/641/AUTH_ef85e77878ca49cebc5107d5dc4c09a8/gnocchi.849ce80c-32a1-4f25-827a-6f75fc090aca/none_v3" 404 70 "GET http://172.18.0.204:8080/v1/AUTH_ef85e77878ca49cebc5107d5dc4c09a8/gnocchi.849ce80c-32a1-4f25-827a-6f75fc090aca/none_v3" "tx9f73fb8c07b144b79deaa-006a2bc928" "proxy-server 12" 0.0008 "-" 24 0
Jun 12 08:54:00 np0000071510 object-server[126864]: 172.20.0.103 - - [12/Jun/2026:08:54:00 +0000] "GET /d1/185/AUTH_ef85e77878ca49cebc5107d5dc4c09a8/gnocchi.754dd191-494e-4f29-83e9-e2b524c88032/none_v3" 404 70 "GET http://172.18.0.204:8080/v1/AUTH_ef85e77878ca49cebc5107d5dc4c09a8/gnocchi.754dd191-494e-4f29-83e9-e2b524c88032/none_v3" "tx87fe88d236234bb784f81-006a2bc928" "proxy-server 20" 0.0007 "-" 25 0
Jun 12 08:54:00 np0000071510 proxy-server[128112]: 172.18.0.105 172.18.0.104 12/Jun/2026/08/54/00 GET /v1/AUTH_ef85e77878ca49cebc5107d5dc4c09a8/gnocchi.754dd191-494e-4f29-83e9-e2b524c88032/none_v3 HTTP/1.0 404 - python-swiftclient-3.11.1 gAAAAABqK8immuXj... - 70 - tx87fe88d236234bb784f81-006a2bc928 - 0.0573 - - 1781254440.467380762 1781254440.524651766 0
Jun 12 08:54:00 np0000071510 object-server[126852]: 172.20.0.104 - - [12/Jun/2026:08:54:00 +0000] "GET /d1/620/AUTH_ef85e77878ca49cebc5107d5dc4c09a8/gnocchi.f6d0da45-cda2-4412-b5f9-41c7245bd199/none_v3" 404 70 "GET http://172.18.0.204:8080/v1/AUTH_ef85e77878ca49cebc5107d5dc4c09a8/gnocchi.f6d0da45-cda2-4412-b5f9-41c7245bd199/none_v3" "tx4985406e97f2421d90345-006a2bc928" "proxy-server 20" 0.0002 "-" 24 0
Jun 12 08:54:00 np0000071510 container-server[126484]: 172.20.0.103 - - [12/Jun/2026:08:54:00 +0000] "PUT /d1/772/AUTH_ef85e77878ca49cebc5107d5dc4c09a8/gnocchi.849ce80c-32a1-4f25-827a-6f75fc090aca" 201 - "PUT http://172.18.0.204:8080/v1/AUTH_ef85e77878ca49cebc5107d5dc4c09a8/gnocchi.849ce80c-32a1-4f25-827a-6f75fc090aca" "tx5c8c3a978de843f4b2e7a-006a2bc928" "proxy-server 20" 0.0161 "-" 22 0
Jun 12 08:54:00 np0000071510 container-server[126476]: 172.20.0.105 - - [12/Jun/2026:08:54:00 +0000] "PUT /d1/921/AUTH_ef85e77878ca49cebc5107d5dc4c09a8/gnocchi.754dd191-494e-4f29-83e9-e2b524c88032" 201 - "PUT http://172.18.0.204:8080/v1/AUTH_ef85e77878ca49cebc5107d5dc4c09a8/gnocchi.754dd191-494e-4f29-83e9-e2b524c88032" "tx48553f368d8e4346948b7-006a2bc928" "proxy-server 12" 0.0174 "-" 21 0
Jun 12 08:54:00 np0000071510 account-server[126148]: 172.20.0.105 - - [12/Jun/2026:08:54:00 +0000] "PUT /d1/19/AUTH_ef85e77878ca49cebc5107d5dc4c09a8/gnocchi.754dd191-494e-4f29-83e9-e2b524c88032" 201 - "PUT http://172.20.0.105:6001/d1/921/AUTH_ef85e77878ca49cebc5107d5dc4c09a8/gnocchi.754dd191-494e-4f29-83e9-e2b524c88032" "tx48553f368d8e4346948b7-006a2bc928" "container-server 23" 0.0080 "-" 14 0
Jun 12 08:54:00 np0000071510 container-server[126470]: 172.20.0.104 - - [12/Jun/2026:08:54:00 +0000] "PUT /d1/968/AUTH_ef85e77878ca49cebc5107d5dc4c09a8/gnocchi.f6d0da45-cda2-4412-b5f9-41c7245bd199" 201 - "PUT http://172.18.0.204:8080/v1/AUTH_ef85e77878ca49cebc5107d5dc4c09a8/gnocchi.f6d0da45-cda2-4412-b5f9-41c7245bd199" "tx11dc1b499bc140b9a6d3c-006a2bc928" "proxy-server 20" 0.0236 "-" 20 0
Jun 12 08:54:00 np0000071510 account-server[126172]: 172.20.0.104 - - [12/Jun/2026:08:54:00 +0000] "PUT /d1/19/AUTH_ef85e77878ca49cebc5107d5dc4c09a8/gnocchi.849ce80c-32a1-4f25-827a-6f75fc090aca" 201 - "PUT http://172.20.0.104:6001/d1/772/AUTH_ef85e77878ca49cebc5107d5dc4c09a8/gnocchi.849ce80c-32a1-4f25-827a-6f75fc090aca" "tx5c8c3a978de843f4b2e7a-006a2bc928" "container-server 20" 0.0075 "-" 16 0
Jun 12 08:54:00 np0000071510 proxy-server[128112]: 172.18.0.204 172.18.0.104 12/Jun/2026/08/54/00 PUT /v1/AUTH_ef85e77878ca49cebc5107d5dc4c09a8/gnocchi.849ce80c-32a1-4f25-827a-6f75fc090aca HTTP/1.0 201 - python-swiftclient-3.11.1 gAAAAABqK8jqdbsa... - - - tx5c8c3a978de843f4b2e7a-006a2bc928 - 0.0579 - - 1781254440.529887199 1781254440.587782860 0
Jun 12 08:54:00 np0000071510 account-server[126172]: 172.20.0.104 - - [12/Jun/2026:08:54:00 +0000] "PUT /d1/19/AUTH_ef85e77878ca49cebc5107d5dc4c09a8/gnocchi.f6d0da45-cda2-4412-b5f9-41c7245bd199" 201 - "PUT http://172.20.0.104:6001/d1/968/AUTH_ef85e77878ca49cebc5107d5dc4c09a8/gnocchi.f6d0da45-cda2-4412-b5f9-41c7245bd199" "tx11dc1b499bc140b9a6d3c-006a2bc928" "container-server 20" 0.0057 "-" 16 0
Jun 12 08:54:00 np0000071510 container-server[126484]: 172.20.0.105 - - [12/Jun/2026:08:54:00 +0000] "HEAD /d1/921/AUTH_ef85e77878ca49cebc5107d5dc4c09a8/gnocchi.754dd191-494e-4f29-83e9-e2b524c88032" 204 - "HEAD http://172.18.0.204:8080/v1/AUTH_ef85e77878ca49cebc5107d5dc4c09a8/gnocchi.754dd191-494e-4f29-83e9-e2b524c88032?format=json&states=listing" "txa6d32040790e44d3997b4-006a2bc928" "proxy-server 12" 0.0023 "-" 22 0
Jun 12 08:54:00 np0000071510 proxy-server[128112]: - - 12/Jun/2026/08/54/00 HEAD /v1/AUTH_ef85e77878ca49cebc5107d5dc4c09a8/gnocchi.849ce80c-32a1-4f25-827a-6f75fc090aca%3Fformat%3Djson%26states%3Dlisting HTTP/1.0 204 - Swift - - - - tx224079816f3b4153b94c1-006a2bc928 - 0.0076 RL - 1781254440.595493555 1781254440.603082657 0
Jun 12 08:54:00 np0000071510 container-server[126496]: 172.20.0.104 - - [12/Jun/2026:08:54:00 +0000] "GET /d1/968/AUTH_ef85e77878ca49cebc5107d5dc4c09a8/gnocchi.f6d0da45-cda2-4412-b5f9-41c7245bd199" 200 2 "GET http://172.18.0.204:8080/v1/AUTH_ef85e77878ca49cebc5107d5dc4c09a8/gnocchi.f6d0da45-cda2-4412-b5f9-41c7245bd199?format=json&states=listing" "txb3d90bfe185c4d5eb093d-006a2bc928" "proxy-server 20" 0.0027 "-" 23 0
Jun 12 08:54:00 np0000071510 proxy-server[128112]: 172.18.0.204 172.18.0.104 12/Jun/2026/08/54/00 GET /v1/AUTH_ef85e77878ca49cebc5107d5dc4c09a8/gnocchi.849ce80c-32a1-4f25-827a-6f75fc090aca%3Fformat%3Djson%26states%3Dlisting HTTP/1.0 200 - python-swiftclient-3.11.1 gAAAAABqK8jqdbsa... - 2 - tx224079816f3b4153b94c1-006a2bc928 - 0.0214 - - 1781254440.593548059 1781254440.614972353 0
Jun 12 08:54:00 np0000071510 object-server[126840]: 172.20.0.105 - - [12/Jun/2026:08:54:00 +0000] "GET /d1/495/AUTH_ef85e77878ca49cebc5107d5dc4c09a8/gnocchi.754dd191-494e-4f29-83e9-e2b524c88032/1780920000.0_mean_300.0_v3" 404 70 "GET http://172.18.0.204:8080/v1/AUTH_ef85e77878ca49cebc5107d5dc4c09a8/gnocchi.754dd191-494e-4f29-83e9-e2b524c88032/1780920000.0_mean_300.0_v3" "tx56c378f681ec487f9337f-006a2bc928" "proxy-server 12" 0.0005 "-" 22 0
Jun 12 08:54:00 np0000071510 object-server[126852]: 172.20.0.104 - - [12/Jun/2026:08:54:00 +0000] "GET /d1/335/AUTH_ef85e77878ca49cebc5107d5dc4c09a8/gnocchi.f6d0da45-cda2-4412-b5f9-41c7245bd199/1780920000.0_mean_300.0_v3" 404 70 "GET http://172.18.0.204:8080/v1/AUTH_ef85e77878ca49cebc5107d5dc4c09a8/gnocchi.f6d0da45-cda2-4412-b5f9-41c7245bd199/1780920000.0_mean_300.0_v3" "tx5059e3549ca342048de26-006a2bc928" "proxy-server 20" 0.0004 "-" 24 0
Jun 12 08:54:00 np0000071510 object-server[126840]: 172.20.0.103 - - [12/Jun/2026:08:54:00 +0000] "GET /d1/852/AUTH_ef85e77878ca49cebc5107d5dc4c09a8/gnocchi.849ce80c-32a1-4f25-827a-6f75fc090aca/1780920000.0_mean_300.0_v3" 404 70 "GET http://172.18.0.204:8080/v1/AUTH_ef85e77878ca49cebc5107d5dc4c09a8/gnocchi.849ce80c-32a1-4f25-827a-6f75fc090aca/1780920000.0_mean_300.0_v3" "txdf205bf200704c93be43a-006a2bc928" "proxy-server 20" 0.0003 "-" 22 0
Jun 12 08:54:00 np0000071510 proxy-server[128112]: 172.18.0.204 172.18.0.104 12/Jun/2026/08/54/00 GET /v1/AUTH_ef85e77878ca49cebc5107d5dc4c09a8/gnocchi.849ce80c-32a1-4f25-827a-6f75fc090aca/1780920000.0_mean_300.0_v3 HTTP/1.0 404 - python-swiftclient-3.11.1 gAAAAABqK8jqdbsa... - 70 - txdf205bf200704c93be43a-006a2bc928 - 0.0125 - - 1781254440.621048212 1781254440.633581877 0
Jun 12 08:54:00 np0000071510 container-server[126476]: 172.20.0.104 - - [12/Jun/2026:08:54:00 +0000] "PUT /d1/921/AUTH_ef85e77878ca49cebc5107d5dc4c09a8/gnocchi.754dd191-494e-4f29-83e9-e2b524c88032/1780920000.0_mean_300.0_v3" 201 - "PUT http://172.18.0.204:8080/d1/495/AUTH_ef85e77878ca49cebc5107d5dc4c09a8/gnocchi.754dd191-494e-4f29-83e9-e2b524c88032/1780920000.0_mean_300.0_v3" "txa6cbc80970c5476ca2431-006a2bc928" "object-server 24" 0.0010 "-" 21 0
Jun 12 08:54:00 np0000071510 object-server[126864]: 172.20.0.105 - - [12/Jun/2026:08:54:00 +0000] "PUT /d1/495/AUTH_ef85e77878ca49cebc5107d5dc4c09a8/gnocchi.754dd191-494e-4f29-83e9-e2b524c88032/1780920000.0_mean_300.0_v3" 201 - "PUT http://172.18.0.204:8080/v1/AUTH_ef85e77878ca49cebc5107d5dc4c09a8/gnocchi.754dd191-494e-4f29-83e9-e2b524c88032/1780920000.0_mean_300.0_v3" "txa6cbc80970c5476ca2431-006a2bc928" "proxy-server 12" 0.0127 "-" 25 0
Jun 12 08:54:00 np0000071510 object-server[126852]: 172.20.0.103 - - [12/Jun/2026:08:54:00 +0000] "PUT /d1/852/AUTH_ef85e77878ca49cebc5107d5dc4c09a8/gnocchi.849ce80c-32a1-4f25-827a-6f75fc090aca/1780920000.0_mean_300.0_v3" 201 - "PUT http://172.18.0.204:8080/v1/AUTH_ef85e77878ca49cebc5107d5dc4c09a8/gnocchi.849ce80c-32a1-4f25-827a-6f75fc090aca/1780920000.0_mean_300.0_v3" "tx6049f0940e9f4d0bad0ee-006a2bc928" "proxy-server 20" 0.0106 "-" 24 0
Jun 12 08:54:00 np0000071510 container-server[126496]: 172.20.0.105 - - [12/Jun/2026:08:54:00 +0000] "PUT /d1/772/AUTH_ef85e77878ca49cebc5107d5dc4c09a8/gnocchi.849ce80c-32a1-4f25-827a-6f75fc090aca/1780920000.0_mean_300.0_v3" 201 - "PUT http://172.18.0.204:8080/d1/852/AUTH_ef85e77878ca49cebc5107d5dc4c09a8/gnocchi.849ce80c-32a1-4f25-827a-6f75fc090aca/1780920000.0_mean_300.0_v3" "tx6049f0940e9f4d0bad0ee-006a2bc928" "object-server 22" 0.0008 "-" 23 0
Jun 12 08:54:00 np0000071510 container-server[126470]: 172.20.0.105 - - [12/Jun/2026:08:54:00 +0000] "PUT /d1/968/AUTH_ef85e77878ca49cebc5107d5dc4c09a8/gnocchi.f6d0da45-cda2-4412-b5f9-41c7245bd199/1780920000.0_mean_300.0_v3" 201 - "PUT http://172.18.0.204:8080/d1/335/AUTH_ef85e77878ca49cebc5107d5dc4c09a8/gnocchi.f6d0da45-cda2-4412-b5f9-41c7245bd199/1780920000.0_mean_300.0_v3" "tx318e86c4350446b39b002-006a2bc928" "object-server 23" 0.0009 "-" 20 0
Jun 12 08:54:00 np0000071510 object-server[126840]: 172.20.0.104 - - [12/Jun/2026:08:54:00 +0000] "PUT /d1/335/AUTH_ef85e77878ca49cebc5107d5dc4c09a8/gnocchi.f6d0da45-cda2-4412-b5f9-41c7245bd199/1780920000.0_mean_300.0_v3" 201 - "PUT http://172.18.0.204:8080/v1/AUTH_ef85e77878ca49cebc5107d5dc4c09a8/gnocchi.f6d0da45-cda2-4412-b5f9-41c7245bd199/1780920000.0_mean_300.0_v3" "tx318e86c4350446b39b002-006a2bc928" "proxy-server 20" 0.0133 "-" 22 0
Jun 12 08:54:00 np0000071510 proxy-server[128112]: 172.18.0.204 172.18.0.104 12/Jun/2026/08/54/00 PUT /v1/AUTH_ef85e77878ca49cebc5107d5dc4c09a8/gnocchi.849ce80c-32a1-4f25-827a-6f75fc090aca/1780920000.0_mean_300.0_v3 HTTP/1.0 201 - python-swiftclient-3.11.1 gAAAAABqK8jqdbsa... 16 - - tx6049f0940e9f4d0bad0ee-006a2bc928 - 0.0216 - - 1781254440.638057709 1781254440.659627914 0
Jun 12 08:54:00 np0000071510 container-server[126470]: 172.20.0.104 - - [12/Jun/2026:08:54:00 +0000] "PUT /d1/921/AUTH_ef85e77878ca49cebc5107d5dc4c09a8/gnocchi.754dd191-494e-4f29-83e9-e2b524c88032/none_v3" 201 - "PUT http://172.18.0.204:8080/d1/185/AUTH_ef85e77878ca49cebc5107d5dc4c09a8/gnocchi.754dd191-494e-4f29-83e9-e2b524c88032/none_v3" "tx7b6b88950da54e67981c3-006a2bc928" "object-server 23" 0.0007 "-" 20 0
Jun 12 08:54:00 np0000071510 object-server[126840]: 172.20.0.105 - - [12/Jun/2026:08:54:00 +0000] "PUT /d1/185/AUTH_ef85e77878ca49cebc5107d5dc4c09a8/gnocchi.754dd191-494e-4f29-83e9-e2b524c88032/none_v3" 201 - "PUT http://172.18.0.204:8080/v1/AUTH_ef85e77878ca49cebc5107d5dc4c09a8/gnocchi.754dd191-494e-4f29-83e9-e2b524c88032/none_v3" "tx7b6b88950da54e67981c3-006a2bc928" "proxy-server 12" 0.0116 "-" 22 0
Jun 12 08:54:00 np0000071510 object-server[126864]: 172.20.0.104 - - [12/Jun/2026:08:54:00 +0000] "PUT /d1/620/AUTH_ef85e77878ca49cebc5107d5dc4c09a8/gnocchi.f6d0da45-cda2-4412-b5f9-41c7245bd199/none_v3" 201 - "PUT http://172.18.0.204:8080/v1/AUTH_ef85e77878ca49cebc5107d5dc4c09a8/gnocchi.f6d0da45-cda2-4412-b5f9-41c7245bd199/none_v3" "tx69cd994b94be4e30b4bed-006a2bc928" "proxy-server 20" 0.0105 "-" 25 0
Jun 12 08:54:00 np0000071510 object-server[126842]: 172.20.0.103 - - [12/Jun/2026:08:54:00 +0000] "PUT /d1/641/AUTH_ef85e77878ca49cebc5107d5dc4c09a8/gnocchi.849ce80c-32a1-4f25-827a-6f75fc090aca/none_v3" 201 - "PUT http://172.18.0.204:8080/v1/AUTH_ef85e77878ca49cebc5107d5dc4c09a8/gnocchi.849ce80c-32a1-4f25-827a-6f75fc090aca/none_v3" "tx6d16522dfc8a4d52af193-006a2bc928" "proxy-server 20" 0.0152 "-" 23 0
Jun 12 08:54:00 np0000071510 container-server[126484]: 172.20.0.104 - - [12/Jun/2026:08:54:00 +0000] "PUT /d1/772/AUTH_ef85e77878ca49cebc5107d5dc4c09a8/gnocchi.849ce80c-32a1-4f25-827a-6f75fc090aca/none_v3" 201 - "PUT http://172.18.0.204:8080/d1/641/AUTH_ef85e77878ca49cebc5107d5dc4c09a8/gnocchi.849ce80c-32a1-4f25-827a-6f75fc090aca/none_v3" "tx6d16522dfc8a4d52af193-006a2bc928" "object-server 24" 0.0012 "-" 22 0
Jun 12 08:54:00 np0000071510 container-server[126484]: 172.20.0.105 - - [12/Jun/2026:08:54:00 +0000] "PUT /d1/968/AUTH_ef85e77878ca49cebc5107d5dc4c09a8/gnocchi.f6d0da45-cda2-4412-b5f9-41c7245bd199/none_v3" 201 - "PUT http://172.18.0.204:8080/d1/620/AUTH_ef85e77878ca49cebc5107d5dc4c09a8/gnocchi.f6d0da45-cda2-4412-b5f9-41c7245bd199/none_v3" "tx69cd994b94be4e30b4bed-006a2bc928" "object-server 24" 0.0006 "-" 22 0
Jun 12 08:54:00 np0000071510 proxy-server[128112]: 172.18.0.204 172.18.0.104 12/Jun/2026/08/54/00 PUT /v1/AUTH_ef85e77878ca49cebc5107d5dc4c09a8/gnocchi.849ce80c-32a1-4f25-827a-6f75fc090aca/none_v3 HTTP/1.0 201 - python-swiftclient-3.11.1 gAAAAABqK8jqdbsa... 22 - - tx6d16522dfc8a4d52af193-006a2bc928 - 0.0282 - - 1781254440.663512230 1781254440.691754580 0
Jun 12 08:54:00 np0000071510 container-server[126470]: 172.20.0.105 - - [12/Jun/2026:08:54:00 +0000] "HEAD /d1/127/AUTH_ef85e77878ca49cebc5107d5dc4c09a8/gnocchi.44057a46-8df6-4ba2-8e3c-ac9f65e489f7" 404 - "HEAD http://172.18.0.204:8080/v1/AUTH_ef85e77878ca49cebc5107d5dc4c09a8/gnocchi.44057a46-8df6-4ba2-8e3c-ac9f65e489f7?format=json&states=listing" "txdd29dd52b9b146f78914c-006a2bc928" "proxy-server 12" 0.0008 "-" 20 0
Jun 12 08:54:00 np0000071510 container-server[126470]: 172.20.0.103 - - [12/Jun/2026:08:54:00 +0000] "HEAD /d1/261/AUTH_ef85e77878ca49cebc5107d5dc4c09a8/gnocchi.52daf89e-f3d1-4104-a4ab-5fae6f0bf6e0" 404 - "HEAD http://172.18.0.204:8080/v1/AUTH_ef85e77878ca49cebc5107d5dc4c09a8/gnocchi.52daf89e-f3d1-4104-a4ab-5fae6f0bf6e0?format=json&states=listing" "txc7fb0e6087574001982da-006a2bc928" "proxy-server 20" 0.0004 "-" 20 0
Jun 12 08:54:00 np0000071510 object-server[126842]: 172.20.0.105 - - [12/Jun/2026:08:54:00 +0000] "GET /d1/363/AUTH_ef85e77878ca49cebc5107d5dc4c09a8/gnocchi.44057a46-8df6-4ba2-8e3c-ac9f65e489f7/none_v3" 404 70 "GET http://172.18.0.204:8080/v1/AUTH_ef85e77878ca49cebc5107d5dc4c09a8/gnocchi.44057a46-8df6-4ba2-8e3c-ac9f65e489f7/none_v3" "txdd29dd52b9b146f78914c-006a2bc928" "proxy-server 12" 0.0006 "-" 23 0
Jun 12 08:54:00 np0000071510 container-server[126484]: 172.20.0.104 - - [12/Jun/2026:08:54:00 +0000] "HEAD /d1/621/AUTH_ef85e77878ca49cebc5107d5dc4c09a8/gnocchi.6c7a94a2-12de-4408-9130-d6b695ea3440" 404 - "HEAD http://172.18.0.204:8080/v1/AUTH_ef85e77878ca49cebc5107d5dc4c09a8/gnocchi.6c7a94a2-12de-4408-9130-d6b695ea3440?format=json&states=listing" "tx5940ad36f98e4012abbde-006a2bc928" "proxy-server 20" 0.0008 "-" 22 0
Jun 12 08:54:00 np0000071510 object-server[126864]: 172.20.0.103 - - [12/Jun/2026:08:54:00 +0000] "GET /d1/591/AUTH_ef85e77878ca49cebc5107d5dc4c09a8/gnocchi.52daf89e-f3d1-4104-a4ab-5fae6f0bf6e0/none_v3" 404 70 "GET http://172.18.0.204:8080/v1/AUTH_ef85e77878ca49cebc5107d5dc4c09a8/gnocchi.52daf89e-f3d1-4104-a4ab-5fae6f0bf6e0/none_v3" "txc7fb0e6087574001982da-006a2bc928" "proxy-server 20" 0.0006 "-" 25 0
Jun 12 08:54:00 np0000071510 proxy-server[128112]: 172.18.0.103 172.18.0.104 12/Jun/2026/08/54/00 GET /v1/AUTH_ef85e77878ca49cebc5107d5dc4c09a8/gnocchi.52daf89e-f3d1-4104-a4ab-5fae6f0bf6e0/none_v3 HTTP/1.0 404 - python-swiftclient-3.11.1 gAAAAABqK8j1-Tkw... - 70 - txc7fb0e6087574001982da-006a2bc928 - 0.0219 - - 1781254440.705767155 1781254440.727648258 0
Jun 12 08:54:00 np0000071510 account-server[126148]: 172.20.0.103 - - [12/Jun/2026:08:54:00 +0000] "PUT /d1/19/AUTH_ef85e77878ca49cebc5107d5dc4c09a8/gnocchi.44057a46-8df6-4ba2-8e3c-ac9f65e489f7" 201 - "PUT http://172.20.0.103:6001/d1/127/AUTH_ef85e77878ca49cebc5107d5dc4c09a8/gnocchi.44057a46-8df6-4ba2-8e3c-ac9f65e489f7" "tx2026db86740148ab970d0-006a2bc928" "container-server 21" 0.0057 "-" 14 0
Jun 12 08:54:00 np0000071510 container-server[126476]: 172.20.0.105 - - [12/Jun/2026:08:54:00 +0000] "PUT /d1/127/AUTH_ef85e77878ca49cebc5107d5dc4c09a8/gnocchi.44057a46-8df6-4ba2-8e3c-ac9f65e489f7" 201 - "PUT http://172.18.0.204:8080/v1/AUTH_ef85e77878ca49cebc5107d5dc4c09a8/gnocchi.44057a46-8df6-4ba2-8e3c-ac9f65e489f7" "tx2026db86740148ab970d0-006a2bc928" "proxy-server 12" 0.0170 "-" 21 0
Jun 12 08:54:00 np0000071510 object-server[126864]: 172.20.0.104 - - [12/Jun/2026:08:54:00 +0000] "GET /d1/1007/AUTH_ef85e77878ca49cebc5107d5dc4c09a8/gnocchi.6c7a94a2-12de-4408-9130-d6b695ea3440/none_v3" 404 70 "GET http://172.18.0.204:8080/v1/AUTH_ef85e77878ca49cebc5107d5dc4c09a8/gnocchi.6c7a94a2-12de-4408-9130-d6b695ea3440/none_v3" "tx5940ad36f98e4012abbde-006a2bc928" "proxy-server 20" 0.0006 "-" 25 0
Jun 12 08:54:00 np0000071510 account-server[126159]: 172.20.0.103 - - [12/Jun/2026:08:54:00 +0000] "PUT /d1/19/AUTH_ef85e77878ca49cebc5107d5dc4c09a8/gnocchi.52daf89e-f3d1-4104-a4ab-5fae6f0bf6e0" 201 - "PUT http://172.20.0.103:6001/d1/261/AUTH_ef85e77878ca49cebc5107d5dc4c09a8/gnocchi.52daf89e-f3d1-4104-a4ab-5fae6f0bf6e0" "tx496193bab27948578a7c3-006a2bc928" "container-server 22" 0.0067 "-" 15 0
Jun 12 08:54:00 np0000071510 container-server[126484]: 172.20.0.103 - - [12/Jun/2026:08:54:00 +0000] "PUT /d1/261/AUTH_ef85e77878ca49cebc5107d5dc4c09a8/gnocchi.52daf89e-f3d1-4104-a4ab-5fae6f0bf6e0" 201 - "PUT http://172.18.0.204:8080/v1/AUTH_ef85e77878ca49cebc5107d5dc4c09a8/gnocchi.52daf89e-f3d1-4104-a4ab-5fae6f0bf6e0" "tx496193bab27948578a7c3-006a2bc928" "proxy-server 20" 0.0215 "-" 22 0
Jun 12 08:54:00 np0000071510 proxy-server[128112]: 172.18.0.103 172.18.0.104 12/Jun/2026/08/54/00 PUT /v1/AUTH_ef85e77878ca49cebc5107d5dc4c09a8/gnocchi.52daf89e-f3d1-4104-a4ab-5fae6f0bf6e0 HTTP/1.0 201 - python-swiftclient-3.11.1 gAAAAABqK8j1-Tkw... - - - tx496193bab27948578a7c3-006a2bc928 - 0.0277 - - 1781254440.730258226 1781254440.757982016 0
Jun 12 08:54:00 np0000071510 container-server[126484]: 172.20.0.104 - - [12/Jun/2026:08:54:00 +0000] "GET /d1/261/AUTH_ef85e77878ca49cebc5107d5dc4c09a8/gnocchi.52daf89e-f3d1-4104-a4ab-5fae6f0bf6e0" 200 2 "GET http://172.18.0.204:8080/v1/AUTH_ef85e77878ca49cebc5107d5dc4c09a8/gnocchi.52daf89e-f3d1-4104-a4ab-5fae6f0bf6e0?format=json&states=listing" "tx5ac12c37653c47c4be735-006a2bc928" "proxy-server 20" 0.0038 "-" 22 0
Jun 12 08:54:00 np0000071510 container-server[126496]: 172.20.0.103 - - [12/Jun/2026:08:54:00 +0000] "PUT /d1/621/AUTH_ef85e77878ca49cebc5107d5dc4c09a8/gnocchi.6c7a94a2-12de-4408-9130-d6b695ea3440" 201 - "PUT http://172.18.0.204:8080/v1/AUTH_ef85e77878ca49cebc5107d5dc4c09a8/gnocchi.6c7a94a2-12de-4408-9130-d6b695ea3440" "txd4f6b9fcf50a4f979a67f-006a2bc928" "proxy-server 20" 0.0173 "-" 23 0
Jun 12 08:54:00 np0000071510 account-server[126159]: 172.20.0.104 - - [12/Jun/2026:08:54:00 +0000] "PUT /d1/19/AUTH_ef85e77878ca49cebc5107d5dc4c09a8/gnocchi.6c7a94a2-12de-4408-9130-d6b695ea3440" 201 - "PUT http://172.20.0.104:6001/d1/621/AUTH_ef85e77878ca49cebc5107d5dc4c09a8/gnocchi.6c7a94a2-12de-4408-9130-d6b695ea3440" "txd4f6b9fcf50a4f979a67f-006a2bc928" "container-server 20" 0.0062 "-" 15 0
Jun 12 08:54:00 np0000071510 object-server[126840]: 172.20.0.105 - - [12/Jun/2026:08:54:00 +0000] "GET /d1/305/AUTH_ef85e77878ca49cebc5107d5dc4c09a8/gnocchi.44057a46-8df6-4ba2-8e3c-ac9f65e489f7/1780920000.0_mean_300.0_v3" 404 70 "GET http://172.18.0.204:8080/v1/AUTH_ef85e77878ca49cebc5107d5dc4c09a8/gnocchi.44057a46-8df6-4ba2-8e3c-ac9f65e489f7/1780920000.0_mean_300.0_v3" "txb24b9a54ac524b83b22c1-006a2bc928" "proxy-server 12" 0.0008 "-" 22 0
Jun 12 08:54:00 np0000071510 proxy-server[128112]: 172.18.0.204 172.18.0.104 12/Jun/2026/08/54/00 PUT /v1/AUTH_ef85e77878ca49cebc5107d5dc4c09a8/gnocchi.6c7a94a2-12de-4408-9130-d6b695ea3440 HTTP/1.0 201 - python-swiftclient-3.11.1 gAAAAABqK8jqdbsa... - - - txd4f6b9fcf50a4f979a67f-006a2bc928 - 0.0317 - - 1781254440.761339188 1781254440.793076038 0
Jun 12 08:54:00 np0000071510 object-server[126842]: 172.20.0.104 - - [12/Jun/2026:08:54:00 +0000] "GET /d1/367/AUTH_ef85e77878ca49cebc5107d5dc4c09a8/gnocchi.52daf89e-f3d1-4104-a4ab-5fae6f0bf6e0/1780920000.0_mean_300.0_v3" 404 70 "GET http://172.18.0.204:8080/v1/AUTH_ef85e77878ca49cebc5107d5dc4c09a8/gnocchi.52daf89e-f3d1-4104-a4ab-5fae6f0bf6e0/1780920000.0_mean_300.0_v3" "tx60cb5458f3134ef288478-006a2bc928" "proxy-server 20" 0.0008 "-" 23 0
Jun 12 08:54:00 np0000071510 proxy-server[128112]: - - 12/Jun/2026/08/54/00 HEAD /v1/AUTH_ef85e77878ca49cebc5107d5dc4c09a8/gnocchi.6c7a94a2-12de-4408-9130-d6b695ea3440%3Fformat%3Djson%26states%3Dlisting HTTP/1.0 204 - Swift - - - - tx1811435c757b4078aa938-006a2bc928 - 0.0111 RL - 1781254440.804746866 1781254440.815812588 0
Jun 12 08:54:00 np0000071510 object-server[126864]: 172.20.0.104 - - [12/Jun/2026:08:54:00 +0000] "PUT /d1/367/AUTH_ef85e77878ca49cebc5107d5dc4c09a8/gnocchi.52daf89e-f3d1-4104-a4ab-5fae6f0bf6e0/1780920000.0_mean_300.0_v3" 201 - "PUT http://172.18.0.204:8080/v1/AUTH_ef85e77878ca49cebc5107d5dc4c09a8/gnocchi.52daf89e-f3d1-4104-a4ab-5fae6f0bf6e0/1780920000.0_mean_300.0_v3" "tx0e0b3025044045769211b-006a2bc928" "proxy-server 20" 0.0106 "-" 25 0
Jun 12 08:54:00 np0000071510 container-server[126496]: 172.20.0.103 - - [12/Jun/2026:08:54:00 +0000] "GET /d1/621/AUTH_ef85e77878ca49cebc5107d5dc4c09a8/gnocchi.6c7a94a2-12de-4408-9130-d6b695ea3440" 200 2 "GET http://172.18.0.204:8080/v1/AUTH_ef85e77878ca49cebc5107d5dc4c09a8/gnocchi.6c7a94a2-12de-4408-9130-d6b695ea3440?format=json&states=listing" "tx1811435c757b4078aa938-006a2bc928" "proxy-server 20" 0.0022 "-" 23 0
Jun 12 08:54:00 np0000071510 container-server[126476]: 172.20.0.105 - - [12/Jun/2026:08:54:00 +0000] "PUT /d1/261/AUTH_ef85e77878ca49cebc5107d5dc4c09a8/gnocchi.52daf89e-f3d1-4104-a4ab-5fae6f0bf6e0/1780920000.0_mean_300.0_v3" 201 - "PUT http://172.18.0.204:8080/d1/367/AUTH_ef85e77878ca49cebc5107d5dc4c09a8/gnocchi.52daf89e-f3d1-4104-a4ab-5fae6f0bf6e0/1780920000.0_mean_300.0_v3" "tx0e0b3025044045769211b-006a2bc928" "object-server 25" 0.0013 "-" 21 0
Jun 12 08:54:00 np0000071510 proxy-server[128112]: 172.18.0.204 172.18.0.104 12/Jun/2026/08/54/00 GET /v1/AUTH_ef85e77878ca49cebc5107d5dc4c09a8/gnocchi.6c7a94a2-12de-4408-9130-d6b695ea3440%3Fformat%3Djson%26states%3Dlisting HTTP/1.0 200 - python-swiftclient-3.11.1 gAAAAABqK8jqdbsa... - 2 - tx1811435c757b4078aa938-006a2bc928 - 0.0271 - - 1781254440.802032471 1781254440.829099178 0
Jun 12 08:54:00 np0000071510 container-server[126484]: 172.20.0.104 - - [12/Jun/2026:08:54:00 +0000] "PUT /d1/127/AUTH_ef85e77878ca49cebc5107d5dc4c09a8/gnocchi.44057a46-8df6-4ba2-8e3c-ac9f65e489f7/1780920000.0_mean_300.0_v3" 201 - "PUT http://172.18.0.204:8080/d1/305/AUTH_ef85e77878ca49cebc5107d5dc4c09a8/gnocchi.44057a46-8df6-4ba2-8e3c-ac9f65e489f7/1780920000.0_mean_300.0_v3" "txf4f2e70ecd5c4b068602d-006a2bc928" "object-server 24" 0.0011 "-" 22 0
Jun 12 08:54:00 np0000071510 object-server[126840]: 172.20.0.105 - - [12/Jun/2026:08:54:00 +0000] "PUT /d1/305/AUTH_ef85e77878ca49cebc5107d5dc4c09a8/gnocchi.44057a46-8df6-4ba2-8e3c-ac9f65e489f7/1780920000.0_mean_300.0_v3" 201 - "PUT http://172.18.0.204:8080/v1/AUTH_ef85e77878ca49cebc5107d5dc4c09a8/gnocchi.44057a46-8df6-4ba2-8e3c-ac9f65e489f7/1780920000.0_mean_300.0_v3" "txf4f2e70ecd5c4b068602d-006a2bc928" "proxy-server 12" 0.0128 "-" 22 0
Jun 12 08:54:00 np0000071510 object-server[126842]: 172.20.0.103 - - [12/Jun/2026:08:54:00 +0000] "GET /d1/11/AUTH_ef85e77878ca49cebc5107d5dc4c09a8/gnocchi.6c7a94a2-12de-4408-9130-d6b695ea3440/1780920000.0_mean_300.0_v3" 404 70 "GET http://172.18.0.204:8080/v1/AUTH_ef85e77878ca49cebc5107d5dc4c09a8/gnocchi.6c7a94a2-12de-4408-9130-d6b695ea3440/1780920000.0_mean_300.0_v3" "tx1ea8535378e64e1196bfd-006a2bc928" "proxy-server 20" 0.0005 "-" 23 0
Jun 12 08:54:00 np0000071510 container-server[126484]: 172.20.0.104 - - [12/Jun/2026:08:54:00 +0000] "PUT /d1/261/AUTH_ef85e77878ca49cebc5107d5dc4c09a8/gnocchi.52daf89e-f3d1-4104-a4ab-5fae6f0bf6e0/none_v3" 201 - "PUT http://172.18.0.204:8080/d1/591/AUTH_ef85e77878ca49cebc5107d5dc4c09a8/gnocchi.52daf89e-f3d1-4104-a4ab-5fae6f0bf6e0/none_v3" "txbbcc4ea4433643f18e39d-006a2bc928" "object-server 22" 0.0013 "-" 22 0
Jun 12 08:54:00 np0000071510 proxy-server[128112]: 172.18.0.204 172.18.0.104 12/Jun/2026/08/54/00 GET /v1/AUTH_ef85e77878ca49cebc5107d5dc4c09a8/gnocchi.6c7a94a2-12de-4408-9130-d6b695ea3440/1780920000.0_mean_300.0_v3 HTTP/1.0 404 - python-swiftclient-3.11.1 gAAAAABqK8jqdbsa... - 70 - tx1ea8535378e64e1196bfd-006a2bc928 - 0.0178 - - 1781254440.835241318 1781254440.853041649 0
Jun 12 08:54:00 np0000071510 object-server[126852]: 172.20.0.104 - - [12/Jun/2026:08:54:00 +0000] "PUT /d1/591/AUTH_ef85e77878ca49cebc5107d5dc4c09a8/gnocchi.52daf89e-f3d1-4104-a4ab-5fae6f0bf6e0/none_v3" 201 - "PUT http://172.18.0.204:8080/v1/AUTH_ef85e77878ca49cebc5107d5dc4c09a8/gnocchi.52daf89e-f3d1-4104-a4ab-5fae6f0bf6e0/none_v3" "txbbcc4ea4433643f18e39d-006a2bc928" "proxy-server 20" 0.0142 "-" 24 0
Jun 12 08:54:00 np0000071510 container-server[126476]: 172.20.0.105 - - [12/Jun/2026:08:54:00 +0000] "PUT /d1/127/AUTH_ef85e77878ca49cebc5107d5dc4c09a8/gnocchi.44057a46-8df6-4ba2-8e3c-ac9f65e489f7/none_v3" 201 - "PUT http://172.18.0.204:8080/d1/363/AUTH_ef85e77878ca49cebc5107d5dc4c09a8/gnocchi.44057a46-8df6-4ba2-8e3c-ac9f65e489f7/none_v3" "tx0392afe28a63465191bdb-006a2bc928" "object-server 22" 0.0009 "-" 21 0
Jun 12 08:54:00 np0000071510 object-server[126842]: 172.20.0.105 - - [12/Jun/2026:08:54:00 +0000] "PUT /d1/363/AUTH_ef85e77878ca49cebc5107d5dc4c09a8/gnocchi.44057a46-8df6-4ba2-8e3c-ac9f65e489f7/none_v3" 201 - "PUT http://172.18.0.204:8080/v1/AUTH_ef85e77878ca49cebc5107d5dc4c09a8/gnocchi.44057a46-8df6-4ba2-8e3c-ac9f65e489f7/none_v3" "tx0392afe28a63465191bdb-006a2bc928" "proxy-server 12" 0.0138 "-" 23 0
Jun 12 08:54:00 np0000071510 container-server[126476]: 172.20.0.104 - - [12/Jun/2026:08:54:00 +0000] "PUT /d1/621/AUTH_ef85e77878ca49cebc5107d5dc4c09a8/gnocchi.6c7a94a2-12de-4408-9130-d6b695ea3440/1780920000.0_mean_300.0_v3" 201 - "PUT http://172.18.0.204:8080/d1/11/AUTH_ef85e77878ca49cebc5107d5dc4c09a8/gnocchi.6c7a94a2-12de-4408-9130-d6b695ea3440/1780920000.0_mean_300.0_v3" "txa42c7853fad34f4aa56e8-006a2bc928" "object-server 25" 0.0008 "-" 21 0
Jun 12 08:54:00 np0000071510 object-server[126840]: 172.20.0.103 - - [12/Jun/2026:08:54:00 +0000] "PUT /d1/11/AUTH_ef85e77878ca49cebc5107d5dc4c09a8/gnocchi.6c7a94a2-12de-4408-9130-d6b695ea3440/1780920000.0_mean_300.0_v3" 201 - "PUT http://172.18.0.204:8080/v1/AUTH_ef85e77878ca49cebc5107d5dc4c09a8/gnocchi.6c7a94a2-12de-4408-9130-d6b695ea3440/1780920000.0_mean_300.0_v3" "txa42c7853fad34f4aa56e8-006a2bc928" "proxy-server 20" 0.0109 "-" 22 0
Jun 12 08:54:00 np0000071510 container-server[126470]: 172.20.0.104 - - [12/Jun/2026:08:54:00 +0000] "HEAD /d1/567/AUTH_ef85e77878ca49cebc5107d5dc4c09a8/gnocchi.764659f8-6805-4fea-add9-148aa550de2b" 404 - "HEAD http://172.18.0.204:8080/v1/AUTH_ef85e77878ca49cebc5107d5dc4c09a8/gnocchi.764659f8-6805-4fea-add9-148aa550de2b?format=json&states=listing" "txe27751ce59f24052be821-006a2bc928" "proxy-server 20" 0.0004 "-" 20 0
Jun 12 08:54:00 np0000071510 proxy-server[128112]: 172.18.0.204 172.18.0.104 12/Jun/2026/08/54/00 PUT /v1/AUTH_ef85e77878ca49cebc5107d5dc4c09a8/gnocchi.6c7a94a2-12de-4408-9130-d6b695ea3440/1780920000.0_mean_300.0_v3 HTTP/1.0 201 - python-swiftclient-3.11.1 gAAAAABqK8jqdbsa... 16 - - txa42c7853fad34f4aa56e8-006a2bc928 - 0.0214 - - 1781254440.857595921 1781254440.878960371 0
Jun 12 08:54:00 np0000071510 container-server[126470]: 172.20.0.105 - - [12/Jun/2026:08:54:00 +0000] "HEAD /d1/624/AUTH_ef85e77878ca49cebc5107d5dc4c09a8/gnocchi.db76e519-73c2-454a-9531-258c3e3f274c" 404 - "HEAD http://172.18.0.204:8080/v1/AUTH_ef85e77878ca49cebc5107d5dc4c09a8/gnocchi.db76e519-73c2-454a-9531-258c3e3f274c?format=json&states=listing" "tx1e50db6b10e04e3ba279c-006a2bc928" "proxy-server 12" 0.0003 "-" 20 0
