Jun 12 08:48:30 np0000071510 container-server[125900]: diff:0 diff_capped:0 empty:0 hashmatch:0 no_change:0 remote_merge:0 rsync:0 ts_repl:0
Jun 12 08:48:40 np0000071510 account-server[125737]: Beginning replication run
Jun 12 08:48:40 np0000071510 account-server[125737]: Replication run OVER
Jun 12 08:48:40 np0000071510 account-server[125737]: Attempted to replicate 0 dbs in 0.00245 seconds (0.00000/s)
Jun 12 08:48:40 np0000071510 account-server[125737]: Removed 0 dbs
Jun 12 08:48:40 np0000071510 account-server[125737]: 0 successes, 0 failures
Jun 12 08:48:40 np0000071510 account-server[125737]: diff:0 diff_capped:0 empty:0 hashmatch:0 no_change:0 remote_merge:0 rsync:0 ts_repl:0
Jun 12 08:48:40 np0000071510 object-server[126548]: Starting object replication pass.
Jun 12 08:48:40 np0000071510 object-server[126548]: Nothing replicated for 0.004186868667602539 seconds.
Jun 12 08:48:40 np0000071510 object-server[126548]: Object replication complete. (0.00 minutes)
Jun 12 08:48:41 np0000071510 object-server[195720]: Begin object audit "forever" mode (ALL)
Jun 12 08:48:41 np0000071510 object-server[195719]: Begin object audit "forever" mode (ZBF)
Jun 12 08:48:41 np0000071510 object-server[195720]: Object audit (ALL) "forever" mode completed: 0.00s. Total quarantined: 0, Total errors: 0, Total files/sec: 0.00, Total bytes/sec: 0.00, Auditing time: 0.00, Rate: 0.00
Jun 12 08:48:41 np0000071510 object-server[195719]: Object audit (ZBF) "forever" mode completed: 0.00s. Total quarantined: 0, Total errors: 0, Total files/sec: 0.00, Total bytes/sec: 0.00, Auditing time: 0.00, Rate: 0.00
Jun 12 08:49:00 np0000071510 container-server[125900]: Beginning replication run
Jun 12 08:49:00 np0000071510 container-server[125900]: Replication run OVER
Jun 12 08:49:00 np0000071510 container-server[125900]: Attempted to replicate 0 dbs in 0.00252 seconds (0.00000/s)
Jun 12 08:49:00 np0000071510 container-server[125900]: Removed 0 dbs
Jun 12 08:49:00 np0000071510 container-server[125900]: 0 successes, 0 failures
Jun 12 08:49:00 np0000071510 container-server[125900]: diff:0 diff_capped:0 empty:0 hashmatch:0 no_change:0 remote_merge:0 rsync:0 ts_repl:0
Jun 12 08:49:10 np0000071510 account-server[125737]: Beginning replication run
Jun 12 08:49:10 np0000071510 account-server[125737]: Replication run OVER
Jun 12 08:49:10 np0000071510 account-server[125737]: Attempted to replicate 0 dbs in 0.00210 seconds (0.00000/s)
Jun 12 08:49:10 np0000071510 account-server[125737]: Removed 0 dbs
Jun 12 08:49:10 np0000071510 account-server[125737]: 0 successes, 0 failures
Jun 12 08:49:10 np0000071510 account-server[125737]: diff:0 diff_capped:0 empty:0 hashmatch:0 no_change:0 remote_merge:0 rsync:0 ts_repl:0
Jun 12 08:49:10 np0000071510 object-server[126548]: Starting object replication pass.
Jun 12 08:49:10 np0000071510 object-server[126548]: Nothing replicated for 0.002691984176635742 seconds.
Jun 12 08:49:10 np0000071510 object-server[126548]: Object replication complete. (0.00 minutes)
Jun 12 08:49:11 np0000071510 object-server[198799]: Begin object audit "forever" mode (ALL)
Jun 12 08:49:11 np0000071510 object-server[198798]: Begin object audit "forever" mode (ZBF)
Jun 12 08:49:11 np0000071510 object-server[198799]: Object audit (ALL) "forever" mode completed: 0.00s. Total quarantined: 0, Total errors: 0, Total files/sec: 0.00, Total bytes/sec: 0.00, Auditing time: 0.00, Rate: 0.00
Jun 12 08:49:11 np0000071510 object-server[198798]: Object audit (ZBF) "forever" mode completed: 0.00s. Total quarantined: 0, Total errors: 0, Total files/sec: 0.00, Total bytes/sec: 0.00, Auditing time: 0.00, Rate: 0.00
Jun 12 08:49:30 np0000071510 container-server[125900]: Beginning replication run
Jun 12 08:49:30 np0000071510 container-server[125900]: Replication run OVER
Jun 12 08:49:30 np0000071510 container-server[125900]: Attempted to replicate 0 dbs in 0.00289 seconds (0.00000/s)
Jun 12 08:49:30 np0000071510 container-server[125900]: Removed 0 dbs
Jun 12 08:49:30 np0000071510 container-server[125900]: 0 successes, 0 failures
Jun 12 08:49:30 np0000071510 container-server[125900]: diff:0 diff_capped:0 empty:0 hashmatch:0 no_change:0 remote_merge:0 rsync:0 ts_repl:0
Jun 12 08:49:37 np0000071510 account-server[126159]: 172.20.0.103 - - [12/Jun/2026:08:49:37 +0000] "HEAD /d1/635/.expiring_objects" 404 - "HEAD http://localhost/v1/.expiring_objects?format=json" "tx101129034c304dbdb3654-006a2bc821" "proxy-server 2" 0.0006 "-" 15 -
Jun 12 08:49:37 np0000071510 object-expirer[126530]: Pass completed in 0s; 0 objects expired (txn: tx101129034c304dbdb3654-006a2bc821)
Jun 12 08:49:40 np0000071510 account-server[125737]: Beginning replication run
Jun 12 08:49:40 np0000071510 account-server[125737]: Replication run OVER
Jun 12 08:49:40 np0000071510 account-server[125737]: Attempted to replicate 0 dbs in 0.00204 seconds (0.00000/s)
Jun 12 08:49:40 np0000071510 account-server[125737]: Removed 0 dbs
Jun 12 08:49:40 np0000071510 account-server[125737]: 0 successes, 0 failures
Jun 12 08:49:40 np0000071510 account-server[125737]: diff:0 diff_capped:0 empty:0 hashmatch:0 no_change:0 remote_merge:0 rsync:0 ts_repl:0
Jun 12 08:49:40 np0000071510 object-server[126548]: Starting object replication pass.
Jun 12 08:49:40 np0000071510 object-server[126548]: Nothing replicated for 0.004254817962646484 seconds.
Jun 12 08:49:40 np0000071510 object-server[126548]: Object replication complete. (0.00 minutes)
Jun 12 08:49:41 np0000071510 object-server[201911]: Begin object audit "forever" mode (ZBF)
Jun 12 08:49:41 np0000071510 object-server[201911]: Object audit (ZBF) "forever" mode completed: 0.00s. Total quarantined: 0, Total errors: 0, Total files/sec: 0.00, Total bytes/sec: 0.00, Auditing time: 0.00, Rate: 0.00
Jun 12 08:49:41 np0000071510 object-server[201912]: Begin object audit "forever" mode (ALL)
Jun 12 08:49:41 np0000071510 object-server[201912]: Object audit (ALL) "forever" mode completed: 0.00s. Total quarantined: 0, Total errors: 0, Total files/sec: 0.00, Total bytes/sec: 0.00, Auditing time: 0.00, Rate: 0.00
Jun 12 08:50:00 np0000071510 container-server[125900]: Beginning replication run
Jun 12 08:50:00 np0000071510 container-server[125900]: Replication run OVER
Jun 12 08:50:00 np0000071510 container-server[125900]: Attempted to replicate 0 dbs in 0.00140 seconds (0.00000/s)
Jun 12 08:50:00 np0000071510 container-server[125900]: Removed 0 dbs
Jun 12 08:50:00 np0000071510 container-server[125900]: 0 successes, 0 failures
Jun 12 08:50:00 np0000071510 container-server[125900]: diff:0 diff_capped:0 empty:0 hashmatch:0 no_change:0 remote_merge:0 rsync:0 ts_repl:0
Jun 12 08:50:10 np0000071510 account-server[125737]: Beginning replication run
Jun 12 08:50:10 np0000071510 account-server[125737]: Replication run OVER
Jun 12 08:50:10 np0000071510 account-server[125737]: Attempted to replicate 0 dbs in 0.00159 seconds (0.00000/s)
Jun 12 08:50:10 np0000071510 account-server[125737]: Removed 0 dbs
Jun 12 08:50:10 np0000071510 account-server[125737]: 0 successes, 0 failures
Jun 12 08:50:10 np0000071510 account-server[125737]: diff:0 diff_capped:0 empty:0 hashmatch:0 no_change:0 remote_merge:0 rsync:0 ts_repl:0
Jun 12 08:50:10 np0000071510 object-server[126548]: Starting object replication pass.
Jun 12 08:50:10 np0000071510 object-server[126548]: Nothing replicated for 0.004136085510253906 seconds.
Jun 12 08:50:10 np0000071510 object-server[126548]: Object replication complete. (0.00 minutes)
Jun 12 08:50:12 np0000071510 object-server[201913]: Begin object audit "forever" mode (ZBF)
Jun 12 08:50:12 np0000071510 object-server[201913]: Object audit (ZBF) "forever" mode completed: 0.00s. Total quarantined: 0, Total errors: 0, Total files/sec: 0.00, Total bytes/sec: 0.00, Auditing time: 0.00, Rate: 0.00
Jun 12 08:50:30 np0000071510 container-server[125900]: Beginning replication run
Jun 12 08:50:30 np0000071510 container-server[125900]: Replication run OVER
Jun 12 08:50:30 np0000071510 container-server[125900]: Attempted to replicate 0 dbs in 0.00202 seconds (0.00000/s)
Jun 12 08:50:30 np0000071510 container-server[125900]: Removed 0 dbs
Jun 12 08:50:30 np0000071510 container-server[125900]: 0 successes, 0 failures
Jun 12 08:50:30 np0000071510 container-server[125900]: diff:0 diff_capped:0 empty:0 hashmatch:0 no_change:0 remote_merge:0 rsync:0 ts_repl:0
Jun 12 08:50:40 np0000071510 account-server[125737]: Beginning replication run
Jun 12 08:50:40 np0000071510 account-server[125737]: Replication run OVER
Jun 12 08:50:40 np0000071510 account-server[125737]: Attempted to replicate 0 dbs in 0.00155 seconds (0.00000/s)
Jun 12 08:50:40 np0000071510 account-server[125737]: Removed 0 dbs
Jun 12 08:50:40 np0000071510 account-server[125737]: 0 successes, 0 failures
Jun 12 08:50:40 np0000071510 account-server[125737]: diff:0 diff_capped:0 empty:0 hashmatch:0 no_change:0 remote_merge:0 rsync:0 ts_repl:0
Jun 12 08:50:40 np0000071510 object-server[126548]: Starting object replication pass.
Jun 12 08:50:40 np0000071510 object-server[126548]: Nothing replicated for 0.006104469299316406 seconds.
Jun 12 08:50:40 np0000071510 object-server[126548]: Object replication complete. (0.00 minutes)
Jun 12 08:50:42 np0000071510 object-server[207787]: Begin object audit "forever" mode (ZBF)
Jun 12 08:50:42 np0000071510 object-server[207788]: Begin object audit "forever" mode (ALL)
Jun 12 08:50:42 np0000071510 object-server[207787]: Object audit (ZBF) "forever" mode completed: 0.00s. Total quarantined: 0, Total errors: 0, Total files/sec: 0.00, Total bytes/sec: 0.00, Auditing time: 0.00, Rate: 0.00
Jun 12 08:50:42 np0000071510 object-server[207788]: Object audit (ALL) "forever" mode completed: 0.00s. Total quarantined: 0, Total errors: 0, Total files/sec: 0.00, Total bytes/sec: 0.00, Auditing time: 0.00, Rate: 0.00
Jun 12 08:50:49 np0000071510 account-server[126172]: 172.20.0.104 - - [12/Jun/2026:08:50:49 +0000] "HEAD /d1/635/.expiring_objects" 404 - "HEAD http://localhost/v1/.expiring_objects?format=json" "txc208acb7ffaf41598e7f3-006a2bc869" "proxy-server 2" 0.0012 "-" 16 -
Jun 12 08:51:00 np0000071510 container-server[125900]: Beginning replication run
Jun 12 08:51:00 np0000071510 container-server[125900]: Replication run OVER
Jun 12 08:51:00 np0000071510 container-server[125900]: Attempted to replicate 0 dbs in 0.00188 seconds (0.00000/s)
Jun 12 08:51:00 np0000071510 container-server[125900]: Removed 0 dbs
Jun 12 08:51:00 np0000071510 container-server[125900]: 0 successes, 0 failures
Jun 12 08:51:00 np0000071510 container-server[125900]: diff:0 diff_capped:0 empty:0 hashmatch:0 no_change:0 remote_merge:0 rsync:0 ts_repl:0
Jun 12 08:51:10 np0000071510 account-server[125737]: Beginning replication run
Jun 12 08:51:10 np0000071510 account-server[125737]: Replication run OVER
Jun 12 08:51:10 np0000071510 account-server[125737]: Attempted to replicate 0 dbs in 0.00178 seconds (0.00000/s)
Jun 12 08:51:10 np0000071510 account-server[125737]: Removed 0 dbs
Jun 12 08:51:10 np0000071510 account-server[125737]: 0 successes, 0 failures
Jun 12 08:51:10 np0000071510 account-server[125737]: diff:0 diff_capped:0 empty:0 hashmatch:0 no_change:0 remote_merge:0 rsync:0 ts_repl:0
Jun 12 08:51:10 np0000071510 object-server[126548]: Starting object replication pass.
Jun 12 08:51:10 np0000071510 object-server[126548]: Nothing replicated for 0.002858877182006836 seconds.
Jun 12 08:51:10 np0000071510 object-server[126548]: Object replication complete. (0.00 minutes)
Jun 12 08:51:12 np0000071510 object-server[210655]: Begin object audit "forever" mode (ZBF)
Jun 12 08:51:12 np0000071510 object-server[210655]: Object audit (ZBF) "forever" mode completed: 0.00s. Total quarantined: 0, Total errors: 0, Total files/sec: 0.00, Total bytes/sec: 0.00, Auditing time: 0.00, Rate: 0.00
Jun 12 08:51:12 np0000071510 object-server[210657]: Begin object audit "forever" mode (ALL)
Jun 12 08:51:12 np0000071510 object-server[210657]: Object audit (ALL) "forever" mode completed: 0.00s. Total quarantined: 0, Total errors: 0, Total files/sec: 0.00, Total bytes/sec: 0.00, Auditing time: 0.00, Rate: 0.00
Jun 12 08:51:30 np0000071510 container-server[125900]: Beginning replication run
Jun 12 08:51:30 np0000071510 container-server[125900]: Replication run OVER
Jun 12 08:51:30 np0000071510 container-server[125900]: Attempted to replicate 0 dbs in 0.00175 seconds (0.00000/s)
Jun 12 08:51:30 np0000071510 container-server[125900]: Removed 0 dbs
Jun 12 08:51:30 np0000071510 container-server[125900]: 0 successes, 0 failures
Jun 12 08:51:30 np0000071510 container-server[125900]: diff:0 diff_capped:0 empty:0 hashmatch:0 no_change:0 remote_merge:0 rsync:0 ts_repl:0
Jun 12 08:51:31 np0000071510 container-server[126366]: Begin container update sweep
Jun 12 08:51:31 np0000071510 container-server[126366]: Container update sweep completed: 0.00s
Jun 12 08:51:40 np0000071510 account-server[125737]: Beginning replication run
Jun 12 08:51:40 np0000071510 account-server[125737]: Replication run OVER
Jun 12 08:51:40 np0000071510 account-server[125737]: Attempted to replicate 0 dbs in 0.00205 seconds (0.00000/s)
Jun 12 08:51:40 np0000071510 account-server[125737]: Removed 0 dbs
Jun 12 08:51:40 np0000071510 account-server[125737]: 0 successes, 0 failures
Jun 12 08:51:40 np0000071510 account-server[125737]: diff:0 diff_capped:0 empty:0 hashmatch:0 no_change:0 remote_merge:0 rsync:0 ts_repl:0
Jun 12 08:51:40 np0000071510 object-server[126548]: Starting object replication pass.
Jun 12 08:51:40 np0000071510 object-server[126548]: Nothing replicated for 0.0041081905364990234 seconds.
Jun 12 08:51:40 np0000071510 object-server[126548]: Object replication complete. (0.00 minutes)
Jun 12 08:51:42 np0000071510 object-server[213279]: Begin object audit "forever" mode (ZBF)
Jun 12 08:51:42 np0000071510 object-server[213279]: Object audit (ZBF) "forever" mode completed: 0.00s. Total quarantined: 0, Total errors: 0, Total files/sec: 0.00, Total bytes/sec: 0.00, Auditing time: 0.00, Rate: 0.00
Jun 12 08:51:42 np0000071510 object-server[213280]: Begin object audit "forever" mode (ALL)
Jun 12 08:51:42 np0000071510 object-server[213280]: Object audit (ALL) "forever" mode completed: 0.00s. Total quarantined: 0, Total errors: 0, Total files/sec: 0.00, Total bytes/sec: 0.00, Auditing time: 0.00, Rate: 0.00
Jun 12 08:51:50 np0000071510 account-server[126159]: 172.20.0.103 - - [12/Jun/2026:08:51:50 +0000] "HEAD /d1/19/AUTH_ef85e77878ca49cebc5107d5dc4c09a8" 404 - "HEAD http://172.18.0.204:8080/v1/AUTH_ef85e77878ca49cebc5107d5dc4c09a8?format=json" "tx2ab203eb3d684ece909d1-006a2bc8a6" "proxy-server 20" 0.0005 "-" 15 -
Jun 12 08:51:50 np0000071510 proxy-server[128112]: - - 12/Jun/2026/08/51/50 HEAD /v1/AUTH_ef85e77878ca49cebc5107d5dc4c09a8%3Fformat%3Djson HTTP/1.0 200 - Swift - - - - tx2ab203eb3d684ece909d1-006a2bc8a6 - 0.0234 RL - 1781254310.205317020 1781254310.228737593 -
Jun 12 08:51:51 np0000071510 object-server[126852]: 172.20.0.103 - - [12/Jun/2026:08:51:51 +0000] "GET /d1/921/AUTH_ef85e77878ca49cebc5107d5dc4c09a8/gnocchi.9db0153f-f2bd-43e1-9bca-12d0d9f711be/none_v3" 404 70 "GET http://172.18.0.204:8080/v1/AUTH_ef85e77878ca49cebc5107d5dc4c09a8/gnocchi.9db0153f-f2bd-43e1-9bca-12d0d9f711be/none_v3" "tx2ab203eb3d684ece909d1-006a2bc8a6" "proxy-server 20" 0.0009 "-" 24 0
Jun 12 08:51:51 np0000071510 proxy-server[128112]: 172.18.0.105 172.18.0.104 12/Jun/2026/08/51/51 GET /v1/AUTH_ef85e77878ca49cebc5107d5dc4c09a8/gnocchi.9db0153f-f2bd-43e1-9bca-12d0d9f711be/none_v3 HTTP/1.0 404 - python-swiftclient-3.11.1 gAAAAABqK8immuXj... - 70 - tx2ab203eb3d684ece909d1-006a2bc8a6 - 1.0517 - - 1781254310.201531887 1781254311.253253937 0
Jun 12 08:51:51 np0000071510 account-server[126172]: 172.20.0.104 - - [12/Jun/2026:08:51:51 +0000] "PUT /d1/19/AUTH_ef85e77878ca49cebc5107d5dc4c09a8" 201 - "-" "tx078c8a3e0d924057ab728-006a2bc8a7" "-" 0.0109 "-" 16 -
Jun 12 08:51:51 np0000071510 account-server[126148]: 172.20.0.105 - - [12/Jun/2026:08:51:51 +0000] "PUT /d1/19/AUTH_ef85e77878ca49cebc5107d5dc4c09a8/gnocchi.9db0153f-f2bd-43e1-9bca-12d0d9f711be" 201 - "PUT http://172.20.0.105:6001/d1/728/AUTH_ef85e77878ca49cebc5107d5dc4c09a8/gnocchi.9db0153f-f2bd-43e1-9bca-12d0d9f711be" "tx078c8a3e0d924057ab728-006a2bc8a7" "container-server 19" 0.0022 "-" 14 0
Jun 12 08:51:51 np0000071510 container-server[126484]: 172.20.0.104 - - [12/Jun/2026:08:51:51 +0000] "PUT /d1/728/AUTH_ef85e77878ca49cebc5107d5dc4c09a8/gnocchi.9db0153f-f2bd-43e1-9bca-12d0d9f711be" 201 - "PUT http://172.18.0.204:8080/v1/AUTH_ef85e77878ca49cebc5107d5dc4c09a8/gnocchi.9db0153f-f2bd-43e1-9bca-12d0d9f711be" "tx078c8a3e0d924057ab728-006a2bc8a7" "proxy-server 20" 0.0146 "-" 22 0
Jun 12 08:51:51 np0000071510 container-server[126496]: 172.20.0.105 - - [12/Jun/2026:08:51:51 +0000] "HEAD /d1/728/AUTH_ef85e77878ca49cebc5107d5dc4c09a8/gnocchi.9db0153f-f2bd-43e1-9bca-12d0d9f711be" 204 - "HEAD http://172.18.0.204:8080/v1/AUTH_ef85e77878ca49cebc5107d5dc4c09a8/gnocchi.9db0153f-f2bd-43e1-9bca-12d0d9f711be?format=json&states=listing" "tx4fcf55fbd46d4077af74d-006a2bc8a7" "proxy-server 12" 0.0051 "-" 23 0
Jun 12 08:51:51 np0000071510 object-server[126852]: 172.20.0.103 - - [12/Jun/2026:08:51:51 +0000] "GET /d1/441/AUTH_ef85e77878ca49cebc5107d5dc4c09a8/gnocchi.9db0153f-f2bd-43e1-9bca-12d0d9f711be/1780920000.0_mean_300.0_v3" 404 70 "GET http://172.18.0.204:8080/v1/AUTH_ef85e77878ca49cebc5107d5dc4c09a8/gnocchi.9db0153f-f2bd-43e1-9bca-12d0d9f711be/1780920000.0_mean_300.0_v3" "txfe409f0d446f43ad8fc2c-006a2bc8a7" "proxy-server 20" 0.0004 "-" 24 0
Jun 12 08:51:51 np0000071510 proxy-server[128112]: 172.18.0.105 172.18.0.104 12/Jun/2026/08/51/51 GET /v1/AUTH_ef85e77878ca49cebc5107d5dc4c09a8/gnocchi.9db0153f-f2bd-43e1-9bca-12d0d9f711be/1780920000.0_mean_300.0_v3 HTTP/1.0 404 - python-swiftclient-3.11.1 gAAAAABqK8immuXj... - 70 - txfe409f0d446f43ad8fc2c-006a2bc8a7 - 0.0173 - - 1781254311.420674562 1781254311.437978268 0
Jun 12 08:51:51 np0000071510 container-server[126476]: 172.20.0.103 - - [12/Jun/2026:08:51:51 +0000] "PUT /d1/728/AUTH_ef85e77878ca49cebc5107d5dc4c09a8/gnocchi.9db0153f-f2bd-43e1-9bca-12d0d9f711be/1780920000.0_mean_300.0_v3" 201 - "PUT http://172.18.0.204:8080/d1/441/AUTH_ef85e77878ca49cebc5107d5dc4c09a8/gnocchi.9db0153f-f2bd-43e1-9bca-12d0d9f711be/1780920000.0_mean_300.0_v3" "tx7fb71ee76c734459bb2d2-006a2bc8a7" "object-server 25" 0.0012 "-" 21 0
Jun 12 08:51:51 np0000071510 object-server[126864]: 172.20.0.104 - - [12/Jun/2026:08:51:51 +0000] "PUT /d1/441/AUTH_ef85e77878ca49cebc5107d5dc4c09a8/gnocchi.9db0153f-f2bd-43e1-9bca-12d0d9f711be/1780920000.0_mean_300.0_v3" 201 - "PUT http://172.18.0.204:8080/v1/AUTH_ef85e77878ca49cebc5107d5dc4c09a8/gnocchi.9db0153f-f2bd-43e1-9bca-12d0d9f711be/1780920000.0_mean_300.0_v3" "tx7fb71ee76c734459bb2d2-006a2bc8a7" "proxy-server 20" 0.0321 "-" 25 0
Jun 12 08:51:51 np0000071510 object-server[126864]: 172.20.0.105 - - [12/Jun/2026:08:51:51 +0000] "PUT /d1/921/AUTH_ef85e77878ca49cebc5107d5dc4c09a8/gnocchi.9db0153f-f2bd-43e1-9bca-12d0d9f711be/none_v3" 201 - "PUT http://172.18.0.204:8080/v1/AUTH_ef85e77878ca49cebc5107d5dc4c09a8/gnocchi.9db0153f-f2bd-43e1-9bca-12d0d9f711be/none_v3" "tx278fe1804b2744e5bcb82-006a2bc8a7" "proxy-server 12" 0.0210 "-" 25 0
Jun 12 08:51:51 np0000071510 container-server[126484]: 172.20.0.105 - - [12/Jun/2026:08:51:51 +0000] "PUT /d1/728/AUTH_ef85e77878ca49cebc5107d5dc4c09a8/gnocchi.9db0153f-f2bd-43e1-9bca-12d0d9f711be/none_v3" 201 - "PUT http://172.18.0.204:8080/d1/921/AUTH_ef85e77878ca49cebc5107d5dc4c09a8/gnocchi.9db0153f-f2bd-43e1-9bca-12d0d9f711be/none_v3" "tx278fe1804b2744e5bcb82-006a2bc8a7" "object-server 23" 0.0010 "-" 22 0
Jun 12 08:51:53 np0000071510 account-server[126172]: 172.20.0.103 - - [12/Jun/2026:08:51:53 +0000] "HEAD /d1/635/.expiring_objects" 404 - "HEAD http://localhost/v1/.expiring_objects?format=json" "txecf7f1e047b04c6a80fbd-006a2bc8a9" "proxy-server 2" 0.0008 "-" 16 -
Jun 12 08:51:54 np0000071510 object-expirer[126530]: Pass completed in 0s; 0 objects expired (txn: txecf7f1e047b04c6a80fbd-006a2bc8a9)
Jun 12 08:52:00 np0000071510 container-server[125900]: Beginning replication run
Jun 12 08:52:00 np0000071510 container-server[125900]: Replication run OVER
Jun 12 08:52:00 np0000071510 container-server[125900]: Attempted to replicate 1 dbs in 0.08919 seconds (11.21234/s)
Jun 12 08:52:00 np0000071510 container-server[125900]: Removed 0 dbs
Jun 12 08:52:00 np0000071510 container-server[125900]: 2 successes, 0 failures
Jun 12 08:52:00 np0000071510 container-server[125900]: diff:0 diff_capped:0 empty:0 hashmatch:0 no_change:2 remote_merge:0 rsync:0 ts_repl:0
Jun 12 08:52:10 np0000071510 account-server[125737]: Beginning replication run
Jun 12 08:52:10 np0000071510 account-server[125737]: Replication run OVER
Jun 12 08:52:10 np0000071510 account-server[125737]: Attempted to replicate 1 dbs in 0.02925 seconds (34.18385/s)
Jun 12 08:52:10 np0000071510 account-server[125737]: Removed 0 dbs
Jun 12 08:52:10 np0000071510 account-server[125737]: 2 successes, 0 failures
Jun 12 08:52:10 np0000071510 account-server[125737]: diff:0 diff_capped:0 empty:0 hashmatch:0 no_change:2 remote_merge:0 rsync:0 ts_repl:0
Jun 12 08:52:10 np0000071510 object-server[126548]: Starting object replication pass.
Jun 12 08:52:10 np0000071510 object-server[126548]: 2/2 (100.00%) partitions replicated in 0.04s (47.08/sec, 0s remaining)
Jun 12 08:52:10 np0000071510 object-server[126548]: 4 successes, 0 failures
Jun 12 08:52:10 np0000071510 object-server[126548]: 2 suffixes checked - 0.00% hashed, 0.00% synced
Jun 12 08:52:10 np0000071510 object-server[126548]: Partition times: max 0.0269s, min 0.0111s, med 0.0269s
Jun 12 08:52:10 np0000071510 object-server[126548]: Object replication complete. (0.00 minutes)
Jun 12 08:52:12 np0000071510 object-server[213281]: Begin object audit "forever" mode (ZBF)
Jun 12 08:52:12 np0000071510 object-server[213281]: Object audit (ZBF). Since Fri Jun 12 08:52:12 2026: Locally: 1 passed, 0 quarantined, 0 errors, files/sec: 381.51, bytes/sec: 0.00, Total time: 0.00, Auditing time: 0.00, Rate: 0.00
Jun 12 08:52:12 np0000071510 object-server[213281]: Object audit (ZBF) "forever" mode completed: 0.01s. Total quarantined: 0, Total errors: 0, Total files/sec: 374.17, Total bytes/sec: 0.00, Auditing time: 0.00, Rate: 0.37
Jun 12 08:52:17 np0000071510 account-server[126184]: 172.20.0.104 - - [12/Jun/2026:08:52:17 +0000] "HEAD /d1/635/.expiring_objects" 404 - "HEAD http://localhost/v1/.expiring_objects?format=json" "txde6319c4dc8c4099a874a-006a2bc8c1" "proxy-server 2" 0.0012 "-" 17 -
Jun 12 08:52:18 np0000071510 account-server[126184]: 172.20.0.105 - - [12/Jun/2026:08:52:18 +0000] "HEAD /d1/635/.expiring_objects" 404 - "HEAD http://localhost/v1/.expiring_objects?format=json" "txfcac67ae30844e7e89d71-006a2bc8c2" "proxy-server 2" 0.0005 "-" 17 -
Jun 12 08:52:20 np0000071510 proxy-server[128112]: 172.18.0.105 172.18.0.104 12/Jun/2026/08/52/20 GET /v1/AUTH_ef85e77878ca49cebc5107d5dc4c09a8/gnocchi.9db0153f-f2bd-43e1-9bca-12d0d9f711be/none_v3 HTTP/1.0 200 - python-swiftclient-3.11.1 gAAAAABqK8immuXj... - 22 - tx6e9bdb7476f543b1ae85a-006a2bc8c3 - 0.0565 - - 1781254339.998413086 1781254340.054927826 0
Jun 12 08:52:20 np0000071510 container-server[126484]: 172.20.0.104 - - [12/Jun/2026:08:52:20 +0000] "GET /d1/728/AUTH_ef85e77878ca49cebc5107d5dc4c09a8/gnocchi.9db0153f-f2bd-43e1-9bca-12d0d9f711be" 200 357 "GET http://172.18.0.204:8080/v1/AUTH_ef85e77878ca49cebc5107d5dc4c09a8/gnocchi.9db0153f-f2bd-43e1-9bca-12d0d9f711be?format=json&states=listing" "txb7a1679cf5a74c27a9ee5-006a2bc8c4" "proxy-server 20" 0.0035 "-" 22 0
Jun 12 08:52:20 np0000071510 container-server[126476]: 172.20.0.105 - - [12/Jun/2026:08:52:20 +0000] "GET /d1/728/AUTH_ef85e77878ca49cebc5107d5dc4c09a8/gnocchi.9db0153f-f2bd-43e1-9bca-12d0d9f711be" 200 2 "GET http://172.18.0.204:8080/v1/AUTH_ef85e77878ca49cebc5107d5dc4c09a8/gnocchi.9db0153f-f2bd-43e1-9bca-12d0d9f711be?format=json&marker=none_v3&states=listing" "tx1a772b8c971e48b7b68aa-006a2bc8c4" "proxy-server 12" 0.0056 "-" 21 0
Jun 12 08:52:20 np0000071510 proxy-server[128112]: 172.18.0.105 172.18.0.104 12/Jun/2026/08/52/20 GET /v1/AUTH_ef85e77878ca49cebc5107d5dc4c09a8/gnocchi.9db0153f-f2bd-43e1-9bca-12d0d9f711be/1780920000.0_mean_300.0_v3 HTTP/1.0 200 - python-swiftclient-3.11.1 gAAAAABqK8immuXj... - 16 - txe8b0c2aed7934699aa481-006a2bc8c4 - 0.0169 - - 1781254340.099307537 1781254340.116249323 0
Jun 12 08:52:20 np0000071510 object-server[126864]: 172.20.0.104 - - [12/Jun/2026:08:52:20 +0000] "PUT /d1/441/AUTH_ef85e77878ca49cebc5107d5dc4c09a8/gnocchi.9db0153f-f2bd-43e1-9bca-12d0d9f711be/1780920000.0_mean_300.0_v3" 201 - "PUT http://172.18.0.204:8080/v1/AUTH_ef85e77878ca49cebc5107d5dc4c09a8/gnocchi.9db0153f-f2bd-43e1-9bca-12d0d9f711be/1780920000.0_mean_300.0_v3" "tx5a90793ca8bc464bb070d-006a2bc8c4" "proxy-server 20" 0.0166 "-" 25 0
Jun 12 08:52:20 np0000071510 container-server[126470]: 172.20.0.105 - - [12/Jun/2026:08:52:20 +0000] "PUT /d1/728/AUTH_ef85e77878ca49cebc5107d5dc4c09a8/gnocchi.9db0153f-f2bd-43e1-9bca-12d0d9f711be/1780920000.0_mean_300.0_v3" 201 - "PUT http://172.18.0.204:8080/d1/441/AUTH_ef85e77878ca49cebc5107d5dc4c09a8/gnocchi.9db0153f-f2bd-43e1-9bca-12d0d9f711be/1780920000.0_mean_300.0_v3" "tx5a90793ca8bc464bb070d-006a2bc8c4" "object-server 24" 0.0024 "-" 20 0
Jun 12 08:52:20 np0000071510 object-server[126840]: 172.20.0.105 - - [12/Jun/2026:08:52:20 +0000] "PUT /d1/921/AUTH_ef85e77878ca49cebc5107d5dc4c09a8/gnocchi.9db0153f-f2bd-43e1-9bca-12d0d9f711be/none_v3" 201 - "PUT http://172.18.0.204:8080/v1/AUTH_ef85e77878ca49cebc5107d5dc4c09a8/gnocchi.9db0153f-f2bd-43e1-9bca-12d0d9f711be/none_v3" "tx96e5e046ef7e4b38b833c-006a2bc8c4" "proxy-server 12" 0.0449 "-" 22 0
Jun 12 08:52:20 np0000071510 container-server[126470]: 172.20.0.104 - - [12/Jun/2026:08:52:20 +0000] "PUT /d1/728/AUTH_ef85e77878ca49cebc5107d5dc4c09a8/gnocchi.9db0153f-f2bd-43e1-9bca-12d0d9f711be/none_v3" 201 - "PUT http://172.18.0.204:8080/d1/921/AUTH_ef85e77878ca49cebc5107d5dc4c09a8/gnocchi.9db0153f-f2bd-43e1-9bca-12d0d9f711be/none_v3" "tx96e5e046ef7e4b38b833c-006a2bc8c4" "object-server 22" 0.0009 "-" 20 0
Jun 12 08:52:27 np0000071510 object-server[126830]: Begin object update sweep
Jun 12 08:52:27 np0000071510 object-server[217588]: Object update sweep starting on /srv/node/d1 (pid: 14)
Jun 12 08:52:27 np0000071510 object-server[217588]: Object update sweep completed on /srv/node/d1 in 0.00s seconds:, 0 successes, 0 failures, 0 quarantines, 0 unlinks, 0 errors, 0 redirects (pid: 14)
Jun 12 08:52:27 np0000071510 object-server[217588]: Object update sweep of d1 completed: 0.00s, 0 successes, 0 failures, 0 quarantines, 0 unlinks, 0 errors, 0 redirects
Jun 12 08:52:27 np0000071510 object-server[126830]: Object update sweep completed: 0.08s
Jun 12 08:52:30 np0000071510 container-server[125900]: Beginning replication run
Jun 12 08:52:30 np0000071510 container-server[125900]: Replication run OVER
Jun 12 08:52:30 np0000071510 container-server[125900]: Attempted to replicate 1 dbs in 0.05370 seconds (18.62030/s)
Jun 12 08:52:30 np0000071510 container-server[125900]: Removed 0 dbs
Jun 12 08:52:30 np0000071510 container-server[125900]: 2 successes, 0 failures
Jun 12 08:52:30 np0000071510 container-server[125900]: diff:0 diff_capped:0 empty:0 hashmatch:0 no_change:2 remote_merge:0 rsync:0 ts_repl:0
Jun 12 08:52:40 np0000071510 account-server[125737]: Beginning replication run
Jun 12 08:52:40 np0000071510 account-server[125737]: Replication run OVER
Jun 12 08:52:40 np0000071510 account-server[125737]: Attempted to replicate 1 dbs in 0.02322 seconds (43.07221/s)
Jun 12 08:52:40 np0000071510 account-server[125737]: Removed 0 dbs
Jun 12 08:52:40 np0000071510 account-server[125737]: 2 successes, 0 failures
Jun 12 08:52:40 np0000071510 account-server[125737]: diff:0 diff_capped:0 empty:0 hashmatch:0 no_change:2 remote_merge:0 rsync:0 ts_repl:0
Jun 12 08:52:40 np0000071510 object-server[126548]: Starting object replication pass.
Jun 12 08:52:40 np0000071510 object-server[126548]: 2/2 (100.00%) partitions replicated in 0.02s (83.32/sec, 0s remaining)
Jun 12 08:52:40 np0000071510 object-server[126548]: 4 successes, 0 failures
Jun 12 08:52:40 np0000071510 object-server[126548]: 2 suffixes checked - 0.00% hashed, 0.00% synced
Jun 12 08:52:40 np0000071510 object-server[126548]: Partition times: max 0.0102s, min 0.0094s, med 0.0102s
Jun 12 08:52:40 np0000071510 object-server[126548]: Object replication complete. (0.00 minutes)
Jun 12 08:52:42 np0000071510 object-server[219111]: Begin object audit "forever" mode (ALL)
Jun 12 08:52:42 np0000071510 object-server[219111]: Object audit (ALL). Since Fri Jun 12 08:52:42 2026: Locally: 1 passed, 0 quarantined, 0 errors, files/sec: 107.02, bytes/sec: 1712.27, Total time: 0.01, Auditing time: 0.00, Rate: 0.00
Jun 12 08:52:42 np0000071510 object-server[219110]: Begin object audit "forever" mode (ZBF)
Jun 12 08:52:42 np0000071510 object-server[219110]: Object audit (ZBF). Since Fri Jun 12 08:52:42 2026: Locally: 1 passed, 0 quarantined, 0 errors, files/sec: 557.90, bytes/sec: 0.00, Total time: 0.00, Auditing time: 0.00, Rate: 0.00
Jun 12 08:52:42 np0000071510 object-server[219111]: Object audit (ALL) "forever" mode completed: 0.01s. Total quarantined: 0, Total errors: 0, Total files/sec: 161.75, Total bytes/sec: 3882.04, Auditing time: 0.01, Rate: 0.76
Jun 12 08:52:42 np0000071510 object-server[219110]: Object audit (ZBF) "forever" mode completed: 0.00s. Total quarantined: 0, Total errors: 0, Total files/sec: 452.05, Total bytes/sec: 0.00, Auditing time: 0.00, Rate: 0.31
Jun 12 08:52:58 np0000071510 proxy-server[128112]: - - 12/Jun/2026/08/52/58 HEAD /v1/AUTH_ef85e77878ca49cebc5107d5dc4c09a8%3Fformat%3Djson HTTP/1.0 204 - Swift - - - - tx69b05f74dbb14dc7b034e-006a2bc8ea - 0.0172 RL - 1781254378.257122755 1781254378.274275303 -
Jun 12 08:52:58 np0000071510 container-server[126484]: 172.20.0.103 - - [12/Jun/2026:08:52:58 +0000] "HEAD /d1/108/AUTH_ef85e77878ca49cebc5107d5dc4c09a8/gnocchi.3fbaaa13-1bf8-4d66-bc95-5986e025bdb1" 404 - "HEAD http://172.18.0.204:8080/v1/AUTH_ef85e77878ca49cebc5107d5dc4c09a8/gnocchi.3fbaaa13-1bf8-4d66-bc95-5986e025bdb1?format=json&states=listing" "tx69b05f74dbb14dc7b034e-006a2bc8ea" "proxy-server 20" 0.0008 "-" 22 0
Jun 12 08:52:58 np0000071510 object-server[126840]: 172.20.0.103 - - [12/Jun/2026:08:52:58 +0000] "GET /d1/300/AUTH_ef85e77878ca49cebc5107d5dc4c09a8/gnocchi.3fbaaa13-1bf8-4d66-bc95-5986e025bdb1/none_v3" 404 70 "GET http://172.18.0.204:8080/v1/AUTH_ef85e77878ca49cebc5107d5dc4c09a8/gnocchi.3fbaaa13-1bf8-4d66-bc95-5986e025bdb1/none_v3" "tx69b05f74dbb14dc7b034e-006a2bc8ea" "proxy-server 20" 0.0007 "-" 22 0
Jun 12 08:52:58 np0000071510 proxy-server[128112]: 172.18.0.105 172.18.0.104 12/Jun/2026/08/52/58 GET /v1/AUTH_ef85e77878ca49cebc5107d5dc4c09a8/gnocchi.3fbaaa13-1bf8-4d66-bc95-5986e025bdb1/none_v3 HTTP/1.0 404 - python-swiftclient-3.11.1 gAAAAABqK8immuXj... - 70 - tx69b05f74dbb14dc7b034e-006a2bc8ea - 0.0595 - - 1781254378.255355597 1781254378.314871788 0
Jun 12 08:52:58 np0000071510 container-server[126476]: 172.20.0.104 - - [12/Jun/2026:08:52:58 +0000] "PUT /d1/108/AUTH_ef85e77878ca49cebc5107d5dc4c09a8/gnocchi.3fbaaa13-1bf8-4d66-bc95-5986e025bdb1" 201 - "PUT http://172.18.0.204:8080/v1/AUTH_ef85e77878ca49cebc5107d5dc4c09a8/gnocchi.3fbaaa13-1bf8-4d66-bc95-5986e025bdb1" "tx3003b0e14567458e934a0-006a2bc8ea" "proxy-server 20" 0.0238 "-" 21 0
Jun 12 08:52:58 np0000071510 account-server[126159]: 172.20.0.105 - - [12/Jun/2026:08:52:58 +0000] "PUT /d1/19/AUTH_ef85e77878ca49cebc5107d5dc4c09a8/gnocchi.3fbaaa13-1bf8-4d66-bc95-5986e025bdb1" 201 - "PUT http://172.20.0.105:6001/d1/108/AUTH_ef85e77878ca49cebc5107d5dc4c09a8/gnocchi.3fbaaa13-1bf8-4d66-bc95-5986e025bdb1" "tx3003b0e14567458e934a0-006a2bc8ea" "container-server 23" 0.0028 "-" 15 0
Jun 12 08:52:58 np0000071510 object-server[126842]: 172.20.0.103 - - [12/Jun/2026:08:52:58 +0000] "GET /d1/826/AUTH_ef85e77878ca49cebc5107d5dc4c09a8/gnocchi.3fbaaa13-1bf8-4d66-bc95-5986e025bdb1/1780920000.0_mean_300.0_v3" 404 70 "GET http://172.18.0.204:8080/v1/AUTH_ef85e77878ca49cebc5107d5dc4c09a8/gnocchi.3fbaaa13-1bf8-4d66-bc95-5986e025bdb1/1780920000.0_mean_300.0_v3" "txb290897c017942f8881ed-006a2bc8ea" "proxy-server 20" 0.0007 "-" 23 0
Jun 12 08:52:58 np0000071510 proxy-server[128112]: 172.18.0.105 172.18.0.104 12/Jun/2026/08/52/58 GET /v1/AUTH_ef85e77878ca49cebc5107d5dc4c09a8/gnocchi.3fbaaa13-1bf8-4d66-bc95-5986e025bdb1/1780920000.0_mean_300.0_v3 HTTP/1.0 404 - python-swiftclient-3.11.1 gAAAAABqK8immuXj... - 70 - txb290897c017942f8881ed-006a2bc8ea - 0.0163 - - 1781254378.390576124 1781254378.406891584 0
Jun 12 08:52:58 np0000071510 container-server[126484]: 172.20.0.105 - - [12/Jun/2026:08:52:58 +0000] "PUT /d1/108/AUTH_ef85e77878ca49cebc5107d5dc4c09a8/gnocchi.3fbaaa13-1bf8-4d66-bc95-5986e025bdb1/1780920000.0_mean_300.0_v3" 201 - "PUT http://172.18.0.204:8080/d1/826/AUTH_ef85e77878ca49cebc5107d5dc4c09a8/gnocchi.3fbaaa13-1bf8-4d66-bc95-5986e025bdb1/1780920000.0_mean_300.0_v3" "txed74f6dcd6d94a60ae5b5-006a2bc8ea" "object-server 24" 0.0007 "-" 22 0
Jun 12 08:52:58 np0000071510 object-server[126842]: 172.20.0.104 - - [12/Jun/2026:08:52:58 +0000] "PUT /d1/826/AUTH_ef85e77878ca49cebc5107d5dc4c09a8/gnocchi.3fbaaa13-1bf8-4d66-bc95-5986e025bdb1/1780920000.0_mean_300.0_v3" 201 - "PUT http://172.18.0.204:8080/v1/AUTH_ef85e77878ca49cebc5107d5dc4c09a8/gnocchi.3fbaaa13-1bf8-4d66-bc95-5986e025bdb1/1780920000.0_mean_300.0_v3" "txed74f6dcd6d94a60ae5b5-006a2bc8ea" "proxy-server 20" 0.0265 "-" 23 0
Jun 12 08:52:58 np0000071510 container-server[126470]: 172.20.0.103 - - [12/Jun/2026:08:52:58 +0000] "PUT /d1/108/AUTH_ef85e77878ca49cebc5107d5dc4c09a8/gnocchi.3fbaaa13-1bf8-4d66-bc95-5986e025bdb1/none_v3" 201 - "PUT http://172.18.0.204:8080/d1/300/AUTH_ef85e77878ca49cebc5107d5dc4c09a8/gnocchi.3fbaaa13-1bf8-4d66-bc95-5986e025bdb1/none_v3" "tx57ce236c3e81499cb3d4d-006a2bc8ea" "object-server 23" 0.0010 "-" 20 0
Jun 12 08:52:58 np0000071510 object-server[126842]: 172.20.0.105 - - [12/Jun/2026:08:52:58 +0000] "PUT /d1/300/AUTH_ef85e77878ca49cebc5107d5dc4c09a8/gnocchi.3fbaaa13-1bf8-4d66-bc95-5986e025bdb1/none_v3" 201 - "PUT http://172.18.0.204:8080/v1/AUTH_ef85e77878ca49cebc5107d5dc4c09a8/gnocchi.3fbaaa13-1bf8-4d66-bc95-5986e025bdb1/none_v3" "tx57ce236c3e81499cb3d4d-006a2bc8ea" "proxy-server 12" 0.0137 "-" 23 0
Jun 12 08:52:58 np0000071510 container-server[126470]: 172.20.0.103 - - [12/Jun/2026:08:52:58 +0000] "HEAD /d1/317/AUTH_ef85e77878ca49cebc5107d5dc4c09a8/gnocchi.d543d934-5d5e-48f3-b641-d8da384a8e2c" 404 - "HEAD http://172.18.0.204:8080/v1/AUTH_ef85e77878ca49cebc5107d5dc4c09a8/gnocchi.d543d934-5d5e-48f3-b641-d8da384a8e2c?format=json&states=listing" "tx9530887a31db4b5e86525-006a2bc8ea" "proxy-server 20" 0.0007 "-" 20 0
Jun 12 08:52:58 np0000071510 object-server[126864]: 172.20.0.103 - - [12/Jun/2026:08:52:58 +0000] "GET /d1/894/AUTH_ef85e77878ca49cebc5107d5dc4c09a8/gnocchi.d543d934-5d5e-48f3-b641-d8da384a8e2c/none_v3" 404 70 "GET http://172.18.0.204:8080/v1/AUTH_ef85e77878ca49cebc5107d5dc4c09a8/gnocchi.d543d934-5d5e-48f3-b641-d8da384a8e2c/none_v3" "tx9530887a31db4b5e86525-006a2bc8ea" "proxy-server 20" 0.0006 "-" 25 0
Jun 12 08:52:58 np0000071510 proxy-server[128112]: 172.18.0.204 172.18.0.104 12/Jun/2026/08/52/58 GET /v1/AUTH_ef85e77878ca49cebc5107d5dc4c09a8/gnocchi.d543d934-5d5e-48f3-b641-d8da384a8e2c/none_v3 HTTP/1.0 404 - python-swiftclient-3.11.1 gAAAAABqK8jqdbsa... - 70 - tx9530887a31db4b5e86525-006a2bc8ea - 0.0917 - - 1781254378.777016878 1781254378.868727922 0
Jun 12 08:52:58 np0000071510 account-server[126184]: 172.20.0.103 - - [12/Jun/2026:08:52:58 +0000] "PUT /d1/19/AUTH_ef85e77878ca49cebc5107d5dc4c09a8/gnocchi.d543d934-5d5e-48f3-b641-d8da384a8e2c" 201 - "PUT http://172.20.0.103:6001/d1/317/AUTH_ef85e77878ca49cebc5107d5dc4c09a8/gnocchi.d543d934-5d5e-48f3-b641-d8da384a8e2c" "txada4199d1e164b9b9c7d7-006a2bc8ea" "container-server 23" 0.0068 "-" 17 0
Jun 12 08:52:58 np0000071510 container-server[126496]: 172.20.0.104 - - [12/Jun/2026:08:52:58 +0000] "PUT /d1/317/AUTH_ef85e77878ca49cebc5107d5dc4c09a8/gnocchi.d543d934-5d5e-48f3-b641-d8da384a8e2c" 201 - "PUT http://172.18.0.204:8080/v1/AUTH_ef85e77878ca49cebc5107d5dc4c09a8/gnocchi.d543d934-5d5e-48f3-b641-d8da384a8e2c" "txada4199d1e164b9b9c7d7-006a2bc8ea" "proxy-server 20" 0.0205 "-" 23 0
Jun 12 08:52:58 np0000071510 container-server[126484]: 172.20.0.105 - - [12/Jun/2026:08:52:58 +0000] "HEAD /d1/317/AUTH_ef85e77878ca49cebc5107d5dc4c09a8/gnocchi.d543d934-5d5e-48f3-b641-d8da384a8e2c" 204 - "HEAD http://172.18.0.204:8080/v1/AUTH_ef85e77878ca49cebc5107d5dc4c09a8/gnocchi.d543d934-5d5e-48f3-b641-d8da384a8e2c?format=json&states=listing" "txeaa57623b95b4c58adc96-006a2bc8ea" "proxy-server 12" 0.0016 "-" 22 0
Jun 12 08:52:58 np0000071510 container-server[126476]: 172.20.0.105 - - [12/Jun/2026:08:52:58 +0000] "GET /d1/317/AUTH_ef85e77878ca49cebc5107d5dc4c09a8/gnocchi.d543d934-5d5e-48f3-b641-d8da384a8e2c" 200 2 "GET http://172.18.0.204:8080/v1/AUTH_ef85e77878ca49cebc5107d5dc4c09a8/gnocchi.d543d934-5d5e-48f3-b641-d8da384a8e2c?format=json&states=listing" "txeaa57623b95b4c58adc96-006a2bc8ea" "proxy-server 12" 0.0042 "-" 21 0
Jun 12 08:52:58 np0000071510 object-server[126842]: 172.20.0.103 - - [12/Jun/2026:08:52:58 +0000] "GET /d1/681/AUTH_ef85e77878ca49cebc5107d5dc4c09a8/gnocchi.d543d934-5d5e-48f3-b641-d8da384a8e2c/1780920000.0_mean_300.0_v3" 404 70 "GET http://172.18.0.204:8080/v1/AUTH_ef85e77878ca49cebc5107d5dc4c09a8/gnocchi.d543d934-5d5e-48f3-b641-d8da384a8e2c/1780920000.0_mean_300.0_v3" "tx92e933969db24aeca1df8-006a2bc8ea" "proxy-server 20" 0.0006 "-" 23 0
Jun 12 08:52:58 np0000071510 proxy-server[128112]: 172.18.0.204 172.18.0.104 12/Jun/2026/08/52/58 GET /v1/AUTH_ef85e77878ca49cebc5107d5dc4c09a8/gnocchi.d543d934-5d5e-48f3-b641-d8da384a8e2c/1780920000.0_mean_300.0_v3 HTTP/1.0 404 - python-swiftclient-3.11.1 gAAAAABqK8jqdbsa... - 70 - tx92e933969db24aeca1df8-006a2bc8ea - 0.0150 - - 1781254378.937535524 1781254378.952503443 0
Jun 12 08:52:58 np0000071510 container-server[126476]: 172.20.0.104 - - [12/Jun/2026:08:52:58 +0000] "PUT /d1/317/AUTH_ef85e77878ca49cebc5107d5dc4c09a8/gnocchi.d543d934-5d5e-48f3-b641-d8da384a8e2c/1780920000.0_mean_300.0_v3" 201 - "PUT http://172.18.0.204:8080/d1/681/AUTH_ef85e77878ca49cebc5107d5dc4c09a8/gnocchi.d543d934-5d5e-48f3-b641-d8da384a8e2c/1780920000.0_mean_300.0_v3" "tx3b6bbfe75a1449fda0b9c-006a2bc8ea" "object-server 24" 0.0010 "-" 21 0
Jun 12 08:52:58 np0000071510 object-server[126842]: 172.20.0.104 - - [12/Jun/2026:08:52:58 +0000] "PUT /d1/681/AUTH_ef85e77878ca49cebc5107d5dc4c09a8/gnocchi.d543d934-5d5e-48f3-b641-d8da384a8e2c/1780920000.0_mean_300.0_v3" 201 - "PUT http://172.18.0.204:8080/v1/AUTH_ef85e77878ca49cebc5107d5dc4c09a8/gnocchi.d543d934-5d5e-48f3-b641-d8da384a8e2c/1780920000.0_mean_300.0_v3" "tx3b6bbfe75a1449fda0b9c-006a2bc8ea" "proxy-server 20" 0.0156 "-" 23 0
Jun 12 08:52:59 np0000071510 object-server[126864]: 172.20.0.105 - - [12/Jun/2026:08:52:59 +0000] "PUT /d1/894/AUTH_ef85e77878ca49cebc5107d5dc4c09a8/gnocchi.d543d934-5d5e-48f3-b641-d8da384a8e2c/none_v3" 201 - "PUT http://172.18.0.204:8080/v1/AUTH_ef85e77878ca49cebc5107d5dc4c09a8/gnocchi.d543d934-5d5e-48f3-b641-d8da384a8e2c/none_v3" "tx8d95a84b1b604eacb9eea-006a2bc8ea" "proxy-server 12" 0.0177 "-" 25 0
Jun 12 08:52:59 np0000071510 container-server[126484]: 172.20.0.105 - - [12/Jun/2026:08:52:59 +0000] "PUT /d1/317/AUTH_ef85e77878ca49cebc5107d5dc4c09a8/gnocchi.d543d934-5d5e-48f3-b641-d8da384a8e2c/none_v3" 201 - "PUT http://172.18.0.204:8080/d1/894/AUTH_ef85e77878ca49cebc5107d5dc4c09a8/gnocchi.d543d934-5d5e-48f3-b641-d8da384a8e2c/none_v3" "tx8d95a84b1b604eacb9eea-006a2bc8ea" "object-server 25" 0.0006 "-" 22 0
Jun 12 08:53:00 np0000071510 container-server[125900]: Beginning replication run
Jun 12 08:53:00 np0000071510 container-server[125900]: Replication run OVER
Jun 12 08:53:00 np0000071510 container-server[125900]: Attempted to replicate 3 dbs in 0.14380 seconds (20.86177/s)
Jun 12 08:53:00 np0000071510 container-server[125900]: Removed 0 dbs
Jun 12 08:53:00 np0000071510 container-server[125900]: 6 successes, 0 failures
Jun 12 08:53:00 np0000071510 container-server[125900]: diff:0 diff_capped:0 empty:0 hashmatch:0 no_change:6 remote_merge:0 rsync:0 ts_repl:0
Jun 12 08:53:09 np0000071510 container-server[126484]: 172.20.0.103 - - [12/Jun/2026:08:53:09 +0000] "HEAD /d1/406/AUTH_ef85e77878ca49cebc5107d5dc4c09a8/gnocchi.ebff7527-336f-4ffe-8244-f69641beea04" 404 - "HEAD http://172.18.0.204:8080/v1/AUTH_ef85e77878ca49cebc5107d5dc4c09a8/gnocchi.ebff7527-336f-4ffe-8244-f69641beea04?format=json&states=listing" "tx5441e55b5c4e480e91c3f-006a2bc8f5" "proxy-server 20" 0.0020 "-" 22 0
Jun 12 08:53:09 np0000071510 container-server[126476]: 172.20.0.104 - - [12/Jun/2026:08:53:09 +0000] "HEAD /d1/180/AUTH_ef85e77878ca49cebc5107d5dc4c09a8/gnocchi.9fd55d25-2bf0-4202-af20-2af103263838" 404 - "HEAD http://172.18.0.204:8080/v1/AUTH_ef85e77878ca49cebc5107d5dc4c09a8/gnocchi.9fd55d25-2bf0-4202-af20-2af103263838?format=json&states=listing" "tx1c51b102b03144698612e-006a2bc8f5" "proxy-server 20" 0.0004 "-" 21 0
Jun 12 08:53:09 np0000071510 object-server[126864]: 172.20.0.103 - - [12/Jun/2026:08:53:09 +0000] "GET /d1/468/AUTH_ef85e77878ca49cebc5107d5dc4c09a8/gnocchi.ebff7527-336f-4ffe-8244-f69641beea04/none_v3" 404 70 "GET http://172.18.0.204:8080/v1/AUTH_ef85e77878ca49cebc5107d5dc4c09a8/gnocchi.ebff7527-336f-4ffe-8244-f69641beea04/none_v3" "tx5441e55b5c4e480e91c3f-006a2bc8f5" "proxy-server 20" 0.0007 "-" 25 0
Jun 12 08:53:09 np0000071510 proxy-server[128112]: 172.18.0.204 172.18.0.104 12/Jun/2026/08/53/09 GET /v1/AUTH_ef85e77878ca49cebc5107d5dc4c09a8/gnocchi.ebff7527-336f-4ffe-8244-f69641beea04/none_v3 HTTP/1.0 404 - python-swiftclient-3.11.1 gAAAAABqK8jqdbsa... - 70 - tx5441e55b5c4e480e91c3f-006a2bc8f5 - 0.0324 - - 1781254389.457890749 1781254389.490289450 0
Jun 12 08:53:09 np0000071510 object-server[126864]: 172.20.0.104 - - [12/Jun/2026:08:53:09 +0000] "GET /d1/350/AUTH_ef85e77878ca49cebc5107d5dc4c09a8/gnocchi.9fd55d25-2bf0-4202-af20-2af103263838/none_v3" 404 70 "GET http://172.18.0.204:8080/v1/AUTH_ef85e77878ca49cebc5107d5dc4c09a8/gnocchi.9fd55d25-2bf0-4202-af20-2af103263838/none_v3" "tx1c51b102b03144698612e-006a2bc8f5" "proxy-server 20" 0.0004 "-" 25 0
Jun 12 08:53:09 np0000071510 container-server[126476]: 172.20.0.105 - - [12/Jun/2026:08:53:09 +0000] "PUT /d1/406/AUTH_ef85e77878ca49cebc5107d5dc4c09a8/gnocchi.ebff7527-336f-4ffe-8244-f69641beea04" 201 - "PUT http://172.18.0.204:8080/v1/AUTH_ef85e77878ca49cebc5107d5dc4c09a8/gnocchi.ebff7527-336f-4ffe-8244-f69641beea04" "txb5d9391a8ebb4b1094266-006a2bc8f5" "proxy-server 12" 0.0179 "-" 21 0
Jun 12 08:53:09 np0000071510 account-server[126172]: 172.20.0.104 - - [12/Jun/2026:08:53:09 +0000] "PUT /d1/19/AUTH_ef85e77878ca49cebc5107d5dc4c09a8/gnocchi.ebff7527-336f-4ffe-8244-f69641beea04" 201 - "PUT http://172.20.0.104:6001/d1/406/AUTH_ef85e77878ca49cebc5107d5dc4c09a8/gnocchi.ebff7527-336f-4ffe-8244-f69641beea04" "txb5d9391a8ebb4b1094266-006a2bc8f5" "container-server 23" 0.0025 "-" 16 0
Jun 12 08:53:09 np0000071510 account-server[126172]: 172.20.0.103 - - [12/Jun/2026:08:53:09 +0000] "PUT /d1/19/AUTH_ef85e77878ca49cebc5107d5dc4c09a8/gnocchi.9fd55d25-2bf0-4202-af20-2af103263838" 201 - "PUT http://172.20.0.103:6001/d1/180/AUTH_ef85e77878ca49cebc5107d5dc4c09a8/gnocchi.9fd55d25-2bf0-4202-af20-2af103263838" "txebd4e5ea64024f91b3660-006a2bc8f5" "container-server 23" 0.0055 "-" 16 0
Jun 12 08:53:09 np0000071510 container-server[126496]: 172.20.0.103 - - [12/Jun/2026:08:53:09 +0000] "PUT /d1/180/AUTH_ef85e77878ca49cebc5107d5dc4c09a8/gnocchi.9fd55d25-2bf0-4202-af20-2af103263838" 201 - "PUT http://172.18.0.204:8080/v1/AUTH_ef85e77878ca49cebc5107d5dc4c09a8/gnocchi.9fd55d25-2bf0-4202-af20-2af103263838" "txebd4e5ea64024f91b3660-006a2bc8f5" "proxy-server 20" 0.0173 "-" 23 0
Jun 12 08:53:09 np0000071510 proxy-server[128112]: 172.18.0.105 172.18.0.104 12/Jun/2026/08/53/09 PUT /v1/AUTH_ef85e77878ca49cebc5107d5dc4c09a8/gnocchi.9fd55d25-2bf0-4202-af20-2af103263838 HTTP/1.0 201 - python-swiftclient-3.11.1 gAAAAABqK8immuXj... - - - txebd4e5ea64024f91b3660-006a2bc8f5 - 0.0269 - - 1781254389.505254745 1781254389.532122135 0
Jun 12 08:53:09 np0000071510 object-server[126840]: 172.20.0.103 - - [12/Jun/2026:08:53:09 +0000] "GET /d1/479/AUTH_ef85e77878ca49cebc5107d5dc4c09a8/gnocchi.ebff7527-336f-4ffe-8244-f69641beea04/1780920000.0_mean_300.0_v3" 404 70 "GET http://172.18.0.204:8080/v1/AUTH_ef85e77878ca49cebc5107d5dc4c09a8/gnocchi.ebff7527-336f-4ffe-8244-f69641beea04/1780920000.0_mean_300.0_v3" "txc0014112d00f4dcf8cc14-006a2bc8f5" "proxy-server 20" 0.0006 "-" 22 0
Jun 12 08:53:09 np0000071510 proxy-server[128112]: 172.18.0.204 172.18.0.104 12/Jun/2026/08/53/09 GET /v1/AUTH_ef85e77878ca49cebc5107d5dc4c09a8/gnocchi.ebff7527-336f-4ffe-8244-f69641beea04/1780920000.0_mean_300.0_v3 HTTP/1.0 404 - python-swiftclient-3.11.1 gAAAAABqK8jqdbsa... - 70 - txc0014112d00f4dcf8cc14-006a2bc8f5 - 0.0156 - - 1781254389.557633638 1781254389.573230505 0
Jun 12 08:53:09 np0000071510 container-server[126484]: 172.20.0.103 - - [12/Jun/2026:08:53:09 +0000] "PUT /d1/406/AUTH_ef85e77878ca49cebc5107d5dc4c09a8/gnocchi.ebff7527-336f-4ffe-8244-f69641beea04/1780920000.0_mean_300.0_v3" 201 - "PUT http://172.18.0.204:8080/d1/479/AUTH_ef85e77878ca49cebc5107d5dc4c09a8/gnocchi.ebff7527-336f-4ffe-8244-f69641beea04/1780920000.0_mean_300.0_v3" "tx4a0c265705554e059d2ff-006a2bc8f5" "object-server 23" 0.0009 "-" 22 0
Jun 12 08:53:09 np0000071510 object-server[126842]: 172.20.0.105 - - [12/Jun/2026:08:53:09 +0000] "PUT /d1/479/AUTH_ef85e77878ca49cebc5107d5dc4c09a8/gnocchi.ebff7527-336f-4ffe-8244-f69641beea04/1780920000.0_mean_300.0_v3" 201 - "PUT http://172.18.0.204:8080/v1/AUTH_ef85e77878ca49cebc5107d5dc4c09a8/gnocchi.ebff7527-336f-4ffe-8244-f69641beea04/1780920000.0_mean_300.0_v3" "tx4a0c265705554e059d2ff-006a2bc8f5" "proxy-server 12" 0.0130 "-" 23 0
Jun 12 08:53:09 np0000071510 object-server[126840]: 172.20.0.104 - - [12/Jun/2026:08:53:09 +0000] "GET /d1/44/AUTH_ef85e77878ca49cebc5107d5dc4c09a8/gnocchi.9fd55d25-2bf0-4202-af20-2af103263838/1780920000.0_mean_300.0_v3" 404 70 "GET http://172.18.0.204:8080/v1/AUTH_ef85e77878ca49cebc5107d5dc4c09a8/gnocchi.9fd55d25-2bf0-4202-af20-2af103263838/1780920000.0_mean_300.0_v3" "tx9c9d3e185e254bc8866b0-006a2bc8f5" "proxy-server 20" 0.0005 "-" 22 0
Jun 12 08:53:09 np0000071510 object-server[126864]: 172.20.0.103 - - [12/Jun/2026:08:53:09 +0000] "PUT /d1/468/AUTH_ef85e77878ca49cebc5107d5dc4c09a8/gnocchi.ebff7527-336f-4ffe-8244-f69641beea04/none_v3" 201 - "PUT http://172.18.0.204:8080/v1/AUTH_ef85e77878ca49cebc5107d5dc4c09a8/gnocchi.ebff7527-336f-4ffe-8244-f69641beea04/none_v3" "tx0b60d3a3874548cca17cf-006a2bc8f5" "proxy-server 20" 0.0128 "-" 25 0
Jun 12 08:53:09 np0000071510 container-server[126496]: 172.20.0.104 - - [12/Jun/2026:08:53:09 +0000] "PUT /d1/406/AUTH_ef85e77878ca49cebc5107d5dc4c09a8/gnocchi.ebff7527-336f-4ffe-8244-f69641beea04/none_v3" 201 - "PUT http://172.18.0.204:8080/d1/468/AUTH_ef85e77878ca49cebc5107d5dc4c09a8/gnocchi.ebff7527-336f-4ffe-8244-f69641beea04/none_v3" "tx0b60d3a3874548cca17cf-006a2bc8f5" "object-server 22" 0.0012 "-" 23 0
Jun 12 08:53:09 np0000071510 proxy-server[128112]: 172.18.0.204 172.18.0.104 12/Jun/2026/08/53/09 PUT /v1/AUTH_ef85e77878ca49cebc5107d5dc4c09a8/gnocchi.ebff7527-336f-4ffe-8244-f69641beea04/none_v3 HTTP/1.0 201 - python-swiftclient-3.11.1 gAAAAABqK8jqdbsa... 22 - - tx0b60d3a3874548cca17cf-006a2bc8f5 - 0.0240 - - 1781254389.606974602 1781254389.630947113 0
Jun 12 08:53:09 np0000071510 container-server[126476]: 172.20.0.104 - - [12/Jun/2026:08:53:09 +0000] "HEAD /d1/393/AUTH_ef85e77878ca49cebc5107d5dc4c09a8/gnocchi.d95abb9a-53c3-4402-83a4-ca46022ce1c5" 404 - "HEAD http://172.18.0.204:8080/v1/AUTH_ef85e77878ca49cebc5107d5dc4c09a8/gnocchi.d95abb9a-53c3-4402-83a4-ca46022ce1c5?format=json&states=listing" "tx4d43d53de6654283929d0-006a2bc8f5" "proxy-server 20" 0.0006 "-" 21 0
Jun 12 08:53:09 np0000071510 object-server[126864]: 172.20.0.104 - - [12/Jun/2026:08:53:09 +0000] "GET /d1/793/AUTH_ef85e77878ca49cebc5107d5dc4c09a8/gnocchi.d95abb9a-53c3-4402-83a4-ca46022ce1c5/none_v3" 404 70 "GET http://172.18.0.204:8080/v1/AUTH_ef85e77878ca49cebc5107d5dc4c09a8/gnocchi.d95abb9a-53c3-4402-83a4-ca46022ce1c5/none_v3" "tx4d43d53de6654283929d0-006a2bc8f5" "proxy-server 20" 0.0004 "-" 25 0
Jun 12 08:53:09 np0000071510 container-server[126484]: 172.20.0.103 - - [12/Jun/2026:08:53:09 +0000] "PUT /d1/180/AUTH_ef85e77878ca49cebc5107d5dc4c09a8/gnocchi.9fd55d25-2bf0-4202-af20-2af103263838/1780920000.0_mean_300.0_v3" 201 - "PUT http://172.18.0.204:8080/d1/44/AUTH_ef85e77878ca49cebc5107d5dc4c09a8/gnocchi.9fd55d25-2bf0-4202-af20-2af103263838/1780920000.0_mean_300.0_v3" "tx40fa101b46c845eca8aac-006a2bc8f5" "object-server 24" 0.0007 "-" 22 0
Jun 12 08:53:09 np0000071510 account-server[126172]: 172.20.0.105 - - [12/Jun/2026:08:53:09 +0000] "PUT /d1/19/AUTH_ef85e77878ca49cebc5107d5dc4c09a8/gnocchi.d95abb9a-53c3-4402-83a4-ca46022ce1c5" 201 - "PUT http://172.20.0.105:6001/d1/393/AUTH_ef85e77878ca49cebc5107d5dc4c09a8/gnocchi.d95abb9a-53c3-4402-83a4-ca46022ce1c5" "tx720085f0797746a3ae22c-006a2bc8f5" "container-server 20" 0.0075 "-" 16 0
Jun 12 08:53:09 np0000071510 object-server[126852]: 172.20.0.105 - - [12/Jun/2026:08:53:09 +0000] "PUT /d1/44/AUTH_ef85e77878ca49cebc5107d5dc4c09a8/gnocchi.9fd55d25-2bf0-4202-af20-2af103263838/1780920000.0_mean_300.0_v3" 201 - "PUT http://172.18.0.204:8080/v1/AUTH_ef85e77878ca49cebc5107d5dc4c09a8/gnocchi.9fd55d25-2bf0-4202-af20-2af103263838/1780920000.0_mean_300.0_v3" "tx40fa101b46c845eca8aac-006a2bc8f5" "proxy-server 12" 0.0780 "-" 24 0
Jun 12 08:53:09 np0000071510 container-server[126484]: 172.20.0.103 - - [12/Jun/2026:08:53:09 +0000] "PUT /d1/393/AUTH_ef85e77878ca49cebc5107d5dc4c09a8/gnocchi.d95abb9a-53c3-4402-83a4-ca46022ce1c5" 201 - "PUT http://172.18.0.204:8080/v1/AUTH_ef85e77878ca49cebc5107d5dc4c09a8/gnocchi.d95abb9a-53c3-4402-83a4-ca46022ce1c5" "tx720085f0797746a3ae22c-006a2bc8f5" "proxy-server 20" 0.0289 "-" 22 0
