Jun 12 08:59:01 np0000071511 object-server[120944]: 172.20.0.103 - - [12/Jun/2026:08:59:01 +0000] "PUT /d1/66/AUTH_ef85e77878ca49cebc5107d5dc4c09a8/gnocchi.ee13968a-327c-4a0d-b731-140d5983d4df/1780920000.0_rate%3Amean_300.0_v3" 201 - "PUT http://172.18.0.204:8080/v1/AUTH_ef85e77878ca49cebc5107d5dc4c09a8/gnocchi.ee13968a-327c-4a0d-b731-140d5983d4df/1780920000.0_rate%3Amean_300.0_v3" "tx79b2e76ad1a043248ebfb-006a2bca55" "proxy-server 20" 0.0148 "-" 25 0
Jun 12 08:59:01 np0000071511 container-server[120542]: 172.20.0.104 - - [12/Jun/2026:08:59:01 +0000] "PUT /d1/90/AUTH_ef85e77878ca49cebc5107d5dc4c09a8/gnocchi.ee13968a-327c-4a0d-b731-140d5983d4df/1780920000.0_mean_300.0_v3" 201 - "PUT http://172.18.0.204:8080/d1/621/AUTH_ef85e77878ca49cebc5107d5dc4c09a8/gnocchi.ee13968a-327c-4a0d-b731-140d5983d4df/1780920000.0_mean_300.0_v3" "tx1dcfd9db2e80474fab325-006a2bca55" "object-server 22" 0.0012 "-" 20 0
Jun 12 08:59:01 np0000071511 object-server[120936]: 172.20.0.105 - - [12/Jun/2026:08:59:01 +0000] "PUT /d1/621/AUTH_ef85e77878ca49cebc5107d5dc4c09a8/gnocchi.ee13968a-327c-4a0d-b731-140d5983d4df/1780920000.0_mean_300.0_v3" 201 - "PUT http://172.18.0.204:8080/v1/AUTH_ef85e77878ca49cebc5107d5dc4c09a8/gnocchi.ee13968a-327c-4a0d-b731-140d5983d4df/1780920000.0_mean_300.0_v3" "tx1dcfd9db2e80474fab325-006a2bca55" "proxy-server 12" 0.0152 "-" 22 0
Jun 12 08:59:01 np0000071511 container-server[120559]: 172.20.0.103 - - [12/Jun/2026:08:59:01 +0000] "GET /d1/713/AUTH_ef85e77878ca49cebc5107d5dc4c09a8/gnocchi.a2afc5f7-9e3c-42f9-8c45-65b2b276ec92" 200 2 "GET http://172.18.0.204:8080/v1/AUTH_ef85e77878ca49cebc5107d5dc4c09a8/gnocchi.a2afc5f7-9e3c-42f9-8c45-65b2b276ec92?format=json&marker=none_v3&states=listing" "txb4289d9e067b4ffc8f41a-006a2bca55" "proxy-server 20" 0.0037 "-" 23 0
Jun 12 08:59:01 np0000071511 object-server[120941]: 172.20.0.103 - - [12/Jun/2026:08:59:01 +0000] "GET /d1/22/AUTH_ef85e77878ca49cebc5107d5dc4c09a8/gnocchi.a2afc5f7-9e3c-42f9-8c45-65b2b276ec92/1780920000.0_rate%3Amean_300.0_v3" 404 70 "GET http://172.18.0.204:8080/v1/AUTH_ef85e77878ca49cebc5107d5dc4c09a8/gnocchi.a2afc5f7-9e3c-42f9-8c45-65b2b276ec92/1780920000.0_rate%3Amean_300.0_v3" "txb3107ae6d9c749ae9e80c-006a2bca55" "proxy-server 20" 0.0005 "-" 24 0
Jun 12 08:59:01 np0000071511 object-server[120941]: 172.20.0.103 - - [12/Jun/2026:08:59:01 +0000] "GET /d1/605/AUTH_ef85e77878ca49cebc5107d5dc4c09a8/gnocchi.a2afc5f7-9e3c-42f9-8c45-65b2b276ec92/1780920000.0_mean_300.0_v3" 200 16 "GET http://172.18.0.204:8080/v1/AUTH_ef85e77878ca49cebc5107d5dc4c09a8/gnocchi.a2afc5f7-9e3c-42f9-8c45-65b2b276ec92/1780920000.0_mean_300.0_v3" "tx746f3f27df7848488a794-006a2bca55" "proxy-server 20" 0.0012 "-" 24 0
Jun 12 08:59:01 np0000071511 container-server[120559]: 172.20.0.105 - - [12/Jun/2026:08:59:01 +0000] "PUT /d1/90/AUTH_ef85e77878ca49cebc5107d5dc4c09a8/gnocchi.ee13968a-327c-4a0d-b731-140d5983d4df/none_v3" 201 - "PUT http://172.18.0.204:8080/d1/546/AUTH_ef85e77878ca49cebc5107d5dc4c09a8/gnocchi.ee13968a-327c-4a0d-b731-140d5983d4df/none_v3" "txba1489b22d9542d1a9cca-006a2bca55" "object-server 24" 0.0011 "-" 23 0
Jun 12 08:59:01 np0000071511 object-server[120944]: 172.20.0.105 - - [12/Jun/2026:08:59:01 +0000] "PUT /d1/546/AUTH_ef85e77878ca49cebc5107d5dc4c09a8/gnocchi.ee13968a-327c-4a0d-b731-140d5983d4df/none_v3" 201 - "PUT http://172.18.0.204:8080/v1/AUTH_ef85e77878ca49cebc5107d5dc4c09a8/gnocchi.ee13968a-327c-4a0d-b731-140d5983d4df/none_v3" "txba1489b22d9542d1a9cca-006a2bca55" "proxy-server 12" 0.0164 "-" 25 0
Jun 12 08:59:01 np0000071511 container-server[120557]: 172.20.0.103 - - [12/Jun/2026:08:59:01 +0000] "PUT /d1/713/AUTH_ef85e77878ca49cebc5107d5dc4c09a8/gnocchi.a2afc5f7-9e3c-42f9-8c45-65b2b276ec92/1780920000.0_rate%3Amean_300.0_v3" 201 - "PUT http://172.18.0.204:8080/d1/22/AUTH_ef85e77878ca49cebc5107d5dc4c09a8/gnocchi.a2afc5f7-9e3c-42f9-8c45-65b2b276ec92/1780920000.0_rate%3Amean_300.0_v3" "txc8b96076faac44ee8d97c-006a2bca55" "object-server 22" 0.0010 "-" 22 0
Jun 12 08:59:01 np0000071511 object-server[120941]: 172.20.0.103 - - [12/Jun/2026:08:59:01 +0000] "PUT /d1/22/AUTH_ef85e77878ca49cebc5107d5dc4c09a8/gnocchi.a2afc5f7-9e3c-42f9-8c45-65b2b276ec92/1780920000.0_rate%3Amean_300.0_v3" 201 - "PUT http://172.18.0.204:8080/v1/AUTH_ef85e77878ca49cebc5107d5dc4c09a8/gnocchi.a2afc5f7-9e3c-42f9-8c45-65b2b276ec92/1780920000.0_rate%3Amean_300.0_v3" "txc8b96076faac44ee8d97c-006a2bca55" "proxy-server 20" 0.0135 "-" 24 0
Jun 12 08:59:01 np0000071511 container-server[120550]: 172.20.0.105 - - [12/Jun/2026:08:59:01 +0000] "PUT /d1/713/AUTH_ef85e77878ca49cebc5107d5dc4c09a8/gnocchi.a2afc5f7-9e3c-42f9-8c45-65b2b276ec92/1780920000.0_mean_300.0_v3" 201 - "PUT http://172.18.0.204:8080/d1/605/AUTH_ef85e77878ca49cebc5107d5dc4c09a8/gnocchi.a2afc5f7-9e3c-42f9-8c45-65b2b276ec92/1780920000.0_mean_300.0_v3" "txde79f77863684e7e8d12a-006a2bca55" "object-server 24" 0.0009 "-" 21 0
Jun 12 08:59:01 np0000071511 object-server[120944]: 172.20.0.103 - - [12/Jun/2026:08:59:01 +0000] "GET /d1/32/AUTH_ef85e77878ca49cebc5107d5dc4c09a8/gnocchi.764659f8-6805-4fea-add9-148aa550de2b/none_v3" 200 22 "GET http://172.18.0.204:8080/v1/AUTH_ef85e77878ca49cebc5107d5dc4c09a8/gnocchi.764659f8-6805-4fea-add9-148aa550de2b/none_v3" "tx3a1ccb611c28473994444-006a2bca55" "proxy-server 20" 0.0011 "-" 25 0
Jun 12 08:59:01 np0000071511 object-server[120944]: 172.20.0.105 - - [12/Jun/2026:08:59:01 +0000] "PUT /d1/605/AUTH_ef85e77878ca49cebc5107d5dc4c09a8/gnocchi.a2afc5f7-9e3c-42f9-8c45-65b2b276ec92/1780920000.0_mean_300.0_v3" 201 - "PUT http://172.18.0.204:8080/v1/AUTH_ef85e77878ca49cebc5107d5dc4c09a8/gnocchi.a2afc5f7-9e3c-42f9-8c45-65b2b276ec92/1780920000.0_mean_300.0_v3" "txde79f77863684e7e8d12a-006a2bca55" "proxy-server 12" 0.0164 "-" 25 0
Jun 12 08:59:01 np0000071511 container-server[120559]: 172.20.0.105 - - [12/Jun/2026:08:59:01 +0000] "PUT /d1/713/AUTH_ef85e77878ca49cebc5107d5dc4c09a8/gnocchi.a2afc5f7-9e3c-42f9-8c45-65b2b276ec92/none_v3" 201 - "PUT http://172.18.0.204:8080/d1/413/AUTH_ef85e77878ca49cebc5107d5dc4c09a8/gnocchi.a2afc5f7-9e3c-42f9-8c45-65b2b276ec92/none_v3" "txac45d7fa76f44ce2a72d4-006a2bca55" "object-server 25" 0.0009 "-" 23 0
Jun 12 08:59:01 np0000071511 object-server[120941]: 172.20.0.103 - - [12/Jun/2026:08:59:01 +0000] "PUT /d1/413/AUTH_ef85e77878ca49cebc5107d5dc4c09a8/gnocchi.a2afc5f7-9e3c-42f9-8c45-65b2b276ec92/none_v3" 201 - "PUT http://172.18.0.204:8080/v1/AUTH_ef85e77878ca49cebc5107d5dc4c09a8/gnocchi.a2afc5f7-9e3c-42f9-8c45-65b2b276ec92/none_v3" "txac45d7fa76f44ce2a72d4-006a2bca55" "proxy-server 20" 0.0140 "-" 24 0
Jun 12 08:59:01 np0000071511 object-server[120941]: 172.20.0.105 - - [12/Jun/2026:08:59:01 +0000] "GET /d1/604/AUTH_ef85e77878ca49cebc5107d5dc4c09a8/gnocchi.764659f8-6805-4fea-add9-148aa550de2b/1780920000.0_rate%3Amean_300.0_v3" 404 70 "GET http://172.18.0.204:8080/v1/AUTH_ef85e77878ca49cebc5107d5dc4c09a8/gnocchi.764659f8-6805-4fea-add9-148aa550de2b/1780920000.0_rate%3Amean_300.0_v3" "tx9f76acba7f5a428684e6f-006a2bca55" "proxy-server 12" 0.0006 "-" 24 0
Jun 12 08:59:01 np0000071511 container-server[120550]: 172.20.0.103 - - [12/Jun/2026:08:59:01 +0000] "PUT /d1/567/AUTH_ef85e77878ca49cebc5107d5dc4c09a8/gnocchi.764659f8-6805-4fea-add9-148aa550de2b/1780920000.0_rate%3Amean_300.0_v3" 201 - "PUT http://172.18.0.204:8080/d1/604/AUTH_ef85e77878ca49cebc5107d5dc4c09a8/gnocchi.764659f8-6805-4fea-add9-148aa550de2b/1780920000.0_rate%3Amean_300.0_v3" "txdc5599f2b22f4d9b89423-006a2bca55" "object-server 25" 0.0008 "-" 21 0
Jun 12 08:59:01 np0000071511 object-server[120940]: 172.20.0.105 - - [12/Jun/2026:08:59:01 +0000] "PUT /d1/604/AUTH_ef85e77878ca49cebc5107d5dc4c09a8/gnocchi.764659f8-6805-4fea-add9-148aa550de2b/1780920000.0_rate%3Amean_300.0_v3" 201 - "PUT http://172.18.0.204:8080/v1/AUTH_ef85e77878ca49cebc5107d5dc4c09a8/gnocchi.764659f8-6805-4fea-add9-148aa550de2b/1780920000.0_rate%3Amean_300.0_v3" "txdc5599f2b22f4d9b89423-006a2bca55" "proxy-server 12" 0.0130 "-" 23 0
Jun 12 08:59:01 np0000071511 container-server[120542]: 172.20.0.105 - - [12/Jun/2026:08:59:01 +0000] "PUT /d1/567/AUTH_ef85e77878ca49cebc5107d5dc4c09a8/gnocchi.764659f8-6805-4fea-add9-148aa550de2b/1780920000.0_mean_300.0_v3" 201 - "PUT http://172.18.0.204:8080/d1/522/AUTH_ef85e77878ca49cebc5107d5dc4c09a8/gnocchi.764659f8-6805-4fea-add9-148aa550de2b/1780920000.0_mean_300.0_v3" "txa6461c72d68c4cd780a30-006a2bca55" "object-server 24" 0.0008 "-" 20 0
Jun 12 08:59:01 np0000071511 object-server[120940]: 172.20.0.103 - - [12/Jun/2026:08:59:01 +0000] "PUT /d1/522/AUTH_ef85e77878ca49cebc5107d5dc4c09a8/gnocchi.764659f8-6805-4fea-add9-148aa550de2b/1780920000.0_mean_300.0_v3" 201 - "PUT http://172.18.0.204:8080/v1/AUTH_ef85e77878ca49cebc5107d5dc4c09a8/gnocchi.764659f8-6805-4fea-add9-148aa550de2b/1780920000.0_mean_300.0_v3" "txa6461c72d68c4cd780a30-006a2bca55" "proxy-server 20" 0.0127 "-" 23 0
Jun 12 08:59:01 np0000071511 object-server[120944]: 172.20.0.103 - - [12/Jun/2026:08:59:01 +0000] "PUT /d1/32/AUTH_ef85e77878ca49cebc5107d5dc4c09a8/gnocchi.764659f8-6805-4fea-add9-148aa550de2b/none_v3" 201 - "PUT http://172.18.0.204:8080/v1/AUTH_ef85e77878ca49cebc5107d5dc4c09a8/gnocchi.764659f8-6805-4fea-add9-148aa550de2b/none_v3" "tx18bd4a2234ad403d9e4c1-006a2bca55" "proxy-server 20" 0.0111 "-" 25 0
Jun 12 08:59:01 np0000071511 container-server[120557]: 172.20.0.105 - - [12/Jun/2026:08:59:01 +0000] "PUT /d1/567/AUTH_ef85e77878ca49cebc5107d5dc4c09a8/gnocchi.764659f8-6805-4fea-add9-148aa550de2b/none_v3" 201 - "PUT http://172.18.0.204:8080/d1/32/AUTH_ef85e77878ca49cebc5107d5dc4c09a8/gnocchi.764659f8-6805-4fea-add9-148aa550de2b/none_v3" "tx18bd4a2234ad403d9e4c1-006a2bca55" "object-server 25" 0.0010 "-" 22 0
Jun 12 08:59:01 np0000071511 container-server[120557]: 172.20.0.105 - - [12/Jun/2026:08:59:01 +0000] "GET /d1/896/AUTH_ef85e77878ca49cebc5107d5dc4c09a8/gnocchi.d5278fd2-d130-4023-909f-95671015e62c" 200 2 "GET http://172.18.0.204:8080/v1/AUTH_ef85e77878ca49cebc5107d5dc4c09a8/gnocchi.d5278fd2-d130-4023-909f-95671015e62c?format=json&marker=none_v3&states=listing" "txa2c62f287e974450895d0-006a2bca55" "proxy-server 12" 0.0048 "-" 22 0
Jun 12 08:59:01 np0000071511 object-server[120940]: 172.20.0.103 - - [12/Jun/2026:08:59:01 +0000] "GET /d1/267/AUTH_ef85e77878ca49cebc5107d5dc4c09a8/gnocchi.d5278fd2-d130-4023-909f-95671015e62c/1780920000.0_rate%3Amean_300.0_v3" 404 70 "GET http://172.18.0.204:8080/v1/AUTH_ef85e77878ca49cebc5107d5dc4c09a8/gnocchi.d5278fd2-d130-4023-909f-95671015e62c/1780920000.0_rate%3Amean_300.0_v3" "tx30333a0627c04691aa5d3-006a2bca55" "proxy-server 20" 0.0006 "-" 23 0
Jun 12 08:59:02 np0000071511 object-server[120944]: 172.20.0.105 - - [12/Jun/2026:08:59:02 +0000] "GET /d1/752/AUTH_ef85e77878ca49cebc5107d5dc4c09a8/gnocchi.d5278fd2-d130-4023-909f-95671015e62c/1780920000.0_mean_300.0_v3" 200 16 "GET http://172.18.0.204:8080/v1/AUTH_ef85e77878ca49cebc5107d5dc4c09a8/gnocchi.d5278fd2-d130-4023-909f-95671015e62c/1780920000.0_mean_300.0_v3" "txb9f07a44082345c3bc7cd-006a2bca55" "proxy-server 12" 0.0011 "-" 25 0
Jun 12 08:59:02 np0000071511 container-server[120550]: 172.20.0.105 - - [12/Jun/2026:08:59:02 +0000] "PUT /d1/896/AUTH_ef85e77878ca49cebc5107d5dc4c09a8/gnocchi.d5278fd2-d130-4023-909f-95671015e62c/1780920000.0_rate%3Amean_300.0_v3" 201 - "PUT http://172.18.0.204:8080/d1/267/AUTH_ef85e77878ca49cebc5107d5dc4c09a8/gnocchi.d5278fd2-d130-4023-909f-95671015e62c/1780920000.0_rate%3Amean_300.0_v3" "txe2a5d0749bae4c8c86037-006a2bca56" "object-server 22" 0.0009 "-" 21 0
Jun 12 08:59:02 np0000071511 object-server[120944]: 172.20.0.103 - - [12/Jun/2026:08:59:02 +0000] "PUT /d1/267/AUTH_ef85e77878ca49cebc5107d5dc4c09a8/gnocchi.d5278fd2-d130-4023-909f-95671015e62c/1780920000.0_rate%3Amean_300.0_v3" 201 - "PUT http://172.18.0.204:8080/v1/AUTH_ef85e77878ca49cebc5107d5dc4c09a8/gnocchi.d5278fd2-d130-4023-909f-95671015e62c/1780920000.0_rate%3Amean_300.0_v3" "txe2a5d0749bae4c8c86037-006a2bca56" "proxy-server 20" 0.0131 "-" 25 0
Jun 12 08:59:02 np0000071511 container-server[120542]: 172.20.0.103 - - [12/Jun/2026:08:59:02 +0000] "PUT /d1/896/AUTH_ef85e77878ca49cebc5107d5dc4c09a8/gnocchi.d5278fd2-d130-4023-909f-95671015e62c/1780920000.0_mean_300.0_v3" 201 - "PUT http://172.18.0.204:8080/d1/752/AUTH_ef85e77878ca49cebc5107d5dc4c09a8/gnocchi.d5278fd2-d130-4023-909f-95671015e62c/1780920000.0_mean_300.0_v3" "tx2a3b47ad9897401fae8dc-006a2bca56" "object-server 22" 0.0008 "-" 20 0
Jun 12 08:59:02 np0000071511 object-server[120940]: 172.20.0.105 - - [12/Jun/2026:08:59:02 +0000] "PUT /d1/752/AUTH_ef85e77878ca49cebc5107d5dc4c09a8/gnocchi.d5278fd2-d130-4023-909f-95671015e62c/1780920000.0_mean_300.0_v3" 201 - "PUT http://172.18.0.204:8080/v1/AUTH_ef85e77878ca49cebc5107d5dc4c09a8/gnocchi.d5278fd2-d130-4023-909f-95671015e62c/1780920000.0_mean_300.0_v3" "tx2a3b47ad9897401fae8dc-006a2bca56" "proxy-server 12" 0.0132 "-" 23 0
Jun 12 08:59:02 np0000071511 object-server[120944]: 172.20.0.105 - - [12/Jun/2026:08:59:02 +0000] "GET /d1/620/AUTH_ef85e77878ca49cebc5107d5dc4c09a8/gnocchi.f6d0da45-cda2-4412-b5f9-41c7245bd199/none_v3" 200 22 "GET http://172.18.0.204:8080/v1/AUTH_ef85e77878ca49cebc5107d5dc4c09a8/gnocchi.f6d0da45-cda2-4412-b5f9-41c7245bd199/none_v3" "txa5a7e134f30d468d9f538-006a2bca56" "proxy-server 12" 0.0012 "-" 25 0
Jun 12 08:59:02 np0000071511 container-server[120559]: 172.20.0.105 - - [12/Jun/2026:08:59:02 +0000] "PUT /d1/896/AUTH_ef85e77878ca49cebc5107d5dc4c09a8/gnocchi.d5278fd2-d130-4023-909f-95671015e62c/none_v3" 201 - "PUT http://172.18.0.204:8080/d1/920/AUTH_ef85e77878ca49cebc5107d5dc4c09a8/gnocchi.d5278fd2-d130-4023-909f-95671015e62c/none_v3" "tx73d7076ffe654ddfa8ad9-006a2bca56" "object-server 24" 0.0008 "-" 23 0
Jun 12 08:59:02 np0000071511 object-server[120936]: 172.20.0.103 - - [12/Jun/2026:08:59:02 +0000] "PUT /d1/920/AUTH_ef85e77878ca49cebc5107d5dc4c09a8/gnocchi.d5278fd2-d130-4023-909f-95671015e62c/none_v3" 201 - "PUT http://172.18.0.204:8080/v1/AUTH_ef85e77878ca49cebc5107d5dc4c09a8/gnocchi.d5278fd2-d130-4023-909f-95671015e62c/none_v3" "tx73d7076ffe654ddfa8ad9-006a2bca56" "proxy-server 20" 0.0113 "-" 22 0
Jun 12 08:59:02 np0000071511 container-server[120542]: 172.20.0.104 - - [12/Jun/2026:08:59:02 +0000] "PUT /d1/968/AUTH_ef85e77878ca49cebc5107d5dc4c09a8/gnocchi.f6d0da45-cda2-4412-b5f9-41c7245bd199/1780920000.0_mean_300.0_v3" 201 - "PUT http://172.18.0.204:8080/d1/335/AUTH_ef85e77878ca49cebc5107d5dc4c09a8/gnocchi.f6d0da45-cda2-4412-b5f9-41c7245bd199/1780920000.0_mean_300.0_v3" "tx0c1bc54e477c413cbe9f4-006a2bca56" "object-server 23" 0.0008 "-" 20 0
Jun 12 08:59:02 np0000071511 object-server[120940]: 172.20.0.103 - - [12/Jun/2026:08:59:02 +0000] "PUT /d1/335/AUTH_ef85e77878ca49cebc5107d5dc4c09a8/gnocchi.f6d0da45-cda2-4412-b5f9-41c7245bd199/1780920000.0_mean_300.0_v3" 201 - "PUT http://172.18.0.204:8080/v1/AUTH_ef85e77878ca49cebc5107d5dc4c09a8/gnocchi.f6d0da45-cda2-4412-b5f9-41c7245bd199/1780920000.0_mean_300.0_v3" "tx0c1bc54e477c413cbe9f4-006a2bca56" "proxy-server 20" 0.0130 "-" 23 0
Jun 12 08:59:02 np0000071511 container-server[120542]: 172.20.0.104 - - [12/Jun/2026:08:59:02 +0000] "PUT /d1/968/AUTH_ef85e77878ca49cebc5107d5dc4c09a8/gnocchi.f6d0da45-cda2-4412-b5f9-41c7245bd199/none_v3" 201 - "PUT http://172.18.0.204:8080/d1/620/AUTH_ef85e77878ca49cebc5107d5dc4c09a8/gnocchi.f6d0da45-cda2-4412-b5f9-41c7245bd199/none_v3" "txdc8b06a2cdac48d486563-006a2bca56" "object-server 24" 0.0007 "-" 20 0
Jun 12 08:59:02 np0000071511 object-server[120941]: 172.20.0.105 - - [12/Jun/2026:08:59:02 +0000] "PUT /d1/620/AUTH_ef85e77878ca49cebc5107d5dc4c09a8/gnocchi.f6d0da45-cda2-4412-b5f9-41c7245bd199/none_v3" 201 - "PUT http://172.18.0.204:8080/v1/AUTH_ef85e77878ca49cebc5107d5dc4c09a8/gnocchi.f6d0da45-cda2-4412-b5f9-41c7245bd199/none_v3" "txdc8b06a2cdac48d486563-006a2bca56" "proxy-server 12" 0.0116 "-" 24 0
Jun 12 08:59:02 np0000071511 object-server[120944]: 172.20.0.105 - - [12/Jun/2026:08:59:02 +0000] "GET /d1/555/AUTH_ef85e77878ca49cebc5107d5dc4c09a8/gnocchi.db76e519-73c2-454a-9531-258c3e3f274c/1780920000.0_rate%3Amean_300.0_v3" 404 70 "GET http://172.18.0.204:8080/v1/AUTH_ef85e77878ca49cebc5107d5dc4c09a8/gnocchi.db76e519-73c2-454a-9531-258c3e3f274c/1780920000.0_rate%3Amean_300.0_v3" "tx6a6e416fc07a415c84098-006a2bca56" "proxy-server 12" 0.0005 "-" 25 0
Jun 12 08:59:02 np0000071511 object-server[120941]: 172.20.0.103 - - [12/Jun/2026:08:59:02 +0000] "GET /d1/34/AUTH_ef85e77878ca49cebc5107d5dc4c09a8/gnocchi.db76e519-73c2-454a-9531-258c3e3f274c/1780920000.0_mean_300.0_v3" 200 16 "GET http://172.18.0.204:8080/v1/AUTH_ef85e77878ca49cebc5107d5dc4c09a8/gnocchi.db76e519-73c2-454a-9531-258c3e3f274c/1780920000.0_mean_300.0_v3" "tx00c34473c8284184b981e-006a2bca56" "proxy-server 20" 0.0009 "-" 24 0
Jun 12 08:59:02 np0000071511 container-server[120542]: 172.20.0.103 - - [12/Jun/2026:08:59:02 +0000] "PUT /d1/624/AUTH_ef85e77878ca49cebc5107d5dc4c09a8/gnocchi.db76e519-73c2-454a-9531-258c3e3f274c/1780920000.0_rate%3Amean_300.0_v3" 201 - "PUT http://172.18.0.204:8080/d1/555/AUTH_ef85e77878ca49cebc5107d5dc4c09a8/gnocchi.db76e519-73c2-454a-9531-258c3e3f274c/1780920000.0_rate%3Amean_300.0_v3" "tx0f178a4ae1a74dd0980bc-006a2bca56" "object-server 25" 0.0009 "-" 20 0
Jun 12 08:59:02 np0000071511 object-server[120936]: 172.20.0.105 - - [12/Jun/2026:08:59:02 +0000] "PUT /d1/555/AUTH_ef85e77878ca49cebc5107d5dc4c09a8/gnocchi.db76e519-73c2-454a-9531-258c3e3f274c/1780920000.0_rate%3Amean_300.0_v3" 201 - "PUT http://172.18.0.204:8080/v1/AUTH_ef85e77878ca49cebc5107d5dc4c09a8/gnocchi.db76e519-73c2-454a-9531-258c3e3f274c/1780920000.0_rate%3Amean_300.0_v3" "tx0f178a4ae1a74dd0980bc-006a2bca56" "proxy-server 12" 0.0117 "-" 22 0
Jun 12 08:59:02 np0000071511 container-server[120542]: 172.20.0.104 - - [12/Jun/2026:08:59:02 +0000] "PUT /d1/624/AUTH_ef85e77878ca49cebc5107d5dc4c09a8/gnocchi.db76e519-73c2-454a-9531-258c3e3f274c/1780920000.0_mean_300.0_v3" 201 - "PUT http://172.18.0.204:8080/d1/34/AUTH_ef85e77878ca49cebc5107d5dc4c09a8/gnocchi.db76e519-73c2-454a-9531-258c3e3f274c/1780920000.0_mean_300.0_v3" "txd7461fbc0cbe4884924da-006a2bca56" "object-server 25" 0.0007 "-" 20 0
Jun 12 08:59:02 np0000071511 object-server[120944]: 172.20.0.103 - - [12/Jun/2026:08:59:02 +0000] "PUT /d1/34/AUTH_ef85e77878ca49cebc5107d5dc4c09a8/gnocchi.db76e519-73c2-454a-9531-258c3e3f274c/1780920000.0_mean_300.0_v3" 201 - "PUT http://172.18.0.204:8080/v1/AUTH_ef85e77878ca49cebc5107d5dc4c09a8/gnocchi.db76e519-73c2-454a-9531-258c3e3f274c/1780920000.0_mean_300.0_v3" "txd7461fbc0cbe4884924da-006a2bca56" "proxy-server 20" 0.0134 "-" 25 0
Jun 12 08:59:02 np0000071511 object-server[120940]: 172.20.0.105 - - [12/Jun/2026:08:59:02 +0000] "PUT /d1/855/AUTH_ef85e77878ca49cebc5107d5dc4c09a8/gnocchi.db76e519-73c2-454a-9531-258c3e3f274c/none_v3" 201 - "PUT http://172.18.0.204:8080/v1/AUTH_ef85e77878ca49cebc5107d5dc4c09a8/gnocchi.db76e519-73c2-454a-9531-258c3e3f274c/none_v3" "tx1ff1499c43854e20989bd-006a2bca56" "proxy-server 12" 0.0143 "-" 23 0
Jun 12 08:59:02 np0000071511 container-server[120559]: 172.20.0.103 - - [12/Jun/2026:08:59:02 +0000] "PUT /d1/624/AUTH_ef85e77878ca49cebc5107d5dc4c09a8/gnocchi.db76e519-73c2-454a-9531-258c3e3f274c/none_v3" 201 - "PUT http://172.18.0.204:8080/d1/855/AUTH_ef85e77878ca49cebc5107d5dc4c09a8/gnocchi.db76e519-73c2-454a-9531-258c3e3f274c/none_v3" "tx1ff1499c43854e20989bd-006a2bca56" "object-server 23" 0.0007 "-" 23 0
Jun 12 08:59:02 np0000071511 object-server[120936]: 172.20.0.104 - - [12/Jun/2026:08:59:02 +0000] "GET /d1/641/AUTH_ef85e77878ca49cebc5107d5dc4c09a8/gnocchi.849ce80c-32a1-4f25-827a-6f75fc090aca/none_v3" 200 22 "GET http://172.18.0.204:8080/v1/AUTH_ef85e77878ca49cebc5107d5dc4c09a8/gnocchi.849ce80c-32a1-4f25-827a-6f75fc090aca/none_v3" "tx1710c140e68e43babbaa4-006a2bca54" "proxy-server 20" 0.0012 "-" 22 0
Jun 12 08:59:02 np0000071511 proxy-server[122457]: 172.18.0.103 172.18.0.104 12/Jun/2026/08/59/02 GET /v1/AUTH_ef85e77878ca49cebc5107d5dc4c09a8/gnocchi.849ce80c-32a1-4f25-827a-6f75fc090aca/none_v3 HTTP/1.0 200 - python-swiftclient-3.11.1 gAAAAABqK8j1-Tkw... - 22 - tx1710c140e68e43babbaa4-006a2bca54 - 1.9719 - - 1781254740.489086866 1781254742.461014986 0
Jun 12 08:59:02 np0000071511 object-server[120940]: 172.20.0.103 - - [12/Jun/2026:08:59:02 +0000] "GET /d1/591/AUTH_ef85e77878ca49cebc5107d5dc4c09a8/gnocchi.52daf89e-f3d1-4104-a4ab-5fae6f0bf6e0/none_v3" 200 22 "GET http://172.18.0.204:8080/v1/AUTH_ef85e77878ca49cebc5107d5dc4c09a8/gnocchi.52daf89e-f3d1-4104-a4ab-5fae6f0bf6e0/none_v3" "txca0c73090968449fb781e-006a2bca56" "proxy-server 20" 0.0010 "-" 23 0
Jun 12 08:59:02 np0000071511 proxy-server[122457]: 172.18.0.105 172.18.0.104 12/Jun/2026/08/59/02 GET /v1/AUTH_ef85e77878ca49cebc5107d5dc4c09a8/gnocchi.52daf89e-f3d1-4104-a4ab-5fae6f0bf6e0%3Fformat%3Djson%26states%3Dlisting HTTP/1.0 200 - python-swiftclient-3.11.1 gAAAAABqK8immuXj... - 357 - tx35de38fc8e814459bd04a-006a2bca56 - 0.0084 - - 1781254742.473008633 1781254742.481450796 0
Jun 12 08:59:02 np0000071511 proxy-server[122457]: 172.18.0.103 172.18.0.104 12/Jun/2026/08/59/02 GET /v1/AUTH_ef85e77878ca49cebc5107d5dc4c09a8/gnocchi.849ce80c-32a1-4f25-827a-6f75fc090aca%3Fformat%3Djson%26marker%3Dnone_v3%26states%3Dlisting HTTP/1.0 200 - python-swiftclient-3.11.1 gAAAAABqK8j1-Tkw... - 2 - txb2ca54559ffa459fa9252-006a2bca56 - 0.0101 - - 1781254742.486318111 1781254742.496413708 0
Jun 12 08:59:02 np0000071511 object-server[120944]: 172.20.0.105 - - [12/Jun/2026:08:59:02 +0000] "GET /d1/38/AUTH_ef85e77878ca49cebc5107d5dc4c09a8/gnocchi.849ce80c-32a1-4f25-827a-6f75fc090aca/1780920000.0_rate%3Amean_300.0_v3" 404 70 "GET http://172.18.0.204:8080/v1/AUTH_ef85e77878ca49cebc5107d5dc4c09a8/gnocchi.849ce80c-32a1-4f25-827a-6f75fc090aca/1780920000.0_rate%3Amean_300.0_v3" "tx3f6e6e0f7e874f5e898ad-006a2bca56" "proxy-server 12" 0.0003 "-" 25 0
Jun 12 08:59:02 np0000071511 object-server[120940]: 172.20.0.104 - - [12/Jun/2026:08:59:02 +0000] "GET /d1/121/AUTH_ef85e77878ca49cebc5107d5dc4c09a8/gnocchi.52daf89e-f3d1-4104-a4ab-5fae6f0bf6e0/1780920000.0_rate%3Amean_300.0_v3" 404 70 "GET http://172.18.0.204:8080/v1/AUTH_ef85e77878ca49cebc5107d5dc4c09a8/gnocchi.52daf89e-f3d1-4104-a4ab-5fae6f0bf6e0/1780920000.0_rate%3Amean_300.0_v3" "tx064a425779b545649a175-006a2bca56" "proxy-server 20" 0.0003 "-" 23 0
Jun 12 08:59:02 np0000071511 proxy-server[122457]: 172.18.0.105 172.18.0.104 12/Jun/2026/08/59/02 GET /v1/AUTH_ef85e77878ca49cebc5107d5dc4c09a8/gnocchi.52daf89e-f3d1-4104-a4ab-5fae6f0bf6e0/1780920000.0_rate%253Amean_300.0_v3 HTTP/1.0 404 - python-swiftclient-3.11.1 gAAAAABqK8immuXj... - 70 - tx064a425779b545649a175-006a2bca56 - 0.0138 - - 1781254742.505506516 1781254742.519315004 0
Jun 12 08:59:02 np0000071511 proxy-server[122457]: 172.18.0.103 172.18.0.104 12/Jun/2026/08/59/02 GET /v1/AUTH_ef85e77878ca49cebc5107d5dc4c09a8/gnocchi.849ce80c-32a1-4f25-827a-6f75fc090aca/1780920000.0_mean_300.0_v3 HTTP/1.0 200 - python-swiftclient-3.11.1 gAAAAABqK8j1-Tkw... - 16 - tx05bf218a233d47018fe43-006a2bca56 - 0.0092 - - 1781254742.524397612 1781254742.533641815 0
Jun 12 08:59:02 np0000071511 container-server[120550]: 172.20.0.104 - - [12/Jun/2026:08:59:02 +0000] "PUT /d1/772/AUTH_ef85e77878ca49cebc5107d5dc4c09a8/gnocchi.849ce80c-32a1-4f25-827a-6f75fc090aca/1780920000.0_rate%3Amean_300.0_v3" 201 - "PUT http://172.18.0.204:8080/d1/38/AUTH_ef85e77878ca49cebc5107d5dc4c09a8/gnocchi.849ce80c-32a1-4f25-827a-6f75fc090aca/1780920000.0_rate%3Amean_300.0_v3" "tx7224e2f537c94de2b6322-006a2bca56" "object-server 24" 0.0005 "-" 21 0
Jun 12 08:59:02 np0000071511 object-server[120941]: 172.20.0.104 - - [12/Jun/2026:08:59:02 +0000] "PUT /d1/38/AUTH_ef85e77878ca49cebc5107d5dc4c09a8/gnocchi.849ce80c-32a1-4f25-827a-6f75fc090aca/1780920000.0_rate%3Amean_300.0_v3" 201 - "PUT http://172.18.0.204:8080/v1/AUTH_ef85e77878ca49cebc5107d5dc4c09a8/gnocchi.849ce80c-32a1-4f25-827a-6f75fc090aca/1780920000.0_rate%3Amean_300.0_v3" "tx7224e2f537c94de2b6322-006a2bca56" "proxy-server 20" 0.0145 "-" 24 0
Jun 12 08:59:02 np0000071511 container-server[120559]: 172.20.0.104 - - [12/Jun/2026:08:59:02 +0000] "PUT /d1/261/AUTH_ef85e77878ca49cebc5107d5dc4c09a8/gnocchi.52daf89e-f3d1-4104-a4ab-5fae6f0bf6e0/1780920000.0_rate%3Amean_300.0_v3" 201 - "PUT http://172.18.0.204:8080/d1/121/AUTH_ef85e77878ca49cebc5107d5dc4c09a8/gnocchi.52daf89e-f3d1-4104-a4ab-5fae6f0bf6e0/1780920000.0_rate%3Amean_300.0_v3" "tx3c93a697c66c4d29b2413-006a2bca56" "object-server 23" 0.0009 "-" 23 0
Jun 12 08:59:02 np0000071511 object-server[120940]: 172.20.0.105 - - [12/Jun/2026:08:59:02 +0000] "PUT /d1/121/AUTH_ef85e77878ca49cebc5107d5dc4c09a8/gnocchi.52daf89e-f3d1-4104-a4ab-5fae6f0bf6e0/1780920000.0_rate%3Amean_300.0_v3" 201 - "PUT http://172.18.0.204:8080/v1/AUTH_ef85e77878ca49cebc5107d5dc4c09a8/gnocchi.52daf89e-f3d1-4104-a4ab-5fae6f0bf6e0/1780920000.0_rate%3Amean_300.0_v3" "tx3c93a697c66c4d29b2413-006a2bca56" "proxy-server 12" 0.0169 "-" 23 0
Jun 12 08:59:02 np0000071511 proxy-server[122457]: 172.18.0.103 172.18.0.104 12/Jun/2026/08/59/02 PUT /v1/AUTH_ef85e77878ca49cebc5107d5dc4c09a8/gnocchi.849ce80c-32a1-4f25-827a-6f75fc090aca/1780920000.0_rate%253Amean_300.0_v3 HTTP/1.0 201 - python-swiftclient-3.11.1 gAAAAABqK8j1-Tkw... 16 - - tx7224e2f537c94de2b6322-006a2bca56 - 0.0229 - - 1781254742.538309336 1781254742.561210394 0
Jun 12 08:59:02 np0000071511 container-server[120550]: 172.20.0.104 - - [12/Jun/2026:08:59:02 +0000] "PUT /d1/261/AUTH_ef85e77878ca49cebc5107d5dc4c09a8/gnocchi.52daf89e-f3d1-4104-a4ab-5fae6f0bf6e0/1780920000.0_mean_300.0_v3" 201 - "PUT http://172.18.0.204:8080/d1/367/AUTH_ef85e77878ca49cebc5107d5dc4c09a8/gnocchi.52daf89e-f3d1-4104-a4ab-5fae6f0bf6e0/1780920000.0_mean_300.0_v3" "tx031574d8252b4dd3b8765-006a2bca56" "object-server 22" 0.0004 "-" 21 0
Jun 12 08:59:02 np0000071511 object-server[120936]: 172.20.0.104 - - [12/Jun/2026:08:59:02 +0000] "PUT /d1/367/AUTH_ef85e77878ca49cebc5107d5dc4c09a8/gnocchi.52daf89e-f3d1-4104-a4ab-5fae6f0bf6e0/1780920000.0_mean_300.0_v3" 201 - "PUT http://172.18.0.204:8080/v1/AUTH_ef85e77878ca49cebc5107d5dc4c09a8/gnocchi.52daf89e-f3d1-4104-a4ab-5fae6f0bf6e0/1780920000.0_mean_300.0_v3" "tx031574d8252b4dd3b8765-006a2bca56" "proxy-server 20" 0.0121 "-" 22 0
Jun 12 08:59:02 np0000071511 container-server[120550]: 172.20.0.105 - - [12/Jun/2026:08:59:02 +0000] "PUT /d1/772/AUTH_ef85e77878ca49cebc5107d5dc4c09a8/gnocchi.849ce80c-32a1-4f25-827a-6f75fc090aca/1780920000.0_mean_300.0_v3" 201 - "PUT http://172.18.0.204:8080/d1/852/AUTH_ef85e77878ca49cebc5107d5dc4c09a8/gnocchi.849ce80c-32a1-4f25-827a-6f75fc090aca/1780920000.0_mean_300.0_v3" "tx2633764a07e0443aa041b-006a2bca56" "object-server 22" 0.0003 "-" 21 0
Jun 12 08:59:02 np0000071511 proxy-server[122457]: 172.18.0.105 172.18.0.104 12/Jun/2026/08/59/02 PUT /v1/AUTH_ef85e77878ca49cebc5107d5dc4c09a8/gnocchi.52daf89e-f3d1-4104-a4ab-5fae6f0bf6e0/1780920000.0_mean_300.0_v3 HTTP/1.0 201 - python-swiftclient-3.11.1 gAAAAABqK8immuXj... 23 - - tx031574d8252b4dd3b8765-006a2bca56 - 0.0240 - - 1781254742.565373659 1781254742.589411259 0
Jun 12 08:59:02 np0000071511 object-server[120936]: 172.20.0.103 - - [12/Jun/2026:08:59:02 +0000] "PUT /d1/852/AUTH_ef85e77878ca49cebc5107d5dc4c09a8/gnocchi.849ce80c-32a1-4f25-827a-6f75fc090aca/1780920000.0_mean_300.0_v3" 201 - "PUT http://172.18.0.204:8080/v1/AUTH_ef85e77878ca49cebc5107d5dc4c09a8/gnocchi.849ce80c-32a1-4f25-827a-6f75fc090aca/1780920000.0_mean_300.0_v3" "tx2633764a07e0443aa041b-006a2bca56" "proxy-server 20" 0.0110 "-" 22 0
Jun 12 08:59:02 np0000071511 container-server[120557]: 172.20.0.105 - - [12/Jun/2026:08:59:02 +0000] "PUT /d1/261/AUTH_ef85e77878ca49cebc5107d5dc4c09a8/gnocchi.52daf89e-f3d1-4104-a4ab-5fae6f0bf6e0/none_v3" 201 - "PUT http://172.18.0.204:8080/d1/591/AUTH_ef85e77878ca49cebc5107d5dc4c09a8/gnocchi.52daf89e-f3d1-4104-a4ab-5fae6f0bf6e0/none_v3" "txaf05995a0d964a70b2733-006a2bca56" "object-server 22" 0.0005 "-" 22 0
Jun 12 08:59:02 np0000071511 object-server[120940]: 172.20.0.105 - - [12/Jun/2026:08:59:02 +0000] "PUT /d1/591/AUTH_ef85e77878ca49cebc5107d5dc4c09a8/gnocchi.52daf89e-f3d1-4104-a4ab-5fae6f0bf6e0/none_v3" 201 - "PUT http://172.18.0.204:8080/v1/AUTH_ef85e77878ca49cebc5107d5dc4c09a8/gnocchi.52daf89e-f3d1-4104-a4ab-5fae6f0bf6e0/none_v3" "txaf05995a0d964a70b2733-006a2bca56" "proxy-server 12" 0.0113 "-" 23 0
Jun 12 08:59:02 np0000071511 object-server[120940]: 172.20.0.104 - - [12/Jun/2026:08:59:02 +0000] "PUT /d1/641/AUTH_ef85e77878ca49cebc5107d5dc4c09a8/gnocchi.849ce80c-32a1-4f25-827a-6f75fc090aca/none_v3" 201 - "PUT http://172.18.0.204:8080/v1/AUTH_ef85e77878ca49cebc5107d5dc4c09a8/gnocchi.849ce80c-32a1-4f25-827a-6f75fc090aca/none_v3" "tx42d7cfd04322422ba2e07-006a2bca56" "proxy-server 20" 0.0100 "-" 23 0
Jun 12 08:59:02 np0000071511 container-server[120550]: 172.20.0.105 - - [12/Jun/2026:08:59:02 +0000] "PUT /d1/772/AUTH_ef85e77878ca49cebc5107d5dc4c09a8/gnocchi.849ce80c-32a1-4f25-827a-6f75fc090aca/none_v3" 201 - "PUT http://172.18.0.204:8080/d1/641/AUTH_ef85e77878ca49cebc5107d5dc4c09a8/gnocchi.849ce80c-32a1-4f25-827a-6f75fc090aca/none_v3" "tx42d7cfd04322422ba2e07-006a2bca56" "object-server 23" 0.0011 "-" 21 0
Jun 12 08:59:02 np0000071511 proxy-server[122457]: 172.18.0.103 172.18.0.104 12/Jun/2026/08/59/02 PUT /v1/AUTH_ef85e77878ca49cebc5107d5dc4c09a8/gnocchi.849ce80c-32a1-4f25-827a-6f75fc090aca/none_v3 HTTP/1.0 201 - python-swiftclient-3.11.1 gAAAAABqK8j1-Tkw... 33 - - tx42d7cfd04322422ba2e07-006a2bca56 - 0.0206 - - 1781254742.599634647 1781254742.620273590 0
Jun 12 08:59:02 np0000071511 object-server[120940]: 172.20.0.103 - - [12/Jun/2026:08:59:02 +0000] "GET /d1/460/AUTH_ef85e77878ca49cebc5107d5dc4c09a8/gnocchi.ed0a8cc4-0e15-45fe-8308-d5398a20dd7f/none_v3" 200 22 "GET http://172.18.0.204:8080/v1/AUTH_ef85e77878ca49cebc5107d5dc4c09a8/gnocchi.ed0a8cc4-0e15-45fe-8308-d5398a20dd7f/none_v3" "tx7076273baf4e499bbe1ec-006a2bca56" "proxy-server 20" 0.0008 "-" 23 0
Jun 12 08:59:02 np0000071511 container-server[120550]: 172.20.0.104 - - [12/Jun/2026:08:59:02 +0000] "GET /d1/650/AUTH_ef85e77878ca49cebc5107d5dc4c09a8/gnocchi.ed0a8cc4-0e15-45fe-8308-d5398a20dd7f" 200 2 "GET http://172.18.0.204:8080/v1/AUTH_ef85e77878ca49cebc5107d5dc4c09a8/gnocchi.ed0a8cc4-0e15-45fe-8308-d5398a20dd7f?format=json&marker=none_v3&states=listing" "txd44e1b3495e84d499a64c-006a2bca56" "proxy-server 20" 0.0040 "-" 21 0
Jun 12 08:59:02 np0000071511 proxy-server[122457]: 172.18.0.204 172.18.0.104 12/Jun/2026/08/59/02 GET /v1/AUTH_ef85e77878ca49cebc5107d5dc4c09a8/gnocchi.ed0a8cc4-0e15-45fe-8308-d5398a20dd7f%3Fformat%3Djson%26marker%3Dnone_v3%26states%3Dlisting HTTP/1.0 200 - python-swiftclient-3.11.1 gAAAAABqK8jqdbsa... - 2 - txd44e1b3495e84d499a64c-006a2bca56 - 0.0105 - - 1781254742.656366825 1781254742.666905403 0
Jun 12 08:59:02 np0000071511 object-server[120940]: 172.20.0.103 - - [12/Jun/2026:08:59:02 +0000] "GET /d1/1021/AUTH_ef85e77878ca49cebc5107d5dc4c09a8/gnocchi.ed0a8cc4-0e15-45fe-8308-d5398a20dd7f/1780920000.0_rate%3Amean_300.0_v3" 404 70 "GET http://172.18.0.204:8080/v1/AUTH_ef85e77878ca49cebc5107d5dc4c09a8/gnocchi.ed0a8cc4-0e15-45fe-8308-d5398a20dd7f/1780920000.0_rate%3Amean_300.0_v3" "txe7c3af9d387644a5b6997-006a2bca56" "proxy-server 20" 0.0003 "-" 23 0
Jun 12 08:59:02 np0000071511 object-server[120941]: 172.20.0.105 - - [12/Jun/2026:08:59:02 +0000] "GET /d1/916/AUTH_ef85e77878ca49cebc5107d5dc4c09a8/gnocchi.ed0a8cc4-0e15-45fe-8308-d5398a20dd7f/1780920000.0_mean_300.0_v3" 200 16 "GET http://172.18.0.204:8080/v1/AUTH_ef85e77878ca49cebc5107d5dc4c09a8/gnocchi.ed0a8cc4-0e15-45fe-8308-d5398a20dd7f/1780920000.0_mean_300.0_v3" "txa1b6bb65552d4542bee1d-006a2bca56" "proxy-server 12" 0.0007 "-" 24 0
Jun 12 08:59:02 np0000071511 object-server[120936]: 172.20.0.104 - - [12/Jun/2026:08:59:02 +0000] "PUT /d1/1021/AUTH_ef85e77878ca49cebc5107d5dc4c09a8/gnocchi.ed0a8cc4-0e15-45fe-8308-d5398a20dd7f/1780920000.0_rate%3Amean_300.0_v3" 201 - "PUT http://172.18.0.204:8080/v1/AUTH_ef85e77878ca49cebc5107d5dc4c09a8/gnocchi.ed0a8cc4-0e15-45fe-8308-d5398a20dd7f/1780920000.0_rate%3Amean_300.0_v3" "tx5787be1b3d0845ac9b64e-006a2bca56" "proxy-server 20" 0.0119 "-" 22 0
Jun 12 08:59:02 np0000071511 container-server[120542]: 172.20.0.103 - - [12/Jun/2026:08:59:02 +0000] "PUT /d1/650/AUTH_ef85e77878ca49cebc5107d5dc4c09a8/gnocchi.ed0a8cc4-0e15-45fe-8308-d5398a20dd7f/1780920000.0_rate%3Amean_300.0_v3" 201 - "PUT http://172.18.0.204:8080/d1/1021/AUTH_ef85e77878ca49cebc5107d5dc4c09a8/gnocchi.ed0a8cc4-0e15-45fe-8308-d5398a20dd7f/1780920000.0_rate%3Amean_300.0_v3" "tx5787be1b3d0845ac9b64e-006a2bca56" "object-server 24" 0.0008 "-" 20 0
Jun 12 08:59:02 np0000071511 proxy-server[122457]: 172.18.0.204 172.18.0.104 12/Jun/2026/08/59/02 PUT /v1/AUTH_ef85e77878ca49cebc5107d5dc4c09a8/gnocchi.ed0a8cc4-0e15-45fe-8308-d5398a20dd7f/1780920000.0_rate%253Amean_300.0_v3 HTTP/1.0 201 - python-swiftclient-3.11.1 gAAAAABqK8jqdbsa... 16 - - tx5787be1b3d0845ac9b64e-006a2bca56 - 0.0239 - - 1781254742.707208395 1781254742.731059551 0
Jun 12 08:59:02 np0000071511 container-server[120550]: 172.20.0.104 - - [12/Jun/2026:08:59:02 +0000] "PUT /d1/650/AUTH_ef85e77878ca49cebc5107d5dc4c09a8/gnocchi.ed0a8cc4-0e15-45fe-8308-d5398a20dd7f/1780920000.0_mean_300.0_v3" 201 - "PUT http://172.18.0.204:8080/d1/916/AUTH_ef85e77878ca49cebc5107d5dc4c09a8/gnocchi.ed0a8cc4-0e15-45fe-8308-d5398a20dd7f/1780920000.0_mean_300.0_v3" "txfd90d188aa4d4d97898a9-006a2bca56" "object-server 24" 0.0008 "-" 21 0
Jun 12 08:59:02 np0000071511 object-server[120941]: 172.20.0.103 - - [12/Jun/2026:08:59:02 +0000] "PUT /d1/916/AUTH_ef85e77878ca49cebc5107d5dc4c09a8/gnocchi.ed0a8cc4-0e15-45fe-8308-d5398a20dd7f/1780920000.0_mean_300.0_v3" 201 - "PUT http://172.18.0.204:8080/v1/AUTH_ef85e77878ca49cebc5107d5dc4c09a8/gnocchi.ed0a8cc4-0e15-45fe-8308-d5398a20dd7f/1780920000.0_mean_300.0_v3" "txfd90d188aa4d4d97898a9-006a2bca56" "proxy-server 20" 0.0127 "-" 24 0
Jun 12 08:59:02 np0000071511 container-server[120542]: 172.20.0.103 - - [12/Jun/2026:08:59:02 +0000] "PUT /d1/650/AUTH_ef85e77878ca49cebc5107d5dc4c09a8/gnocchi.ed0a8cc4-0e15-45fe-8308-d5398a20dd7f/none_v3" 201 - "PUT http://172.18.0.204:8080/d1/460/AUTH_ef85e77878ca49cebc5107d5dc4c09a8/gnocchi.ed0a8cc4-0e15-45fe-8308-d5398a20dd7f/none_v3" "tx45a91fef456244b5b933e-006a2bca56" "object-server 22" 0.0008 "-" 20 0
Jun 12 08:59:02 np0000071511 object-server[120941]: 172.20.0.105 - - [12/Jun/2026:08:59:02 +0000] "PUT /d1/460/AUTH_ef85e77878ca49cebc5107d5dc4c09a8/gnocchi.ed0a8cc4-0e15-45fe-8308-d5398a20dd7f/none_v3" 201 - "PUT http://172.18.0.204:8080/v1/AUTH_ef85e77878ca49cebc5107d5dc4c09a8/gnocchi.ed0a8cc4-0e15-45fe-8308-d5398a20dd7f/none_v3" "tx45a91fef456244b5b933e-006a2bca56" "proxy-server 12" 0.0134 "-" 24 0
Jun 12 08:59:05 np0000071511 object-server[245401]: Begin object audit "forever" mode (ZBF)
Jun 12 08:59:05 np0000071511 object-server[245401]: Object audit (ZBF). Since Fri Jun 12 08:59:05 2026: Locally: 1 passed, 0 quarantined, 0 errors, files/sec: 550.07, bytes/sec: 0.00, Total time: 0.00, Auditing time: 0.00, Rate: 0.00
Jun 12 08:59:06 np0000071511 account-server[119882]: Beginning replication run
Jun 12 08:59:06 np0000071511 account-server[119882]: Replication run OVER
Jun 12 08:59:06 np0000071511 account-server[119882]: Attempted to replicate 1 dbs in 0.04616 seconds (21.66385/s)
Jun 12 08:59:06 np0000071511 account-server[119882]: Removed 0 dbs
Jun 12 08:59:06 np0000071511 account-server[119882]: 2 successes, 0 failures
Jun 12 08:59:06 np0000071511 account-server[119882]: diff:0 diff_capped:0 empty:0 hashmatch:0 no_change:2 remote_merge:0 rsync:0 ts_repl:0
Jun 12 08:59:07 np0000071511 object-server[245401]: Object audit (ZBF) "forever" mode completed: 1.12s. Total quarantined: 0, Total errors: 0, Total files/sec: 50.75, Total bytes/sec: 0.00, Auditing time: 1.11, Rate: 0.99
Jun 12 08:59:10 np0000071511 container-server[120164]: Beginning replication run
Jun 12 08:59:10 np0000071511 account-server[120175]: 172.20.0.103 - - [12/Jun/2026:08:59:10 +0000] "HEAD /d1/635/.expiring_objects" 404 - "HEAD http://localhost/v1/.expiring_objects?format=json" "tx42fc83ad597a4abf96fd7-006a2bca5e" "proxy-server 2" 0.0005 "-" 21 -
Jun 12 08:59:11 np0000071511 container-server[120164]: Replication run OVER
Jun 12 08:59:11 np0000071511 container-server[120164]: Attempted to replicate 22 dbs in 0.52660 seconds (41.77744/s)
Jun 12 08:59:11 np0000071511 container-server[120164]: Removed 0 dbs
Jun 12 08:59:11 np0000071511 container-server[120164]: 44 successes, 0 failures
Jun 12 08:59:11 np0000071511 container-server[120164]: diff:0 diff_capped:0 empty:0 hashmatch:0 no_change:44 remote_merge:0 rsync:0 ts_repl:0
Jun 12 08:59:20 np0000071511 object-server[120654]: Starting object replication pass.
Jun 12 08:59:21 np0000071511 object-server[120654]: 57/57 (100.00%) partitions replicated in 0.98s (58.10/sec, 0s remaining)
Jun 12 08:59:21 np0000071511 object-server[120654]: 114 successes, 0 failures
Jun 12 08:59:21 np0000071511 object-server[120654]: 57 suffixes checked - 21.05% hashed, 0.00% synced
Jun 12 08:59:21 np0000071511 object-server[120654]: Partition times: max 0.0496s, min 0.0070s, med 0.0104s
Jun 12 08:59:21 np0000071511 object-server[120654]: Object replication complete. (0.02 minutes)
Jun 12 08:59:36 np0000071511 account-server[119882]: Beginning replication run
Jun 12 08:59:36 np0000071511 account-server[119882]: Replication run OVER
Jun 12 08:59:36 np0000071511 account-server[119882]: Attempted to replicate 1 dbs in 0.02318 seconds (43.14709/s)
Jun 12 08:59:36 np0000071511 account-server[119882]: Removed 0 dbs
Jun 12 08:59:36 np0000071511 account-server[119882]: 2 successes, 0 failures
Jun 12 08:59:36 np0000071511 account-server[119882]: diff:0 diff_capped:0 empty:0 hashmatch:0 no_change:2 remote_merge:0 rsync:0 ts_repl:0
Jun 12 08:59:37 np0000071511 object-server[251482]: Begin object audit "forever" mode (ZBF)
Jun 12 08:59:37 np0000071511 object-server[251482]: Object audit (ZBF). Since Fri Jun 12 08:59:37 2026: Locally: 1 passed, 0 quarantined, 0 errors, files/sec: 609.90, bytes/sec: 0.00, Total time: 0.00, Auditing time: 0.00, Rate: 0.00
Jun 12 08:59:37 np0000071511 object-server[251483]: Begin object audit "forever" mode (ALL)
Jun 12 08:59:37 np0000071511 object-server[251483]: Object audit (ALL). Since Fri Jun 12 08:59:37 2026: Locally: 1 passed, 0 quarantined, 0 errors, files/sec: 85.76, bytes/sec: 1372.14, Total time: 0.01, Auditing time: 0.00, Rate: 0.00
Jun 12 08:59:38 np0000071511 object-server[251482]: Object audit (ZBF) "forever" mode completed: 1.12s. Total quarantined: 0, Total errors: 0, Total files/sec: 50.77, Total bytes/sec: 0.00, Auditing time: 1.11, Rate: 0.99
Jun 12 08:59:40 np0000071511 object-server[251483]: Object audit (ALL) "forever" mode completed: 2.81s. Total quarantined: 0, Total errors: 0, Total files/sec: 20.26, Total bytes/sec: 469.95, Auditing time: 2.79, Rate: 0.99
Jun 12 08:59:40 np0000071511 container-server[120164]: Beginning replication run
Jun 12 08:59:41 np0000071511 container-server[120164]: Replication run OVER
Jun 12 08:59:41 np0000071511 container-server[120164]: Attempted to replicate 22 dbs in 0.43865 seconds (50.15366/s)
Jun 12 08:59:41 np0000071511 container-server[120164]: Removed 0 dbs
Jun 12 08:59:41 np0000071511 container-server[120164]: 44 successes, 0 failures
Jun 12 08:59:41 np0000071511 container-server[120164]: diff:0 diff_capped:0 empty:0 hashmatch:0 no_change:44 remote_merge:0 rsync:0 ts_repl:0
Jun 12 08:59:49 np0000071511 account-server[120188]: 172.20.0.105 - - [12/Jun/2026:08:59:49 +0000] "HEAD /d1/635/.expiring_objects" 404 - "HEAD http://localhost/v1/.expiring_objects?format=json" "tx51ac7fbfff934b3c95722-006a2bca85" "proxy-server 2" 0.0007 "-" 22 -
Jun 12 08:59:50 np0000071511 container-server[120311]: Begin container update sweep
Jun 12 08:59:50 np0000071511 account-server[120203]: 172.20.0.104 - - [12/Jun/2026:08:59:50 +0000] "PUT /d1/19/AUTH_ef85e77878ca49cebc5107d5dc4c09a8/gnocchi.764659f8-6805-4fea-add9-148aa550de2b" 201 - "-" "-" "container-updater 2" 0.0010 "-" 23 0
Jun 12 08:59:50 np0000071511 account-server[120188]: 172.20.0.104 - - [12/Jun/2026:08:59:50 +0000] "PUT /d1/19/AUTH_ef85e77878ca49cebc5107d5dc4c09a8/gnocchi.849ce80c-32a1-4f25-827a-6f75fc090aca" 201 - "-" "-" "container-updater 2" 0.0007 "-" 22 0
Jun 12 08:59:51 np0000071511 account-server[120188]: 172.20.0.104 - - [12/Jun/2026:08:59:51 +0000] "PUT /d1/19/AUTH_ef85e77878ca49cebc5107d5dc4c09a8/gnocchi.d5278fd2-d130-4023-909f-95671015e62c" 201 - "-" "-" "container-updater 2" 0.0011 "-" 22 0
Jun 12 08:59:51 np0000071511 account-server[120172]: 172.20.0.104 - - [12/Jun/2026:08:59:51 +0000] "PUT /d1/19/AUTH_ef85e77878ca49cebc5107d5dc4c09a8/gnocchi.6c7a94a2-12de-4408-9130-d6b695ea3440" 201 - "-" "-" "container-updater 2" 0.0006 "-" 20 0
Jun 12 08:59:51 np0000071511 account-server[120175]: 172.20.0.104 - - [12/Jun/2026:08:59:51 +0000] "PUT /d1/19/AUTH_ef85e77878ca49cebc5107d5dc4c09a8/gnocchi.6adcda10-22bb-4d2e-bb5b-d3b55ea6f812" 201 - "-" "-" "container-updater 2" 0.0006 "-" 21 0
Jun 12 08:59:51 np0000071511 account-server[120203]: 172.20.0.104 - - [12/Jun/2026:08:59:51 +0000] "PUT /d1/19/AUTH_ef85e77878ca49cebc5107d5dc4c09a8/gnocchi.ed0a8cc4-0e15-45fe-8308-d5398a20dd7f" 201 - "-" "-" "container-updater 2" 0.0014 "-" 23 0
Jun 12 08:59:51 np0000071511 account-server[120188]: 172.20.0.104 - - [12/Jun/2026:08:59:51 +0000] "PUT /d1/19/AUTH_ef85e77878ca49cebc5107d5dc4c09a8/gnocchi.44057a46-8df6-4ba2-8e3c-ac9f65e489f7" 201 - "-" "-" "container-updater 2" 0.0009 "-" 22 0
Jun 12 08:59:51 np0000071511 account-server[120203]: 172.20.0.104 - - [12/Jun/2026:08:59:51 +0000] "PUT /d1/19/AUTH_ef85e77878ca49cebc5107d5dc4c09a8/gnocchi.f6d0da45-cda2-4412-b5f9-41c7245bd199" 201 - "-" "-" "container-updater 2" 0.0009 "-" 23 0
Jun 12 08:59:51 np0000071511 account-server[120188]: 172.20.0.104 - - [12/Jun/2026:08:59:51 +0000] "PUT /d1/19/AUTH_ef85e77878ca49cebc5107d5dc4c09a8/gnocchi.2e70578d-da3b-433b-9672-94d53271f9f9" 201 - "-" "-" "container-updater 2" 0.0009 "-" 22 0
Jun 12 08:59:51 np0000071511 account-server[120172]: 172.20.0.104 - - [12/Jun/2026:08:59:51 +0000] "PUT /d1/19/AUTH_ef85e77878ca49cebc5107d5dc4c09a8/gnocchi.a2afc5f7-9e3c-42f9-8c45-65b2b276ec92" 201 - "-" "-" "container-updater 2" 0.0010 "-" 20 0
Jun 12 08:59:51 np0000071511 object-server[120654]: Starting object replication pass.
Jun 12 08:59:51 np0000071511 account-server[120172]: 172.20.0.104 - - [12/Jun/2026:08:59:51 +0000] "PUT /d1/19/AUTH_ef85e77878ca49cebc5107d5dc4c09a8/gnocchi.754dd191-494e-4f29-83e9-e2b524c88032" 201 - "-" "-" "container-updater 2" 0.0009 "-" 20 0
Jun 12 08:59:51 np0000071511 account-server[120172]: 172.20.0.104 - - [12/Jun/2026:08:59:51 +0000] "PUT /d1/19/AUTH_ef85e77878ca49cebc5107d5dc4c09a8/gnocchi.ee13968a-327c-4a0d-b731-140d5983d4df" 201 - "-" "-" "container-updater 2" 0.0007 "-" 20 0
Jun 12 08:59:51 np0000071511 account-server[120172]: 172.20.0.104 - - [12/Jun/2026:08:59:51 +0000] "PUT /d1/19/AUTH_ef85e77878ca49cebc5107d5dc4c09a8/gnocchi.db76e519-73c2-454a-9531-258c3e3f274c" 201 - "-" "-" "container-updater 2" 0.0008 "-" 20 0
Jun 12 08:59:52 np0000071511 account-server[120188]: 172.20.0.104 - - [12/Jun/2026:08:59:52 +0000] "PUT /d1/19/AUTH_ef85e77878ca49cebc5107d5dc4c09a8/gnocchi.52daf89e-f3d1-4104-a4ab-5fae6f0bf6e0" 201 - "-" "-" "container-updater 2" 0.0007 "-" 22 0
Jun 12 08:59:52 np0000071511 container-server[120311]: Container update sweep completed: 1.64s
Jun 12 08:59:52 np0000071511 object-server[120654]: 57/57 (100.00%) partitions replicated in 0.55s (104.57/sec, 0s remaining)
Jun 12 08:59:52 np0000071511 object-server[120654]: 114 successes, 0 failures
Jun 12 08:59:52 np0000071511 object-server[120654]: 57 suffixes checked - 0.00% hashed, 0.00% synced
Jun 12 08:59:52 np0000071511 object-server[120654]: Partition times: max 0.0409s, min 0.0060s, med 0.0084s
Jun 12 08:59:52 np0000071511 object-server[120654]: Object replication complete. (0.01 minutes)
Jun 12 09:00:06 np0000071511 account-server[119882]: Beginning replication run
Jun 12 09:00:06 np0000071511 account-server[119882]: Replication run OVER
Jun 12 09:00:06 np0000071511 account-server[119882]: Attempted to replicate 1 dbs in 0.04628 seconds (21.60571/s)
Jun 12 09:00:06 np0000071511 account-server[119882]: Removed 0 dbs
Jun 12 09:00:06 np0000071511 account-server[119882]: 2 successes, 0 failures
Jun 12 09:00:06 np0000071511 account-server[119882]: diff:0 diff_capped:0 empty:0 hashmatch:0 no_change:2 remote_merge:0 rsync:0 ts_repl:0
Jun 12 09:00:08 np0000071511 object-server[251558]: Begin object audit "forever" mode (ZBF)
Jun 12 09:00:08 np0000071511 object-server[251558]: Object audit (ZBF). Since Fri Jun 12 09:00:08 2026: Locally: 1 passed, 0 quarantined, 0 errors, files/sec: 596.37, bytes/sec: 0.00, Total time: 0.00, Auditing time: 0.00, Rate: 0.00
Jun 12 09:00:09 np0000071511 object-server[251558]: Object audit (ZBF) "forever" mode completed: 1.12s. Total quarantined: 0, Total errors: 0, Total files/sec: 50.76, Total bytes/sec: 0.00, Auditing time: 1.11, Rate: 0.99
Jun 12 09:00:10 np0000071511 container-server[120164]: Beginning replication run
Jun 12 09:00:11 np0000071511 container-server[120164]: Replication run OVER
Jun 12 09:00:11 np0000071511 container-server[120164]: Attempted to replicate 22 dbs in 0.43541 seconds (50.52732/s)
Jun 12 09:00:11 np0000071511 container-server[120164]: Removed 0 dbs
Jun 12 09:00:11 np0000071511 container-server[120164]: 44 successes, 0 failures
Jun 12 09:00:11 np0000071511 container-server[120164]: diff:0 diff_capped:0 empty:0 hashmatch:0 no_change:44 remote_merge:0 rsync:0 ts_repl:0
Jun 12 09:00:22 np0000071511 object-server[120654]: Starting object replication pass.
Jun 12 09:00:22 np0000071511 object-server[120654]: 57/57 (100.00%) partitions replicated in 0.50s (112.88/sec, 0s remaining)
Jun 12 09:00:22 np0000071511 object-server[120654]: 114 successes, 0 failures
Jun 12 09:00:22 np0000071511 object-server[120654]: 57 suffixes checked - 0.00% hashed, 0.00% synced
Jun 12 09:00:22 np0000071511 object-server[120654]: Partition times: max 0.0132s, min 0.0058s, med 0.0081s
Jun 12 09:00:22 np0000071511 object-server[120654]: Object replication complete. (0.01 minutes)
Jun 12 09:00:36 np0000071511 account-server[119882]: Beginning replication run
Jun 12 09:00:36 np0000071511 account-server[119882]: Replication run OVER
Jun 12 09:00:36 np0000071511 account-server[119882]: Attempted to replicate 1 dbs in 0.02082 seconds (48.03458/s)
Jun 12 09:00:36 np0000071511 account-server[119882]: Removed 0 dbs
Jun 12 09:00:36 np0000071511 account-server[119882]: 2 successes, 0 failures
Jun 12 09:00:36 np0000071511 account-server[119882]: diff:0 diff_capped:0 empty:0 hashmatch:0 no_change:2 remote_merge:0 rsync:0 ts_repl:0
Jun 12 09:00:39 np0000071511 object-server[257415]: Begin object audit "forever" mode (ZBF)
Jun 12 09:00:39 np0000071511 object-server[257416]: Begin object audit "forever" mode (ALL)
Jun 12 09:00:39 np0000071511 object-server[257415]: Object audit (ZBF). Since Fri Jun 12 09:00:39 2026: Locally: 1 passed, 0 quarantined, 0 errors, files/sec: 555.17, bytes/sec: 0.00, Total time: 0.00, Auditing time: 0.00, Rate: 0.00
Jun 12 09:00:39 np0000071511 object-server[257416]: Object audit (ALL). Since Fri Jun 12 09:00:39 2026: Locally: 1 passed, 0 quarantined, 0 errors, files/sec: 119.28, bytes/sec: 1908.51, Total time: 0.01, Auditing time: 0.00, Rate: 0.00
Jun 12 09:00:40 np0000071511 object-server[257415]: Object audit (ZBF) "forever" mode completed: 1.12s. Total quarantined: 0, Total errors: 0, Total files/sec: 50.76, Total bytes/sec: 0.00, Auditing time: 1.11, Rate: 0.99
Jun 12 09:00:40 np0000071511 container-server[120164]: Beginning replication run
Jun 12 09:00:41 np0000071511 container-server[120164]: Replication run OVER
Jun 12 09:00:41 np0000071511 container-server[120164]: Attempted to replicate 22 dbs in 0.44117 seconds (49.86763/s)
Jun 12 09:00:41 np0000071511 container-server[120164]: Removed 0 dbs
Jun 12 09:00:41 np0000071511 container-server[120164]: 44 successes, 0 failures
Jun 12 09:00:41 np0000071511 container-server[120164]: diff:0 diff_capped:0 empty:0 hashmatch:0 no_change:44 remote_merge:0 rsync:0 ts_repl:0
Jun 12 09:00:42 np0000071511 object-server[257416]: Object audit (ALL) "forever" mode completed: 2.81s. Total quarantined: 0, Total errors: 0, Total files/sec: 20.29, Total bytes/sec: 470.55, Auditing time: 2.79, Rate: 0.99
Jun 12 09:00:52 np0000071511 object-server[120654]: Starting object replication pass.
Jun 12 09:00:53 np0000071511 object-server[120654]: 57/57 (100.00%) partitions replicated in 0.55s (104.44/sec, 0s remaining)
Jun 12 09:00:53 np0000071511 object-server[120654]: 114 successes, 0 failures
Jun 12 09:00:53 np0000071511 object-server[120654]: 57 suffixes checked - 0.00% hashed, 0.00% synced
Jun 12 09:00:53 np0000071511 object-server[120654]: Partition times: max 0.0179s, min 0.0054s, med 0.0089s
Jun 12 09:00:53 np0000071511 object-server[120654]: Object replication complete. (0.01 minutes)
Jun 12 09:00:58 np0000071511 object-server[120769]: Begin object update sweep
Jun 12 09:00:58 np0000071511 object-server[258856]: Object update sweep starting on /srv/node/d1 (pid: 16)
Jun 12 09:00:58 np0000071511 object-server[258856]: Object update sweep completed on /srv/node/d1 in 0.00s seconds:, 0 successes, 0 failures, 0 quarantines, 0 unlinks, 0 errors, 0 redirects (pid: 16)
Jun 12 09:00:58 np0000071511 object-server[258856]: Object update sweep of d1 completed: 0.00s, 0 successes, 0 failures, 0 quarantines, 0 unlinks, 0 errors, 0 redirects
Jun 12 09:00:58 np0000071511 object-server[120769]: Object update sweep completed: 0.13s
Jun 12 09:01:06 np0000071511 account-server[119882]: Beginning replication run
Jun 12 09:01:07 np0000071511 account-server[119882]: Replication run OVER
Jun 12 09:01:07 np0000071511 account-server[119882]: Attempted to replicate 1 dbs in 0.51188 seconds (1.95360/s)
Jun 12 09:01:07 np0000071511 account-server[119882]: Removed 0 dbs
Jun 12 09:01:07 np0000071511 account-server[119882]: 2 successes, 0 failures
Jun 12 09:01:07 np0000071511 account-server[119882]: diff:0 diff_capped:0 empty:0 hashmatch:0 no_change:2 remote_merge:0 rsync:0 ts_repl:0
