Jun 12 08:53:09 np0000071511 container-server[120542]: 172.20.0.104 - - [12/Jun/2026:08:53:09 +0000] "PUT /d1/393/AUTH_ef85e77878ca49cebc5107d5dc4c09a8/gnocchi.d95abb9a-53c3-4402-83a4-ca46022ce1c5/1780920000.0_mean_300.0_v3" 201 - "PUT http://172.18.0.204:8080/d1/829/AUTH_ef85e77878ca49cebc5107d5dc4c09a8/gnocchi.d95abb9a-53c3-4402-83a4-ca46022ce1c5/1780920000.0_mean_300.0_v3" "tx662d343f0e954a6f8d782-006a2bc8f5" "object-server 23" 0.0006 "-" 20 0
Jun 12 08:53:09 np0000071511 object-server[120940]: 172.20.0.105 - - [12/Jun/2026:08:53:09 +0000] "PUT /d1/829/AUTH_ef85e77878ca49cebc5107d5dc4c09a8/gnocchi.d95abb9a-53c3-4402-83a4-ca46022ce1c5/1780920000.0_mean_300.0_v3" 201 - "PUT http://172.18.0.204:8080/v1/AUTH_ef85e77878ca49cebc5107d5dc4c09a8/gnocchi.d95abb9a-53c3-4402-83a4-ca46022ce1c5/1780920000.0_mean_300.0_v3" "tx662d343f0e954a6f8d782-006a2bc8f5" "proxy-server 12" 0.0114 "-" 23 0
Jun 12 08:53:09 np0000071511 container-server[120542]: 172.20.0.104 - - [12/Jun/2026:08:53:09 +0000] "HEAD /d1/20/AUTH_ef85e77878ca49cebc5107d5dc4c09a8/gnocchi.7f2a8251-fa8a-40b1-9245-fceb32ef05cd" 404 - "HEAD http://172.18.0.204:8080/v1/AUTH_ef85e77878ca49cebc5107d5dc4c09a8/gnocchi.7f2a8251-fa8a-40b1-9245-fceb32ef05cd?format=json&states=listing" "tx484fe59d5db2435bb42e1-006a2bc8f5" "proxy-server 20" 0.0003 "-" 20 0
Jun 12 08:53:09 np0000071511 object-server[120936]: 172.20.0.104 - - [12/Jun/2026:08:53:09 +0000] "GET /d1/457/AUTH_ef85e77878ca49cebc5107d5dc4c09a8/gnocchi.7f2a8251-fa8a-40b1-9245-fceb32ef05cd/none_v3" 404 70 "GET http://172.18.0.204:8080/v1/AUTH_ef85e77878ca49cebc5107d5dc4c09a8/gnocchi.7f2a8251-fa8a-40b1-9245-fceb32ef05cd/none_v3" "tx484fe59d5db2435bb42e1-006a2bc8f5" "proxy-server 20" 0.0003 "-" 22 0
Jun 12 08:53:09 np0000071511 proxy-server[122457]: 172.18.0.105 172.18.0.104 12/Jun/2026/08/53/09 GET /v1/AUTH_ef85e77878ca49cebc5107d5dc4c09a8/gnocchi.7f2a8251-fa8a-40b1-9245-fceb32ef05cd/none_v3 HTTP/1.0 404 - python-swiftclient-3.11.1 gAAAAABqK8immuXj... - 70 - tx484fe59d5db2435bb42e1-006a2bc8f5 - 0.0479 - - 1781254389.770050526 1781254389.817968607 0
Jun 12 08:53:09 np0000071511 container-server[120542]: 172.20.0.103 - - [12/Jun/2026:08:53:09 +0000] "PUT /d1/393/AUTH_ef85e77878ca49cebc5107d5dc4c09a8/gnocchi.d95abb9a-53c3-4402-83a4-ca46022ce1c5/none_v3" 201 - "PUT http://172.18.0.204:8080/d1/793/AUTH_ef85e77878ca49cebc5107d5dc4c09a8/gnocchi.d95abb9a-53c3-4402-83a4-ca46022ce1c5/none_v3" "tx7787376fbc3f44e6af9e3-006a2bc8f5" "object-server 24" 0.0005 "-" 20 0
Jun 12 08:53:09 np0000071511 object-server[120941]: 172.20.0.105 - - [12/Jun/2026:08:53:09 +0000] "PUT /d1/793/AUTH_ef85e77878ca49cebc5107d5dc4c09a8/gnocchi.d95abb9a-53c3-4402-83a4-ca46022ce1c5/none_v3" 201 - "PUT http://172.18.0.204:8080/v1/AUTH_ef85e77878ca49cebc5107d5dc4c09a8/gnocchi.d95abb9a-53c3-4402-83a4-ca46022ce1c5/none_v3" "tx7787376fbc3f44e6af9e3-006a2bc8f5" "proxy-server 12" 0.0127 "-" 24 0
Jun 12 08:53:09 np0000071511 container-server[120542]: 172.20.0.104 - - [12/Jun/2026:08:53:09 +0000] "PUT /d1/20/AUTH_ef85e77878ca49cebc5107d5dc4c09a8/gnocchi.7f2a8251-fa8a-40b1-9245-fceb32ef05cd" 201 - "PUT http://172.18.0.204:8080/v1/AUTH_ef85e77878ca49cebc5107d5dc4c09a8/gnocchi.7f2a8251-fa8a-40b1-9245-fceb32ef05cd" "txfd2dda6e331140cc808e6-006a2bc8f5" "proxy-server 20" 0.0132 "-" 20 0
Jun 12 08:53:09 np0000071511 account-server[120172]: 172.20.0.103 - - [12/Jun/2026:08:53:09 +0000] "PUT /d1/19/AUTH_ef85e77878ca49cebc5107d5dc4c09a8/gnocchi.7f2a8251-fa8a-40b1-9245-fceb32ef05cd" 201 - "PUT http://172.20.0.103:6001/d1/20/AUTH_ef85e77878ca49cebc5107d5dc4c09a8/gnocchi.7f2a8251-fa8a-40b1-9245-fceb32ef05cd" "txfd2dda6e331140cc808e6-006a2bc8f5" "container-server 20" 0.0047 "-" 20 0
Jun 12 08:53:09 np0000071511 proxy-server[122457]: 172.18.0.105 172.18.0.104 12/Jun/2026/08/53/09 PUT /v1/AUTH_ef85e77878ca49cebc5107d5dc4c09a8/gnocchi.7f2a8251-fa8a-40b1-9245-fceb32ef05cd HTTP/1.0 201 - python-swiftclient-3.11.1 gAAAAABqK8immuXj... - - - txfd2dda6e331140cc808e6-006a2bc8f5 - 0.0299 - - 1781254389.828114986 1781254389.858032942 0
Jun 12 08:53:09 np0000071511 container-server[120550]: 172.20.0.103 - - [12/Jun/2026:08:53:09 +0000] "HEAD /d1/59/AUTH_ef85e77878ca49cebc5107d5dc4c09a8/gnocchi.05aa862f-5277-4dcf-9079-7483c1550021" 404 - "HEAD http://172.18.0.204:8080/v1/AUTH_ef85e77878ca49cebc5107d5dc4c09a8/gnocchi.05aa862f-5277-4dcf-9079-7483c1550021?format=json&states=listing" "tx55a4099444af4332a9659-006a2bc8f5" "proxy-server 20" 0.0010 "-" 21 0
Jun 12 08:53:09 np0000071511 container-server[120557]: 172.20.0.105 - - [12/Jun/2026:08:53:09 +0000] "HEAD /d1/20/AUTH_ef85e77878ca49cebc5107d5dc4c09a8/gnocchi.7f2a8251-fa8a-40b1-9245-fceb32ef05cd" 204 - "HEAD http://172.18.0.204:8080/v1/AUTH_ef85e77878ca49cebc5107d5dc4c09a8/gnocchi.7f2a8251-fa8a-40b1-9245-fceb32ef05cd?format=json&states=listing" "txad9b371e2c0d47dfbd4e7-006a2bc8f5" "proxy-server 12" 0.0015 "-" 22 0
Jun 12 08:53:09 np0000071511 container-server[120557]: 172.20.0.105 - - [12/Jun/2026:08:53:09 +0000] "GET /d1/20/AUTH_ef85e77878ca49cebc5107d5dc4c09a8/gnocchi.7f2a8251-fa8a-40b1-9245-fceb32ef05cd" 200 2 "GET http://172.18.0.204:8080/v1/AUTH_ef85e77878ca49cebc5107d5dc4c09a8/gnocchi.7f2a8251-fa8a-40b1-9245-fceb32ef05cd?format=json&states=listing" "txad9b371e2c0d47dfbd4e7-006a2bc8f5" "proxy-server 12" 0.0016 "-" 22 0
Jun 12 08:53:09 np0000071511 object-server[120944]: 172.20.0.103 - - [12/Jun/2026:08:53:09 +0000] "GET /d1/99/AUTH_ef85e77878ca49cebc5107d5dc4c09a8/gnocchi.05aa862f-5277-4dcf-9079-7483c1550021/none_v3" 404 70 "GET http://172.18.0.204:8080/v1/AUTH_ef85e77878ca49cebc5107d5dc4c09a8/gnocchi.05aa862f-5277-4dcf-9079-7483c1550021/none_v3" "tx55a4099444af4332a9659-006a2bc8f5" "proxy-server 20" 0.0004 "-" 25 0
Jun 12 08:53:09 np0000071511 object-server[120936]: 172.20.0.104 - - [12/Jun/2026:08:53:09 +0000] "GET /d1/1022/AUTH_ef85e77878ca49cebc5107d5dc4c09a8/gnocchi.7f2a8251-fa8a-40b1-9245-fceb32ef05cd/1780920000.0_mean_300.0_v3" 404 70 "GET http://172.18.0.204:8080/v1/AUTH_ef85e77878ca49cebc5107d5dc4c09a8/gnocchi.7f2a8251-fa8a-40b1-9245-fceb32ef05cd/1780920000.0_mean_300.0_v3" "txbc2b41dd3bfe4dc88246d-006a2bc8f5" "proxy-server 20" 0.0004 "-" 22 0
Jun 12 08:53:09 np0000071511 proxy-server[122457]: 172.18.0.105 172.18.0.104 12/Jun/2026/08/53/09 GET /v1/AUTH_ef85e77878ca49cebc5107d5dc4c09a8/gnocchi.7f2a8251-fa8a-40b1-9245-fceb32ef05cd/1780920000.0_mean_300.0_v3 HTTP/1.0 404 - python-swiftclient-3.11.1 gAAAAABqK8immuXj... - 70 - txbc2b41dd3bfe4dc88246d-006a2bc8f5 - 0.0157 - - 1781254389.884279966 1781254389.900007486 0
Jun 12 08:53:09 np0000071511 account-server[120203]: 172.20.0.105 - - [12/Jun/2026:08:53:09 +0000] "PUT /d1/19/AUTH_ef85e77878ca49cebc5107d5dc4c09a8/gnocchi.05aa862f-5277-4dcf-9079-7483c1550021" 201 - "PUT http://172.20.0.105:6001/d1/59/AUTH_ef85e77878ca49cebc5107d5dc4c09a8/gnocchi.05aa862f-5277-4dcf-9079-7483c1550021" "tx782c4f2bb8324554b0d9b-006a2bc8f5" "container-server 22" 0.0107 "-" 23 0
Jun 12 08:53:09 np0000071511 container-server[120550]: 172.20.0.105 - - [12/Jun/2026:08:53:09 +0000] "PUT /d1/59/AUTH_ef85e77878ca49cebc5107d5dc4c09a8/gnocchi.05aa862f-5277-4dcf-9079-7483c1550021" 201 - "PUT http://172.18.0.204:8080/v1/AUTH_ef85e77878ca49cebc5107d5dc4c09a8/gnocchi.05aa862f-5277-4dcf-9079-7483c1550021" "tx782c4f2bb8324554b0d9b-006a2bc8f5" "proxy-server 12" 0.0312 "-" 21 0
Jun 12 08:53:09 np0000071511 container-server[120557]: 172.20.0.103 - - [12/Jun/2026:08:53:09 +0000] "PUT /d1/20/AUTH_ef85e77878ca49cebc5107d5dc4c09a8/gnocchi.7f2a8251-fa8a-40b1-9245-fceb32ef05cd/1780920000.0_mean_300.0_v3" 201 - "PUT http://172.18.0.204:8080/d1/1022/AUTH_ef85e77878ca49cebc5107d5dc4c09a8/gnocchi.7f2a8251-fa8a-40b1-9245-fceb32ef05cd/1780920000.0_mean_300.0_v3" "tx05175e3368a242f2b54c8-006a2bc8f5" "object-server 25" 0.0017 "-" 22 0
Jun 12 08:53:09 np0000071511 object-server[120936]: 172.20.0.103 - - [12/Jun/2026:08:53:09 +0000] "PUT /d1/1022/AUTH_ef85e77878ca49cebc5107d5dc4c09a8/gnocchi.7f2a8251-fa8a-40b1-9245-fceb32ef05cd/1780920000.0_mean_300.0_v3" 201 - "PUT http://172.18.0.204:8080/v1/AUTH_ef85e77878ca49cebc5107d5dc4c09a8/gnocchi.7f2a8251-fa8a-40b1-9245-fceb32ef05cd/1780920000.0_mean_300.0_v3" "tx05175e3368a242f2b54c8-006a2bc8f5" "proxy-server 20" 0.0140 "-" 22 0
Jun 12 08:53:09 np0000071511 proxy-server[122457]: - - 12/Jun/2026/08/53/09 HEAD /v1/AUTH_ef85e77878ca49cebc5107d5dc4c09a8/gnocchi.05aa862f-5277-4dcf-9079-7483c1550021%3Fformat%3Djson%26states%3Dlisting HTTP/1.0 204 - Swift - - - - txa54a9467bf5c41a484642-006a2bc8f5 - 0.0068 RL - 1781254389.943718672 1781254389.950474024 0
Jun 12 08:53:09 np0000071511 proxy-server[122457]: 172.18.0.103 172.18.0.104 12/Jun/2026/08/53/09 GET /v1/AUTH_ef85e77878ca49cebc5107d5dc4c09a8/gnocchi.05aa862f-5277-4dcf-9079-7483c1550021%3Fformat%3Djson%26states%3Dlisting HTTP/1.0 200 - python-swiftclient-3.11.1 gAAAAABqK8j1-Tkw... - 2 - txa54a9467bf5c41a484642-006a2bc8f5 - 0.0177 - - 1781254389.942066908 1781254389.959740877 0
Jun 12 08:53:09 np0000071511 container-server[120550]: 172.20.0.105 - - [12/Jun/2026:08:53:09 +0000] "PUT /d1/20/AUTH_ef85e77878ca49cebc5107d5dc4c09a8/gnocchi.7f2a8251-fa8a-40b1-9245-fceb32ef05cd/none_v3" 201 - "PUT http://172.18.0.204:8080/d1/457/AUTH_ef85e77878ca49cebc5107d5dc4c09a8/gnocchi.7f2a8251-fa8a-40b1-9245-fceb32ef05cd/none_v3" "tx815156f67195470194a51-006a2bc8f5" "object-server 22" 0.0007 "-" 21 0
Jun 12 08:53:09 np0000071511 object-server[120940]: 172.20.0.105 - - [12/Jun/2026:08:53:09 +0000] "PUT /d1/457/AUTH_ef85e77878ca49cebc5107d5dc4c09a8/gnocchi.7f2a8251-fa8a-40b1-9245-fceb32ef05cd/none_v3" 201 - "PUT http://172.18.0.204:8080/v1/AUTH_ef85e77878ca49cebc5107d5dc4c09a8/gnocchi.7f2a8251-fa8a-40b1-9245-fceb32ef05cd/none_v3" "tx815156f67195470194a51-006a2bc8f5" "proxy-server 12" 0.0128 "-" 23 0
Jun 12 08:53:09 np0000071511 object-server[120940]: 172.20.0.103 - - [12/Jun/2026:08:53:09 +0000] "GET /d1/893/AUTH_ef85e77878ca49cebc5107d5dc4c09a8/gnocchi.05aa862f-5277-4dcf-9079-7483c1550021/1780920000.0_mean_300.0_v3" 404 70 "GET http://172.18.0.204:8080/v1/AUTH_ef85e77878ca49cebc5107d5dc4c09a8/gnocchi.05aa862f-5277-4dcf-9079-7483c1550021/1780920000.0_mean_300.0_v3" "tx96b5e650a90f44bdbbcba-006a2bc8f5" "proxy-server 20" 0.0002 "-" 23 0
Jun 12 08:53:10 np0000071511 container-server[120542]: 172.20.0.104 - - [12/Jun/2026:08:53:10 +0000] "PUT /d1/59/AUTH_ef85e77878ca49cebc5107d5dc4c09a8/gnocchi.05aa862f-5277-4dcf-9079-7483c1550021/1780920000.0_mean_300.0_v3" 201 - "PUT http://172.18.0.204:8080/d1/893/AUTH_ef85e77878ca49cebc5107d5dc4c09a8/gnocchi.05aa862f-5277-4dcf-9079-7483c1550021/1780920000.0_mean_300.0_v3" "tx1cdfc6ccceb24b51b68b6-006a2bc8f5" "object-server 22" 0.0006 "-" 20 0
Jun 12 08:53:10 np0000071511 object-server[120936]: 172.20.0.104 - - [12/Jun/2026:08:53:10 +0000] "PUT /d1/893/AUTH_ef85e77878ca49cebc5107d5dc4c09a8/gnocchi.05aa862f-5277-4dcf-9079-7483c1550021/1780920000.0_mean_300.0_v3" 201 - "PUT http://172.18.0.204:8080/v1/AUTH_ef85e77878ca49cebc5107d5dc4c09a8/gnocchi.05aa862f-5277-4dcf-9079-7483c1550021/1780920000.0_mean_300.0_v3" "tx1cdfc6ccceb24b51b68b6-006a2bc8f5" "proxy-server 20" 0.0114 "-" 22 0
Jun 12 08:53:10 np0000071511 proxy-server[122457]: 172.18.0.103 172.18.0.104 12/Jun/2026/08/53/10 PUT /v1/AUTH_ef85e77878ca49cebc5107d5dc4c09a8/gnocchi.05aa862f-5277-4dcf-9079-7483c1550021/1780920000.0_mean_300.0_v3 HTTP/1.0 201 - python-swiftclient-3.11.1 gAAAAABqK8j1-Tkw... 16 - - tx1cdfc6ccceb24b51b68b6-006a2bc8f5 - 0.0202 - - 1781254389.988306522 1781254390.008509159 0
Jun 12 08:53:10 np0000071511 container-server[120550]: 172.20.0.104 - - [12/Jun/2026:08:53:10 +0000] "PUT /d1/59/AUTH_ef85e77878ca49cebc5107d5dc4c09a8/gnocchi.05aa862f-5277-4dcf-9079-7483c1550021/none_v3" 201 - "PUT http://172.18.0.204:8080/d1/99/AUTH_ef85e77878ca49cebc5107d5dc4c09a8/gnocchi.05aa862f-5277-4dcf-9079-7483c1550021/none_v3" "txfae2e5fcf7fa4138bc607-006a2bc8f6" "object-server 23" 0.0006 "-" 21 0
Jun 12 08:53:10 np0000071511 object-server[120940]: 172.20.0.105 - - [12/Jun/2026:08:53:10 +0000] "PUT /d1/99/AUTH_ef85e77878ca49cebc5107d5dc4c09a8/gnocchi.05aa862f-5277-4dcf-9079-7483c1550021/none_v3" 201 - "PUT http://172.18.0.204:8080/v1/AUTH_ef85e77878ca49cebc5107d5dc4c09a8/gnocchi.05aa862f-5277-4dcf-9079-7483c1550021/none_v3" "txfae2e5fcf7fa4138bc607-006a2bc8f6" "proxy-server 12" 0.0107 "-" 23 0
Jun 12 08:53:10 np0000071511 container-server[120164]: Beginning replication run
Jun 12 08:53:11 np0000071511 container-server[120164]: Replication run OVER
Jun 12 08:53:11 np0000071511 container-server[120164]: Attempted to replicate 8 dbs in 0.41364 seconds (19.34058/s)
Jun 12 08:53:11 np0000071511 container-server[120164]: Removed 0 dbs
Jun 12 08:53:11 np0000071511 container-server[120164]: 16 successes, 0 failures
Jun 12 08:53:11 np0000071511 container-server[120164]: diff:0 diff_capped:0 empty:0 hashmatch:0 no_change:16 remote_merge:0 rsync:0 ts_repl:0
Jun 12 08:53:24 np0000071511 object-server[120654]: Starting object replication pass.
Jun 12 08:53:25 np0000071511 object-server[120654]: 16/16 (100.00%) partitions replicated in 0.16s (102.22/sec, 0s remaining)
Jun 12 08:53:25 np0000071511 object-server[120654]: 32 successes, 0 failures
Jun 12 08:53:25 np0000071511 object-server[120654]: 16 suffixes checked - 0.00% hashed, 0.00% synced
Jun 12 08:53:25 np0000071511 object-server[120654]: Partition times: max 0.0158s, min 0.0069s, med 0.0089s
Jun 12 08:53:25 np0000071511 object-server[120654]: Object replication complete. (0.00 minutes)
Jun 12 08:53:26 np0000071511 object-server[216677]: Begin object audit "forever" mode (ZBF)
Jun 12 08:53:26 np0000071511 object-server[216677]: Object audit (ZBF). Since Fri Jun 12 08:53:26 2026: Locally: 1 passed, 0 quarantined, 0 errors, files/sec: 578.68, bytes/sec: 0.00, Total time: 0.00, Auditing time: 0.00, Rate: 0.00
Jun 12 08:53:26 np0000071511 object-server[216678]: Begin object audit "forever" mode (ALL)
Jun 12 08:53:26 np0000071511 object-server[216678]: Object audit (ALL). Since Fri Jun 12 08:53:26 2026: Locally: 1 passed, 0 quarantined, 0 errors, files/sec: 106.72, bytes/sec: 1707.52, Total time: 0.01, Auditing time: 0.00, Rate: 0.00
Jun 12 08:53:26 np0000071511 object-server[216677]: Object audit (ZBF) "forever" mode completed: 0.28s. Total quarantined: 0, Total errors: 0, Total files/sec: 56.46, Total bytes/sec: 0.00, Auditing time: 0.28, Rate: 0.98
Jun 12 08:53:27 np0000071511 object-server[216678]: Object audit (ALL) "forever" mode completed: 0.71s. Total quarantined: 0, Total errors: 0, Total files/sec: 22.48, Total bytes/sec: 441.21, Auditing time: 0.70, Rate: 0.99
Jun 12 08:53:36 np0000071511 account-server[119882]: Beginning replication run
Jun 12 08:53:37 np0000071511 account-server[119882]: Replication run OVER
Jun 12 08:53:37 np0000071511 account-server[119882]: Attempted to replicate 1 dbs in 0.82610 seconds (1.21050/s)
Jun 12 08:53:37 np0000071511 account-server[119882]: Removed 0 dbs
Jun 12 08:53:37 np0000071511 account-server[119882]: 2 successes, 0 failures
Jun 12 08:53:37 np0000071511 account-server[119882]: diff:0 diff_capped:0 empty:0 hashmatch:0 no_change:2 remote_merge:0 rsync:0 ts_repl:0
Jun 12 08:53:40 np0000071511 container-server[120164]: Beginning replication run
Jun 12 08:53:40 np0000071511 container-server[120164]: Replication run OVER
Jun 12 08:53:40 np0000071511 container-server[120164]: Attempted to replicate 8 dbs in 0.15508 seconds (51.58479/s)
Jun 12 08:53:40 np0000071511 container-server[120164]: Removed 0 dbs
Jun 12 08:53:40 np0000071511 container-server[120164]: 16 successes, 0 failures
Jun 12 08:53:40 np0000071511 container-server[120164]: diff:0 diff_capped:0 empty:0 hashmatch:0 no_change:16 remote_merge:0 rsync:0 ts_repl:0
Jun 12 08:53:43 np0000071511 account-server[120203]: 172.20.0.105 - - [12/Jun/2026:08:53:43 +0000] "PUT /d1/19/AUTH_ef85e77878ca49cebc5107d5dc4c09a8/gnocchi.9db0153f-f2bd-43e1-9bca-12d0d9f711be" 201 - "-" "-" "container-updater 2" 0.0011 "-" 23 0
Jun 12 08:53:43 np0000071511 account-server[120175]: 172.20.0.105 - - [12/Jun/2026:08:53:43 +0000] "PUT /d1/19/AUTH_ef85e77878ca49cebc5107d5dc4c09a8/gnocchi.3fbaaa13-1bf8-4d66-bc95-5986e025bdb1" 201 - "-" "-" "container-updater 2" 0.0007 "-" 21 0
Jun 12 08:53:43 np0000071511 account-server[120188]: 172.20.0.105 - - [12/Jun/2026:08:53:43 +0000] "PUT /d1/19/AUTH_ef85e77878ca49cebc5107d5dc4c09a8/gnocchi.d543d934-5d5e-48f3-b641-d8da384a8e2c" 201 - "-" "-" "container-updater 2" 0.0006 "-" 22 0
Jun 12 08:53:43 np0000071511 account-server[120175]: 172.20.0.105 - - [12/Jun/2026:08:53:43 +0000] "PUT /d1/19/AUTH_ef85e77878ca49cebc5107d5dc4c09a8/gnocchi.ebff7527-336f-4ffe-8244-f69641beea04" 201 - "-" "-" "container-updater 2" 0.0008 "-" 21 0
Jun 12 08:53:43 np0000071511 account-server[120175]: 172.20.0.105 - - [12/Jun/2026:08:53:43 +0000] "PUT /d1/19/AUTH_ef85e77878ca49cebc5107d5dc4c09a8/gnocchi.7f2a8251-fa8a-40b1-9245-fceb32ef05cd" 201 - "-" "-" "container-updater 2" 0.0006 "-" 21 0
Jun 12 08:53:43 np0000071511 account-server[120203]: 172.20.0.105 - - [12/Jun/2026:08:53:43 +0000] "PUT /d1/19/AUTH_ef85e77878ca49cebc5107d5dc4c09a8/gnocchi.05aa862f-5277-4dcf-9079-7483c1550021" 201 - "-" "-" "container-updater 2" 0.0006 "-" 23 0
Jun 12 08:53:43 np0000071511 account-server[120203]: 172.20.0.105 - - [12/Jun/2026:08:53:43 +0000] "PUT /d1/19/AUTH_ef85e77878ca49cebc5107d5dc4c09a8/gnocchi.d95abb9a-53c3-4402-83a4-ca46022ce1c5" 201 - "-" "-" "container-updater 2" 0.0007 "-" 23 0
Jun 12 08:53:43 np0000071511 account-server[120172]: 172.20.0.105 - - [12/Jun/2026:08:53:43 +0000] "PUT /d1/19/AUTH_ef85e77878ca49cebc5107d5dc4c09a8/gnocchi.9fd55d25-2bf0-4202-af20-2af103263838" 201 - "-" "-" "container-updater 2" 0.0007 "-" 20 0
Jun 12 08:53:55 np0000071511 object-server[120654]: Starting object replication pass.
Jun 12 08:53:55 np0000071511 object-server[120654]: 16/16 (100.00%) partitions replicated in 0.19s (84.11/sec, 0s remaining)
Jun 12 08:53:55 np0000071511 object-server[120654]: 32 successes, 0 failures
Jun 12 08:53:55 np0000071511 object-server[120654]: 16 suffixes checked - 0.00% hashed, 0.00% synced
Jun 12 08:53:55 np0000071511 object-server[120654]: Partition times: max 0.0178s, min 0.0074s, med 0.0119s
Jun 12 08:53:55 np0000071511 object-server[120654]: Object replication complete. (0.00 minutes)
Jun 12 08:53:56 np0000071511 object-server[216688]: Begin object audit "forever" mode (ZBF)
Jun 12 08:53:56 np0000071511 object-server[216688]: Object audit (ZBF). Since Fri Jun 12 08:53:56 2026: Locally: 1 passed, 0 quarantined, 0 errors, files/sec: 574.40, bytes/sec: 0.00, Total time: 0.00, Auditing time: 0.00, Rate: 0.00
Jun 12 08:53:57 np0000071511 object-server[216688]: Object audit (ZBF) "forever" mode completed: 0.28s. Total quarantined: 0, Total errors: 0, Total files/sec: 56.44, Total bytes/sec: 0.00, Auditing time: 0.28, Rate: 0.98
Jun 12 08:54:00 np0000071511 account-server[120188]: 172.20.0.103 - - [12/Jun/2026:08:54:00 +0000] "HEAD /d1/19/AUTH_ef85e77878ca49cebc5107d5dc4c09a8" 204 - "HEAD http://172.18.0.204:8080/v1/AUTH_ef85e77878ca49cebc5107d5dc4c09a8?format=json" "tx87fe88d236234bb784f81-006a2bc928" "proxy-server 20" 0.0114 "-" 22 -
Jun 12 08:54:00 np0000071511 account-server[120172]: 172.20.0.105 - - [12/Jun/2026:08:54:00 +0000] "HEAD /d1/19/AUTH_ef85e77878ca49cebc5107d5dc4c09a8" 204 - "HEAD http://172.18.0.204:8080/v1/AUTH_ef85e77878ca49cebc5107d5dc4c09a8?format=json" "tx9f73fb8c07b144b79deaa-006a2bc928" "proxy-server 12" 0.0027 "-" 20 -
Jun 12 08:54:00 np0000071511 proxy-server[122457]: - - 12/Jun/2026/08/54/00 HEAD /v1/AUTH_ef85e77878ca49cebc5107d5dc4c09a8%3Fformat%3Djson HTTP/1.0 204 - Swift - - - - tx4985406e97f2421d90345-006a2bc928 - 0.0202 RL - 1781254440.473930597 1781254440.494084358 -
Jun 12 08:54:00 np0000071511 container-server[120559]: 172.20.0.103 - - [12/Jun/2026:08:54:00 +0000] "HEAD /d1/921/AUTH_ef85e77878ca49cebc5107d5dc4c09a8/gnocchi.754dd191-494e-4f29-83e9-e2b524c88032" 404 - "HEAD http://172.18.0.204:8080/v1/AUTH_ef85e77878ca49cebc5107d5dc4c09a8/gnocchi.754dd191-494e-4f29-83e9-e2b524c88032?format=json&states=listing" "tx87fe88d236234bb784f81-006a2bc928" "proxy-server 20" 0.0009 "-" 23 0
Jun 12 08:54:00 np0000071511 container-server[120557]: 172.20.0.105 - - [12/Jun/2026:08:54:00 +0000] "HEAD /d1/772/AUTH_ef85e77878ca49cebc5107d5dc4c09a8/gnocchi.849ce80c-32a1-4f25-827a-6f75fc090aca" 404 - "HEAD http://172.18.0.204:8080/v1/AUTH_ef85e77878ca49cebc5107d5dc4c09a8/gnocchi.849ce80c-32a1-4f25-827a-6f75fc090aca?format=json&states=listing" "tx9f73fb8c07b144b79deaa-006a2bc928" "proxy-server 12" 0.0008 "-" 22 0
Jun 12 08:54:00 np0000071511 container-server[120542]: 172.20.0.104 - - [12/Jun/2026:08:54:00 +0000] "HEAD /d1/968/AUTH_ef85e77878ca49cebc5107d5dc4c09a8/gnocchi.f6d0da45-cda2-4412-b5f9-41c7245bd199" 404 - "HEAD http://172.18.0.204:8080/v1/AUTH_ef85e77878ca49cebc5107d5dc4c09a8/gnocchi.f6d0da45-cda2-4412-b5f9-41c7245bd199?format=json&states=listing" "tx4985406e97f2421d90345-006a2bc928" "proxy-server 20" 0.0007 "-" 20 0
Jun 12 08:54:00 np0000071511 object-server[120936]: 172.20.0.103 - - [12/Jun/2026:08:54:00 +0000] "GET /d1/185/AUTH_ef85e77878ca49cebc5107d5dc4c09a8/gnocchi.754dd191-494e-4f29-83e9-e2b524c88032/none_v3" 404 70 "GET http://172.18.0.204:8080/v1/AUTH_ef85e77878ca49cebc5107d5dc4c09a8/gnocchi.754dd191-494e-4f29-83e9-e2b524c88032/none_v3" "tx87fe88d236234bb784f81-006a2bc928" "proxy-server 20" 0.0010 "-" 22 0
Jun 12 08:54:00 np0000071511 object-server[120940]: 172.20.0.105 - - [12/Jun/2026:08:54:00 +0000] "GET /d1/641/AUTH_ef85e77878ca49cebc5107d5dc4c09a8/gnocchi.849ce80c-32a1-4f25-827a-6f75fc090aca/none_v3" 404 70 "GET http://172.18.0.204:8080/v1/AUTH_ef85e77878ca49cebc5107d5dc4c09a8/gnocchi.849ce80c-32a1-4f25-827a-6f75fc090aca/none_v3" "tx9f73fb8c07b144b79deaa-006a2bc928" "proxy-server 12" 0.0007 "-" 23 0
Jun 12 08:54:00 np0000071511 object-server[120936]: 172.20.0.104 - - [12/Jun/2026:08:54:00 +0000] "GET /d1/620/AUTH_ef85e77878ca49cebc5107d5dc4c09a8/gnocchi.f6d0da45-cda2-4412-b5f9-41c7245bd199/none_v3" 404 70 "GET http://172.18.0.204:8080/v1/AUTH_ef85e77878ca49cebc5107d5dc4c09a8/gnocchi.f6d0da45-cda2-4412-b5f9-41c7245bd199/none_v3" "tx4985406e97f2421d90345-006a2bc928" "proxy-server 20" 0.0004 "-" 22 0
Jun 12 08:54:00 np0000071511 proxy-server[122457]: 172.18.0.103 172.18.0.104 12/Jun/2026/08/54/00 GET /v1/AUTH_ef85e77878ca49cebc5107d5dc4c09a8/gnocchi.f6d0da45-cda2-4412-b5f9-41c7245bd199/none_v3 HTTP/1.0 404 - python-swiftclient-3.11.1 gAAAAABqK8j1-Tkw... - 70 - tx4985406e97f2421d90345-006a2bc928 - 0.0567 - - 1781254440.472437143 1781254440.529155254 0
Jun 12 08:54:00 np0000071511 account-server[120175]: 172.20.0.103 - - [12/Jun/2026:08:54:00 +0000] "PUT /d1/19/AUTH_ef85e77878ca49cebc5107d5dc4c09a8/gnocchi.849ce80c-32a1-4f25-827a-6f75fc090aca" 201 - "PUT http://172.20.0.103:6001/d1/772/AUTH_ef85e77878ca49cebc5107d5dc4c09a8/gnocchi.849ce80c-32a1-4f25-827a-6f75fc090aca" "tx5c8c3a978de843f4b2e7a-006a2bc928" "container-server 22" 0.0022 "-" 21 0
Jun 12 08:54:00 np0000071511 account-server[120172]: 172.20.0.103 - - [12/Jun/2026:08:54:00 +0000] "PUT /d1/19/AUTH_ef85e77878ca49cebc5107d5dc4c09a8/gnocchi.f6d0da45-cda2-4412-b5f9-41c7245bd199" 201 - "PUT http://172.20.0.103:6001/d1/968/AUTH_ef85e77878ca49cebc5107d5dc4c09a8/gnocchi.f6d0da45-cda2-4412-b5f9-41c7245bd199" "tx11dc1b499bc140b9a6d3c-006a2bc928" "container-server 20" 0.0060 "-" 20 0
Jun 12 08:54:00 np0000071511 account-server[120203]: 172.20.0.104 - - [12/Jun/2026:08:54:00 +0000] "PUT /d1/19/AUTH_ef85e77878ca49cebc5107d5dc4c09a8/gnocchi.754dd191-494e-4f29-83e9-e2b524c88032" 201 - "PUT http://172.20.0.104:6001/d1/921/AUTH_ef85e77878ca49cebc5107d5dc4c09a8/gnocchi.754dd191-494e-4f29-83e9-e2b524c88032" "tx48553f368d8e4346948b7-006a2bc928" "container-server 20" 0.0067 "-" 23 0
Jun 12 08:54:00 np0000071511 container-server[120542]: 172.20.0.105 - - [12/Jun/2026:08:54:00 +0000] "PUT /d1/921/AUTH_ef85e77878ca49cebc5107d5dc4c09a8/gnocchi.754dd191-494e-4f29-83e9-e2b524c88032" 201 - "PUT http://172.18.0.204:8080/v1/AUTH_ef85e77878ca49cebc5107d5dc4c09a8/gnocchi.754dd191-494e-4f29-83e9-e2b524c88032" "tx48553f368d8e4346948b7-006a2bc928" "proxy-server 12" 0.0328 "-" 20 0
Jun 12 08:54:00 np0000071511 container-server[120542]: 172.20.0.103 - - [12/Jun/2026:08:54:00 +0000] "PUT /d1/772/AUTH_ef85e77878ca49cebc5107d5dc4c09a8/gnocchi.849ce80c-32a1-4f25-827a-6f75fc090aca" 201 - "PUT http://172.18.0.204:8080/v1/AUTH_ef85e77878ca49cebc5107d5dc4c09a8/gnocchi.849ce80c-32a1-4f25-827a-6f75fc090aca" "tx5c8c3a978de843f4b2e7a-006a2bc928" "proxy-server 20" 0.0488 "-" 20 0
Jun 12 08:54:00 np0000071511 container-server[120542]: 172.20.0.104 - - [12/Jun/2026:08:54:00 +0000] "PUT /d1/968/AUTH_ef85e77878ca49cebc5107d5dc4c09a8/gnocchi.f6d0da45-cda2-4412-b5f9-41c7245bd199" 201 - "PUT http://172.18.0.204:8080/v1/AUTH_ef85e77878ca49cebc5107d5dc4c09a8/gnocchi.f6d0da45-cda2-4412-b5f9-41c7245bd199" "tx11dc1b499bc140b9a6d3c-006a2bc928" "proxy-server 20" 0.0313 "-" 20 0
Jun 12 08:54:00 np0000071511 proxy-server[122457]: 172.18.0.103 172.18.0.104 12/Jun/2026/08/54/00 PUT /v1/AUTH_ef85e77878ca49cebc5107d5dc4c09a8/gnocchi.f6d0da45-cda2-4412-b5f9-41c7245bd199 HTTP/1.0 201 - python-swiftclient-3.11.1 gAAAAABqK8j1-Tkw... - - - tx11dc1b499bc140b9a6d3c-006a2bc928 - 0.0583 - - 1781254440.532882929 1781254440.591146946 0
Jun 12 08:54:00 np0000071511 container-server[120550]: 172.20.0.104 - - [12/Jun/2026:08:54:00 +0000] "HEAD /d1/968/AUTH_ef85e77878ca49cebc5107d5dc4c09a8/gnocchi.f6d0da45-cda2-4412-b5f9-41c7245bd199" 204 - "HEAD http://172.18.0.204:8080/v1/AUTH_ef85e77878ca49cebc5107d5dc4c09a8/gnocchi.f6d0da45-cda2-4412-b5f9-41c7245bd199?format=json&states=listing" "txb3d90bfe185c4d5eb093d-006a2bc928" "proxy-server 20" 0.0025 "-" 21 0
Jun 12 08:54:00 np0000071511 proxy-server[122457]: - - 12/Jun/2026/08/54/00 HEAD /v1/AUTH_ef85e77878ca49cebc5107d5dc4c09a8/gnocchi.f6d0da45-cda2-4412-b5f9-41c7245bd199%3Fformat%3Djson%26states%3Dlisting HTTP/1.0 204 - Swift - - - - txb3d90bfe185c4d5eb093d-006a2bc928 - 0.0070 RL - 1781254440.596447945 1781254440.603453875 0
Jun 12 08:54:00 np0000071511 container-server[120542]: 172.20.0.103 - - [12/Jun/2026:08:54:00 +0000] "GET /d1/772/AUTH_ef85e77878ca49cebc5107d5dc4c09a8/gnocchi.849ce80c-32a1-4f25-827a-6f75fc090aca" 200 2 "GET http://172.18.0.204:8080/v1/AUTH_ef85e77878ca49cebc5107d5dc4c09a8/gnocchi.849ce80c-32a1-4f25-827a-6f75fc090aca?format=json&states=listing" "tx224079816f3b4153b94c1-006a2bc928" "proxy-server 20" 0.0040 "-" 20 0
Jun 12 08:54:00 np0000071511 proxy-server[122457]: 172.18.0.103 172.18.0.104 12/Jun/2026/08/54/00 GET /v1/AUTH_ef85e77878ca49cebc5107d5dc4c09a8/gnocchi.f6d0da45-cda2-4412-b5f9-41c7245bd199%3Fformat%3Djson%26states%3Dlisting HTTP/1.0 200 - python-swiftclient-3.11.1 gAAAAABqK8j1-Tkw... - 2 - txb3d90bfe185c4d5eb093d-006a2bc928 - 0.0185 - - 1781254440.594809771 1781254440.613268137 0
Jun 12 08:54:00 np0000071511 object-server[120940]: 172.20.0.104 - - [12/Jun/2026:08:54:00 +0000] "GET /d1/335/AUTH_ef85e77878ca49cebc5107d5dc4c09a8/gnocchi.f6d0da45-cda2-4412-b5f9-41c7245bd199/1780920000.0_mean_300.0_v3" 404 70 "GET http://172.18.0.204:8080/v1/AUTH_ef85e77878ca49cebc5107d5dc4c09a8/gnocchi.f6d0da45-cda2-4412-b5f9-41c7245bd199/1780920000.0_mean_300.0_v3" "tx5059e3549ca342048de26-006a2bc928" "proxy-server 20" 0.0004 "-" 23 0
Jun 12 08:54:00 np0000071511 object-server[120941]: 172.20.0.105 - - [12/Jun/2026:08:54:00 +0000] "GET /d1/495/AUTH_ef85e77878ca49cebc5107d5dc4c09a8/gnocchi.754dd191-494e-4f29-83e9-e2b524c88032/1780920000.0_mean_300.0_v3" 404 70 "GET http://172.18.0.204:8080/v1/AUTH_ef85e77878ca49cebc5107d5dc4c09a8/gnocchi.754dd191-494e-4f29-83e9-e2b524c88032/1780920000.0_mean_300.0_v3" "tx56c378f681ec487f9337f-006a2bc928" "proxy-server 12" 0.0003 "-" 24 0
Jun 12 08:54:00 np0000071511 proxy-server[122457]: 172.18.0.103 172.18.0.104 12/Jun/2026/08/54/00 GET /v1/AUTH_ef85e77878ca49cebc5107d5dc4c09a8/gnocchi.f6d0da45-cda2-4412-b5f9-41c7245bd199/1780920000.0_mean_300.0_v3 HTTP/1.0 404 - python-swiftclient-3.11.1 gAAAAABqK8j1-Tkw... - 70 - tx5059e3549ca342048de26-006a2bc928 - 0.0124 - - 1781254440.616299868 1781254440.628727198 0
Jun 12 08:54:00 np0000071511 object-server[120940]: 172.20.0.103 - - [12/Jun/2026:08:54:00 +0000] "GET /d1/852/AUTH_ef85e77878ca49cebc5107d5dc4c09a8/gnocchi.849ce80c-32a1-4f25-827a-6f75fc090aca/1780920000.0_mean_300.0_v3" 404 70 "GET http://172.18.0.204:8080/v1/AUTH_ef85e77878ca49cebc5107d5dc4c09a8/gnocchi.849ce80c-32a1-4f25-827a-6f75fc090aca/1780920000.0_mean_300.0_v3" "txdf205bf200704c93be43a-006a2bc928" "proxy-server 20" 0.0002 "-" 23 0
Jun 12 08:54:00 np0000071511 object-server[120941]: 172.20.0.105 - - [12/Jun/2026:08:54:00 +0000] "PUT /d1/495/AUTH_ef85e77878ca49cebc5107d5dc4c09a8/gnocchi.754dd191-494e-4f29-83e9-e2b524c88032/1780920000.0_mean_300.0_v3" 201 - "PUT http://172.18.0.204:8080/v1/AUTH_ef85e77878ca49cebc5107d5dc4c09a8/gnocchi.754dd191-494e-4f29-83e9-e2b524c88032/1780920000.0_mean_300.0_v3" "txa6cbc80970c5476ca2431-006a2bc928" "proxy-server 12" 0.0139 "-" 24 0
Jun 12 08:54:00 np0000071511 container-server[120559]: 172.20.0.105 - - [12/Jun/2026:08:54:00 +0000] "PUT /d1/921/AUTH_ef85e77878ca49cebc5107d5dc4c09a8/gnocchi.754dd191-494e-4f29-83e9-e2b524c88032/1780920000.0_mean_300.0_v3" 201 - "PUT http://172.18.0.204:8080/d1/495/AUTH_ef85e77878ca49cebc5107d5dc4c09a8/gnocchi.754dd191-494e-4f29-83e9-e2b524c88032/1780920000.0_mean_300.0_v3" "txa6cbc80970c5476ca2431-006a2bc928" "object-server 23" 0.0011 "-" 23 0
Jun 12 08:54:00 np0000071511 container-server[120559]: 172.20.0.104 - - [12/Jun/2026:08:54:00 +0000] "PUT /d1/968/AUTH_ef85e77878ca49cebc5107d5dc4c09a8/gnocchi.f6d0da45-cda2-4412-b5f9-41c7245bd199/1780920000.0_mean_300.0_v3" 201 - "PUT http://172.18.0.204:8080/d1/335/AUTH_ef85e77878ca49cebc5107d5dc4c09a8/gnocchi.f6d0da45-cda2-4412-b5f9-41c7245bd199/1780920000.0_mean_300.0_v3" "tx318e86c4350446b39b002-006a2bc928" "object-server 22" 0.0006 "-" 23 0
Jun 12 08:54:00 np0000071511 container-server[120557]: 172.20.0.104 - - [12/Jun/2026:08:54:00 +0000] "PUT /d1/772/AUTH_ef85e77878ca49cebc5107d5dc4c09a8/gnocchi.849ce80c-32a1-4f25-827a-6f75fc090aca/1780920000.0_mean_300.0_v3" 201 - "PUT http://172.18.0.204:8080/d1/852/AUTH_ef85e77878ca49cebc5107d5dc4c09a8/gnocchi.849ce80c-32a1-4f25-827a-6f75fc090aca/1780920000.0_mean_300.0_v3" "tx6049f0940e9f4d0bad0ee-006a2bc928" "object-server 22" 0.0010 "-" 22 0
Jun 12 08:54:00 np0000071511 object-server[120936]: 172.20.0.104 - - [12/Jun/2026:08:54:00 +0000] "PUT /d1/335/AUTH_ef85e77878ca49cebc5107d5dc4c09a8/gnocchi.f6d0da45-cda2-4412-b5f9-41c7245bd199/1780920000.0_mean_300.0_v3" 201 - "PUT http://172.18.0.204:8080/v1/AUTH_ef85e77878ca49cebc5107d5dc4c09a8/gnocchi.f6d0da45-cda2-4412-b5f9-41c7245bd199/1780920000.0_mean_300.0_v3" "tx318e86c4350446b39b002-006a2bc928" "proxy-server 20" 0.0144 "-" 22 0
Jun 12 08:54:00 np0000071511 object-server[120936]: 172.20.0.103 - - [12/Jun/2026:08:54:00 +0000] "PUT /d1/852/AUTH_ef85e77878ca49cebc5107d5dc4c09a8/gnocchi.849ce80c-32a1-4f25-827a-6f75fc090aca/1780920000.0_mean_300.0_v3" 201 - "PUT http://172.18.0.204:8080/v1/AUTH_ef85e77878ca49cebc5107d5dc4c09a8/gnocchi.849ce80c-32a1-4f25-827a-6f75fc090aca/1780920000.0_mean_300.0_v3" "tx6049f0940e9f4d0bad0ee-006a2bc928" "proxy-server 20" 0.0129 "-" 22 0
Jun 12 08:54:00 np0000071511 proxy-server[122457]: 172.18.0.103 172.18.0.104 12/Jun/2026/08/54/00 PUT /v1/AUTH_ef85e77878ca49cebc5107d5dc4c09a8/gnocchi.f6d0da45-cda2-4412-b5f9-41c7245bd199/1780920000.0_mean_300.0_v3 HTTP/1.0 201 - python-swiftclient-3.11.1 gAAAAABqK8j1-Tkw... 16 - - tx318e86c4350446b39b002-006a2bc928 - 0.0269 - - 1781254440.631488085 1781254440.658357143 0
Jun 12 08:54:00 np0000071511 container-server[120557]: 172.20.0.105 - - [12/Jun/2026:08:54:00 +0000] "PUT /d1/921/AUTH_ef85e77878ca49cebc5107d5dc4c09a8/gnocchi.754dd191-494e-4f29-83e9-e2b524c88032/none_v3" 201 - "PUT http://172.18.0.204:8080/d1/185/AUTH_ef85e77878ca49cebc5107d5dc4c09a8/gnocchi.754dd191-494e-4f29-83e9-e2b524c88032/none_v3" "tx7b6b88950da54e67981c3-006a2bc928" "object-server 25" 0.0008 "-" 22 0
Jun 12 08:54:00 np0000071511 object-server[120940]: 172.20.0.105 - - [12/Jun/2026:08:54:00 +0000] "PUT /d1/185/AUTH_ef85e77878ca49cebc5107d5dc4c09a8/gnocchi.754dd191-494e-4f29-83e9-e2b524c88032/none_v3" 201 - "PUT http://172.18.0.204:8080/v1/AUTH_ef85e77878ca49cebc5107d5dc4c09a8/gnocchi.754dd191-494e-4f29-83e9-e2b524c88032/none_v3" "tx7b6b88950da54e67981c3-006a2bc928" "proxy-server 12" 0.0119 "-" 23 0
Jun 12 08:54:00 np0000071511 container-server[120557]: 172.20.0.104 - - [12/Jun/2026:08:54:00 +0000] "PUT /d1/968/AUTH_ef85e77878ca49cebc5107d5dc4c09a8/gnocchi.f6d0da45-cda2-4412-b5f9-41c7245bd199/none_v3" 201 - "PUT http://172.18.0.204:8080/d1/620/AUTH_ef85e77878ca49cebc5107d5dc4c09a8/gnocchi.f6d0da45-cda2-4412-b5f9-41c7245bd199/none_v3" "tx69cd994b94be4e30b4bed-006a2bc928" "object-server 24" 0.0006 "-" 22 0
Jun 12 08:54:00 np0000071511 object-server[120941]: 172.20.0.104 - - [12/Jun/2026:08:54:00 +0000] "PUT /d1/620/AUTH_ef85e77878ca49cebc5107d5dc4c09a8/gnocchi.f6d0da45-cda2-4412-b5f9-41c7245bd199/none_v3" 201 - "PUT http://172.18.0.204:8080/v1/AUTH_ef85e77878ca49cebc5107d5dc4c09a8/gnocchi.f6d0da45-cda2-4412-b5f9-41c7245bd199/none_v3" "tx69cd994b94be4e30b4bed-006a2bc928" "proxy-server 20" 0.0126 "-" 24 0
Jun 12 08:54:00 np0000071511 object-server[120941]: 172.20.0.103 - - [12/Jun/2026:08:54:00 +0000] "PUT /d1/641/AUTH_ef85e77878ca49cebc5107d5dc4c09a8/gnocchi.849ce80c-32a1-4f25-827a-6f75fc090aca/none_v3" 201 - "PUT http://172.18.0.204:8080/v1/AUTH_ef85e77878ca49cebc5107d5dc4c09a8/gnocchi.849ce80c-32a1-4f25-827a-6f75fc090aca/none_v3" "tx6d16522dfc8a4d52af193-006a2bc928" "proxy-server 20" 0.0176 "-" 24 0
Jun 12 08:54:00 np0000071511 container-server[120559]: 172.20.0.105 - - [12/Jun/2026:08:54:00 +0000] "PUT /d1/772/AUTH_ef85e77878ca49cebc5107d5dc4c09a8/gnocchi.849ce80c-32a1-4f25-827a-6f75fc090aca/none_v3" 201 - "PUT http://172.18.0.204:8080/d1/641/AUTH_ef85e77878ca49cebc5107d5dc4c09a8/gnocchi.849ce80c-32a1-4f25-827a-6f75fc090aca/none_v3" "tx6d16522dfc8a4d52af193-006a2bc928" "object-server 23" 0.0007 "-" 23 0
Jun 12 08:54:00 np0000071511 proxy-server[122457]: 172.18.0.103 172.18.0.104 12/Jun/2026/08/54/00 PUT /v1/AUTH_ef85e77878ca49cebc5107d5dc4c09a8/gnocchi.f6d0da45-cda2-4412-b5f9-41c7245bd199/none_v3 HTTP/1.0 201 - python-swiftclient-3.11.1 gAAAAABqK8j1-Tkw... 22 - - tx69cd994b94be4e30b4bed-006a2bc928 - 0.0289 - - 1781254440.662011862 1781254440.690942764 0
Jun 12 08:54:00 np0000071511 container-server[120557]: 172.20.0.105 - - [12/Jun/2026:08:54:00 +0000] "HEAD /d1/127/AUTH_ef85e77878ca49cebc5107d5dc4c09a8/gnocchi.44057a46-8df6-4ba2-8e3c-ac9f65e489f7" 404 - "HEAD http://172.18.0.204:8080/v1/AUTH_ef85e77878ca49cebc5107d5dc4c09a8/gnocchi.44057a46-8df6-4ba2-8e3c-ac9f65e489f7?format=json&states=listing" "txdd29dd52b9b146f78914c-006a2bc928" "proxy-server 12" 0.0004 "-" 22 0
Jun 12 08:54:00 np0000071511 container-server[120557]: 172.20.0.103 - - [12/Jun/2026:08:54:00 +0000] "HEAD /d1/261/AUTH_ef85e77878ca49cebc5107d5dc4c09a8/gnocchi.52daf89e-f3d1-4104-a4ab-5fae6f0bf6e0" 404 - "HEAD http://172.18.0.204:8080/v1/AUTH_ef85e77878ca49cebc5107d5dc4c09a8/gnocchi.52daf89e-f3d1-4104-a4ab-5fae6f0bf6e0?format=json&states=listing" "txc7fb0e6087574001982da-006a2bc928" "proxy-server 20" 0.0004 "-" 22 0
Jun 12 08:54:00 np0000071511 object-server[120941]: 172.20.0.105 - - [12/Jun/2026:08:54:00 +0000] "GET /d1/363/AUTH_ef85e77878ca49cebc5107d5dc4c09a8/gnocchi.44057a46-8df6-4ba2-8e3c-ac9f65e489f7/none_v3" 404 70 "GET http://172.18.0.204:8080/v1/AUTH_ef85e77878ca49cebc5107d5dc4c09a8/gnocchi.44057a46-8df6-4ba2-8e3c-ac9f65e489f7/none_v3" "txdd29dd52b9b146f78914c-006a2bc928" "proxy-server 12" 0.0003 "-" 24 0
Jun 12 08:54:00 np0000071511 object-server[120944]: 172.20.0.103 - - [12/Jun/2026:08:54:00 +0000] "GET /d1/591/AUTH_ef85e77878ca49cebc5107d5dc4c09a8/gnocchi.52daf89e-f3d1-4104-a4ab-5fae6f0bf6e0/none_v3" 404 70 "GET http://172.18.0.204:8080/v1/AUTH_ef85e77878ca49cebc5107d5dc4c09a8/gnocchi.52daf89e-f3d1-4104-a4ab-5fae6f0bf6e0/none_v3" "txc7fb0e6087574001982da-006a2bc928" "proxy-server 20" 0.0005 "-" 25 0
Jun 12 08:54:00 np0000071511 container-server[120557]: 172.20.0.104 - - [12/Jun/2026:08:54:00 +0000] "HEAD /d1/621/AUTH_ef85e77878ca49cebc5107d5dc4c09a8/gnocchi.6c7a94a2-12de-4408-9130-d6b695ea3440" 404 - "HEAD http://172.18.0.204:8080/v1/AUTH_ef85e77878ca49cebc5107d5dc4c09a8/gnocchi.6c7a94a2-12de-4408-9130-d6b695ea3440?format=json&states=listing" "tx5940ad36f98e4012abbde-006a2bc928" "proxy-server 20" 0.0004 "-" 22 0
Jun 12 08:54:00 np0000071511 account-server[120172]: 172.20.0.104 - - [12/Jun/2026:08:54:00 +0000] "PUT /d1/19/AUTH_ef85e77878ca49cebc5107d5dc4c09a8/gnocchi.44057a46-8df6-4ba2-8e3c-ac9f65e489f7" 201 - "PUT http://172.20.0.104:6001/d1/127/AUTH_ef85e77878ca49cebc5107d5dc4c09a8/gnocchi.44057a46-8df6-4ba2-8e3c-ac9f65e489f7" "tx2026db86740148ab970d0-006a2bc928" "container-server 22" 0.0066 "-" 20 0
Jun 12 08:54:00 np0000071511 container-server[120557]: 172.20.0.105 - - [12/Jun/2026:08:54:00 +0000] "PUT /d1/127/AUTH_ef85e77878ca49cebc5107d5dc4c09a8/gnocchi.44057a46-8df6-4ba2-8e3c-ac9f65e489f7" 201 - "PUT http://172.18.0.204:8080/v1/AUTH_ef85e77878ca49cebc5107d5dc4c09a8/gnocchi.44057a46-8df6-4ba2-8e3c-ac9f65e489f7" "tx2026db86740148ab970d0-006a2bc928" "proxy-server 12" 0.0228 "-" 22 0
Jun 12 08:54:00 np0000071511 account-server[120203]: 172.20.0.105 - - [12/Jun/2026:08:54:00 +0000] "PUT /d1/19/AUTH_ef85e77878ca49cebc5107d5dc4c09a8/gnocchi.52daf89e-f3d1-4104-a4ab-5fae6f0bf6e0" 201 - "PUT http://172.20.0.105:6001/d1/261/AUTH_ef85e77878ca49cebc5107d5dc4c09a8/gnocchi.52daf89e-f3d1-4104-a4ab-5fae6f0bf6e0" "tx496193bab27948578a7c3-006a2bc928" "container-server 23" 0.0061 "-" 23 0
Jun 12 08:54:00 np0000071511 container-server[120550]: 172.20.0.103 - - [12/Jun/2026:08:54:00 +0000] "PUT /d1/261/AUTH_ef85e77878ca49cebc5107d5dc4c09a8/gnocchi.52daf89e-f3d1-4104-a4ab-5fae6f0bf6e0" 201 - "PUT http://172.18.0.204:8080/v1/AUTH_ef85e77878ca49cebc5107d5dc4c09a8/gnocchi.52daf89e-f3d1-4104-a4ab-5fae6f0bf6e0" "tx496193bab27948578a7c3-006a2bc928" "proxy-server 20" 0.0195 "-" 21 0
Jun 12 08:54:00 np0000071511 object-server[120941]: 172.20.0.104 - - [12/Jun/2026:08:54:00 +0000] "GET /d1/1007/AUTH_ef85e77878ca49cebc5107d5dc4c09a8/gnocchi.6c7a94a2-12de-4408-9130-d6b695ea3440/none_v3" 404 70 "GET http://172.18.0.204:8080/v1/AUTH_ef85e77878ca49cebc5107d5dc4c09a8/gnocchi.6c7a94a2-12de-4408-9130-d6b695ea3440/none_v3" "tx5940ad36f98e4012abbde-006a2bc928" "proxy-server 20" 0.0004 "-" 24 0
Jun 12 08:54:00 np0000071511 proxy-server[122457]: 172.18.0.204 172.18.0.104 12/Jun/2026/08/54/00 GET /v1/AUTH_ef85e77878ca49cebc5107d5dc4c09a8/gnocchi.6c7a94a2-12de-4408-9130-d6b695ea3440/none_v3 HTTP/1.0 404 - python-swiftclient-3.11.1 gAAAAABqK8jqdbsa... - 70 - tx5940ad36f98e4012abbde-006a2bc928 - 0.0409 - - 1781254440.715640783 1781254440.756579638 0
Jun 12 08:54:00 np0000071511 container-server[120542]: 172.20.0.105 - - [12/Jun/2026:08:54:00 +0000] "HEAD /d1/127/AUTH_ef85e77878ca49cebc5107d5dc4c09a8/gnocchi.44057a46-8df6-4ba2-8e3c-ac9f65e489f7" 204 - "HEAD http://172.18.0.204:8080/v1/AUTH_ef85e77878ca49cebc5107d5dc4c09a8/gnocchi.44057a46-8df6-4ba2-8e3c-ac9f65e489f7?format=json&states=listing" "txe3670a4dbc1b4f54a64ae-006a2bc928" "proxy-server 12" 0.0026 "-" 20 0
Jun 12 08:54:00 np0000071511 proxy-server[122457]: - - 12/Jun/2026/08/54/00 HEAD /v1/AUTH_ef85e77878ca49cebc5107d5dc4c09a8/gnocchi.52daf89e-f3d1-4104-a4ab-5fae6f0bf6e0%3Fformat%3Djson%26states%3Dlisting HTTP/1.0 204 - Swift - - - - tx5ac12c37653c47c4be735-006a2bc928 - 0.0063 RL - 1781254440.762969017 1781254440.769284010 0
Jun 12 08:54:00 np0000071511 proxy-server[122457]: 172.18.0.103 172.18.0.104 12/Jun/2026/08/54/00 GET /v1/AUTH_ef85e77878ca49cebc5107d5dc4c09a8/gnocchi.52daf89e-f3d1-4104-a4ab-5fae6f0bf6e0%3Fformat%3Djson%26states%3Dlisting HTTP/1.0 200 - python-swiftclient-3.11.1 gAAAAABqK8j1-Tkw... - 2 - tx5ac12c37653c47c4be735-006a2bc928 - 0.0208 - - 1781254440.760513306 1781254440.781297922 0
Jun 12 08:54:00 np0000071511 account-server[120188]: 172.20.0.105 - - [12/Jun/2026:08:54:00 +0000] "PUT /d1/19/AUTH_ef85e77878ca49cebc5107d5dc4c09a8/gnocchi.6c7a94a2-12de-4408-9130-d6b695ea3440" 201 - "PUT http://172.20.0.105:6001/d1/621/AUTH_ef85e77878ca49cebc5107d5dc4c09a8/gnocchi.6c7a94a2-12de-4408-9130-d6b695ea3440" "txd4f6b9fcf50a4f979a67f-006a2bc928" "container-server 19" 0.0088 "-" 22 0
Jun 12 08:54:00 np0000071511 container-server[120542]: 172.20.0.103 - - [12/Jun/2026:08:54:00 +0000] "PUT /d1/621/AUTH_ef85e77878ca49cebc5107d5dc4c09a8/gnocchi.6c7a94a2-12de-4408-9130-d6b695ea3440" 201 - "PUT http://172.18.0.204:8080/v1/AUTH_ef85e77878ca49cebc5107d5dc4c09a8/gnocchi.6c7a94a2-12de-4408-9130-d6b695ea3440" "txd4f6b9fcf50a4f979a67f-006a2bc928" "proxy-server 20" 0.0239 "-" 20 0
Jun 12 08:54:00 np0000071511 object-server[120940]: 172.20.0.105 - - [12/Jun/2026:08:54:00 +0000] "GET /d1/305/AUTH_ef85e77878ca49cebc5107d5dc4c09a8/gnocchi.44057a46-8df6-4ba2-8e3c-ac9f65e489f7/1780920000.0_mean_300.0_v3" 404 70 "GET http://172.18.0.204:8080/v1/AUTH_ef85e77878ca49cebc5107d5dc4c09a8/gnocchi.44057a46-8df6-4ba2-8e3c-ac9f65e489f7/1780920000.0_mean_300.0_v3" "txb24b9a54ac524b83b22c1-006a2bc928" "proxy-server 12" 0.0004 "-" 23 0
Jun 12 08:54:00 np0000071511 object-server[120944]: 172.20.0.104 - - [12/Jun/2026:08:54:00 +0000] "GET /d1/367/AUTH_ef85e77878ca49cebc5107d5dc4c09a8/gnocchi.52daf89e-f3d1-4104-a4ab-5fae6f0bf6e0/1780920000.0_mean_300.0_v3" 404 70 "GET http://172.18.0.204:8080/v1/AUTH_ef85e77878ca49cebc5107d5dc4c09a8/gnocchi.52daf89e-f3d1-4104-a4ab-5fae6f0bf6e0/1780920000.0_mean_300.0_v3" "tx60cb5458f3134ef288478-006a2bc928" "proxy-server 20" 0.0005 "-" 25 0
Jun 12 08:54:00 np0000071511 proxy-server[122457]: 172.18.0.103 172.18.0.104 12/Jun/2026/08/54/00 GET /v1/AUTH_ef85e77878ca49cebc5107d5dc4c09a8/gnocchi.52daf89e-f3d1-4104-a4ab-5fae6f0bf6e0/1780920000.0_mean_300.0_v3 HTTP/1.0 404 - python-swiftclient-3.11.1 gAAAAABqK8j1-Tkw... - 70 - tx60cb5458f3134ef288478-006a2bc928 - 0.0159 - - 1781254440.784875154 1781254440.800775766 0
Jun 12 08:54:00 np0000071511 container-server[120557]: 172.20.0.104 - - [12/Jun/2026:08:54:00 +0000] "PUT /d1/261/AUTH_ef85e77878ca49cebc5107d5dc4c09a8/gnocchi.52daf89e-f3d1-4104-a4ab-5fae6f0bf6e0/1780920000.0_mean_300.0_v3" 201 - "PUT http://172.18.0.204:8080/d1/367/AUTH_ef85e77878ca49cebc5107d5dc4c09a8/gnocchi.52daf89e-f3d1-4104-a4ab-5fae6f0bf6e0/1780920000.0_mean_300.0_v3" "tx0e0b3025044045769211b-006a2bc928" "object-server 23" 0.0008 "-" 22 0
Jun 12 08:54:00 np0000071511 object-server[120940]: 172.20.0.104 - - [12/Jun/2026:08:54:00 +0000] "PUT /d1/367/AUTH_ef85e77878ca49cebc5107d5dc4c09a8/gnocchi.52daf89e-f3d1-4104-a4ab-5fae6f0bf6e0/1780920000.0_mean_300.0_v3" 201 - "PUT http://172.18.0.204:8080/v1/AUTH_ef85e77878ca49cebc5107d5dc4c09a8/gnocchi.52daf89e-f3d1-4104-a4ab-5fae6f0bf6e0/1780920000.0_mean_300.0_v3" "tx0e0b3025044045769211b-006a2bc928" "proxy-server 20" 0.0117 "-" 23 0
Jun 12 08:54:00 np0000071511 proxy-server[122457]: 172.18.0.103 172.18.0.104 12/Jun/2026/08/54/00 PUT /v1/AUTH_ef85e77878ca49cebc5107d5dc4c09a8/gnocchi.52daf89e-f3d1-4104-a4ab-5fae6f0bf6e0/1780920000.0_mean_300.0_v3 HTTP/1.0 201 - python-swiftclient-3.11.1 gAAAAABqK8j1-Tkw... 16 - - tx0e0b3025044045769211b-006a2bc928 - 0.0224 - - 1781254440.803460360 1781254440.825881958 0
Jun 12 08:54:00 np0000071511 container-server[120550]: 172.20.0.105 - - [12/Jun/2026:08:54:00 +0000] "PUT /d1/127/AUTH_ef85e77878ca49cebc5107d5dc4c09a8/gnocchi.44057a46-8df6-4ba2-8e3c-ac9f65e489f7/1780920000.0_mean_300.0_v3" 201 - "PUT http://172.18.0.204:8080/d1/305/AUTH_ef85e77878ca49cebc5107d5dc4c09a8/gnocchi.44057a46-8df6-4ba2-8e3c-ac9f65e489f7/1780920000.0_mean_300.0_v3" "txf4f2e70ecd5c4b068602d-006a2bc928" "object-server 25" 0.0009 "-" 21 0
Jun 12 08:54:00 np0000071511 object-server[120941]: 172.20.0.105 - - [12/Jun/2026:08:54:00 +0000] "PUT /d1/305/AUTH_ef85e77878ca49cebc5107d5dc4c09a8/gnocchi.44057a46-8df6-4ba2-8e3c-ac9f65e489f7/1780920000.0_mean_300.0_v3" 201 - "PUT http://172.18.0.204:8080/v1/AUTH_ef85e77878ca49cebc5107d5dc4c09a8/gnocchi.44057a46-8df6-4ba2-8e3c-ac9f65e489f7/1780920000.0_mean_300.0_v3" "txf4f2e70ecd5c4b068602d-006a2bc928" "proxy-server 12" 0.0151 "-" 24 0
Jun 12 08:54:00 np0000071511 object-server[120940]: 172.20.0.103 - - [12/Jun/2026:08:54:00 +0000] "GET /d1/11/AUTH_ef85e77878ca49cebc5107d5dc4c09a8/gnocchi.6c7a94a2-12de-4408-9130-d6b695ea3440/1780920000.0_mean_300.0_v3" 404 70 "GET http://172.18.0.204:8080/v1/AUTH_ef85e77878ca49cebc5107d5dc4c09a8/gnocchi.6c7a94a2-12de-4408-9130-d6b695ea3440/1780920000.0_mean_300.0_v3" "tx1ea8535378e64e1196bfd-006a2bc928" "proxy-server 20" 0.0006 "-" 23 0
Jun 12 08:54:00 np0000071511 container-server[120550]: 172.20.0.103 - - [12/Jun/2026:08:54:00 +0000] "PUT /d1/261/AUTH_ef85e77878ca49cebc5107d5dc4c09a8/gnocchi.52daf89e-f3d1-4104-a4ab-5fae6f0bf6e0/none_v3" 201 - "PUT http://172.18.0.204:8080/d1/591/AUTH_ef85e77878ca49cebc5107d5dc4c09a8/gnocchi.52daf89e-f3d1-4104-a4ab-5fae6f0bf6e0/none_v3" "txbbcc4ea4433643f18e39d-006a2bc928" "object-server 24" 0.0007 "-" 21 0
Jun 12 08:54:00 np0000071511 object-server[120936]: 172.20.0.104 - - [12/Jun/2026:08:54:00 +0000] "PUT /d1/591/AUTH_ef85e77878ca49cebc5107d5dc4c09a8/gnocchi.52daf89e-f3d1-4104-a4ab-5fae6f0bf6e0/none_v3" 201 - "PUT http://172.18.0.204:8080/v1/AUTH_ef85e77878ca49cebc5107d5dc4c09a8/gnocchi.52daf89e-f3d1-4104-a4ab-5fae6f0bf6e0/none_v3" "txbbcc4ea4433643f18e39d-006a2bc928" "proxy-server 20" 0.0135 "-" 22 0
Jun 12 08:54:00 np0000071511 container-server[120550]: 172.20.0.104 - - [12/Jun/2026:08:54:00 +0000] "PUT /d1/127/AUTH_ef85e77878ca49cebc5107d5dc4c09a8/gnocchi.44057a46-8df6-4ba2-8e3c-ac9f65e489f7/none_v3" 201 - "PUT http://172.18.0.204:8080/d1/363/AUTH_ef85e77878ca49cebc5107d5dc4c09a8/gnocchi.44057a46-8df6-4ba2-8e3c-ac9f65e489f7/none_v3" "tx0392afe28a63465191bdb-006a2bc928" "object-server 24" 0.0006 "-" 21 0
Jun 12 08:54:00 np0000071511 proxy-server[122457]: 172.18.0.103 172.18.0.104 12/Jun/2026/08/54/00 PUT /v1/AUTH_ef85e77878ca49cebc5107d5dc4c09a8/gnocchi.52daf89e-f3d1-4104-a4ab-5fae6f0bf6e0/none_v3 HTTP/1.0 201 - python-swiftclient-3.11.1 gAAAAABqK8j1-Tkw... 22 - - txbbcc4ea4433643f18e39d-006a2bc928 - 0.0266 - - 1781254440.828918695 1781254440.855540752 0
Jun 12 08:54:00 np0000071511 object-server[120941]: 172.20.0.105 - - [12/Jun/2026:08:54:00 +0000] "PUT /d1/363/AUTH_ef85e77878ca49cebc5107d5dc4c09a8/gnocchi.44057a46-8df6-4ba2-8e3c-ac9f65e489f7/none_v3" 201 - "PUT http://172.18.0.204:8080/v1/AUTH_ef85e77878ca49cebc5107d5dc4c09a8/gnocchi.44057a46-8df6-4ba2-8e3c-ac9f65e489f7/none_v3" "tx0392afe28a63465191bdb-006a2bc928" "proxy-server 12" 0.0134 "-" 24 0
Jun 12 08:54:00 np0000071511 container-server[120557]: 172.20.0.105 - - [12/Jun/2026:08:54:00 +0000] "PUT /d1/621/AUTH_ef85e77878ca49cebc5107d5dc4c09a8/gnocchi.6c7a94a2-12de-4408-9130-d6b695ea3440/1780920000.0_mean_300.0_v3" 201 - "PUT http://172.18.0.204:8080/d1/11/AUTH_ef85e77878ca49cebc5107d5dc4c09a8/gnocchi.6c7a94a2-12de-4408-9130-d6b695ea3440/1780920000.0_mean_300.0_v3" "txa42c7853fad34f4aa56e8-006a2bc928" "object-server 22" 0.0010 "-" 22 0
Jun 12 08:54:00 np0000071511 object-server[120944]: 172.20.0.103 - - [12/Jun/2026:08:54:00 +0000] "PUT /d1/11/AUTH_ef85e77878ca49cebc5107d5dc4c09a8/gnocchi.6c7a94a2-12de-4408-9130-d6b695ea3440/1780920000.0_mean_300.0_v3" 201 - "PUT http://172.18.0.204:8080/v1/AUTH_ef85e77878ca49cebc5107d5dc4c09a8/gnocchi.6c7a94a2-12de-4408-9130-d6b695ea3440/1780920000.0_mean_300.0_v3" "txa42c7853fad34f4aa56e8-006a2bc928" "proxy-server 20" 0.0121 "-" 25 0
Jun 12 08:54:00 np0000071511 container-server[120559]: 172.20.0.105 - - [12/Jun/2026:08:54:00 +0000] "HEAD /d1/624/AUTH_ef85e77878ca49cebc5107d5dc4c09a8/gnocchi.db76e519-73c2-454a-9531-258c3e3f274c" 404 - "HEAD http://172.18.0.204:8080/v1/AUTH_ef85e77878ca49cebc5107d5dc4c09a8/gnocchi.db76e519-73c2-454a-9531-258c3e3f274c?format=json&states=listing" "tx1e50db6b10e04e3ba279c-006a2bc928" "proxy-server 12" 0.0009 "-" 23 0
Jun 12 08:54:00 np0000071511 container-server[120557]: 172.20.0.104 - - [12/Jun/2026:08:54:00 +0000] "HEAD /d1/567/AUTH_ef85e77878ca49cebc5107d5dc4c09a8/gnocchi.764659f8-6805-4fea-add9-148aa550de2b" 404 - "HEAD http://172.18.0.204:8080/v1/AUTH_ef85e77878ca49cebc5107d5dc4c09a8/gnocchi.764659f8-6805-4fea-add9-148aa550de2b?format=json&states=listing" "txe27751ce59f24052be821-006a2bc928" "proxy-server 20" 0.0005 "-" 22 0
Jun 12 08:54:00 np0000071511 object-server[120944]: 172.20.0.104 - - [12/Jun/2026:08:54:00 +0000] "GET /d1/32/AUTH_ef85e77878ca49cebc5107d5dc4c09a8/gnocchi.764659f8-6805-4fea-add9-148aa550de2b/none_v3" 404 70 "GET http://172.18.0.204:8080/v1/AUTH_ef85e77878ca49cebc5107d5dc4c09a8/gnocchi.764659f8-6805-4fea-add9-148aa550de2b/none_v3" "txe27751ce59f24052be821-006a2bc928" "proxy-server 20" 0.0005 "-" 25 0
Jun 12 08:54:00 np0000071511 proxy-server[122457]: 172.18.0.103 172.18.0.104 12/Jun/2026/08/54/00 GET /v1/AUTH_ef85e77878ca49cebc5107d5dc4c09a8/gnocchi.764659f8-6805-4fea-add9-148aa550de2b/none_v3 HTTP/1.0 404 - python-swiftclient-3.11.1 gAAAAABqK8j1-Tkw... - 70 - txe27751ce59f24052be821-006a2bc928 - 0.0285 - - 1781254440.868985891 1781254440.897490025 0
Jun 12 08:54:00 np0000071511 object-server[120940]: 172.20.0.105 - - [12/Jun/2026:08:54:00 +0000] "GET /d1/855/AUTH_ef85e77878ca49cebc5107d5dc4c09a8/gnocchi.db76e519-73c2-454a-9531-258c3e3f274c/none_v3" 404 70 "GET http://172.18.0.204:8080/v1/AUTH_ef85e77878ca49cebc5107d5dc4c09a8/gnocchi.db76e519-73c2-454a-9531-258c3e3f274c/none_v3" "tx1e50db6b10e04e3ba279c-006a2bc928" "proxy-server 12" 0.0003 "-" 23 0
Jun 12 08:54:00 np0000071511 container-server[120542]: 172.20.0.104 - - [12/Jun/2026:08:54:00 +0000] "PUT /d1/621/AUTH_ef85e77878ca49cebc5107d5dc4c09a8/gnocchi.6c7a94a2-12de-4408-9130-d6b695ea3440/none_v3" 201 - "PUT http://172.18.0.204:8080/d1/1007/AUTH_ef85e77878ca49cebc5107d5dc4c09a8/gnocchi.6c7a94a2-12de-4408-9130-d6b695ea3440/none_v3" "txb4281271fb0e490e9e7dc-006a2bc928" "object-server 22" 0.0009 "-" 20 0
