Jun 12 08:49:10 np0000071511 container-server[120164]: Attempted to replicate 0 dbs in 0.00278 seconds (0.00000/s)
Jun 12 08:49:10 np0000071511 container-server[120164]: Removed 0 dbs
Jun 12 08:49:10 np0000071511 container-server[120164]: 0 successes, 0 failures
Jun 12 08:49:10 np0000071511 container-server[120164]: diff:0 diff_capped:0 empty:0 hashmatch:0 no_change:0 remote_merge:0 rsync:0 ts_repl:0
Jun 12 08:49:24 np0000071511 object-server[120654]: Starting object replication pass.
Jun 12 08:49:24 np0000071511 object-server[120654]: Nothing replicated for 0.0037412643432617188 seconds.
Jun 12 08:49:24 np0000071511 object-server[120654]: Object replication complete. (0.00 minutes)
Jun 12 08:49:25 np0000071511 object-server[193289]: Begin object audit "forever" mode (ZBF)
Jun 12 08:49:25 np0000071511 object-server[193290]: Begin object audit "forever" mode (ALL)
Jun 12 08:49:25 np0000071511 object-server[193289]: Object audit (ZBF) "forever" mode completed: 0.00s. Total quarantined: 0, Total errors: 0, Total files/sec: 0.00, Total bytes/sec: 0.00, Auditing time: 0.00, Rate: 0.00
Jun 12 08:49:25 np0000071511 object-server[193290]: Object audit (ALL) "forever" mode completed: 0.00s. Total quarantined: 0, Total errors: 0, Total files/sec: 0.00, Total bytes/sec: 0.00, Auditing time: 0.00, Rate: 0.00
Jun 12 08:49:36 np0000071511 account-server[119882]: Beginning replication run
Jun 12 08:49:36 np0000071511 account-server[119882]: Replication run OVER
Jun 12 08:49:36 np0000071511 account-server[119882]: Attempted to replicate 0 dbs in 0.00216 seconds (0.00000/s)
Jun 12 08:49:36 np0000071511 account-server[119882]: Removed 0 dbs
Jun 12 08:49:36 np0000071511 account-server[119882]: 0 successes, 0 failures
Jun 12 08:49:36 np0000071511 account-server[119882]: diff:0 diff_capped:0 empty:0 hashmatch:0 no_change:0 remote_merge:0 rsync:0 ts_repl:0
Jun 12 08:49:37 np0000071511 account-server[120203]: 172.20.0.103 - - [12/Jun/2026:08:49:37 +0000] "HEAD /d1/635/.expiring_objects" 404 - "HEAD http://localhost/v1/.expiring_objects?format=json" "tx101129034c304dbdb3654-006a2bc821" "proxy-server 2" 0.0010 "-" 23 -
Jun 12 08:49:40 np0000071511 container-server[120164]: Beginning replication run
Jun 12 08:49:40 np0000071511 container-server[120164]: Replication run OVER
Jun 12 08:49:40 np0000071511 container-server[120164]: Attempted to replicate 0 dbs in 0.00166 seconds (0.00000/s)
Jun 12 08:49:40 np0000071511 container-server[120164]: Removed 0 dbs
Jun 12 08:49:40 np0000071511 container-server[120164]: 0 successes, 0 failures
Jun 12 08:49:40 np0000071511 container-server[120164]: diff:0 diff_capped:0 empty:0 hashmatch:0 no_change:0 remote_merge:0 rsync:0 ts_repl:0
Jun 12 08:49:50 np0000071511 container-server[120311]: Begin container update sweep
Jun 12 08:49:50 np0000071511 container-server[120311]: Container update sweep completed: 0.00s
Jun 12 08:49:54 np0000071511 object-server[120654]: Starting object replication pass.
Jun 12 08:49:54 np0000071511 object-server[120654]: Nothing replicated for 0.0039331912994384766 seconds.
Jun 12 08:49:54 np0000071511 object-server[120654]: Object replication complete. (0.00 minutes)
Jun 12 08:49:55 np0000071511 object-server[196354]: Begin object audit "forever" mode (ZBF)
Jun 12 08:49:55 np0000071511 object-server[196354]: Object audit (ZBF) "forever" mode completed: 0.00s. Total quarantined: 0, Total errors: 0, Total files/sec: 0.00, Total bytes/sec: 0.00, Auditing time: 0.00, Rate: 0.00
Jun 12 08:49:55 np0000071511 object-server[196355]: Begin object audit "forever" mode (ALL)
Jun 12 08:49:55 np0000071511 object-server[196355]: Object audit (ALL) "forever" mode completed: 0.00s. Total quarantined: 0, Total errors: 0, Total files/sec: 0.00, Total bytes/sec: 0.00, Auditing time: 0.00, Rate: 0.00
Jun 12 08:50:06 np0000071511 account-server[119882]: Beginning replication run
Jun 12 08:50:06 np0000071511 account-server[119882]: Replication run OVER
Jun 12 08:50:06 np0000071511 account-server[119882]: Attempted to replicate 0 dbs in 0.00166 seconds (0.00000/s)
Jun 12 08:50:06 np0000071511 account-server[119882]: Removed 0 dbs
Jun 12 08:50:06 np0000071511 account-server[119882]: 0 successes, 0 failures
Jun 12 08:50:06 np0000071511 account-server[119882]: diff:0 diff_capped:0 empty:0 hashmatch:0 no_change:0 remote_merge:0 rsync:0 ts_repl:0
Jun 12 08:50:10 np0000071511 container-server[120164]: Beginning replication run
Jun 12 08:50:10 np0000071511 container-server[120164]: Replication run OVER
Jun 12 08:50:10 np0000071511 container-server[120164]: Attempted to replicate 0 dbs in 0.00072 seconds (0.00000/s)
Jun 12 08:50:10 np0000071511 container-server[120164]: Removed 0 dbs
Jun 12 08:50:10 np0000071511 container-server[120164]: 0 successes, 0 failures
Jun 12 08:50:10 np0000071511 container-server[120164]: diff:0 diff_capped:0 empty:0 hashmatch:0 no_change:0 remote_merge:0 rsync:0 ts_repl:0
Jun 12 08:50:24 np0000071511 object-server[120654]: Starting object replication pass.
Jun 12 08:50:24 np0000071511 object-server[120654]: Nothing replicated for 0.0036163330078125 seconds.
Jun 12 08:50:24 np0000071511 object-server[120654]: Object replication complete. (0.00 minutes)
Jun 12 08:50:25 np0000071511 object-server[196360]: Begin object audit "forever" mode (ZBF)
Jun 12 08:50:25 np0000071511 object-server[196360]: Object audit (ZBF) "forever" mode completed: 0.00s. Total quarantined: 0, Total errors: 0, Total files/sec: 0.00, Total bytes/sec: 0.00, Auditing time: 0.00, Rate: 0.00
Jun 12 08:50:36 np0000071511 account-server[119882]: Beginning replication run
Jun 12 08:50:36 np0000071511 account-server[119882]: Replication run OVER
Jun 12 08:50:36 np0000071511 account-server[119882]: Attempted to replicate 0 dbs in 0.00137 seconds (0.00000/s)
Jun 12 08:50:36 np0000071511 account-server[119882]: Removed 0 dbs
Jun 12 08:50:36 np0000071511 account-server[119882]: 0 successes, 0 failures
Jun 12 08:50:36 np0000071511 account-server[119882]: diff:0 diff_capped:0 empty:0 hashmatch:0 no_change:0 remote_merge:0 rsync:0 ts_repl:0
Jun 12 08:50:40 np0000071511 container-server[120164]: Beginning replication run
Jun 12 08:50:40 np0000071511 container-server[120164]: Replication run OVER
Jun 12 08:50:40 np0000071511 container-server[120164]: Attempted to replicate 0 dbs in 0.00157 seconds (0.00000/s)
Jun 12 08:50:40 np0000071511 container-server[120164]: Removed 0 dbs
Jun 12 08:50:40 np0000071511 container-server[120164]: 0 successes, 0 failures
Jun 12 08:50:40 np0000071511 container-server[120164]: diff:0 diff_capped:0 empty:0 hashmatch:0 no_change:0 remote_merge:0 rsync:0 ts_repl:0
Jun 12 08:50:49 np0000071511 account-server[120203]: 172.20.0.104 - - [12/Jun/2026:08:50:49 +0000] "HEAD /d1/635/.expiring_objects" 404 - "HEAD http://localhost/v1/.expiring_objects?format=json" "txc208acb7ffaf41598e7f3-006a2bc869" "proxy-server 2" 0.0009 "-" 23 -
Jun 12 08:50:49 np0000071511 object-expirer[120546]: Pass completed in 0s; 0 objects expired (txn: txc208acb7ffaf41598e7f3-006a2bc869)
Jun 12 08:50:54 np0000071511 object-server[120654]: Starting object replication pass.
Jun 12 08:50:54 np0000071511 object-server[120654]: Nothing replicated for 0.00789332389831543 seconds.
Jun 12 08:50:54 np0000071511 object-server[120654]: Object replication complete. (0.00 minutes)
Jun 12 08:50:56 np0000071511 object-server[202162]: Begin object audit "forever" mode (ZBF)
Jun 12 08:50:56 np0000071511 object-server[202162]: Object audit (ZBF) "forever" mode completed: 0.00s. Total quarantined: 0, Total errors: 0, Total files/sec: 0.00, Total bytes/sec: 0.00, Auditing time: 0.00, Rate: 0.00
Jun 12 08:50:56 np0000071511 object-server[202163]: Begin object audit "forever" mode (ALL)
Jun 12 08:50:56 np0000071511 object-server[202163]: Object audit (ALL) "forever" mode completed: 0.00s. Total quarantined: 0, Total errors: 0, Total files/sec: 0.00, Total bytes/sec: 0.00, Auditing time: 0.00, Rate: 0.00
Jun 12 08:50:58 np0000071511 object-server[120769]: Begin object update sweep
Jun 12 08:50:58 np0000071511 object-server[202266]: Object update sweep starting on /srv/node/d1 (pid: 14)
Jun 12 08:50:58 np0000071511 object-server[202266]: Object update sweep completed on /srv/node/d1 in 0.00s seconds:, 0 successes, 0 failures, 0 quarantines, 0 unlinks, 0 errors, 0 redirects (pid: 14)
Jun 12 08:50:58 np0000071511 object-server[202266]: Object update sweep of d1 completed: 0.00s, 0 successes, 0 failures, 0 quarantines, 0 unlinks, 0 errors, 0 redirects
Jun 12 08:50:58 np0000071511 object-server[120769]: Object update sweep completed: 0.08s
Jun 12 08:51:06 np0000071511 account-server[119882]: Beginning replication run
Jun 12 08:51:06 np0000071511 account-server[119882]: Replication run OVER
Jun 12 08:51:06 np0000071511 account-server[119882]: Attempted to replicate 0 dbs in 0.00187 seconds (0.00000/s)
Jun 12 08:51:06 np0000071511 account-server[119882]: Removed 0 dbs
Jun 12 08:51:06 np0000071511 account-server[119882]: 0 successes, 0 failures
Jun 12 08:51:06 np0000071511 account-server[119882]: diff:0 diff_capped:0 empty:0 hashmatch:0 no_change:0 remote_merge:0 rsync:0 ts_repl:0
Jun 12 08:51:10 np0000071511 container-server[120164]: Beginning replication run
Jun 12 08:51:10 np0000071511 container-server[120164]: Replication run OVER
Jun 12 08:51:10 np0000071511 container-server[120164]: Attempted to replicate 0 dbs in 0.00159 seconds (0.00000/s)
Jun 12 08:51:10 np0000071511 container-server[120164]: Removed 0 dbs
Jun 12 08:51:10 np0000071511 container-server[120164]: 0 successes, 0 failures
Jun 12 08:51:10 np0000071511 container-server[120164]: diff:0 diff_capped:0 empty:0 hashmatch:0 no_change:0 remote_merge:0 rsync:0 ts_repl:0
Jun 12 08:51:24 np0000071511 object-server[120654]: Starting object replication pass.
Jun 12 08:51:24 np0000071511 object-server[120654]: Nothing replicated for 0.003839254379272461 seconds.
Jun 12 08:51:24 np0000071511 object-server[120654]: Object replication complete. (0.00 minutes)
Jun 12 08:51:26 np0000071511 object-server[204993]: Begin object audit "forever" mode (ZBF)
Jun 12 08:51:26 np0000071511 object-server[204993]: Object audit (ZBF) "forever" mode completed: 0.00s. Total quarantined: 0, Total errors: 0, Total files/sec: 0.00, Total bytes/sec: 0.00, Auditing time: 0.00, Rate: 0.00
Jun 12 08:51:26 np0000071511 object-server[204994]: Begin object audit "forever" mode (ALL)
Jun 12 08:51:26 np0000071511 object-server[204994]: Object audit (ALL) "forever" mode completed: 0.00s. Total quarantined: 0, Total errors: 0, Total files/sec: 0.00, Total bytes/sec: 0.00, Auditing time: 0.00, Rate: 0.00
Jun 12 08:51:36 np0000071511 account-server[119882]: Beginning replication run
Jun 12 08:51:36 np0000071511 account-server[119882]: Replication run OVER
Jun 12 08:51:36 np0000071511 account-server[119882]: Attempted to replicate 0 dbs in 0.00112 seconds (0.00000/s)
Jun 12 08:51:36 np0000071511 account-server[119882]: Removed 0 dbs
Jun 12 08:51:36 np0000071511 account-server[119882]: 0 successes, 0 failures
Jun 12 08:51:36 np0000071511 account-server[119882]: diff:0 diff_capped:0 empty:0 hashmatch:0 no_change:0 remote_merge:0 rsync:0 ts_repl:0
Jun 12 08:51:40 np0000071511 container-server[120164]: Beginning replication run
Jun 12 08:51:40 np0000071511 container-server[120164]: Replication run OVER
Jun 12 08:51:40 np0000071511 container-server[120164]: Attempted to replicate 0 dbs in 0.00250 seconds (0.00000/s)
Jun 12 08:51:40 np0000071511 container-server[120164]: Removed 0 dbs
Jun 12 08:51:40 np0000071511 container-server[120164]: 0 successes, 0 failures
Jun 12 08:51:40 np0000071511 container-server[120164]: diff:0 diff_capped:0 empty:0 hashmatch:0 no_change:0 remote_merge:0 rsync:0 ts_repl:0
Jun 12 08:51:50 np0000071511 account-server[120172]: 172.20.0.103 - - [12/Jun/2026:08:51:50 +0000] "HEAD /d1/19/AUTH_ef85e77878ca49cebc5107d5dc4c09a8" 404 - "HEAD http://172.18.0.204:8080/v1/AUTH_ef85e77878ca49cebc5107d5dc4c09a8?format=json" "tx2ab203eb3d684ece909d1-006a2bc8a6" "proxy-server 20" 0.0007 "-" 20 -
Jun 12 08:51:51 np0000071511 object-server[120940]: 172.20.0.103 - - [12/Jun/2026:08:51:51 +0000] "GET /d1/921/AUTH_ef85e77878ca49cebc5107d5dc4c09a8/gnocchi.9db0153f-f2bd-43e1-9bca-12d0d9f711be/none_v3" 404 70 "GET http://172.18.0.204:8080/v1/AUTH_ef85e77878ca49cebc5107d5dc4c09a8/gnocchi.9db0153f-f2bd-43e1-9bca-12d0d9f711be/none_v3" "tx2ab203eb3d684ece909d1-006a2bc8a6" "proxy-server 20" 0.0015 "-" 23 0
Jun 12 08:51:51 np0000071511 account-server[120175]: 172.20.0.104 - - [12/Jun/2026:08:51:51 +0000] "PUT /d1/19/AUTH_ef85e77878ca49cebc5107d5dc4c09a8" 201 - "-" "tx078c8a3e0d924057ab728-006a2bc8a7" "-" 0.0160 "-" 21 -
Jun 12 08:51:51 np0000071511 proxy-server[122457]: autocreate account '/AUTH_ef85e77878ca49cebc5107d5dc4c09a8' (txn: tx078c8a3e0d924057ab728-006a2bc8a7)
Jun 12 08:51:51 np0000071511 account-server[120172]: 172.20.0.104 - - [12/Jun/2026:08:51:51 +0000] "HEAD /d1/19/AUTH_ef85e77878ca49cebc5107d5dc4c09a8" 204 - "HEAD http://172.18.0.204:8080/v1/AUTH_ef85e77878ca49cebc5107d5dc4c09a8?format=json" "tx078c8a3e0d924057ab728-006a2bc8a7" "proxy-server 20" 0.0031 "-" 20 -
Jun 12 08:51:51 np0000071511 account-server[120172]: 172.20.0.103 - - [12/Jun/2026:08:51:51 +0000] "PUT /d1/19/AUTH_ef85e77878ca49cebc5107d5dc4c09a8/gnocchi.9db0153f-f2bd-43e1-9bca-12d0d9f711be" 201 - "PUT http://172.20.0.103:6001/d1/728/AUTH_ef85e77878ca49cebc5107d5dc4c09a8/gnocchi.9db0153f-f2bd-43e1-9bca-12d0d9f711be" "tx078c8a3e0d924057ab728-006a2bc8a7" "container-server 22" 0.0018 "-" 20 0
Jun 12 08:51:51 np0000071511 container-server[120550]: 172.20.0.104 - - [12/Jun/2026:08:51:51 +0000] "PUT /d1/728/AUTH_ef85e77878ca49cebc5107d5dc4c09a8/gnocchi.9db0153f-f2bd-43e1-9bca-12d0d9f711be" 201 - "PUT http://172.18.0.204:8080/v1/AUTH_ef85e77878ca49cebc5107d5dc4c09a8/gnocchi.9db0153f-f2bd-43e1-9bca-12d0d9f711be" "tx078c8a3e0d924057ab728-006a2bc8a7" "proxy-server 20" 0.0191 "-" 21 0
Jun 12 08:51:51 np0000071511 proxy-server[122457]: 172.18.0.105 172.18.0.104 12/Jun/2026/08/51/51 PUT /v1/AUTH_ef85e77878ca49cebc5107d5dc4c09a8/gnocchi.9db0153f-f2bd-43e1-9bca-12d0d9f711be HTTP/1.0 201 - python-swiftclient-3.11.1 gAAAAABqK8immuXj... - - - tx078c8a3e0d924057ab728-006a2bc8a7 - 0.0812 - - 1781254311.262011766 1781254311.343252182 0
Jun 12 08:51:51 np0000071511 object-server[120941]: 172.20.0.103 - - [12/Jun/2026:08:51:51 +0000] "GET /d1/441/AUTH_ef85e77878ca49cebc5107d5dc4c09a8/gnocchi.9db0153f-f2bd-43e1-9bca-12d0d9f711be/1780920000.0_mean_300.0_v3" 404 70 "GET http://172.18.0.204:8080/v1/AUTH_ef85e77878ca49cebc5107d5dc4c09a8/gnocchi.9db0153f-f2bd-43e1-9bca-12d0d9f711be/1780920000.0_mean_300.0_v3" "txfe409f0d446f43ad8fc2c-006a2bc8a7" "proxy-server 20" 0.0008 "-" 24 0
Jun 12 08:51:51 np0000071511 container-server[120559]: 172.20.0.105 - - [12/Jun/2026:08:51:51 +0000] "PUT /d1/728/AUTH_ef85e77878ca49cebc5107d5dc4c09a8/gnocchi.9db0153f-f2bd-43e1-9bca-12d0d9f711be/1780920000.0_mean_300.0_v3" 201 - "PUT http://172.18.0.204:8080/d1/441/AUTH_ef85e77878ca49cebc5107d5dc4c09a8/gnocchi.9db0153f-f2bd-43e1-9bca-12d0d9f711be/1780920000.0_mean_300.0_v3" "tx7fb71ee76c734459bb2d2-006a2bc8a7" "object-server 22" 0.0016 "-" 23 0
Jun 12 08:51:51 np0000071511 object-server[120941]: 172.20.0.104 - - [12/Jun/2026:08:51:51 +0000] "PUT /d1/441/AUTH_ef85e77878ca49cebc5107d5dc4c09a8/gnocchi.9db0153f-f2bd-43e1-9bca-12d0d9f711be/1780920000.0_mean_300.0_v3" 201 - "PUT http://172.18.0.204:8080/v1/AUTH_ef85e77878ca49cebc5107d5dc4c09a8/gnocchi.9db0153f-f2bd-43e1-9bca-12d0d9f711be/1780920000.0_mean_300.0_v3" "tx7fb71ee76c734459bb2d2-006a2bc8a7" "proxy-server 20" 0.0336 "-" 24 0
Jun 12 08:51:51 np0000071511 proxy-server[122457]: 172.18.0.105 172.18.0.104 12/Jun/2026/08/51/51 PUT /v1/AUTH_ef85e77878ca49cebc5107d5dc4c09a8/gnocchi.9db0153f-f2bd-43e1-9bca-12d0d9f711be/1780920000.0_mean_300.0_v3 HTTP/1.0 201 - python-swiftclient-3.11.1 gAAAAABqK8immuXj... 16 - - tx7fb71ee76c734459bb2d2-006a2bc8a7 - 0.0429 - - 1781254311.441445827 1781254311.484374523 0
Jun 12 08:51:51 np0000071511 container-server[120550]: 172.20.0.103 - - [12/Jun/2026:08:51:51 +0000] "PUT /d1/728/AUTH_ef85e77878ca49cebc5107d5dc4c09a8/gnocchi.9db0153f-f2bd-43e1-9bca-12d0d9f711be/none_v3" 201 - "PUT http://172.18.0.204:8080/d1/921/AUTH_ef85e77878ca49cebc5107d5dc4c09a8/gnocchi.9db0153f-f2bd-43e1-9bca-12d0d9f711be/none_v3" "tx278fe1804b2744e5bcb82-006a2bc8a7" "object-server 25" 0.0008 "-" 21 0
Jun 12 08:51:51 np0000071511 object-server[120944]: 172.20.0.105 - - [12/Jun/2026:08:51:51 +0000] "PUT /d1/921/AUTH_ef85e77878ca49cebc5107d5dc4c09a8/gnocchi.9db0153f-f2bd-43e1-9bca-12d0d9f711be/none_v3" 201 - "PUT http://172.18.0.204:8080/v1/AUTH_ef85e77878ca49cebc5107d5dc4c09a8/gnocchi.9db0153f-f2bd-43e1-9bca-12d0d9f711be/none_v3" "tx278fe1804b2744e5bcb82-006a2bc8a7" "proxy-server 12" 0.0327 "-" 25 0
Jun 12 08:51:53 np0000071511 account-server[120175]: 172.20.0.103 - - [12/Jun/2026:08:51:53 +0000] "HEAD /d1/635/.expiring_objects" 404 - "HEAD http://localhost/v1/.expiring_objects?format=json" "txecf7f1e047b04c6a80fbd-006a2bc8a9" "proxy-server 2" 0.0008 "-" 21 -
Jun 12 08:51:54 np0000071511 object-server[120654]: Starting object replication pass.
Jun 12 08:51:54 np0000071511 object-server[120654]: 2/2 (100.00%) partitions replicated in 0.11s (18.50/sec, 0s remaining)
Jun 12 08:51:54 np0000071511 object-server[120654]: 4 successes, 0 failures
Jun 12 08:51:54 np0000071511 object-server[120654]: 2 suffixes checked - 100.00% hashed, 0.00% synced
Jun 12 08:51:54 np0000071511 object-server[120654]: Partition times: max 0.0575s, min 0.0449s, med 0.0575s
Jun 12 08:51:54 np0000071511 object-server[120654]: Object replication complete. (0.00 minutes)
Jun 12 08:51:56 np0000071511 object-server[204995]: Begin object audit "forever" mode (ZBF)
Jun 12 08:51:56 np0000071511 object-server[204995]: Object audit (ZBF). Since Fri Jun 12 08:51:56 2026: Locally: 1 passed, 0 quarantined, 0 errors, files/sec: 572.52, bytes/sec: 0.00, Total time: 0.00, Auditing time: 0.00, Rate: 0.00
Jun 12 08:51:56 np0000071511 object-server[204995]: Object audit (ZBF) "forever" mode completed: 0.01s. Total quarantined: 0, Total errors: 0, Total files/sec: 399.21, Total bytes/sec: 0.00, Auditing time: 0.00, Rate: 0.25
Jun 12 08:52:06 np0000071511 account-server[119882]: Beginning replication run
Jun 12 08:52:06 np0000071511 account-server[119882]: Replication run OVER
Jun 12 08:52:06 np0000071511 account-server[119882]: Attempted to replicate 1 dbs in 0.02831 seconds (35.32033/s)
Jun 12 08:52:06 np0000071511 account-server[119882]: Removed 0 dbs
Jun 12 08:52:06 np0000071511 account-server[119882]: 2 successes, 0 failures
Jun 12 08:52:06 np0000071511 account-server[119882]: diff:0 diff_capped:0 empty:0 hashmatch:0 no_change:2 remote_merge:0 rsync:0 ts_repl:0
Jun 12 08:52:10 np0000071511 container-server[120164]: Beginning replication run
Jun 12 08:52:10 np0000071511 container-server[120164]: Replication run OVER
Jun 12 08:52:10 np0000071511 container-server[120164]: Attempted to replicate 1 dbs in 0.03803 seconds (26.29453/s)
Jun 12 08:52:10 np0000071511 container-server[120164]: Removed 0 dbs
Jun 12 08:52:10 np0000071511 container-server[120164]: 2 successes, 0 failures
Jun 12 08:52:10 np0000071511 container-server[120164]: diff:0 diff_capped:0 empty:0 hashmatch:0 no_change:2 remote_merge:0 rsync:0 ts_repl:0
Jun 12 08:52:17 np0000071511 account-server[120188]: 172.20.0.104 - - [12/Jun/2026:08:52:17 +0000] "HEAD /d1/635/.expiring_objects" 404 - "HEAD http://localhost/v1/.expiring_objects?format=json" "txde6319c4dc8c4099a874a-006a2bc8c1" "proxy-server 2" 0.0005 "-" 22 -
Jun 12 08:52:17 np0000071511 object-expirer[120546]: Pass completed in 0s; 0 objects expired (txn: txde6319c4dc8c4099a874a-006a2bc8c1)
Jun 12 08:52:18 np0000071511 account-server[120188]: 172.20.0.105 - - [12/Jun/2026:08:52:18 +0000] "HEAD /d1/635/.expiring_objects" 404 - "HEAD http://localhost/v1/.expiring_objects?format=json" "txfcac67ae30844e7e89d71-006a2bc8c2" "proxy-server 2" 0.0004 "-" 22 -
Jun 12 08:52:20 np0000071511 proxy-server[122457]: 172.18.0.105 172.18.0.104 12/Jun/2026/08/52/20 GET /v1/AUTH_ef85e77878ca49cebc5107d5dc4c09a8/gnocchi.9db0153f-f2bd-43e1-9bca-12d0d9f711be%3Fformat%3Djson%26states%3Dlisting HTTP/1.0 200 - python-swiftclient-3.11.1 gAAAAABqK8immuXj... - 357 - txb7a1679cf5a74c27a9ee5-006a2bc8c4 - 0.0124 - - 1781254340.061240911 1781254340.073598146 0
Jun 12 08:52:20 np0000071511 object-server[120944]: 172.20.0.103 - - [12/Jun/2026:08:52:20 +0000] "GET /d1/441/AUTH_ef85e77878ca49cebc5107d5dc4c09a8/gnocchi.9db0153f-f2bd-43e1-9bca-12d0d9f711be/1780920000.0_mean_300.0_v3" 200 16 "GET http://172.18.0.204:8080/v1/AUTH_ef85e77878ca49cebc5107d5dc4c09a8/gnocchi.9db0153f-f2bd-43e1-9bca-12d0d9f711be/1780920000.0_mean_300.0_v3" "txe8b0c2aed7934699aa481-006a2bc8c4" "proxy-server 20" 0.0010 "-" 25 0
Jun 12 08:52:20 np0000071511 container-server[120542]: 172.20.0.104 - - [12/Jun/2026:08:52:20 +0000] "PUT /d1/728/AUTH_ef85e77878ca49cebc5107d5dc4c09a8/gnocchi.9db0153f-f2bd-43e1-9bca-12d0d9f711be/1780920000.0_mean_300.0_v3" 201 - "PUT http://172.18.0.204:8080/d1/441/AUTH_ef85e77878ca49cebc5107d5dc4c09a8/gnocchi.9db0153f-f2bd-43e1-9bca-12d0d9f711be/1780920000.0_mean_300.0_v3" "tx5a90793ca8bc464bb070d-006a2bc8c4" "object-server 25" 0.0014 "-" 20 0
Jun 12 08:52:20 np0000071511 object-server[120944]: 172.20.0.104 - - [12/Jun/2026:08:52:20 +0000] "PUT /d1/441/AUTH_ef85e77878ca49cebc5107d5dc4c09a8/gnocchi.9db0153f-f2bd-43e1-9bca-12d0d9f711be/1780920000.0_mean_300.0_v3" 201 - "PUT http://172.18.0.204:8080/v1/AUTH_ef85e77878ca49cebc5107d5dc4c09a8/gnocchi.9db0153f-f2bd-43e1-9bca-12d0d9f711be/1780920000.0_mean_300.0_v3" "tx5a90793ca8bc464bb070d-006a2bc8c4" "proxy-server 20" 0.0834 "-" 25 0
Jun 12 08:52:20 np0000071511 proxy-server[122457]: 172.18.0.105 172.18.0.104 12/Jun/2026/08/52/20 PUT /v1/AUTH_ef85e77878ca49cebc5107d5dc4c09a8/gnocchi.9db0153f-f2bd-43e1-9bca-12d0d9f711be/1780920000.0_mean_300.0_v3 HTTP/1.0 201 - python-swiftclient-3.11.1 gAAAAABqK8immuXj... 16 - - tx5a90793ca8bc464bb070d-006a2bc8c4 - 0.0983 - - 1781254340.120208502 1781254340.218507767 0
Jun 12 08:52:20 np0000071511 container-server[120542]: 172.20.0.105 - - [12/Jun/2026:08:52:20 +0000] "PUT /d1/728/AUTH_ef85e77878ca49cebc5107d5dc4c09a8/gnocchi.9db0153f-f2bd-43e1-9bca-12d0d9f711be/none_v3" 201 - "PUT http://172.18.0.204:8080/d1/921/AUTH_ef85e77878ca49cebc5107d5dc4c09a8/gnocchi.9db0153f-f2bd-43e1-9bca-12d0d9f711be/none_v3" "tx96e5e046ef7e4b38b833c-006a2bc8c4" "object-server 23" 0.0010 "-" 20 0
Jun 12 08:52:20 np0000071511 object-server[120936]: 172.20.0.105 - - [12/Jun/2026:08:52:20 +0000] "PUT /d1/921/AUTH_ef85e77878ca49cebc5107d5dc4c09a8/gnocchi.9db0153f-f2bd-43e1-9bca-12d0d9f711be/none_v3" 201 - "PUT http://172.18.0.204:8080/v1/AUTH_ef85e77878ca49cebc5107d5dc4c09a8/gnocchi.9db0153f-f2bd-43e1-9bca-12d0d9f711be/none_v3" "tx96e5e046ef7e4b38b833c-006a2bc8c4" "proxy-server 12" 0.0530 "-" 22 0
Jun 12 08:52:24 np0000071511 object-server[120654]: Starting object replication pass.
Jun 12 08:52:24 np0000071511 object-server[120654]: 2/2 (100.00%) partitions replicated in 0.08s (26.56/sec, 0s remaining)
Jun 12 08:52:24 np0000071511 object-server[120654]: 4 successes, 0 failures
Jun 12 08:52:24 np0000071511 object-server[120654]: 2 suffixes checked - 100.00% hashed, 0.00% synced
Jun 12 08:52:24 np0000071511 object-server[120654]: Partition times: max 0.0355s, min 0.0352s, med 0.0355s
Jun 12 08:52:24 np0000071511 object-server[120654]: Object replication complete. (0.00 minutes)
Jun 12 08:52:26 np0000071511 object-server[210719]: Begin object audit "forever" mode (ZBF)
Jun 12 08:52:26 np0000071511 object-server[210720]: Begin object audit "forever" mode (ALL)
Jun 12 08:52:26 np0000071511 object-server[210719]: Object audit (ZBF). Since Fri Jun 12 08:52:26 2026: Locally: 1 passed, 0 quarantined, 0 errors, files/sec: 651.69, bytes/sec: 0.00, Total time: 0.00, Auditing time: 0.00, Rate: 0.00
Jun 12 08:52:26 np0000071511 object-server[210719]: Object audit (ZBF) "forever" mode completed: 0.00s. Total quarantined: 0, Total errors: 0, Total files/sec: 490.76, Total bytes/sec: 0.00, Auditing time: 0.00, Rate: 0.30
Jun 12 08:52:26 np0000071511 object-server[210720]: Object audit (ALL). Since Fri Jun 12 08:52:26 2026: Locally: 1 passed, 0 quarantined, 0 errors, files/sec: 118.93, bytes/sec: 1902.93, Total time: 0.01, Auditing time: 0.00, Rate: 0.00
Jun 12 08:52:26 np0000071511 object-server[210720]: Object audit (ALL) "forever" mode completed: 0.01s. Total quarantined: 0, Total errors: 0, Total files/sec: 161.57, Total bytes/sec: 3877.63, Auditing time: 0.01, Rate: 0.71
Jun 12 08:52:36 np0000071511 account-server[119882]: Beginning replication run
Jun 12 08:52:36 np0000071511 account-server[119882]: Replication run OVER
Jun 12 08:52:36 np0000071511 account-server[119882]: Attempted to replicate 1 dbs in 0.01633 seconds (61.23123/s)
Jun 12 08:52:36 np0000071511 account-server[119882]: Removed 0 dbs
Jun 12 08:52:36 np0000071511 account-server[119882]: 2 successes, 0 failures
Jun 12 08:52:36 np0000071511 account-server[119882]: diff:0 diff_capped:0 empty:0 hashmatch:0 no_change:2 remote_merge:0 rsync:0 ts_repl:0
Jun 12 08:52:40 np0000071511 container-server[120164]: Beginning replication run
Jun 12 08:52:40 np0000071511 container-server[120164]: Replication run OVER
Jun 12 08:52:40 np0000071511 container-server[120164]: Attempted to replicate 1 dbs in 0.02997 seconds (33.36852/s)
Jun 12 08:52:40 np0000071511 container-server[120164]: Removed 0 dbs
Jun 12 08:52:40 np0000071511 container-server[120164]: 2 successes, 0 failures
Jun 12 08:52:40 np0000071511 container-server[120164]: diff:0 diff_capped:0 empty:0 hashmatch:0 no_change:2 remote_merge:0 rsync:0 ts_repl:0
Jun 12 08:52:54 np0000071511 object-server[120654]: Starting object replication pass.
Jun 12 08:52:54 np0000071511 object-server[120654]: 2/2 (100.00%) partitions replicated in 0.03s (61.84/sec, 0s remaining)
Jun 12 08:52:54 np0000071511 object-server[120654]: 4 successes, 0 failures
Jun 12 08:52:54 np0000071511 object-server[120654]: 2 suffixes checked - 0.00% hashed, 0.00% synced
Jun 12 08:52:54 np0000071511 object-server[120654]: Partition times: max 0.0178s, min 0.0098s, med 0.0178s
Jun 12 08:52:54 np0000071511 object-server[120654]: Object replication complete. (0.00 minutes)
Jun 12 08:52:56 np0000071511 object-server[210722]: Begin object audit "forever" mode (ZBF)
Jun 12 08:52:56 np0000071511 object-server[210722]: Object audit (ZBF). Since Fri Jun 12 08:52:56 2026: Locally: 1 passed, 0 quarantined, 0 errors, files/sec: 943.18, bytes/sec: 0.00, Total time: 0.00, Auditing time: 0.00, Rate: 0.00
Jun 12 08:52:56 np0000071511 object-server[210722]: Object audit (ZBF) "forever" mode completed: 0.00s. Total quarantined: 0, Total errors: 0, Total files/sec: 756.68, Total bytes/sec: 0.00, Auditing time: 0.00, Rate: 0.26
Jun 12 08:52:58 np0000071511 container-server[120542]: 172.20.0.103 - - [12/Jun/2026:08:52:58 +0000] "HEAD /d1/108/AUTH_ef85e77878ca49cebc5107d5dc4c09a8/gnocchi.3fbaaa13-1bf8-4d66-bc95-5986e025bdb1" 404 - "HEAD http://172.18.0.204:8080/v1/AUTH_ef85e77878ca49cebc5107d5dc4c09a8/gnocchi.3fbaaa13-1bf8-4d66-bc95-5986e025bdb1?format=json&states=listing" "tx69b05f74dbb14dc7b034e-006a2bc8ea" "proxy-server 20" 0.0012 "-" 20 0
Jun 12 08:52:58 np0000071511 object-server[120944]: 172.20.0.103 - - [12/Jun/2026:08:52:58 +0000] "GET /d1/300/AUTH_ef85e77878ca49cebc5107d5dc4c09a8/gnocchi.3fbaaa13-1bf8-4d66-bc95-5986e025bdb1/none_v3" 404 70 "GET http://172.18.0.204:8080/v1/AUTH_ef85e77878ca49cebc5107d5dc4c09a8/gnocchi.3fbaaa13-1bf8-4d66-bc95-5986e025bdb1/none_v3" "tx69b05f74dbb14dc7b034e-006a2bc8ea" "proxy-server 20" 0.0006 "-" 25 0
Jun 12 08:52:58 np0000071511 container-server[120550]: 172.20.0.104 - - [12/Jun/2026:08:52:58 +0000] "PUT /d1/108/AUTH_ef85e77878ca49cebc5107d5dc4c09a8/gnocchi.3fbaaa13-1bf8-4d66-bc95-5986e025bdb1" 201 - "PUT http://172.18.0.204:8080/v1/AUTH_ef85e77878ca49cebc5107d5dc4c09a8/gnocchi.3fbaaa13-1bf8-4d66-bc95-5986e025bdb1" "tx3003b0e14567458e934a0-006a2bc8ea" "proxy-server 20" 0.0171 "-" 21 0
Jun 12 08:52:58 np0000071511 account-server[120188]: 172.20.0.103 - - [12/Jun/2026:08:52:58 +0000] "PUT /d1/19/AUTH_ef85e77878ca49cebc5107d5dc4c09a8/gnocchi.3fbaaa13-1bf8-4d66-bc95-5986e025bdb1" 201 - "PUT http://172.20.0.103:6001/d1/108/AUTH_ef85e77878ca49cebc5107d5dc4c09a8/gnocchi.3fbaaa13-1bf8-4d66-bc95-5986e025bdb1" "tx3003b0e14567458e934a0-006a2bc8ea" "container-server 21" 0.0024 "-" 22 0
Jun 12 08:52:58 np0000071511 proxy-server[122457]: 172.18.0.105 172.18.0.104 12/Jun/2026/08/52/58 PUT /v1/AUTH_ef85e77878ca49cebc5107d5dc4c09a8/gnocchi.3fbaaa13-1bf8-4d66-bc95-5986e025bdb1 HTTP/1.0 201 - python-swiftclient-3.11.1 gAAAAABqK8immuXj... - - - tx3003b0e14567458e934a0-006a2bc8ea - 0.0345 - - 1781254378.319730282 1781254378.354277611 0
Jun 12 08:52:58 np0000071511 object-server[120944]: 172.20.0.103 - - [12/Jun/2026:08:52:58 +0000] "GET /d1/826/AUTH_ef85e77878ca49cebc5107d5dc4c09a8/gnocchi.3fbaaa13-1bf8-4d66-bc95-5986e025bdb1/1780920000.0_mean_300.0_v3" 404 70 "GET http://172.18.0.204:8080/v1/AUTH_ef85e77878ca49cebc5107d5dc4c09a8/gnocchi.3fbaaa13-1bf8-4d66-bc95-5986e025bdb1/1780920000.0_mean_300.0_v3" "txb290897c017942f8881ed-006a2bc8ea" "proxy-server 20" 0.0003 "-" 25 0
Jun 12 08:52:58 np0000071511 container-server[120557]: 172.20.0.104 - - [12/Jun/2026:08:52:58 +0000] "PUT /d1/108/AUTH_ef85e77878ca49cebc5107d5dc4c09a8/gnocchi.3fbaaa13-1bf8-4d66-bc95-5986e025bdb1/1780920000.0_mean_300.0_v3" 201 - "PUT http://172.18.0.204:8080/d1/826/AUTH_ef85e77878ca49cebc5107d5dc4c09a8/gnocchi.3fbaaa13-1bf8-4d66-bc95-5986e025bdb1/1780920000.0_mean_300.0_v3" "txed74f6dcd6d94a60ae5b5-006a2bc8ea" "object-server 22" 0.0009 "-" 22 0
Jun 12 08:52:58 np0000071511 object-server[120936]: 172.20.0.104 - - [12/Jun/2026:08:52:58 +0000] "PUT /d1/826/AUTH_ef85e77878ca49cebc5107d5dc4c09a8/gnocchi.3fbaaa13-1bf8-4d66-bc95-5986e025bdb1/1780920000.0_mean_300.0_v3" 201 - "PUT http://172.18.0.204:8080/v1/AUTH_ef85e77878ca49cebc5107d5dc4c09a8/gnocchi.3fbaaa13-1bf8-4d66-bc95-5986e025bdb1/1780920000.0_mean_300.0_v3" "txed74f6dcd6d94a60ae5b5-006a2bc8ea" "proxy-server 20" 0.0190 "-" 22 0
Jun 12 08:52:58 np0000071511 proxy-server[122457]: 172.18.0.105 172.18.0.104 12/Jun/2026/08/52/58 PUT /v1/AUTH_ef85e77878ca49cebc5107d5dc4c09a8/gnocchi.3fbaaa13-1bf8-4d66-bc95-5986e025bdb1/1780920000.0_mean_300.0_v3 HTTP/1.0 201 - python-swiftclient-3.11.1 gAAAAABqK8immuXj... 16 - - txed74f6dcd6d94a60ae5b5-006a2bc8ea - 0.0345 - - 1781254378.413234472 1781254378.447715044 0
Jun 12 08:52:58 np0000071511 container-server[120550]: 172.20.0.104 - - [12/Jun/2026:08:52:58 +0000] "PUT /d1/108/AUTH_ef85e77878ca49cebc5107d5dc4c09a8/gnocchi.3fbaaa13-1bf8-4d66-bc95-5986e025bdb1/none_v3" 201 - "PUT http://172.18.0.204:8080/d1/300/AUTH_ef85e77878ca49cebc5107d5dc4c09a8/gnocchi.3fbaaa13-1bf8-4d66-bc95-5986e025bdb1/none_v3" "tx57ce236c3e81499cb3d4d-006a2bc8ea" "object-server 22" 0.0009 "-" 21 0
Jun 12 08:52:58 np0000071511 object-server[120936]: 172.20.0.105 - - [12/Jun/2026:08:52:58 +0000] "PUT /d1/300/AUTH_ef85e77878ca49cebc5107d5dc4c09a8/gnocchi.3fbaaa13-1bf8-4d66-bc95-5986e025bdb1/none_v3" 201 - "PUT http://172.18.0.204:8080/v1/AUTH_ef85e77878ca49cebc5107d5dc4c09a8/gnocchi.3fbaaa13-1bf8-4d66-bc95-5986e025bdb1/none_v3" "tx57ce236c3e81499cb3d4d-006a2bc8ea" "proxy-server 12" 0.0127 "-" 22 0
Jun 12 08:52:58 np0000071511 container-server[120559]: 172.20.0.103 - - [12/Jun/2026:08:52:58 +0000] "HEAD /d1/317/AUTH_ef85e77878ca49cebc5107d5dc4c09a8/gnocchi.d543d934-5d5e-48f3-b641-d8da384a8e2c" 404 - "HEAD http://172.18.0.204:8080/v1/AUTH_ef85e77878ca49cebc5107d5dc4c09a8/gnocchi.d543d934-5d5e-48f3-b641-d8da384a8e2c?format=json&states=listing" "tx9530887a31db4b5e86525-006a2bc8ea" "proxy-server 20" 0.0006 "-" 23 0
Jun 12 08:52:58 np0000071511 object-server[120944]: 172.20.0.103 - - [12/Jun/2026:08:52:58 +0000] "GET /d1/894/AUTH_ef85e77878ca49cebc5107d5dc4c09a8/gnocchi.d543d934-5d5e-48f3-b641-d8da384a8e2c/none_v3" 404 70 "GET http://172.18.0.204:8080/v1/AUTH_ef85e77878ca49cebc5107d5dc4c09a8/gnocchi.d543d934-5d5e-48f3-b641-d8da384a8e2c/none_v3" "tx9530887a31db4b5e86525-006a2bc8ea" "proxy-server 20" 0.0005 "-" 25 0
Jun 12 08:52:58 np0000071511 container-server[120542]: 172.20.0.104 - - [12/Jun/2026:08:52:58 +0000] "PUT /d1/317/AUTH_ef85e77878ca49cebc5107d5dc4c09a8/gnocchi.d543d934-5d5e-48f3-b641-d8da384a8e2c" 201 - "PUT http://172.18.0.204:8080/v1/AUTH_ef85e77878ca49cebc5107d5dc4c09a8/gnocchi.d543d934-5d5e-48f3-b641-d8da384a8e2c" "txada4199d1e164b9b9c7d7-006a2bc8ea" "proxy-server 20" 0.0159 "-" 20 0
Jun 12 08:52:58 np0000071511 account-server[120188]: 172.20.0.105 - - [12/Jun/2026:08:52:58 +0000] "PUT /d1/19/AUTH_ef85e77878ca49cebc5107d5dc4c09a8/gnocchi.d543d934-5d5e-48f3-b641-d8da384a8e2c" 201 - "PUT http://172.20.0.105:6001/d1/317/AUTH_ef85e77878ca49cebc5107d5dc4c09a8/gnocchi.d543d934-5d5e-48f3-b641-d8da384a8e2c" "txada4199d1e164b9b9c7d7-006a2bc8ea" "container-server 20" 0.0059 "-" 22 0
Jun 12 08:52:58 np0000071511 proxy-server[122457]: 172.18.0.204 172.18.0.104 12/Jun/2026/08/52/58 PUT /v1/AUTH_ef85e77878ca49cebc5107d5dc4c09a8/gnocchi.d543d934-5d5e-48f3-b641-d8da384a8e2c HTTP/1.0 201 - python-swiftclient-3.11.1 gAAAAABqK8jqdbsa... - - - txada4199d1e164b9b9c7d7-006a2bc8ea - 0.0339 - - 1781254378.872461319 1781254378.906316519 0
Jun 12 08:52:58 np0000071511 object-server[120941]: 172.20.0.103 - - [12/Jun/2026:08:52:58 +0000] "GET /d1/681/AUTH_ef85e77878ca49cebc5107d5dc4c09a8/gnocchi.d543d934-5d5e-48f3-b641-d8da384a8e2c/1780920000.0_mean_300.0_v3" 404 70 "GET http://172.18.0.204:8080/v1/AUTH_ef85e77878ca49cebc5107d5dc4c09a8/gnocchi.d543d934-5d5e-48f3-b641-d8da384a8e2c/1780920000.0_mean_300.0_v3" "tx92e933969db24aeca1df8-006a2bc8ea" "proxy-server 20" 0.0004 "-" 24 0
Jun 12 08:52:58 np0000071511 container-server[120557]: 172.20.0.103 - - [12/Jun/2026:08:52:58 +0000] "PUT /d1/317/AUTH_ef85e77878ca49cebc5107d5dc4c09a8/gnocchi.d543d934-5d5e-48f3-b641-d8da384a8e2c/1780920000.0_mean_300.0_v3" 201 - "PUT http://172.18.0.204:8080/d1/681/AUTH_ef85e77878ca49cebc5107d5dc4c09a8/gnocchi.d543d934-5d5e-48f3-b641-d8da384a8e2c/1780920000.0_mean_300.0_v3" "tx3b6bbfe75a1449fda0b9c-006a2bc8ea" "object-server 23" 0.0010 "-" 22 0
Jun 12 08:52:58 np0000071511 object-server[120941]: 172.20.0.104 - - [12/Jun/2026:08:52:58 +0000] "PUT /d1/681/AUTH_ef85e77878ca49cebc5107d5dc4c09a8/gnocchi.d543d934-5d5e-48f3-b641-d8da384a8e2c/1780920000.0_mean_300.0_v3" 201 - "PUT http://172.18.0.204:8080/v1/AUTH_ef85e77878ca49cebc5107d5dc4c09a8/gnocchi.d543d934-5d5e-48f3-b641-d8da384a8e2c/1780920000.0_mean_300.0_v3" "tx3b6bbfe75a1449fda0b9c-006a2bc8ea" "proxy-server 20" 0.0154 "-" 24 0
Jun 12 08:52:58 np0000071511 proxy-server[122457]: 172.18.0.204 172.18.0.104 12/Jun/2026/08/52/58 PUT /v1/AUTH_ef85e77878ca49cebc5107d5dc4c09a8/gnocchi.d543d934-5d5e-48f3-b641-d8da384a8e2c/1780920000.0_mean_300.0_v3 HTTP/1.0 201 - python-swiftclient-3.11.1 gAAAAABqK8jqdbsa... 16 - - tx3b6bbfe75a1449fda0b9c-006a2bc8ea - 0.0300 - - 1781254378.955182314 1781254378.985194921 0
Jun 12 08:52:59 np0000071511 container-server[120557]: 172.20.0.104 - - [12/Jun/2026:08:52:59 +0000] "PUT /d1/317/AUTH_ef85e77878ca49cebc5107d5dc4c09a8/gnocchi.d543d934-5d5e-48f3-b641-d8da384a8e2c/none_v3" 201 - "PUT http://172.18.0.204:8080/d1/894/AUTH_ef85e77878ca49cebc5107d5dc4c09a8/gnocchi.d543d934-5d5e-48f3-b641-d8da384a8e2c/none_v3" "tx8d95a84b1b604eacb9eea-006a2bc8ea" "object-server 22" 0.0009 "-" 22 0
Jun 12 08:52:59 np0000071511 object-server[120936]: 172.20.0.105 - - [12/Jun/2026:08:52:59 +0000] "PUT /d1/894/AUTH_ef85e77878ca49cebc5107d5dc4c09a8/gnocchi.d543d934-5d5e-48f3-b641-d8da384a8e2c/none_v3" 201 - "PUT http://172.18.0.204:8080/v1/AUTH_ef85e77878ca49cebc5107d5dc4c09a8/gnocchi.d543d934-5d5e-48f3-b641-d8da384a8e2c/none_v3" "tx8d95a84b1b604eacb9eea-006a2bc8ea" "proxy-server 12" 0.0189 "-" 22 0
Jun 12 08:53:06 np0000071511 account-server[119882]: Beginning replication run
Jun 12 08:53:07 np0000071511 account-server[119882]: Replication run OVER
Jun 12 08:53:07 np0000071511 account-server[119882]: Attempted to replicate 1 dbs in 0.96051 seconds (1.04111/s)
Jun 12 08:53:07 np0000071511 account-server[119882]: Removed 0 dbs
Jun 12 08:53:07 np0000071511 account-server[119882]: 2 successes, 0 failures
Jun 12 08:53:07 np0000071511 account-server[119882]: diff:0 diff_capped:0 empty:0 hashmatch:0 no_change:2 remote_merge:0 rsync:0 ts_repl:0
Jun 12 08:53:09 np0000071511 container-server[120557]: 172.20.0.103 - - [12/Jun/2026:08:53:09 +0000] "HEAD /d1/406/AUTH_ef85e77878ca49cebc5107d5dc4c09a8/gnocchi.ebff7527-336f-4ffe-8244-f69641beea04" 404 - "HEAD http://172.18.0.204:8080/v1/AUTH_ef85e77878ca49cebc5107d5dc4c09a8/gnocchi.ebff7527-336f-4ffe-8244-f69641beea04?format=json&states=listing" "tx5441e55b5c4e480e91c3f-006a2bc8f5" "proxy-server 20" 0.0009 "-" 22 0
Jun 12 08:53:09 np0000071511 container-server[120559]: 172.20.0.104 - - [12/Jun/2026:08:53:09 +0000] "HEAD /d1/180/AUTH_ef85e77878ca49cebc5107d5dc4c09a8/gnocchi.9fd55d25-2bf0-4202-af20-2af103263838" 404 - "HEAD http://172.18.0.204:8080/v1/AUTH_ef85e77878ca49cebc5107d5dc4c09a8/gnocchi.9fd55d25-2bf0-4202-af20-2af103263838?format=json&states=listing" "tx1c51b102b03144698612e-006a2bc8f5" "proxy-server 20" 0.0006 "-" 23 0
Jun 12 08:53:09 np0000071511 object-server[120944]: 172.20.0.103 - - [12/Jun/2026:08:53:09 +0000] "GET /d1/468/AUTH_ef85e77878ca49cebc5107d5dc4c09a8/gnocchi.ebff7527-336f-4ffe-8244-f69641beea04/none_v3" 404 70 "GET http://172.18.0.204:8080/v1/AUTH_ef85e77878ca49cebc5107d5dc4c09a8/gnocchi.ebff7527-336f-4ffe-8244-f69641beea04/none_v3" "tx5441e55b5c4e480e91c3f-006a2bc8f5" "proxy-server 20" 0.0004 "-" 25 0
Jun 12 08:53:09 np0000071511 object-server[120936]: 172.20.0.104 - - [12/Jun/2026:08:53:09 +0000] "GET /d1/350/AUTH_ef85e77878ca49cebc5107d5dc4c09a8/gnocchi.9fd55d25-2bf0-4202-af20-2af103263838/none_v3" 404 70 "GET http://172.18.0.204:8080/v1/AUTH_ef85e77878ca49cebc5107d5dc4c09a8/gnocchi.9fd55d25-2bf0-4202-af20-2af103263838/none_v3" "tx1c51b102b03144698612e-006a2bc8f5" "proxy-server 20" 0.0006 "-" 22 0
Jun 12 08:53:09 np0000071511 proxy-server[122457]: 172.18.0.105 172.18.0.104 12/Jun/2026/08/53/09 GET /v1/AUTH_ef85e77878ca49cebc5107d5dc4c09a8/gnocchi.9fd55d25-2bf0-4202-af20-2af103263838/none_v3 HTTP/1.0 404 - python-swiftclient-3.11.1 gAAAAABqK8immuXj... - 70 - tx1c51b102b03144698612e-006a2bc8f5 - 0.0422 - - 1781254389.456820011 1781254389.499055862 0
Jun 12 08:53:09 np0000071511 account-server[120172]: 172.20.0.103 - - [12/Jun/2026:08:53:09 +0000] "PUT /d1/19/AUTH_ef85e77878ca49cebc5107d5dc4c09a8/gnocchi.ebff7527-336f-4ffe-8244-f69641beea04" 201 - "PUT http://172.20.0.103:6001/d1/406/AUTH_ef85e77878ca49cebc5107d5dc4c09a8/gnocchi.ebff7527-336f-4ffe-8244-f69641beea04" "txb5d9391a8ebb4b1094266-006a2bc8f5" "container-server 21" 0.0025 "-" 20 0
Jun 12 08:53:09 np0000071511 container-server[120559]: 172.20.0.105 - - [12/Jun/2026:08:53:09 +0000] "PUT /d1/406/AUTH_ef85e77878ca49cebc5107d5dc4c09a8/gnocchi.ebff7527-336f-4ffe-8244-f69641beea04" 201 - "PUT http://172.18.0.204:8080/v1/AUTH_ef85e77878ca49cebc5107d5dc4c09a8/gnocchi.ebff7527-336f-4ffe-8244-f69641beea04" "txb5d9391a8ebb4b1094266-006a2bc8f5" "proxy-server 12" 0.0205 "-" 23 0
Jun 12 08:53:09 np0000071511 account-server[120188]: 172.20.0.105 - - [12/Jun/2026:08:53:09 +0000] "PUT /d1/19/AUTH_ef85e77878ca49cebc5107d5dc4c09a8/gnocchi.9fd55d25-2bf0-4202-af20-2af103263838" 201 - "PUT http://172.20.0.105:6001/d1/180/AUTH_ef85e77878ca49cebc5107d5dc4c09a8/gnocchi.9fd55d25-2bf0-4202-af20-2af103263838" "txebd4e5ea64024f91b3660-006a2bc8f5" "container-server 23" 0.0060 "-" 22 0
Jun 12 08:53:09 np0000071511 container-server[120550]: 172.20.0.103 - - [12/Jun/2026:08:53:09 +0000] "PUT /d1/180/AUTH_ef85e77878ca49cebc5107d5dc4c09a8/gnocchi.9fd55d25-2bf0-4202-af20-2af103263838" 201 - "PUT http://172.18.0.204:8080/v1/AUTH_ef85e77878ca49cebc5107d5dc4c09a8/gnocchi.9fd55d25-2bf0-4202-af20-2af103263838" "txebd4e5ea64024f91b3660-006a2bc8f5" "proxy-server 20" 0.0173 "-" 21 0
Jun 12 08:53:09 np0000071511 container-server[120542]: 172.20.0.104 - - [12/Jun/2026:08:53:09 +0000] "HEAD /d1/406/AUTH_ef85e77878ca49cebc5107d5dc4c09a8/gnocchi.ebff7527-336f-4ffe-8244-f69641beea04" 204 - "HEAD http://172.18.0.204:8080/v1/AUTH_ef85e77878ca49cebc5107d5dc4c09a8/gnocchi.ebff7527-336f-4ffe-8244-f69641beea04?format=json&states=listing" "tx990874c85d904edab3be5-006a2bc8f5" "proxy-server 20" 0.0024 "-" 20 0
Jun 12 08:53:09 np0000071511 proxy-server[122457]: - - 12/Jun/2026/08/53/09 HEAD /v1/AUTH_ef85e77878ca49cebc5107d5dc4c09a8/gnocchi.ebff7527-336f-4ffe-8244-f69641beea04%3Fformat%3Djson%26states%3Dlisting HTTP/1.0 204 - Swift - - - - tx990874c85d904edab3be5-006a2bc8f5 - 0.0076 RL - 1781254389.532995701 1781254389.540564537 0
Jun 12 08:53:09 np0000071511 container-server[120559]: 172.20.0.105 - - [12/Jun/2026:08:53:09 +0000] "HEAD /d1/180/AUTH_ef85e77878ca49cebc5107d5dc4c09a8/gnocchi.9fd55d25-2bf0-4202-af20-2af103263838" 204 - "HEAD http://172.18.0.204:8080/v1/AUTH_ef85e77878ca49cebc5107d5dc4c09a8/gnocchi.9fd55d25-2bf0-4202-af20-2af103263838?format=json&states=listing" "txd690ccff7bfd4fe4ab3af-006a2bc8f5" "proxy-server 12" 0.0022 "-" 23 0
Jun 12 08:53:09 np0000071511 container-server[120559]: 172.20.0.104 - - [12/Jun/2026:08:53:09 +0000] "GET /d1/406/AUTH_ef85e77878ca49cebc5107d5dc4c09a8/gnocchi.ebff7527-336f-4ffe-8244-f69641beea04" 200 2 "GET http://172.18.0.204:8080/v1/AUTH_ef85e77878ca49cebc5107d5dc4c09a8/gnocchi.ebff7527-336f-4ffe-8244-f69641beea04?format=json&states=listing" "tx990874c85d904edab3be5-006a2bc8f5" "proxy-server 20" 0.0029 "-" 23 0
Jun 12 08:53:09 np0000071511 proxy-server[122457]: 172.18.0.204 172.18.0.104 12/Jun/2026/08/53/09 GET /v1/AUTH_ef85e77878ca49cebc5107d5dc4c09a8/gnocchi.ebff7527-336f-4ffe-8244-f69641beea04%3Fformat%3Djson%26states%3Dlisting HTTP/1.0 200 - python-swiftclient-3.11.1 gAAAAABqK8jqdbsa... - 2 - tx990874c85d904edab3be5-006a2bc8f5 - 0.0207 - - 1781254389.530956745 1781254389.551683187 0
Jun 12 08:53:09 np0000071511 object-server[120944]: 172.20.0.103 - - [12/Jun/2026:08:53:09 +0000] "GET /d1/479/AUTH_ef85e77878ca49cebc5107d5dc4c09a8/gnocchi.ebff7527-336f-4ffe-8244-f69641beea04/1780920000.0_mean_300.0_v3" 404 70 "GET http://172.18.0.204:8080/v1/AUTH_ef85e77878ca49cebc5107d5dc4c09a8/gnocchi.ebff7527-336f-4ffe-8244-f69641beea04/1780920000.0_mean_300.0_v3" "txc0014112d00f4dcf8cc14-006a2bc8f5" "proxy-server 20" 0.0005 "-" 25 0
Jun 12 08:53:09 np0000071511 container-server[120542]: 172.20.0.104 - - [12/Jun/2026:08:53:09 +0000] "PUT /d1/406/AUTH_ef85e77878ca49cebc5107d5dc4c09a8/gnocchi.ebff7527-336f-4ffe-8244-f69641beea04/1780920000.0_mean_300.0_v3" 201 - "PUT http://172.18.0.204:8080/d1/479/AUTH_ef85e77878ca49cebc5107d5dc4c09a8/gnocchi.ebff7527-336f-4ffe-8244-f69641beea04/1780920000.0_mean_300.0_v3" "tx4a0c265705554e059d2ff-006a2bc8f5" "object-server 25" 0.0009 "-" 20 0
Jun 12 08:53:09 np0000071511 object-server[120944]: 172.20.0.105 - - [12/Jun/2026:08:53:09 +0000] "PUT /d1/479/AUTH_ef85e77878ca49cebc5107d5dc4c09a8/gnocchi.ebff7527-336f-4ffe-8244-f69641beea04/1780920000.0_mean_300.0_v3" 201 - "PUT http://172.18.0.204:8080/v1/AUTH_ef85e77878ca49cebc5107d5dc4c09a8/gnocchi.ebff7527-336f-4ffe-8244-f69641beea04/1780920000.0_mean_300.0_v3" "tx4a0c265705554e059d2ff-006a2bc8f5" "proxy-server 12" 0.0124 "-" 25 0
Jun 12 08:53:09 np0000071511 object-server[120936]: 172.20.0.104 - - [12/Jun/2026:08:53:09 +0000] "GET /d1/44/AUTH_ef85e77878ca49cebc5107d5dc4c09a8/gnocchi.9fd55d25-2bf0-4202-af20-2af103263838/1780920000.0_mean_300.0_v3" 404 70 "GET http://172.18.0.204:8080/v1/AUTH_ef85e77878ca49cebc5107d5dc4c09a8/gnocchi.9fd55d25-2bf0-4202-af20-2af103263838/1780920000.0_mean_300.0_v3" "tx9c9d3e185e254bc8866b0-006a2bc8f5" "proxy-server 20" 0.0004 "-" 22 0
Jun 12 08:53:09 np0000071511 proxy-server[122457]: 172.18.0.105 172.18.0.104 12/Jun/2026/08/53/09 GET /v1/AUTH_ef85e77878ca49cebc5107d5dc4c09a8/gnocchi.9fd55d25-2bf0-4202-af20-2af103263838/1780920000.0_mean_300.0_v3 HTTP/1.0 404 - python-swiftclient-3.11.1 gAAAAABqK8immuXj... - 70 - tx9c9d3e185e254bc8866b0-006a2bc8f5 - 0.0526 - - 1781254389.569133759 1781254389.621726513 0
Jun 12 08:53:09 np0000071511 container-server[120557]: 172.20.0.103 - - [12/Jun/2026:08:53:09 +0000] "PUT /d1/406/AUTH_ef85e77878ca49cebc5107d5dc4c09a8/gnocchi.ebff7527-336f-4ffe-8244-f69641beea04/none_v3" 201 - "PUT http://172.18.0.204:8080/d1/468/AUTH_ef85e77878ca49cebc5107d5dc4c09a8/gnocchi.ebff7527-336f-4ffe-8244-f69641beea04/none_v3" "tx0b60d3a3874548cca17cf-006a2bc8f5" "object-server 25" 0.0007 "-" 22 0
Jun 12 08:53:09 np0000071511 object-server[120936]: 172.20.0.103 - - [12/Jun/2026:08:53:09 +0000] "PUT /d1/468/AUTH_ef85e77878ca49cebc5107d5dc4c09a8/gnocchi.ebff7527-336f-4ffe-8244-f69641beea04/none_v3" 201 - "PUT http://172.18.0.204:8080/v1/AUTH_ef85e77878ca49cebc5107d5dc4c09a8/gnocchi.ebff7527-336f-4ffe-8244-f69641beea04/none_v3" "tx0b60d3a3874548cca17cf-006a2bc8f5" "proxy-server 20" 0.0146 "-" 22 0
Jun 12 08:53:09 np0000071511 container-server[120557]: 172.20.0.104 - - [12/Jun/2026:08:53:09 +0000] "HEAD /d1/393/AUTH_ef85e77878ca49cebc5107d5dc4c09a8/gnocchi.d95abb9a-53c3-4402-83a4-ca46022ce1c5" 404 - "HEAD http://172.18.0.204:8080/v1/AUTH_ef85e77878ca49cebc5107d5dc4c09a8/gnocchi.d95abb9a-53c3-4402-83a4-ca46022ce1c5?format=json&states=listing" "tx4d43d53de6654283929d0-006a2bc8f5" "proxy-server 20" 0.0005 "-" 22 0
Jun 12 08:53:09 np0000071511 object-server[120940]: 172.20.0.104 - - [12/Jun/2026:08:53:09 +0000] "GET /d1/793/AUTH_ef85e77878ca49cebc5107d5dc4c09a8/gnocchi.d95abb9a-53c3-4402-83a4-ca46022ce1c5/none_v3" 404 70 "GET http://172.18.0.204:8080/v1/AUTH_ef85e77878ca49cebc5107d5dc4c09a8/gnocchi.d95abb9a-53c3-4402-83a4-ca46022ce1c5/none_v3" "tx4d43d53de6654283929d0-006a2bc8f5" "proxy-server 20" 0.0003 "-" 23 0
Jun 12 08:53:09 np0000071511 proxy-server[122457]: 172.18.0.204 172.18.0.104 12/Jun/2026/08/53/09 GET /v1/AUTH_ef85e77878ca49cebc5107d5dc4c09a8/gnocchi.d95abb9a-53c3-4402-83a4-ca46022ce1c5/none_v3 HTTP/1.0 404 - python-swiftclient-3.11.1 gAAAAABqK8jqdbsa... - 70 - tx4d43d53de6654283929d0-006a2bc8f5 - 0.0290 - - 1781254389.649075031 1781254389.678075790 0
Jun 12 08:53:09 np0000071511 container-server[120557]: 172.20.0.104 - - [12/Jun/2026:08:53:09 +0000] "PUT /d1/180/AUTH_ef85e77878ca49cebc5107d5dc4c09a8/gnocchi.9fd55d25-2bf0-4202-af20-2af103263838/1780920000.0_mean_300.0_v3" 201 - "PUT http://172.18.0.204:8080/d1/44/AUTH_ef85e77878ca49cebc5107d5dc4c09a8/gnocchi.9fd55d25-2bf0-4202-af20-2af103263838/1780920000.0_mean_300.0_v3" "tx40fa101b46c845eca8aac-006a2bc8f5" "object-server 24" 0.0008 "-" 22 0
Jun 12 08:53:09 np0000071511 object-server[120941]: 172.20.0.105 - - [12/Jun/2026:08:53:09 +0000] "PUT /d1/44/AUTH_ef85e77878ca49cebc5107d5dc4c09a8/gnocchi.9fd55d25-2bf0-4202-af20-2af103263838/1780920000.0_mean_300.0_v3" 201 - "PUT http://172.18.0.204:8080/v1/AUTH_ef85e77878ca49cebc5107d5dc4c09a8/gnocchi.9fd55d25-2bf0-4202-af20-2af103263838/1780920000.0_mean_300.0_v3" "tx40fa101b46c845eca8aac-006a2bc8f5" "proxy-server 12" 0.0536 "-" 24 0
Jun 12 08:53:09 np0000071511 account-server[120188]: 172.20.0.104 - - [12/Jun/2026:08:53:09 +0000] "PUT /d1/19/AUTH_ef85e77878ca49cebc5107d5dc4c09a8/gnocchi.d95abb9a-53c3-4402-83a4-ca46022ce1c5" 201 - "PUT http://172.20.0.104:6001/d1/393/AUTH_ef85e77878ca49cebc5107d5dc4c09a8/gnocchi.d95abb9a-53c3-4402-83a4-ca46022ce1c5" "tx720085f0797746a3ae22c-006a2bc8f5" "container-server 20" 0.0044 "-" 22 0
Jun 12 08:53:09 np0000071511 container-server[120542]: 172.20.0.103 - - [12/Jun/2026:08:53:09 +0000] "PUT /d1/393/AUTH_ef85e77878ca49cebc5107d5dc4c09a8/gnocchi.d95abb9a-53c3-4402-83a4-ca46022ce1c5" 201 - "PUT http://172.18.0.204:8080/v1/AUTH_ef85e77878ca49cebc5107d5dc4c09a8/gnocchi.d95abb9a-53c3-4402-83a4-ca46022ce1c5" "tx720085f0797746a3ae22c-006a2bc8f5" "proxy-server 20" 0.0141 "-" 20 0
Jun 12 08:53:09 np0000071511 container-server[120557]: 172.20.0.105 - - [12/Jun/2026:08:53:09 +0000] "HEAD /d1/393/AUTH_ef85e77878ca49cebc5107d5dc4c09a8/gnocchi.d95abb9a-53c3-4402-83a4-ca46022ce1c5" 204 - "HEAD http://172.18.0.204:8080/v1/AUTH_ef85e77878ca49cebc5107d5dc4c09a8/gnocchi.d95abb9a-53c3-4402-83a4-ca46022ce1c5?format=json&states=listing" "tx731ff877528346e49e805-006a2bc8f5" "proxy-server 12" 0.0013 "-" 22 0
Jun 12 08:53:09 np0000071511 container-server[120559]: 172.20.0.105 - - [12/Jun/2026:08:53:09 +0000] "PUT /d1/180/AUTH_ef85e77878ca49cebc5107d5dc4c09a8/gnocchi.9fd55d25-2bf0-4202-af20-2af103263838/none_v3" 201 - "PUT http://172.18.0.204:8080/d1/350/AUTH_ef85e77878ca49cebc5107d5dc4c09a8/gnocchi.9fd55d25-2bf0-4202-af20-2af103263838/none_v3" "tx7362747231b849fcb8915-006a2bc8f5" "object-server 23" 0.0006 "-" 23 0
Jun 12 08:53:09 np0000071511 object-server[120940]: 172.20.0.104 - - [12/Jun/2026:08:53:09 +0000] "PUT /d1/350/AUTH_ef85e77878ca49cebc5107d5dc4c09a8/gnocchi.9fd55d25-2bf0-4202-af20-2af103263838/none_v3" 201 - "PUT http://172.18.0.204:8080/v1/AUTH_ef85e77878ca49cebc5107d5dc4c09a8/gnocchi.9fd55d25-2bf0-4202-af20-2af103263838/none_v3" "tx7362747231b849fcb8915-006a2bc8f5" "proxy-server 20" 0.0228 "-" 23 0
Jun 12 08:53:09 np0000071511 proxy-server[122457]: 172.18.0.105 172.18.0.104 12/Jun/2026/08/53/09 PUT /v1/AUTH_ef85e77878ca49cebc5107d5dc4c09a8/gnocchi.9fd55d25-2bf0-4202-af20-2af103263838/none_v3 HTTP/1.0 201 - python-swiftclient-3.11.1 gAAAAABqK8immuXj... 22 - - tx7362747231b849fcb8915-006a2bc8f5 - 0.0341 - - 1781254389.719961643 1781254389.754105330 0
Jun 12 08:53:09 np0000071511 object-server[120940]: 172.20.0.103 - - [12/Jun/2026:08:53:09 +0000] "GET /d1/829/AUTH_ef85e77878ca49cebc5107d5dc4c09a8/gnocchi.d95abb9a-53c3-4402-83a4-ca46022ce1c5/1780920000.0_mean_300.0_v3" 404 70 "GET http://172.18.0.204:8080/v1/AUTH_ef85e77878ca49cebc5107d5dc4c09a8/gnocchi.d95abb9a-53c3-4402-83a4-ca46022ce1c5/1780920000.0_mean_300.0_v3" "tx6bd60c955988413ebf713-006a2bc8f5" "proxy-server 20" 0.0003 "-" 23 0
