Jun 12 08:54:00 np0000071511 object-server[120936]: 172.20.0.103 - - [12/Jun/2026:08:54:00 +0000] "PUT /d1/1007/AUTH_ef85e77878ca49cebc5107d5dc4c09a8/gnocchi.6c7a94a2-12de-4408-9130-d6b695ea3440/none_v3" 201 - "PUT http://172.18.0.204:8080/v1/AUTH_ef85e77878ca49cebc5107d5dc4c09a8/gnocchi.6c7a94a2-12de-4408-9130-d6b695ea3440/none_v3" "txb4281271fb0e490e9e7dc-006a2bc928" "proxy-server 20" 0.0122 "-" 22 0
Jun 12 08:54:00 np0000071511 account-server[120172]: 172.20.0.105 - - [12/Jun/2026:08:54:00 +0000] "PUT /d1/19/AUTH_ef85e77878ca49cebc5107d5dc4c09a8/gnocchi.764659f8-6805-4fea-add9-148aa550de2b" 201 - "PUT http://172.20.0.105:6001/d1/567/AUTH_ef85e77878ca49cebc5107d5dc4c09a8/gnocchi.764659f8-6805-4fea-add9-148aa550de2b" "tx75b6ce2335194a38b7397-006a2bc928" "container-server 20" 0.0080 "-" 20 0
Jun 12 08:54:00 np0000071511 container-server[120542]: 172.20.0.104 - - [12/Jun/2026:08:54:00 +0000] "PUT /d1/567/AUTH_ef85e77878ca49cebc5107d5dc4c09a8/gnocchi.764659f8-6805-4fea-add9-148aa550de2b" 201 - "PUT http://172.18.0.204:8080/v1/AUTH_ef85e77878ca49cebc5107d5dc4c09a8/gnocchi.764659f8-6805-4fea-add9-148aa550de2b" "tx75b6ce2335194a38b7397-006a2bc928" "proxy-server 20" 0.0239 "-" 20 0
Jun 12 08:54:00 np0000071511 container-server[120557]: 172.20.0.105 - - [12/Jun/2026:08:54:00 +0000] "PUT /d1/624/AUTH_ef85e77878ca49cebc5107d5dc4c09a8/gnocchi.db76e519-73c2-454a-9531-258c3e3f274c" 201 - "PUT http://172.18.0.204:8080/v1/AUTH_ef85e77878ca49cebc5107d5dc4c09a8/gnocchi.db76e519-73c2-454a-9531-258c3e3f274c" "txd6ca0caeef934601994c7-006a2bc928" "proxy-server 12" 0.0270 "-" 22 0
Jun 12 08:54:00 np0000071511 container-server[120559]: 172.20.0.103 - - [12/Jun/2026:08:54:00 +0000] "HEAD /d1/896/AUTH_ef85e77878ca49cebc5107d5dc4c09a8/gnocchi.d5278fd2-d130-4023-909f-95671015e62c" 404 - "HEAD http://172.18.0.204:8080/v1/AUTH_ef85e77878ca49cebc5107d5dc4c09a8/gnocchi.d5278fd2-d130-4023-909f-95671015e62c?format=json&states=listing" "txcf4fc56b997a4dd1b2f68-006a2bc928" "proxy-server 20" 0.0009 "-" 23 0
Jun 12 08:54:00 np0000071511 account-server[120172]: 172.20.0.103 - - [12/Jun/2026:08:54:00 +0000] "PUT /d1/19/AUTH_ef85e77878ca49cebc5107d5dc4c09a8/gnocchi.db76e519-73c2-454a-9531-258c3e3f274c" 201 - "PUT http://172.20.0.103:6001/d1/624/AUTH_ef85e77878ca49cebc5107d5dc4c09a8/gnocchi.db76e519-73c2-454a-9531-258c3e3f274c" "txd6ca0caeef934601994c7-006a2bc928" "container-server 23" 0.0128 "-" 20 0
Jun 12 08:54:00 np0000071511 proxy-server[122457]: 172.18.0.103 172.18.0.104 12/Jun/2026/08/54/00 PUT /v1/AUTH_ef85e77878ca49cebc5107d5dc4c09a8/gnocchi.764659f8-6805-4fea-add9-148aa550de2b HTTP/1.0 201 - python-swiftclient-3.11.1 gAAAAABqK8j1-Tkw... - - - tx75b6ce2335194a38b7397-006a2bc928 - 0.0467 - - 1781254440.901265860 1781254440.947990894 0
Jun 12 08:54:00 np0000071511 object-server[120936]: 172.20.0.103 - - [12/Jun/2026:08:54:00 +0000] "GET /d1/920/AUTH_ef85e77878ca49cebc5107d5dc4c09a8/gnocchi.d5278fd2-d130-4023-909f-95671015e62c/none_v3" 404 70 "GET http://172.18.0.204:8080/v1/AUTH_ef85e77878ca49cebc5107d5dc4c09a8/gnocchi.d5278fd2-d130-4023-909f-95671015e62c/none_v3" "txcf4fc56b997a4dd1b2f68-006a2bc928" "proxy-server 20" 0.0007 "-" 22 0
Jun 12 08:54:00 np0000071511 container-server[120542]: 172.20.0.104 - - [12/Jun/2026:08:54:00 +0000] "HEAD /d1/567/AUTH_ef85e77878ca49cebc5107d5dc4c09a8/gnocchi.764659f8-6805-4fea-add9-148aa550de2b" 204 - "HEAD http://172.18.0.204:8080/v1/AUTH_ef85e77878ca49cebc5107d5dc4c09a8/gnocchi.764659f8-6805-4fea-add9-148aa550de2b?format=json&states=listing" "tx5d16487f681047ef9cda0-006a2bc928" "proxy-server 20" 0.0023 "-" 20 0
Jun 12 08:54:00 np0000071511 proxy-server[122457]: - - 12/Jun/2026/08/54/00 HEAD /v1/AUTH_ef85e77878ca49cebc5107d5dc4c09a8/gnocchi.764659f8-6805-4fea-add9-148aa550de2b%3Fformat%3Djson%26states%3Dlisting HTTP/1.0 204 - Swift - - - - tx5d16487f681047ef9cda0-006a2bc928 - 0.0062 RL - 1781254440.953094721 1781254440.959305763 0
Jun 12 08:54:00 np0000071511 container-server[120557]: 172.20.0.105 - - [12/Jun/2026:08:54:00 +0000] "HEAD /d1/624/AUTH_ef85e77878ca49cebc5107d5dc4c09a8/gnocchi.db76e519-73c2-454a-9531-258c3e3f274c" 204 - "HEAD http://172.18.0.204:8080/v1/AUTH_ef85e77878ca49cebc5107d5dc4c09a8/gnocchi.db76e519-73c2-454a-9531-258c3e3f274c?format=json&states=listing" "tx26936e8c0916487db2b49-006a2bc928" "proxy-server 12" 0.0021 "-" 22 0
Jun 12 08:54:00 np0000071511 proxy-server[122457]: 172.18.0.103 172.18.0.104 12/Jun/2026/08/54/00 GET /v1/AUTH_ef85e77878ca49cebc5107d5dc4c09a8/gnocchi.764659f8-6805-4fea-add9-148aa550de2b%3Fformat%3Djson%26states%3Dlisting HTTP/1.0 200 - python-swiftclient-3.11.1 gAAAAABqK8j1-Tkw... - 2 - tx5d16487f681047ef9cda0-006a2bc928 - 0.0173 - - 1781254440.951569557 1781254440.968900681 0
Jun 12 08:54:00 np0000071511 object-server[120936]: 172.20.0.104 - - [12/Jun/2026:08:54:00 +0000] "GET /d1/522/AUTH_ef85e77878ca49cebc5107d5dc4c09a8/gnocchi.764659f8-6805-4fea-add9-148aa550de2b/1780920000.0_mean_300.0_v3" 404 70 "GET http://172.18.0.204:8080/v1/AUTH_ef85e77878ca49cebc5107d5dc4c09a8/gnocchi.764659f8-6805-4fea-add9-148aa550de2b/1780920000.0_mean_300.0_v3" "tx8343ad56670d4bdab8f1c-006a2bc928" "proxy-server 20" 0.0004 "-" 22 0
Jun 12 08:54:00 np0000071511 proxy-server[122457]: 172.18.0.103 172.18.0.104 12/Jun/2026/08/54/00 GET /v1/AUTH_ef85e77878ca49cebc5107d5dc4c09a8/gnocchi.764659f8-6805-4fea-add9-148aa550de2b/1780920000.0_mean_300.0_v3 HTTP/1.0 404 - python-swiftclient-3.11.1 gAAAAABqK8j1-Tkw... - 70 - tx8343ad56670d4bdab8f1c-006a2bc928 - 0.0133 - - 1781254440.972292423 1781254440.985567570 0
Jun 12 08:54:00 np0000071511 account-server[120175]: 172.20.0.103 - - [12/Jun/2026:08:54:00 +0000] "PUT /d1/19/AUTH_ef85e77878ca49cebc5107d5dc4c09a8/gnocchi.d5278fd2-d130-4023-909f-95671015e62c" 201 - "PUT http://172.20.0.103:6001/d1/896/AUTH_ef85e77878ca49cebc5107d5dc4c09a8/gnocchi.d5278fd2-d130-4023-909f-95671015e62c" "tx196dff85e8fb45bbaaae0-006a2bc928" "container-server 23" 0.0068 "-" 21 0
Jun 12 08:54:00 np0000071511 object-server[120936]: 172.20.0.105 - - [12/Jun/2026:08:54:00 +0000] "GET /d1/34/AUTH_ef85e77878ca49cebc5107d5dc4c09a8/gnocchi.db76e519-73c2-454a-9531-258c3e3f274c/1780920000.0_mean_300.0_v3" 404 70 "GET http://172.18.0.204:8080/v1/AUTH_ef85e77878ca49cebc5107d5dc4c09a8/gnocchi.db76e519-73c2-454a-9531-258c3e3f274c/1780920000.0_mean_300.0_v3" "tx1a4bd0c5229940e794ae8-006a2bc928" "proxy-server 12" 0.0003 "-" 22 0
Jun 12 08:54:01 np0000071511 container-server[120542]: 172.20.0.103 - - [12/Jun/2026:08:54:01 +0000] "PUT /d1/896/AUTH_ef85e77878ca49cebc5107d5dc4c09a8/gnocchi.d5278fd2-d130-4023-909f-95671015e62c" 201 - "PUT http://172.18.0.204:8080/v1/AUTH_ef85e77878ca49cebc5107d5dc4c09a8/gnocchi.d5278fd2-d130-4023-909f-95671015e62c" "tx196dff85e8fb45bbaaae0-006a2bc928" "proxy-server 20" 0.0241 "-" 20 0
Jun 12 08:54:01 np0000071511 container-server[120542]: 172.20.0.104 - - [12/Jun/2026:08:54:01 +0000] "PUT /d1/567/AUTH_ef85e77878ca49cebc5107d5dc4c09a8/gnocchi.764659f8-6805-4fea-add9-148aa550de2b/1780920000.0_mean_300.0_v3" 201 - "PUT http://172.18.0.204:8080/d1/522/AUTH_ef85e77878ca49cebc5107d5dc4c09a8/gnocchi.764659f8-6805-4fea-add9-148aa550de2b/1780920000.0_mean_300.0_v3" "tx63df9a66bf98459fa9f19-006a2bc928" "object-server 25" 0.0010 "-" 20 0
Jun 12 08:54:01 np0000071511 object-server[120944]: 172.20.0.104 - - [12/Jun/2026:08:54:01 +0000] "PUT /d1/522/AUTH_ef85e77878ca49cebc5107d5dc4c09a8/gnocchi.764659f8-6805-4fea-add9-148aa550de2b/1780920000.0_mean_300.0_v3" 201 - "PUT http://172.18.0.204:8080/v1/AUTH_ef85e77878ca49cebc5107d5dc4c09a8/gnocchi.764659f8-6805-4fea-add9-148aa550de2b/1780920000.0_mean_300.0_v3" "tx63df9a66bf98459fa9f19-006a2bc928" "proxy-server 20" 0.0129 "-" 25 0
Jun 12 08:54:01 np0000071511 proxy-server[122457]: 172.18.0.103 172.18.0.104 12/Jun/2026/08/54/01 PUT /v1/AUTH_ef85e77878ca49cebc5107d5dc4c09a8/gnocchi.764659f8-6805-4fea-add9-148aa550de2b/1780920000.0_mean_300.0_v3 HTTP/1.0 201 - python-swiftclient-3.11.1 gAAAAABqK8j1-Tkw... 16 - - tx63df9a66bf98459fa9f19-006a2bc928 - 0.0251 - - 1781254440.989469290 1781254441.014600039 0
Jun 12 08:54:01 np0000071511 object-server[120941]: 172.20.0.105 - - [12/Jun/2026:08:54:01 +0000] "PUT /d1/34/AUTH_ef85e77878ca49cebc5107d5dc4c09a8/gnocchi.db76e519-73c2-454a-9531-258c3e3f274c/1780920000.0_mean_300.0_v3" 201 - "PUT http://172.18.0.204:8080/v1/AUTH_ef85e77878ca49cebc5107d5dc4c09a8/gnocchi.db76e519-73c2-454a-9531-258c3e3f274c/1780920000.0_mean_300.0_v3" "txc257de0a1fcd4d6bbc485-006a2bc928" "proxy-server 12" 0.0152 "-" 24 0
Jun 12 08:54:01 np0000071511 container-server[120542]: 172.20.0.104 - - [12/Jun/2026:08:54:01 +0000] "PUT /d1/567/AUTH_ef85e77878ca49cebc5107d5dc4c09a8/gnocchi.764659f8-6805-4fea-add9-148aa550de2b/none_v3" 201 - "PUT http://172.18.0.204:8080/d1/32/AUTH_ef85e77878ca49cebc5107d5dc4c09a8/gnocchi.764659f8-6805-4fea-add9-148aa550de2b/none_v3" "tx5cadd933cf3e4875a6fcc-006a2bc929" "object-server 22" 0.0010 "-" 20 0
Jun 12 08:54:01 np0000071511 object-server[120936]: 172.20.0.104 - - [12/Jun/2026:08:54:01 +0000] "PUT /d1/32/AUTH_ef85e77878ca49cebc5107d5dc4c09a8/gnocchi.764659f8-6805-4fea-add9-148aa550de2b/none_v3" 201 - "PUT http://172.18.0.204:8080/v1/AUTH_ef85e77878ca49cebc5107d5dc4c09a8/gnocchi.764659f8-6805-4fea-add9-148aa550de2b/none_v3" "tx5cadd933cf3e4875a6fcc-006a2bc929" "proxy-server 20" 0.0170 "-" 22 0
Jun 12 08:54:01 np0000071511 container-server[120542]: 172.20.0.105 - - [12/Jun/2026:08:54:01 +0000] "PUT /d1/624/AUTH_ef85e77878ca49cebc5107d5dc4c09a8/gnocchi.db76e519-73c2-454a-9531-258c3e3f274c/1780920000.0_mean_300.0_v3" 201 - "PUT http://172.18.0.204:8080/d1/34/AUTH_ef85e77878ca49cebc5107d5dc4c09a8/gnocchi.db76e519-73c2-454a-9531-258c3e3f274c/1780920000.0_mean_300.0_v3" "txc257de0a1fcd4d6bbc485-006a2bc928" "object-server 25" 0.0005 "-" 20 0
Jun 12 08:54:01 np0000071511 proxy-server[122457]: 172.18.0.103 172.18.0.104 12/Jun/2026/08/54/01 PUT /v1/AUTH_ef85e77878ca49cebc5107d5dc4c09a8/gnocchi.764659f8-6805-4fea-add9-148aa550de2b/none_v3 HTTP/1.0 201 - python-swiftclient-3.11.1 gAAAAABqK8j1-Tkw... 22 - - tx5cadd933cf3e4875a6fcc-006a2bc929 - 0.0242 - - 1781254441.018278837 1781254441.042442322 0
Jun 12 08:54:01 np0000071511 container-server[120559]: 172.20.0.103 - - [12/Jun/2026:08:54:01 +0000] "GET /d1/896/AUTH_ef85e77878ca49cebc5107d5dc4c09a8/gnocchi.d5278fd2-d130-4023-909f-95671015e62c" 200 2 "GET http://172.18.0.204:8080/v1/AUTH_ef85e77878ca49cebc5107d5dc4c09a8/gnocchi.d5278fd2-d130-4023-909f-95671015e62c?format=json&states=listing" "tx4fc0cedd31a54ebab0972-006a2bc929" "proxy-server 20" 0.0038 "-" 23 0
Jun 12 08:54:01 np0000071511 object-server[120940]: 172.20.0.105 - - [12/Jun/2026:08:54:01 +0000] "GET /d1/752/AUTH_ef85e77878ca49cebc5107d5dc4c09a8/gnocchi.d5278fd2-d130-4023-909f-95671015e62c/1780920000.0_mean_300.0_v3" 404 70 "GET http://172.18.0.204:8080/v1/AUTH_ef85e77878ca49cebc5107d5dc4c09a8/gnocchi.d5278fd2-d130-4023-909f-95671015e62c/1780920000.0_mean_300.0_v3" "tx68ed18d674184caa8c706-006a2bc929" "proxy-server 12" 0.0006 "-" 23 0
Jun 12 08:54:01 np0000071511 container-server[120550]: 172.20.0.103 - - [12/Jun/2026:08:54:01 +0000] "PUT /d1/624/AUTH_ef85e77878ca49cebc5107d5dc4c09a8/gnocchi.db76e519-73c2-454a-9531-258c3e3f274c/none_v3" 201 - "PUT http://172.18.0.204:8080/d1/855/AUTH_ef85e77878ca49cebc5107d5dc4c09a8/gnocchi.db76e519-73c2-454a-9531-258c3e3f274c/none_v3" "tx2f3a514e603d4a37a6482-006a2bc929" "object-server 23" 0.0011 "-" 21 0
Jun 12 08:54:01 np0000071511 object-server[120941]: 172.20.0.104 - - [12/Jun/2026:08:54:01 +0000] "PUT /d1/855/AUTH_ef85e77878ca49cebc5107d5dc4c09a8/gnocchi.db76e519-73c2-454a-9531-258c3e3f274c/none_v3" 201 - "PUT http://172.18.0.204:8080/v1/AUTH_ef85e77878ca49cebc5107d5dc4c09a8/gnocchi.db76e519-73c2-454a-9531-258c3e3f274c/none_v3" "tx2f3a514e603d4a37a6482-006a2bc929" "proxy-server 20" 0.0180 "-" 24 0
Jun 12 08:54:01 np0000071511 proxy-server[122457]: 172.18.0.105 172.18.0.104 12/Jun/2026/08/54/01 PUT /v1/AUTH_ef85e77878ca49cebc5107d5dc4c09a8/gnocchi.db76e519-73c2-454a-9531-258c3e3f274c/none_v3 HTTP/1.0 201 - python-swiftclient-3.11.1 gAAAAABqK8immuXj... 22 - - tx2f3a514e603d4a37a6482-006a2bc929 - 0.0288 - - 1781254441.049271822 1781254441.078118563 0
Jun 12 08:54:01 np0000071511 container-server[120557]: 172.20.0.105 - - [12/Jun/2026:08:54:01 +0000] "HEAD /d1/128/AUTH_ef85e77878ca49cebc5107d5dc4c09a8/gnocchi.6adcda10-22bb-4d2e-bb5b-d3b55ea6f812" 404 - "HEAD http://172.18.0.204:8080/v1/AUTH_ef85e77878ca49cebc5107d5dc4c09a8/gnocchi.6adcda10-22bb-4d2e-bb5b-d3b55ea6f812?format=json&states=listing" "tx54fd7b26d2934ffcadf8b-006a2bc929" "proxy-server 12" 0.0008 "-" 22 0
Jun 12 08:54:01 np0000071511 container-server[120559]: 172.20.0.104 - - [12/Jun/2026:08:54:01 +0000] "HEAD /d1/419/AUTH_ef85e77878ca49cebc5107d5dc4c09a8/gnocchi.2e70578d-da3b-433b-9672-94d53271f9f9" 404 - "HEAD http://172.18.0.204:8080/v1/AUTH_ef85e77878ca49cebc5107d5dc4c09a8/gnocchi.2e70578d-da3b-433b-9672-94d53271f9f9?format=json&states=listing" "tx0943c68535454bdf85eea-006a2bc929" "proxy-server 20" 0.0006 "-" 23 0
Jun 12 08:54:01 np0000071511 object-server[120936]: 172.20.0.105 - - [12/Jun/2026:08:54:01 +0000] "GET /d1/677/AUTH_ef85e77878ca49cebc5107d5dc4c09a8/gnocchi.6adcda10-22bb-4d2e-bb5b-d3b55ea6f812/none_v3" 404 70 "GET http://172.18.0.204:8080/v1/AUTH_ef85e77878ca49cebc5107d5dc4c09a8/gnocchi.6adcda10-22bb-4d2e-bb5b-d3b55ea6f812/none_v3" "tx54fd7b26d2934ffcadf8b-006a2bc929" "proxy-server 12" 0.0005 "-" 22 0
Jun 12 08:54:01 np0000071511 container-server[120557]: 172.20.0.104 - - [12/Jun/2026:08:54:01 +0000] "PUT /d1/896/AUTH_ef85e77878ca49cebc5107d5dc4c09a8/gnocchi.d5278fd2-d130-4023-909f-95671015e62c/1780920000.0_mean_300.0_v3" 201 - "PUT http://172.18.0.204:8080/d1/752/AUTH_ef85e77878ca49cebc5107d5dc4c09a8/gnocchi.d5278fd2-d130-4023-909f-95671015e62c/1780920000.0_mean_300.0_v3" "txe885f237d00a4566bdbe8-006a2bc929" "object-server 24" 0.0009 "-" 22 0
Jun 12 08:54:01 np0000071511 object-server[120941]: 172.20.0.103 - - [12/Jun/2026:08:54:01 +0000] "PUT /d1/752/AUTH_ef85e77878ca49cebc5107d5dc4c09a8/gnocchi.d5278fd2-d130-4023-909f-95671015e62c/1780920000.0_mean_300.0_v3" 201 - "PUT http://172.18.0.204:8080/v1/AUTH_ef85e77878ca49cebc5107d5dc4c09a8/gnocchi.d5278fd2-d130-4023-909f-95671015e62c/1780920000.0_mean_300.0_v3" "txe885f237d00a4566bdbe8-006a2bc929" "proxy-server 20" 0.0132 "-" 24 0
Jun 12 08:54:01 np0000071511 object-server[120944]: 172.20.0.104 - - [12/Jun/2026:08:54:01 +0000] "GET /d1/553/AUTH_ef85e77878ca49cebc5107d5dc4c09a8/gnocchi.2e70578d-da3b-433b-9672-94d53271f9f9/none_v3" 404 70 "GET http://172.18.0.204:8080/v1/AUTH_ef85e77878ca49cebc5107d5dc4c09a8/gnocchi.2e70578d-da3b-433b-9672-94d53271f9f9/none_v3" "tx0943c68535454bdf85eea-006a2bc929" "proxy-server 20" 0.0005 "-" 25 0
Jun 12 08:54:01 np0000071511 proxy-server[122457]: 172.18.0.105 172.18.0.104 12/Jun/2026/08/54/01 GET /v1/AUTH_ef85e77878ca49cebc5107d5dc4c09a8/gnocchi.2e70578d-da3b-433b-9672-94d53271f9f9/none_v3 HTTP/1.0 404 - python-swiftclient-3.11.1 gAAAAABqK8immuXj... - 70 - tx0943c68535454bdf85eea-006a2bc929 - 0.0239 - - 1781254441.093586922 1781254441.117473364 0
Jun 12 08:54:01 np0000071511 account-server[120172]: 172.20.0.104 - - [12/Jun/2026:08:54:01 +0000] "PUT /d1/19/AUTH_ef85e77878ca49cebc5107d5dc4c09a8/gnocchi.6adcda10-22bb-4d2e-bb5b-d3b55ea6f812" 201 - "PUT http://172.20.0.104:6001/d1/128/AUTH_ef85e77878ca49cebc5107d5dc4c09a8/gnocchi.6adcda10-22bb-4d2e-bb5b-d3b55ea6f812" "tx169f5ab2c32248cdb0375-006a2bc929" "container-server 21" 0.0079 "-" 20 0
Jun 12 08:54:01 np0000071511 container-server[120550]: 172.20.0.105 - - [12/Jun/2026:08:54:01 +0000] "PUT /d1/128/AUTH_ef85e77878ca49cebc5107d5dc4c09a8/gnocchi.6adcda10-22bb-4d2e-bb5b-d3b55ea6f812" 201 - "PUT http://172.18.0.204:8080/v1/AUTH_ef85e77878ca49cebc5107d5dc4c09a8/gnocchi.6adcda10-22bb-4d2e-bb5b-d3b55ea6f812" "tx169f5ab2c32248cdb0375-006a2bc929" "proxy-server 12" 0.0227 "-" 21 0
Jun 12 08:54:01 np0000071511 object-server[120944]: 172.20.0.103 - - [12/Jun/2026:08:54:01 +0000] "PUT /d1/920/AUTH_ef85e77878ca49cebc5107d5dc4c09a8/gnocchi.d5278fd2-d130-4023-909f-95671015e62c/none_v3" 201 - "PUT http://172.18.0.204:8080/v1/AUTH_ef85e77878ca49cebc5107d5dc4c09a8/gnocchi.d5278fd2-d130-4023-909f-95671015e62c/none_v3" "tx9a5b73f583d34040aa068-006a2bc929" "proxy-server 20" 0.0127 "-" 25 0
Jun 12 08:54:01 np0000071511 container-server[120550]: 172.20.0.103 - - [12/Jun/2026:08:54:01 +0000] "PUT /d1/896/AUTH_ef85e77878ca49cebc5107d5dc4c09a8/gnocchi.d5278fd2-d130-4023-909f-95671015e62c/none_v3" 201 - "PUT http://172.18.0.204:8080/d1/920/AUTH_ef85e77878ca49cebc5107d5dc4c09a8/gnocchi.d5278fd2-d130-4023-909f-95671015e62c/none_v3" "tx9a5b73f583d34040aa068-006a2bc929" "object-server 24" 0.0011 "-" 21 0
Jun 12 08:54:01 np0000071511 account-server[120188]: 172.20.0.104 - - [12/Jun/2026:08:54:01 +0000] "PUT /d1/19/AUTH_ef85e77878ca49cebc5107d5dc4c09a8/gnocchi.2e70578d-da3b-433b-9672-94d53271f9f9" 201 - "PUT http://172.20.0.104:6001/d1/419/AUTH_ef85e77878ca49cebc5107d5dc4c09a8/gnocchi.2e70578d-da3b-433b-9672-94d53271f9f9" "txa93baad6e326470e9c06c-006a2bc929" "container-server 23" 0.0063 "-" 22 0
Jun 12 08:54:01 np0000071511 container-server[120559]: 172.20.0.104 - - [12/Jun/2026:08:54:01 +0000] "PUT /d1/419/AUTH_ef85e77878ca49cebc5107d5dc4c09a8/gnocchi.2e70578d-da3b-433b-9672-94d53271f9f9" 201 - "PUT http://172.18.0.204:8080/v1/AUTH_ef85e77878ca49cebc5107d5dc4c09a8/gnocchi.2e70578d-da3b-433b-9672-94d53271f9f9" "txa93baad6e326470e9c06c-006a2bc929" "proxy-server 20" 0.0208 "-" 23 0
Jun 12 08:54:01 np0000071511 proxy-server[122457]: 172.18.0.105 172.18.0.104 12/Jun/2026/08/54/01 PUT /v1/AUTH_ef85e77878ca49cebc5107d5dc4c09a8/gnocchi.2e70578d-da3b-433b-9672-94d53271f9f9 HTTP/1.0 201 - python-swiftclient-3.11.1 gAAAAABqK8immuXj... - - - txa93baad6e326470e9c06c-006a2bc929 - 0.0288 - - 1781254441.120790005 1781254441.149556160 0
Jun 12 08:54:01 np0000071511 container-server[120559]: 172.20.0.105 - - [12/Jun/2026:08:54:01 +0000] "HEAD /d1/713/AUTH_ef85e77878ca49cebc5107d5dc4c09a8/gnocchi.a2afc5f7-9e3c-42f9-8c45-65b2b276ec92" 404 - "HEAD http://172.18.0.204:8080/v1/AUTH_ef85e77878ca49cebc5107d5dc4c09a8/gnocchi.a2afc5f7-9e3c-42f9-8c45-65b2b276ec92?format=json&states=listing" "tx6745fa8b1b0c451c879a2-006a2bc929" "proxy-server 12" 0.0006 "-" 23 0
Jun 12 08:54:01 np0000071511 container-server[120550]: 172.20.0.104 - - [12/Jun/2026:08:54:01 +0000] "HEAD /d1/90/AUTH_ef85e77878ca49cebc5107d5dc4c09a8/gnocchi.ee13968a-327c-4a0d-b731-140d5983d4df" 404 - "HEAD http://172.18.0.204:8080/v1/AUTH_ef85e77878ca49cebc5107d5dc4c09a8/gnocchi.ee13968a-327c-4a0d-b731-140d5983d4df?format=json&states=listing" "tx1ab8365e9ebf491caec16-006a2bc929" "proxy-server 20" 0.0005 "-" 21 0
Jun 12 08:54:01 np0000071511 container-server[120542]: 172.20.0.103 - - [12/Jun/2026:08:54:01 +0000] "GET /d1/419/AUTH_ef85e77878ca49cebc5107d5dc4c09a8/gnocchi.2e70578d-da3b-433b-9672-94d53271f9f9" 200 2 "GET http://172.18.0.204:8080/v1/AUTH_ef85e77878ca49cebc5107d5dc4c09a8/gnocchi.2e70578d-da3b-433b-9672-94d53271f9f9?format=json&states=listing" "tx09050b1e19c24a6991878-006a2bc929" "proxy-server 20" 0.0019 "-" 20 0
Jun 12 08:54:01 np0000071511 object-server[120941]: 172.20.0.105 - - [12/Jun/2026:08:54:01 +0000] "GET /d1/413/AUTH_ef85e77878ca49cebc5107d5dc4c09a8/gnocchi.a2afc5f7-9e3c-42f9-8c45-65b2b276ec92/none_v3" 404 70 "GET http://172.18.0.204:8080/v1/AUTH_ef85e77878ca49cebc5107d5dc4c09a8/gnocchi.a2afc5f7-9e3c-42f9-8c45-65b2b276ec92/none_v3" "tx6745fa8b1b0c451c879a2-006a2bc929" "proxy-server 12" 0.0007 "-" 24 0
Jun 12 08:54:01 np0000071511 object-server[120941]: 172.20.0.104 - - [12/Jun/2026:08:54:01 +0000] "GET /d1/546/AUTH_ef85e77878ca49cebc5107d5dc4c09a8/gnocchi.ee13968a-327c-4a0d-b731-140d5983d4df/none_v3" 404 70 "GET http://172.18.0.204:8080/v1/AUTH_ef85e77878ca49cebc5107d5dc4c09a8/gnocchi.ee13968a-327c-4a0d-b731-140d5983d4df/none_v3" "tx1ab8365e9ebf491caec16-006a2bc929" "proxy-server 20" 0.0004 "-" 24 0
Jun 12 08:54:01 np0000071511 proxy-server[122457]: 172.18.0.204 172.18.0.104 12/Jun/2026/08/54/01 GET /v1/AUTH_ef85e77878ca49cebc5107d5dc4c09a8/gnocchi.ee13968a-327c-4a0d-b731-140d5983d4df/none_v3 HTTP/1.0 404 - python-swiftclient-3.11.1 gAAAAABqK8jqdbsa... - 70 - tx1ab8365e9ebf491caec16-006a2bc929 - 0.0325 - - 1781254441.165360212 1781254441.197833300 0
Jun 12 08:54:01 np0000071511 object-server[120936]: 172.20.0.105 - - [12/Jun/2026:08:54:01 +0000] "GET /d1/274/AUTH_ef85e77878ca49cebc5107d5dc4c09a8/gnocchi.2e70578d-da3b-433b-9672-94d53271f9f9/1780920000.0_mean_300.0_v3" 404 70 "GET http://172.18.0.204:8080/v1/AUTH_ef85e77878ca49cebc5107d5dc4c09a8/gnocchi.2e70578d-da3b-433b-9672-94d53271f9f9/1780920000.0_mean_300.0_v3" "txf5efcedc213b4fb1ae47a-006a2bc929" "proxy-server 12" 0.0006 "-" 22 0
Jun 12 08:54:01 np0000071511 account-server[120172]: 172.20.0.105 - - [12/Jun/2026:08:54:01 +0000] "PUT /d1/19/AUTH_ef85e77878ca49cebc5107d5dc4c09a8/gnocchi.a2afc5f7-9e3c-42f9-8c45-65b2b276ec92" 201 - "PUT http://172.20.0.105:6001/d1/713/AUTH_ef85e77878ca49cebc5107d5dc4c09a8/gnocchi.a2afc5f7-9e3c-42f9-8c45-65b2b276ec92" "tx8390ad6a7cc64ef28ba11-006a2bc929" "container-server 20" 0.0051 "-" 20 0
Jun 12 08:54:01 np0000071511 container-server[120550]: 172.20.0.103 - - [12/Jun/2026:08:54:01 +0000] "PUT /d1/713/AUTH_ef85e77878ca49cebc5107d5dc4c09a8/gnocchi.a2afc5f7-9e3c-42f9-8c45-65b2b276ec92" 201 - "PUT http://172.18.0.204:8080/v1/AUTH_ef85e77878ca49cebc5107d5dc4c09a8/gnocchi.a2afc5f7-9e3c-42f9-8c45-65b2b276ec92" "tx8390ad6a7cc64ef28ba11-006a2bc929" "proxy-server 20" 0.0220 "-" 21 0
Jun 12 08:54:01 np0000071511 container-server[120557]: 172.20.0.105 - - [12/Jun/2026:08:54:01 +0000] "PUT /d1/419/AUTH_ef85e77878ca49cebc5107d5dc4c09a8/gnocchi.2e70578d-da3b-433b-9672-94d53271f9f9/1780920000.0_mean_300.0_v3" 201 - "PUT http://172.18.0.204:8080/d1/274/AUTH_ef85e77878ca49cebc5107d5dc4c09a8/gnocchi.2e70578d-da3b-433b-9672-94d53271f9f9/1780920000.0_mean_300.0_v3" "tx60a6449c5bb9496d88d03-006a2bc929" "object-server 22" 0.0010 "-" 22 0
Jun 12 08:54:01 np0000071511 object-server[120944]: 172.20.0.105 - - [12/Jun/2026:08:54:01 +0000] "PUT /d1/274/AUTH_ef85e77878ca49cebc5107d5dc4c09a8/gnocchi.2e70578d-da3b-433b-9672-94d53271f9f9/1780920000.0_mean_300.0_v3" 201 - "PUT http://172.18.0.204:8080/v1/AUTH_ef85e77878ca49cebc5107d5dc4c09a8/gnocchi.2e70578d-da3b-433b-9672-94d53271f9f9/1780920000.0_mean_300.0_v3" "tx60a6449c5bb9496d88d03-006a2bc929" "proxy-server 12" 0.0224 "-" 25 0
Jun 12 08:54:01 np0000071511 container-server[120542]: 172.20.0.104 - - [12/Jun/2026:08:54:01 +0000] "PUT /d1/90/AUTH_ef85e77878ca49cebc5107d5dc4c09a8/gnocchi.ee13968a-327c-4a0d-b731-140d5983d4df" 201 - "PUT http://172.18.0.204:8080/v1/AUTH_ef85e77878ca49cebc5107d5dc4c09a8/gnocchi.ee13968a-327c-4a0d-b731-140d5983d4df" "txdbc15c7cb72149b08ffd8-006a2bc929" "proxy-server 20" 0.0258 "-" 20 0
Jun 12 08:54:01 np0000071511 account-server[120175]: 172.20.0.103 - - [12/Jun/2026:08:54:01 +0000] "PUT /d1/19/AUTH_ef85e77878ca49cebc5107d5dc4c09a8/gnocchi.ee13968a-327c-4a0d-b731-140d5983d4df" 201 - "PUT http://172.20.0.103:6001/d1/90/AUTH_ef85e77878ca49cebc5107d5dc4c09a8/gnocchi.ee13968a-327c-4a0d-b731-140d5983d4df" "txdbc15c7cb72149b08ffd8-006a2bc929" "container-server 22" 0.0095 "-" 21 0
Jun 12 08:54:01 np0000071511 proxy-server[122457]: 172.18.0.204 172.18.0.104 12/Jun/2026/08/54/01 PUT /v1/AUTH_ef85e77878ca49cebc5107d5dc4c09a8/gnocchi.ee13968a-327c-4a0d-b731-140d5983d4df HTTP/1.0 201 - python-swiftclient-3.11.1 gAAAAABqK8jqdbsa... - - - txdbc15c7cb72149b08ffd8-006a2bc929 - 0.0416 - - 1781254441.209324598 1781254441.250964403 0
Jun 12 08:54:01 np0000071511 proxy-server[122457]: - - 12/Jun/2026/08/54/01 HEAD /v1/AUTH_ef85e77878ca49cebc5107d5dc4c09a8/gnocchi.ee13968a-327c-4a0d-b731-140d5983d4df%3Fformat%3Djson%26states%3Dlisting HTTP/1.0 204 - Swift - - - - tx7f333be2deb44e359611a-006a2bc929 - 0.0114 RL - 1781254441.257956982 1781254441.269338131 0
Jun 12 08:54:01 np0000071511 container-server[120559]: 172.20.0.104 - - [12/Jun/2026:08:54:01 +0000] "PUT /d1/419/AUTH_ef85e77878ca49cebc5107d5dc4c09a8/gnocchi.2e70578d-da3b-433b-9672-94d53271f9f9/none_v3" 201 - "PUT http://172.18.0.204:8080/d1/553/AUTH_ef85e77878ca49cebc5107d5dc4c09a8/gnocchi.2e70578d-da3b-433b-9672-94d53271f9f9/none_v3" "tx062de346d8d940ca932f2-006a2bc929" "object-server 24" 0.0007 "-" 23 0
Jun 12 08:54:01 np0000071511 object-server[120941]: 172.20.0.105 - - [12/Jun/2026:08:54:01 +0000] "PUT /d1/553/AUTH_ef85e77878ca49cebc5107d5dc4c09a8/gnocchi.2e70578d-da3b-433b-9672-94d53271f9f9/none_v3" 201 - "PUT http://172.18.0.204:8080/v1/AUTH_ef85e77878ca49cebc5107d5dc4c09a8/gnocchi.2e70578d-da3b-433b-9672-94d53271f9f9/none_v3" "tx062de346d8d940ca932f2-006a2bc929" "proxy-server 12" 0.0114 "-" 24 0
Jun 12 08:54:01 np0000071511 container-server[120559]: 172.20.0.104 - - [12/Jun/2026:08:54:01 +0000] "GET /d1/90/AUTH_ef85e77878ca49cebc5107d5dc4c09a8/gnocchi.ee13968a-327c-4a0d-b731-140d5983d4df" 200 2 "GET http://172.18.0.204:8080/v1/AUTH_ef85e77878ca49cebc5107d5dc4c09a8/gnocchi.ee13968a-327c-4a0d-b731-140d5983d4df?format=json&states=listing" "tx7f333be2deb44e359611a-006a2bc929" "proxy-server 20" 0.0031 "-" 23 0
Jun 12 08:54:01 np0000071511 proxy-server[122457]: 172.18.0.204 172.18.0.104 12/Jun/2026/08/54/01 GET /v1/AUTH_ef85e77878ca49cebc5107d5dc4c09a8/gnocchi.ee13968a-327c-4a0d-b731-140d5983d4df%3Fformat%3Djson%26states%3Dlisting HTTP/1.0 200 - python-swiftclient-3.11.1 gAAAAABqK8jqdbsa... - 2 - tx7f333be2deb44e359611a-006a2bc929 - 0.0270 - - 1781254441.255112410 1781254441.282155275 0
Jun 12 08:54:01 np0000071511 object-server[120944]: 172.20.0.104 - - [12/Jun/2026:08:54:01 +0000] "GET /d1/334/AUTH_ef85e77878ca49cebc5107d5dc4c09a8/gnocchi.6adcda10-22bb-4d2e-bb5b-d3b55ea6f812/1780920000.0_mean_300.0_v3" 404 70 "GET http://172.18.0.204:8080/v1/AUTH_ef85e77878ca49cebc5107d5dc4c09a8/gnocchi.6adcda10-22bb-4d2e-bb5b-d3b55ea6f812/1780920000.0_mean_300.0_v3" "txe95aa0b2bc4442d5919f6-006a2bc929" "proxy-server 20" 0.0007 "-" 25 0
Jun 12 08:54:01 np0000071511 object-server[120941]: 172.20.0.105 - - [12/Jun/2026:08:54:01 +0000] "GET /d1/621/AUTH_ef85e77878ca49cebc5107d5dc4c09a8/gnocchi.ee13968a-327c-4a0d-b731-140d5983d4df/1780920000.0_mean_300.0_v3" 404 70 "GET http://172.18.0.204:8080/v1/AUTH_ef85e77878ca49cebc5107d5dc4c09a8/gnocchi.ee13968a-327c-4a0d-b731-140d5983d4df/1780920000.0_mean_300.0_v3" "txa99547367f634898aa7f8-006a2bc929" "proxy-server 12" 0.0006 "-" 24 0
Jun 12 08:54:01 np0000071511 container-server[120542]: 172.20.0.103 - - [12/Jun/2026:08:54:01 +0000] "HEAD /d1/650/AUTH_ef85e77878ca49cebc5107d5dc4c09a8/gnocchi.ed0a8cc4-0e15-45fe-8308-d5398a20dd7f" 404 - "HEAD http://172.18.0.204:8080/v1/AUTH_ef85e77878ca49cebc5107d5dc4c09a8/gnocchi.ed0a8cc4-0e15-45fe-8308-d5398a20dd7f?format=json&states=listing" "txa04f3027e8b1402aa3ccf-006a2bc929" "proxy-server 20" 0.0008 "-" 20 0
Jun 12 08:54:01 np0000071511 proxy-server[122457]: 172.18.0.103 172.18.0.104 12/Jun/2026/08/54/01 GET /v1/AUTH_ef85e77878ca49cebc5107d5dc4c09a8/gnocchi.6adcda10-22bb-4d2e-bb5b-d3b55ea6f812/1780920000.0_mean_300.0_v3 HTTP/1.0 404 - python-swiftclient-3.11.1 gAAAAABqK8j1-Tkw... - 70 - txe95aa0b2bc4442d5919f6-006a2bc929 - 0.0182 - - 1781254441.291132927 1781254441.309333324 0
Jun 12 08:54:01 np0000071511 object-server[120941]: 172.20.0.104 - - [12/Jun/2026:08:54:01 +0000] "GET /d1/605/AUTH_ef85e77878ca49cebc5107d5dc4c09a8/gnocchi.a2afc5f7-9e3c-42f9-8c45-65b2b276ec92/1780920000.0_mean_300.0_v3" 404 70 "GET http://172.18.0.204:8080/v1/AUTH_ef85e77878ca49cebc5107d5dc4c09a8/gnocchi.a2afc5f7-9e3c-42f9-8c45-65b2b276ec92/1780920000.0_mean_300.0_v3" "tx904fd908e2e54454a2861-006a2bc929" "proxy-server 20" 0.0004 "-" 24 0
Jun 12 08:54:01 np0000071511 object-server[120941]: 172.20.0.103 - - [12/Jun/2026:08:54:01 +0000] "GET /d1/460/AUTH_ef85e77878ca49cebc5107d5dc4c09a8/gnocchi.ed0a8cc4-0e15-45fe-8308-d5398a20dd7f/none_v3" 404 70 "GET http://172.18.0.204:8080/v1/AUTH_ef85e77878ca49cebc5107d5dc4c09a8/gnocchi.ed0a8cc4-0e15-45fe-8308-d5398a20dd7f/none_v3" "txa04f3027e8b1402aa3ccf-006a2bc929" "proxy-server 20" 0.0003 "-" 24 0
Jun 12 08:54:01 np0000071511 proxy-server[122457]: 172.18.0.103 172.18.0.104 12/Jun/2026/08/54/01 GET /v1/AUTH_ef85e77878ca49cebc5107d5dc4c09a8/gnocchi.a2afc5f7-9e3c-42f9-8c45-65b2b276ec92/1780920000.0_mean_300.0_v3 HTTP/1.0 404 - python-swiftclient-3.11.1 gAAAAABqK8j1-Tkw... - 70 - tx904fd908e2e54454a2861-006a2bc929 - 0.0123 - - 1781254441.312251806 1781254441.324503899 0
Jun 12 08:54:01 np0000071511 container-server[120557]: 172.20.0.103 - - [12/Jun/2026:08:54:01 +0000] "PUT /d1/90/AUTH_ef85e77878ca49cebc5107d5dc4c09a8/gnocchi.ee13968a-327c-4a0d-b731-140d5983d4df/1780920000.0_mean_300.0_v3" 201 - "PUT http://172.18.0.204:8080/d1/621/AUTH_ef85e77878ca49cebc5107d5dc4c09a8/gnocchi.ee13968a-327c-4a0d-b731-140d5983d4df/1780920000.0_mean_300.0_v3" "txb043105d3fa14996baa6a-006a2bc929" "object-server 23" 0.0006 "-" 22 0
Jun 12 08:54:01 np0000071511 object-server[120944]: 172.20.0.105 - - [12/Jun/2026:08:54:01 +0000] "PUT /d1/621/AUTH_ef85e77878ca49cebc5107d5dc4c09a8/gnocchi.ee13968a-327c-4a0d-b731-140d5983d4df/1780920000.0_mean_300.0_v3" 201 - "PUT http://172.18.0.204:8080/v1/AUTH_ef85e77878ca49cebc5107d5dc4c09a8/gnocchi.ee13968a-327c-4a0d-b731-140d5983d4df/1780920000.0_mean_300.0_v3" "txb043105d3fa14996baa6a-006a2bc929" "proxy-server 12" 0.0112 "-" 25 0
Jun 12 08:54:01 np0000071511 container-server[120550]: 172.20.0.103 - - [12/Jun/2026:08:54:01 +0000] "PUT /d1/650/AUTH_ef85e77878ca49cebc5107d5dc4c09a8/gnocchi.ed0a8cc4-0e15-45fe-8308-d5398a20dd7f" 201 - "PUT http://172.18.0.204:8080/v1/AUTH_ef85e77878ca49cebc5107d5dc4c09a8/gnocchi.ed0a8cc4-0e15-45fe-8308-d5398a20dd7f" "tx455763a72f074fa796900-006a2bc929" "proxy-server 20" 0.0190 "-" 21 0
Jun 12 08:54:01 np0000071511 account-server[120172]: 172.20.0.103 - - [12/Jun/2026:08:54:01 +0000] "PUT /d1/19/AUTH_ef85e77878ca49cebc5107d5dc4c09a8/gnocchi.ed0a8cc4-0e15-45fe-8308-d5398a20dd7f" 201 - "PUT http://172.20.0.103:6001/d1/650/AUTH_ef85e77878ca49cebc5107d5dc4c09a8/gnocchi.ed0a8cc4-0e15-45fe-8308-d5398a20dd7f" "tx455763a72f074fa796900-006a2bc929" "container-server 20" 0.0127 "-" 20 0
Jun 12 08:54:01 np0000071511 object-server[120936]: 172.20.0.104 - - [12/Jun/2026:08:54:01 +0000] "PUT /d1/334/AUTH_ef85e77878ca49cebc5107d5dc4c09a8/gnocchi.6adcda10-22bb-4d2e-bb5b-d3b55ea6f812/1780920000.0_mean_300.0_v3" 201 - "PUT http://172.18.0.204:8080/v1/AUTH_ef85e77878ca49cebc5107d5dc4c09a8/gnocchi.6adcda10-22bb-4d2e-bb5b-d3b55ea6f812/1780920000.0_mean_300.0_v3" "tx40c0be02a91b4ed7bafff-006a2bc929" "proxy-server 20" 0.0166 "-" 22 0
Jun 12 08:54:01 np0000071511 container-server[120559]: 172.20.0.103 - - [12/Jun/2026:08:54:01 +0000] "PUT /d1/128/AUTH_ef85e77878ca49cebc5107d5dc4c09a8/gnocchi.6adcda10-22bb-4d2e-bb5b-d3b55ea6f812/1780920000.0_mean_300.0_v3" 201 - "PUT http://172.18.0.204:8080/d1/334/AUTH_ef85e77878ca49cebc5107d5dc4c09a8/gnocchi.6adcda10-22bb-4d2e-bb5b-d3b55ea6f812/1780920000.0_mean_300.0_v3" "tx40c0be02a91b4ed7bafff-006a2bc929" "object-server 25" 0.0014 "-" 23 0
Jun 12 08:54:01 np0000071511 proxy-server[122457]: 172.18.0.103 172.18.0.104 12/Jun/2026/08/54/01 PUT /v1/AUTH_ef85e77878ca49cebc5107d5dc4c09a8/gnocchi.6adcda10-22bb-4d2e-bb5b-d3b55ea6f812/1780920000.0_mean_300.0_v3 HTTP/1.0 201 - python-swiftclient-3.11.1 gAAAAABqK8j1-Tkw... 16 - - tx40c0be02a91b4ed7bafff-006a2bc929 - 0.0302 - - 1781254441.327609301 1781254441.357818842 0
Jun 12 08:54:01 np0000071511 object-server[120944]: 172.20.0.105 - - [12/Jun/2026:08:54:01 +0000] "PUT /d1/546/AUTH_ef85e77878ca49cebc5107d5dc4c09a8/gnocchi.ee13968a-327c-4a0d-b731-140d5983d4df/none_v3" 201 - "PUT http://172.18.0.204:8080/v1/AUTH_ef85e77878ca49cebc5107d5dc4c09a8/gnocchi.ee13968a-327c-4a0d-b731-140d5983d4df/none_v3" "tx25ba7ae2a34c4efa9bab5-006a2bc929" "proxy-server 12" 0.0225 "-" 25 0
Jun 12 08:54:01 np0000071511 container-server[120557]: 172.20.0.103 - - [12/Jun/2026:08:54:01 +0000] "PUT /d1/90/AUTH_ef85e77878ca49cebc5107d5dc4c09a8/gnocchi.ee13968a-327c-4a0d-b731-140d5983d4df/none_v3" 201 - "PUT http://172.18.0.204:8080/d1/546/AUTH_ef85e77878ca49cebc5107d5dc4c09a8/gnocchi.ee13968a-327c-4a0d-b731-140d5983d4df/none_v3" "tx25ba7ae2a34c4efa9bab5-006a2bc929" "object-server 24" 0.0006 "-" 22 0
Jun 12 08:54:01 np0000071511 container-server[120557]: 172.20.0.105 - - [12/Jun/2026:08:54:01 +0000] "PUT /d1/713/AUTH_ef85e77878ca49cebc5107d5dc4c09a8/gnocchi.a2afc5f7-9e3c-42f9-8c45-65b2b276ec92/1780920000.0_mean_300.0_v3" 201 - "PUT http://172.18.0.204:8080/d1/605/AUTH_ef85e77878ca49cebc5107d5dc4c09a8/gnocchi.a2afc5f7-9e3c-42f9-8c45-65b2b276ec92/1780920000.0_mean_300.0_v3" "txb889310ff98f41edac896-006a2bc929" "object-server 24" 0.0008 "-" 22 0
Jun 12 08:54:01 np0000071511 object-server[120936]: 172.20.0.104 - - [12/Jun/2026:08:54:01 +0000] "PUT /d1/605/AUTH_ef85e77878ca49cebc5107d5dc4c09a8/gnocchi.a2afc5f7-9e3c-42f9-8c45-65b2b276ec92/1780920000.0_mean_300.0_v3" 201 - "PUT http://172.18.0.204:8080/v1/AUTH_ef85e77878ca49cebc5107d5dc4c09a8/gnocchi.a2afc5f7-9e3c-42f9-8c45-65b2b276ec92/1780920000.0_mean_300.0_v3" "txb889310ff98f41edac896-006a2bc929" "proxy-server 20" 0.0101 "-" 22 0
Jun 12 08:54:01 np0000071511 proxy-server[122457]: 172.18.0.103 172.18.0.104 12/Jun/2026/08/54/01 PUT /v1/AUTH_ef85e77878ca49cebc5107d5dc4c09a8/gnocchi.a2afc5f7-9e3c-42f9-8c45-65b2b276ec92/1780920000.0_mean_300.0_v3 HTTP/1.0 201 - python-swiftclient-3.11.1 gAAAAABqK8j1-Tkw... 16 - - txb889310ff98f41edac896-006a2bc929 - 0.0264 - - 1781254441.364166260 1781254441.390604496 0
Jun 12 08:54:01 np0000071511 container-server[120550]: 172.20.0.103 - - [12/Jun/2026:08:54:01 +0000] "GET /d1/650/AUTH_ef85e77878ca49cebc5107d5dc4c09a8/gnocchi.ed0a8cc4-0e15-45fe-8308-d5398a20dd7f" 200 2 "GET http://172.18.0.204:8080/v1/AUTH_ef85e77878ca49cebc5107d5dc4c09a8/gnocchi.ed0a8cc4-0e15-45fe-8308-d5398a20dd7f?format=json&states=listing" "tx9a86849c43f742bdbf956-006a2bc929" "proxy-server 20" 0.0024 "-" 21 0
Jun 12 08:54:01 np0000071511 object-server[120940]: 172.20.0.104 - - [12/Jun/2026:08:54:01 +0000] "GET /d1/916/AUTH_ef85e77878ca49cebc5107d5dc4c09a8/gnocchi.ed0a8cc4-0e15-45fe-8308-d5398a20dd7f/1780920000.0_mean_300.0_v3" 404 70 "GET http://172.18.0.204:8080/v1/AUTH_ef85e77878ca49cebc5107d5dc4c09a8/gnocchi.ed0a8cc4-0e15-45fe-8308-d5398a20dd7f/1780920000.0_mean_300.0_v3" "txa0f5fc411e4d4f26aeac8-006a2bc929" "proxy-server 20" 0.0006 "-" 23 0
Jun 12 08:54:01 np0000071511 proxy-server[122457]: 172.18.0.105 172.18.0.104 12/Jun/2026/08/54/01 GET /v1/AUTH_ef85e77878ca49cebc5107d5dc4c09a8/gnocchi.ed0a8cc4-0e15-45fe-8308-d5398a20dd7f/1780920000.0_mean_300.0_v3 HTTP/1.0 404 - python-swiftclient-3.11.1 gAAAAABqK8immuXj... - 70 - txa0f5fc411e4d4f26aeac8-006a2bc929 - 0.0178 - - 1781254441.399749279 1781254441.417500019 0
Jun 12 08:54:01 np0000071511 container-server[120542]: 172.20.0.104 - - [12/Jun/2026:08:54:01 +0000] "PUT /d1/128/AUTH_ef85e77878ca49cebc5107d5dc4c09a8/gnocchi.6adcda10-22bb-4d2e-bb5b-d3b55ea6f812/none_v3" 201 - "PUT http://172.18.0.204:8080/d1/677/AUTH_ef85e77878ca49cebc5107d5dc4c09a8/gnocchi.6adcda10-22bb-4d2e-bb5b-d3b55ea6f812/none_v3" "txc9533b12a3cd49a1b4734-006a2bc929" "object-server 22" 0.0007 "-" 20 0
Jun 12 08:54:01 np0000071511 object-server[120936]: 172.20.0.105 - - [12/Jun/2026:08:54:01 +0000] "PUT /d1/677/AUTH_ef85e77878ca49cebc5107d5dc4c09a8/gnocchi.6adcda10-22bb-4d2e-bb5b-d3b55ea6f812/none_v3" 201 - "PUT http://172.18.0.204:8080/v1/AUTH_ef85e77878ca49cebc5107d5dc4c09a8/gnocchi.6adcda10-22bb-4d2e-bb5b-d3b55ea6f812/none_v3" "txc9533b12a3cd49a1b4734-006a2bc929" "proxy-server 12" 0.0226 "-" 22 0
Jun 12 08:54:01 np0000071511 object-server[120941]: 172.20.0.103 - - [12/Jun/2026:08:54:01 +0000] "PUT /d1/916/AUTH_ef85e77878ca49cebc5107d5dc4c09a8/gnocchi.ed0a8cc4-0e15-45fe-8308-d5398a20dd7f/1780920000.0_mean_300.0_v3" 201 - "PUT http://172.18.0.204:8080/v1/AUTH_ef85e77878ca49cebc5107d5dc4c09a8/gnocchi.ed0a8cc4-0e15-45fe-8308-d5398a20dd7f/1780920000.0_mean_300.0_v3" "txc03b613707424b0488313-006a2bc929" "proxy-server 20" 0.0097 "-" 24 0
Jun 12 08:54:01 np0000071511 container-server[120542]: 172.20.0.103 - - [12/Jun/2026:08:54:01 +0000] "PUT /d1/650/AUTH_ef85e77878ca49cebc5107d5dc4c09a8/gnocchi.ed0a8cc4-0e15-45fe-8308-d5398a20dd7f/1780920000.0_mean_300.0_v3" 201 - "PUT http://172.18.0.204:8080/d1/916/AUTH_ef85e77878ca49cebc5107d5dc4c09a8/gnocchi.ed0a8cc4-0e15-45fe-8308-d5398a20dd7f/1780920000.0_mean_300.0_v3" "txc03b613707424b0488313-006a2bc929" "object-server 23" 0.0011 "-" 20 0
Jun 12 08:54:01 np0000071511 container-server[120550]: 172.20.0.104 - - [12/Jun/2026:08:54:01 +0000] "PUT /d1/713/AUTH_ef85e77878ca49cebc5107d5dc4c09a8/gnocchi.a2afc5f7-9e3c-42f9-8c45-65b2b276ec92/none_v3" 201 - "PUT http://172.18.0.204:8080/d1/413/AUTH_ef85e77878ca49cebc5107d5dc4c09a8/gnocchi.a2afc5f7-9e3c-42f9-8c45-65b2b276ec92/none_v3" "tx3cfff46eb76d4b8f8832c-006a2bc929" "object-server 24" 0.0008 "-" 21 0
Jun 12 08:54:01 np0000071511 object-server[120941]: 172.20.0.104 - - [12/Jun/2026:08:54:01 +0000] "PUT /d1/413/AUTH_ef85e77878ca49cebc5107d5dc4c09a8/gnocchi.a2afc5f7-9e3c-42f9-8c45-65b2b276ec92/none_v3" 201 - "PUT http://172.18.0.204:8080/v1/AUTH_ef85e77878ca49cebc5107d5dc4c09a8/gnocchi.a2afc5f7-9e3c-42f9-8c45-65b2b276ec92/none_v3" "tx3cfff46eb76d4b8f8832c-006a2bc929" "proxy-server 20" 0.0106 "-" 24 0
Jun 12 08:54:01 np0000071511 proxy-server[122457]: 172.18.0.103 172.18.0.104 12/Jun/2026/08/54/01 PUT /v1/AUTH_ef85e77878ca49cebc5107d5dc4c09a8/gnocchi.a2afc5f7-9e3c-42f9-8c45-65b2b276ec92/none_v3 HTTP/1.0 201 - python-swiftclient-3.11.1 gAAAAABqK8j1-Tkw... 22 - - tx3cfff46eb76d4b8f8832c-006a2bc929 - 0.0208 - - 1781254441.439214945 1781254441.460005999 0
Jun 12 08:54:01 np0000071511 container-server[120542]: 172.20.0.104 - - [12/Jun/2026:08:54:01 +0000] "PUT /d1/650/AUTH_ef85e77878ca49cebc5107d5dc4c09a8/gnocchi.ed0a8cc4-0e15-45fe-8308-d5398a20dd7f/none_v3" 201 - "PUT http://172.18.0.204:8080/d1/460/AUTH_ef85e77878ca49cebc5107d5dc4c09a8/gnocchi.ed0a8cc4-0e15-45fe-8308-d5398a20dd7f/none_v3" "tx5b00ac4909fb4e73bab5d-006a2bc929" "object-server 24" 0.0009 "-" 20 0
Jun 12 08:54:01 np0000071511 object-server[120941]: 172.20.0.105 - - [12/Jun/2026:08:54:01 +0000] "PUT /d1/460/AUTH_ef85e77878ca49cebc5107d5dc4c09a8/gnocchi.ed0a8cc4-0e15-45fe-8308-d5398a20dd7f/none_v3" 201 - "PUT http://172.18.0.204:8080/v1/AUTH_ef85e77878ca49cebc5107d5dc4c09a8/gnocchi.ed0a8cc4-0e15-45fe-8308-d5398a20dd7f/none_v3" "tx5b00ac4909fb4e73bab5d-006a2bc929" "proxy-server 12" 0.0103 "-" 24 0
Jun 12 08:54:06 np0000071511 account-server[119882]: Beginning replication run
Jun 12 08:54:06 np0000071511 account-server[119882]: Replication run OVER
Jun 12 08:54:06 np0000071511 account-server[119882]: Attempted to replicate 1 dbs in 0.02316 seconds (43.17196/s)
Jun 12 08:54:06 np0000071511 account-server[119882]: Removed 0 dbs
Jun 12 08:54:06 np0000071511 account-server[119882]: 2 successes, 0 failures
Jun 12 08:54:06 np0000071511 account-server[119882]: diff:0 diff_capped:0 empty:0 hashmatch:0 no_change:2 remote_merge:0 rsync:0 ts_repl:0
Jun 12 08:54:07 np0000071511 account-server[120175]: 172.20.0.105 - - [12/Jun/2026:08:54:07 +0000] "HEAD /d1/635/.expiring_objects" 404 - "HEAD http://localhost/v1/.expiring_objects?format=json" "tx266108115a5a4e6b9db86-006a2bc92f" "proxy-server 2" 0.0007 "-" 21 -
Jun 12 08:54:10 np0000071511 container-server[120164]: Beginning replication run
Jun 12 08:54:11 np0000071511 container-server[120164]: Replication run OVER
Jun 12 08:54:11 np0000071511 container-server[120164]: Attempted to replicate 22 dbs in 0.52606 seconds (41.82055/s)
Jun 12 08:54:11 np0000071511 container-server[120164]: Removed 0 dbs
Jun 12 08:54:11 np0000071511 container-server[120164]: 44 successes, 0 failures
Jun 12 08:54:11 np0000071511 container-server[120164]: diff:0 diff_capped:0 empty:0 hashmatch:0 no_change:44 remote_merge:0 rsync:0 ts_repl:0
Jun 12 08:54:25 np0000071511 object-server[120654]: Starting object replication pass.
Jun 12 08:54:25 np0000071511 object-server[120654]: 44/44 (100.00%) partitions replicated in 0.41s (107.22/sec, 0s remaining)
Jun 12 08:54:25 np0000071511 object-server[120654]: 88 successes, 0 failures
Jun 12 08:54:25 np0000071511 object-server[120654]: 44 suffixes checked - 0.00% hashed, 0.00% synced
Jun 12 08:54:25 np0000071511 object-server[120654]: Partition times: max 0.0191s, min 0.0061s, med 0.0083s
Jun 12 08:54:25 np0000071511 object-server[120654]: Object replication complete. (0.01 minutes)
Jun 12 08:54:27 np0000071511 object-server[222373]: Begin object audit "forever" mode (ZBF)
Jun 12 08:54:27 np0000071511 object-server[222374]: Begin object audit "forever" mode (ALL)
Jun 12 08:54:27 np0000071511 object-server[222373]: Object audit (ZBF). Since Fri Jun 12 08:54:27 2026: Locally: 1 passed, 0 quarantined, 0 errors, files/sec: 609.46, bytes/sec: 0.00, Total time: 0.00, Auditing time: 0.00, Rate: 0.00
Jun 12 08:54:27 np0000071511 object-server[222374]: Object audit (ALL). Since Fri Jun 12 08:54:27 2026: Locally: 1 passed, 0 quarantined, 0 errors, files/sec: 112.95, bytes/sec: 1807.16, Total time: 0.01, Auditing time: 0.00, Rate: 0.00
Jun 12 08:54:28 np0000071511 object-server[222373]: Object audit (ZBF) "forever" mode completed: 0.84s. Total quarantined: 0, Total errors: 0, Total files/sec: 52.12, Total bytes/sec: 0.00, Auditing time: 0.83, Rate: 0.99
Jun 12 08:54:29 np0000071511 object-server[222374]: Object audit (ALL) "forever" mode completed: 2.11s. Total quarantined: 0, Total errors: 0, Total files/sec: 20.85, Total bytes/sec: 400.82, Auditing time: 2.10, Rate: 0.99
Jun 12 08:54:36 np0000071511 account-server[119882]: Beginning replication run
Jun 12 08:54:37 np0000071511 account-server[119882]: Replication run OVER
Jun 12 08:54:37 np0000071511 account-server[119882]: Attempted to replicate 1 dbs in 0.86371 seconds (1.15780/s)
Jun 12 08:54:37 np0000071511 account-server[119882]: Removed 0 dbs
Jun 12 08:54:37 np0000071511 account-server[119882]: 2 successes, 0 failures
Jun 12 08:54:37 np0000071511 account-server[119882]: diff:0 diff_capped:0 empty:0 hashmatch:0 no_change:2 remote_merge:0 rsync:0 ts_repl:0
Jun 12 08:54:40 np0000071511 account-server[120172]: 172.20.0.104 - - [12/Jun/2026:08:54:40 +0000] "HEAD /d1/635/.expiring_objects" 404 - "HEAD http://localhost/v1/.expiring_objects?format=json" "txff5d59834d0746d9a8291-006a2bc950" "proxy-server 2" 0.0005 "-" 20 -
Jun 12 08:54:40 np0000071511 object-expirer[120546]: Pass completed in 0s; 0 objects expired (txn: txff5d59834d0746d9a8291-006a2bc950)
Jun 12 08:54:40 np0000071511 container-server[120164]: Beginning replication run
Jun 12 08:54:41 np0000071511 container-server[120164]: Replication run OVER
Jun 12 08:54:41 np0000071511 container-server[120164]: Attempted to replicate 22 dbs in 0.43795 seconds (50.23405/s)
Jun 12 08:54:41 np0000071511 container-server[120164]: Removed 0 dbs
Jun 12 08:54:41 np0000071511 container-server[120164]: 44 successes, 0 failures
Jun 12 08:54:41 np0000071511 container-server[120164]: diff:0 diff_capped:0 empty:0 hashmatch:0 no_change:44 remote_merge:0 rsync:0 ts_repl:0
Jun 12 08:54:50 np0000071511 container-server[120311]: Begin container update sweep
Jun 12 08:54:50 np0000071511 account-server[120203]: 172.20.0.104 - - [12/Jun/2026:08:54:50 +0000] "PUT /d1/19/AUTH_ef85e77878ca49cebc5107d5dc4c09a8/gnocchi.2e70578d-da3b-433b-9672-94d53271f9f9" 201 - "-" "-" "container-updater 2" 0.0010 "-" 23 0
Jun 12 08:54:50 np0000071511 account-server[120172]: 172.20.0.104 - - [12/Jun/2026:08:54:50 +0000] "PUT /d1/19/AUTH_ef85e77878ca49cebc5107d5dc4c09a8/gnocchi.ebff7527-336f-4ffe-8244-f69641beea04" 201 - "-" "-" "container-updater 2" 0.0007 "-" 20 0
Jun 12 08:54:50 np0000071511 account-server[120172]: 172.20.0.104 - - [12/Jun/2026:08:54:50 +0000] "PUT /d1/19/AUTH_ef85e77878ca49cebc5107d5dc4c09a8/gnocchi.d543d934-5d5e-48f3-b641-d8da384a8e2c" 201 - "-" "-" "container-updater 2" 0.0007 "-" 20 0
Jun 12 08:54:50 np0000071511 account-server[120172]: 172.20.0.104 - - [12/Jun/2026:08:54:50 +0000] "PUT /d1/19/AUTH_ef85e77878ca49cebc5107d5dc4c09a8/gnocchi.6c7a94a2-12de-4408-9130-d6b695ea3440" 201 - "-" "-" "container-updater 2" 0.0010 "-" 20 0
Jun 12 08:54:50 np0000071511 account-server[120203]: 172.20.0.104 - - [12/Jun/2026:08:54:50 +0000] "PUT /d1/19/AUTH_ef85e77878ca49cebc5107d5dc4c09a8/gnocchi.d95abb9a-53c3-4402-83a4-ca46022ce1c5" 201 - "-" "-" "container-updater 2" 0.0004 "-" 23 0
Jun 12 08:54:50 np0000071511 account-server[120203]: 172.20.0.104 - - [12/Jun/2026:08:54:50 +0000] "PUT /d1/19/AUTH_ef85e77878ca49cebc5107d5dc4c09a8/gnocchi.f6d0da45-cda2-4412-b5f9-41c7245bd199" 201 - "-" "-" "container-updater 2" 0.0004 "-" 23 0
Jun 12 08:54:51 np0000071511 account-server[120203]: 172.20.0.104 - - [12/Jun/2026:08:54:51 +0000] "PUT /d1/19/AUTH_ef85e77878ca49cebc5107d5dc4c09a8/gnocchi.a2afc5f7-9e3c-42f9-8c45-65b2b276ec92" 201 - "-" "-" "container-updater 2" 0.0007 "-" 23 0
Jun 12 08:54:51 np0000071511 account-server[120175]: 172.20.0.104 - - [12/Jun/2026:08:54:51 +0000] "PUT /d1/19/AUTH_ef85e77878ca49cebc5107d5dc4c09a8/gnocchi.6adcda10-22bb-4d2e-bb5b-d3b55ea6f812" 201 - "-" "-" "container-updater 2" 0.0005 "-" 21 0
Jun 12 08:54:51 np0000071511 account-server[120175]: 172.20.0.104 - - [12/Jun/2026:08:54:51 +0000] "PUT /d1/19/AUTH_ef85e77878ca49cebc5107d5dc4c09a8/gnocchi.52daf89e-f3d1-4104-a4ab-5fae6f0bf6e0" 201 - "-" "-" "container-updater 2" 0.0006 "-" 21 0
Jun 12 08:54:51 np0000071511 account-server[120172]: 172.20.0.104 - - [12/Jun/2026:08:54:51 +0000] "PUT /d1/19/AUTH_ef85e77878ca49cebc5107d5dc4c09a8/gnocchi.ee13968a-327c-4a0d-b731-140d5983d4df" 201 - "-" "-" "container-updater 2" 0.0005 "-" 20 0
Jun 12 08:54:51 np0000071511 account-server[120172]: 172.20.0.104 - - [12/Jun/2026:08:54:51 +0000] "PUT /d1/19/AUTH_ef85e77878ca49cebc5107d5dc4c09a8/gnocchi.9db0153f-f2bd-43e1-9bca-12d0d9f711be" 201 - "-" "-" "container-updater 2" 0.0007 "-" 20 0
Jun 12 08:54:51 np0000071511 account-server[120188]: 172.20.0.104 - - [12/Jun/2026:08:54:51 +0000] "PUT /d1/19/AUTH_ef85e77878ca49cebc5107d5dc4c09a8/gnocchi.db76e519-73c2-454a-9531-258c3e3f274c" 201 - "-" "-" "container-updater 2" 0.0004 "-" 22 0
Jun 12 08:54:51 np0000071511 account-server[120172]: 172.20.0.104 - - [12/Jun/2026:08:54:51 +0000] "PUT /d1/19/AUTH_ef85e77878ca49cebc5107d5dc4c09a8/gnocchi.7f2a8251-fa8a-40b1-9245-fceb32ef05cd" 201 - "-" "-" "container-updater 2" 0.0010 "-" 20 0
Jun 12 08:54:51 np0000071511 account-server[120175]: 172.20.0.104 - - [12/Jun/2026:08:54:51 +0000] "PUT /d1/19/AUTH_ef85e77878ca49cebc5107d5dc4c09a8/gnocchi.764659f8-6805-4fea-add9-148aa550de2b" 201 - "-" "-" "container-updater 2" 0.0004 "-" 21 0
Jun 12 08:54:51 np0000071511 account-server[120203]: 172.20.0.104 - - [12/Jun/2026:08:54:51 +0000] "PUT /d1/19/AUTH_ef85e77878ca49cebc5107d5dc4c09a8/gnocchi.3fbaaa13-1bf8-4d66-bc95-5986e025bdb1" 201 - "-" "-" "container-updater 2" 0.0009 "-" 23 0
Jun 12 08:54:51 np0000071511 account-server[120203]: 172.20.0.104 - - [12/Jun/2026:08:54:51 +0000] "PUT /d1/19/AUTH_ef85e77878ca49cebc5107d5dc4c09a8/gnocchi.05aa862f-5277-4dcf-9079-7483c1550021" 201 - "-" "-" "container-updater 2" 0.0008 "-" 23 0
Jun 12 08:54:51 np0000071511 account-server[120175]: 172.20.0.104 - - [12/Jun/2026:08:54:51 +0000] "PUT /d1/19/AUTH_ef85e77878ca49cebc5107d5dc4c09a8/gnocchi.849ce80c-32a1-4f25-827a-6f75fc090aca" 201 - "-" "-" "container-updater 2" 0.0004 "-" 21 0
Jun 12 08:54:51 np0000071511 account-server[120175]: 172.20.0.104 - - [12/Jun/2026:08:54:51 +0000] "PUT /d1/19/AUTH_ef85e77878ca49cebc5107d5dc4c09a8/gnocchi.44057a46-8df6-4ba2-8e3c-ac9f65e489f7" 201 - "-" "-" "container-updater 2" 0.0007 "-" 21 0
Jun 12 08:54:51 np0000071511 account-server[120172]: 172.20.0.104 - - [12/Jun/2026:08:54:51 +0000] "PUT /d1/19/AUTH_ef85e77878ca49cebc5107d5dc4c09a8/gnocchi.9fd55d25-2bf0-4202-af20-2af103263838" 201 - "-" "-" "container-updater 2" 0.0007 "-" 20 0
Jun 12 08:54:52 np0000071511 account-server[120175]: 172.20.0.104 - - [12/Jun/2026:08:54:52 +0000] "PUT /d1/19/AUTH_ef85e77878ca49cebc5107d5dc4c09a8/gnocchi.754dd191-494e-4f29-83e9-e2b524c88032" 201 - "-" "-" "container-updater 2" 0.0006 "-" 21 0
Jun 12 08:54:52 np0000071511 account-server[120188]: 172.20.0.104 - - [12/Jun/2026:08:54:52 +0000] "PUT /d1/19/AUTH_ef85e77878ca49cebc5107d5dc4c09a8/gnocchi.d5278fd2-d130-4023-909f-95671015e62c" 201 - "-" "-" "container-updater 2" 0.0006 "-" 22 0
Jun 12 08:54:52 np0000071511 account-server[120175]: 172.20.0.104 - - [12/Jun/2026:08:54:52 +0000] "PUT /d1/19/AUTH_ef85e77878ca49cebc5107d5dc4c09a8/gnocchi.ed0a8cc4-0e15-45fe-8308-d5398a20dd7f" 201 - "-" "-" "container-updater 2" 0.0005 "-" 21 0
Jun 12 08:54:52 np0000071511 container-server[120311]: Container update sweep completed: 1.85s
Jun 12 08:54:55 np0000071511 object-server[120654]: Starting object replication pass.
Jun 12 08:54:56 np0000071511 object-server[120654]: 44/44 (100.00%) partitions replicated in 0.44s (100.35/sec, 0s remaining)
Jun 12 08:54:56 np0000071511 object-server[120654]: 88 successes, 0 failures
Jun 12 08:54:56 np0000071511 object-server[120654]: 44 suffixes checked - 0.00% hashed, 0.00% synced
Jun 12 08:54:56 np0000071511 object-server[120654]: Partition times: max 0.0445s, min 0.0066s, med 0.0085s
Jun 12 08:54:56 np0000071511 object-server[120654]: Object replication complete. (0.01 minutes)
Jun 12 08:54:56 np0000071511 account-server[120172]: 172.20.0.103 - - [12/Jun/2026:08:54:56 +0000] "HEAD /d1/635/.expiring_objects" 404 - "HEAD http://localhost/v1/.expiring_objects?format=json" "tx57364ba2d15b41eebba03-006a2bc960" "proxy-server 2" 0.0007 "-" 20 -
Jun 12 08:54:58 np0000071511 object-server[222457]: Begin object audit "forever" mode (ZBF)
Jun 12 08:54:58 np0000071511 object-server[222457]: Object audit (ZBF). Since Fri Jun 12 08:54:58 2026: Locally: 1 passed, 0 quarantined, 0 errors, files/sec: 547.85, bytes/sec: 0.00, Total time: 0.00, Auditing time: 0.00, Rate: 0.00
Jun 12 08:54:59 np0000071511 object-server[222457]: Object audit (ZBF) "forever" mode completed: 0.84s. Total quarantined: 0, Total errors: 0, Total files/sec: 52.17, Total bytes/sec: 0.00, Auditing time: 0.83, Rate: 0.99
Jun 12 08:55:06 np0000071511 account-server[119882]: Beginning replication run
