Jun 9 08:41:58 np0000068128 proxy-server[127031]: 172.18.0.105 172.18.0.104 09/Jun/2026/08/41/58 GET /v1/AUTH_81d2c38ea30a402e9f136a8f7455b4ab/gnocchi.b2c6972b-a199-4b20-9725-43d824e2ad72/1780920000.0_mean_300.0_v3 HTTP/1.0 404 - python-swiftclient-3.11.1 gAAAAABqJ9GJJLmX... - 70 - txf1fc3c97b8d148c5abea5-006a27d1d6 - 0.0191 - - 1780994518.923271179 1780994518.942324400 0
Jun 9 08:41:58 np0000068128 container-server[125177]: 172.20.0.104 - - [09/Jun/2026:08:41:58 +0000] "PUT /d1/648/AUTH_81d2c38ea30a402e9f136a8f7455b4ab/gnocchi.2e8d6f72-1513-46bd-bb6f-e805c53459e4/none_v3" 201 - "PUT http://172.18.0.214:8080/d1/88/AUTH_81d2c38ea30a402e9f136a8f7455b4ab/gnocchi.2e8d6f72-1513-46bd-bb6f-e805c53459e4/none_v3" "tx893bb63c999f4824bd47d-006a27d1d6" "object-server 25" 0.0008 "-" 14 0
Jun 9 08:41:58 np0000068128 object-server[125735]: 172.20.0.104 - - [09/Jun/2026:08:41:58 +0000] "PUT /d1/88/AUTH_81d2c38ea30a402e9f136a8f7455b4ab/gnocchi.2e8d6f72-1513-46bd-bb6f-e805c53459e4/none_v3" 201 - "PUT http://172.18.0.214:8080/v1/AUTH_81d2c38ea30a402e9f136a8f7455b4ab/gnocchi.2e8d6f72-1513-46bd-bb6f-e805c53459e4/none_v3" "tx893bb63c999f4824bd47d-006a27d1d6" "proxy-server 12" 0.0139 "-" 25 0
Jun 9 08:41:59 np0000068128 container-server[125191]: 172.20.0.105 - - [09/Jun/2026:08:41:59 +0000] "PUT /d1/923/AUTH_81d2c38ea30a402e9f136a8f7455b4ab/gnocchi.b2c6972b-a199-4b20-9725-43d824e2ad72/1780920000.0_mean_300.0_v3" 201 - "PUT http://172.18.0.214:8080/d1/131/AUTH_81d2c38ea30a402e9f136a8f7455b4ab/gnocchi.b2c6972b-a199-4b20-9725-43d824e2ad72/1780920000.0_mean_300.0_v3" "txf2b0a6be654a478c901c9-006a27d1d6" "object-server 23" 0.0010 "-" 16 0
Jun 9 08:41:59 np0000068128 object-server[125735]: 172.20.0.105 - - [09/Jun/2026:08:41:59 +0000] "PUT /d1/131/AUTH_81d2c38ea30a402e9f136a8f7455b4ab/gnocchi.b2c6972b-a199-4b20-9725-43d824e2ad72/1780920000.0_mean_300.0_v3" 201 - "PUT http://172.18.0.214:8080/v1/AUTH_81d2c38ea30a402e9f136a8f7455b4ab/gnocchi.b2c6972b-a199-4b20-9725-43d824e2ad72/1780920000.0_mean_300.0_v3" "txf2b0a6be654a478c901c9-006a27d1d6" "proxy-server 20" 0.0172 "-" 25 0
Jun 9 08:41:59 np0000068128 container-server[125177]: 172.20.0.104 - - [09/Jun/2026:08:41:59 +0000] "PUT /d1/923/AUTH_81d2c38ea30a402e9f136a8f7455b4ab/gnocchi.b2c6972b-a199-4b20-9725-43d824e2ad72/none_v3" 201 - "PUT http://172.18.0.214:8080/d1/552/AUTH_81d2c38ea30a402e9f136a8f7455b4ab/gnocchi.b2c6972b-a199-4b20-9725-43d824e2ad72/none_v3" "tx6b7b778d9c2142a9ac27e-006a27d1d7" "object-server 25" 0.0009 "-" 14 0
Jun 9 08:41:59 np0000068128 object-server[125733]: 172.20.0.104 - - [09/Jun/2026:08:41:59 +0000] "PUT /d1/552/AUTH_81d2c38ea30a402e9f136a8f7455b4ab/gnocchi.b2c6972b-a199-4b20-9725-43d824e2ad72/none_v3" 201 - "PUT http://172.18.0.214:8080/v1/AUTH_81d2c38ea30a402e9f136a8f7455b4ab/gnocchi.b2c6972b-a199-4b20-9725-43d824e2ad72/none_v3" "tx6b7b778d9c2142a9ac27e-006a27d1d7" "proxy-server 12" 0.0140 "-" 24 0
Jun 9 08:41:59 np0000068128 container-server[125191]: 172.20.0.103 - - [09/Jun/2026:08:41:59 +0000] "HEAD /d1/855/AUTH_81d2c38ea30a402e9f136a8f7455b4ab/gnocchi.ab6d7641-aebc-43a6-abaf-2f68318d33ef" 404 - "HEAD http://172.18.0.214:8080/v1/AUTH_81d2c38ea30a402e9f136a8f7455b4ab/gnocchi.ab6d7641-aebc-43a6-abaf-2f68318d33ef?format=json&states=listing" "txa4e7d52dc06f4c4abd42c-006a27d1d7" "proxy-server 20" 0.0007 "-" 16 0
Jun 9 08:41:59 np0000068128 object-server[125728]: 172.20.0.103 - - [09/Jun/2026:08:41:59 +0000] "GET /d1/284/AUTH_81d2c38ea30a402e9f136a8f7455b4ab/gnocchi.ab6d7641-aebc-43a6-abaf-2f68318d33ef/none_v3" 404 70 "GET http://172.18.0.214:8080/v1/AUTH_81d2c38ea30a402e9f136a8f7455b4ab/gnocchi.ab6d7641-aebc-43a6-abaf-2f68318d33ef/none_v3" "txa4e7d52dc06f4c4abd42c-006a27d1d7" "proxy-server 20" 0.0004 "-" 22 0
Jun 9 08:41:59 np0000068128 proxy-server[127031]: 172.18.0.103 172.18.0.104 09/Jun/2026/08/41/59 GET /v1/AUTH_81d2c38ea30a402e9f136a8f7455b4ab/gnocchi.ab6d7641-aebc-43a6-abaf-2f68318d33ef/none_v3 HTTP/1.0 404 - python-swiftclient-3.11.1 gAAAAABqJ9HWsNi3... - 70 - txa4e7d52dc06f4c4abd42c-006a27d1d7 - 0.0793 - - 1780994519.010598898 1780994519.089866161 0
Jun 9 08:41:59 np0000068128 account-server[125022]: 172.20.0.104 - - [09/Jun/2026:08:41:59 +0000] "PUT /d1/412/AUTH_81d2c38ea30a402e9f136a8f7455b4ab/gnocchi.ab6d7641-aebc-43a6-abaf-2f68318d33ef" 201 - "PUT http://172.20.0.104:6001/d1/855/AUTH_81d2c38ea30a402e9f136a8f7455b4ab/gnocchi.ab6d7641-aebc-43a6-abaf-2f68318d33ef" "txf1c5cf7ee1c641dca1f9c-006a27d1d7" "container-server 22" 0.0051 "-" 16 0
Jun 9 08:41:59 np0000068128 container-server[125191]: 172.20.0.105 - - [09/Jun/2026:08:41:59 +0000] "PUT /d1/855/AUTH_81d2c38ea30a402e9f136a8f7455b4ab/gnocchi.ab6d7641-aebc-43a6-abaf-2f68318d33ef" 201 - "PUT http://172.18.0.214:8080/v1/AUTH_81d2c38ea30a402e9f136a8f7455b4ab/gnocchi.ab6d7641-aebc-43a6-abaf-2f68318d33ef" "txf1c5cf7ee1c641dca1f9c-006a27d1d7" "proxy-server 20" 0.0252 "-" 16 0
Jun 9 08:41:59 np0000068128 object-server[125733]: 172.20.0.103 - - [09/Jun/2026:08:41:59 +0000] "GET /d1/801/AUTH_81d2c38ea30a402e9f136a8f7455b4ab/gnocchi.ab6d7641-aebc-43a6-abaf-2f68318d33ef/1780920000.0_mean_300.0_v3" 404 70 "GET http://172.18.0.214:8080/v1/AUTH_81d2c38ea30a402e9f136a8f7455b4ab/gnocchi.ab6d7641-aebc-43a6-abaf-2f68318d33ef/1780920000.0_mean_300.0_v3" "tx6638580649494ec9ac051-006a27d1d7" "proxy-server 20" 0.0004 "-" 24 0
Jun 9 08:41:59 np0000068128 proxy-server[127031]: 172.18.0.103 172.18.0.104 09/Jun/2026/08/41/59 GET /v1/AUTH_81d2c38ea30a402e9f136a8f7455b4ab/gnocchi.ab6d7641-aebc-43a6-abaf-2f68318d33ef/1780920000.0_mean_300.0_v3 HTTP/1.0 404 - python-swiftclient-3.11.1 gAAAAABqJ9HWsNi3... - 70 - tx6638580649494ec9ac051-006a27d1d7 - 0.0165 - - 1780994519.163617849 1780994519.180129290 0
Jun 9 08:41:59 np0000068128 container-server[125222]: 172.20.0.104 - - [09/Jun/2026:08:41:59 +0000] "PUT /d1/855/AUTH_81d2c38ea30a402e9f136a8f7455b4ab/gnocchi.ab6d7641-aebc-43a6-abaf-2f68318d33ef/1780920000.0_mean_300.0_v3" 201 - "PUT http://172.18.0.214:8080/d1/801/AUTH_81d2c38ea30a402e9f136a8f7455b4ab/gnocchi.ab6d7641-aebc-43a6-abaf-2f68318d33ef/1780920000.0_mean_300.0_v3" "tx615f7fd8a2b14069bd29a-006a27d1d7" "object-server 24" 0.0010 "-" 17 0
Jun 9 08:41:59 np0000068128 object-server[125728]: 172.20.0.105 - - [09/Jun/2026:08:41:59 +0000] "PUT /d1/801/AUTH_81d2c38ea30a402e9f136a8f7455b4ab/gnocchi.ab6d7641-aebc-43a6-abaf-2f68318d33ef/1780920000.0_mean_300.0_v3" 201 - "PUT http://172.18.0.214:8080/v1/AUTH_81d2c38ea30a402e9f136a8f7455b4ab/gnocchi.ab6d7641-aebc-43a6-abaf-2f68318d33ef/1780920000.0_mean_300.0_v3" "tx615f7fd8a2b14069bd29a-006a27d1d7" "proxy-server 20" 0.0124 "-" 22 0
Jun 9 08:41:59 np0000068128 container-server[125185]: 172.20.0.103 - - [09/Jun/2026:08:41:59 +0000] "PUT /d1/855/AUTH_81d2c38ea30a402e9f136a8f7455b4ab/gnocchi.ab6d7641-aebc-43a6-abaf-2f68318d33ef/none_v3" 201 - "PUT http://172.18.0.214:8080/d1/284/AUTH_81d2c38ea30a402e9f136a8f7455b4ab/gnocchi.ab6d7641-aebc-43a6-abaf-2f68318d33ef/none_v3" "tx00fa534a0d9e449dac63d-006a27d1d7" "object-server 23" 0.0006 "-" 15 0
Jun 9 08:41:59 np0000068128 object-server[125730]: 172.20.0.104 - - [09/Jun/2026:08:41:59 +0000] "PUT /d1/284/AUTH_81d2c38ea30a402e9f136a8f7455b4ab/gnocchi.ab6d7641-aebc-43a6-abaf-2f68318d33ef/none_v3" 201 - "PUT http://172.18.0.214:8080/v1/AUTH_81d2c38ea30a402e9f136a8f7455b4ab/gnocchi.ab6d7641-aebc-43a6-abaf-2f68318d33ef/none_v3" "tx00fa534a0d9e449dac63d-006a27d1d7" "proxy-server 12" 0.0129 "-" 23 0
Jun 9 08:41:59 np0000068128 container-server[124828]: Beginning replication run
Jun 9 08:41:59 np0000068128 container-server[124828]: Replication run OVER
Jun 9 08:41:59 np0000068128 container-server[124828]: Attempted to replicate 8 dbs in 0.41894 seconds (19.09591/s)
Jun 9 08:41:59 np0000068128 container-server[124828]: Removed 0 dbs
Jun 9 08:41:59 np0000068128 container-server[124828]: 16 successes, 0 failures
Jun 9 08:41:59 np0000068128 container-server[124828]: diff:0 diff_capped:0 empty:0 hashmatch:0 no_change:16 remote_merge:0 rsync:0 ts_repl:0
Jun 9 08:42:02 np0000068128 object-server[125449]: Starting object replication pass.
Jun 9 08:42:03 np0000068128 object-server[125449]: 16/16 (100.00%) partitions replicated in 0.59s (27.07/sec, 0s remaining)
Jun 9 08:42:03 np0000068128 object-server[125449]: 32 successes, 0 failures
Jun 9 08:42:03 np0000068128 object-server[125449]: 16 suffixes checked - 87.50% hashed, 0.00% synced
Jun 9 08:42:03 np0000068128 object-server[125449]: Partition times: max 0.0495s, min 0.0096s, med 0.0390s
Jun 9 08:42:03 np0000068128 object-server[125449]: Object replication complete. (0.01 minutes)
Jun 9 08:42:05 np0000068128 object-server[215627]: Begin object audit "forever" mode (ZBF)
Jun 9 08:42:05 np0000068128 object-server[215627]: Object audit (ZBF). Since Tue Jun 9 08:42:05 2026: Locally: 1 passed, 0 quarantined, 0 errors, files/sec: 412.91, bytes/sec: 0.00, Total time: 0.00, Auditing time: 0.00, Rate: 0.00
Jun 9 08:42:05 np0000068128 object-server[215627]: Object audit (ZBF) "forever" mode completed: 0.28s. Total quarantined: 0, Total errors: 0, Total files/sec: 56.21, Total bytes/sec: 0.00, Auditing time: 0.28, Rate: 0.97
Jun 9 08:42:10 np0000068128 account-server[125036]: 172.20.0.104 - - [09/Jun/2026:08:42:10 +0000] "HEAD /d1/231/.expiring_objects" 404 - "HEAD http://localhost/v1/.expiring_objects?format=json" "tx6fac19c49e9c408dac2eb-006a27d1e2" "proxy-server 2" 0.0006 "-" 17 -
Jun 9 08:42:21 np0000068128 account-server[124679]: Beginning replication run
Jun 9 08:42:21 np0000068128 account-server[124679]: Replication run OVER
Jun 9 08:42:21 np0000068128 account-server[124679]: Attempted to replicate 1 dbs in 0.02159 seconds (46.31140/s)
Jun 9 08:42:21 np0000068128 account-server[124679]: Removed 0 dbs
Jun 9 08:42:21 np0000068128 account-server[124679]: 2 successes, 0 failures
Jun 9 08:42:21 np0000068128 account-server[124679]: diff:0 diff_capped:0 empty:0 hashmatch:0 no_change:2 remote_merge:0 rsync:0 ts_repl:0
Jun 9 08:42:29 np0000068128 container-server[124828]: Beginning replication run
Jun 9 08:42:29 np0000068128 container-server[124828]: Replication run OVER
Jun 9 08:42:29 np0000068128 container-server[124828]: Attempted to replicate 8 dbs in 0.15302 seconds (52.28132/s)
Jun 9 08:42:29 np0000068128 container-server[124828]: Removed 0 dbs
Jun 9 08:42:29 np0000068128 container-server[124828]: 16 successes, 0 failures
Jun 9 08:42:29 np0000068128 container-server[124828]: diff:0 diff_capped:0 empty:0 hashmatch:0 no_change:16 remote_merge:0 rsync:0 ts_repl:0
Jun 9 08:42:33 np0000068128 object-server[125449]: Starting object replication pass.
Jun 9 08:42:33 np0000068128 object-server[125449]: 16/16 (100.00%) partitions replicated in 0.16s (99.85/sec, 0s remaining)
Jun 9 08:42:33 np0000068128 object-server[125449]: 32 successes, 0 failures
Jun 9 08:42:33 np0000068128 object-server[125449]: 16 suffixes checked - 0.00% hashed, 0.00% synced
Jun 9 08:42:33 np0000068128 object-server[125449]: Partition times: max 0.0139s, min 0.0066s, med 0.0093s
Jun 9 08:42:33 np0000068128 object-server[125449]: Object replication complete. (0.00 minutes)
Jun 9 08:42:35 np0000068128 object-server[221526]: Begin object audit "forever" mode (ALL)
Jun 9 08:42:35 np0000068128 object-server[221525]: Begin object audit "forever" mode (ZBF)
Jun 9 08:42:35 np0000068128 object-server[221525]: Object audit (ZBF). Since Tue Jun 9 08:42:35 2026: Locally: 1 passed, 0 quarantined, 0 errors, files/sec: 577.97, bytes/sec: 0.00, Total time: 0.00, Auditing time: 0.00, Rate: 0.00
Jun 9 08:42:35 np0000068128 object-server[221526]: Object audit (ALL). Since Tue Jun 9 08:42:35 2026: Locally: 1 passed, 0 quarantined, 0 errors, files/sec: 171.21, bytes/sec: 2739.36, Total time: 0.01, Auditing time: 0.00, Rate: 0.00
Jun 9 08:42:35 np0000068128 object-server[221525]: Object audit (ZBF) "forever" mode completed: 0.28s. Total quarantined: 0, Total errors: 0, Total files/sec: 56.36, Total bytes/sec: 0.00, Auditing time: 0.28, Rate: 0.97
Jun 9 08:42:36 np0000068128 object-server[221526]: Object audit (ALL) "forever" mode completed: 0.71s. Total quarantined: 0, Total errors: 0, Total files/sec: 22.58, Total bytes/sec: 443.23, Auditing time: 0.69, Rate: 0.98
Jun 9 08:42:51 np0000068128 account-server[124679]: Beginning replication run
Jun 9 08:42:51 np0000068128 account-server[124679]: Replication run OVER
Jun 9 08:42:51 np0000068128 account-server[124679]: Attempted to replicate 1 dbs in 0.02785 seconds (35.90263/s)
Jun 9 08:42:51 np0000068128 account-server[124679]: Removed 0 dbs
Jun 9 08:42:51 np0000068128 account-server[124679]: 2 successes, 0 failures
Jun 9 08:42:51 np0000068128 account-server[124679]: diff:0 diff_capped:0 empty:0 hashmatch:0 no_change:2 remote_merge:0 rsync:0 ts_repl:0
Jun 9 08:42:59 np0000068128 container-server[124828]: Beginning replication run
Jun 9 08:42:59 np0000068128 container-server[124828]: Replication run OVER
Jun 9 08:42:59 np0000068128 container-server[124828]: Attempted to replicate 8 dbs in 0.15573 seconds (51.37234/s)
Jun 9 08:42:59 np0000068128 container-server[124828]: Removed 0 dbs
Jun 9 08:42:59 np0000068128 container-server[124828]: 16 successes, 0 failures
Jun 9 08:42:59 np0000068128 container-server[124828]: diff:0 diff_capped:0 empty:0 hashmatch:0 no_change:16 remote_merge:0 rsync:0 ts_repl:0
Jun 9 08:43:03 np0000068128 object-server[125449]: Starting object replication pass.
Jun 9 08:43:03 np0000068128 object-server[125449]: 16/16 (100.00%) partitions replicated in 0.16s (99.61/sec, 0s remaining)
Jun 9 08:43:03 np0000068128 object-server[125449]: 32 successes, 0 failures
Jun 9 08:43:03 np0000068128 object-server[125449]: 16 suffixes checked - 0.00% hashed, 0.00% synced
Jun 9 08:43:03 np0000068128 object-server[125449]: Partition times: max 0.0143s, min 0.0080s, med 0.0087s
Jun 9 08:43:03 np0000068128 object-server[125449]: Object replication complete. (0.00 minutes)
Jun 9 08:43:06 np0000068128 object-server[221528]: Begin object audit "forever" mode (ZBF)
Jun 9 08:43:06 np0000068128 object-server[221528]: Object audit (ZBF). Since Tue Jun 9 08:43:06 2026: Locally: 1 passed, 0 quarantined, 0 errors, files/sec: 511.19, bytes/sec: 0.00, Total time: 0.00, Auditing time: 0.00, Rate: 0.00
Jun 9 08:43:06 np0000068128 object-server[221528]: Object audit (ZBF) "forever" mode completed: 0.28s. Total quarantined: 0, Total errors: 0, Total files/sec: 56.32, Total bytes/sec: 0.00, Auditing time: 0.28, Rate: 0.98
Jun 9 08:43:10 np0000068128 account-server[125008]: 172.20.0.105 - - [09/Jun/2026:08:43:10 +0000] "HEAD /d1/231/.expiring_objects" 404 - "HEAD http://localhost/v1/.expiring_objects?format=json" "txbf53ae4355b945259e5e5-006a27d21e" "proxy-server 2" 0.0008 "-" 15 -
Jun 9 08:43:20 np0000068128 proxy-server[127031]: - - 09/Jun/2026/08/43/20 HEAD /v1/AUTH_81d2c38ea30a402e9f136a8f7455b4ab%3Fformat%3Djson HTTP/1.0 204 - Swift - - - - txd4984808f21340fb86713-006a27d228 - 0.0175 RL - 1780994600.163119555 1780994600.180655956 -
Jun 9 08:43:20 np0000068128 container-server[125191]: 172.20.0.103 - - [09/Jun/2026:08:43:20 +0000] "HEAD /d1/594/AUTH_81d2c38ea30a402e9f136a8f7455b4ab/gnocchi.c8225394-25ee-418d-a3b5-1a802f532efd" 404 - "HEAD http://172.18.0.214:8080/v1/AUTH_81d2c38ea30a402e9f136a8f7455b4ab/gnocchi.c8225394-25ee-418d-a3b5-1a802f532efd?format=json&states=listing" "txd4984808f21340fb86713-006a27d228" "proxy-server 20" 0.0007 "-" 16 0
Jun 9 08:43:20 np0000068128 container-server[125191]: 172.20.0.105 - - [09/Jun/2026:08:43:20 +0000] "HEAD /d1/911/AUTH_81d2c38ea30a402e9f136a8f7455b4ab/gnocchi.1bcd6e8a-cc6b-484f-87f9-2cc68108e0e3" 404 - "HEAD http://172.18.0.214:8080/v1/AUTH_81d2c38ea30a402e9f136a8f7455b4ab/gnocchi.1bcd6e8a-cc6b-484f-87f9-2cc68108e0e3?format=json&states=listing" "txb3ef35259ea84bf3a0fc6-006a27d228" "proxy-server 20" 0.0004 "-" 16 0
Jun 9 08:43:20 np0000068128 container-server[125177]: 172.20.0.104 - - [09/Jun/2026:08:43:20 +0000] "HEAD /d1/946/AUTH_81d2c38ea30a402e9f136a8f7455b4ab/gnocchi.8dfa6f77-487d-4603-b70f-ba601b8370f9" 404 - "HEAD http://172.18.0.214:8080/v1/AUTH_81d2c38ea30a402e9f136a8f7455b4ab/gnocchi.8dfa6f77-487d-4603-b70f-ba601b8370f9?format=json&states=listing" "tx82c2808d48d84abaa2f45-006a27d228" "proxy-server 12" 0.0006 "-" 14 0
Jun 9 08:43:20 np0000068128 object-server[125733]: 172.20.0.105 - - [09/Jun/2026:08:43:20 +0000] "GET /d1/156/AUTH_81d2c38ea30a402e9f136a8f7455b4ab/gnocchi.1bcd6e8a-cc6b-484f-87f9-2cc68108e0e3/none_v3" 404 70 "GET http://172.18.0.214:8080/v1/AUTH_81d2c38ea30a402e9f136a8f7455b4ab/gnocchi.1bcd6e8a-cc6b-484f-87f9-2cc68108e0e3/none_v3" "txb3ef35259ea84bf3a0fc6-006a27d228" "proxy-server 20" 0.0009 "-" 24 0
Jun 9 08:43:20 np0000068128 object-server[125733]: 172.20.0.103 - - [09/Jun/2026:08:43:20 +0000] "GET /d1/115/AUTH_81d2c38ea30a402e9f136a8f7455b4ab/gnocchi.c8225394-25ee-418d-a3b5-1a802f532efd/none_v3" 404 70 "GET http://172.18.0.214:8080/v1/AUTH_81d2c38ea30a402e9f136a8f7455b4ab/gnocchi.c8225394-25ee-418d-a3b5-1a802f532efd/none_v3" "txd4984808f21340fb86713-006a27d228" "proxy-server 20" 0.0002 "-" 24 0
Jun 9 08:43:20 np0000068128 proxy-server[127031]: 172.18.0.214 172.18.0.104 09/Jun/2026/08/43/20 GET /v1/AUTH_81d2c38ea30a402e9f136a8f7455b4ab/gnocchi.c8225394-25ee-418d-a3b5-1a802f532efd/none_v3 HTTP/1.0 404 - python-swiftclient-3.11.1 gAAAAABqJ9HKhNbl... - 70 - txd4984808f21340fb86713-006a27d228 - 0.0615 - - 1780994600.161111355 1780994600.222637415 0
Jun 9 08:43:20 np0000068128 object-server[125730]: 172.20.0.104 - - [09/Jun/2026:08:43:20 +0000] "GET /d1/283/AUTH_81d2c38ea30a402e9f136a8f7455b4ab/gnocchi.8dfa6f77-487d-4603-b70f-ba601b8370f9/none_v3" 404 70 "GET http://172.18.0.214:8080/v1/AUTH_81d2c38ea30a402e9f136a8f7455b4ab/gnocchi.8dfa6f77-487d-4603-b70f-ba601b8370f9/none_v3" "tx82c2808d48d84abaa2f45-006a27d228" "proxy-server 12" 0.0004 "-" 23 0
Jun 9 08:43:20 np0000068128 container-server[125185]: 172.20.0.103 - - [09/Jun/2026:08:43:20 +0000] "PUT /d1/594/AUTH_81d2c38ea30a402e9f136a8f7455b4ab/gnocchi.c8225394-25ee-418d-a3b5-1a802f532efd" 201 - "PUT http://172.18.0.214:8080/v1/AUTH_81d2c38ea30a402e9f136a8f7455b4ab/gnocchi.c8225394-25ee-418d-a3b5-1a802f532efd" "txfb26eb29f81c4eeb8c645-006a27d228" "proxy-server 20" 0.0173 "-" 15 0
Jun 9 08:43:20 np0000068128 container-server[125191]: 172.20.0.105 - - [09/Jun/2026:08:43:20 +0000] "PUT /d1/911/AUTH_81d2c38ea30a402e9f136a8f7455b4ab/gnocchi.1bcd6e8a-cc6b-484f-87f9-2cc68108e0e3" 201 - "PUT http://172.18.0.214:8080/v1/AUTH_81d2c38ea30a402e9f136a8f7455b4ab/gnocchi.1bcd6e8a-cc6b-484f-87f9-2cc68108e0e3" "txd865f529ba1545f289f6f-006a27d228" "proxy-server 20" 0.0153 "-" 16 0
Jun 9 08:43:20 np0000068128 account-server[125022]: 172.20.0.105 - - [09/Jun/2026:08:43:20 +0000] "PUT /d1/412/AUTH_81d2c38ea30a402e9f136a8f7455b4ab/gnocchi.8dfa6f77-487d-4603-b70f-ba601b8370f9" 201 - "PUT http://172.20.0.105:6001/d1/946/AUTH_81d2c38ea30a402e9f136a8f7455b4ab/gnocchi.8dfa6f77-487d-4603-b70f-ba601b8370f9" "txfb2af16fae2646aeab4d5-006a27d228" "container-server 20" 0.0015 "-" 16 0
Jun 9 08:43:20 np0000068128 container-server[125177]: 172.20.0.104 - - [09/Jun/2026:08:43:20 +0000] "PUT /d1/946/AUTH_81d2c38ea30a402e9f136a8f7455b4ab/gnocchi.8dfa6f77-487d-4603-b70f-ba601b8370f9" 201 - "PUT http://172.18.0.214:8080/v1/AUTH_81d2c38ea30a402e9f136a8f7455b4ab/gnocchi.8dfa6f77-487d-4603-b70f-ba601b8370f9" "txfb2af16fae2646aeab4d5-006a27d228" "proxy-server 12" 0.0172 "-" 14 0
Jun 9 08:43:20 np0000068128 account-server[125008]: 172.20.0.104 - - [09/Jun/2026:08:43:20 +0000] "PUT /d1/412/AUTH_81d2c38ea30a402e9f136a8f7455b4ab/gnocchi.1bcd6e8a-cc6b-484f-87f9-2cc68108e0e3" 201 - "PUT http://172.20.0.104:6001/d1/911/AUTH_81d2c38ea30a402e9f136a8f7455b4ab/gnocchi.1bcd6e8a-cc6b-484f-87f9-2cc68108e0e3" "txd865f529ba1545f289f6f-006a27d228" "container-server 22" 0.0073 "-" 15 0
Jun 9 08:43:20 np0000068128 account-server[125036]: 172.20.0.104 - - [09/Jun/2026:08:43:20 +0000] "PUT /d1/412/AUTH_81d2c38ea30a402e9f136a8f7455b4ab/gnocchi.c8225394-25ee-418d-a3b5-1a802f532efd" 201 - "PUT http://172.20.0.104:6001/d1/594/AUTH_81d2c38ea30a402e9f136a8f7455b4ab/gnocchi.c8225394-25ee-418d-a3b5-1a802f532efd" "txfb26eb29f81c4eeb8c645-006a27d228" "container-server 22" 0.0066 "-" 17 0
Jun 9 08:43:20 np0000068128 proxy-server[127031]: 172.18.0.214 172.18.0.104 09/Jun/2026/08/43/20 PUT /v1/AUTH_81d2c38ea30a402e9f136a8f7455b4ab/gnocchi.c8225394-25ee-418d-a3b5-1a802f532efd HTTP/1.0 201 - python-swiftclient-3.11.1 gAAAAABqJ9HKhNbl... - - - txfb26eb29f81c4eeb8c645-006a27d228 - 0.0705 - - 1780994600.227832794 1780994600.298356056 0
Jun 9 08:43:20 np0000068128 proxy-server[127031]: - - 09/Jun/2026/08/43/20 HEAD /v1/AUTH_81d2c38ea30a402e9f136a8f7455b4ab/gnocchi.c8225394-25ee-418d-a3b5-1a802f532efd%3Fformat%3Djson%26states%3Dlisting HTTP/1.0 204 - Swift - - - - txba3bfd04040c40c6a3a75-006a27d228 - 0.0065 RL - 1780994600.306237698 1780994600.312723637 0
Jun 9 08:43:20 np0000068128 proxy-server[127031]: 172.18.0.214 172.18.0.104 09/Jun/2026/08/43/20 GET /v1/AUTH_81d2c38ea30a402e9f136a8f7455b4ab/gnocchi.c8225394-25ee-418d-a3b5-1a802f532efd%3Fformat%3Djson%26states%3Dlisting HTTP/1.0 200 - python-swiftclient-3.11.1 gAAAAABqJ9HKhNbl... - 2 - txba3bfd04040c40c6a3a75-006a27d228 - 0.0236 - - 1780994600.304905415 1780994600.328457355 0
Jun 9 08:43:20 np0000068128 object-server[125733]: 172.20.0.105 - - [09/Jun/2026:08:43:20 +0000] "GET /d1/726/AUTH_81d2c38ea30a402e9f136a8f7455b4ab/gnocchi.1bcd6e8a-cc6b-484f-87f9-2cc68108e0e3/1780920000.0_mean_300.0_v3" 404 70 "GET http://172.18.0.214:8080/v1/AUTH_81d2c38ea30a402e9f136a8f7455b4ab/gnocchi.1bcd6e8a-cc6b-484f-87f9-2cc68108e0e3/1780920000.0_mean_300.0_v3" "tx42711e4a7e9541f7aec9e-006a27d228" "proxy-server 20" 0.0004 "-" 24 0
Jun 9 08:43:20 np0000068128 object-server[125730]: 172.20.0.104 - - [09/Jun/2026:08:43:20 +0000] "GET /d1/635/AUTH_81d2c38ea30a402e9f136a8f7455b4ab/gnocchi.8dfa6f77-487d-4603-b70f-ba601b8370f9/1780920000.0_mean_300.0_v3" 404 70 "GET http://172.18.0.214:8080/v1/AUTH_81d2c38ea30a402e9f136a8f7455b4ab/gnocchi.8dfa6f77-487d-4603-b70f-ba601b8370f9/1780920000.0_mean_300.0_v3" "tx459ac09f579c433793385-006a27d228" "proxy-server 12" 0.0003 "-" 23 0
Jun 9 08:43:20 np0000068128 object-server[125733]: 172.20.0.103 - - [09/Jun/2026:08:43:20 +0000] "GET /d1/814/AUTH_81d2c38ea30a402e9f136a8f7455b4ab/gnocchi.c8225394-25ee-418d-a3b5-1a802f532efd/1780920000.0_mean_300.0_v3" 404 70 "GET http://172.18.0.214:8080/v1/AUTH_81d2c38ea30a402e9f136a8f7455b4ab/gnocchi.c8225394-25ee-418d-a3b5-1a802f532efd/1780920000.0_mean_300.0_v3" "txa2f4cbc5cfa6409da0c18-006a27d228" "proxy-server 20" 0.0002 "-" 24 0
Jun 9 08:43:20 np0000068128 proxy-server[127031]: 172.18.0.214 172.18.0.104 09/Jun/2026/08/43/20 GET /v1/AUTH_81d2c38ea30a402e9f136a8f7455b4ab/gnocchi.c8225394-25ee-418d-a3b5-1a802f532efd/1780920000.0_mean_300.0_v3 HTTP/1.0 404 - python-swiftclient-3.11.1 gAAAAABqJ9HKhNbl... - 70 - txa2f4cbc5cfa6409da0c18-006a27d228 - 0.0163 - - 1780994600.338224411 1780994600.354526997 0
Jun 9 08:43:20 np0000068128 container-server[125185]: 172.20.0.103 - - [09/Jun/2026:08:43:20 +0000] "PUT /d1/911/AUTH_81d2c38ea30a402e9f136a8f7455b4ab/gnocchi.1bcd6e8a-cc6b-484f-87f9-2cc68108e0e3/1780920000.0_mean_300.0_v3" 201 - "PUT http://172.18.0.214:8080/d1/726/AUTH_81d2c38ea30a402e9f136a8f7455b4ab/gnocchi.1bcd6e8a-cc6b-484f-87f9-2cc68108e0e3/1780920000.0_mean_300.0_v3" "tx440f7505aa0c46e287d10-006a27d228" "object-server 24" 0.0007 "-" 15 0
Jun 9 08:43:20 np0000068128 object-server[125733]: 172.20.0.105 - - [09/Jun/2026:08:43:20 +0000] "PUT /d1/726/AUTH_81d2c38ea30a402e9f136a8f7455b4ab/gnocchi.1bcd6e8a-cc6b-484f-87f9-2cc68108e0e3/1780920000.0_mean_300.0_v3" 201 - "PUT http://172.18.0.214:8080/v1/AUTH_81d2c38ea30a402e9f136a8f7455b4ab/gnocchi.1bcd6e8a-cc6b-484f-87f9-2cc68108e0e3/1780920000.0_mean_300.0_v3" "tx440f7505aa0c46e287d10-006a27d228" "proxy-server 20" 0.0132 "-" 24 0
Jun 9 08:43:20 np0000068128 container-server[125191]: 172.20.0.103 - - [09/Jun/2026:08:43:20 +0000] "PUT /d1/946/AUTH_81d2c38ea30a402e9f136a8f7455b4ab/gnocchi.8dfa6f77-487d-4603-b70f-ba601b8370f9/1780920000.0_mean_300.0_v3" 201 - "PUT http://172.18.0.214:8080/d1/635/AUTH_81d2c38ea30a402e9f136a8f7455b4ab/gnocchi.8dfa6f77-487d-4603-b70f-ba601b8370f9/1780920000.0_mean_300.0_v3" "tx845fd02b208d4ecb8ed18-006a27d228" "object-server 22" 0.0011 "-" 16 0
Jun 9 08:43:20 np0000068128 object-server[125728]: 172.20.0.104 - - [09/Jun/2026:08:43:20 +0000] "PUT /d1/635/AUTH_81d2c38ea30a402e9f136a8f7455b4ab/gnocchi.8dfa6f77-487d-4603-b70f-ba601b8370f9/1780920000.0_mean_300.0_v3" 201 - "PUT http://172.18.0.214:8080/v1/AUTH_81d2c38ea30a402e9f136a8f7455b4ab/gnocchi.8dfa6f77-487d-4603-b70f-ba601b8370f9/1780920000.0_mean_300.0_v3" "tx845fd02b208d4ecb8ed18-006a27d228" "proxy-server 12" 0.0167 "-" 22 0
Jun 9 08:43:20 np0000068128 object-server[125733]: 172.20.0.103 - - [09/Jun/2026:08:43:20 +0000] "PUT /d1/814/AUTH_81d2c38ea30a402e9f136a8f7455b4ab/gnocchi.c8225394-25ee-418d-a3b5-1a802f532efd/1780920000.0_mean_300.0_v3" 201 - "PUT http://172.18.0.214:8080/v1/AUTH_81d2c38ea30a402e9f136a8f7455b4ab/gnocchi.c8225394-25ee-418d-a3b5-1a802f532efd/1780920000.0_mean_300.0_v3" "txd1f7d294bd924c18b9395-006a27d228" "proxy-server 20" 0.0133 "-" 24 0
Jun 9 08:43:20 np0000068128 container-server[125185]: 172.20.0.105 - - [09/Jun/2026:08:43:20 +0000] "PUT /d1/594/AUTH_81d2c38ea30a402e9f136a8f7455b4ab/gnocchi.c8225394-25ee-418d-a3b5-1a802f532efd/1780920000.0_mean_300.0_v3" 201 - "PUT http://172.18.0.214:8080/d1/814/AUTH_81d2c38ea30a402e9f136a8f7455b4ab/gnocchi.c8225394-25ee-418d-a3b5-1a802f532efd/1780920000.0_mean_300.0_v3" "txd1f7d294bd924c18b9395-006a27d228" "object-server 23" 0.0007 "-" 15 0
Jun 9 08:43:20 np0000068128 proxy-server[127031]: 172.18.0.214 172.18.0.104 09/Jun/2026/08/43/20 PUT /v1/AUTH_81d2c38ea30a402e9f136a8f7455b4ab/gnocchi.c8225394-25ee-418d-a3b5-1a802f532efd/1780920000.0_mean_300.0_v3 HTTP/1.0 201 - python-swiftclient-3.11.1 gAAAAABqJ9HKhNbl... 16 - - txd1f7d294bd924c18b9395-006a27d228 - 0.0307 - - 1780994600.360826969 1780994600.391481161 0
Jun 9 08:43:20 np0000068128 container-server[125185]: 172.20.0.103 - - [09/Jun/2026:08:43:20 +0000] "PUT /d1/911/AUTH_81d2c38ea30a402e9f136a8f7455b4ab/gnocchi.1bcd6e8a-cc6b-484f-87f9-2cc68108e0e3/none_v3" 201 - "PUT http://172.18.0.214:8080/d1/156/AUTH_81d2c38ea30a402e9f136a8f7455b4ab/gnocchi.1bcd6e8a-cc6b-484f-87f9-2cc68108e0e3/none_v3" "tx3bd88703a27547daae8bc-006a27d228" "object-server 25" 0.0008 "-" 15 0
Jun 9 08:43:20 np0000068128 object-server[125735]: 172.20.0.105 - - [09/Jun/2026:08:43:20 +0000] "PUT /d1/156/AUTH_81d2c38ea30a402e9f136a8f7455b4ab/gnocchi.1bcd6e8a-cc6b-484f-87f9-2cc68108e0e3/none_v3" 201 - "PUT http://172.18.0.214:8080/v1/AUTH_81d2c38ea30a402e9f136a8f7455b4ab/gnocchi.1bcd6e8a-cc6b-484f-87f9-2cc68108e0e3/none_v3" "tx3bd88703a27547daae8bc-006a27d228" "proxy-server 20" 0.0196 "-" 25 0
Jun 9 08:43:20 np0000068128 container-server[125222]: 172.20.0.105 - - [09/Jun/2026:08:43:20 +0000] "PUT /d1/946/AUTH_81d2c38ea30a402e9f136a8f7455b4ab/gnocchi.8dfa6f77-487d-4603-b70f-ba601b8370f9/none_v3" 201 - "PUT http://172.18.0.214:8080/d1/283/AUTH_81d2c38ea30a402e9f136a8f7455b4ab/gnocchi.8dfa6f77-487d-4603-b70f-ba601b8370f9/none_v3" "tx4ba3decd5ac8408da9d8a-006a27d228" "object-server 25" 0.0006 "-" 17 0
Jun 9 08:43:20 np0000068128 container-server[125222]: 172.20.0.103 - - [09/Jun/2026:08:43:20 +0000] "PUT /d1/594/AUTH_81d2c38ea30a402e9f136a8f7455b4ab/gnocchi.c8225394-25ee-418d-a3b5-1a802f532efd/none_v3" 201 - "PUT http://172.18.0.214:8080/d1/115/AUTH_81d2c38ea30a402e9f136a8f7455b4ab/gnocchi.c8225394-25ee-418d-a3b5-1a802f532efd/none_v3" "tx80bf5f192f9749cca40f5-006a27d228" "object-server 23" 0.0007 "-" 17 0
Jun 9 08:43:20 np0000068128 object-server[125730]: 172.20.0.103 - - [09/Jun/2026:08:43:20 +0000] "PUT /d1/115/AUTH_81d2c38ea30a402e9f136a8f7455b4ab/gnocchi.c8225394-25ee-418d-a3b5-1a802f532efd/none_v3" 201 - "PUT http://172.18.0.214:8080/v1/AUTH_81d2c38ea30a402e9f136a8f7455b4ab/gnocchi.c8225394-25ee-418d-a3b5-1a802f532efd/none_v3" "tx80bf5f192f9749cca40f5-006a27d228" "proxy-server 20" 0.0142 "-" 23 0
Jun 9 08:43:20 np0000068128 object-server[125728]: 172.20.0.104 - - [09/Jun/2026:08:43:20 +0000] "PUT /d1/283/AUTH_81d2c38ea30a402e9f136a8f7455b4ab/gnocchi.8dfa6f77-487d-4603-b70f-ba601b8370f9/none_v3" 201 - "PUT http://172.18.0.214:8080/v1/AUTH_81d2c38ea30a402e9f136a8f7455b4ab/gnocchi.8dfa6f77-487d-4603-b70f-ba601b8370f9/none_v3" "tx4ba3decd5ac8408da9d8a-006a27d228" "proxy-server 12" 0.0220 "-" 22 0
Jun 9 08:43:20 np0000068128 proxy-server[127031]: 172.18.0.214 172.18.0.104 09/Jun/2026/08/43/20 PUT /v1/AUTH_81d2c38ea30a402e9f136a8f7455b4ab/gnocchi.c8225394-25ee-418d-a3b5-1a802f532efd/none_v3 HTTP/1.0 201 - python-swiftclient-3.11.1 gAAAAABqJ9HKhNbl... 22 - - tx80bf5f192f9749cca40f5-006a27d228 - 0.0255 - - 1780994600.398357868 1780994600.423829556 0
Jun 9 08:43:20 np0000068128 container-server[125222]: 172.20.0.105 - - [09/Jun/2026:08:43:20 +0000] "HEAD /d1/46/AUTH_81d2c38ea30a402e9f136a8f7455b4ab/gnocchi.d2faffb9-977f-423b-8ad9-bc5553db5b04" 404 - "HEAD http://172.18.0.214:8080/v1/AUTH_81d2c38ea30a402e9f136a8f7455b4ab/gnocchi.d2faffb9-977f-423b-8ad9-bc5553db5b04?format=json&states=listing" "tx1698ebdc40ad4df09953b-006a27d228" "proxy-server 20" 0.0005 "-" 17 0
Jun 9 08:43:20 np0000068128 object-server[125728]: 172.20.0.105 - - [09/Jun/2026:08:43:20 +0000] "GET /d1/121/AUTH_81d2c38ea30a402e9f136a8f7455b4ab/gnocchi.d2faffb9-977f-423b-8ad9-bc5553db5b04/none_v3" 404 70 "GET http://172.18.0.214:8080/v1/AUTH_81d2c38ea30a402e9f136a8f7455b4ab/gnocchi.d2faffb9-977f-423b-8ad9-bc5553db5b04/none_v3" "tx1698ebdc40ad4df09953b-006a27d228" "proxy-server 20" 0.0004 "-" 22 0
Jun 9 08:43:20 np0000068128 container-server[125177]: 172.20.0.103 - - [09/Jun/2026:08:43:20 +0000] "HEAD /d1/132/AUTH_81d2c38ea30a402e9f136a8f7455b4ab/gnocchi.a86e8577-1223-40e8-98b6-5233273a08ab" 404 - "HEAD http://172.18.0.214:8080/v1/AUTH_81d2c38ea30a402e9f136a8f7455b4ab/gnocchi.a86e8577-1223-40e8-98b6-5233273a08ab?format=json&states=listing" "txdbe8d32a05eb421b8dead-006a27d228" "proxy-server 20" 0.0004 "-" 14 0
Jun 9 08:43:20 np0000068128 container-server[125222]: 172.20.0.104 - - [09/Jun/2026:08:43:20 +0000] "HEAD /d1/504/AUTH_81d2c38ea30a402e9f136a8f7455b4ab/gnocchi.3a4da7ff-ce99-4642-b453-a0c13c4c22a9" 404 - "HEAD http://172.18.0.214:8080/v1/AUTH_81d2c38ea30a402e9f136a8f7455b4ab/gnocchi.3a4da7ff-ce99-4642-b453-a0c13c4c22a9?format=json&states=listing" "tx0b3357dbe7a84f3b8b2a0-006a27d228" "proxy-server 12" 0.0004 "-" 17 0
Jun 9 08:43:20 np0000068128 object-server[125728]: 172.20.0.103 - - [09/Jun/2026:08:43:20 +0000] "GET /d1/925/AUTH_81d2c38ea30a402e9f136a8f7455b4ab/gnocchi.a86e8577-1223-40e8-98b6-5233273a08ab/none_v3" 404 70 "GET http://172.18.0.214:8080/v1/AUTH_81d2c38ea30a402e9f136a8f7455b4ab/gnocchi.a86e8577-1223-40e8-98b6-5233273a08ab/none_v3" "txdbe8d32a05eb421b8dead-006a27d228" "proxy-server 20" 0.0003 "-" 22 0
Jun 9 08:43:20 np0000068128 proxy-server[127031]: 172.18.0.103 172.18.0.104 09/Jun/2026/08/43/20 GET /v1/AUTH_81d2c38ea30a402e9f136a8f7455b4ab/gnocchi.a86e8577-1223-40e8-98b6-5233273a08ab/none_v3 HTTP/1.0 404 - python-swiftclient-3.11.1 gAAAAABqJ9HWsNi3... - 70 - txdbe8d32a05eb421b8dead-006a27d228 - 0.0301 - - 1780994600.438328981 1780994600.468451738 0
Jun 9 08:43:20 np0000068128 object-server[125735]: 172.20.0.104 - - [09/Jun/2026:08:43:20 +0000] "GET /d1/661/AUTH_81d2c38ea30a402e9f136a8f7455b4ab/gnocchi.3a4da7ff-ce99-4642-b453-a0c13c4c22a9/none_v3" 404 70 "GET http://172.18.0.214:8080/v1/AUTH_81d2c38ea30a402e9f136a8f7455b4ab/gnocchi.3a4da7ff-ce99-4642-b453-a0c13c4c22a9/none_v3" "tx0b3357dbe7a84f3b8b2a0-006a27d228" "proxy-server 12" 0.0003 "-" 25 0
Jun 9 08:43:20 np0000068128 account-server[125008]: 172.20.0.103 - - [09/Jun/2026:08:43:20 +0000] "PUT /d1/412/AUTH_81d2c38ea30a402e9f136a8f7455b4ab/gnocchi.d2faffb9-977f-423b-8ad9-bc5553db5b04" 201 - "PUT http://172.20.0.103:6001/d1/46/AUTH_81d2c38ea30a402e9f136a8f7455b4ab/gnocchi.d2faffb9-977f-423b-8ad9-bc5553db5b04" "tx64f152464b8d4b9e83173-006a27d228" "container-server 16" 0.0052 "-" 15 0
Jun 9 08:43:20 np0000068128 container-server[125191]: 172.20.0.105 - - [09/Jun/2026:08:43:20 +0000] "PUT /d1/46/AUTH_81d2c38ea30a402e9f136a8f7455b4ab/gnocchi.d2faffb9-977f-423b-8ad9-bc5553db5b04" 201 - "PUT http://172.18.0.214:8080/v1/AUTH_81d2c38ea30a402e9f136a8f7455b4ab/gnocchi.d2faffb9-977f-423b-8ad9-bc5553db5b04" "tx64f152464b8d4b9e83173-006a27d228" "proxy-server 20" 0.0177 "-" 16 0
Jun 9 08:43:20 np0000068128 container-server[125177]: 172.20.0.103 - - [09/Jun/2026:08:43:20 +0000] "PUT /d1/132/AUTH_81d2c38ea30a402e9f136a8f7455b4ab/gnocchi.a86e8577-1223-40e8-98b6-5233273a08ab" 201 - "PUT http://172.18.0.214:8080/v1/AUTH_81d2c38ea30a402e9f136a8f7455b4ab/gnocchi.a86e8577-1223-40e8-98b6-5233273a08ab" "tx1250c74081b544c893cfa-006a27d228" "proxy-server 20" 0.0309 "-" 14 0
Jun 9 08:43:20 np0000068128 account-server[125003]: 172.20.0.104 - - [09/Jun/2026:08:43:20 +0000] "PUT /d1/412/AUTH_81d2c38ea30a402e9f136a8f7455b4ab/gnocchi.a86e8577-1223-40e8-98b6-5233273a08ab" 201 - "PUT http://172.20.0.104:6001/d1/132/AUTH_81d2c38ea30a402e9f136a8f7455b4ab/gnocchi.a86e8577-1223-40e8-98b6-5233273a08ab" "tx1250c74081b544c893cfa-006a27d228" "container-server 23" 0.0183 "-" 14 0
Jun 9 08:43:20 np0000068128 container-server[125191]: 172.20.0.105 - - [09/Jun/2026:08:43:20 +0000] "HEAD /d1/46/AUTH_81d2c38ea30a402e9f136a8f7455b4ab/gnocchi.d2faffb9-977f-423b-8ad9-bc5553db5b04" 204 - "HEAD http://172.18.0.214:8080/v1/AUTH_81d2c38ea30a402e9f136a8f7455b4ab/gnocchi.d2faffb9-977f-423b-8ad9-bc5553db5b04?format=json&states=listing" "tx93fdc9024a1a4358ac581-006a27d228" "proxy-server 20" 0.0013 "-" 16 0
Jun 9 08:43:20 np0000068128 proxy-server[127031]: 172.18.0.103 172.18.0.104 09/Jun/2026/08/43/20 PUT /v1/AUTH_81d2c38ea30a402e9f136a8f7455b4ab/gnocchi.a86e8577-1223-40e8-98b6-5233273a08ab HTTP/1.0 201 - python-swiftclient-3.11.1 gAAAAABqJ9HWsNi3... - - - tx1250c74081b544c893cfa-006a27d228 - 0.0448 - - 1780994600.471672773 1780994600.516444683 0
Jun 9 08:43:20 np0000068128 container-server[125191]: 172.20.0.103 - - [09/Jun/2026:08:43:20 +0000] "HEAD /d1/132/AUTH_81d2c38ea30a402e9f136a8f7455b4ab/gnocchi.a86e8577-1223-40e8-98b6-5233273a08ab" 204 - "HEAD http://172.18.0.214:8080/v1/AUTH_81d2c38ea30a402e9f136a8f7455b4ab/gnocchi.a86e8577-1223-40e8-98b6-5233273a08ab?format=json&states=listing" "txe110e5b65ba34666b2cab-006a27d228" "proxy-server 20" 0.0012 "-" 16 0
Jun 9 08:43:20 np0000068128 account-server[125036]: 172.20.0.103 - - [09/Jun/2026:08:43:20 +0000] "PUT /d1/412/AUTH_81d2c38ea30a402e9f136a8f7455b4ab/gnocchi.3a4da7ff-ce99-4642-b453-a0c13c4c22a9" 201 - "PUT http://172.20.0.103:6001/d1/504/AUTH_81d2c38ea30a402e9f136a8f7455b4ab/gnocchi.3a4da7ff-ce99-4642-b453-a0c13c4c22a9" "tx483836bcda7244f3a41a0-006a27d228" "container-server 15" 0.0204 "-" 17 0
Jun 9 08:43:20 np0000068128 container-server[125185]: 172.20.0.104 - - [09/Jun/2026:08:43:20 +0000] "PUT /d1/504/AUTH_81d2c38ea30a402e9f136a8f7455b4ab/gnocchi.3a4da7ff-ce99-4642-b453-a0c13c4c22a9" 201 - "PUT http://172.18.0.214:8080/v1/AUTH_81d2c38ea30a402e9f136a8f7455b4ab/gnocchi.3a4da7ff-ce99-4642-b453-a0c13c4c22a9" "tx483836bcda7244f3a41a0-006a27d228" "proxy-server 12" 0.0336 "-" 15 0
Jun 9 08:43:20 np0000068128 proxy-server[127031]: - - 09/Jun/2026/08/43/20 HEAD /v1/AUTH_81d2c38ea30a402e9f136a8f7455b4ab/gnocchi.a86e8577-1223-40e8-98b6-5233273a08ab%3Fformat%3Djson%26states%3Dlisting HTTP/1.0 204 - Swift - - - - txe110e5b65ba34666b2cab-006a27d228 - 0.0052 RL - 1780994600.522753477 1780994600.527962685 0
Jun 9 08:43:20 np0000068128 proxy-server[127031]: 172.18.0.103 172.18.0.104 09/Jun/2026/08/43/20 GET /v1/AUTH_81d2c38ea30a402e9f136a8f7455b4ab/gnocchi.a86e8577-1223-40e8-98b6-5233273a08ab%3Fformat%3Djson%26states%3Dlisting HTTP/1.0 200 - python-swiftclient-3.11.1 gAAAAABqJ9HWsNi3... - 2 - txe110e5b65ba34666b2cab-006a27d228 - 0.0185 - - 1780994600.520774603 1780994600.539315224 0
Jun 9 08:43:20 np0000068128 container-server[125222]: 172.20.0.104 - - [09/Jun/2026:08:43:20 +0000] "HEAD /d1/504/AUTH_81d2c38ea30a402e9f136a8f7455b4ab/gnocchi.3a4da7ff-ce99-4642-b453-a0c13c4c22a9" 204 - "HEAD http://172.18.0.214:8080/v1/AUTH_81d2c38ea30a402e9f136a8f7455b4ab/gnocchi.3a4da7ff-ce99-4642-b453-a0c13c4c22a9?format=json&states=listing" "tx190d7f8d0427440b8e62c-006a27d228" "proxy-server 12" 0.0013 "-" 17 0
Jun 9 08:43:20 np0000068128 object-server[125730]: 172.20.0.105 - - [09/Jun/2026:08:43:20 +0000] "GET /d1/139/AUTH_81d2c38ea30a402e9f136a8f7455b4ab/gnocchi.d2faffb9-977f-423b-8ad9-bc5553db5b04/1780920000.0_mean_300.0_v3" 404 70 "GET http://172.18.0.214:8080/v1/AUTH_81d2c38ea30a402e9f136a8f7455b4ab/gnocchi.d2faffb9-977f-423b-8ad9-bc5553db5b04/1780920000.0_mean_300.0_v3" "tx3df2ee926acc493eb0387-006a27d228" "proxy-server 20" 0.0004 "-" 23 0
Jun 9 08:43:20 np0000068128 object-server[125733]: 172.20.0.103 - - [09/Jun/2026:08:43:20 +0000] "GET /d1/557/AUTH_81d2c38ea30a402e9f136a8f7455b4ab/gnocchi.a86e8577-1223-40e8-98b6-5233273a08ab/1780920000.0_mean_300.0_v3" 404 70 "GET http://172.18.0.214:8080/v1/AUTH_81d2c38ea30a402e9f136a8f7455b4ab/gnocchi.a86e8577-1223-40e8-98b6-5233273a08ab/1780920000.0_mean_300.0_v3" "tx425bf408b9f84fec9211b-006a27d228" "proxy-server 20" 0.0003 "-" 24 0
Jun 9 08:43:20 np0000068128 proxy-server[127031]: 172.18.0.103 172.18.0.104 09/Jun/2026/08/43/20 GET /v1/AUTH_81d2c38ea30a402e9f136a8f7455b4ab/gnocchi.a86e8577-1223-40e8-98b6-5233273a08ab/1780920000.0_mean_300.0_v3 HTTP/1.0 404 - python-swiftclient-3.11.1 gAAAAABqJ9HWsNi3... - 70 - tx425bf408b9f84fec9211b-006a27d228 - 0.0205 - - 1780994600.543855906 1780994600.564315796 0
Jun 9 08:43:20 np0000068128 object-server[125730]: 172.20.0.104 - - [09/Jun/2026:08:43:20 +0000] "GET /d1/671/AUTH_81d2c38ea30a402e9f136a8f7455b4ab/gnocchi.3a4da7ff-ce99-4642-b453-a0c13c4c22a9/1780920000.0_mean_300.0_v3" 404 70 "GET http://172.18.0.214:8080/v1/AUTH_81d2c38ea30a402e9f136a8f7455b4ab/gnocchi.3a4da7ff-ce99-4642-b453-a0c13c4c22a9/1780920000.0_mean_300.0_v3" "txbfba2a214a0e4669892ae-006a27d228" "proxy-server 12" 0.0004 "-" 23 0
Jun 9 08:43:20 np0000068128 container-server[125185]: 172.20.0.103 - - [09/Jun/2026:08:43:20 +0000] "PUT /d1/46/AUTH_81d2c38ea30a402e9f136a8f7455b4ab/gnocchi.d2faffb9-977f-423b-8ad9-bc5553db5b04/1780920000.0_mean_300.0_v3" 201 - "PUT http://172.18.0.214:8080/d1/139/AUTH_81d2c38ea30a402e9f136a8f7455b4ab/gnocchi.d2faffb9-977f-423b-8ad9-bc5553db5b04/1780920000.0_mean_300.0_v3" "tx64b4ed8c3bcd4410b7ac4-006a27d228" "object-server 23" 0.0005 "-" 15 0
Jun 9 08:43:20 np0000068128 object-server[125730]: 172.20.0.105 - - [09/Jun/2026:08:43:20 +0000] "PUT /d1/139/AUTH_81d2c38ea30a402e9f136a8f7455b4ab/gnocchi.d2faffb9-977f-423b-8ad9-bc5553db5b04/1780920000.0_mean_300.0_v3" 201 - "PUT http://172.18.0.214:8080/v1/AUTH_81d2c38ea30a402e9f136a8f7455b4ab/gnocchi.d2faffb9-977f-423b-8ad9-bc5553db5b04/1780920000.0_mean_300.0_v3" "tx64b4ed8c3bcd4410b7ac4-006a27d228" "proxy-server 20" 0.0109 "-" 23 0
Jun 9 08:43:20 np0000068128 container-server[125177]: 172.20.0.103 - - [09/Jun/2026:08:43:20 +0000] "PUT /d1/132/AUTH_81d2c38ea30a402e9f136a8f7455b4ab/gnocchi.a86e8577-1223-40e8-98b6-5233273a08ab/1780920000.0_mean_300.0_v3" 201 - "PUT http://172.18.0.214:8080/d1/557/AUTH_81d2c38ea30a402e9f136a8f7455b4ab/gnocchi.a86e8577-1223-40e8-98b6-5233273a08ab/1780920000.0_mean_300.0_v3" "txcef9baa5e8344407a7454-006a27d228" "object-server 22" 0.0007 "-" 14 0
Jun 9 08:43:20 np0000068128 object-server[125728]: 172.20.0.103 - - [09/Jun/2026:08:43:20 +0000] "PUT /d1/557/AUTH_81d2c38ea30a402e9f136a8f7455b4ab/gnocchi.a86e8577-1223-40e8-98b6-5233273a08ab/1780920000.0_mean_300.0_v3" 201 - "PUT http://172.18.0.214:8080/v1/AUTH_81d2c38ea30a402e9f136a8f7455b4ab/gnocchi.a86e8577-1223-40e8-98b6-5233273a08ab/1780920000.0_mean_300.0_v3" "txcef9baa5e8344407a7454-006a27d228" "proxy-server 20" 0.0105 "-" 22 0
Jun 9 08:43:20 np0000068128 proxy-server[127031]: 172.18.0.103 172.18.0.104 09/Jun/2026/08/43/20 PUT /v1/AUTH_81d2c38ea30a402e9f136a8f7455b4ab/gnocchi.a86e8577-1223-40e8-98b6-5233273a08ab/1780920000.0_mean_300.0_v3 HTTP/1.0 201 - python-swiftclient-3.11.1 gAAAAABqJ9HWsNi3... 16 - - txcef9baa5e8344407a7454-006a27d228 - 0.0200 - - 1780994600.568470478 1780994600.588514566 0
Jun 9 08:43:20 np0000068128 container-server[125222]: 172.20.0.103 - - [09/Jun/2026:08:43:20 +0000] "PUT /d1/504/AUTH_81d2c38ea30a402e9f136a8f7455b4ab/gnocchi.3a4da7ff-ce99-4642-b453-a0c13c4c22a9/1780920000.0_mean_300.0_v3" 201 - "PUT http://172.18.0.214:8080/d1/671/AUTH_81d2c38ea30a402e9f136a8f7455b4ab/gnocchi.3a4da7ff-ce99-4642-b453-a0c13c4c22a9/1780920000.0_mean_300.0_v3" "txf58b1577e13b47309d226-006a27d228" "object-server 24" 0.0006 "-" 17 0
Jun 9 08:43:20 np0000068128 object-server[125733]: 172.20.0.104 - - [09/Jun/2026:08:43:20 +0000] "PUT /d1/671/AUTH_81d2c38ea30a402e9f136a8f7455b4ab/gnocchi.3a4da7ff-ce99-4642-b453-a0c13c4c22a9/1780920000.0_mean_300.0_v3" 201 - "PUT http://172.18.0.214:8080/v1/AUTH_81d2c38ea30a402e9f136a8f7455b4ab/gnocchi.3a4da7ff-ce99-4642-b453-a0c13c4c22a9/1780920000.0_mean_300.0_v3" "txf58b1577e13b47309d226-006a27d228" "proxy-server 12" 0.0092 "-" 24 0
Jun 9 08:43:20 np0000068128 container-server[125185]: 172.20.0.104 - - [09/Jun/2026:08:43:20 +0000] "PUT /d1/46/AUTH_81d2c38ea30a402e9f136a8f7455b4ab/gnocchi.d2faffb9-977f-423b-8ad9-bc5553db5b04/none_v3" 201 - "PUT http://172.18.0.214:8080/d1/121/AUTH_81d2c38ea30a402e9f136a8f7455b4ab/gnocchi.d2faffb9-977f-423b-8ad9-bc5553db5b04/none_v3" "tx8c6059bfce764892bda61-006a27d228" "object-server 24" 0.0007 "-" 15 0
Jun 9 08:43:20 np0000068128 container-server[125185]: 172.20.0.103 - - [09/Jun/2026:08:43:20 +0000] "PUT /d1/132/AUTH_81d2c38ea30a402e9f136a8f7455b4ab/gnocchi.a86e8577-1223-40e8-98b6-5233273a08ab/none_v3" 201 - "PUT http://172.18.0.214:8080/d1/925/AUTH_81d2c38ea30a402e9f136a8f7455b4ab/gnocchi.a86e8577-1223-40e8-98b6-5233273a08ab/none_v3" "txaa9bf77340ea454d9d1cd-006a27d228" "object-server 24" 0.0006 "-" 15 0
Jun 9 08:43:20 np0000068128 object-server[125735]: 172.20.0.105 - - [09/Jun/2026:08:43:20 +0000] "PUT /d1/121/AUTH_81d2c38ea30a402e9f136a8f7455b4ab/gnocchi.d2faffb9-977f-423b-8ad9-bc5553db5b04/none_v3" 201 - "PUT http://172.18.0.214:8080/v1/AUTH_81d2c38ea30a402e9f136a8f7455b4ab/gnocchi.d2faffb9-977f-423b-8ad9-bc5553db5b04/none_v3" "tx8c6059bfce764892bda61-006a27d228" "proxy-server 20" 0.0199 "-" 25 0
Jun 9 08:43:20 np0000068128 object-server[125733]: 172.20.0.103 - - [09/Jun/2026:08:43:20 +0000] "PUT /d1/925/AUTH_81d2c38ea30a402e9f136a8f7455b4ab/gnocchi.a86e8577-1223-40e8-98b6-5233273a08ab/none_v3" 201 - "PUT http://172.18.0.214:8080/v1/AUTH_81d2c38ea30a402e9f136a8f7455b4ab/gnocchi.a86e8577-1223-40e8-98b6-5233273a08ab/none_v3" "txaa9bf77340ea454d9d1cd-006a27d228" "proxy-server 20" 0.0177 "-" 24 0
Jun 9 08:43:20 np0000068128 proxy-server[127031]: 172.18.0.103 172.18.0.104 09/Jun/2026/08/43/20 PUT /v1/AUTH_81d2c38ea30a402e9f136a8f7455b4ab/gnocchi.a86e8577-1223-40e8-98b6-5233273a08ab/none_v3 HTTP/1.0 201 - python-swiftclient-3.11.1 gAAAAABqJ9HWsNi3... 22 - - txaa9bf77340ea454d9d1cd-006a27d228 - 0.0246 - - 1780994600.594358444 1780994600.618926764 0
Jun 9 08:43:20 np0000068128 container-server[125222]: 172.20.0.104 - - [09/Jun/2026:08:43:20 +0000] "PUT /d1/504/AUTH_81d2c38ea30a402e9f136a8f7455b4ab/gnocchi.3a4da7ff-ce99-4642-b453-a0c13c4c22a9/none_v3" 201 - "PUT http://172.18.0.214:8080/d1/661/AUTH_81d2c38ea30a402e9f136a8f7455b4ab/gnocchi.3a4da7ff-ce99-4642-b453-a0c13c4c22a9/none_v3" "tx5bcc4bcb5312424cb7eb9-006a27d228" "object-server 22" 0.0006 "-" 17 0
Jun 9 08:43:20 np0000068128 object-server[125730]: 172.20.0.104 - - [09/Jun/2026:08:43:20 +0000] "PUT /d1/661/AUTH_81d2c38ea30a402e9f136a8f7455b4ab/gnocchi.3a4da7ff-ce99-4642-b453-a0c13c4c22a9/none_v3" 201 - "PUT http://172.18.0.214:8080/v1/AUTH_81d2c38ea30a402e9f136a8f7455b4ab/gnocchi.3a4da7ff-ce99-4642-b453-a0c13c4c22a9/none_v3" "tx5bcc4bcb5312424cb7eb9-006a27d228" "proxy-server 12" 0.0152 "-" 23 0
Jun 9 08:43:20 np0000068128 container-server[125185]: 172.20.0.105 - - [09/Jun/2026:08:43:20 +0000] "HEAD /d1/337/AUTH_81d2c38ea30a402e9f136a8f7455b4ab/gnocchi.91deb96e-e957-4f63-bb02-0c2ed032f202" 404 - "HEAD http://172.18.0.214:8080/v1/AUTH_81d2c38ea30a402e9f136a8f7455b4ab/gnocchi.91deb96e-e957-4f63-bb02-0c2ed032f202?format=json&states=listing" "tx2dc78a7e20e7439ebaa90-006a27d228" "proxy-server 20" 0.0004 "-" 15 0
Jun 9 08:43:20 np0000068128 object-server[125730]: 172.20.0.105 - - [09/Jun/2026:08:43:20 +0000] "GET /d1/330/AUTH_81d2c38ea30a402e9f136a8f7455b4ab/gnocchi.91deb96e-e957-4f63-bb02-0c2ed032f202/none_v3" 404 70 "GET http://172.18.0.214:8080/v1/AUTH_81d2c38ea30a402e9f136a8f7455b4ab/gnocchi.91deb96e-e957-4f63-bb02-0c2ed032f202/none_v3" "tx2dc78a7e20e7439ebaa90-006a27d228" "proxy-server 20" 0.0004 "-" 23 0
Jun 9 08:43:20 np0000068128 container-server[125191]: 172.20.0.103 - - [09/Jun/2026:08:43:20 +0000] "HEAD /d1/227/AUTH_81d2c38ea30a402e9f136a8f7455b4ab/gnocchi.0493e3d0-d267-4186-8a72-e1c103435a3d" 404 - "HEAD http://172.18.0.214:8080/v1/AUTH_81d2c38ea30a402e9f136a8f7455b4ab/gnocchi.0493e3d0-d267-4186-8a72-e1c103435a3d?format=json&states=listing" "txd9305b5454d747d991542-006a27d228" "proxy-server 20" 0.0004 "-" 16 0
Jun 9 08:43:20 np0000068128 object-server[125730]: 172.20.0.103 - - [09/Jun/2026:08:43:20 +0000] "GET /d1/496/AUTH_81d2c38ea30a402e9f136a8f7455b4ab/gnocchi.0493e3d0-d267-4186-8a72-e1c103435a3d/none_v3" 404 70 "GET http://172.18.0.214:8080/v1/AUTH_81d2c38ea30a402e9f136a8f7455b4ab/gnocchi.0493e3d0-d267-4186-8a72-e1c103435a3d/none_v3" "txd9305b5454d747d991542-006a27d228" "proxy-server 20" 0.0003 "-" 23 0
Jun 9 08:43:20 np0000068128 proxy-server[127031]: 172.18.0.103 172.18.0.104 09/Jun/2026/08/43/20 GET /v1/AUTH_81d2c38ea30a402e9f136a8f7455b4ab/gnocchi.0493e3d0-d267-4186-8a72-e1c103435a3d/none_v3 HTTP/1.0 404 - python-swiftclient-3.11.1 gAAAAABqJ9HWsNi3... - 70 - txd9305b5454d747d991542-006a27d228 - 0.0309 - - 1780994600.635892153 1780994600.666784763 0
Jun 9 08:43:20 np0000068128 container-server[125191]: 172.20.0.104 - - [09/Jun/2026:08:43:20 +0000] "HEAD /d1/44/AUTH_81d2c38ea30a402e9f136a8f7455b4ab/gnocchi.1258b107-4a9e-49e3-9f9d-9da34c5c36dc" 404 - "HEAD http://172.18.0.214:8080/v1/AUTH_81d2c38ea30a402e9f136a8f7455b4ab/gnocchi.1258b107-4a9e-49e3-9f9d-9da34c5c36dc?format=json&states=listing" "tx290839c7dfa14ec8a7a26-006a27d228" "proxy-server 12" 0.0004 "-" 16 0
Jun 9 08:43:20 np0000068128 account-server[125036]: 172.20.0.103 - - [09/Jun/2026:08:43:20 +0000] "PUT /d1/412/AUTH_81d2c38ea30a402e9f136a8f7455b4ab/gnocchi.91deb96e-e957-4f63-bb02-0c2ed032f202" 201 - "PUT http://172.20.0.103:6001/d1/337/AUTH_81d2c38ea30a402e9f136a8f7455b4ab/gnocchi.91deb96e-e957-4f63-bb02-0c2ed032f202" "tx08730394e568424a99682-006a27d228" "container-server 17" 0.0060 "-" 17 0
Jun 9 08:43:20 np0000068128 container-server[125222]: 172.20.0.105 - - [09/Jun/2026:08:43:20 +0000] "PUT /d1/337/AUTH_81d2c38ea30a402e9f136a8f7455b4ab/gnocchi.91deb96e-e957-4f63-bb02-0c2ed032f202" 201 - "PUT http://172.18.0.214:8080/v1/AUTH_81d2c38ea30a402e9f136a8f7455b4ab/gnocchi.91deb96e-e957-4f63-bb02-0c2ed032f202" "tx08730394e568424a99682-006a27d228" "proxy-server 20" 0.0199 "-" 17 0
Jun 9 08:43:20 np0000068128 account-server[125008]: 172.20.0.105 - - [09/Jun/2026:08:43:20 +0000] "PUT /d1/412/AUTH_81d2c38ea30a402e9f136a8f7455b4ab/gnocchi.0493e3d0-d267-4186-8a72-e1c103435a3d" 201 - "PUT http://172.20.0.105:6001/d1/227/AUTH_81d2c38ea30a402e9f136a8f7455b4ab/gnocchi.0493e3d0-d267-4186-8a72-e1c103435a3d" "tx009ad9bcce1d4df882153-006a27d228" "container-server 21" 0.0094 "-" 15 0
Jun 9 08:43:20 np0000068128 object-server[125733]: 172.20.0.104 - - [09/Jun/2026:08:43:20 +0000] "GET /d1/205/AUTH_81d2c38ea30a402e9f136a8f7455b4ab/gnocchi.1258b107-4a9e-49e3-9f9d-9da34c5c36dc/none_v3" 404 70 "GET http://172.18.0.214:8080/v1/AUTH_81d2c38ea30a402e9f136a8f7455b4ab/gnocchi.1258b107-4a9e-49e3-9f9d-9da34c5c36dc/none_v3" "tx290839c7dfa14ec8a7a26-006a27d228" "proxy-server 12" 0.0003 "-" 24 0
Jun 9 08:43:20 np0000068128 container-server[125177]: 172.20.0.103 - - [09/Jun/2026:08:43:20 +0000] "PUT /d1/227/AUTH_81d2c38ea30a402e9f136a8f7455b4ab/gnocchi.0493e3d0-d267-4186-8a72-e1c103435a3d" 201 - "PUT http://172.18.0.214:8080/v1/AUTH_81d2c38ea30a402e9f136a8f7455b4ab/gnocchi.0493e3d0-d267-4186-8a72-e1c103435a3d" "tx009ad9bcce1d4df882153-006a27d228" "proxy-server 20" 0.0276 "-" 14 0
Jun 9 08:43:20 np0000068128 container-server[125191]: 172.20.0.105 - - [09/Jun/2026:08:43:20 +0000] "GET /d1/337/AUTH_81d2c38ea30a402e9f136a8f7455b4ab/gnocchi.91deb96e-e957-4f63-bb02-0c2ed032f202" 200 2 "GET http://172.18.0.214:8080/v1/AUTH_81d2c38ea30a402e9f136a8f7455b4ab/gnocchi.91deb96e-e957-4f63-bb02-0c2ed032f202?format=json&states=listing" "tx128e8b5a5f094537987fc-006a27d228" "proxy-server 20" 0.0020 "-" 16 0
Jun 9 08:43:20 np0000068128 proxy-server[127031]: 172.18.0.103 172.18.0.104 09/Jun/2026/08/43/20 PUT /v1/AUTH_81d2c38ea30a402e9f136a8f7455b4ab/gnocchi.0493e3d0-d267-4186-8a72-e1c103435a3d HTTP/1.0 201 - python-swiftclient-3.11.1 gAAAAABqJ9HWsNi3... - - - tx009ad9bcce1d4df882153-006a27d228 - 0.0439 - - 1780994600.670347691 1780994600.714242935 0
Jun 9 08:43:20 np0000068128 proxy-server[127031]: - - 09/Jun/2026/08/43/20 HEAD /v1/AUTH_81d2c38ea30a402e9f136a8f7455b4ab/gnocchi.0493e3d0-d267-4186-8a72-e1c103435a3d%3Fformat%3Djson%26states%3Dlisting HTTP/1.0 204 - Swift - - - - tx91848fcbc32b4b149a721-006a27d228 - 0.0056 RL - 1780994600.720402002 1780994600.725962162 0
Jun 9 08:43:20 np0000068128 object-server[125730]: 172.20.0.105 - - [09/Jun/2026:08:43:20 +0000] "GET /d1/830/AUTH_81d2c38ea30a402e9f136a8f7455b4ab/gnocchi.91deb96e-e957-4f63-bb02-0c2ed032f202/1780920000.0_mean_300.0_v3" 404 70 "GET http://172.18.0.214:8080/v1/AUTH_81d2c38ea30a402e9f136a8f7455b4ab/gnocchi.91deb96e-e957-4f63-bb02-0c2ed032f202/1780920000.0_mean_300.0_v3" "tx1615c6a5daef4663a2982-006a27d228" "proxy-server 20" 0.0004 "-" 23 0
