Jun 9 08:43:20 np0000068128 account-server[125003]: 172.20.0.103 - - [09/Jun/2026:08:43:20 +0000] "PUT /d1/412/AUTH_81d2c38ea30a402e9f136a8f7455b4ab/gnocchi.1258b107-4a9e-49e3-9f9d-9da34c5c36dc" 201 - "PUT http://172.20.0.103:6001/d1/44/AUTH_81d2c38ea30a402e9f136a8f7455b4ab/gnocchi.1258b107-4a9e-49e3-9f9d-9da34c5c36dc" "tx454fc882113f4abf9812d-006a27d228" "container-server 14" 0.0051 "-" 14 0
Jun 9 08:43:20 np0000068128 container-server[125177]: 172.20.0.104 - - [09/Jun/2026:08:43:20 +0000] "PUT /d1/44/AUTH_81d2c38ea30a402e9f136a8f7455b4ab/gnocchi.1258b107-4a9e-49e3-9f9d-9da34c5c36dc" 201 - "PUT http://172.18.0.214:8080/v1/AUTH_81d2c38ea30a402e9f136a8f7455b4ab/gnocchi.1258b107-4a9e-49e3-9f9d-9da34c5c36dc" "tx454fc882113f4abf9812d-006a27d228" "proxy-server 12" 0.0253 "-" 14 0
Jun 9 08:43:20 np0000068128 proxy-server[127031]: 172.18.0.103 172.18.0.104 09/Jun/2026/08/43/20 GET /v1/AUTH_81d2c38ea30a402e9f136a8f7455b4ab/gnocchi.0493e3d0-d267-4186-8a72-e1c103435a3d%3Fformat%3Djson%26states%3Dlisting HTTP/1.0 200 - python-swiftclient-3.11.1 gAAAAABqJ9HWsNi3... - 2 - tx91848fcbc32b4b149a721-006a27d228 - 0.0181 - - 1780994600.718876362 1780994600.736952305 0
Jun 9 08:43:20 np0000068128 container-server[125177]: 172.20.0.104 - - [09/Jun/2026:08:43:20 +0000] "HEAD /d1/439/AUTH_81d2c38ea30a402e9f136a8f7455b4ab/gnocchi.b42358ea-1e64-45d7-99e8-34066545df5c" 404 - "HEAD http://172.18.0.214:8080/v1/AUTH_81d2c38ea30a402e9f136a8f7455b4ab/gnocchi.b42358ea-1e64-45d7-99e8-34066545df5c?format=json&states=listing" "tx63902f92ad1842e0abf0c-006a27d228" "proxy-server 12" 0.0004 "-" 14 0
Jun 9 08:43:20 np0000068128 container-server[125191]: 172.20.0.103 - - [09/Jun/2026:08:43:20 +0000] "PUT /d1/337/AUTH_81d2c38ea30a402e9f136a8f7455b4ab/gnocchi.91deb96e-e957-4f63-bb02-0c2ed032f202/1780920000.0_mean_300.0_v3" 201 - "PUT http://172.18.0.214:8080/d1/830/AUTH_81d2c38ea30a402e9f136a8f7455b4ab/gnocchi.91deb96e-e957-4f63-bb02-0c2ed032f202/1780920000.0_mean_300.0_v3" "txba3dbc739fb04839926a9-006a27d228" "object-server 23" 0.0006 "-" 16 0
Jun 9 08:43:20 np0000068128 object-server[125730]: 172.20.0.103 - - [09/Jun/2026:08:43:20 +0000] "GET /d1/188/AUTH_81d2c38ea30a402e9f136a8f7455b4ab/gnocchi.0493e3d0-d267-4186-8a72-e1c103435a3d/1780920000.0_mean_300.0_v3" 404 70 "GET http://172.18.0.214:8080/v1/AUTH_81d2c38ea30a402e9f136a8f7455b4ab/gnocchi.0493e3d0-d267-4186-8a72-e1c103435a3d/1780920000.0_mean_300.0_v3" "tx0c6cd657a9414921abd6b-006a27d228" "proxy-server 20" 0.0003 "-" 23 0
Jun 9 08:43:20 np0000068128 object-server[125730]: 172.20.0.105 - - [09/Jun/2026:08:43:20 +0000] "PUT /d1/830/AUTH_81d2c38ea30a402e9f136a8f7455b4ab/gnocchi.91deb96e-e957-4f63-bb02-0c2ed032f202/1780920000.0_mean_300.0_v3" 201 - "PUT http://172.18.0.214:8080/v1/AUTH_81d2c38ea30a402e9f136a8f7455b4ab/gnocchi.91deb96e-e957-4f63-bb02-0c2ed032f202/1780920000.0_mean_300.0_v3" "txba3dbc739fb04839926a9-006a27d228" "proxy-server 20" 0.0130 "-" 23 0
Jun 9 08:43:20 np0000068128 proxy-server[127031]: 172.18.0.103 172.18.0.104 09/Jun/2026/08/43/20 GET /v1/AUTH_81d2c38ea30a402e9f136a8f7455b4ab/gnocchi.0493e3d0-d267-4186-8a72-e1c103435a3d/1780920000.0_mean_300.0_v3 HTTP/1.0 404 - python-swiftclient-3.11.1 gAAAAABqJ9HWsNi3... - 70 - tx0c6cd657a9414921abd6b-006a27d228 - 0.0215 - - 1780994600.741016865 1780994600.762500048 0
Jun 9 08:43:20 np0000068128 object-server[125735]: 172.20.0.104 - - [09/Jun/2026:08:43:20 +0000] "GET /d1/446/AUTH_81d2c38ea30a402e9f136a8f7455b4ab/gnocchi.b42358ea-1e64-45d7-99e8-34066545df5c/none_v3" 404 70 "GET http://172.18.0.214:8080/v1/AUTH_81d2c38ea30a402e9f136a8f7455b4ab/gnocchi.b42358ea-1e64-45d7-99e8-34066545df5c/none_v3" "tx63902f92ad1842e0abf0c-006a27d228" "proxy-server 12" 0.0007 "-" 25 0
Jun 9 08:43:20 np0000068128 container-server[125191]: 172.20.0.103 - - [09/Jun/2026:08:43:20 +0000] "PUT /d1/227/AUTH_81d2c38ea30a402e9f136a8f7455b4ab/gnocchi.0493e3d0-d267-4186-8a72-e1c103435a3d/1780920000.0_mean_300.0_v3" 201 - "PUT http://172.18.0.214:8080/d1/188/AUTH_81d2c38ea30a402e9f136a8f7455b4ab/gnocchi.0493e3d0-d267-4186-8a72-e1c103435a3d/1780920000.0_mean_300.0_v3" "tx5eeb1886d30646f39effe-006a27d228" "object-server 25" 0.0006 "-" 16 0
Jun 9 08:43:20 np0000068128 object-server[125735]: 172.20.0.103 - - [09/Jun/2026:08:43:20 +0000] "PUT /d1/188/AUTH_81d2c38ea30a402e9f136a8f7455b4ab/gnocchi.0493e3d0-d267-4186-8a72-e1c103435a3d/1780920000.0_mean_300.0_v3" 201 - "PUT http://172.18.0.214:8080/v1/AUTH_81d2c38ea30a402e9f136a8f7455b4ab/gnocchi.0493e3d0-d267-4186-8a72-e1c103435a3d/1780920000.0_mean_300.0_v3" "tx5eeb1886d30646f39effe-006a27d228" "proxy-server 20" 0.0111 "-" 25 0
Jun 9 08:43:20 np0000068128 container-server[125222]: 172.20.0.105 - - [09/Jun/2026:08:43:20 +0000] "PUT /d1/337/AUTH_81d2c38ea30a402e9f136a8f7455b4ab/gnocchi.91deb96e-e957-4f63-bb02-0c2ed032f202/none_v3" 201 - "PUT http://172.18.0.214:8080/d1/330/AUTH_81d2c38ea30a402e9f136a8f7455b4ab/gnocchi.91deb96e-e957-4f63-bb02-0c2ed032f202/none_v3" "tx96fa9846727c4c3d8b90e-006a27d228" "object-server 24" 0.0006 "-" 17 0
Jun 9 08:43:20 np0000068128 proxy-server[127031]: 172.18.0.103 172.18.0.104 09/Jun/2026/08/43/20 PUT /v1/AUTH_81d2c38ea30a402e9f136a8f7455b4ab/gnocchi.0493e3d0-d267-4186-8a72-e1c103435a3d/1780920000.0_mean_300.0_v3 HTTP/1.0 201 - python-swiftclient-3.11.1 gAAAAABqJ9HWsNi3... 16 - - tx5eeb1886d30646f39effe-006a27d228 - 0.0263 - - 1780994600.766459942 1780994600.792720079 0
Jun 9 08:43:20 np0000068128 object-server[125735]: 172.20.0.105 - - [09/Jun/2026:08:43:20 +0000] "PUT /d1/330/AUTH_81d2c38ea30a402e9f136a8f7455b4ab/gnocchi.91deb96e-e957-4f63-bb02-0c2ed032f202/none_v3" 201 - "PUT http://172.18.0.214:8080/v1/AUTH_81d2c38ea30a402e9f136a8f7455b4ab/gnocchi.91deb96e-e957-4f63-bb02-0c2ed032f202/none_v3" "tx96fa9846727c4c3d8b90e-006a27d228" "proxy-server 20" 0.0178 "-" 25 0
Jun 9 08:43:20 np0000068128 account-server[125036]: 172.20.0.104 - - [09/Jun/2026:08:43:20 +0000] "PUT /d1/412/AUTH_81d2c38ea30a402e9f136a8f7455b4ab/gnocchi.b42358ea-1e64-45d7-99e8-34066545df5c" 201 - "PUT http://172.20.0.104:6001/d1/439/AUTH_81d2c38ea30a402e9f136a8f7455b4ab/gnocchi.b42358ea-1e64-45d7-99e8-34066545df5c" "tx7eafa0e16de54c6f8da50-006a27d228" "container-server 23" 0.0043 "-" 17 0
Jun 9 08:43:20 np0000068128 container-server[125177]: 172.20.0.104 - - [09/Jun/2026:08:43:20 +0000] "PUT /d1/439/AUTH_81d2c38ea30a402e9f136a8f7455b4ab/gnocchi.b42358ea-1e64-45d7-99e8-34066545df5c" 201 - "PUT http://172.18.0.214:8080/v1/AUTH_81d2c38ea30a402e9f136a8f7455b4ab/gnocchi.b42358ea-1e64-45d7-99e8-34066545df5c" "tx7eafa0e16de54c6f8da50-006a27d228" "proxy-server 12" 0.0254 "-" 14 0
Jun 9 08:43:20 np0000068128 container-server[125185]: 172.20.0.104 - - [09/Jun/2026:08:43:20 +0000] "PUT /d1/227/AUTH_81d2c38ea30a402e9f136a8f7455b4ab/gnocchi.0493e3d0-d267-4186-8a72-e1c103435a3d/none_v3" 201 - "PUT http://172.18.0.214:8080/d1/496/AUTH_81d2c38ea30a402e9f136a8f7455b4ab/gnocchi.0493e3d0-d267-4186-8a72-e1c103435a3d/none_v3" "tx1663f48a0e8f49dda4c1d-006a27d228" "object-server 23" 0.0005 "-" 15 0
Jun 9 08:43:20 np0000068128 container-server[125191]: 172.20.0.105 - - [09/Jun/2026:08:43:20 +0000] "HEAD /d1/44/AUTH_81d2c38ea30a402e9f136a8f7455b4ab/gnocchi.1258b107-4a9e-49e3-9f9d-9da34c5c36dc" 204 - "HEAD http://172.18.0.214:8080/v1/AUTH_81d2c38ea30a402e9f136a8f7455b4ab/gnocchi.1258b107-4a9e-49e3-9f9d-9da34c5c36dc?format=json&states=listing" "tx7eac1584a2f64fcb9612a-006a27d228" "proxy-server 20" 0.0012 "-" 16 0
Jun 9 08:43:20 np0000068128 object-server[125730]: 172.20.0.103 - - [09/Jun/2026:08:43:20 +0000] "PUT /d1/496/AUTH_81d2c38ea30a402e9f136a8f7455b4ab/gnocchi.0493e3d0-d267-4186-8a72-e1c103435a3d/none_v3" 201 - "PUT http://172.18.0.214:8080/v1/AUTH_81d2c38ea30a402e9f136a8f7455b4ab/gnocchi.0493e3d0-d267-4186-8a72-e1c103435a3d/none_v3" "tx1663f48a0e8f49dda4c1d-006a27d228" "proxy-server 20" 0.0309 "-" 23 0
Jun 9 08:43:20 np0000068128 proxy-server[127031]: 172.18.0.103 172.18.0.104 09/Jun/2026/08/43/20 PUT /v1/AUTH_81d2c38ea30a402e9f136a8f7455b4ab/gnocchi.0493e3d0-d267-4186-8a72-e1c103435a3d/none_v3 HTTP/1.0 201 - python-swiftclient-3.11.1 gAAAAABqJ9HWsNi3... 22 - - tx1663f48a0e8f49dda4c1d-006a27d228 - 0.0376 - - 1780994600.796409607 1780994600.833976746 0
Jun 9 08:43:20 np0000068128 container-server[125191]: 172.20.0.104 - - [09/Jun/2026:08:43:20 +0000] "HEAD /d1/922/AUTH_81d2c38ea30a402e9f136a8f7455b4ab/gnocchi.8685ba51-040b-4da1-9c57-adc7292f3871" 404 - "HEAD http://172.18.0.214:8080/v1/AUTH_81d2c38ea30a402e9f136a8f7455b4ab/gnocchi.8685ba51-040b-4da1-9c57-adc7292f3871?format=json&states=listing" "tx36d020f1e6d0459bb378b-006a27d228" "proxy-server 12" 0.0006 "-" 16 0
Jun 9 08:43:20 np0000068128 container-server[125191]: 172.20.0.103 - - [09/Jun/2026:08:43:20 +0000] "HEAD /d1/166/AUTH_81d2c38ea30a402e9f136a8f7455b4ab/gnocchi.3f8cf9f3-db2f-450b-ba49-d1f004da4c98" 404 - "HEAD http://172.18.0.214:8080/v1/AUTH_81d2c38ea30a402e9f136a8f7455b4ab/gnocchi.3f8cf9f3-db2f-450b-ba49-d1f004da4c98?format=json&states=listing" "tx6d43418b04c84b36a6a16-006a27d228" "proxy-server 20" 0.0003 "-" 16 0
Jun 9 08:43:20 np0000068128 object-server[125735]: 172.20.0.104 - - [09/Jun/2026:08:43:20 +0000] "GET /d1/293/AUTH_81d2c38ea30a402e9f136a8f7455b4ab/gnocchi.8685ba51-040b-4da1-9c57-adc7292f3871/none_v3" 404 70 "GET http://172.18.0.214:8080/v1/AUTH_81d2c38ea30a402e9f136a8f7455b4ab/gnocchi.8685ba51-040b-4da1-9c57-adc7292f3871/none_v3" "tx36d020f1e6d0459bb378b-006a27d228" "proxy-server 12" 0.0004 "-" 25 0
Jun 9 08:43:20 np0000068128 object-server[125735]: 172.20.0.103 - - [09/Jun/2026:08:43:20 +0000] "GET /d1/1002/AUTH_81d2c38ea30a402e9f136a8f7455b4ab/gnocchi.3f8cf9f3-db2f-450b-ba49-d1f004da4c98/none_v3" 404 70 "GET http://172.18.0.214:8080/v1/AUTH_81d2c38ea30a402e9f136a8f7455b4ab/gnocchi.3f8cf9f3-db2f-450b-ba49-d1f004da4c98/none_v3" "tx6d43418b04c84b36a6a16-006a27d228" "proxy-server 20" 0.0004 "-" 25 0
Jun 9 08:43:20 np0000068128 proxy-server[127031]: 172.18.0.103 172.18.0.104 09/Jun/2026/08/43/20 GET /v1/AUTH_81d2c38ea30a402e9f136a8f7455b4ab/gnocchi.3f8cf9f3-db2f-450b-ba49-d1f004da4c98/none_v3 HTTP/1.0 404 - python-swiftclient-3.11.1 gAAAAABqJ9HWsNi3... - 70 - tx6d43418b04c84b36a6a16-006a27d228 - 0.0303 - - 1780994600.872687578 1780994600.902998209 0
Jun 9 08:43:20 np0000068128 container-server[125191]: 172.20.0.105 - - [09/Jun/2026:08:43:20 +0000] "GET /d1/439/AUTH_81d2c38ea30a402e9f136a8f7455b4ab/gnocchi.b42358ea-1e64-45d7-99e8-34066545df5c" 200 2 "GET http://172.18.0.214:8080/v1/AUTH_81d2c38ea30a402e9f136a8f7455b4ab/gnocchi.b42358ea-1e64-45d7-99e8-34066545df5c?format=json&states=listing" "tx1b90e0afaf214c999974b-006a27d228" "proxy-server 20" 0.0024 "-" 16 0
Jun 9 08:43:20 np0000068128 account-server[125022]: 172.20.0.103 - - [09/Jun/2026:08:43:20 +0000] "PUT /d1/412/AUTH_81d2c38ea30a402e9f136a8f7455b4ab/gnocchi.8685ba51-040b-4da1-9c57-adc7292f3871" 201 - "PUT http://172.20.0.103:6001/d1/922/AUTH_81d2c38ea30a402e9f136a8f7455b4ab/gnocchi.8685ba51-040b-4da1-9c57-adc7292f3871" "txaaf62873daa34ec49c1fc-006a27d228" "container-server 16" 0.0069 "-" 16 0
Jun 9 08:43:20 np0000068128 container-server[125191]: 172.20.0.104 - - [09/Jun/2026:08:43:20 +0000] "PUT /d1/922/AUTH_81d2c38ea30a402e9f136a8f7455b4ab/gnocchi.8685ba51-040b-4da1-9c57-adc7292f3871" 201 - "PUT http://172.18.0.214:8080/v1/AUTH_81d2c38ea30a402e9f136a8f7455b4ab/gnocchi.8685ba51-040b-4da1-9c57-adc7292f3871" "txaaf62873daa34ec49c1fc-006a27d228" "proxy-server 12" 0.0200 "-" 16 0
Jun 9 08:43:20 np0000068128 object-server[125733]: 172.20.0.105 - - [09/Jun/2026:08:43:20 +0000] "GET /d1/21/AUTH_81d2c38ea30a402e9f136a8f7455b4ab/gnocchi.1258b107-4a9e-49e3-9f9d-9da34c5c36dc/1780920000.0_mean_300.0_v3" 404 70 "GET http://172.18.0.214:8080/v1/AUTH_81d2c38ea30a402e9f136a8f7455b4ab/gnocchi.1258b107-4a9e-49e3-9f9d-9da34c5c36dc/1780920000.0_mean_300.0_v3" "tx99e1c2a1c3ea45979c1a9-006a27d228" "proxy-server 20" 0.0008 "-" 24 0
Jun 9 08:43:20 np0000068128 account-server[125008]: 172.20.0.104 - - [09/Jun/2026:08:43:20 +0000] "PUT /d1/412/AUTH_81d2c38ea30a402e9f136a8f7455b4ab/gnocchi.3f8cf9f3-db2f-450b-ba49-d1f004da4c98" 201 - "PUT http://172.20.0.104:6001/d1/166/AUTH_81d2c38ea30a402e9f136a8f7455b4ab/gnocchi.3f8cf9f3-db2f-450b-ba49-d1f004da4c98" "tx815df250279c4906a85fa-006a27d228" "container-server 22" 0.0079 "-" 15 0
Jun 9 08:43:20 np0000068128 container-server[125191]: 172.20.0.103 - - [09/Jun/2026:08:43:20 +0000] "PUT /d1/166/AUTH_81d2c38ea30a402e9f136a8f7455b4ab/gnocchi.3f8cf9f3-db2f-450b-ba49-d1f004da4c98" 201 - "PUT http://172.18.0.214:8080/v1/AUTH_81d2c38ea30a402e9f136a8f7455b4ab/gnocchi.3f8cf9f3-db2f-450b-ba49-d1f004da4c98" "tx815df250279c4906a85fa-006a27d228" "proxy-server 20" 0.0253 "-" 16 0
Jun 9 08:43:20 np0000068128 proxy-server[127031]: 172.18.0.103 172.18.0.104 09/Jun/2026/08/43/20 PUT /v1/AUTH_81d2c38ea30a402e9f136a8f7455b4ab/gnocchi.3f8cf9f3-db2f-450b-ba49-d1f004da4c98 HTTP/1.0 201 - python-swiftclient-3.11.1 gAAAAABqJ9HWsNi3... - - - tx815df250279c4906a85fa-006a27d228 - 0.0382 - - 1780994600.908169985 1780994600.946340322 0
Jun 9 08:43:20 np0000068128 container-server[125222]: 172.20.0.104 - - [09/Jun/2026:08:43:20 +0000] "HEAD /d1/922/AUTH_81d2c38ea30a402e9f136a8f7455b4ab/gnocchi.8685ba51-040b-4da1-9c57-adc7292f3871" 204 - "HEAD http://172.18.0.214:8080/v1/AUTH_81d2c38ea30a402e9f136a8f7455b4ab/gnocchi.8685ba51-040b-4da1-9c57-adc7292f3871?format=json&states=listing" "tx98afe6d129194e7ca7259-006a27d228" "proxy-server 12" 0.0012 "-" 17 0
Jun 9 08:43:20 np0000068128 object-server[125730]: 172.20.0.105 - - [09/Jun/2026:08:43:20 +0000] "GET /d1/498/AUTH_81d2c38ea30a402e9f136a8f7455b4ab/gnocchi.b42358ea-1e64-45d7-99e8-34066545df5c/1780920000.0_mean_300.0_v3" 404 70 "GET http://172.18.0.214:8080/v1/AUTH_81d2c38ea30a402e9f136a8f7455b4ab/gnocchi.b42358ea-1e64-45d7-99e8-34066545df5c/1780920000.0_mean_300.0_v3" "tx402d39a9e4c6491b9ba41-006a27d228" "proxy-server 20" 0.0005 "-" 23 0
Jun 9 08:43:20 np0000068128 proxy-server[127031]: - - 09/Jun/2026/08/43/20 HEAD /v1/AUTH_81d2c38ea30a402e9f136a8f7455b4ab/gnocchi.3f8cf9f3-db2f-450b-ba49-d1f004da4c98%3Fformat%3Djson%26states%3Dlisting HTTP/1.0 204 - Swift - - - - txc4e2c4ec6b1e405cb5ee1-006a27d228 - 0.0070 RL - 1780994600.951459646 1780994600.958481550 0
Jun 9 08:43:20 np0000068128 container-server[125185]: 172.20.0.104 - - [09/Jun/2026:08:43:20 +0000] "GET /d1/922/AUTH_81d2c38ea30a402e9f136a8f7455b4ab/gnocchi.8685ba51-040b-4da1-9c57-adc7292f3871" 200 2 "GET http://172.18.0.214:8080/v1/AUTH_81d2c38ea30a402e9f136a8f7455b4ab/gnocchi.8685ba51-040b-4da1-9c57-adc7292f3871?format=json&states=listing" "tx98afe6d129194e7ca7259-006a27d228" "proxy-server 12" 0.0021 "-" 15 0
Jun 9 08:43:20 np0000068128 proxy-server[127031]: 172.18.0.103 172.18.0.104 09/Jun/2026/08/43/20 GET /v1/AUTH_81d2c38ea30a402e9f136a8f7455b4ab/gnocchi.3f8cf9f3-db2f-450b-ba49-d1f004da4c98%3Fformat%3Djson%26states%3Dlisting HTTP/1.0 200 - python-swiftclient-3.11.1 gAAAAABqJ9HWsNi3... - 2 - txc4e2c4ec6b1e405cb5ee1-006a27d228 - 0.0204 - - 1780994600.950042009 1780994600.970491409 0
Jun 9 08:43:20 np0000068128 object-server[125730]: 172.20.0.104 - - [09/Jun/2026:08:43:20 +0000] "GET /d1/962/AUTH_81d2c38ea30a402e9f136a8f7455b4ab/gnocchi.8685ba51-040b-4da1-9c57-adc7292f3871/1780920000.0_mean_300.0_v3" 404 70 "GET http://172.18.0.214:8080/v1/AUTH_81d2c38ea30a402e9f136a8f7455b4ab/gnocchi.8685ba51-040b-4da1-9c57-adc7292f3871/1780920000.0_mean_300.0_v3" "tx97707b36ca714a4c9d554-006a27d228" "proxy-server 12" 0.0004 "-" 23 0
Jun 9 08:43:20 np0000068128 object-server[125735]: 172.20.0.103 - - [09/Jun/2026:08:43:20 +0000] "GET /d1/504/AUTH_81d2c38ea30a402e9f136a8f7455b4ab/gnocchi.3f8cf9f3-db2f-450b-ba49-d1f004da4c98/1780920000.0_mean_300.0_v3" 404 70 "GET http://172.18.0.214:8080/v1/AUTH_81d2c38ea30a402e9f136a8f7455b4ab/gnocchi.3f8cf9f3-db2f-450b-ba49-d1f004da4c98/1780920000.0_mean_300.0_v3" "txa0467582e4e24e6cae7f0-006a27d228" "proxy-server 20" 0.0003 "-" 25 0
Jun 9 08:43:20 np0000068128 container-server[125185]: 172.20.0.103 - - [09/Jun/2026:08:43:20 +0000] "PUT /d1/44/AUTH_81d2c38ea30a402e9f136a8f7455b4ab/gnocchi.1258b107-4a9e-49e3-9f9d-9da34c5c36dc/1780920000.0_mean_300.0_v3" 201 - "PUT http://172.18.0.214:8080/d1/21/AUTH_81d2c38ea30a402e9f136a8f7455b4ab/gnocchi.1258b107-4a9e-49e3-9f9d-9da34c5c36dc/1780920000.0_mean_300.0_v3" "tx8f9d8f21627d44239265a-006a27d228" "object-server 24" 0.0007 "-" 15 0
Jun 9 08:43:20 np0000068128 proxy-server[127031]: 172.18.0.103 172.18.0.104 09/Jun/2026/08/43/20 GET /v1/AUTH_81d2c38ea30a402e9f136a8f7455b4ab/gnocchi.3f8cf9f3-db2f-450b-ba49-d1f004da4c98/1780920000.0_mean_300.0_v3 HTTP/1.0 404 - python-swiftclient-3.11.1 gAAAAABqJ9HWsNi3... - 70 - txa0467582e4e24e6cae7f0-006a27d228 - 0.0161 - - 1780994600.974681377 1780994600.990756512 0
Jun 9 08:43:20 np0000068128 object-server[125733]: 172.20.0.105 - - [09/Jun/2026:08:43:20 +0000] "PUT /d1/21/AUTH_81d2c38ea30a402e9f136a8f7455b4ab/gnocchi.1258b107-4a9e-49e3-9f9d-9da34c5c36dc/1780920000.0_mean_300.0_v3" 201 - "PUT http://172.18.0.214:8080/v1/AUTH_81d2c38ea30a402e9f136a8f7455b4ab/gnocchi.1258b107-4a9e-49e3-9f9d-9da34c5c36dc/1780920000.0_mean_300.0_v3" "tx8f9d8f21627d44239265a-006a27d228" "proxy-server 20" 0.0139 "-" 24 0
Jun 9 08:43:21 np0000068128 container-server[125191]: 172.20.0.103 - - [09/Jun/2026:08:43:21 +0000] "PUT /d1/166/AUTH_81d2c38ea30a402e9f136a8f7455b4ab/gnocchi.3f8cf9f3-db2f-450b-ba49-d1f004da4c98/1780920000.0_mean_300.0_v3" 201 - "PUT http://172.18.0.214:8080/d1/504/AUTH_81d2c38ea30a402e9f136a8f7455b4ab/gnocchi.3f8cf9f3-db2f-450b-ba49-d1f004da4c98/1780920000.0_mean_300.0_v3" "tx16f3fbde6a33436597e23-006a27d228" "object-server 23" 0.0005 "-" 16 0
Jun 9 08:43:21 np0000068128 object-server[125730]: 172.20.0.103 - - [09/Jun/2026:08:43:21 +0000] "PUT /d1/504/AUTH_81d2c38ea30a402e9f136a8f7455b4ab/gnocchi.3f8cf9f3-db2f-450b-ba49-d1f004da4c98/1780920000.0_mean_300.0_v3" 201 - "PUT http://172.18.0.214:8080/v1/AUTH_81d2c38ea30a402e9f136a8f7455b4ab/gnocchi.3f8cf9f3-db2f-450b-ba49-d1f004da4c98/1780920000.0_mean_300.0_v3" "tx16f3fbde6a33436597e23-006a27d228" "proxy-server 20" 0.0135 "-" 23 0
Jun 9 08:43:21 np0000068128 container-server[125222]: 172.20.0.103 - - [09/Jun/2026:08:43:21 +0000] "PUT /d1/922/AUTH_81d2c38ea30a402e9f136a8f7455b4ab/gnocchi.8685ba51-040b-4da1-9c57-adc7292f3871/1780920000.0_mean_300.0_v3" 201 - "PUT http://172.18.0.214:8080/d1/962/AUTH_81d2c38ea30a402e9f136a8f7455b4ab/gnocchi.8685ba51-040b-4da1-9c57-adc7292f3871/1780920000.0_mean_300.0_v3" "tx3e5f1206745f4dc6b35d3-006a27d228" "object-server 24" 0.0006 "-" 17 0
Jun 9 08:43:21 np0000068128 object-server[125733]: 172.20.0.104 - - [09/Jun/2026:08:43:21 +0000] "PUT /d1/962/AUTH_81d2c38ea30a402e9f136a8f7455b4ab/gnocchi.8685ba51-040b-4da1-9c57-adc7292f3871/1780920000.0_mean_300.0_v3" 201 - "PUT http://172.18.0.214:8080/v1/AUTH_81d2c38ea30a402e9f136a8f7455b4ab/gnocchi.8685ba51-040b-4da1-9c57-adc7292f3871/1780920000.0_mean_300.0_v3" "tx3e5f1206745f4dc6b35d3-006a27d228" "proxy-server 12" 0.0095 "-" 24 0
Jun 9 08:43:21 np0000068128 proxy-server[127031]: 172.18.0.103 172.18.0.104 09/Jun/2026/08/43/21 PUT /v1/AUTH_81d2c38ea30a402e9f136a8f7455b4ab/gnocchi.3f8cf9f3-db2f-450b-ba49-d1f004da4c98/1780920000.0_mean_300.0_v3 HTTP/1.0 201 - python-swiftclient-3.11.1 gAAAAABqJ9HWsNi3... 16 - - tx16f3fbde6a33436597e23-006a27d228 - 0.0281 - - 1780994600.994426727 1780994601.022517443 0
Jun 9 08:43:21 np0000068128 container-server[125177]: 172.20.0.103 - - [09/Jun/2026:08:43:21 +0000] "PUT /d1/439/AUTH_81d2c38ea30a402e9f136a8f7455b4ab/gnocchi.b42358ea-1e64-45d7-99e8-34066545df5c/1780920000.0_mean_300.0_v3" 201 - "PUT http://172.18.0.214:8080/d1/498/AUTH_81d2c38ea30a402e9f136a8f7455b4ab/gnocchi.b42358ea-1e64-45d7-99e8-34066545df5c/1780920000.0_mean_300.0_v3" "tx3d3622f54b3246a3b16f8-006a27d229" "object-server 22" 0.0006 "-" 14 0
Jun 9 08:43:21 np0000068128 object-server[125728]: 172.20.0.105 - - [09/Jun/2026:08:43:21 +0000] "PUT /d1/498/AUTH_81d2c38ea30a402e9f136a8f7455b4ab/gnocchi.b42358ea-1e64-45d7-99e8-34066545df5c/1780920000.0_mean_300.0_v3" 201 - "PUT http://172.18.0.214:8080/v1/AUTH_81d2c38ea30a402e9f136a8f7455b4ab/gnocchi.b42358ea-1e64-45d7-99e8-34066545df5c/1780920000.0_mean_300.0_v3" "tx3d3622f54b3246a3b16f8-006a27d229" "proxy-server 20" 0.0174 "-" 22 0
Jun 9 08:43:21 np0000068128 container-server[125185]: 172.20.0.104 - - [09/Jun/2026:08:43:21 +0000] "PUT /d1/166/AUTH_81d2c38ea30a402e9f136a8f7455b4ab/gnocchi.3f8cf9f3-db2f-450b-ba49-d1f004da4c98/none_v3" 201 - "PUT http://172.18.0.214:8080/d1/1002/AUTH_81d2c38ea30a402e9f136a8f7455b4ab/gnocchi.3f8cf9f3-db2f-450b-ba49-d1f004da4c98/none_v3" "txb5d8f0be6772445ba1ff7-006a27d229" "object-server 25" 0.0005 "-" 15 0
Jun 9 08:43:21 np0000068128 object-server[125730]: 172.20.0.104 - - [09/Jun/2026:08:43:21 +0000] "PUT /d1/293/AUTH_81d2c38ea30a402e9f136a8f7455b4ab/gnocchi.8685ba51-040b-4da1-9c57-adc7292f3871/none_v3" 201 - "PUT http://172.18.0.214:8080/v1/AUTH_81d2c38ea30a402e9f136a8f7455b4ab/gnocchi.8685ba51-040b-4da1-9c57-adc7292f3871/none_v3" "tx760e1f6e431148f5989cb-006a27d229" "proxy-server 12" 0.0109 "-" 23 0
Jun 9 08:43:21 np0000068128 object-server[125730]: 172.20.0.103 - - [09/Jun/2026:08:43:21 +0000] "PUT /d1/1002/AUTH_81d2c38ea30a402e9f136a8f7455b4ab/gnocchi.3f8cf9f3-db2f-450b-ba49-d1f004da4c98/none_v3" 201 - "PUT http://172.18.0.214:8080/v1/AUTH_81d2c38ea30a402e9f136a8f7455b4ab/gnocchi.3f8cf9f3-db2f-450b-ba49-d1f004da4c98/none_v3" "txb5d8f0be6772445ba1ff7-006a27d229" "proxy-server 20" 0.0156 "-" 23 0
Jun 9 08:43:21 np0000068128 proxy-server[127031]: 172.18.0.103 172.18.0.104 09/Jun/2026/08/43/21 PUT /v1/AUTH_81d2c38ea30a402e9f136a8f7455b4ab/gnocchi.3f8cf9f3-db2f-450b-ba49-d1f004da4c98/none_v3 HTTP/1.0 201 - python-swiftclient-3.11.1 gAAAAABqJ9HWsNi3... 22 - - txb5d8f0be6772445ba1ff7-006a27d229 - 0.0259 - - 1780994601.025780201 1780994601.051669598 0
Jun 9 08:43:21 np0000068128 container-server[125222]: 172.20.0.104 - - [09/Jun/2026:08:43:21 +0000] "PUT /d1/922/AUTH_81d2c38ea30a402e9f136a8f7455b4ab/gnocchi.8685ba51-040b-4da1-9c57-adc7292f3871/none_v3" 201 - "PUT http://172.18.0.214:8080/d1/293/AUTH_81d2c38ea30a402e9f136a8f7455b4ab/gnocchi.8685ba51-040b-4da1-9c57-adc7292f3871/none_v3" "tx760e1f6e431148f5989cb-006a27d229" "object-server 25" 0.0006 "-" 17 0
Jun 9 08:43:21 np0000068128 container-server[125177]: 172.20.0.105 - - [09/Jun/2026:08:43:21 +0000] "PUT /d1/44/AUTH_81d2c38ea30a402e9f136a8f7455b4ab/gnocchi.1258b107-4a9e-49e3-9f9d-9da34c5c36dc/none_v3" 201 - "PUT http://172.18.0.214:8080/d1/205/AUTH_81d2c38ea30a402e9f136a8f7455b4ab/gnocchi.1258b107-4a9e-49e3-9f9d-9da34c5c36dc/none_v3" "tx544f40df3688424c86483-006a27d229" "object-server 23" 0.0006 "-" 14 0
Jun 9 08:43:21 np0000068128 object-server[125735]: 172.20.0.105 - - [09/Jun/2026:08:43:21 +0000] "PUT /d1/205/AUTH_81d2c38ea30a402e9f136a8f7455b4ab/gnocchi.1258b107-4a9e-49e3-9f9d-9da34c5c36dc/none_v3" 201 - "PUT http://172.18.0.214:8080/v1/AUTH_81d2c38ea30a402e9f136a8f7455b4ab/gnocchi.1258b107-4a9e-49e3-9f9d-9da34c5c36dc/none_v3" "tx544f40df3688424c86483-006a27d229" "proxy-server 20" 0.0141 "-" 25 0
Jun 9 08:43:21 np0000068128 container-server[125177]: 172.20.0.103 - - [09/Jun/2026:08:43:21 +0000] "PUT /d1/439/AUTH_81d2c38ea30a402e9f136a8f7455b4ab/gnocchi.b42358ea-1e64-45d7-99e8-34066545df5c/none_v3" 201 - "PUT http://172.18.0.214:8080/d1/446/AUTH_81d2c38ea30a402e9f136a8f7455b4ab/gnocchi.b42358ea-1e64-45d7-99e8-34066545df5c/none_v3" "tx0a7d349ec45c4af4850fa-006a27d229" "object-server 25" 0.0005 "-" 14 0
Jun 9 08:43:21 np0000068128 container-server[125185]: 172.20.0.104 - - [09/Jun/2026:08:43:21 +0000] "HEAD /d1/167/AUTH_81d2c38ea30a402e9f136a8f7455b4ab/gnocchi.923a179a-b3d1-4e1b-bd71-1421117fea7a" 404 - "HEAD http://172.18.0.214:8080/v1/AUTH_81d2c38ea30a402e9f136a8f7455b4ab/gnocchi.923a179a-b3d1-4e1b-bd71-1421117fea7a?format=json&states=listing" "tx000c135a13b747dba6128-006a27d229" "proxy-server 12" 0.0004 "-" 15 0
Jun 9 08:43:21 np0000068128 object-server[125735]: 172.20.0.103 - - [09/Jun/2026:08:43:21 +0000] "PUT /d1/446/AUTH_81d2c38ea30a402e9f136a8f7455b4ab/gnocchi.b42358ea-1e64-45d7-99e8-34066545df5c/none_v3" 201 - "PUT http://172.18.0.214:8080/v1/AUTH_81d2c38ea30a402e9f136a8f7455b4ab/gnocchi.b42358ea-1e64-45d7-99e8-34066545df5c/none_v3" "tx0a7d349ec45c4af4850fa-006a27d229" "proxy-server 20" 0.0141 "-" 25 0
Jun 9 08:43:21 np0000068128 container-server[125191]: 172.20.0.105 - - [09/Jun/2026:08:43:21 +0000] "HEAD /d1/190/AUTH_81d2c38ea30a402e9f136a8f7455b4ab/gnocchi.7ad5c248-ed26-4adf-920b-036eba85289c" 404 - "HEAD http://172.18.0.214:8080/v1/AUTH_81d2c38ea30a402e9f136a8f7455b4ab/gnocchi.7ad5c248-ed26-4adf-920b-036eba85289c?format=json&states=listing" "txcb913f50f8eb4b75a4361-006a27d229" "proxy-server 20" 0.0003 "-" 16 0
Jun 9 08:43:21 np0000068128 proxy-server[127031]: 172.18.0.214 172.18.0.104 09/Jun/2026/08/43/21 PUT /v1/AUTH_81d2c38ea30a402e9f136a8f7455b4ab/gnocchi.b42358ea-1e64-45d7-99e8-34066545df5c/none_v3 HTTP/1.0 201 - python-swiftclient-3.11.1 gAAAAABqJ9HKhNbl... 22 - - tx0a7d349ec45c4af4850fa-006a27d229 - 0.0275 - - 1780994601.076361179 1780994601.103899240 0
Jun 9 08:43:21 np0000068128 object-server[125735]: 172.20.0.104 - - [09/Jun/2026:08:43:21 +0000] "GET /d1/467/AUTH_81d2c38ea30a402e9f136a8f7455b4ab/gnocchi.923a179a-b3d1-4e1b-bd71-1421117fea7a/none_v3" 404 70 "GET http://172.18.0.214:8080/v1/AUTH_81d2c38ea30a402e9f136a8f7455b4ab/gnocchi.923a179a-b3d1-4e1b-bd71-1421117fea7a/none_v3" "tx000c135a13b747dba6128-006a27d229" "proxy-server 12" 0.0003 "-" 25 0
Jun 9 08:43:21 np0000068128 object-server[125735]: 172.20.0.105 - - [09/Jun/2026:08:43:21 +0000] "GET /d1/376/AUTH_81d2c38ea30a402e9f136a8f7455b4ab/gnocchi.7ad5c248-ed26-4adf-920b-036eba85289c/none_v3" 404 70 "GET http://172.18.0.214:8080/v1/AUTH_81d2c38ea30a402e9f136a8f7455b4ab/gnocchi.7ad5c248-ed26-4adf-920b-036eba85289c/none_v3" "txcb913f50f8eb4b75a4361-006a27d229" "proxy-server 20" 0.0002 "-" 25 0
Jun 9 08:43:21 np0000068128 account-server[125036]: 172.20.0.103 - - [09/Jun/2026:08:43:21 +0000] "PUT /d1/412/AUTH_81d2c38ea30a402e9f136a8f7455b4ab/gnocchi.923a179a-b3d1-4e1b-bd71-1421117fea7a" 201 - "PUT http://172.20.0.103:6001/d1/167/AUTH_81d2c38ea30a402e9f136a8f7455b4ab/gnocchi.923a179a-b3d1-4e1b-bd71-1421117fea7a" "tx9ec57bf9965b467692796-006a27d229" "container-server 14" 0.0055 "-" 17 0
Jun 9 08:43:21 np0000068128 container-server[125177]: 172.20.0.103 - - [09/Jun/2026:08:43:21 +0000] "PUT /d1/167/AUTH_81d2c38ea30a402e9f136a8f7455b4ab/gnocchi.923a179a-b3d1-4e1b-bd71-1421117fea7a" 201 - "PUT http://172.18.0.214:8080/v1/AUTH_81d2c38ea30a402e9f136a8f7455b4ab/gnocchi.923a179a-b3d1-4e1b-bd71-1421117fea7a" "tx9ec57bf9965b467692796-006a27d229" "proxy-server 20" 0.0157 "-" 14 0
Jun 9 08:43:21 np0000068128 account-server[125036]: 172.20.0.103 - - [09/Jun/2026:08:43:21 +0000] "PUT /d1/412/AUTH_81d2c38ea30a402e9f136a8f7455b4ab/gnocchi.7ad5c248-ed26-4adf-920b-036eba85289c" 201 - "PUT http://172.20.0.103:6001/d1/190/AUTH_81d2c38ea30a402e9f136a8f7455b4ab/gnocchi.7ad5c248-ed26-4adf-920b-036eba85289c" "txa718f2b544c24a3eaaf9e-006a27d229" "container-server 15" 0.0039 "-" 17 0
Jun 9 08:43:21 np0000068128 container-server[125185]: 172.20.0.104 - - [09/Jun/2026:08:43:21 +0000] "PUT /d1/190/AUTH_81d2c38ea30a402e9f136a8f7455b4ab/gnocchi.7ad5c248-ed26-4adf-920b-036eba85289c" 201 - "PUT http://172.18.0.214:8080/v1/AUTH_81d2c38ea30a402e9f136a8f7455b4ab/gnocchi.7ad5c248-ed26-4adf-920b-036eba85289c" "txa718f2b544c24a3eaaf9e-006a27d229" "proxy-server 12" 0.0124 "-" 15 0
Jun 9 08:43:21 np0000068128 proxy-server[127031]: 172.18.0.105 172.18.0.104 09/Jun/2026/08/43/21 PUT /v1/AUTH_81d2c38ea30a402e9f136a8f7455b4ab/gnocchi.923a179a-b3d1-4e1b-bd71-1421117fea7a HTTP/1.0 201 - python-swiftclient-3.11.1 gAAAAABqJ9GJJLmX... - - - tx9ec57bf9965b467692796-006a27d229 - 0.0350 - - 1780994601.120945454 1780994601.155932188 0
Jun 9 08:43:21 np0000068128 container-server[125177]: 172.20.0.105 - - [09/Jun/2026:08:43:21 +0000] "HEAD /d1/167/AUTH_81d2c38ea30a402e9f136a8f7455b4ab/gnocchi.923a179a-b3d1-4e1b-bd71-1421117fea7a" 204 - "HEAD http://172.18.0.214:8080/v1/AUTH_81d2c38ea30a402e9f136a8f7455b4ab/gnocchi.923a179a-b3d1-4e1b-bd71-1421117fea7a?format=json&states=listing" "tx2b03177e61274dd784162-006a27d229" "proxy-server 20" 0.0012 "-" 14 0
Jun 9 08:43:21 np0000068128 proxy-server[127031]: - - 09/Jun/2026/08/43/21 HEAD /v1/AUTH_81d2c38ea30a402e9f136a8f7455b4ab/gnocchi.7ad5c248-ed26-4adf-920b-036eba85289c%3Fformat%3Djson%26states%3Dlisting HTTP/1.0 204 - Swift - - - - txee895e0f52fb432fb3867-006a27d229 - 0.0075 RL - 1780994601.173068762 1780994601.180557489 0
Jun 9 08:43:21 np0000068128 container-server[125185]: 172.20.0.103 - - [09/Jun/2026:08:43:21 +0000] "GET /d1/190/AUTH_81d2c38ea30a402e9f136a8f7455b4ab/gnocchi.7ad5c248-ed26-4adf-920b-036eba85289c" 200 2 "GET http://172.18.0.214:8080/v1/AUTH_81d2c38ea30a402e9f136a8f7455b4ab/gnocchi.7ad5c248-ed26-4adf-920b-036eba85289c?format=json&states=listing" "txee895e0f52fb432fb3867-006a27d229" "proxy-server 20" 0.0048 "-" 15 0
Jun 9 08:43:21 np0000068128 proxy-server[127031]: 172.18.0.103 172.18.0.104 09/Jun/2026/08/43/21 GET /v1/AUTH_81d2c38ea30a402e9f136a8f7455b4ab/gnocchi.7ad5c248-ed26-4adf-920b-036eba85289c%3Fformat%3Djson%26states%3Dlisting HTTP/1.0 200 - python-swiftclient-3.11.1 gAAAAABqJ9HWsNi3... - 2 - txee895e0f52fb432fb3867-006a27d229 - 0.0227 - - 1780994601.171296358 1780994601.193987370 0
Jun 9 08:43:21 np0000068128 object-server[125733]: 172.20.0.104 - - [09/Jun/2026:08:43:21 +0000] "GET /d1/820/AUTH_81d2c38ea30a402e9f136a8f7455b4ab/gnocchi.923a179a-b3d1-4e1b-bd71-1421117fea7a/1780920000.0_mean_300.0_v3" 404 70 "GET http://172.18.0.214:8080/v1/AUTH_81d2c38ea30a402e9f136a8f7455b4ab/gnocchi.923a179a-b3d1-4e1b-bd71-1421117fea7a/1780920000.0_mean_300.0_v3" "tx7373bbba670e463e83352-006a27d229" "proxy-server 12" 0.0004 "-" 24 0
Jun 9 08:43:21 np0000068128 object-server[125733]: 172.20.0.105 - - [09/Jun/2026:08:43:21 +0000] "GET /d1/383/AUTH_81d2c38ea30a402e9f136a8f7455b4ab/gnocchi.7ad5c248-ed26-4adf-920b-036eba85289c/1780920000.0_mean_300.0_v3" 404 70 "GET http://172.18.0.214:8080/v1/AUTH_81d2c38ea30a402e9f136a8f7455b4ab/gnocchi.7ad5c248-ed26-4adf-920b-036eba85289c/1780920000.0_mean_300.0_v3" "tx72e4cccd60f04876a7bf2-006a27d229" "proxy-server 20" 0.0002 "-" 24 0
Jun 9 08:43:21 np0000068128 container-server[125222]: 172.20.0.105 - - [09/Jun/2026:08:43:21 +0000] "PUT /d1/190/AUTH_81d2c38ea30a402e9f136a8f7455b4ab/gnocchi.7ad5c248-ed26-4adf-920b-036eba85289c/1780920000.0_mean_300.0_v3" 201 - "PUT http://172.18.0.214:8080/d1/383/AUTH_81d2c38ea30a402e9f136a8f7455b4ab/gnocchi.7ad5c248-ed26-4adf-920b-036eba85289c/1780920000.0_mean_300.0_v3" "tx7fdd057d49ff459d81d37-006a27d229" "object-server 22" 0.0008 "-" 17 0
Jun 9 08:43:21 np0000068128 container-server[125191]: 172.20.0.103 - - [09/Jun/2026:08:43:21 +0000] "PUT /d1/167/AUTH_81d2c38ea30a402e9f136a8f7455b4ab/gnocchi.923a179a-b3d1-4e1b-bd71-1421117fea7a/1780920000.0_mean_300.0_v3" 201 - "PUT http://172.18.0.214:8080/d1/820/AUTH_81d2c38ea30a402e9f136a8f7455b4ab/gnocchi.923a179a-b3d1-4e1b-bd71-1421117fea7a/1780920000.0_mean_300.0_v3" "tx1d7e2ef97bb34f86858bd-006a27d229" "object-server 25" 0.0009 "-" 16 0
Jun 9 08:43:21 np0000068128 object-server[125730]: 172.20.0.104 - - [09/Jun/2026:08:43:21 +0000] "PUT /d1/383/AUTH_81d2c38ea30a402e9f136a8f7455b4ab/gnocchi.7ad5c248-ed26-4adf-920b-036eba85289c/1780920000.0_mean_300.0_v3" 201 - "PUT http://172.18.0.214:8080/v1/AUTH_81d2c38ea30a402e9f136a8f7455b4ab/gnocchi.7ad5c248-ed26-4adf-920b-036eba85289c/1780920000.0_mean_300.0_v3" "tx7fdd057d49ff459d81d37-006a27d229" "proxy-server 12" 0.0210 "-" 23 0
Jun 9 08:43:21 np0000068128 object-server[125735]: 172.20.0.103 - - [09/Jun/2026:08:43:21 +0000] "PUT /d1/820/AUTH_81d2c38ea30a402e9f136a8f7455b4ab/gnocchi.923a179a-b3d1-4e1b-bd71-1421117fea7a/1780920000.0_mean_300.0_v3" 201 - "PUT http://172.18.0.214:8080/v1/AUTH_81d2c38ea30a402e9f136a8f7455b4ab/gnocchi.923a179a-b3d1-4e1b-bd71-1421117fea7a/1780920000.0_mean_300.0_v3" "tx1d7e2ef97bb34f86858bd-006a27d229" "proxy-server 20" 0.0222 "-" 25 0
Jun 9 08:43:21 np0000068128 proxy-server[127031]: 172.18.0.105 172.18.0.104 09/Jun/2026/08/43/21 PUT /v1/AUTH_81d2c38ea30a402e9f136a8f7455b4ab/gnocchi.923a179a-b3d1-4e1b-bd71-1421117fea7a/1780920000.0_mean_300.0_v3 HTTP/1.0 201 - python-swiftclient-3.11.1 gAAAAABqJ9GJJLmX... 16 - - tx1d7e2ef97bb34f86858bd-006a27d229 - 0.0382 - - 1780994601.217618465 1780994601.255775452 0
Jun 9 08:43:21 np0000068128 object-server[125730]: 172.20.0.105 - - [09/Jun/2026:08:43:21 +0000] "PUT /d1/376/AUTH_81d2c38ea30a402e9f136a8f7455b4ab/gnocchi.7ad5c248-ed26-4adf-920b-036eba85289c/none_v3" 201 - "PUT http://172.18.0.214:8080/v1/AUTH_81d2c38ea30a402e9f136a8f7455b4ab/gnocchi.7ad5c248-ed26-4adf-920b-036eba85289c/none_v3" "tx6f021cbda94b4188bc0b2-006a27d229" "proxy-server 20" 0.0125 "-" 23 0
Jun 9 08:43:21 np0000068128 container-server[125185]: 172.20.0.105 - - [09/Jun/2026:08:43:21 +0000] "PUT /d1/190/AUTH_81d2c38ea30a402e9f136a8f7455b4ab/gnocchi.7ad5c248-ed26-4adf-920b-036eba85289c/none_v3" 201 - "PUT http://172.18.0.214:8080/d1/376/AUTH_81d2c38ea30a402e9f136a8f7455b4ab/gnocchi.7ad5c248-ed26-4adf-920b-036eba85289c/none_v3" "tx6f021cbda94b4188bc0b2-006a27d229" "object-server 23" 0.0005 "-" 15 0
Jun 9 08:43:21 np0000068128 container-server[125191]: 172.20.0.105 - - [09/Jun/2026:08:43:21 +0000] "PUT /d1/167/AUTH_81d2c38ea30a402e9f136a8f7455b4ab/gnocchi.923a179a-b3d1-4e1b-bd71-1421117fea7a/none_v3" 201 - "PUT http://172.18.0.214:8080/d1/467/AUTH_81d2c38ea30a402e9f136a8f7455b4ab/gnocchi.923a179a-b3d1-4e1b-bd71-1421117fea7a/none_v3" "txb94a028f80f840a4accdd-006a27d229" "object-server 22" 0.0010 "-" 16 0
Jun 9 08:43:21 np0000068128 object-server[125728]: 172.20.0.103 - - [09/Jun/2026:08:43:21 +0000] "PUT /d1/467/AUTH_81d2c38ea30a402e9f136a8f7455b4ab/gnocchi.923a179a-b3d1-4e1b-bd71-1421117fea7a/none_v3" 201 - "PUT http://172.18.0.214:8080/v1/AUTH_81d2c38ea30a402e9f136a8f7455b4ab/gnocchi.923a179a-b3d1-4e1b-bd71-1421117fea7a/none_v3" "txb94a028f80f840a4accdd-006a27d229" "proxy-server 20" 0.0222 "-" 22 0
Jun 9 08:43:21 np0000068128 proxy-server[127031]: 172.18.0.105 172.18.0.104 09/Jun/2026/08/43/21 PUT /v1/AUTH_81d2c38ea30a402e9f136a8f7455b4ab/gnocchi.923a179a-b3d1-4e1b-bd71-1421117fea7a/none_v3 HTTP/1.0 201 - python-swiftclient-3.11.1 gAAAAABqJ9GJJLmX... 22 - - txb94a028f80f840a4accdd-006a27d229 - 0.0393 - - 1780994601.260507822 1780994601.299781799 0
Jun 9 08:43:21 np0000068128 account-server[125008]: 172.20.0.105 - - [09/Jun/2026:08:43:21 +0000] "PUT /d1/412/AUTH_81d2c38ea30a402e9f136a8f7455b4ab/gnocchi.0493e3d0-d267-4186-8a72-e1c103435a3d" 201 - "-" "-" "container-updater 2" 0.0006 "-" 15 0
Jun 9 08:43:21 np0000068128 account-server[124679]: Beginning replication run
Jun 9 08:43:21 np0000068128 account-server[125036]: 172.20.0.105 - - [09/Jun/2026:08:43:21 +0000] "PUT /d1/412/AUTH_81d2c38ea30a402e9f136a8f7455b4ab/gnocchi.b42358ea-1e64-45d7-99e8-34066545df5c" 201 - "-" "-" "container-updater 2" 0.0009 "-" 17 0
Jun 9 08:43:21 np0000068128 account-server[124679]: Replication run OVER
Jun 9 08:43:21 np0000068128 account-server[124679]: Attempted to replicate 1 dbs in 0.09910 seconds (10.09043/s)
Jun 9 08:43:21 np0000068128 account-server[124679]: Removed 0 dbs
Jun 9 08:43:21 np0000068128 account-server[124679]: 2 successes, 0 failures
Jun 9 08:43:21 np0000068128 account-server[124679]: diff:2 diff_capped:0 empty:0 hashmatch:0 no_change:0 remote_merge:0 rsync:0 ts_repl:0
Jun 9 08:43:21 np0000068128 account-server[125003]: 172.20.0.105 - - [09/Jun/2026:08:43:21 +0000] "PUT /d1/412/AUTH_81d2c38ea30a402e9f136a8f7455b4ab/gnocchi.8685ba51-040b-4da1-9c57-adc7292f3871" 201 - "-" "-" "container-updater 2" 0.0009 "-" 14 0
Jun 9 08:43:21 np0000068128 account-server[125022]: 172.20.0.105 - - [09/Jun/2026:08:43:21 +0000] "PUT /d1/412/AUTH_81d2c38ea30a402e9f136a8f7455b4ab/gnocchi.a86e8577-1223-40e8-98b6-5233273a08ab" 201 - "-" "-" "container-updater 2" 0.0007 "-" 16 0
Jun 9 08:43:21 np0000068128 account-server[125022]: 172.20.0.105 - - [09/Jun/2026:08:43:21 +0000] "PUT /d1/412/AUTH_81d2c38ea30a402e9f136a8f7455b4ab/gnocchi.b2c6972b-a199-4b20-9725-43d824e2ad72" 201 - "-" "-" "container-updater 2" 0.0008 "-" 16 0
Jun 9 08:43:21 np0000068128 account-server[125008]: 172.20.0.105 - - [09/Jun/2026:08:43:21 +0000] "PUT /d1/412/AUTH_81d2c38ea30a402e9f136a8f7455b4ab/gnocchi.b1ff1e08-5e20-4459-8539-e783f28a1373" 201 - "-" "-" "container-updater 2" 0.0008 "-" 15 0
Jun 9 08:43:21 np0000068128 account-server[125008]: 172.20.0.105 - - [09/Jun/2026:08:43:21 +0000] "PUT /d1/412/AUTH_81d2c38ea30a402e9f136a8f7455b4ab/gnocchi.2e8d6f72-1513-46bd-bb6f-e805c53459e4" 201 - "-" "-" "container-updater 2" 0.0005 "-" 15 0
Jun 9 08:43:22 np0000068128 account-server[125036]: 172.20.0.105 - - [09/Jun/2026:08:43:22 +0000] "PUT /d1/412/AUTH_81d2c38ea30a402e9f136a8f7455b4ab/gnocchi.5a1e133e-d7d1-4db1-a6ca-99860a928b74" 201 - "-" "-" "container-updater 2" 0.0010 "-" 17 0
Jun 9 08:43:22 np0000068128 account-server[125003]: 172.20.0.105 - - [09/Jun/2026:08:43:22 +0000] "PUT /d1/412/AUTH_81d2c38ea30a402e9f136a8f7455b4ab/gnocchi.3a4da7ff-ce99-4642-b453-a0c13c4c22a9" 201 - "-" "-" "container-updater 2" 0.0009 "-" 14 0
Jun 9 08:43:22 np0000068128 account-server[125003]: 172.20.0.105 - - [09/Jun/2026:08:43:22 +0000] "PUT /d1/412/AUTH_81d2c38ea30a402e9f136a8f7455b4ab/gnocchi.91deb96e-e957-4f63-bb02-0c2ed032f202" 201 - "-" "-" "container-updater 2" 0.0008 "-" 14 0
Jun 9 08:43:22 np0000068128 account-server[125022]: 172.20.0.105 - - [09/Jun/2026:08:43:22 +0000] "PUT /d1/412/AUTH_81d2c38ea30a402e9f136a8f7455b4ab/gnocchi.8dfa6f77-487d-4603-b70f-ba601b8370f9" 201 - "-" "-" "container-updater 2" 0.0007 "-" 16 0
Jun 9 08:43:22 np0000068128 account-server[125003]: 172.20.0.105 - - [09/Jun/2026:08:43:22 +0000] "PUT /d1/412/AUTH_81d2c38ea30a402e9f136a8f7455b4ab/gnocchi.7ad5c248-ed26-4adf-920b-036eba85289c" 201 - "-" "-" "container-updater 2" 0.0008 "-" 14 0
Jun 9 08:43:22 np0000068128 account-server[125022]: 172.20.0.105 - - [09/Jun/2026:08:43:22 +0000] "PUT /d1/412/AUTH_81d2c38ea30a402e9f136a8f7455b4ab/gnocchi.d2faffb9-977f-423b-8ad9-bc5553db5b04" 201 - "-" "-" "container-updater 2" 0.0008 "-" 16 0
Jun 9 08:43:22 np0000068128 account-server[125003]: 172.20.0.105 - - [09/Jun/2026:08:43:22 +0000] "PUT /d1/412/AUTH_81d2c38ea30a402e9f136a8f7455b4ab/gnocchi.64334978-e357-4cb3-bc1b-fbbf124d217a" 201 - "-" "-" "container-updater 2" 0.0008 "-" 14 0
Jun 9 08:43:22 np0000068128 account-server[125036]: 172.20.0.105 - - [09/Jun/2026:08:43:22 +0000] "PUT /d1/412/AUTH_81d2c38ea30a402e9f136a8f7455b4ab/gnocchi.1258b107-4a9e-49e3-9f9d-9da34c5c36dc" 201 - "-" "-" "container-updater 2" 0.0005 "-" 17 0
Jun 9 08:43:22 np0000068128 account-server[125008]: 172.20.0.105 - - [09/Jun/2026:08:43:22 +0000] "PUT /d1/412/AUTH_81d2c38ea30a402e9f136a8f7455b4ab/gnocchi.823ec8a8-5e4e-4305-a954-93413094e39a" 201 - "-" "-" "container-updater 2" 0.0008 "-" 15 0
Jun 9 08:43:22 np0000068128 account-server[125008]: 172.20.0.105 - - [09/Jun/2026:08:43:22 +0000] "PUT /d1/412/AUTH_81d2c38ea30a402e9f136a8f7455b4ab/gnocchi.81aac847-9498-4bee-af33-b34afe499505" 201 - "-" "-" "container-updater 2" 0.0007 "-" 15 0
Jun 9 08:43:22 np0000068128 account-server[125022]: 172.20.0.105 - - [09/Jun/2026:08:43:22 +0000] "PUT /d1/412/AUTH_81d2c38ea30a402e9f136a8f7455b4ab/gnocchi.ab6d7641-aebc-43a6-abaf-2f68318d33ef" 201 - "-" "-" "container-updater 2" 0.0008 "-" 16 0
Jun 9 08:43:22 np0000068128 account-server[125036]: 172.20.0.105 - - [09/Jun/2026:08:43:22 +0000] "PUT /d1/412/AUTH_81d2c38ea30a402e9f136a8f7455b4ab/gnocchi.3f8cf9f3-db2f-450b-ba49-d1f004da4c98" 201 - "-" "-" "container-updater 2" 0.0008 "-" 17 0
Jun 9 08:43:23 np0000068128 account-server[125008]: 172.20.0.105 - - [09/Jun/2026:08:43:23 +0000] "PUT /d1/412/AUTH_81d2c38ea30a402e9f136a8f7455b4ab/gnocchi.1bcd6e8a-cc6b-484f-87f9-2cc68108e0e3" 201 - "-" "-" "container-updater 2" 0.0006 "-" 15 0
Jun 9 08:43:23 np0000068128 account-server[125008]: 172.20.0.105 - - [09/Jun/2026:08:43:23 +0000] "PUT /d1/412/AUTH_81d2c38ea30a402e9f136a8f7455b4ab/gnocchi.923a179a-b3d1-4e1b-bd71-1421117fea7a" 201 - "-" "-" "container-updater 2" 0.0005 "-" 15 0
Jun 9 08:43:23 np0000068128 account-server[125022]: 172.20.0.105 - - [09/Jun/2026:08:43:23 +0000] "PUT /d1/412/AUTH_81d2c38ea30a402e9f136a8f7455b4ab/gnocchi.c8225394-25ee-418d-a3b5-1a802f532efd" 201 - "-" "-" "container-updater 2" 0.0007 "-" 16 0
Jun 9 08:43:29 np0000068128 container-server[124828]: Beginning replication run
Jun 9 08:43:30 np0000068128 container-server[124828]: Replication run OVER
Jun 9 08:43:30 np0000068128 container-server[124828]: Attempted to replicate 22 dbs in 0.57028 seconds (38.57727/s)
Jun 9 08:43:30 np0000068128 container-server[124828]: Removed 0 dbs
Jun 9 08:43:30 np0000068128 container-server[124828]: 44 successes, 0 failures
Jun 9 08:43:30 np0000068128 container-server[124828]: diff:0 diff_capped:0 empty:0 hashmatch:0 no_change:44 remote_merge:0 rsync:0 ts_repl:0
Jun 9 08:43:33 np0000068128 object-server[125449]: Starting object replication pass.
Jun 9 08:43:34 np0000068128 object-server[125449]: 44/44 (100.00%) partitions replicated in 1.08s (40.55/sec, 0s remaining)
Jun 9 08:43:34 np0000068128 object-server[125449]: 88 successes, 0 failures
Jun 9 08:43:34 np0000068128 object-server[125449]: 44 suffixes checked - 63.64% hashed, 0.00% synced
Jun 9 08:43:34 np0000068128 object-server[125449]: Partition times: max 0.0383s, min 0.0072s, med 0.0307s
Jun 9 08:43:34 np0000068128 object-server[125449]: Object replication complete. (0.02 minutes)
Jun 9 08:43:36 np0000068128 object-server[227290]: Begin object audit "forever" mode (ALL)
Jun 9 08:43:36 np0000068128 object-server[227289]: Begin object audit "forever" mode (ZBF)
Jun 9 08:43:36 np0000068128 object-server[227289]: Object audit (ZBF). Since Tue Jun 9 08:43:36 2026: Locally: 1 passed, 0 quarantined, 0 errors, files/sec: 522.72, bytes/sec: 0.00, Total time: 0.00, Auditing time: 0.00, Rate: 0.00
Jun 9 08:43:36 np0000068128 object-server[227290]: Object audit (ALL). Since Tue Jun 9 08:43:36 2026: Locally: 1 passed, 0 quarantined, 0 errors, files/sec: 121.70, bytes/sec: 1947.22, Total time: 0.01, Auditing time: 0.00, Rate: 0.00
Jun 9 08:43:37 np0000068128 object-server[227289]: Object audit (ZBF) "forever" mode completed: 0.84s. Total quarantined: 0, Total errors: 0, Total files/sec: 52.12, Total bytes/sec: 0.00, Auditing time: 0.83, Rate: 0.98
Jun 9 08:43:38 np0000068128 object-server[227290]: Object audit (ALL) "forever" mode completed: 2.11s. Total quarantined: 0, Total errors: 0, Total files/sec: 20.85, Total bytes/sec: 400.83, Auditing time: 2.10, Rate: 0.99
Jun 9 08:43:44 np0000068128 object-server[125679]: Begin object update sweep
Jun 9 08:43:44 np0000068128 object-server[228213]: Object update sweep starting on /srv/node/d1 (pid: 15)
Jun 9 08:43:44 np0000068128 object-server[228213]: Object update sweep completed on /srv/node/d1 in 0.00s seconds:, 0 successes, 0 failures, 0 quarantines, 0 unlinks, 0 errors, 0 redirects (pid: 15)
Jun 9 08:43:44 np0000068128 object-server[228213]: Object update sweep of d1 completed: 0.00s, 0 successes, 0 failures, 0 quarantines, 0 unlinks, 0 errors, 0 redirects
Jun 9 08:43:44 np0000068128 object-server[125679]: Object update sweep completed: 0.08s
Jun 9 08:43:49 np0000068128 container-server[125257]: Begin container update sweep
Jun 9 08:43:49 np0000068128 account-server[125022]: 172.20.0.103 - - [09/Jun/2026:08:43:49 +0000] "PUT /d1/412/AUTH_81d2c38ea30a402e9f136a8f7455b4ab/gnocchi.8dfa6f77-487d-4603-b70f-ba601b8370f9" 201 - "-" "-" "container-updater 2" 0.0012 "-" 16 0
Jun 9 08:43:49 np0000068128 account-server[125036]: 172.20.0.103 - - [09/Jun/2026:08:43:49 +0000] "PUT /d1/412/AUTH_81d2c38ea30a402e9f136a8f7455b4ab/gnocchi.ab6d7641-aebc-43a6-abaf-2f68318d33ef" 201 - "-" "-" "container-updater 2" 0.0007 "-" 17 0
Jun 9 08:43:49 np0000068128 account-server[125036]: 172.20.0.103 - - [09/Jun/2026:08:43:49 +0000] "PUT /d1/412/AUTH_81d2c38ea30a402e9f136a8f7455b4ab/gnocchi.1258b107-4a9e-49e3-9f9d-9da34c5c36dc" 201 - "-" "-" "container-updater 2" 0.0009 "-" 17 0
Jun 9 08:43:49 np0000068128 account-server[125022]: 172.20.0.103 - - [09/Jun/2026:08:43:49 +0000] "PUT /d1/412/AUTH_81d2c38ea30a402e9f136a8f7455b4ab/gnocchi.d2faffb9-977f-423b-8ad9-bc5553db5b04" 201 - "-" "-" "container-updater 2" 0.0012 "-" 16 0
Jun 9 08:43:49 np0000068128 account-server[125003]: 172.20.0.103 - - [09/Jun/2026:08:43:49 +0000] "PUT /d1/412/AUTH_81d2c38ea30a402e9f136a8f7455b4ab/gnocchi.823ec8a8-5e4e-4305-a954-93413094e39a" 201 - "-" "-" "container-updater 2" 0.0011 "-" 14 0
Jun 9 08:43:49 np0000068128 account-server[125003]: 172.20.0.103 - - [09/Jun/2026:08:43:49 +0000] "PUT /d1/412/AUTH_81d2c38ea30a402e9f136a8f7455b4ab/gnocchi.5a1e133e-d7d1-4db1-a6ca-99860a928b74" 201 - "-" "-" "container-updater 2" 0.0008 "-" 14 0
Jun 9 08:43:49 np0000068128 account-server[125003]: 172.20.0.103 - - [09/Jun/2026:08:43:49 +0000] "PUT /d1/412/AUTH_81d2c38ea30a402e9f136a8f7455b4ab/gnocchi.64334978-e357-4cb3-bc1b-fbbf124d217a" 201 - "-" "-" "container-updater 2" 0.0007 "-" 14 0
Jun 9 08:43:49 np0000068128 account-server[125036]: 172.20.0.103 - - [09/Jun/2026:08:43:49 +0000] "PUT /d1/412/AUTH_81d2c38ea30a402e9f136a8f7455b4ab/gnocchi.c8225394-25ee-418d-a3b5-1a802f532efd" 201 - "-" "-" "container-updater 2" 0.0008 "-" 17 0
Jun 9 08:43:50 np0000068128 account-server[125003]: 172.20.0.103 - - [09/Jun/2026:08:43:50 +0000] "PUT /d1/412/AUTH_81d2c38ea30a402e9f136a8f7455b4ab/gnocchi.3f8cf9f3-db2f-450b-ba49-d1f004da4c98" 201 - "-" "-" "container-updater 2" 0.0005 "-" 14 0
Jun 9 08:43:50 np0000068128 account-server[125022]: 172.20.0.103 - - [09/Jun/2026:08:43:50 +0000] "PUT /d1/412/AUTH_81d2c38ea30a402e9f136a8f7455b4ab/gnocchi.a86e8577-1223-40e8-98b6-5233273a08ab" 201 - "-" "-" "container-updater 2" 0.0007 "-" 16 0
Jun 9 08:43:50 np0000068128 account-server[125003]: 172.20.0.103 - - [09/Jun/2026:08:43:50 +0000] "PUT /d1/412/AUTH_81d2c38ea30a402e9f136a8f7455b4ab/gnocchi.1bcd6e8a-cc6b-484f-87f9-2cc68108e0e3" 201 - "-" "-" "container-updater 2" 0.0008 "-" 14 0
Jun 9 08:43:50 np0000068128 account-server[125008]: 172.20.0.103 - - [09/Jun/2026:08:43:50 +0000] "PUT /d1/412/AUTH_81d2c38ea30a402e9f136a8f7455b4ab/gnocchi.b1ff1e08-5e20-4459-8539-e783f28a1373" 201 - "-" "-" "container-updater 2" 0.0007 "-" 15 0
Jun 9 08:43:50 np0000068128 account-server[125003]: 172.20.0.103 - - [09/Jun/2026:08:43:50 +0000] "PUT /d1/412/AUTH_81d2c38ea30a402e9f136a8f7455b4ab/gnocchi.7ad5c248-ed26-4adf-920b-036eba85289c" 201 - "-" "-" "container-updater 2" 0.0009 "-" 14 0
Jun 9 08:43:50 np0000068128 account-server[125022]: 172.20.0.103 - - [09/Jun/2026:08:43:50 +0000] "PUT /d1/412/AUTH_81d2c38ea30a402e9f136a8f7455b4ab/gnocchi.91deb96e-e957-4f63-bb02-0c2ed032f202" 201 - "-" "-" "container-updater 2" 0.0008 "-" 16 0
Jun 9 08:43:50 np0000068128 account-server[125008]: 172.20.0.103 - - [09/Jun/2026:08:43:50 +0000] "PUT /d1/412/AUTH_81d2c38ea30a402e9f136a8f7455b4ab/gnocchi.b42358ea-1e64-45d7-99e8-34066545df5c" 201 - "-" "-" "container-updater 2" 0.0007 "-" 15 0
Jun 9 08:43:50 np0000068128 account-server[125003]: 172.20.0.103 - - [09/Jun/2026:08:43:50 +0000] "PUT /d1/412/AUTH_81d2c38ea30a402e9f136a8f7455b4ab/gnocchi.b2c6972b-a199-4b20-9725-43d824e2ad72" 201 - "-" "-" "container-updater 2" 0.0007 "-" 14 0
Jun 9 08:43:50 np0000068128 account-server[125003]: 172.20.0.103 - - [09/Jun/2026:08:43:50 +0000] "PUT /d1/412/AUTH_81d2c38ea30a402e9f136a8f7455b4ab/gnocchi.923a179a-b3d1-4e1b-bd71-1421117fea7a" 201 - "-" "-" "container-updater 2" 0.0008 "-" 14 0
Jun 9 08:43:50 np0000068128 account-server[125008]: 172.20.0.103 - - [09/Jun/2026:08:43:50 +0000] "PUT /d1/412/AUTH_81d2c38ea30a402e9f136a8f7455b4ab/gnocchi.8685ba51-040b-4da1-9c57-adc7292f3871" 201 - "-" "-" "container-updater 2" 0.0007 "-" 15 0
Jun 9 08:43:50 np0000068128 account-server[125008]: 172.20.0.103 - - [09/Jun/2026:08:43:50 +0000] "PUT /d1/412/AUTH_81d2c38ea30a402e9f136a8f7455b4ab/gnocchi.2e8d6f72-1513-46bd-bb6f-e805c53459e4" 201 - "-" "-" "container-updater 2" 0.0006 "-" 15 0
Jun 9 08:43:50 np0000068128 account-server[125008]: 172.20.0.103 - - [09/Jun/2026:08:43:50 +0000] "PUT /d1/412/AUTH_81d2c38ea30a402e9f136a8f7455b4ab/gnocchi.3a4da7ff-ce99-4642-b453-a0c13c4c22a9" 201 - "-" "-" "container-updater 2" 0.0007 "-" 15 0
Jun 9 08:43:51 np0000068128 account-server[125022]: 172.20.0.103 - - [09/Jun/2026:08:43:51 +0000] "PUT /d1/412/AUTH_81d2c38ea30a402e9f136a8f7455b4ab/gnocchi.81aac847-9498-4bee-af33-b34afe499505" 201 - "-" "-" "container-updater 2" 0.0004 "-" 16 0
Jun 9 08:43:51 np0000068128 account-server[125003]: 172.20.0.103 - - [09/Jun/2026:08:43:51 +0000] "PUT /d1/412/AUTH_81d2c38ea30a402e9f136a8f7455b4ab/gnocchi.0493e3d0-d267-4186-8a72-e1c103435a3d" 201 - "-" "-" "container-updater 2" 0.0005 "-" 14 0
Jun 9 08:43:51 np0000068128 container-server[125257]: Container update sweep completed: 1.88s
Jun 9 08:43:51 np0000068128 account-server[124679]: Beginning replication run
Jun 9 08:43:51 np0000068128 account-server[124679]: Replication run OVER
Jun 9 08:43:51 np0000068128 account-server[124679]: Attempted to replicate 1 dbs in 0.05335 seconds (18.74294/s)
Jun 9 08:43:51 np0000068128 account-server[124679]: Removed 0 dbs
Jun 9 08:43:51 np0000068128 account-server[124679]: 2 successes, 0 failures
Jun 9 08:43:51 np0000068128 account-server[124679]: diff:0 diff_capped:0 empty:0 hashmatch:0 no_change:2 remote_merge:0 rsync:0 ts_repl:0
Jun 9 08:43:59 np0000068128 container-server[124828]: Beginning replication run
Jun 9 08:43:59 np0000068128 container-server[124828]: Replication run OVER
Jun 9 08:43:59 np0000068128 container-server[124828]: Attempted to replicate 22 dbs in 0.43207 seconds (50.91789/s)
Jun 9 08:43:59 np0000068128 container-server[124828]: Removed 0 dbs
Jun 9 08:43:59 np0000068128 container-server[124828]: 44 successes, 0 failures
Jun 9 08:43:59 np0000068128 container-server[124828]: diff:0 diff_capped:0 empty:0 hashmatch:0 no_change:44 remote_merge:0 rsync:0 ts_repl:0
Jun 9 08:44:04 np0000068128 object-server[125449]: Starting object replication pass.
