Jun 9 08:38:44 np0000068128 object-server[199262]: Object update sweep completed on /srv/node/d1 in 0.00s seconds:, 0 successes, 0 failures, 0 quarantines, 0 unlinks, 0 errors, 0 redirects (pid: 14)
Jun 9 08:38:44 np0000068128 object-server[199262]: Object update sweep of d1 completed: 0.00s, 0 successes, 0 failures, 0 quarantines, 0 unlinks, 0 errors, 0 redirects
Jun 9 08:38:44 np0000068128 object-server[125679]: Object update sweep completed: 0.07s
Jun 9 08:38:49 np0000068128 container-server[125257]: Begin container update sweep
Jun 9 08:38:49 np0000068128 container-server[125257]: Container update sweep completed: 0.00s
Jun 9 08:38:51 np0000068128 account-server[124679]: Beginning replication run
Jun 9 08:38:51 np0000068128 account-server[124679]: Replication run OVER
Jun 9 08:38:51 np0000068128 account-server[124679]: Attempted to replicate 0 dbs in 0.00230 seconds (0.00000/s)
Jun 9 08:38:51 np0000068128 account-server[124679]: Removed 0 dbs
Jun 9 08:38:51 np0000068128 account-server[124679]: 0 successes, 0 failures
Jun 9 08:38:51 np0000068128 account-server[124679]: diff:0 diff_capped:0 empty:0 hashmatch:0 no_change:0 remote_merge:0 rsync:0 ts_repl:0
Jun 9 08:38:59 np0000068128 container-server[124828]: Beginning replication run
Jun 9 08:38:59 np0000068128 container-server[124828]: Replication run OVER
Jun 9 08:38:59 np0000068128 container-server[124828]: Attempted to replicate 0 dbs in 0.00129 seconds (0.00000/s)
Jun 9 08:38:59 np0000068128 container-server[124828]: Removed 0 dbs
Jun 9 08:38:59 np0000068128 container-server[124828]: 0 successes, 0 failures
Jun 9 08:38:59 np0000068128 container-server[124828]: diff:0 diff_capped:0 empty:0 hashmatch:0 no_change:0 remote_merge:0 rsync:0 ts_repl:0
Jun 9 08:39:02 np0000068128 object-server[125449]: Starting object replication pass.
Jun 9 08:39:02 np0000068128 object-server[125449]: Nothing replicated for 0.003915548324584961 seconds.
Jun 9 08:39:02 np0000068128 object-server[125449]: Object replication complete. (0.00 minutes)
Jun 9 08:39:04 np0000068128 object-server[200746]: Begin object audit "forever" mode (ALL)
Jun 9 08:39:04 np0000068128 object-server[200745]: Begin object audit "forever" mode (ZBF)
Jun 9 08:39:04 np0000068128 object-server[200746]: Object audit (ALL) "forever" mode completed: 0.00s. Total quarantined: 0, Total errors: 0, Total files/sec: 0.00, Total bytes/sec: 0.00, Auditing time: 0.00, Rate: 0.00
Jun 9 08:39:04 np0000068128 object-server[200745]: Object audit (ZBF) "forever" mode completed: 0.00s. Total quarantined: 0, Total errors: 0, Total files/sec: 0.00, Total bytes/sec: 0.00, Auditing time: 0.00, Rate: 0.00
Jun 9 08:39:13 np0000068128 account-server[125022]: 172.20.0.104 - - [09/Jun/2026:08:39:13 +0000] "HEAD /d1/231/.expiring_objects" 404 - "HEAD http://localhost/v1/.expiring_objects?format=json" "tx8fc16c9f6e964ce09503f-006a27d131" "proxy-server 2" 0.0008 "-" 16 -
Jun 9 08:39:21 np0000068128 account-server[124679]: Beginning replication run
Jun 9 08:39:21 np0000068128 account-server[124679]: Replication run OVER
Jun 9 08:39:21 np0000068128 account-server[124679]: Attempted to replicate 0 dbs in 0.00268 seconds (0.00000/s)
Jun 9 08:39:21 np0000068128 account-server[124679]: Removed 0 dbs
Jun 9 08:39:21 np0000068128 account-server[124679]: 0 successes, 0 failures
Jun 9 08:39:21 np0000068128 account-server[124679]: diff:0 diff_capped:0 empty:0 hashmatch:0 no_change:0 remote_merge:0 rsync:0 ts_repl:0
Jun 9 08:39:29 np0000068128 container-server[124828]: Beginning replication run
Jun 9 08:39:29 np0000068128 container-server[124828]: Replication run OVER
Jun 9 08:39:29 np0000068128 container-server[124828]: Attempted to replicate 0 dbs in 0.00235 seconds (0.00000/s)
Jun 9 08:39:29 np0000068128 container-server[124828]: Removed 0 dbs
Jun 9 08:39:29 np0000068128 container-server[124828]: 0 successes, 0 failures
Jun 9 08:39:29 np0000068128 container-server[124828]: diff:0 diff_capped:0 empty:0 hashmatch:0 no_change:0 remote_merge:0 rsync:0 ts_repl:0
Jun 9 08:39:32 np0000068128 object-server[125449]: Starting object replication pass.
Jun 9 08:39:32 np0000068128 object-server[125449]: Nothing replicated for 0.0037505626678466797 seconds.
Jun 9 08:39:32 np0000068128 object-server[125449]: Object replication complete. (0.00 minutes)
Jun 9 08:39:34 np0000068128 object-server[203664]: Begin object audit "forever" mode (ALL)
Jun 9 08:39:34 np0000068128 object-server[203663]: Begin object audit "forever" mode (ZBF)
Jun 9 08:39:34 np0000068128 object-server[203664]: Object audit (ALL) "forever" mode completed: 0.00s. Total quarantined: 0, Total errors: 0, Total files/sec: 0.00, Total bytes/sec: 0.00, Auditing time: 0.00, Rate: 0.00
Jun 9 08:39:34 np0000068128 object-server[203663]: Object audit (ZBF) "forever" mode completed: 0.00s. Total quarantined: 0, Total errors: 0, Total files/sec: 0.00, Total bytes/sec: 0.00, Auditing time: 0.00, Rate: 0.00
Jun 9 08:39:51 np0000068128 account-server[124679]: Beginning replication run
Jun 9 08:39:51 np0000068128 account-server[124679]: Replication run OVER
Jun 9 08:39:51 np0000068128 account-server[124679]: Attempted to replicate 0 dbs in 0.00185 seconds (0.00000/s)
Jun 9 08:39:51 np0000068128 account-server[124679]: Removed 0 dbs
Jun 9 08:39:51 np0000068128 account-server[124679]: 0 successes, 0 failures
Jun 9 08:39:51 np0000068128 account-server[124679]: diff:0 diff_capped:0 empty:0 hashmatch:0 no_change:0 remote_merge:0 rsync:0 ts_repl:0
Jun 9 08:39:59 np0000068128 container-server[124828]: Beginning replication run
Jun 9 08:39:59 np0000068128 container-server[124828]: Replication run OVER
Jun 9 08:39:59 np0000068128 container-server[124828]: Attempted to replicate 0 dbs in 0.00214 seconds (0.00000/s)
Jun 9 08:39:59 np0000068128 container-server[124828]: Removed 0 dbs
Jun 9 08:39:59 np0000068128 container-server[124828]: 0 successes, 0 failures
Jun 9 08:39:59 np0000068128 container-server[124828]: diff:0 diff_capped:0 empty:0 hashmatch:0 no_change:0 remote_merge:0 rsync:0 ts_repl:0
Jun 9 08:40:02 np0000068128 object-server[125449]: Starting object replication pass.
Jun 9 08:40:02 np0000068128 object-server[125449]: Nothing replicated for 0.0022454261779785156 seconds.
Jun 9 08:40:02 np0000068128 object-server[125449]: Object replication complete. (0.00 minutes)
Jun 9 08:40:04 np0000068128 object-server[206582]: Begin object audit "forever" mode (ZBF)
Jun 9 08:40:04 np0000068128 object-server[206582]: Object audit (ZBF) "forever" mode completed: 0.00s. Total quarantined: 0, Total errors: 0, Total files/sec: 0.00, Total bytes/sec: 0.00, Auditing time: 0.00, Rate: 0.00
Jun 9 08:40:04 np0000068128 object-server[206583]: Begin object audit "forever" mode (ALL)
Jun 9 08:40:04 np0000068128 object-server[206583]: Object audit (ALL) "forever" mode completed: 0.00s. Total quarantined: 0, Total errors: 0, Total files/sec: 0.00, Total bytes/sec: 0.00, Auditing time: 0.00, Rate: 0.00
Jun 9 08:40:21 np0000068128 account-server[124679]: Beginning replication run
Jun 9 08:40:21 np0000068128 account-server[124679]: Replication run OVER
Jun 9 08:40:21 np0000068128 account-server[124679]: Attempted to replicate 0 dbs in 0.00222 seconds (0.00000/s)
Jun 9 08:40:21 np0000068128 account-server[124679]: Removed 0 dbs
Jun 9 08:40:21 np0000068128 account-server[124679]: 0 successes, 0 failures
Jun 9 08:40:21 np0000068128 account-server[124679]: diff:0 diff_capped:0 empty:0 hashmatch:0 no_change:0 remote_merge:0 rsync:0 ts_repl:0
Jun 9 08:40:29 np0000068128 container-server[124828]: Beginning replication run
Jun 9 08:40:29 np0000068128 container-server[124828]: Replication run OVER
Jun 9 08:40:29 np0000068128 container-server[124828]: Attempted to replicate 0 dbs in 0.00180 seconds (0.00000/s)
Jun 9 08:40:29 np0000068128 container-server[124828]: Removed 0 dbs
Jun 9 08:40:29 np0000068128 container-server[124828]: 0 successes, 0 failures
Jun 9 08:40:29 np0000068128 container-server[124828]: diff:0 diff_capped:0 empty:0 hashmatch:0 no_change:0 remote_merge:0 rsync:0 ts_repl:0
Jun 9 08:40:32 np0000068128 object-server[125449]: Starting object replication pass.
Jun 9 08:40:32 np0000068128 object-server[125449]: Nothing replicated for 0.004555702209472656 seconds.
Jun 9 08:40:32 np0000068128 object-server[125449]: Object replication complete. (0.00 minutes)
Jun 9 08:40:34 np0000068128 object-server[206597]: Begin object audit "forever" mode (ZBF)
Jun 9 08:40:34 np0000068128 object-server[206597]: Object audit (ZBF) "forever" mode completed: 0.00s. Total quarantined: 0, Total errors: 0, Total files/sec: 0.00, Total bytes/sec: 0.00, Auditing time: 0.00, Rate: 0.00
Jun 9 08:40:41 np0000068128 account-server[125003]: 172.20.0.103 - - [09/Jun/2026:08:40:41 +0000] "HEAD /d1/412/AUTH_81d2c38ea30a402e9f136a8f7455b4ab" 404 - "HEAD http://172.18.0.214:8080/v1/AUTH_81d2c38ea30a402e9f136a8f7455b4ab?format=json" "txcc2dfaa0e4704795a0475-006a27d189" "proxy-server 20" 0.0010 "-" 14 -
Jun 9 08:40:41 np0000068128 proxy-server[127031]: - - 09/Jun/2026/08/40/41 HEAD /v1/AUTH_81d2c38ea30a402e9f136a8f7455b4ab%3Fformat%3Djson HTTP/1.0 200 - Swift - - - - txcc2dfaa0e4704795a0475-006a27d189 - 0.0262 RL - 1780994441.950076342 1780994441.976239920 -
Jun 9 08:40:42 np0000068128 object-server[125733]: 172.20.0.103 - - [09/Jun/2026:08:40:42 +0000] "GET /d1/938/AUTH_81d2c38ea30a402e9f136a8f7455b4ab/gnocchi.b1ff1e08-5e20-4459-8539-e783f28a1373/none_v3" 404 70 "GET http://172.18.0.214:8080/v1/AUTH_81d2c38ea30a402e9f136a8f7455b4ab/gnocchi.b1ff1e08-5e20-4459-8539-e783f28a1373/none_v3" "txcc2dfaa0e4704795a0475-006a27d189" "proxy-server 20" 0.0017 "-" 24 0
Jun 9 08:40:42 np0000068128 proxy-server[127031]: 172.18.0.105 172.18.0.104 09/Jun/2026/08/40/42 GET /v1/AUTH_81d2c38ea30a402e9f136a8f7455b4ab/gnocchi.b1ff1e08-5e20-4459-8539-e783f28a1373/none_v3 HTTP/1.0 404 - python-swiftclient-3.11.1 gAAAAABqJ9GJJLmX... - 70 - txcc2dfaa0e4704795a0475-006a27d189 - 0.6167 - - 1780994441.944076300 1780994442.560730934 0
Jun 9 08:40:42 np0000068128 account-server[125036]: 172.20.0.105 - - [09/Jun/2026:08:40:42 +0000] "PUT /d1/412/AUTH_81d2c38ea30a402e9f136a8f7455b4ab" 201 - "-" "tx9a8cc2928f7d45df811d5-006a27d18a" "-" 0.0137 "-" 17 -
Jun 9 08:40:42 np0000068128 account-server[125022]: 172.20.0.103 - - [09/Jun/2026:08:40:42 +0000] "PUT /d1/412/AUTH_81d2c38ea30a402e9f136a8f7455b4ab/gnocchi.b1ff1e08-5e20-4459-8539-e783f28a1373" 201 - "PUT http://172.20.0.103:6001/d1/507/AUTH_81d2c38ea30a402e9f136a8f7455b4ab/gnocchi.b1ff1e08-5e20-4459-8539-e783f28a1373" "tx9a8cc2928f7d45df811d5-006a27d18a" "container-server 14" 0.0022 "-" 16 0
Jun 9 08:40:42 np0000068128 container-server[125177]: 172.20.0.105 - - [09/Jun/2026:08:40:42 +0000] "PUT /d1/507/AUTH_81d2c38ea30a402e9f136a8f7455b4ab/gnocchi.b1ff1e08-5e20-4459-8539-e783f28a1373" 201 - "PUT http://172.18.0.214:8080/v1/AUTH_81d2c38ea30a402e9f136a8f7455b4ab/gnocchi.b1ff1e08-5e20-4459-8539-e783f28a1373" "tx9a8cc2928f7d45df811d5-006a27d18a" "proxy-server 20" 0.0184 "-" 14 0
Jun 9 08:40:42 np0000068128 object-server[125735]: 172.20.0.103 - - [09/Jun/2026:08:40:42 +0000] "GET /d1/560/AUTH_81d2c38ea30a402e9f136a8f7455b4ab/gnocchi.b1ff1e08-5e20-4459-8539-e783f28a1373/1780920000.0_mean_300.0_v3" 404 70 "GET http://172.18.0.214:8080/v1/AUTH_81d2c38ea30a402e9f136a8f7455b4ab/gnocchi.b1ff1e08-5e20-4459-8539-e783f28a1373/1780920000.0_mean_300.0_v3" "tx9fa85d89477148adb8488-006a27d18a" "proxy-server 20" 0.0009 "-" 25 0
Jun 9 08:40:42 np0000068128 proxy-server[127031]: 172.18.0.105 172.18.0.104 09/Jun/2026/08/40/42 GET /v1/AUTH_81d2c38ea30a402e9f136a8f7455b4ab/gnocchi.b1ff1e08-5e20-4459-8539-e783f28a1373/1780920000.0_mean_300.0_v3 HTTP/1.0 404 - python-swiftclient-3.11.1 gAAAAABqJ9GJJLmX... - 70 - tx9fa85d89477148adb8488-006a27d18a - 0.0238 - - 1780994442.682673216 1780994442.706426620 0
Jun 9 08:40:42 np0000068128 container-server[125191]: 172.20.0.103 - - [09/Jun/2026:08:40:42 +0000] "PUT /d1/507/AUTH_81d2c38ea30a402e9f136a8f7455b4ab/gnocchi.b1ff1e08-5e20-4459-8539-e783f28a1373/1780920000.0_mean_300.0_v3" 201 - "PUT http://172.18.0.214:8080/d1/560/AUTH_81d2c38ea30a402e9f136a8f7455b4ab/gnocchi.b1ff1e08-5e20-4459-8539-e783f28a1373/1780920000.0_mean_300.0_v3" "tx781c9b1b94d749b9b256a-006a27d18a" "object-server 25" 0.0021 "-" 16 0
Jun 9 08:40:42 np0000068128 object-server[125735]: 172.20.0.105 - - [09/Jun/2026:08:40:42 +0000] "PUT /d1/560/AUTH_81d2c38ea30a402e9f136a8f7455b4ab/gnocchi.b1ff1e08-5e20-4459-8539-e783f28a1373/1780920000.0_mean_300.0_v3" 201 - "PUT http://172.18.0.214:8080/v1/AUTH_81d2c38ea30a402e9f136a8f7455b4ab/gnocchi.b1ff1e08-5e20-4459-8539-e783f28a1373/1780920000.0_mean_300.0_v3" "tx781c9b1b94d749b9b256a-006a27d18a" "proxy-server 20" 0.0399 "-" 25 0
Jun 9 08:40:42 np0000068128 container-server[125191]: 172.20.0.104 - - [09/Jun/2026:08:40:42 +0000] "PUT /d1/507/AUTH_81d2c38ea30a402e9f136a8f7455b4ab/gnocchi.b1ff1e08-5e20-4459-8539-e783f28a1373/none_v3" 201 - "PUT http://172.18.0.214:8080/d1/938/AUTH_81d2c38ea30a402e9f136a8f7455b4ab/gnocchi.b1ff1e08-5e20-4459-8539-e783f28a1373/none_v3" "txda2d7d2d605b48adbdd35-006a27d18a" "object-server 24" 0.0009 "-" 16 0
Jun 9 08:40:42 np0000068128 object-server[125730]: 172.20.0.104 - - [09/Jun/2026:08:40:42 +0000] "PUT /d1/938/AUTH_81d2c38ea30a402e9f136a8f7455b4ab/gnocchi.b1ff1e08-5e20-4459-8539-e783f28a1373/none_v3" 201 - "PUT http://172.18.0.214:8080/v1/AUTH_81d2c38ea30a402e9f136a8f7455b4ab/gnocchi.b1ff1e08-5e20-4459-8539-e783f28a1373/none_v3" "txda2d7d2d605b48adbdd35-006a27d18a" "proxy-server 12" 0.0367 "-" 23 0
Jun 9 08:40:51 np0000068128 account-server[124679]: Beginning replication run
Jun 9 08:40:51 np0000068128 account-server[124679]: Replication run OVER
Jun 9 08:40:51 np0000068128 account-server[124679]: Attempted to replicate 1 dbs in 0.03217 seconds (31.08010/s)
Jun 9 08:40:51 np0000068128 account-server[124679]: Removed 0 dbs
Jun 9 08:40:51 np0000068128 account-server[124679]: 2 successes, 0 failures
Jun 9 08:40:51 np0000068128 account-server[124679]: diff:0 diff_capped:0 empty:0 hashmatch:0 no_change:2 remote_merge:0 rsync:0 ts_repl:0
Jun 9 08:40:59 np0000068128 container-server[124828]: Beginning replication run
Jun 9 08:40:59 np0000068128 container-server[124828]: Replication run OVER
Jun 9 08:40:59 np0000068128 container-server[124828]: Attempted to replicate 1 dbs in 0.03466 seconds (28.85431/s)
Jun 9 08:40:59 np0000068128 container-server[124828]: Removed 0 dbs
Jun 9 08:40:59 np0000068128 container-server[124828]: 2 successes, 0 failures
Jun 9 08:40:59 np0000068128 container-server[124828]: diff:0 diff_capped:0 empty:0 hashmatch:0 no_change:2 remote_merge:0 rsync:0 ts_repl:0
Jun 9 08:41:02 np0000068128 object-server[125449]: Starting object replication pass.
Jun 9 08:41:02 np0000068128 object-server[125449]: 2/2 (100.00%) partitions replicated in 0.04s (49.48/sec, 0s remaining)
Jun 9 08:41:02 np0000068128 object-server[125449]: 4 successes, 0 failures
Jun 9 08:41:02 np0000068128 object-server[125449]: 2 suffixes checked - 0.00% hashed, 0.00% synced
Jun 9 08:41:02 np0000068128 object-server[125449]: Partition times: max 0.0260s, min 0.0114s, med 0.0260s
Jun 9 08:41:02 np0000068128 object-server[125449]: Object replication complete. (0.00 minutes)
Jun 9 08:41:05 np0000068128 object-server[212726]: Begin object audit "forever" mode (ALL)
Jun 9 08:41:05 np0000068128 object-server[212726]: Object audit (ALL). Since Tue Jun 9 08:41:05 2026: Locally: 1 passed, 0 quarantined, 0 errors, files/sec: 122.25, bytes/sec: 1956.01, Total time: 0.01, Auditing time: 0.00, Rate: 0.00
Jun 9 08:41:05 np0000068128 object-server[212725]: Begin object audit "forever" mode (ZBF)
Jun 9 08:41:05 np0000068128 object-server[212726]: Object audit (ALL) "forever" mode completed: 0.01s. Total quarantined: 0, Total errors: 0, Total files/sec: 176.46, Total bytes/sec: 3352.69, Auditing time: 0.01, Rate: 0.75
Jun 9 08:41:05 np0000068128 object-server[212725]: Object audit (ZBF). Since Tue Jun 9 08:41:05 2026: Locally: 1 passed, 0 quarantined, 0 errors, files/sec: 567.95, bytes/sec: 0.00, Total time: 0.00, Auditing time: 0.00, Rate: 0.00
Jun 9 08:41:05 np0000068128 object-server[212725]: Object audit (ZBF) "forever" mode completed: 0.00s. Total quarantined: 0, Total errors: 0, Total files/sec: 409.62, Total bytes/sec: 0.00, Auditing time: 0.00, Rate: 0.25
Jun 9 08:41:06 np0000068128 container-server[124905]: Begin container audit pass.
Jun 9 08:41:10 np0000068128 account-server[125003]: 172.20.0.103 - - [09/Jun/2026:08:41:10 +0000] "HEAD /d1/231/.expiring_objects" 404 - "HEAD http://localhost/v1/.expiring_objects?format=json" "tx214ec98a9ae9451892aa1-006a27d1a6" "proxy-server 2" 0.0009 "-" 14 -
Jun 9 08:41:10 np0000068128 object-expirer[125366]: Pass completed in 0s; 0 objects expired (txn: tx214ec98a9ae9451892aa1-006a27d1a6)
Jun 9 08:41:11 np0000068128 proxy-server[127031]: 172.18.0.105 172.18.0.104 09/Jun/2026/08/41/11 GET /v1/AUTH_81d2c38ea30a402e9f136a8f7455b4ab/gnocchi.b1ff1e08-5e20-4459-8539-e783f28a1373/none_v3 HTTP/1.0 200 - python-swiftclient-3.11.1 gAAAAABqJ9GJJLmX... - 22 - tx9744ec71f9ac4a3999ec5-006a27d1a7 - 0.0501 - - 1780994471.913457870 1780994471.963521004 0
Jun 9 08:41:12 np0000068128 proxy-server[127031]: 172.18.0.105 172.18.0.104 09/Jun/2026/08/41/12 GET /v1/AUTH_81d2c38ea30a402e9f136a8f7455b4ab/gnocchi.b1ff1e08-5e20-4459-8539-e783f28a1373/1780920000.0_mean_300.0_v3 HTTP/1.0 200 - python-swiftclient-3.11.1 gAAAAABqJ9GJJLmX... - 16 - tx26639725ac0d4d65b0947-006a27d1a8 - 0.0108 - - 1780994472.019460201 1780994472.030303478 0
Jun 9 08:41:12 np0000068128 object-server[125735]: 172.20.0.105 - - [09/Jun/2026:08:41:12 +0000] "PUT /d1/560/AUTH_81d2c38ea30a402e9f136a8f7455b4ab/gnocchi.b1ff1e08-5e20-4459-8539-e783f28a1373/1780920000.0_mean_300.0_v3" 201 - "PUT http://172.18.0.214:8080/v1/AUTH_81d2c38ea30a402e9f136a8f7455b4ab/gnocchi.b1ff1e08-5e20-4459-8539-e783f28a1373/1780920000.0_mean_300.0_v3" "tx3e358d58906e4aca90c36-006a27d1a8" "proxy-server 20" 0.0158 "-" 25 0
Jun 9 08:41:12 np0000068128 container-server[125177]: 172.20.0.105 - - [09/Jun/2026:08:41:12 +0000] "PUT /d1/507/AUTH_81d2c38ea30a402e9f136a8f7455b4ab/gnocchi.b1ff1e08-5e20-4459-8539-e783f28a1373/1780920000.0_mean_300.0_v3" 201 - "PUT http://172.18.0.214:8080/d1/560/AUTH_81d2c38ea30a402e9f136a8f7455b4ab/gnocchi.b1ff1e08-5e20-4459-8539-e783f28a1373/1780920000.0_mean_300.0_v3" "tx3e358d58906e4aca90c36-006a27d1a8" "object-server 25" 0.0015 "-" 14 0
Jun 9 08:41:12 np0000068128 container-server[125222]: 172.20.0.104 - - [09/Jun/2026:08:41:12 +0000] "PUT /d1/507/AUTH_81d2c38ea30a402e9f136a8f7455b4ab/gnocchi.b1ff1e08-5e20-4459-8539-e783f28a1373/none_v3" 201 - "PUT http://172.18.0.214:8080/d1/938/AUTH_81d2c38ea30a402e9f136a8f7455b4ab/gnocchi.b1ff1e08-5e20-4459-8539-e783f28a1373/none_v3" "tx6537641affd348dd9633c-006a27d1a8" "object-server 23" 0.0010 "-" 17 0
Jun 9 08:41:12 np0000068128 object-server[125733]: 172.20.0.104 - - [09/Jun/2026:08:41:12 +0000] "PUT /d1/938/AUTH_81d2c38ea30a402e9f136a8f7455b4ab/gnocchi.b1ff1e08-5e20-4459-8539-e783f28a1373/none_v3" 201 - "PUT http://172.18.0.214:8080/v1/AUTH_81d2c38ea30a402e9f136a8f7455b4ab/gnocchi.b1ff1e08-5e20-4459-8539-e783f28a1373/none_v3" "tx6537641affd348dd9633c-006a27d1a8" "proxy-server 12" 0.0332 "-" 24 0
Jun 9 08:41:21 np0000068128 account-server[124679]: Beginning replication run
Jun 9 08:41:21 np0000068128 account-server[124679]: Replication run OVER
Jun 9 08:41:21 np0000068128 account-server[124679]: Attempted to replicate 1 dbs in 0.01848 seconds (54.10580/s)
Jun 9 08:41:21 np0000068128 account-server[124679]: Removed 0 dbs
Jun 9 08:41:21 np0000068128 account-server[124679]: 2 successes, 0 failures
Jun 9 08:41:21 np0000068128 account-server[124679]: diff:0 diff_capped:0 empty:0 hashmatch:0 no_change:2 remote_merge:0 rsync:0 ts_repl:0
Jun 9 08:41:29 np0000068128 container-server[124828]: Beginning replication run
Jun 9 08:41:29 np0000068128 container-server[124828]: Replication run OVER
Jun 9 08:41:29 np0000068128 container-server[124828]: Attempted to replicate 1 dbs in 0.03314 seconds (30.17194/s)
Jun 9 08:41:29 np0000068128 container-server[124828]: Removed 0 dbs
Jun 9 08:41:29 np0000068128 container-server[124828]: 2 successes, 0 failures
Jun 9 08:41:29 np0000068128 container-server[124828]: diff:0 diff_capped:0 empty:0 hashmatch:0 no_change:2 remote_merge:0 rsync:0 ts_repl:0
Jun 9 08:41:32 np0000068128 object-server[125449]: Starting object replication pass.
Jun 9 08:41:32 np0000068128 object-server[125449]: 2/2 (100.00%) partitions replicated in 0.03s (74.71/sec, 0s remaining)
Jun 9 08:41:32 np0000068128 object-server[125449]: 4 successes, 0 failures
Jun 9 08:41:32 np0000068128 object-server[125449]: 2 suffixes checked - 0.00% hashed, 0.00% synced
Jun 9 08:41:32 np0000068128 object-server[125449]: Partition times: max 0.0126s, min 0.0101s, med 0.0126s
Jun 9 08:41:32 np0000068128 object-server[125449]: Object replication complete. (0.00 minutes)
Jun 9 08:41:35 np0000068128 object-server[215615]: Begin object audit "forever" mode (ZBF)
Jun 9 08:41:35 np0000068128 object-server[215616]: Begin object audit "forever" mode (ALL)
Jun 9 08:41:35 np0000068128 object-server[215615]: Object audit (ZBF). Since Tue Jun 9 08:41:35 2026: Locally: 1 passed, 0 quarantined, 0 errors, files/sec: 588.59, bytes/sec: 0.00, Total time: 0.00, Auditing time: 0.00, Rate: 0.00
Jun 9 08:41:35 np0000068128 object-server[215615]: Object audit (ZBF) "forever" mode completed: 0.00s. Total quarantined: 0, Total errors: 0, Total files/sec: 553.89, Total bytes/sec: 0.00, Auditing time: 0.00, Rate: 0.29
Jun 9 08:41:35 np0000068128 object-server[215616]: Object audit (ALL). Since Tue Jun 9 08:41:35 2026: Locally: 1 passed, 0 quarantined, 0 errors, files/sec: 117.36, bytes/sec: 1877.80, Total time: 0.01, Auditing time: 0.00, Rate: 0.00
Jun 9 08:41:35 np0000068128 object-server[215616]: Object audit (ALL) "forever" mode completed: 0.01s. Total quarantined: 0, Total errors: 0, Total files/sec: 141.52, Total bytes/sec: 3396.48, Auditing time: 0.01, Rate: 0.63
Jun 9 08:41:46 np0000068128 account-server[125036]: 172.20.0.103 - - [09/Jun/2026:08:41:46 +0000] "HEAD /d1/412/AUTH_81d2c38ea30a402e9f136a8f7455b4ab" 204 - "HEAD http://172.18.0.214:8080/v1/AUTH_81d2c38ea30a402e9f136a8f7455b4ab?format=json" "tx8f21e64a80a741f4af253-006a27d1ca" "proxy-server 20" 0.0033 "-" 17 -
Jun 9 08:41:46 np0000068128 proxy-server[127031]: - - 09/Jun/2026/08/41/46 HEAD /v1/AUTH_81d2c38ea30a402e9f136a8f7455b4ab%3Fformat%3Djson HTTP/1.0 204 - Swift - - - - tx8f21e64a80a741f4af253-006a27d1ca - 0.0112 RL - 1780994506.321052790 1780994506.332231760 -
Jun 9 08:41:46 np0000068128 container-server[125222]: 172.20.0.103 - - [09/Jun/2026:08:41:46 +0000] "HEAD /d1/96/AUTH_81d2c38ea30a402e9f136a8f7455b4ab/gnocchi.81aac847-9498-4bee-af33-b34afe499505" 404 - "HEAD http://172.18.0.214:8080/v1/AUTH_81d2c38ea30a402e9f136a8f7455b4ab/gnocchi.81aac847-9498-4bee-af33-b34afe499505?format=json&states=listing" "tx8f21e64a80a741f4af253-006a27d1ca" "proxy-server 20" 0.0017 "-" 17 0
Jun 9 08:41:46 np0000068128 object-server[125730]: 172.20.0.103 - - [09/Jun/2026:08:41:46 +0000] "GET /d1/995/AUTH_81d2c38ea30a402e9f136a8f7455b4ab/gnocchi.81aac847-9498-4bee-af33-b34afe499505/none_v3" 404 70 "GET http://172.18.0.214:8080/v1/AUTH_81d2c38ea30a402e9f136a8f7455b4ab/gnocchi.81aac847-9498-4bee-af33-b34afe499505/none_v3" "tx8f21e64a80a741f4af253-006a27d1ca" "proxy-server 20" 0.0008 "-" 23 0
Jun 9 08:41:46 np0000068128 proxy-server[127031]: 172.18.0.105 172.18.0.104 09/Jun/2026/08/41/46 GET /v1/AUTH_81d2c38ea30a402e9f136a8f7455b4ab/gnocchi.81aac847-9498-4bee-af33-b34afe499505/none_v3 HTTP/1.0 404 - python-swiftclient-3.11.1 gAAAAABqJ9GJJLmX... - 70 - tx8f21e64a80a741f4af253-006a27d1ca - 0.0610 - - 1780994506.319290400 1780994506.380314589 0
Jun 9 08:41:46 np0000068128 account-server[125008]: 172.20.0.104 - - [09/Jun/2026:08:41:46 +0000] "PUT /d1/412/AUTH_81d2c38ea30a402e9f136a8f7455b4ab/gnocchi.81aac847-9498-4bee-af33-b34afe499505" 201 - "PUT http://172.20.0.104:6001/d1/96/AUTH_81d2c38ea30a402e9f136a8f7455b4ab/gnocchi.81aac847-9498-4bee-af33-b34afe499505" "txb743f2be8fda4693b63dc-006a27d1ca" "container-server 22" 0.0033 "-" 15 0
Jun 9 08:41:46 np0000068128 container-server[125177]: 172.20.0.105 - - [09/Jun/2026:08:41:46 +0000] "PUT /d1/96/AUTH_81d2c38ea30a402e9f136a8f7455b4ab/gnocchi.81aac847-9498-4bee-af33-b34afe499505" 201 - "PUT http://172.18.0.214:8080/v1/AUTH_81d2c38ea30a402e9f136a8f7455b4ab/gnocchi.81aac847-9498-4bee-af33-b34afe499505" "txb743f2be8fda4693b63dc-006a27d1ca" "proxy-server 20" 0.0245 "-" 14 0
Jun 9 08:41:46 np0000068128 container-server[125185]: 172.20.0.104 - - [09/Jun/2026:08:41:46 +0000] "GET /d1/96/AUTH_81d2c38ea30a402e9f136a8f7455b4ab/gnocchi.81aac847-9498-4bee-af33-b34afe499505" 200 2 "GET http://172.18.0.214:8080/v1/AUTH_81d2c38ea30a402e9f136a8f7455b4ab/gnocchi.81aac847-9498-4bee-af33-b34afe499505?format=json&states=listing" "tx85bc200807c4424c89630-006a27d1ca" "proxy-server 12" 0.0034 "-" 15 0
Jun 9 08:41:46 np0000068128 object-server[125733]: 172.20.0.103 - - [09/Jun/2026:08:41:46 +0000] "GET /d1/123/AUTH_81d2c38ea30a402e9f136a8f7455b4ab/gnocchi.81aac847-9498-4bee-af33-b34afe499505/1780920000.0_mean_300.0_v3" 404 70 "GET http://172.18.0.214:8080/v1/AUTH_81d2c38ea30a402e9f136a8f7455b4ab/gnocchi.81aac847-9498-4bee-af33-b34afe499505/1780920000.0_mean_300.0_v3" "txfb4dfb4c0a6a43a8bf926-006a27d1ca" "proxy-server 20" 0.0006 "-" 24 0
Jun 9 08:41:46 np0000068128 proxy-server[127031]: 172.18.0.105 172.18.0.104 09/Jun/2026/08/41/46 GET /v1/AUTH_81d2c38ea30a402e9f136a8f7455b4ab/gnocchi.81aac847-9498-4bee-af33-b34afe499505/1780920000.0_mean_300.0_v3 HTTP/1.0 404 - python-swiftclient-3.11.1 gAAAAABqJ9GJJLmX... - 70 - txfb4dfb4c0a6a43a8bf926-006a27d1ca - 0.0207 - - 1780994506.472671747 1780994506.493395805 0
Jun 9 08:41:46 np0000068128 container-server[125177]: 172.20.0.104 - - [09/Jun/2026:08:41:46 +0000] "PUT /d1/96/AUTH_81d2c38ea30a402e9f136a8f7455b4ab/gnocchi.81aac847-9498-4bee-af33-b34afe499505/1780920000.0_mean_300.0_v3" 201 - "PUT http://172.18.0.214:8080/d1/123/AUTH_81d2c38ea30a402e9f136a8f7455b4ab/gnocchi.81aac847-9498-4bee-af33-b34afe499505/1780920000.0_mean_300.0_v3" "txc8130796908f4b0c930b9-006a27d1ca" "object-server 25" 0.0013 "-" 14 0
Jun 9 08:41:46 np0000068128 object-server[125728]: 172.20.0.105 - - [09/Jun/2026:08:41:46 +0000] "PUT /d1/123/AUTH_81d2c38ea30a402e9f136a8f7455b4ab/gnocchi.81aac847-9498-4bee-af33-b34afe499505/1780920000.0_mean_300.0_v3" 201 - "PUT http://172.18.0.214:8080/v1/AUTH_81d2c38ea30a402e9f136a8f7455b4ab/gnocchi.81aac847-9498-4bee-af33-b34afe499505/1780920000.0_mean_300.0_v3" "txc8130796908f4b0c930b9-006a27d1ca" "proxy-server 20" 0.0355 "-" 22 0
Jun 9 08:41:46 np0000068128 object-server[125735]: 172.20.0.104 - - [09/Jun/2026:08:41:46 +0000] "PUT /d1/995/AUTH_81d2c38ea30a402e9f136a8f7455b4ab/gnocchi.81aac847-9498-4bee-af33-b34afe499505/none_v3" 201 - "PUT http://172.18.0.214:8080/v1/AUTH_81d2c38ea30a402e9f136a8f7455b4ab/gnocchi.81aac847-9498-4bee-af33-b34afe499505/none_v3" "tx6fe37308928c41dabdb71-006a27d1ca" "proxy-server 12" 0.0226 "-" 25 0
Jun 9 08:41:46 np0000068128 container-server[125185]: 172.20.0.104 - - [09/Jun/2026:08:41:46 +0000] "PUT /d1/96/AUTH_81d2c38ea30a402e9f136a8f7455b4ab/gnocchi.81aac847-9498-4bee-af33-b34afe499505/none_v3" 201 - "PUT http://172.18.0.214:8080/d1/995/AUTH_81d2c38ea30a402e9f136a8f7455b4ab/gnocchi.81aac847-9498-4bee-af33-b34afe499505/none_v3" "tx6fe37308928c41dabdb71-006a27d1ca" "object-server 22" 0.0011 "-" 15 0
Jun 9 08:41:46 np0000068128 container-server[125185]: 172.20.0.103 - - [09/Jun/2026:08:41:46 +0000] "HEAD /d1/312/AUTH_81d2c38ea30a402e9f136a8f7455b4ab/gnocchi.823ec8a8-5e4e-4305-a954-93413094e39a" 404 - "HEAD http://172.18.0.214:8080/v1/AUTH_81d2c38ea30a402e9f136a8f7455b4ab/gnocchi.823ec8a8-5e4e-4305-a954-93413094e39a?format=json&states=listing" "tx0a6f9843932f4b6dab734-006a27d1ca" "proxy-server 20" 0.0006 "-" 15 0
Jun 9 08:41:46 np0000068128 object-server[125728]: 172.20.0.103 - - [09/Jun/2026:08:41:46 +0000] "GET /d1/242/AUTH_81d2c38ea30a402e9f136a8f7455b4ab/gnocchi.823ec8a8-5e4e-4305-a954-93413094e39a/none_v3" 404 70 "GET http://172.18.0.214:8080/v1/AUTH_81d2c38ea30a402e9f136a8f7455b4ab/gnocchi.823ec8a8-5e4e-4305-a954-93413094e39a/none_v3" "tx0a6f9843932f4b6dab734-006a27d1ca" "proxy-server 20" 0.0007 "-" 22 0
Jun 9 08:41:46 np0000068128 proxy-server[127031]: 172.18.0.214 172.18.0.104 09/Jun/2026/08/41/46 GET /v1/AUTH_81d2c38ea30a402e9f136a8f7455b4ab/gnocchi.823ec8a8-5e4e-4305-a954-93413094e39a/none_v3 HTTP/1.0 404 - python-swiftclient-3.11.1 gAAAAABqJ9HKhNbl... - 70 - tx0a6f9843932f4b6dab734-006a27d1ca - 0.0960 - - 1780994506.796890974 1780994506.892845631 0
Jun 9 08:41:46 np0000068128 account-server[125036]: 172.20.0.104 - - [09/Jun/2026:08:41:46 +0000] "PUT /d1/412/AUTH_81d2c38ea30a402e9f136a8f7455b4ab/gnocchi.823ec8a8-5e4e-4305-a954-93413094e39a" 201 - "PUT http://172.20.0.104:6001/d1/312/AUTH_81d2c38ea30a402e9f136a8f7455b4ab/gnocchi.823ec8a8-5e4e-4305-a954-93413094e39a" "txd76dd4a3539f46b98e254-006a27d1ca" "container-server 21" 0.0098 "-" 17 0
Jun 9 08:41:46 np0000068128 container-server[125185]: 172.20.0.105 - - [09/Jun/2026:08:41:46 +0000] "PUT /d1/312/AUTH_81d2c38ea30a402e9f136a8f7455b4ab/gnocchi.823ec8a8-5e4e-4305-a954-93413094e39a" 201 - "PUT http://172.18.0.214:8080/v1/AUTH_81d2c38ea30a402e9f136a8f7455b4ab/gnocchi.823ec8a8-5e4e-4305-a954-93413094e39a" "txd76dd4a3539f46b98e254-006a27d1ca" "proxy-server 20" 0.0274 "-" 15 0
Jun 9 08:41:46 np0000068128 object-server[125728]: 172.20.0.103 - - [09/Jun/2026:08:41:46 +0000] "GET /d1/695/AUTH_81d2c38ea30a402e9f136a8f7455b4ab/gnocchi.823ec8a8-5e4e-4305-a954-93413094e39a/1780920000.0_mean_300.0_v3" 404 70 "GET http://172.18.0.214:8080/v1/AUTH_81d2c38ea30a402e9f136a8f7455b4ab/gnocchi.823ec8a8-5e4e-4305-a954-93413094e39a/1780920000.0_mean_300.0_v3" "tx6884ae14a92c4fa9b683e-006a27d1ca" "proxy-server 20" 0.0007 "-" 22 0
Jun 9 08:41:46 np0000068128 proxy-server[127031]: 172.18.0.214 172.18.0.104 09/Jun/2026/08/41/46 GET /v1/AUTH_81d2c38ea30a402e9f136a8f7455b4ab/gnocchi.823ec8a8-5e4e-4305-a954-93413094e39a/1780920000.0_mean_300.0_v3 HTTP/1.0 404 - python-swiftclient-3.11.1 gAAAAABqJ9HKhNbl... - 70 - tx6884ae14a92c4fa9b683e-006a27d1ca - 0.0257 - - 1780994506.968488932 1780994506.994194984 0
Jun 9 08:41:47 np0000068128 container-server[125191]: 172.20.0.103 - - [09/Jun/2026:08:41:47 +0000] "PUT /d1/312/AUTH_81d2c38ea30a402e9f136a8f7455b4ab/gnocchi.823ec8a8-5e4e-4305-a954-93413094e39a/1780920000.0_mean_300.0_v3" 201 - "PUT http://172.18.0.214:8080/d1/695/AUTH_81d2c38ea30a402e9f136a8f7455b4ab/gnocchi.823ec8a8-5e4e-4305-a954-93413094e39a/1780920000.0_mean_300.0_v3" "txd82bc302fcd141d488ee7-006a27d1ca" "object-server 25" 0.0009 "-" 16 0
Jun 9 08:41:47 np0000068128 object-server[125735]: 172.20.0.105 - - [09/Jun/2026:08:41:47 +0000] "PUT /d1/695/AUTH_81d2c38ea30a402e9f136a8f7455b4ab/gnocchi.823ec8a8-5e4e-4305-a954-93413094e39a/1780920000.0_mean_300.0_v3" 201 - "PUT http://172.18.0.214:8080/v1/AUTH_81d2c38ea30a402e9f136a8f7455b4ab/gnocchi.823ec8a8-5e4e-4305-a954-93413094e39a/1780920000.0_mean_300.0_v3" "txd82bc302fcd141d488ee7-006a27d1ca" "proxy-server 20" 0.0134 "-" 25 0
Jun 9 08:41:47 np0000068128 container-server[125185]: 172.20.0.103 - - [09/Jun/2026:08:41:47 +0000] "PUT /d1/312/AUTH_81d2c38ea30a402e9f136a8f7455b4ab/gnocchi.823ec8a8-5e4e-4305-a954-93413094e39a/none_v3" 201 - "PUT http://172.18.0.214:8080/d1/242/AUTH_81d2c38ea30a402e9f136a8f7455b4ab/gnocchi.823ec8a8-5e4e-4305-a954-93413094e39a/none_v3" "txa47b97ddb2ae45a5922bb-006a27d1cb" "object-server 23" 0.0009 "-" 15 0
Jun 9 08:41:47 np0000068128 object-server[125730]: 172.20.0.104 - - [09/Jun/2026:08:41:47 +0000] "PUT /d1/242/AUTH_81d2c38ea30a402e9f136a8f7455b4ab/gnocchi.823ec8a8-5e4e-4305-a954-93413094e39a/none_v3" 201 - "PUT http://172.18.0.214:8080/v1/AUTH_81d2c38ea30a402e9f136a8f7455b4ab/gnocchi.823ec8a8-5e4e-4305-a954-93413094e39a/none_v3" "txa47b97ddb2ae45a5922bb-006a27d1cb" "proxy-server 12" 0.0134 "-" 23 0
Jun 9 08:41:51 np0000068128 account-server[124679]: Beginning replication run
Jun 9 08:41:51 np0000068128 account-server[124679]: Replication run OVER
Jun 9 08:41:51 np0000068128 account-server[124679]: Attempted to replicate 1 dbs in 0.04230 seconds (23.64141/s)
Jun 9 08:41:51 np0000068128 account-server[124679]: Removed 0 dbs
Jun 9 08:41:51 np0000068128 account-server[124679]: 2 successes, 0 failures
Jun 9 08:41:51 np0000068128 account-server[124679]: diff:0 diff_capped:0 empty:0 hashmatch:0 no_change:2 remote_merge:0 rsync:0 ts_repl:0
Jun 9 08:41:58 np0000068128 container-server[125191]: 172.20.0.105 - - [09/Jun/2026:08:41:58 +0000] "HEAD /d1/689/AUTH_81d2c38ea30a402e9f136a8f7455b4ab/gnocchi.64334978-e357-4cb3-bc1b-fbbf124d217a" 404 - "HEAD http://172.18.0.214:8080/v1/AUTH_81d2c38ea30a402e9f136a8f7455b4ab/gnocchi.64334978-e357-4cb3-bc1b-fbbf124d217a?format=json&states=listing" "tx4248595a2735411eb7c51-006a27d1d6" "proxy-server 20" 0.0010 "-" 16 0
Jun 9 08:41:58 np0000068128 container-server[125191]: 172.20.0.103 - - [09/Jun/2026:08:41:58 +0000] "HEAD /d1/887/AUTH_81d2c38ea30a402e9f136a8f7455b4ab/gnocchi.5a1e133e-d7d1-4db1-a6ca-99860a928b74" 404 - "HEAD http://172.18.0.214:8080/v1/AUTH_81d2c38ea30a402e9f136a8f7455b4ab/gnocchi.5a1e133e-d7d1-4db1-a6ca-99860a928b74?format=json&states=listing" "txa369318febdf4373949ca-006a27d1d6" "proxy-server 20" 0.0003 "-" 16 0
Jun 9 08:41:58 np0000068128 object-server[125733]: 172.20.0.103 - - [09/Jun/2026:08:41:58 +0000] "GET /d1/581/AUTH_81d2c38ea30a402e9f136a8f7455b4ab/gnocchi.5a1e133e-d7d1-4db1-a6ca-99860a928b74/none_v3" 404 70 "GET http://172.18.0.214:8080/v1/AUTH_81d2c38ea30a402e9f136a8f7455b4ab/gnocchi.5a1e133e-d7d1-4db1-a6ca-99860a928b74/none_v3" "txa369318febdf4373949ca-006a27d1d6" "proxy-server 20" 0.0007 "-" 24 0
Jun 9 08:41:58 np0000068128 object-server[125733]: 172.20.0.105 - - [09/Jun/2026:08:41:58 +0000] "GET /d1/961/AUTH_81d2c38ea30a402e9f136a8f7455b4ab/gnocchi.64334978-e357-4cb3-bc1b-fbbf124d217a/none_v3" 404 70 "GET http://172.18.0.214:8080/v1/AUTH_81d2c38ea30a402e9f136a8f7455b4ab/gnocchi.64334978-e357-4cb3-bc1b-fbbf124d217a/none_v3" "tx4248595a2735411eb7c51-006a27d1d6" "proxy-server 20" 0.0002 "-" 24 0
Jun 9 08:41:58 np0000068128 proxy-server[127031]: 172.18.0.105 172.18.0.104 09/Jun/2026/08/41/58 GET /v1/AUTH_81d2c38ea30a402e9f136a8f7455b4ab/gnocchi.5a1e133e-d7d1-4db1-a6ca-99860a928b74/none_v3 HTTP/1.0 404 - python-swiftclient-3.11.1 gAAAAABqJ9GJJLmX... - 70 - txa369318febdf4373949ca-006a27d1d6 - 0.0391 - - 1780994518.537126303 1780994518.576200962 0
Jun 9 08:41:58 np0000068128 account-server[125008]: 172.20.0.105 - - [09/Jun/2026:08:41:58 +0000] "PUT /d1/412/AUTH_81d2c38ea30a402e9f136a8f7455b4ab/gnocchi.64334978-e357-4cb3-bc1b-fbbf124d217a" 201 - "PUT http://172.20.0.105:6001/d1/689/AUTH_81d2c38ea30a402e9f136a8f7455b4ab/gnocchi.64334978-e357-4cb3-bc1b-fbbf124d217a" "txf53c07938a9f413cbc8b0-006a27d1d6" "container-server 22" 0.0025 "-" 15 0
Jun 9 08:41:58 np0000068128 account-server[125022]: 172.20.0.103 - - [09/Jun/2026:08:41:58 +0000] "PUT /d1/412/AUTH_81d2c38ea30a402e9f136a8f7455b4ab/gnocchi.5a1e133e-d7d1-4db1-a6ca-99860a928b74" 201 - "PUT http://172.20.0.103:6001/d1/887/AUTH_81d2c38ea30a402e9f136a8f7455b4ab/gnocchi.5a1e133e-d7d1-4db1-a6ca-99860a928b74" "tx408cfb903e334b2a9d192-006a27d1d6" "container-server 15" 0.0061 "-" 16 0
Jun 9 08:41:58 np0000068128 container-server[125185]: 172.20.0.103 - - [09/Jun/2026:08:41:58 +0000] "PUT /d1/887/AUTH_81d2c38ea30a402e9f136a8f7455b4ab/gnocchi.5a1e133e-d7d1-4db1-a6ca-99860a928b74" 201 - "PUT http://172.18.0.214:8080/v1/AUTH_81d2c38ea30a402e9f136a8f7455b4ab/gnocchi.5a1e133e-d7d1-4db1-a6ca-99860a928b74" "tx408cfb903e334b2a9d192-006a27d1d6" "proxy-server 20" 0.0259 "-" 15 0
Jun 9 08:41:58 np0000068128 proxy-server[127031]: 172.18.0.105 172.18.0.104 09/Jun/2026/08/41/58 PUT /v1/AUTH_81d2c38ea30a402e9f136a8f7455b4ab/gnocchi.5a1e133e-d7d1-4db1-a6ca-99860a928b74 HTTP/1.0 201 - python-swiftclient-3.11.1 gAAAAABqJ9GJJLmX... - - - tx408cfb903e334b2a9d192-006a27d1d6 - 0.0348 - - 1780994518.584205389 1780994518.619020700 0
Jun 9 08:41:58 np0000068128 container-server[125177]: 172.20.0.104 - - [09/Jun/2026:08:41:58 +0000] "PUT /d1/689/AUTH_81d2c38ea30a402e9f136a8f7455b4ab/gnocchi.64334978-e357-4cb3-bc1b-fbbf124d217a" 201 - "PUT http://172.18.0.214:8080/v1/AUTH_81d2c38ea30a402e9f136a8f7455b4ab/gnocchi.64334978-e357-4cb3-bc1b-fbbf124d217a" "txf53c07938a9f413cbc8b0-006a27d1d6" "proxy-server 12" 0.0313 "-" 14 0
Jun 9 08:41:58 np0000068128 proxy-server[127031]: - - 09/Jun/2026/08/41/58 HEAD /v1/AUTH_81d2c38ea30a402e9f136a8f7455b4ab/gnocchi.64334978-e357-4cb3-bc1b-fbbf124d217a%3Fformat%3Djson%26states%3Dlisting HTTP/1.0 204 - Swift - - - - txa7c45525d95042c780fb3-006a27d1d6 - 0.0049 RL - 1780994518.632306337 1780994518.637194633 0
Jun 9 08:41:58 np0000068128 container-server[125177]: 172.20.0.105 - - [09/Jun/2026:08:41:58 +0000] "GET /d1/887/AUTH_81d2c38ea30a402e9f136a8f7455b4ab/gnocchi.5a1e133e-d7d1-4db1-a6ca-99860a928b74" 200 2 "GET http://172.18.0.214:8080/v1/AUTH_81d2c38ea30a402e9f136a8f7455b4ab/gnocchi.5a1e133e-d7d1-4db1-a6ca-99860a928b74?format=json&states=listing" "txcbc2f69af0364c0e97a0d-006a27d1d6" "proxy-server 20" 0.0040 "-" 14 0
Jun 9 08:41:58 np0000068128 container-server[125185]: 172.20.0.103 - - [09/Jun/2026:08:41:58 +0000] "GET /d1/689/AUTH_81d2c38ea30a402e9f136a8f7455b4ab/gnocchi.64334978-e357-4cb3-bc1b-fbbf124d217a" 200 2 "GET http://172.18.0.214:8080/v1/AUTH_81d2c38ea30a402e9f136a8f7455b4ab/gnocchi.64334978-e357-4cb3-bc1b-fbbf124d217a?format=json&states=listing" "txa7c45525d95042c780fb3-006a27d1d6" "proxy-server 20" 0.0039 "-" 15 0
Jun 9 08:41:58 np0000068128 proxy-server[127031]: 172.18.0.214 172.18.0.104 09/Jun/2026/08/41/58 GET /v1/AUTH_81d2c38ea30a402e9f136a8f7455b4ab/gnocchi.64334978-e357-4cb3-bc1b-fbbf124d217a%3Fformat%3Djson%26states%3Dlisting HTTP/1.0 200 - python-swiftclient-3.11.1 gAAAAABqJ9HKhNbl... - 2 - txa7c45525d95042c780fb3-006a27d1d6 - 0.0184 - - 1780994518.630482197 1780994518.648879290 0
Jun 9 08:41:58 np0000068128 object-server[125730]: 172.20.0.104 - - [09/Jun/2026:08:41:58 +0000] "GET /d1/414/AUTH_81d2c38ea30a402e9f136a8f7455b4ab/gnocchi.64334978-e357-4cb3-bc1b-fbbf124d217a/1780920000.0_mean_300.0_v3" 404 70 "GET http://172.18.0.214:8080/v1/AUTH_81d2c38ea30a402e9f136a8f7455b4ab/gnocchi.64334978-e357-4cb3-bc1b-fbbf124d217a/1780920000.0_mean_300.0_v3" "tx052731248a3f490194a18-006a27d1d6" "proxy-server 12" 0.0004 "-" 23 0
Jun 9 08:41:58 np0000068128 object-server[125728]: 172.20.0.103 - - [09/Jun/2026:08:41:58 +0000] "GET /d1/190/AUTH_81d2c38ea30a402e9f136a8f7455b4ab/gnocchi.5a1e133e-d7d1-4db1-a6ca-99860a928b74/1780920000.0_mean_300.0_v3" 404 70 "GET http://172.18.0.214:8080/v1/AUTH_81d2c38ea30a402e9f136a8f7455b4ab/gnocchi.5a1e133e-d7d1-4db1-a6ca-99860a928b74/1780920000.0_mean_300.0_v3" "tx862a438c2bbb4800804c2-006a27d1d6" "proxy-server 20" 0.0004 "-" 22 0
Jun 9 08:41:58 np0000068128 proxy-server[127031]: 172.18.0.105 172.18.0.104 09/Jun/2026/08/41/58 GET /v1/AUTH_81d2c38ea30a402e9f136a8f7455b4ab/gnocchi.5a1e133e-d7d1-4db1-a6ca-99860a928b74/1780920000.0_mean_300.0_v3 HTTP/1.0 404 - python-swiftclient-3.11.1 gAAAAABqJ9GJJLmX... - 70 - tx862a438c2bbb4800804c2-006a27d1d6 - 0.0197 - - 1780994518.655868769 1780994518.675562382 0
Jun 9 08:41:58 np0000068128 container-server[125222]: 172.20.0.103 - - [09/Jun/2026:08:41:58 +0000] "PUT /d1/689/AUTH_81d2c38ea30a402e9f136a8f7455b4ab/gnocchi.64334978-e357-4cb3-bc1b-fbbf124d217a/1780920000.0_mean_300.0_v3" 201 - "PUT http://172.18.0.214:8080/d1/414/AUTH_81d2c38ea30a402e9f136a8f7455b4ab/gnocchi.64334978-e357-4cb3-bc1b-fbbf124d217a/1780920000.0_mean_300.0_v3" "tx351c7c3ece774c0188e4b-006a27d1d6" "object-server 23" 0.0009 "-" 17 0
Jun 9 08:41:58 np0000068128 object-server[125730]: 172.20.0.105 - - [09/Jun/2026:08:41:58 +0000] "PUT /d1/414/AUTH_81d2c38ea30a402e9f136a8f7455b4ab/gnocchi.64334978-e357-4cb3-bc1b-fbbf124d217a/1780920000.0_mean_300.0_v3" 201 - "PUT http://172.18.0.214:8080/v1/AUTH_81d2c38ea30a402e9f136a8f7455b4ab/gnocchi.64334978-e357-4cb3-bc1b-fbbf124d217a/1780920000.0_mean_300.0_v3" "tx351c7c3ece774c0188e4b-006a27d1d6" "proxy-server 20" 0.0118 "-" 23 0
Jun 9 08:41:58 np0000068128 container-server[125177]: 172.20.0.103 - - [09/Jun/2026:08:41:58 +0000] "PUT /d1/887/AUTH_81d2c38ea30a402e9f136a8f7455b4ab/gnocchi.5a1e133e-d7d1-4db1-a6ca-99860a928b74/1780920000.0_mean_300.0_v3" 201 - "PUT http://172.18.0.214:8080/d1/190/AUTH_81d2c38ea30a402e9f136a8f7455b4ab/gnocchi.5a1e133e-d7d1-4db1-a6ca-99860a928b74/1780920000.0_mean_300.0_v3" "txaa61442b28544f249e0d3-006a27d1d6" "object-server 23" 0.0010 "-" 14 0
Jun 9 08:41:58 np0000068128 object-server[125730]: 172.20.0.104 - - [09/Jun/2026:08:41:58 +0000] "PUT /d1/190/AUTH_81d2c38ea30a402e9f136a8f7455b4ab/gnocchi.5a1e133e-d7d1-4db1-a6ca-99860a928b74/1780920000.0_mean_300.0_v3" 201 - "PUT http://172.18.0.214:8080/v1/AUTH_81d2c38ea30a402e9f136a8f7455b4ab/gnocchi.5a1e133e-d7d1-4db1-a6ca-99860a928b74/1780920000.0_mean_300.0_v3" "txaa61442b28544f249e0d3-006a27d1d6" "proxy-server 12" 0.0118 "-" 23 0
Jun 9 08:41:58 np0000068128 container-server[125191]: 172.20.0.104 - - [09/Jun/2026:08:41:58 +0000] "PUT /d1/689/AUTH_81d2c38ea30a402e9f136a8f7455b4ab/gnocchi.64334978-e357-4cb3-bc1b-fbbf124d217a/none_v3" 201 - "PUT http://172.18.0.214:8080/d1/961/AUTH_81d2c38ea30a402e9f136a8f7455b4ab/gnocchi.64334978-e357-4cb3-bc1b-fbbf124d217a/none_v3" "tx41a79b4a369848b4ae4d2-006a27d1d6" "object-server 22" 0.0008 "-" 16 0
Jun 9 08:41:58 np0000068128 object-server[125735]: 172.20.0.103 - - [09/Jun/2026:08:41:58 +0000] "PUT /d1/961/AUTH_81d2c38ea30a402e9f136a8f7455b4ab/gnocchi.64334978-e357-4cb3-bc1b-fbbf124d217a/none_v3" 201 - "PUT http://172.18.0.214:8080/v1/AUTH_81d2c38ea30a402e9f136a8f7455b4ab/gnocchi.64334978-e357-4cb3-bc1b-fbbf124d217a/none_v3" "tx41a79b4a369848b4ae4d2-006a27d1d6" "proxy-server 20" 0.0121 "-" 25 0
Jun 9 08:41:58 np0000068128 proxy-server[127031]: 172.18.0.214 172.18.0.104 09/Jun/2026/08/41/58 PUT /v1/AUTH_81d2c38ea30a402e9f136a8f7455b4ab/gnocchi.64334978-e357-4cb3-bc1b-fbbf124d217a/none_v3 HTTP/1.0 201 - python-swiftclient-3.11.1 gAAAAABqJ9HKhNbl... 22 - - tx41a79b4a369848b4ae4d2-006a27d1d6 - 0.0213 - - 1780994518.704456806 1780994518.725791216 0
Jun 9 08:41:58 np0000068128 container-server[125177]: 172.20.0.103 - - [09/Jun/2026:08:41:58 +0000] "PUT /d1/887/AUTH_81d2c38ea30a402e9f136a8f7455b4ab/gnocchi.5a1e133e-d7d1-4db1-a6ca-99860a928b74/none_v3" 201 - "PUT http://172.18.0.214:8080/d1/581/AUTH_81d2c38ea30a402e9f136a8f7455b4ab/gnocchi.5a1e133e-d7d1-4db1-a6ca-99860a928b74/none_v3" "txe6c009bbebec42c2a6f85-006a27d1d6" "object-server 24" 0.0007 "-" 14 0
Jun 9 08:41:58 np0000068128 object-server[125733]: 172.20.0.105 - - [09/Jun/2026:08:41:58 +0000] "PUT /d1/581/AUTH_81d2c38ea30a402e9f136a8f7455b4ab/gnocchi.5a1e133e-d7d1-4db1-a6ca-99860a928b74/none_v3" 201 - "PUT http://172.18.0.214:8080/v1/AUTH_81d2c38ea30a402e9f136a8f7455b4ab/gnocchi.5a1e133e-d7d1-4db1-a6ca-99860a928b74/none_v3" "txe6c009bbebec42c2a6f85-006a27d1d6" "proxy-server 20" 0.0118 "-" 24 0
Jun 9 08:41:58 np0000068128 container-server[125185]: 172.20.0.104 - - [09/Jun/2026:08:41:58 +0000] "HEAD /d1/648/AUTH_81d2c38ea30a402e9f136a8f7455b4ab/gnocchi.2e8d6f72-1513-46bd-bb6f-e805c53459e4" 404 - "HEAD http://172.18.0.214:8080/v1/AUTH_81d2c38ea30a402e9f136a8f7455b4ab/gnocchi.2e8d6f72-1513-46bd-bb6f-e805c53459e4?format=json&states=listing" "txcd574555d1a241198180c-006a27d1d6" "proxy-server 12" 0.0004 "-" 15 0
Jun 9 08:41:58 np0000068128 object-server[125733]: 172.20.0.104 - - [09/Jun/2026:08:41:58 +0000] "GET /d1/88/AUTH_81d2c38ea30a402e9f136a8f7455b4ab/gnocchi.2e8d6f72-1513-46bd-bb6f-e805c53459e4/none_v3" 404 70 "GET http://172.18.0.214:8080/v1/AUTH_81d2c38ea30a402e9f136a8f7455b4ab/gnocchi.2e8d6f72-1513-46bd-bb6f-e805c53459e4/none_v3" "txcd574555d1a241198180c-006a27d1d6" "proxy-server 12" 0.0006 "-" 24 0
Jun 9 08:41:58 np0000068128 container-server[125191]: 172.20.0.103 - - [09/Jun/2026:08:41:58 +0000] "HEAD /d1/923/AUTH_81d2c38ea30a402e9f136a8f7455b4ab/gnocchi.b2c6972b-a199-4b20-9725-43d824e2ad72" 404 - "HEAD http://172.18.0.214:8080/v1/AUTH_81d2c38ea30a402e9f136a8f7455b4ab/gnocchi.b2c6972b-a199-4b20-9725-43d824e2ad72?format=json&states=listing" "tx731d0001431c4f14b012c-006a27d1d6" "proxy-server 20" 0.0006 "-" 16 0
Jun 9 08:41:58 np0000068128 object-server[125728]: 172.20.0.103 - - [09/Jun/2026:08:41:58 +0000] "GET /d1/552/AUTH_81d2c38ea30a402e9f136a8f7455b4ab/gnocchi.b2c6972b-a199-4b20-9725-43d824e2ad72/none_v3" 404 70 "GET http://172.18.0.214:8080/v1/AUTH_81d2c38ea30a402e9f136a8f7455b4ab/gnocchi.b2c6972b-a199-4b20-9725-43d824e2ad72/none_v3" "tx731d0001431c4f14b012c-006a27d1d6" "proxy-server 20" 0.0007 "-" 22 0
Jun 9 08:41:58 np0000068128 account-server[125036]: 172.20.0.104 - - [09/Jun/2026:08:41:58 +0000] "PUT /d1/412/AUTH_81d2c38ea30a402e9f136a8f7455b4ab/gnocchi.2e8d6f72-1513-46bd-bb6f-e805c53459e4" 201 - "PUT http://172.20.0.104:6001/d1/648/AUTH_81d2c38ea30a402e9f136a8f7455b4ab/gnocchi.2e8d6f72-1513-46bd-bb6f-e805c53459e4" "tx2fb3a5bdf2b54baaaffc8-006a27d1d6" "container-server 22" 0.0069 "-" 17 0
Jun 9 08:41:58 np0000068128 container-server[125177]: 172.20.0.105 - - [09/Jun/2026:08:41:58 +0000] "PUT /d1/648/AUTH_81d2c38ea30a402e9f136a8f7455b4ab/gnocchi.2e8d6f72-1513-46bd-bb6f-e805c53459e4" 201 - "PUT http://172.18.0.214:8080/v1/AUTH_81d2c38ea30a402e9f136a8f7455b4ab/gnocchi.2e8d6f72-1513-46bd-bb6f-e805c53459e4" "tx2fb3a5bdf2b54baaaffc8-006a27d1d6" "proxy-server 20" 0.0200 "-" 14 0
Jun 9 08:41:58 np0000068128 proxy-server[127031]: 172.18.0.105 172.18.0.104 09/Jun/2026/08/41/58 GET /v1/AUTH_81d2c38ea30a402e9f136a8f7455b4ab/gnocchi.b2c6972b-a199-4b20-9725-43d824e2ad72/none_v3 HTTP/1.0 404 - python-swiftclient-3.11.1 gAAAAABqJ9GJJLmX... - 70 - tx731d0001431c4f14b012c-006a27d1d6 - 0.0316 - - 1780994518.773662806 1780994518.805258751 0
Jun 9 08:41:58 np0000068128 proxy-server[127031]: - - 09/Jun/2026/08/41/58 HEAD /v1/AUTH_81d2c38ea30a402e9f136a8f7455b4ab/gnocchi.2e8d6f72-1513-46bd-bb6f-e805c53459e4%3Fformat%3Djson%26states%3Dlisting HTTP/1.0 204 - Swift - - - - txf1834c6cdd06442aa876a-006a27d1d6 - 0.0124 RL - 1780994518.820475340 1780994518.832855701 0
Jun 9 08:41:58 np0000068128 account-server[125008]: 172.20.0.104 - - [09/Jun/2026:08:41:58 +0000] "PUT /d1/412/AUTH_81d2c38ea30a402e9f136a8f7455b4ab/gnocchi.b2c6972b-a199-4b20-9725-43d824e2ad72" 201 - "PUT http://172.20.0.104:6001/d1/923/AUTH_81d2c38ea30a402e9f136a8f7455b4ab/gnocchi.b2c6972b-a199-4b20-9725-43d824e2ad72" "tx111aedc1fd714a6ca6088-006a27d1d6" "container-server 22" 0.0086 "-" 15 0
Jun 9 08:41:58 np0000068128 proxy-server[127031]: 172.18.0.214 172.18.0.104 09/Jun/2026/08/41/58 GET /v1/AUTH_81d2c38ea30a402e9f136a8f7455b4ab/gnocchi.2e8d6f72-1513-46bd-bb6f-e805c53459e4%3Fformat%3Djson%26states%3Dlisting HTTP/1.0 200 - python-swiftclient-3.11.1 gAAAAABqJ9HKhNbl... - 2 - txf1834c6cdd06442aa876a-006a27d1d6 - 0.0326 - - 1780994518.817483664 1780994518.850100279 0
Jun 9 08:41:58 np0000068128 object-server[125730]: 172.20.0.105 - - [09/Jun/2026:08:41:58 +0000] "GET /d1/992/AUTH_81d2c38ea30a402e9f136a8f7455b4ab/gnocchi.2e8d6f72-1513-46bd-bb6f-e805c53459e4/1780920000.0_mean_300.0_v3" 404 70 "GET http://172.18.0.214:8080/v1/AUTH_81d2c38ea30a402e9f136a8f7455b4ab/gnocchi.2e8d6f72-1513-46bd-bb6f-e805c53459e4/1780920000.0_mean_300.0_v3" "txcb4979fcdc974ff2a84eb-006a27d1d6" "proxy-server 20" 0.0007 "-" 23 0
Jun 9 08:41:58 np0000068128 container-server[125177]: 172.20.0.104 - - [09/Jun/2026:08:41:58 +0000] "PUT /d1/923/AUTH_81d2c38ea30a402e9f136a8f7455b4ab/gnocchi.b2c6972b-a199-4b20-9725-43d824e2ad72" 201 - "PUT http://172.18.0.214:8080/v1/AUTH_81d2c38ea30a402e9f136a8f7455b4ab/gnocchi.b2c6972b-a199-4b20-9725-43d824e2ad72" "tx111aedc1fd714a6ca6088-006a27d1d6" "proxy-server 12" 0.0236 "-" 14 0
Jun 9 08:41:58 np0000068128 object-server[125735]: 172.20.0.103 - - [09/Jun/2026:08:41:58 +0000] "PUT /d1/992/AUTH_81d2c38ea30a402e9f136a8f7455b4ab/gnocchi.2e8d6f72-1513-46bd-bb6f-e805c53459e4/1780920000.0_mean_300.0_v3" 201 - "PUT http://172.18.0.214:8080/v1/AUTH_81d2c38ea30a402e9f136a8f7455b4ab/gnocchi.2e8d6f72-1513-46bd-bb6f-e805c53459e4/1780920000.0_mean_300.0_v3" "txbd413ca0f4614164af5b4-006a27d1d6" "proxy-server 20" 0.0133 "-" 25 0
Jun 9 08:41:58 np0000068128 container-server[125185]: 172.20.0.104 - - [09/Jun/2026:08:41:58 +0000] "PUT /d1/648/AUTH_81d2c38ea30a402e9f136a8f7455b4ab/gnocchi.2e8d6f72-1513-46bd-bb6f-e805c53459e4/1780920000.0_mean_300.0_v3" 201 - "PUT http://172.18.0.214:8080/d1/992/AUTH_81d2c38ea30a402e9f136a8f7455b4ab/gnocchi.2e8d6f72-1513-46bd-bb6f-e805c53459e4/1780920000.0_mean_300.0_v3" "txbd413ca0f4614164af5b4-006a27d1d6" "object-server 22" 0.0009 "-" 15 0
Jun 9 08:41:58 np0000068128 container-server[125177]: 172.20.0.105 - - [09/Jun/2026:08:41:58 +0000] "GET /d1/923/AUTH_81d2c38ea30a402e9f136a8f7455b4ab/gnocchi.b2c6972b-a199-4b20-9725-43d824e2ad72" 200 2 "GET http://172.18.0.214:8080/v1/AUTH_81d2c38ea30a402e9f136a8f7455b4ab/gnocchi.b2c6972b-a199-4b20-9725-43d824e2ad72?format=json&states=listing" "tx6a0ac5ee615046d5b4c6e-006a27d1d6" "proxy-server 20" 0.0038 "-" 14 0
Jun 9 08:41:58 np0000068128 proxy-server[127031]: 172.18.0.214 172.18.0.104 09/Jun/2026/08/41/58 PUT /v1/AUTH_81d2c38ea30a402e9f136a8f7455b4ab/gnocchi.2e8d6f72-1513-46bd-bb6f-e805c53459e4/1780920000.0_mean_300.0_v3 HTTP/1.0 201 - python-swiftclient-3.11.1 gAAAAABqJ9HKhNbl... 16 - - txbd413ca0f4614164af5b4-006a27d1d6 - 0.0328 - - 1780994518.881541729 1780994518.914308310 0
Jun 9 08:41:58 np0000068128 object-server[125735]: 172.20.0.103 - - [09/Jun/2026:08:41:58 +0000] "GET /d1/131/AUTH_81d2c38ea30a402e9f136a8f7455b4ab/gnocchi.b2c6972b-a199-4b20-9725-43d824e2ad72/1780920000.0_mean_300.0_v3" 404 70 "GET http://172.18.0.214:8080/v1/AUTH_81d2c38ea30a402e9f136a8f7455b4ab/gnocchi.b2c6972b-a199-4b20-9725-43d824e2ad72/1780920000.0_mean_300.0_v3" "txf1fc3c97b8d148c5abea5-006a27d1d6" "proxy-server 20" 0.0005 "-" 25 0
