Jun 9 08:43:20 np0000068129 container-server[121849]: 172.20.0.105 - - [09/Jun/2026:08:43:20 +0000] "HEAD /d1/337/AUTH_81d2c38ea30a402e9f136a8f7455b4ab/gnocchi.91deb96e-e957-4f63-bb02-0c2ed032f202" 204 - "HEAD http://172.18.0.214:8080/v1/AUTH_81d2c38ea30a402e9f136a8f7455b4ab/gnocchi.91deb96e-e957-4f63-bb02-0c2ed032f202?format=json&states=listing" "tx128e8b5a5f094537987fc-006a27d228" "proxy-server 20" 0.0018 "-" 20 0
Jun 9 08:43:20 np0000068129 object-server[122208]: 172.20.0.105 - - [09/Jun/2026:08:43:20 +0000] "GET /d1/830/AUTH_81d2c38ea30a402e9f136a8f7455b4ab/gnocchi.91deb96e-e957-4f63-bb02-0c2ed032f202/1780920000.0_mean_300.0_v3" 404 70 "GET http://172.18.0.214:8080/v1/AUTH_81d2c38ea30a402e9f136a8f7455b4ab/gnocchi.91deb96e-e957-4f63-bb02-0c2ed032f202/1780920000.0_mean_300.0_v3" "tx1615c6a5daef4663a2982-006a27d228" "proxy-server 20" 0.0006 "-" 25 0
Jun 9 08:43:20 np0000068129 account-server[121702]: 172.20.0.104 - - [09/Jun/2026:08:43:20 +0000] "PUT /d1/412/AUTH_81d2c38ea30a402e9f136a8f7455b4ab/gnocchi.1258b107-4a9e-49e3-9f9d-9da34c5c36dc" 201 - "PUT http://172.20.0.104:6001/d1/44/AUTH_81d2c38ea30a402e9f136a8f7455b4ab/gnocchi.1258b107-4a9e-49e3-9f9d-9da34c5c36dc" "tx454fc882113f4abf9812d-006a27d228" "container-server 21" 0.0055 "-" 23 0
Jun 9 08:43:20 np0000068129 container-server[121866]: 172.20.0.104 - - [09/Jun/2026:08:43:20 +0000] "PUT /d1/44/AUTH_81d2c38ea30a402e9f136a8f7455b4ab/gnocchi.1258b107-4a9e-49e3-9f9d-9da34c5c36dc" 201 - "PUT http://172.18.0.214:8080/v1/AUTH_81d2c38ea30a402e9f136a8f7455b4ab/gnocchi.1258b107-4a9e-49e3-9f9d-9da34c5c36dc" "tx454fc882113f4abf9812d-006a27d228" "proxy-server 12" 0.0194 "-" 21 0
Jun 9 08:43:20 np0000068129 proxy-server[123514]: 172.18.0.214 172.18.0.104 09/Jun/2026/08/43/20 PUT /v1/AUTH_81d2c38ea30a402e9f136a8f7455b4ab/gnocchi.1258b107-4a9e-49e3-9f9d-9da34c5c36dc HTTP/1.0 201 - python-swiftclient-3.11.1 gAAAAABqJ9HKhNbl... - - - tx454fc882113f4abf9812d-006a27d228 - 0.0355 - - 1780994600.703381300 1780994600.738867283 0
Jun 9 08:43:20 np0000068129 object-server[122188]: 172.20.0.103 - - [09/Jun/2026:08:43:20 +0000] "GET /d1/188/AUTH_81d2c38ea30a402e9f136a8f7455b4ab/gnocchi.0493e3d0-d267-4186-8a72-e1c103435a3d/1780920000.0_mean_300.0_v3" 404 70 "GET http://172.18.0.214:8080/v1/AUTH_81d2c38ea30a402e9f136a8f7455b4ab/gnocchi.0493e3d0-d267-4186-8a72-e1c103435a3d/1780920000.0_mean_300.0_v3" "tx0c6cd657a9414921abd6b-006a27d228" "proxy-server 20" 0.0005 "-" 22 0
Jun 9 08:43:20 np0000068129 container-server[121849]: 172.20.0.104 - - [09/Jun/2026:08:43:20 +0000] "HEAD /d1/439/AUTH_81d2c38ea30a402e9f136a8f7455b4ab/gnocchi.b42358ea-1e64-45d7-99e8-34066545df5c" 404 - "HEAD http://172.18.0.214:8080/v1/AUTH_81d2c38ea30a402e9f136a8f7455b4ab/gnocchi.b42358ea-1e64-45d7-99e8-34066545df5c?format=json&states=listing" "tx63902f92ad1842e0abf0c-006a27d228" "proxy-server 12" 0.0005 "-" 20 0
Jun 9 08:43:20 np0000068129 container-server[121869]: 172.20.0.104 - - [09/Jun/2026:08:43:20 +0000] "PUT /d1/337/AUTH_81d2c38ea30a402e9f136a8f7455b4ab/gnocchi.91deb96e-e957-4f63-bb02-0c2ed032f202/1780920000.0_mean_300.0_v3" 201 - "PUT http://172.18.0.214:8080/d1/830/AUTH_81d2c38ea30a402e9f136a8f7455b4ab/gnocchi.91deb96e-e957-4f63-bb02-0c2ed032f202/1780920000.0_mean_300.0_v3" "txba3dbc739fb04839926a9-006a27d228" "object-server 25" 0.0011 "-" 22 0
Jun 9 08:43:20 np0000068129 object-server[122208]: 172.20.0.105 - - [09/Jun/2026:08:43:20 +0000] "PUT /d1/830/AUTH_81d2c38ea30a402e9f136a8f7455b4ab/gnocchi.91deb96e-e957-4f63-bb02-0c2ed032f202/1780920000.0_mean_300.0_v3" 201 - "PUT http://172.18.0.214:8080/v1/AUTH_81d2c38ea30a402e9f136a8f7455b4ab/gnocchi.91deb96e-e957-4f63-bb02-0c2ed032f202/1780920000.0_mean_300.0_v3" "txba3dbc739fb04839926a9-006a27d228" "proxy-server 20" 0.0126 "-" 25 0
Jun 9 08:43:20 np0000068129 object-server[122208]: 172.20.0.104 - - [09/Jun/2026:08:43:20 +0000] "GET /d1/446/AUTH_81d2c38ea30a402e9f136a8f7455b4ab/gnocchi.b42358ea-1e64-45d7-99e8-34066545df5c/none_v3" 404 70 "GET http://172.18.0.214:8080/v1/AUTH_81d2c38ea30a402e9f136a8f7455b4ab/gnocchi.b42358ea-1e64-45d7-99e8-34066545df5c/none_v3" "tx63902f92ad1842e0abf0c-006a27d228" "proxy-server 12" 0.0004 "-" 25 0
Jun 9 08:43:20 np0000068129 proxy-server[123514]: 172.18.0.214 172.18.0.104 09/Jun/2026/08/43/20 GET /v1/AUTH_81d2c38ea30a402e9f136a8f7455b4ab/gnocchi.b42358ea-1e64-45d7-99e8-34066545df5c/none_v3 HTTP/1.0 404 - python-swiftclient-3.11.1 gAAAAABqJ9HKhNbl... - 70 - tx63902f92ad1842e0abf0c-006a27d228 - 0.0323 - - 1780994600.742750883 1780994600.775014639 0
Jun 9 08:43:20 np0000068129 container-server[121849]: 172.20.0.105 - - [09/Jun/2026:08:43:20 +0000] "PUT /d1/227/AUTH_81d2c38ea30a402e9f136a8f7455b4ab/gnocchi.0493e3d0-d267-4186-8a72-e1c103435a3d/1780920000.0_mean_300.0_v3" 201 - "PUT http://172.18.0.214:8080/d1/188/AUTH_81d2c38ea30a402e9f136a8f7455b4ab/gnocchi.0493e3d0-d267-4186-8a72-e1c103435a3d/1780920000.0_mean_300.0_v3" "tx5eeb1886d30646f39effe-006a27d228" "object-server 22" 0.0007 "-" 20 0
Jun 9 08:43:20 np0000068129 object-server[122197]: 172.20.0.103 - - [09/Jun/2026:08:43:20 +0000] "PUT /d1/188/AUTH_81d2c38ea30a402e9f136a8f7455b4ab/gnocchi.0493e3d0-d267-4186-8a72-e1c103435a3d/1780920000.0_mean_300.0_v3" 201 - "PUT http://172.18.0.214:8080/v1/AUTH_81d2c38ea30a402e9f136a8f7455b4ab/gnocchi.0493e3d0-d267-4186-8a72-e1c103435a3d/1780920000.0_mean_300.0_v3" "tx5eeb1886d30646f39effe-006a27d228" "proxy-server 20" 0.0134 "-" 23 0
Jun 9 08:43:20 np0000068129 object-server[122206]: 172.20.0.105 - - [09/Jun/2026:08:43:20 +0000] "PUT /d1/330/AUTH_81d2c38ea30a402e9f136a8f7455b4ab/gnocchi.91deb96e-e957-4f63-bb02-0c2ed032f202/none_v3" 201 - "PUT http://172.18.0.214:8080/v1/AUTH_81d2c38ea30a402e9f136a8f7455b4ab/gnocchi.91deb96e-e957-4f63-bb02-0c2ed032f202/none_v3" "tx96fa9846727c4c3d8b90e-006a27d228" "proxy-server 20" 0.0135 "-" 24 0
Jun 9 08:43:20 np0000068129 container-server[121869]: 172.20.0.103 - - [09/Jun/2026:08:43:20 +0000] "PUT /d1/337/AUTH_81d2c38ea30a402e9f136a8f7455b4ab/gnocchi.91deb96e-e957-4f63-bb02-0c2ed032f202/none_v3" 201 - "PUT http://172.18.0.214:8080/d1/330/AUTH_81d2c38ea30a402e9f136a8f7455b4ab/gnocchi.91deb96e-e957-4f63-bb02-0c2ed032f202/none_v3" "tx96fa9846727c4c3d8b90e-006a27d228" "object-server 25" 0.0013 "-" 22 0
Jun 9 08:43:20 np0000068129 container-server[121882]: 172.20.0.104 - - [09/Jun/2026:08:43:20 +0000] "PUT /d1/439/AUTH_81d2c38ea30a402e9f136a8f7455b4ab/gnocchi.b42358ea-1e64-45d7-99e8-34066545df5c" 201 - "PUT http://172.18.0.214:8080/v1/AUTH_81d2c38ea30a402e9f136a8f7455b4ab/gnocchi.b42358ea-1e64-45d7-99e8-34066545df5c" "tx7eafa0e16de54c6f8da50-006a27d228" "proxy-server 12" 0.0203 "-" 23 0
Jun 9 08:43:20 np0000068129 account-server[121702]: 172.20.0.103 - - [09/Jun/2026:08:43:20 +0000] "PUT /d1/412/AUTH_81d2c38ea30a402e9f136a8f7455b4ab/gnocchi.b42358ea-1e64-45d7-99e8-34066545df5c" 201 - "PUT http://172.20.0.103:6001/d1/439/AUTH_81d2c38ea30a402e9f136a8f7455b4ab/gnocchi.b42358ea-1e64-45d7-99e8-34066545df5c" "tx7eafa0e16de54c6f8da50-006a27d228" "container-server 14" 0.0059 "-" 23 0
Jun 9 08:43:20 np0000068129 proxy-server[123514]: 172.18.0.214 172.18.0.104 09/Jun/2026/08/43/20 PUT /v1/AUTH_81d2c38ea30a402e9f136a8f7455b4ab/gnocchi.b42358ea-1e64-45d7-99e8-34066545df5c HTTP/1.0 201 - python-swiftclient-3.11.1 gAAAAABqJ9HKhNbl... - - - tx7eafa0e16de54c6f8da50-006a27d228 - 0.0364 - - 1780994600.780650377 1780994600.817043543 0
Jun 9 08:43:20 np0000068129 object-server[122197]: 172.20.0.103 - - [09/Jun/2026:08:43:20 +0000] "PUT /d1/496/AUTH_81d2c38ea30a402e9f136a8f7455b4ab/gnocchi.0493e3d0-d267-4186-8a72-e1c103435a3d/none_v3" 201 - "PUT http://172.18.0.214:8080/v1/AUTH_81d2c38ea30a402e9f136a8f7455b4ab/gnocchi.0493e3d0-d267-4186-8a72-e1c103435a3d/none_v3" "tx1663f48a0e8f49dda4c1d-006a27d228" "proxy-server 20" 0.0216 "-" 23 0
Jun 9 08:43:20 np0000068129 container-server[121866]: 172.20.0.103 - - [09/Jun/2026:08:43:20 +0000] "PUT /d1/227/AUTH_81d2c38ea30a402e9f136a8f7455b4ab/gnocchi.0493e3d0-d267-4186-8a72-e1c103435a3d/none_v3" 201 - "PUT http://172.18.0.214:8080/d1/496/AUTH_81d2c38ea30a402e9f136a8f7455b4ab/gnocchi.0493e3d0-d267-4186-8a72-e1c103435a3d/none_v3" "tx1663f48a0e8f49dda4c1d-006a27d228" "object-server 23" 0.0009 "-" 21 0
Jun 9 08:43:20 np0000068129 container-server[121849]: 172.20.0.105 - - [09/Jun/2026:08:43:20 +0000] "GET /d1/44/AUTH_81d2c38ea30a402e9f136a8f7455b4ab/gnocchi.1258b107-4a9e-49e3-9f9d-9da34c5c36dc" 200 2 "GET http://172.18.0.214:8080/v1/AUTH_81d2c38ea30a402e9f136a8f7455b4ab/gnocchi.1258b107-4a9e-49e3-9f9d-9da34c5c36dc?format=json&states=listing" "tx7eac1584a2f64fcb9612a-006a27d228" "proxy-server 20" 0.0028 "-" 20 0
Jun 9 08:43:20 np0000068129 container-server[121849]: 172.20.0.104 - - [09/Jun/2026:08:43:20 +0000] "HEAD /d1/922/AUTH_81d2c38ea30a402e9f136a8f7455b4ab/gnocchi.8685ba51-040b-4da1-9c57-adc7292f3871" 404 - "HEAD http://172.18.0.214:8080/v1/AUTH_81d2c38ea30a402e9f136a8f7455b4ab/gnocchi.8685ba51-040b-4da1-9c57-adc7292f3871?format=json&states=listing" "tx36d020f1e6d0459bb378b-006a27d228" "proxy-server 12" 0.0003 "-" 20 0
Jun 9 08:43:20 np0000068129 object-server[122197]: 172.20.0.104 - - [09/Jun/2026:08:43:20 +0000] "GET /d1/293/AUTH_81d2c38ea30a402e9f136a8f7455b4ab/gnocchi.8685ba51-040b-4da1-9c57-adc7292f3871/none_v3" 404 70 "GET http://172.18.0.214:8080/v1/AUTH_81d2c38ea30a402e9f136a8f7455b4ab/gnocchi.8685ba51-040b-4da1-9c57-adc7292f3871/none_v3" "tx36d020f1e6d0459bb378b-006a27d228" "proxy-server 12" 0.0006 "-" 23 0
Jun 9 08:43:20 np0000068129 container-server[121869]: 172.20.0.103 - - [09/Jun/2026:08:43:20 +0000] "HEAD /d1/166/AUTH_81d2c38ea30a402e9f136a8f7455b4ab/gnocchi.3f8cf9f3-db2f-450b-ba49-d1f004da4c98" 404 - "HEAD http://172.18.0.214:8080/v1/AUTH_81d2c38ea30a402e9f136a8f7455b4ab/gnocchi.3f8cf9f3-db2f-450b-ba49-d1f004da4c98?format=json&states=listing" "tx6d43418b04c84b36a6a16-006a27d228" "proxy-server 20" 0.0006 "-" 22 0
Jun 9 08:43:20 np0000068129 object-server[122197]: 172.20.0.103 - - [09/Jun/2026:08:43:20 +0000] "GET /d1/1002/AUTH_81d2c38ea30a402e9f136a8f7455b4ab/gnocchi.3f8cf9f3-db2f-450b-ba49-d1f004da4c98/none_v3" 404 70 "GET http://172.18.0.214:8080/v1/AUTH_81d2c38ea30a402e9f136a8f7455b4ab/gnocchi.3f8cf9f3-db2f-450b-ba49-d1f004da4c98/none_v3" "tx6d43418b04c84b36a6a16-006a27d228" "proxy-server 20" 0.0005 "-" 23 0
Jun 9 08:43:20 np0000068129 proxy-server[123514]: 172.18.0.105 172.18.0.104 09/Jun/2026/08/43/20 GET /v1/AUTH_81d2c38ea30a402e9f136a8f7455b4ab/gnocchi.8685ba51-040b-4da1-9c57-adc7292f3871/none_v3 HTTP/1.0 404 - python-swiftclient-3.11.1 gAAAAABqJ9GJJLmX... - 70 - tx36d020f1e6d0459bb378b-006a27d228 - 0.0610 - - 1780994600.831580639 1780994600.892543554 0
Jun 9 08:43:20 np0000068129 container-server[121866]: 172.20.0.105 - - [09/Jun/2026:08:43:20 +0000] "HEAD /d1/439/AUTH_81d2c38ea30a402e9f136a8f7455b4ab/gnocchi.b42358ea-1e64-45d7-99e8-34066545df5c" 204 - "HEAD http://172.18.0.214:8080/v1/AUTH_81d2c38ea30a402e9f136a8f7455b4ab/gnocchi.b42358ea-1e64-45d7-99e8-34066545df5c?format=json&states=listing" "tx1b90e0afaf214c999974b-006a27d228" "proxy-server 20" 0.0027 "-" 21 0
Jun 9 08:43:20 np0000068129 object-server[122206]: 172.20.0.105 - - [09/Jun/2026:08:43:20 +0000] "GET /d1/21/AUTH_81d2c38ea30a402e9f136a8f7455b4ab/gnocchi.1258b107-4a9e-49e3-9f9d-9da34c5c36dc/1780920000.0_mean_300.0_v3" 404 70 "GET http://172.18.0.214:8080/v1/AUTH_81d2c38ea30a402e9f136a8f7455b4ab/gnocchi.1258b107-4a9e-49e3-9f9d-9da34c5c36dc/1780920000.0_mean_300.0_v3" "tx99e1c2a1c3ea45979c1a9-006a27d228" "proxy-server 20" 0.0008 "-" 24 0
Jun 9 08:43:20 np0000068129 account-server[121702]: 172.20.0.105 - - [09/Jun/2026:08:43:20 +0000] "PUT /d1/412/AUTH_81d2c38ea30a402e9f136a8f7455b4ab/gnocchi.8685ba51-040b-4da1-9c57-adc7292f3871" 201 - "PUT http://172.20.0.105:6001/d1/922/AUTH_81d2c38ea30a402e9f136a8f7455b4ab/gnocchi.8685ba51-040b-4da1-9c57-adc7292f3871" "txaaf62873daa34ec49c1fc-006a27d228" "container-server 20" 0.0062 "-" 23 0
Jun 9 08:43:20 np0000068129 container-server[121882]: 172.20.0.104 - - [09/Jun/2026:08:43:20 +0000] "PUT /d1/922/AUTH_81d2c38ea30a402e9f136a8f7455b4ab/gnocchi.8685ba51-040b-4da1-9c57-adc7292f3871" 201 - "PUT http://172.18.0.214:8080/v1/AUTH_81d2c38ea30a402e9f136a8f7455b4ab/gnocchi.8685ba51-040b-4da1-9c57-adc7292f3871" "txaaf62873daa34ec49c1fc-006a27d228" "proxy-server 12" 0.0242 "-" 23 0
Jun 9 08:43:20 np0000068129 container-server[121869]: 172.20.0.103 - - [09/Jun/2026:08:43:20 +0000] "PUT /d1/166/AUTH_81d2c38ea30a402e9f136a8f7455b4ab/gnocchi.3f8cf9f3-db2f-450b-ba49-d1f004da4c98" 201 - "PUT http://172.18.0.214:8080/v1/AUTH_81d2c38ea30a402e9f136a8f7455b4ab/gnocchi.3f8cf9f3-db2f-450b-ba49-d1f004da4c98" "tx815df250279c4906a85fa-006a27d228" "proxy-server 20" 0.0212 "-" 22 0
Jun 9 08:43:20 np0000068129 proxy-server[123514]: 172.18.0.105 172.18.0.104 09/Jun/2026/08/43/20 PUT /v1/AUTH_81d2c38ea30a402e9f136a8f7455b4ab/gnocchi.8685ba51-040b-4da1-9c57-adc7292f3871 HTTP/1.0 201 - python-swiftclient-3.11.1 gAAAAABqJ9GJJLmX... - - - txaaf62873daa34ec49c1fc-006a27d228 - 0.0391 - - 1780994600.897495031 1780994600.936633348 0
Jun 9 08:43:20 np0000068129 account-server[121702]: 172.20.0.103 - - [09/Jun/2026:08:43:20 +0000] "PUT /d1/412/AUTH_81d2c38ea30a402e9f136a8f7455b4ab/gnocchi.3f8cf9f3-db2f-450b-ba49-d1f004da4c98" 201 - "PUT http://172.20.0.103:6001/d1/166/AUTH_81d2c38ea30a402e9f136a8f7455b4ab/gnocchi.3f8cf9f3-db2f-450b-ba49-d1f004da4c98" "tx815df250279c4906a85fa-006a27d228" "container-server 16" 0.0054 "-" 23 0
Jun 9 08:43:20 np0000068129 object-server[122197]: 172.20.0.105 - - [09/Jun/2026:08:43:20 +0000] "GET /d1/498/AUTH_81d2c38ea30a402e9f136a8f7455b4ab/gnocchi.b42358ea-1e64-45d7-99e8-34066545df5c/1780920000.0_mean_300.0_v3" 404 70 "GET http://172.18.0.214:8080/v1/AUTH_81d2c38ea30a402e9f136a8f7455b4ab/gnocchi.b42358ea-1e64-45d7-99e8-34066545df5c/1780920000.0_mean_300.0_v3" "tx402d39a9e4c6491b9ba41-006a27d228" "proxy-server 20" 0.0007 "-" 23 0
Jun 9 08:43:20 np0000068129 proxy-server[123514]: - - 09/Jun/2026/08/43/20 HEAD /v1/AUTH_81d2c38ea30a402e9f136a8f7455b4ab/gnocchi.8685ba51-040b-4da1-9c57-adc7292f3871%3Fformat%3Djson%26states%3Dlisting HTTP/1.0 204 - Swift - - - - tx98afe6d129194e7ca7259-006a27d228 - 0.0089 RL - 1780994600.944602966 1780994600.953547955 0
Jun 9 08:43:20 np0000068129 proxy-server[123514]: 172.18.0.105 172.18.0.104 09/Jun/2026/08/43/20 GET /v1/AUTH_81d2c38ea30a402e9f136a8f7455b4ab/gnocchi.8685ba51-040b-4da1-9c57-adc7292f3871%3Fformat%3Djson%26states%3Dlisting HTTP/1.0 200 - python-swiftclient-3.11.1 gAAAAABqJ9GJJLmX... - 2 - tx98afe6d129194e7ca7259-006a27d228 - 0.0266 - - 1780994600.942166328 1780994600.968784332 0
Jun 9 08:43:20 np0000068129 object-server[122206]: 172.20.0.103 - - [09/Jun/2026:08:43:20 +0000] "GET /d1/504/AUTH_81d2c38ea30a402e9f136a8f7455b4ab/gnocchi.3f8cf9f3-db2f-450b-ba49-d1f004da4c98/1780920000.0_mean_300.0_v3" 404 70 "GET http://172.18.0.214:8080/v1/AUTH_81d2c38ea30a402e9f136a8f7455b4ab/gnocchi.3f8cf9f3-db2f-450b-ba49-d1f004da4c98/1780920000.0_mean_300.0_v3" "txa0467582e4e24e6cae7f0-006a27d228" "proxy-server 20" 0.0008 "-" 24 0
Jun 9 08:43:20 np0000068129 object-server[122206]: 172.20.0.104 - - [09/Jun/2026:08:43:20 +0000] "GET /d1/962/AUTH_81d2c38ea30a402e9f136a8f7455b4ab/gnocchi.8685ba51-040b-4da1-9c57-adc7292f3871/1780920000.0_mean_300.0_v3" 404 70 "GET http://172.18.0.214:8080/v1/AUTH_81d2c38ea30a402e9f136a8f7455b4ab/gnocchi.8685ba51-040b-4da1-9c57-adc7292f3871/1780920000.0_mean_300.0_v3" "tx97707b36ca714a4c9d554-006a27d228" "proxy-server 12" 0.0007 "-" 24 0
Jun 9 08:43:20 np0000068129 object-server[122208]: 172.20.0.105 - - [09/Jun/2026:08:43:20 +0000] "PUT /d1/21/AUTH_81d2c38ea30a402e9f136a8f7455b4ab/gnocchi.1258b107-4a9e-49e3-9f9d-9da34c5c36dc/1780920000.0_mean_300.0_v3" 201 - "PUT http://172.18.0.214:8080/v1/AUTH_81d2c38ea30a402e9f136a8f7455b4ab/gnocchi.1258b107-4a9e-49e3-9f9d-9da34c5c36dc/1780920000.0_mean_300.0_v3" "tx8f9d8f21627d44239265a-006a27d228" "proxy-server 20" 0.0155 "-" 25 0
Jun 9 08:43:20 np0000068129 proxy-server[123514]: 172.18.0.105 172.18.0.104 09/Jun/2026/08/43/20 GET /v1/AUTH_81d2c38ea30a402e9f136a8f7455b4ab/gnocchi.8685ba51-040b-4da1-9c57-adc7292f3871/1780920000.0_mean_300.0_v3 HTTP/1.0 404 - python-swiftclient-3.11.1 gAAAAABqJ9GJJLmX... - 70 - tx97707b36ca714a4c9d554-006a27d228 - 0.0208 - - 1780994600.973945141 1780994600.994774818 0
Jun 9 08:43:20 np0000068129 container-server[121882]: 172.20.0.105 - - [09/Jun/2026:08:43:20 +0000] "PUT /d1/44/AUTH_81d2c38ea30a402e9f136a8f7455b4ab/gnocchi.1258b107-4a9e-49e3-9f9d-9da34c5c36dc/1780920000.0_mean_300.0_v3" 201 - "PUT http://172.18.0.214:8080/d1/21/AUTH_81d2c38ea30a402e9f136a8f7455b4ab/gnocchi.1258b107-4a9e-49e3-9f9d-9da34c5c36dc/1780920000.0_mean_300.0_v3" "tx8f9d8f21627d44239265a-006a27d228" "object-server 24" 0.0013 "-" 23 0
Jun 9 08:43:21 np0000068129 container-server[121882]: 172.20.0.104 - - [09/Jun/2026:08:43:21 +0000] "PUT /d1/166/AUTH_81d2c38ea30a402e9f136a8f7455b4ab/gnocchi.3f8cf9f3-db2f-450b-ba49-d1f004da4c98/1780920000.0_mean_300.0_v3" 201 - "PUT http://172.18.0.214:8080/d1/504/AUTH_81d2c38ea30a402e9f136a8f7455b4ab/gnocchi.3f8cf9f3-db2f-450b-ba49-d1f004da4c98/1780920000.0_mean_300.0_v3" "tx16f3fbde6a33436597e23-006a27d228" "object-server 24" 0.0009 "-" 23 0
Jun 9 08:43:21 np0000068129 object-server[122206]: 172.20.0.103 - - [09/Jun/2026:08:43:21 +0000] "PUT /d1/504/AUTH_81d2c38ea30a402e9f136a8f7455b4ab/gnocchi.3f8cf9f3-db2f-450b-ba49-d1f004da4c98/1780920000.0_mean_300.0_v3" 201 - "PUT http://172.18.0.214:8080/v1/AUTH_81d2c38ea30a402e9f136a8f7455b4ab/gnocchi.3f8cf9f3-db2f-450b-ba49-d1f004da4c98/1780920000.0_mean_300.0_v3" "tx16f3fbde6a33436597e23-006a27d228" "proxy-server 20" 0.0157 "-" 24 0
Jun 9 08:43:21 np0000068129 container-server[121866]: 172.20.0.105 - - [09/Jun/2026:08:43:21 +0000] "PUT /d1/922/AUTH_81d2c38ea30a402e9f136a8f7455b4ab/gnocchi.8685ba51-040b-4da1-9c57-adc7292f3871/1780920000.0_mean_300.0_v3" 201 - "PUT http://172.18.0.214:8080/d1/962/AUTH_81d2c38ea30a402e9f136a8f7455b4ab/gnocchi.8685ba51-040b-4da1-9c57-adc7292f3871/1780920000.0_mean_300.0_v3" "tx3e5f1206745f4dc6b35d3-006a27d228" "object-server 23" 0.0010 "-" 21 0
Jun 9 08:43:21 np0000068129 object-server[122197]: 172.20.0.104 - - [09/Jun/2026:08:43:21 +0000] "PUT /d1/962/AUTH_81d2c38ea30a402e9f136a8f7455b4ab/gnocchi.8685ba51-040b-4da1-9c57-adc7292f3871/1780920000.0_mean_300.0_v3" 201 - "PUT http://172.18.0.214:8080/v1/AUTH_81d2c38ea30a402e9f136a8f7455b4ab/gnocchi.8685ba51-040b-4da1-9c57-adc7292f3871/1780920000.0_mean_300.0_v3" "tx3e5f1206745f4dc6b35d3-006a27d228" "proxy-server 12" 0.0149 "-" 23 0
Jun 9 08:43:21 np0000068129 proxy-server[123514]: 172.18.0.105 172.18.0.104 09/Jun/2026/08/43/21 PUT /v1/AUTH_81d2c38ea30a402e9f136a8f7455b4ab/gnocchi.8685ba51-040b-4da1-9c57-adc7292f3871/1780920000.0_mean_300.0_v3 HTTP/1.0 201 - python-swiftclient-3.11.1 gAAAAABqJ9GJJLmX... 16 - - tx3e5f1206745f4dc6b35d3-006a27d228 - 0.0268 - - 1780994600.999597311 1780994601.026434422 0
Jun 9 08:43:21 np0000068129 container-server[121866]: 172.20.0.104 - - [09/Jun/2026:08:43:21 +0000] "PUT /d1/439/AUTH_81d2c38ea30a402e9f136a8f7455b4ab/gnocchi.b42358ea-1e64-45d7-99e8-34066545df5c/1780920000.0_mean_300.0_v3" 201 - "PUT http://172.18.0.214:8080/d1/498/AUTH_81d2c38ea30a402e9f136a8f7455b4ab/gnocchi.b42358ea-1e64-45d7-99e8-34066545df5c/1780920000.0_mean_300.0_v3" "tx3d3622f54b3246a3b16f8-006a27d229" "object-server 25" 0.0006 "-" 21 0
Jun 9 08:43:21 np0000068129 object-server[122208]: 172.20.0.105 - - [09/Jun/2026:08:43:21 +0000] "PUT /d1/498/AUTH_81d2c38ea30a402e9f136a8f7455b4ab/gnocchi.b42358ea-1e64-45d7-99e8-34066545df5c/1780920000.0_mean_300.0_v3" 201 - "PUT http://172.18.0.214:8080/v1/AUTH_81d2c38ea30a402e9f136a8f7455b4ab/gnocchi.b42358ea-1e64-45d7-99e8-34066545df5c/1780920000.0_mean_300.0_v3" "tx3d3622f54b3246a3b16f8-006a27d229" "proxy-server 20" 0.0155 "-" 25 0
Jun 9 08:43:21 np0000068129 container-server[121882]: 172.20.0.105 - - [09/Jun/2026:08:43:21 +0000] "PUT /d1/166/AUTH_81d2c38ea30a402e9f136a8f7455b4ab/gnocchi.3f8cf9f3-db2f-450b-ba49-d1f004da4c98/none_v3" 201 - "PUT http://172.18.0.214:8080/d1/1002/AUTH_81d2c38ea30a402e9f136a8f7455b4ab/gnocchi.3f8cf9f3-db2f-450b-ba49-d1f004da4c98/none_v3" "txb5d8f0be6772445ba1ff7-006a27d229" "object-server 23" 0.0008 "-" 23 0
Jun 9 08:43:21 np0000068129 container-server[121866]: 172.20.0.103 - - [09/Jun/2026:08:43:21 +0000] "PUT /d1/922/AUTH_81d2c38ea30a402e9f136a8f7455b4ab/gnocchi.8685ba51-040b-4da1-9c57-adc7292f3871/none_v3" 201 - "PUT http://172.18.0.214:8080/d1/293/AUTH_81d2c38ea30a402e9f136a8f7455b4ab/gnocchi.8685ba51-040b-4da1-9c57-adc7292f3871/none_v3" "tx760e1f6e431148f5989cb-006a27d229" "object-server 23" 0.0007 "-" 21 0
Jun 9 08:43:21 np0000068129 object-server[122208]: 172.20.0.103 - - [09/Jun/2026:08:43:21 +0000] "PUT /d1/1002/AUTH_81d2c38ea30a402e9f136a8f7455b4ab/gnocchi.3f8cf9f3-db2f-450b-ba49-d1f004da4c98/none_v3" 201 - "PUT http://172.18.0.214:8080/v1/AUTH_81d2c38ea30a402e9f136a8f7455b4ab/gnocchi.3f8cf9f3-db2f-450b-ba49-d1f004da4c98/none_v3" "txb5d8f0be6772445ba1ff7-006a27d229" "proxy-server 20" 0.0153 "-" 25 0
Jun 9 08:43:21 np0000068129 object-server[122208]: 172.20.0.104 - - [09/Jun/2026:08:43:21 +0000] "PUT /d1/293/AUTH_81d2c38ea30a402e9f136a8f7455b4ab/gnocchi.8685ba51-040b-4da1-9c57-adc7292f3871/none_v3" 201 - "PUT http://172.18.0.214:8080/v1/AUTH_81d2c38ea30a402e9f136a8f7455b4ab/gnocchi.8685ba51-040b-4da1-9c57-adc7292f3871/none_v3" "tx760e1f6e431148f5989cb-006a27d229" "proxy-server 12" 0.0157 "-" 25 0
Jun 9 08:43:21 np0000068129 proxy-server[123514]: 172.18.0.105 172.18.0.104 09/Jun/2026/08/43/21 PUT /v1/AUTH_81d2c38ea30a402e9f136a8f7455b4ab/gnocchi.8685ba51-040b-4da1-9c57-adc7292f3871/none_v3 HTTP/1.0 201 - python-swiftclient-3.11.1 gAAAAABqJ9GJJLmX... 22 - - tx760e1f6e431148f5989cb-006a27d229 - 0.0241 - - 1780994601.030880451 1780994601.054979563 0
Jun 9 08:43:21 np0000068129 container-server[121882]: 172.20.0.103 - - [09/Jun/2026:08:43:21 +0000] "PUT /d1/44/AUTH_81d2c38ea30a402e9f136a8f7455b4ab/gnocchi.1258b107-4a9e-49e3-9f9d-9da34c5c36dc/none_v3" 201 - "PUT http://172.18.0.214:8080/d1/205/AUTH_81d2c38ea30a402e9f136a8f7455b4ab/gnocchi.1258b107-4a9e-49e3-9f9d-9da34c5c36dc/none_v3" "tx544f40df3688424c86483-006a27d229" "object-server 25" 0.0012 "-" 23 0
Jun 9 08:43:21 np0000068129 object-server[122188]: 172.20.0.105 - - [09/Jun/2026:08:43:21 +0000] "PUT /d1/205/AUTH_81d2c38ea30a402e9f136a8f7455b4ab/gnocchi.1258b107-4a9e-49e3-9f9d-9da34c5c36dc/none_v3" 201 - "PUT http://172.18.0.214:8080/v1/AUTH_81d2c38ea30a402e9f136a8f7455b4ab/gnocchi.1258b107-4a9e-49e3-9f9d-9da34c5c36dc/none_v3" "tx544f40df3688424c86483-006a27d229" "proxy-server 20" 0.0145 "-" 22 0
Jun 9 08:43:21 np0000068129 container-server[121849]: 172.20.0.104 - - [09/Jun/2026:08:43:21 +0000] "HEAD /d1/167/AUTH_81d2c38ea30a402e9f136a8f7455b4ab/gnocchi.923a179a-b3d1-4e1b-bd71-1421117fea7a" 404 - "HEAD http://172.18.0.214:8080/v1/AUTH_81d2c38ea30a402e9f136a8f7455b4ab/gnocchi.923a179a-b3d1-4e1b-bd71-1421117fea7a?format=json&states=listing" "tx000c135a13b747dba6128-006a27d229" "proxy-server 12" 0.0008 "-" 20 0
Jun 9 08:43:21 np0000068129 container-server[121882]: 172.20.0.105 - - [09/Jun/2026:08:43:21 +0000] "PUT /d1/439/AUTH_81d2c38ea30a402e9f136a8f7455b4ab/gnocchi.b42358ea-1e64-45d7-99e8-34066545df5c/none_v3" 201 - "PUT http://172.18.0.214:8080/d1/446/AUTH_81d2c38ea30a402e9f136a8f7455b4ab/gnocchi.b42358ea-1e64-45d7-99e8-34066545df5c/none_v3" "tx0a7d349ec45c4af4850fa-006a27d229" "object-server 25" 0.0009 "-" 23 0
Jun 9 08:43:21 np0000068129 object-server[122208]: 172.20.0.103 - - [09/Jun/2026:08:43:21 +0000] "PUT /d1/446/AUTH_81d2c38ea30a402e9f136a8f7455b4ab/gnocchi.b42358ea-1e64-45d7-99e8-34066545df5c/none_v3" 201 - "PUT http://172.18.0.214:8080/v1/AUTH_81d2c38ea30a402e9f136a8f7455b4ab/gnocchi.b42358ea-1e64-45d7-99e8-34066545df5c/none_v3" "tx0a7d349ec45c4af4850fa-006a27d229" "proxy-server 20" 0.0167 "-" 25 0
Jun 9 08:43:21 np0000068129 object-server[122197]: 172.20.0.104 - - [09/Jun/2026:08:43:21 +0000] "GET /d1/467/AUTH_81d2c38ea30a402e9f136a8f7455b4ab/gnocchi.923a179a-b3d1-4e1b-bd71-1421117fea7a/none_v3" 404 70 "GET http://172.18.0.214:8080/v1/AUTH_81d2c38ea30a402e9f136a8f7455b4ab/gnocchi.923a179a-b3d1-4e1b-bd71-1421117fea7a/none_v3" "tx000c135a13b747dba6128-006a27d229" "proxy-server 12" 0.0006 "-" 23 0
Jun 9 08:43:21 np0000068129 container-server[121869]: 172.20.0.105 - - [09/Jun/2026:08:43:21 +0000] "HEAD /d1/190/AUTH_81d2c38ea30a402e9f136a8f7455b4ab/gnocchi.7ad5c248-ed26-4adf-920b-036eba85289c" 404 - "HEAD http://172.18.0.214:8080/v1/AUTH_81d2c38ea30a402e9f136a8f7455b4ab/gnocchi.7ad5c248-ed26-4adf-920b-036eba85289c?format=json&states=listing" "txcb913f50f8eb4b75a4361-006a27d229" "proxy-server 20" 0.0008 "-" 22 0
Jun 9 08:43:21 np0000068129 proxy-server[123514]: 172.18.0.105 172.18.0.104 09/Jun/2026/08/43/21 GET /v1/AUTH_81d2c38ea30a402e9f136a8f7455b4ab/gnocchi.923a179a-b3d1-4e1b-bd71-1421117fea7a/none_v3 HTTP/1.0 404 - python-swiftclient-3.11.1 gAAAAABqJ9GJJLmX... - 70 - tx000c135a13b747dba6128-006a27d229 - 0.0356 - - 1780994601.080759048 1780994601.116394520 0
Jun 9 08:43:21 np0000068129 object-server[122188]: 172.20.0.105 - - [09/Jun/2026:08:43:21 +0000] "GET /d1/376/AUTH_81d2c38ea30a402e9f136a8f7455b4ab/gnocchi.7ad5c248-ed26-4adf-920b-036eba85289c/none_v3" 404 70 "GET http://172.18.0.214:8080/v1/AUTH_81d2c38ea30a402e9f136a8f7455b4ab/gnocchi.7ad5c248-ed26-4adf-920b-036eba85289c/none_v3" "txcb913f50f8eb4b75a4361-006a27d229" "proxy-server 20" 0.0009 "-" 22 0
Jun 9 08:43:21 np0000068129 account-server[121671]: 172.20.0.104 - - [09/Jun/2026:08:43:21 +0000] "PUT /d1/412/AUTH_81d2c38ea30a402e9f136a8f7455b4ab/gnocchi.923a179a-b3d1-4e1b-bd71-1421117fea7a" 201 - "PUT http://172.20.0.104:6001/d1/167/AUTH_81d2c38ea30a402e9f136a8f7455b4ab/gnocchi.923a179a-b3d1-4e1b-bd71-1421117fea7a" "tx9ec57bf9965b467692796-006a27d229" "container-server 21" 0.0086 "-" 20 0
Jun 9 08:43:21 np0000068129 container-server[121866]: 172.20.0.103 - - [09/Jun/2026:08:43:21 +0000] "PUT /d1/167/AUTH_81d2c38ea30a402e9f136a8f7455b4ab/gnocchi.923a179a-b3d1-4e1b-bd71-1421117fea7a" 201 - "PUT http://172.18.0.214:8080/v1/AUTH_81d2c38ea30a402e9f136a8f7455b4ab/gnocchi.923a179a-b3d1-4e1b-bd71-1421117fea7a" "tx9ec57bf9965b467692796-006a27d229" "proxy-server 20" 0.0252 "-" 21 0
Jun 9 08:43:21 np0000068129 container-server[121849]: 172.20.0.104 - - [09/Jun/2026:08:43:21 +0000] "PUT /d1/190/AUTH_81d2c38ea30a402e9f136a8f7455b4ab/gnocchi.7ad5c248-ed26-4adf-920b-036eba85289c" 201 - "PUT http://172.18.0.214:8080/v1/AUTH_81d2c38ea30a402e9f136a8f7455b4ab/gnocchi.7ad5c248-ed26-4adf-920b-036eba85289c" "txa718f2b544c24a3eaaf9e-006a27d229" "proxy-server 12" 0.0194 "-" 20 0
Jun 9 08:43:21 np0000068129 account-server[121687]: 172.20.0.105 - - [09/Jun/2026:08:43:21 +0000] "PUT /d1/412/AUTH_81d2c38ea30a402e9f136a8f7455b4ab/gnocchi.7ad5c248-ed26-4adf-920b-036eba85289c" 201 - "PUT http://172.20.0.105:6001/d1/190/AUTH_81d2c38ea30a402e9f136a8f7455b4ab/gnocchi.7ad5c248-ed26-4adf-920b-036eba85289c" "txa718f2b544c24a3eaaf9e-006a27d229" "container-server 20" 0.0061 "-" 21 0
Jun 9 08:43:21 np0000068129 proxy-server[123514]: 172.18.0.103 172.18.0.104 09/Jun/2026/08/43/21 PUT /v1/AUTH_81d2c38ea30a402e9f136a8f7455b4ab/gnocchi.7ad5c248-ed26-4adf-920b-036eba85289c HTTP/1.0 201 - python-swiftclient-3.11.1 gAAAAABqJ9HWsNi3... - - - txa718f2b544c24a3eaaf9e-006a27d229 - 0.0346 - - 1780994601.131606102 1780994601.166254044 0
Jun 9 08:43:21 np0000068129 object-server[122206]: 172.20.0.104 - - [09/Jun/2026:08:43:21 +0000] "GET /d1/820/AUTH_81d2c38ea30a402e9f136a8f7455b4ab/gnocchi.923a179a-b3d1-4e1b-bd71-1421117fea7a/1780920000.0_mean_300.0_v3" 404 70 "GET http://172.18.0.214:8080/v1/AUTH_81d2c38ea30a402e9f136a8f7455b4ab/gnocchi.923a179a-b3d1-4e1b-bd71-1421117fea7a/1780920000.0_mean_300.0_v3" "tx7373bbba670e463e83352-006a27d229" "proxy-server 12" 0.0006 "-" 24 0
Jun 9 08:43:21 np0000068129 proxy-server[123514]: 172.18.0.105 172.18.0.104 09/Jun/2026/08/43/21 GET /v1/AUTH_81d2c38ea30a402e9f136a8f7455b4ab/gnocchi.923a179a-b3d1-4e1b-bd71-1421117fea7a/1780920000.0_mean_300.0_v3 HTTP/1.0 404 - python-swiftclient-3.11.1 gAAAAABqJ9GJJLmX... - 70 - tx7373bbba670e463e83352-006a27d229 - 0.0191 - - 1780994601.192865610 1780994601.211927652 0
Jun 9 08:43:21 np0000068129 object-server[122188]: 172.20.0.105 - - [09/Jun/2026:08:43:21 +0000] "GET /d1/383/AUTH_81d2c38ea30a402e9f136a8f7455b4ab/gnocchi.7ad5c248-ed26-4adf-920b-036eba85289c/1780920000.0_mean_300.0_v3" 404 70 "GET http://172.18.0.214:8080/v1/AUTH_81d2c38ea30a402e9f136a8f7455b4ab/gnocchi.7ad5c248-ed26-4adf-920b-036eba85289c/1780920000.0_mean_300.0_v3" "tx72e4cccd60f04876a7bf2-006a27d229" "proxy-server 20" 0.0007 "-" 22 0
Jun 9 08:43:21 np0000068129 container-server[121869]: 172.20.0.105 - - [09/Jun/2026:08:43:21 +0000] "PUT /d1/167/AUTH_81d2c38ea30a402e9f136a8f7455b4ab/gnocchi.923a179a-b3d1-4e1b-bd71-1421117fea7a/1780920000.0_mean_300.0_v3" 201 - "PUT http://172.18.0.214:8080/d1/820/AUTH_81d2c38ea30a402e9f136a8f7455b4ab/gnocchi.923a179a-b3d1-4e1b-bd71-1421117fea7a/1780920000.0_mean_300.0_v3" "tx1d7e2ef97bb34f86858bd-006a27d229" "object-server 22" 0.0009 "-" 22 0
Jun 9 08:43:21 np0000068129 object-server[122206]: 172.20.0.103 - - [09/Jun/2026:08:43:21 +0000] "PUT /d1/820/AUTH_81d2c38ea30a402e9f136a8f7455b4ab/gnocchi.923a179a-b3d1-4e1b-bd71-1421117fea7a/1780920000.0_mean_300.0_v3" 201 - "PUT http://172.18.0.214:8080/v1/AUTH_81d2c38ea30a402e9f136a8f7455b4ab/gnocchi.923a179a-b3d1-4e1b-bd71-1421117fea7a/1780920000.0_mean_300.0_v3" "tx1d7e2ef97bb34f86858bd-006a27d229" "proxy-server 20" 0.0185 "-" 24 0
Jun 9 08:43:21 np0000068129 container-server[121849]: 172.20.0.103 - - [09/Jun/2026:08:43:21 +0000] "PUT /d1/190/AUTH_81d2c38ea30a402e9f136a8f7455b4ab/gnocchi.7ad5c248-ed26-4adf-920b-036eba85289c/1780920000.0_mean_300.0_v3" 201 - "PUT http://172.18.0.214:8080/d1/383/AUTH_81d2c38ea30a402e9f136a8f7455b4ab/gnocchi.7ad5c248-ed26-4adf-920b-036eba85289c/1780920000.0_mean_300.0_v3" "tx7fdd057d49ff459d81d37-006a27d229" "object-server 23" 0.0011 "-" 20 0
Jun 9 08:43:21 np0000068129 object-server[122208]: 172.20.0.104 - - [09/Jun/2026:08:43:21 +0000] "PUT /d1/383/AUTH_81d2c38ea30a402e9f136a8f7455b4ab/gnocchi.7ad5c248-ed26-4adf-920b-036eba85289c/1780920000.0_mean_300.0_v3" 201 - "PUT http://172.18.0.214:8080/v1/AUTH_81d2c38ea30a402e9f136a8f7455b4ab/gnocchi.7ad5c248-ed26-4adf-920b-036eba85289c/1780920000.0_mean_300.0_v3" "tx7fdd057d49ff459d81d37-006a27d229" "proxy-server 12" 0.0164 "-" 25 0
Jun 9 08:43:21 np0000068129 proxy-server[123514]: 172.18.0.103 172.18.0.104 09/Jun/2026/08/43/21 PUT /v1/AUTH_81d2c38ea30a402e9f136a8f7455b4ab/gnocchi.7ad5c248-ed26-4adf-920b-036eba85289c/1780920000.0_mean_300.0_v3 HTTP/1.0 201 - python-swiftclient-3.11.1 gAAAAABqJ9HWsNi3... 16 - - tx7fdd057d49ff459d81d37-006a27d229 - 0.0335 - - 1780994601.222305298 1780994601.255762100 0
Jun 9 08:43:21 np0000068129 container-server[121869]: 172.20.0.104 - - [09/Jun/2026:08:43:21 +0000] "PUT /d1/190/AUTH_81d2c38ea30a402e9f136a8f7455b4ab/gnocchi.7ad5c248-ed26-4adf-920b-036eba85289c/none_v3" 201 - "PUT http://172.18.0.214:8080/d1/376/AUTH_81d2c38ea30a402e9f136a8f7455b4ab/gnocchi.7ad5c248-ed26-4adf-920b-036eba85289c/none_v3" "tx6f021cbda94b4188bc0b2-006a27d229" "object-server 22" 0.0007 "-" 22 0
Jun 9 08:43:21 np0000068129 object-server[122188]: 172.20.0.105 - - [09/Jun/2026:08:43:21 +0000] "PUT /d1/376/AUTH_81d2c38ea30a402e9f136a8f7455b4ab/gnocchi.7ad5c248-ed26-4adf-920b-036eba85289c/none_v3" 201 - "PUT http://172.18.0.214:8080/v1/AUTH_81d2c38ea30a402e9f136a8f7455b4ab/gnocchi.7ad5c248-ed26-4adf-920b-036eba85289c/none_v3" "tx6f021cbda94b4188bc0b2-006a27d229" "proxy-server 20" 0.0151 "-" 22 0
Jun 9 08:43:21 np0000068129 container-server[121849]: 172.20.0.103 - - [09/Jun/2026:08:43:21 +0000] "PUT /d1/167/AUTH_81d2c38ea30a402e9f136a8f7455b4ab/gnocchi.923a179a-b3d1-4e1b-bd71-1421117fea7a/none_v3" 201 - "PUT http://172.18.0.214:8080/d1/467/AUTH_81d2c38ea30a402e9f136a8f7455b4ab/gnocchi.923a179a-b3d1-4e1b-bd71-1421117fea7a/none_v3" "txb94a028f80f840a4accdd-006a27d229" "object-server 22" 0.0013 "-" 20 0
Jun 9 08:43:21 np0000068129 object-server[122197]: 172.20.0.103 - - [09/Jun/2026:08:43:21 +0000] "PUT /d1/467/AUTH_81d2c38ea30a402e9f136a8f7455b4ab/gnocchi.923a179a-b3d1-4e1b-bd71-1421117fea7a/none_v3" 201 - "PUT http://172.18.0.214:8080/v1/AUTH_81d2c38ea30a402e9f136a8f7455b4ab/gnocchi.923a179a-b3d1-4e1b-bd71-1421117fea7a/none_v3" "txb94a028f80f840a4accdd-006a27d229" "proxy-server 20" 0.0192 "-" 23 0
Jun 9 08:43:21 np0000068129 account-server[121697]: 172.20.0.105 - - [09/Jun/2026:08:43:21 +0000] "PUT /d1/412/AUTH_81d2c38ea30a402e9f136a8f7455b4ab/gnocchi.0493e3d0-d267-4186-8a72-e1c103435a3d" 201 - "-" "-" "container-updater 2" 0.0010 "-" 22 0
Jun 9 08:43:21 np0000068129 container-server[121398]: Beginning replication run
Jun 9 08:43:21 np0000068129 account-server[121687]: 172.20.0.105 - - [09/Jun/2026:08:43:21 +0000] "PUT /d1/412/AUTH_81d2c38ea30a402e9f136a8f7455b4ab/gnocchi.b42358ea-1e64-45d7-99e8-34066545df5c" 201 - "-" "-" "container-updater 2" 0.0007 "-" 21 0
Jun 9 08:43:21 np0000068129 account-server[121697]: 172.20.0.105 - - [09/Jun/2026:08:43:21 +0000] "PUT /d1/412/AUTH_81d2c38ea30a402e9f136a8f7455b4ab/gnocchi.8685ba51-040b-4da1-9c57-adc7292f3871" 201 - "-" "-" "container-updater 2" 0.0011 "-" 22 0
Jun 9 08:43:21 np0000068129 account-server[121671]: 172.20.0.105 - - [09/Jun/2026:08:43:21 +0000] "PUT /d1/412/AUTH_81d2c38ea30a402e9f136a8f7455b4ab/gnocchi.a86e8577-1223-40e8-98b6-5233273a08ab" 201 - "-" "-" "container-updater 2" 0.0010 "-" 20 0
Jun 9 08:43:21 np0000068129 account-server[121687]: 172.20.0.105 - - [09/Jun/2026:08:43:21 +0000] "PUT /d1/412/AUTH_81d2c38ea30a402e9f136a8f7455b4ab/gnocchi.b2c6972b-a199-4b20-9725-43d824e2ad72" 201 - "-" "-" "container-updater 2" 0.0008 "-" 21 0
Jun 9 08:43:21 np0000068129 account-server[121702]: 172.20.0.105 - - [09/Jun/2026:08:43:21 +0000] "PUT /d1/412/AUTH_81d2c38ea30a402e9f136a8f7455b4ab/gnocchi.b1ff1e08-5e20-4459-8539-e783f28a1373" 201 - "-" "-" "container-updater 2" 0.0008 "-" 23 0
Jun 9 08:43:21 np0000068129 account-server[121702]: 172.20.0.105 - - [09/Jun/2026:08:43:21 +0000] "PUT /d1/412/AUTH_81d2c38ea30a402e9f136a8f7455b4ab/gnocchi.2e8d6f72-1513-46bd-bb6f-e805c53459e4" 201 - "-" "-" "container-updater 2" 0.0007 "-" 23 0
Jun 9 08:43:22 np0000068129 account-server[121671]: 172.20.0.105 - - [09/Jun/2026:08:43:22 +0000] "PUT /d1/412/AUTH_81d2c38ea30a402e9f136a8f7455b4ab/gnocchi.5a1e133e-d7d1-4db1-a6ca-99860a928b74" 201 - "-" "-" "container-updater 2" 0.0014 "-" 20 0
Jun 9 08:43:22 np0000068129 account-server[121697]: 172.20.0.105 - - [09/Jun/2026:08:43:22 +0000] "PUT /d1/412/AUTH_81d2c38ea30a402e9f136a8f7455b4ab/gnocchi.3a4da7ff-ce99-4642-b453-a0c13c4c22a9" 201 - "-" "-" "container-updater 2" 0.0010 "-" 22 0
Jun 9 08:43:22 np0000068129 account-server[121671]: 172.20.0.105 - - [09/Jun/2026:08:43:22 +0000] "PUT /d1/412/AUTH_81d2c38ea30a402e9f136a8f7455b4ab/gnocchi.91deb96e-e957-4f63-bb02-0c2ed032f202" 201 - "-" "-" "container-updater 2" 0.0015 "-" 20 0
Jun 9 08:43:22 np0000068129 account-server[121687]: 172.20.0.105 - - [09/Jun/2026:08:43:22 +0000] "PUT /d1/412/AUTH_81d2c38ea30a402e9f136a8f7455b4ab/gnocchi.8dfa6f77-487d-4603-b70f-ba601b8370f9" 201 - "-" "-" "container-updater 2" 0.0005 "-" 21 0
Jun 9 08:43:22 np0000068129 container-server[121398]: Replication run OVER
Jun 9 08:43:22 np0000068129 container-server[121398]: Attempted to replicate 22 dbs in 0.95079 seconds (23.13873/s)
Jun 9 08:43:22 np0000068129 container-server[121398]: Removed 0 dbs
Jun 9 08:43:22 np0000068129 container-server[121398]: 44 successes, 0 failures
Jun 9 08:43:22 np0000068129 container-server[121398]: diff:0 diff_capped:0 empty:0 hashmatch:0 no_change:44 remote_merge:0 rsync:0 ts_repl:0
Jun 9 08:43:22 np0000068129 account-server[121671]: 172.20.0.105 - - [09/Jun/2026:08:43:22 +0000] "PUT /d1/412/AUTH_81d2c38ea30a402e9f136a8f7455b4ab/gnocchi.7ad5c248-ed26-4adf-920b-036eba85289c" 201 - "-" "-" "container-updater 2" 0.0008 "-" 20 0
Jun 9 08:43:22 np0000068129 account-server[121687]: 172.20.0.105 - - [09/Jun/2026:08:43:22 +0000] "PUT /d1/412/AUTH_81d2c38ea30a402e9f136a8f7455b4ab/gnocchi.d2faffb9-977f-423b-8ad9-bc5553db5b04" 201 - "-" "-" "container-updater 2" 0.0010 "-" 21 0
Jun 9 08:43:22 np0000068129 account-server[121702]: 172.20.0.105 - - [09/Jun/2026:08:43:22 +0000] "PUT /d1/412/AUTH_81d2c38ea30a402e9f136a8f7455b4ab/gnocchi.64334978-e357-4cb3-bc1b-fbbf124d217a" 201 - "-" "-" "container-updater 2" 0.0007 "-" 23 0
Jun 9 08:43:22 np0000068129 account-server[121671]: 172.20.0.105 - - [09/Jun/2026:08:43:22 +0000] "PUT /d1/412/AUTH_81d2c38ea30a402e9f136a8f7455b4ab/gnocchi.1258b107-4a9e-49e3-9f9d-9da34c5c36dc" 201 - "-" "-" "container-updater 2" 0.0008 "-" 20 0
Jun 9 08:43:22 np0000068129 account-server[121697]: 172.20.0.105 - - [09/Jun/2026:08:43:22 +0000] "PUT /d1/412/AUTH_81d2c38ea30a402e9f136a8f7455b4ab/gnocchi.823ec8a8-5e4e-4305-a954-93413094e39a" 201 - "-" "-" "container-updater 2" 0.0009 "-" 22 0
Jun 9 08:43:22 np0000068129 account-server[121687]: 172.20.0.105 - - [09/Jun/2026:08:43:22 +0000] "PUT /d1/412/AUTH_81d2c38ea30a402e9f136a8f7455b4ab/gnocchi.81aac847-9498-4bee-af33-b34afe499505" 201 - "-" "-" "container-updater 2" 0.0007 "-" 21 0
Jun 9 08:43:22 np0000068129 account-server[121687]: 172.20.0.105 - - [09/Jun/2026:08:43:22 +0000] "PUT /d1/412/AUTH_81d2c38ea30a402e9f136a8f7455b4ab/gnocchi.ab6d7641-aebc-43a6-abaf-2f68318d33ef" 201 - "-" "-" "container-updater 2" 0.0006 "-" 21 0
Jun 9 08:43:22 np0000068129 account-server[121697]: 172.20.0.105 - - [09/Jun/2026:08:43:22 +0000] "PUT /d1/412/AUTH_81d2c38ea30a402e9f136a8f7455b4ab/gnocchi.3f8cf9f3-db2f-450b-ba49-d1f004da4c98" 201 - "-" "-" "container-updater 2" 0.0007 "-" 22 0
Jun 9 08:43:23 np0000068129 account-server[121671]: 172.20.0.105 - - [09/Jun/2026:08:43:23 +0000] "PUT /d1/412/AUTH_81d2c38ea30a402e9f136a8f7455b4ab/gnocchi.1bcd6e8a-cc6b-484f-87f9-2cc68108e0e3" 201 - "-" "-" "container-updater 2" 0.0005 "-" 20 0
Jun 9 08:43:23 np0000068129 account-server[121702]: 172.20.0.105 - - [09/Jun/2026:08:43:23 +0000] "PUT /d1/412/AUTH_81d2c38ea30a402e9f136a8f7455b4ab/gnocchi.923a179a-b3d1-4e1b-bd71-1421117fea7a" 201 - "-" "-" "container-updater 2" 0.0008 "-" 23 0
Jun 9 08:43:23 np0000068129 account-server[121702]: 172.20.0.105 - - [09/Jun/2026:08:43:23 +0000] "PUT /d1/412/AUTH_81d2c38ea30a402e9f136a8f7455b4ab/gnocchi.c8225394-25ee-418d-a3b5-1a802f532efd" 201 - "-" "-" "container-updater 2" 0.0007 "-" 23 0
Jun 9 08:43:44 np0000068129 account-server[121320]: Beginning replication run
Jun 9 08:43:44 np0000068129 account-server[121320]: Replication run OVER
Jun 9 08:43:44 np0000068129 account-server[121320]: Attempted to replicate 1 dbs in 0.05627 seconds (17.77116/s)
Jun 9 08:43:44 np0000068129 account-server[121320]: Removed 0 dbs
Jun 9 08:43:44 np0000068129 account-server[121320]: 2 successes, 0 failures
Jun 9 08:43:44 np0000068129 account-server[121320]: diff:0 diff_capped:0 empty:0 hashmatch:0 no_change:2 remote_merge:0 rsync:0 ts_repl:0
Jun 9 08:43:46 np0000068129 object-server[121907]: Starting object replication pass.
Jun 9 08:43:47 np0000068129 object-server[121907]: 44/44 (100.00%) partitions replicated in 0.43s (103.09/sec, 0s remaining)
Jun 9 08:43:47 np0000068129 object-server[121907]: 88 successes, 0 failures
Jun 9 08:43:47 np0000068129 object-server[121907]: 44 suffixes checked - 0.00% hashed, 0.00% synced
Jun 9 08:43:47 np0000068129 object-server[121907]: Partition times: max 0.0156s, min 0.0065s, med 0.0088s
Jun 9 08:43:47 np0000068129 object-server[121907]: Object replication complete. (0.01 minutes)
Jun 9 08:43:49 np0000068129 account-server[121687]: 172.20.0.103 - - [09/Jun/2026:08:43:49 +0000] "PUT /d1/412/AUTH_81d2c38ea30a402e9f136a8f7455b4ab/gnocchi.8dfa6f77-487d-4603-b70f-ba601b8370f9" 201 - "-" "-" "container-updater 2" 0.0011 "-" 21 0
Jun 9 08:43:49 np0000068129 account-server[121702]: 172.20.0.103 - - [09/Jun/2026:08:43:49 +0000] "PUT /d1/412/AUTH_81d2c38ea30a402e9f136a8f7455b4ab/gnocchi.ab6d7641-aebc-43a6-abaf-2f68318d33ef" 201 - "-" "-" "container-updater 2" 0.0005 "-" 23 0
Jun 9 08:43:49 np0000068129 account-server[121671]: 172.20.0.103 - - [09/Jun/2026:08:43:49 +0000] "PUT /d1/412/AUTH_81d2c38ea30a402e9f136a8f7455b4ab/gnocchi.1258b107-4a9e-49e3-9f9d-9da34c5c36dc" 201 - "-" "-" "container-updater 2" 0.0009 "-" 20 0
Jun 9 08:43:49 np0000068129 account-server[121687]: 172.20.0.103 - - [09/Jun/2026:08:43:49 +0000] "PUT /d1/412/AUTH_81d2c38ea30a402e9f136a8f7455b4ab/gnocchi.d2faffb9-977f-423b-8ad9-bc5553db5b04" 201 - "-" "-" "container-updater 2" 0.0007 "-" 21 0
Jun 9 08:43:49 np0000068129 account-server[121697]: 172.20.0.103 - - [09/Jun/2026:08:43:49 +0000] "PUT /d1/412/AUTH_81d2c38ea30a402e9f136a8f7455b4ab/gnocchi.823ec8a8-5e4e-4305-a954-93413094e39a" 201 - "-" "-" "container-updater 2" 0.0005 "-" 22 0
Jun 9 08:43:49 np0000068129 object-server[225244]: Begin object audit "forever" mode (ZBF)
Jun 9 08:43:49 np0000068129 object-server[225245]: Begin object audit "forever" mode (ALL)
Jun 9 08:43:49 np0000068129 object-server[225244]: Object audit (ZBF). Since Tue Jun 9 08:43:49 2026: Locally: 1 passed, 0 quarantined, 0 errors, files/sec: 405.13, bytes/sec: 0.00, Total time: 0.00, Auditing time: 0.00, Rate: 0.00
Jun 9 08:43:49 np0000068129 object-server[225245]: Object audit (ALL). Since Tue Jun 9 08:43:49 2026: Locally: 1 passed, 0 quarantined, 0 errors, files/sec: 96.45, bytes/sec: 1543.23, Total time: 0.01, Auditing time: 0.00, Rate: 0.00
Jun 9 08:43:49 np0000068129 account-server[121702]: 172.20.0.103 - - [09/Jun/2026:08:43:49 +0000] "PUT /d1/412/AUTH_81d2c38ea30a402e9f136a8f7455b4ab/gnocchi.5a1e133e-d7d1-4db1-a6ca-99860a928b74" 201 - "-" "-" "container-updater 2" 0.0013 "-" 23 0
Jun 9 08:43:49 np0000068129 account-server[121702]: 172.20.0.103 - - [09/Jun/2026:08:43:49 +0000] "PUT /d1/412/AUTH_81d2c38ea30a402e9f136a8f7455b4ab/gnocchi.64334978-e357-4cb3-bc1b-fbbf124d217a" 201 - "-" "-" "container-updater 2" 0.0010 "-" 23 0
Jun 9 08:43:50 np0000068129 account-server[121671]: 172.20.0.103 - - [09/Jun/2026:08:43:49 +0000] "PUT /d1/412/AUTH_81d2c38ea30a402e9f136a8f7455b4ab/gnocchi.c8225394-25ee-418d-a3b5-1a802f532efd" 201 - "-" "-" "container-updater 2" 0.0012 "-" 20 0
Jun 9 08:43:50 np0000068129 account-server[121697]: 172.20.0.103 - - [09/Jun/2026:08:43:50 +0000] "PUT /d1/412/AUTH_81d2c38ea30a402e9f136a8f7455b4ab/gnocchi.3f8cf9f3-db2f-450b-ba49-d1f004da4c98" 201 - "-" "-" "container-updater 2" 0.0008 "-" 22 0
Jun 9 08:43:50 np0000068129 account-server[121697]: 172.20.0.103 - - [09/Jun/2026:08:43:50 +0000] "PUT /d1/412/AUTH_81d2c38ea30a402e9f136a8f7455b4ab/gnocchi.a86e8577-1223-40e8-98b6-5233273a08ab" 201 - "-" "-" "container-updater 2" 0.0007 "-" 22 0
Jun 9 08:43:50 np0000068129 account-server[121697]: 172.20.0.103 - - [09/Jun/2026:08:43:50 +0000] "PUT /d1/412/AUTH_81d2c38ea30a402e9f136a8f7455b4ab/gnocchi.1bcd6e8a-cc6b-484f-87f9-2cc68108e0e3" 201 - "-" "-" "container-updater 2" 0.0007 "-" 22 0
Jun 9 08:43:50 np0000068129 account-server[121671]: 172.20.0.103 - - [09/Jun/2026:08:43:50 +0000] "PUT /d1/412/AUTH_81d2c38ea30a402e9f136a8f7455b4ab/gnocchi.b1ff1e08-5e20-4459-8539-e783f28a1373" 201 - "-" "-" "container-updater 2" 0.0010 "-" 20 0
Jun 9 08:43:50 np0000068129 account-server[121697]: 172.20.0.103 - - [09/Jun/2026:08:43:50 +0000] "PUT /d1/412/AUTH_81d2c38ea30a402e9f136a8f7455b4ab/gnocchi.7ad5c248-ed26-4adf-920b-036eba85289c" 201 - "-" "-" "container-updater 2" 0.0007 "-" 22 0
Jun 9 08:43:50 np0000068129 object-server[225244]: Object audit (ZBF) "forever" mode completed: 0.84s. Total quarantined: 0, Total errors: 0, Total files/sec: 52.14, Total bytes/sec: 0.00, Auditing time: 0.83, Rate: 0.99
Jun 9 08:43:50 np0000068129 account-server[121671]: 172.20.0.103 - - [09/Jun/2026:08:43:50 +0000] "PUT /d1/412/AUTH_81d2c38ea30a402e9f136a8f7455b4ab/gnocchi.91deb96e-e957-4f63-bb02-0c2ed032f202" 201 - "-" "-" "container-updater 2" 0.0008 "-" 20 0
Jun 9 08:43:50 np0000068129 account-server[121697]: 172.20.0.103 - - [09/Jun/2026:08:43:50 +0000] "PUT /d1/412/AUTH_81d2c38ea30a402e9f136a8f7455b4ab/gnocchi.b42358ea-1e64-45d7-99e8-34066545df5c" 201 - "-" "-" "container-updater 2" 0.0006 "-" 22 0
Jun 9 08:43:50 np0000068129 account-server[121687]: 172.20.0.103 - - [09/Jun/2026:08:43:50 +0000] "PUT /d1/412/AUTH_81d2c38ea30a402e9f136a8f7455b4ab/gnocchi.b2c6972b-a199-4b20-9725-43d824e2ad72" 201 - "-" "-" "container-updater 2" 0.0005 "-" 21 0
Jun 9 08:43:50 np0000068129 account-server[121671]: 172.20.0.103 - - [09/Jun/2026:08:43:50 +0000] "PUT /d1/412/AUTH_81d2c38ea30a402e9f136a8f7455b4ab/gnocchi.923a179a-b3d1-4e1b-bd71-1421117fea7a" 201 - "-" "-" "container-updater 2" 0.0008 "-" 20 0
Jun 9 08:43:50 np0000068129 account-server[121702]: 172.20.0.103 - - [09/Jun/2026:08:43:50 +0000] "PUT /d1/412/AUTH_81d2c38ea30a402e9f136a8f7455b4ab/gnocchi.8685ba51-040b-4da1-9c57-adc7292f3871" 201 - "-" "-" "container-updater 2" 0.0010 "-" 23 0
Jun 9 08:43:50 np0000068129 account-server[121697]: 172.20.0.103 - - [09/Jun/2026:08:43:50 +0000] "PUT /d1/412/AUTH_81d2c38ea30a402e9f136a8f7455b4ab/gnocchi.2e8d6f72-1513-46bd-bb6f-e805c53459e4" 201 - "-" "-" "container-updater 2" 0.0007 "-" 22 0
Jun 9 08:43:50 np0000068129 account-server[121697]: 172.20.0.103 - - [09/Jun/2026:08:43:50 +0000] "PUT /d1/412/AUTH_81d2c38ea30a402e9f136a8f7455b4ab/gnocchi.3a4da7ff-ce99-4642-b453-a0c13c4c22a9" 201 - "-" "-" "container-updater 2" 0.0008 "-" 22 0
Jun 9 08:43:51 np0000068129 account-server[121702]: 172.20.0.103 - - [09/Jun/2026:08:43:51 +0000] "PUT /d1/412/AUTH_81d2c38ea30a402e9f136a8f7455b4ab/gnocchi.81aac847-9498-4bee-af33-b34afe499505" 201 - "-" "-" "container-updater 2" 0.0007 "-" 23 0
Jun 9 08:43:51 np0000068129 account-server[121671]: 172.20.0.103 - - [09/Jun/2026:08:43:51 +0000] "PUT /d1/412/AUTH_81d2c38ea30a402e9f136a8f7455b4ab/gnocchi.0493e3d0-d267-4186-8a72-e1c103435a3d" 201 - "-" "-" "container-updater 2" 0.0008 "-" 20 0
Jun 9 08:43:51 np0000068129 container-server[121398]: Beginning replication run
Jun 9 08:43:51 np0000068129 object-server[225245]: Object audit (ALL) "forever" mode completed: 2.11s. Total quarantined: 0, Total errors: 0, Total files/sec: 20.83, Total bytes/sec: 400.53, Auditing time: 2.10, Rate: 0.99
Jun 9 08:43:51 np0000068129 container-server[121398]: Replication run OVER
Jun 9 08:43:51 np0000068129 container-server[121398]: Attempted to replicate 22 dbs in 0.43780 seconds (50.25117/s)
Jun 9 08:43:51 np0000068129 container-server[121398]: Removed 0 dbs
Jun 9 08:43:51 np0000068129 container-server[121398]: 44 successes, 0 failures
Jun 9 08:43:51 np0000068129 container-server[121398]: diff:0 diff_capped:0 empty:0 hashmatch:0 no_change:44 remote_merge:0 rsync:0 ts_repl:0
Jun 9 08:44:14 np0000068129 account-server[121320]: Beginning replication run
Jun 9 08:44:14 np0000068129 account-server[121320]: Replication run OVER
Jun 9 08:44:14 np0000068129 account-server[121320]: Attempted to replicate 1 dbs in 0.03158 seconds (31.66267/s)
Jun 9 08:44:14 np0000068129 account-server[121320]: Removed 0 dbs
Jun 9 08:44:14 np0000068129 account-server[121320]: 2 successes, 0 failures
Jun 9 08:44:14 np0000068129 account-server[121320]: diff:0 diff_capped:0 empty:0 hashmatch:0 no_change:2 remote_merge:0 rsync:0 ts_repl:0
Jun 9 08:44:17 np0000068129 object-server[121907]: Starting object replication pass.
Jun 9 08:44:17 np0000068129 object-server[121907]: 44/44 (100.00%) partitions replicated in 0.42s (105.55/sec, 0s remaining)
Jun 9 08:44:17 np0000068129 object-server[121907]: 88 successes, 0 failures
Jun 9 08:44:17 np0000068129 object-server[121907]: 44 suffixes checked - 0.00% hashed, 0.00% synced
Jun 9 08:44:17 np0000068129 object-server[121907]: Partition times: max 0.0148s, min 0.0060s, med 0.0088s
Jun 9 08:44:17 np0000068129 object-server[121907]: Object replication complete. (0.01 minutes)
Jun 9 08:44:20 np0000068129 object-server[225293]: Begin object audit "forever" mode (ZBF)
Jun 9 08:44:20 np0000068129 object-server[225293]: Object audit (ZBF). Since Tue Jun 9 08:44:20 2026: Locally: 1 passed, 0 quarantined, 0 errors, files/sec: 338.85, bytes/sec: 0.00, Total time: 0.00, Auditing time: 0.00, Rate: 0.00
Jun 9 08:44:21 np0000068129 container-server[121398]: Beginning replication run
Jun 9 08:44:21 np0000068129 object-server[225293]: Object audit (ZBF) "forever" mode completed: 0.84s. Total quarantined: 0, Total errors: 0, Total files/sec: 52.09, Total bytes/sec: 0.00, Auditing time: 0.83, Rate: 0.99
Jun 9 08:44:22 np0000068129 container-server[121398]: Replication run OVER
Jun 9 08:44:22 np0000068129 container-server[121398]: Attempted to replicate 22 dbs in 0.89057 seconds (24.70332/s)
Jun 9 08:44:22 np0000068129 container-server[121398]: Removed 0 dbs
Jun 9 08:44:22 np0000068129 container-server[121398]: 44 successes, 0 failures
Jun 9 08:44:22 np0000068129 container-server[121398]: diff:0 diff_capped:0 empty:0 hashmatch:0 no_change:44 remote_merge:0 rsync:0 ts_repl:0
Jun 9 08:44:25 np0000068129 container-server[121756]: Begin container update sweep
Jun 9 08:44:25 np0000068129 account-server[121671]: 172.20.0.104 - - [09/Jun/2026:08:44:25 +0000] "PUT /d1/412/AUTH_81d2c38ea30a402e9f136a8f7455b4ab/gnocchi.3a4da7ff-ce99-4642-b453-a0c13c4c22a9" 201 - "-" "-" "container-updater 2" 0.0012 "-" 20 0
Jun 9 08:44:25 np0000068129 account-server[121697]: 172.20.0.104 - - [09/Jun/2026:08:44:25 +0000] "PUT /d1/412/AUTH_81d2c38ea30a402e9f136a8f7455b4ab/gnocchi.0493e3d0-d267-4186-8a72-e1c103435a3d" 201 - "-" "-" "container-updater 2" 0.0005 "-" 22 0
Jun 9 08:44:25 np0000068129 account-server[121702]: 172.20.0.104 - - [09/Jun/2026:08:44:25 +0000] "PUT /d1/412/AUTH_81d2c38ea30a402e9f136a8f7455b4ab/gnocchi.b2c6972b-a199-4b20-9725-43d824e2ad72" 201 - "-" "-" "container-updater 2" 0.0008 "-" 23 0
Jun 9 08:44:25 np0000068129 account-server[121697]: 172.20.0.104 - - [09/Jun/2026:08:44:25 +0000] "PUT /d1/412/AUTH_81d2c38ea30a402e9f136a8f7455b4ab/gnocchi.7ad5c248-ed26-4adf-920b-036eba85289c" 201 - "-" "-" "container-updater 2" 0.0006 "-" 22 0
