Jun 9 08:38:43 np0000068129 account-server[121320]: 0 successes, 0 failures
Jun 9 08:38:43 np0000068129 account-server[121320]: diff:0 diff_capped:0 empty:0 hashmatch:0 no_change:0 remote_merge:0 rsync:0 ts_repl:0
Jun 9 08:38:45 np0000068129 object-server[121907]: Starting object replication pass.
Jun 9 08:38:45 np0000068129 object-server[121907]: Nothing replicated for 0.0059435367584228516 seconds.
Jun 9 08:38:45 np0000068129 object-server[121907]: Object replication complete. (0.00 minutes)
Jun 9 08:38:47 np0000068129 object-server[195541]: Begin object audit "forever" mode (ZBF)
Jun 9 08:38:47 np0000068129 object-server[195541]: Object audit (ZBF) "forever" mode completed: 0.00s. Total quarantined: 0, Total errors: 0, Total files/sec: 0.00, Total bytes/sec: 0.00, Auditing time: 0.00, Rate: 0.00
Jun 9 08:38:47 np0000068129 object-server[195542]: Begin object audit "forever" mode (ALL)
Jun 9 08:38:47 np0000068129 object-server[195542]: Object audit (ALL) "forever" mode completed: 0.00s. Total quarantined: 0, Total errors: 0, Total files/sec: 0.00, Total bytes/sec: 0.00, Auditing time: 0.00, Rate: 0.00
Jun 9 08:38:51 np0000068129 container-server[121398]: Beginning replication run
Jun 9 08:38:51 np0000068129 container-server[121398]: Replication run OVER
Jun 9 08:38:51 np0000068129 container-server[121398]: Attempted to replicate 0 dbs in 0.00166 seconds (0.00000/s)
Jun 9 08:38:51 np0000068129 container-server[121398]: Removed 0 dbs
Jun 9 08:38:51 np0000068129 container-server[121398]: 0 successes, 0 failures
Jun 9 08:38:51 np0000068129 container-server[121398]: diff:0 diff_capped:0 empty:0 hashmatch:0 no_change:0 remote_merge:0 rsync:0 ts_repl:0
Jun 9 08:39:13 np0000068129 account-server[121697]: 172.20.0.104 - - [09/Jun/2026:08:39:13 +0000] "HEAD /d1/231/.expiring_objects" 404 - "HEAD http://localhost/v1/.expiring_objects?format=json" "tx8fc16c9f6e964ce09503f-006a27d131" "proxy-server 2" 0.0009 "-" 22 -
Jun 9 08:39:13 np0000068129 object-expirer[121826]: Pass completed in 0s; 0 objects expired (txn: tx8fc16c9f6e964ce09503f-006a27d131)
Jun 9 08:39:13 np0000068129 account-server[121320]: Beginning replication run
Jun 9 08:39:13 np0000068129 account-server[121320]: Replication run OVER
Jun 9 08:39:13 np0000068129 account-server[121320]: Attempted to replicate 0 dbs in 0.00190 seconds (0.00000/s)
Jun 9 08:39:13 np0000068129 account-server[121320]: Removed 0 dbs
Jun 9 08:39:13 np0000068129 account-server[121320]: 0 successes, 0 failures
Jun 9 08:39:13 np0000068129 account-server[121320]: diff:0 diff_capped:0 empty:0 hashmatch:0 no_change:0 remote_merge:0 rsync:0 ts_repl:0
Jun 9 08:39:15 np0000068129 object-server[121907]: Starting object replication pass.
Jun 9 08:39:15 np0000068129 object-server[121907]: Nothing replicated for 0.003714323043823242 seconds.
Jun 9 08:39:15 np0000068129 object-server[121907]: Object replication complete. (0.00 minutes)
Jun 9 08:39:17 np0000068129 object-server[195543]: Begin object audit "forever" mode (ZBF)
Jun 9 08:39:17 np0000068129 object-server[195543]: Object audit (ZBF) "forever" mode completed: 0.00s. Total quarantined: 0, Total errors: 0, Total files/sec: 0.00, Total bytes/sec: 0.00, Auditing time: 0.00, Rate: 0.00
Jun 9 08:39:21 np0000068129 container-server[121398]: Beginning replication run
Jun 9 08:39:21 np0000068129 container-server[121398]: Replication run OVER
Jun 9 08:39:21 np0000068129 container-server[121398]: Attempted to replicate 0 dbs in 0.00185 seconds (0.00000/s)
Jun 9 08:39:21 np0000068129 container-server[121398]: Removed 0 dbs
Jun 9 08:39:21 np0000068129 container-server[121398]: 0 successes, 0 failures
Jun 9 08:39:21 np0000068129 container-server[121398]: diff:0 diff_capped:0 empty:0 hashmatch:0 no_change:0 remote_merge:0 rsync:0 ts_repl:0
Jun 9 08:39:25 np0000068129 container-server[121756]: Begin container update sweep
Jun 9 08:39:25 np0000068129 container-server[121756]: Container update sweep completed: 0.00s
Jun 9 08:39:28 np0000068129 object-server[122143]: Begin object update sweep
Jun 9 08:39:28 np0000068129 object-server[199728]: Object update sweep starting on /srv/node/d1 (pid: 14)
Jun 9 08:39:28 np0000068129 object-server[199728]: Object update sweep completed on /srv/node/d1 in 0.00s seconds:, 0 successes, 0 failures, 0 quarantines, 0 unlinks, 0 errors, 0 redirects (pid: 14)
Jun 9 08:39:28 np0000068129 object-server[199728]: Object update sweep of d1 completed: 0.00s, 0 successes, 0 failures, 0 quarantines, 0 unlinks, 0 errors, 0 redirects
Jun 9 08:39:28 np0000068129 object-server[122143]: Object update sweep completed: 0.11s
Jun 9 08:39:43 np0000068129 account-server[121320]: Beginning replication run
Jun 9 08:39:43 np0000068129 account-server[121320]: Replication run OVER
Jun 9 08:39:43 np0000068129 account-server[121320]: Attempted to replicate 0 dbs in 0.00238 seconds (0.00000/s)
Jun 9 08:39:43 np0000068129 account-server[121320]: Removed 0 dbs
Jun 9 08:39:43 np0000068129 account-server[121320]: 0 successes, 0 failures
Jun 9 08:39:43 np0000068129 account-server[121320]: diff:0 diff_capped:0 empty:0 hashmatch:0 no_change:0 remote_merge:0 rsync:0 ts_repl:0
Jun 9 08:39:46 np0000068129 object-server[121907]: Starting object replication pass.
Jun 9 08:39:46 np0000068129 object-server[121907]: Nothing replicated for 0.004547834396362305 seconds.
Jun 9 08:39:46 np0000068129 object-server[121907]: Object replication complete. (0.00 minutes)
Jun 9 08:39:47 np0000068129 object-server[201680]: Begin object audit "forever" mode (ZBF)
Jun 9 08:39:47 np0000068129 object-server[201680]: Object audit (ZBF) "forever" mode completed: 0.00s. Total quarantined: 0, Total errors: 0, Total files/sec: 0.00, Total bytes/sec: 0.00, Auditing time: 0.00, Rate: 0.00
Jun 9 08:39:47 np0000068129 object-server[201681]: Begin object audit "forever" mode (ALL)
Jun 9 08:39:47 np0000068129 object-server[201681]: Object audit (ALL) "forever" mode completed: 0.00s. Total quarantined: 0, Total errors: 0, Total files/sec: 0.00, Total bytes/sec: 0.00, Auditing time: 0.00, Rate: 0.00
Jun 9 08:39:51 np0000068129 container-server[121398]: Beginning replication run
Jun 9 08:39:51 np0000068129 container-server[121398]: Replication run OVER
Jun 9 08:39:51 np0000068129 container-server[121398]: Attempted to replicate 0 dbs in 0.00202 seconds (0.00000/s)
Jun 9 08:39:51 np0000068129 container-server[121398]: Removed 0 dbs
Jun 9 08:39:51 np0000068129 container-server[121398]: 0 successes, 0 failures
Jun 9 08:39:51 np0000068129 container-server[121398]: diff:0 diff_capped:0 empty:0 hashmatch:0 no_change:0 remote_merge:0 rsync:0 ts_repl:0
Jun 9 08:40:13 np0000068129 account-server[121320]: Beginning replication run
Jun 9 08:40:13 np0000068129 account-server[121320]: Replication run OVER
Jun 9 08:40:13 np0000068129 account-server[121320]: Attempted to replicate 0 dbs in 0.00297 seconds (0.00000/s)
Jun 9 08:40:13 np0000068129 account-server[121320]: Removed 0 dbs
Jun 9 08:40:13 np0000068129 account-server[121320]: 0 successes, 0 failures
Jun 9 08:40:13 np0000068129 account-server[121320]: diff:0 diff_capped:0 empty:0 hashmatch:0 no_change:0 remote_merge:0 rsync:0 ts_repl:0
Jun 9 08:40:16 np0000068129 object-server[121907]: Starting object replication pass.
Jun 9 08:40:16 np0000068129 object-server[121907]: Nothing replicated for 0.003965616226196289 seconds.
Jun 9 08:40:16 np0000068129 object-server[121907]: Object replication complete. (0.00 minutes)
Jun 9 08:40:17 np0000068129 object-server[201682]: Begin object audit "forever" mode (ZBF)
Jun 9 08:40:17 np0000068129 object-server[201682]: Object audit (ZBF) "forever" mode completed: 0.00s. Total quarantined: 0, Total errors: 0, Total files/sec: 0.00, Total bytes/sec: 0.00, Auditing time: 0.00, Rate: 0.00
Jun 9 08:40:21 np0000068129 container-server[121398]: Beginning replication run
Jun 9 08:40:21 np0000068129 container-server[121398]: Replication run OVER
Jun 9 08:40:21 np0000068129 container-server[121398]: Attempted to replicate 0 dbs in 0.00135 seconds (0.00000/s)
Jun 9 08:40:21 np0000068129 container-server[121398]: Removed 0 dbs
Jun 9 08:40:21 np0000068129 container-server[121398]: 0 successes, 0 failures
Jun 9 08:40:21 np0000068129 container-server[121398]: diff:0 diff_capped:0 empty:0 hashmatch:0 no_change:0 remote_merge:0 rsync:0 ts_repl:0
Jun 9 08:40:41 np0000068129 account-server[121702]: 172.20.0.103 - - [09/Jun/2026:08:40:41 +0000] "HEAD /d1/412/AUTH_81d2c38ea30a402e9f136a8f7455b4ab" 404 - "HEAD http://172.18.0.214:8080/v1/AUTH_81d2c38ea30a402e9f136a8f7455b4ab?format=json" "txcc2dfaa0e4704795a0475-006a27d189" "proxy-server 20" 0.0008 "-" 23 -
Jun 9 08:40:42 np0000068129 object-server[122206]: 172.20.0.103 - - [09/Jun/2026:08:40:42 +0000] "GET /d1/938/AUTH_81d2c38ea30a402e9f136a8f7455b4ab/gnocchi.b1ff1e08-5e20-4459-8539-e783f28a1373/none_v3" 404 70 "GET http://172.18.0.214:8080/v1/AUTH_81d2c38ea30a402e9f136a8f7455b4ab/gnocchi.b1ff1e08-5e20-4459-8539-e783f28a1373/none_v3" "txcc2dfaa0e4704795a0475-006a27d189" "proxy-server 20" 0.0013 "-" 24 0
Jun 9 08:40:42 np0000068129 account-server[121687]: 172.20.0.105 - - [09/Jun/2026:08:40:42 +0000] "PUT /d1/412/AUTH_81d2c38ea30a402e9f136a8f7455b4ab" 201 - "-" "tx9a8cc2928f7d45df811d5-006a27d18a" "-" 0.0159 "-" 21 -
Jun 9 08:40:42 np0000068129 account-server[121671]: 172.20.0.105 - - [09/Jun/2026:08:40:42 +0000] "PUT /d1/412/AUTH_81d2c38ea30a402e9f136a8f7455b4ab/gnocchi.b1ff1e08-5e20-4459-8539-e783f28a1373" 201 - "PUT http://172.20.0.105:6001/d1/507/AUTH_81d2c38ea30a402e9f136a8f7455b4ab/gnocchi.b1ff1e08-5e20-4459-8539-e783f28a1373" "tx9a8cc2928f7d45df811d5-006a27d18a" "container-server 23" 0.0019 "-" 20 0
Jun 9 08:40:42 np0000068129 container-server[121869]: 172.20.0.105 - - [09/Jun/2026:08:40:42 +0000] "PUT /d1/507/AUTH_81d2c38ea30a402e9f136a8f7455b4ab/gnocchi.b1ff1e08-5e20-4459-8539-e783f28a1373" 201 - "PUT http://172.18.0.214:8080/v1/AUTH_81d2c38ea30a402e9f136a8f7455b4ab/gnocchi.b1ff1e08-5e20-4459-8539-e783f28a1373" "tx9a8cc2928f7d45df811d5-006a27d18a" "proxy-server 20" 0.0188 "-" 22 0
Jun 9 08:40:42 np0000068129 proxy-server[123514]: - - 09/Jun/2026/08/40/42 HEAD /v1/AUTH_81d2c38ea30a402e9f136a8f7455b4ab/gnocchi.b1ff1e08-5e20-4459-8539-e783f28a1373%3Fformat%3Djson%26states%3Dlisting HTTP/1.0 204 - Swift - - - - txd746decaac8e4a5eaf547-006a27d18a - 0.0117 RL - 1780994442.653383017 1780994442.665122747 0
Jun 9 08:40:42 np0000068129 container-server[121866]: 172.20.0.104 - - [09/Jun/2026:08:40:42 +0000] "GET /d1/507/AUTH_81d2c38ea30a402e9f136a8f7455b4ab/gnocchi.b1ff1e08-5e20-4459-8539-e783f28a1373" 200 2 "GET http://172.18.0.214:8080/v1/AUTH_81d2c38ea30a402e9f136a8f7455b4ab/gnocchi.b1ff1e08-5e20-4459-8539-e783f28a1373?format=json&states=listing" "txd746decaac8e4a5eaf547-006a27d18a" "proxy-server 12" 0.0042 "-" 21 0
Jun 9 08:40:42 np0000068129 proxy-server[123514]: 172.18.0.105 172.18.0.104 09/Jun/2026/08/40/42 GET /v1/AUTH_81d2c38ea30a402e9f136a8f7455b4ab/gnocchi.b1ff1e08-5e20-4459-8539-e783f28a1373%3Fformat%3Djson%26states%3Dlisting HTTP/1.0 200 - python-swiftclient-3.11.1 gAAAAABqJ9GJJLmX... - 2 - txd746decaac8e4a5eaf547-006a27d18a - 0.0312 - - 1780994442.645570040 1780994442.676753998 0
Jun 9 08:40:42 np0000068129 object-server[122188]: 172.20.0.103 - - [09/Jun/2026:08:40:42 +0000] "GET /d1/560/AUTH_81d2c38ea30a402e9f136a8f7455b4ab/gnocchi.b1ff1e08-5e20-4459-8539-e783f28a1373/1780920000.0_mean_300.0_v3" 404 70 "GET http://172.18.0.214:8080/v1/AUTH_81d2c38ea30a402e9f136a8f7455b4ab/gnocchi.b1ff1e08-5e20-4459-8539-e783f28a1373/1780920000.0_mean_300.0_v3" "tx9fa85d89477148adb8488-006a27d18a" "proxy-server 20" 0.0009 "-" 22 0
Jun 9 08:40:42 np0000068129 object-server[122197]: 172.20.0.105 - - [09/Jun/2026:08:40:42 +0000] "PUT /d1/560/AUTH_81d2c38ea30a402e9f136a8f7455b4ab/gnocchi.b1ff1e08-5e20-4459-8539-e783f28a1373/1780920000.0_mean_300.0_v3" 201 - "PUT http://172.18.0.214:8080/v1/AUTH_81d2c38ea30a402e9f136a8f7455b4ab/gnocchi.b1ff1e08-5e20-4459-8539-e783f28a1373/1780920000.0_mean_300.0_v3" "tx781c9b1b94d749b9b256a-006a27d18a" "proxy-server 20" 0.0294 "-" 23 0
Jun 9 08:40:42 np0000068129 container-server[121869]: 172.20.0.105 - - [09/Jun/2026:08:40:42 +0000] "PUT /d1/507/AUTH_81d2c38ea30a402e9f136a8f7455b4ab/gnocchi.b1ff1e08-5e20-4459-8539-e783f28a1373/1780920000.0_mean_300.0_v3" 201 - "PUT http://172.18.0.214:8080/d1/560/AUTH_81d2c38ea30a402e9f136a8f7455b4ab/gnocchi.b1ff1e08-5e20-4459-8539-e783f28a1373/1780920000.0_mean_300.0_v3" "tx781c9b1b94d749b9b256a-006a27d18a" "object-server 23" 0.0008 "-" 22 0
Jun 9 08:40:42 np0000068129 container-server[121849]: 172.20.0.105 - - [09/Jun/2026:08:40:42 +0000] "PUT /d1/507/AUTH_81d2c38ea30a402e9f136a8f7455b4ab/gnocchi.b1ff1e08-5e20-4459-8539-e783f28a1373/none_v3" 201 - "PUT http://172.18.0.214:8080/d1/938/AUTH_81d2c38ea30a402e9f136a8f7455b4ab/gnocchi.b1ff1e08-5e20-4459-8539-e783f28a1373/none_v3" "txda2d7d2d605b48adbdd35-006a27d18a" "object-server 23" 0.0009 "-" 20 0
Jun 9 08:40:42 np0000068129 object-server[122206]: 172.20.0.104 - - [09/Jun/2026:08:40:42 +0000] "PUT /d1/938/AUTH_81d2c38ea30a402e9f136a8f7455b4ab/gnocchi.b1ff1e08-5e20-4459-8539-e783f28a1373/none_v3" 201 - "PUT http://172.18.0.214:8080/v1/AUTH_81d2c38ea30a402e9f136a8f7455b4ab/gnocchi.b1ff1e08-5e20-4459-8539-e783f28a1373/none_v3" "txda2d7d2d605b48adbdd35-006a27d18a" "proxy-server 12" 0.0351 "-" 24 0
Jun 9 08:40:42 np0000068129 proxy-server[123514]: 172.18.0.105 172.18.0.104 09/Jun/2026/08/40/42 PUT /v1/AUTH_81d2c38ea30a402e9f136a8f7455b4ab/gnocchi.b1ff1e08-5e20-4459-8539-e783f28a1373/none_v3 HTTP/1.0 201 - python-swiftclient-3.11.1 gAAAAABqJ9GJJLmX... 22 - - txda2d7d2d605b48adbdd35-006a27d18a - 0.0504 - - 1780994442.767032862 1780994442.817387342 0
Jun 9 08:40:43 np0000068129 account-server[121320]: Beginning replication run
Jun 9 08:40:43 np0000068129 account-server[121320]: Replication run OVER
Jun 9 08:40:43 np0000068129 account-server[121320]: Attempted to replicate 1 dbs in 0.04827 seconds (20.71595/s)
Jun 9 08:40:43 np0000068129 account-server[121320]: Removed 0 dbs
Jun 9 08:40:43 np0000068129 account-server[121320]: 2 successes, 0 failures
Jun 9 08:40:43 np0000068129 account-server[121320]: diff:0 diff_capped:0 empty:0 hashmatch:0 no_change:2 remote_merge:0 rsync:0 ts_repl:0
Jun 9 08:40:46 np0000068129 object-server[121907]: Starting object replication pass.
Jun 9 08:40:46 np0000068129 object-server[121907]: 2/2 (100.00%) partitions replicated in 0.06s (32.68/sec, 0s remaining)
Jun 9 08:40:46 np0000068129 object-server[121907]: 4 successes, 0 failures
Jun 9 08:40:46 np0000068129 object-server[121907]: 2 suffixes checked - 0.00% hashed, 0.00% synced
Jun 9 08:40:46 np0000068129 object-server[121907]: Partition times: max 0.0440s, min 0.0126s, med 0.0440s
Jun 9 08:40:46 np0000068129 object-server[121907]: Object replication complete. (0.00 minutes)
Jun 9 08:40:48 np0000068129 object-server[207536]: Begin object audit "forever" mode (ZBF)
Jun 9 08:40:48 np0000068129 object-server[207537]: Begin object audit "forever" mode (ALL)
Jun 9 08:40:48 np0000068129 object-server[207536]: Object audit (ZBF). Since Tue Jun 9 08:40:48 2026: Locally: 1 passed, 0 quarantined, 0 errors, files/sec: 611.77, bytes/sec: 0.00, Total time: 0.00, Auditing time: 0.00, Rate: 0.00
Jun 9 08:40:48 np0000068129 object-server[207536]: Object audit (ZBF) "forever" mode completed: 0.00s. Total quarantined: 0, Total errors: 0, Total files/sec: 471.22, Total bytes/sec: 0.00, Auditing time: 0.00, Rate: 0.30
Jun 9 08:40:48 np0000068129 object-server[207537]: Object audit (ALL). Since Tue Jun 9 08:40:48 2026: Locally: 1 passed, 0 quarantined, 0 errors, files/sec: 101.24, bytes/sec: 1619.77, Total time: 0.01, Auditing time: 0.00, Rate: 0.00
Jun 9 08:40:48 np0000068129 object-server[207537]: Object audit (ALL) "forever" mode completed: 0.01s. Total quarantined: 0, Total errors: 0, Total files/sec: 143.49, Total bytes/sec: 2726.32, Auditing time: 0.01, Rate: 0.73
Jun 9 08:40:51 np0000068129 container-server[121398]: Beginning replication run
Jun 9 08:40:51 np0000068129 container-server[121398]: Replication run OVER
Jun 9 08:40:51 np0000068129 container-server[121398]: Attempted to replicate 1 dbs in 0.08022 seconds (12.46522/s)
Jun 9 08:40:51 np0000068129 container-server[121398]: Removed 0 dbs
Jun 9 08:40:51 np0000068129 container-server[121398]: 2 successes, 0 failures
Jun 9 08:40:51 np0000068129 container-server[121398]: diff:0 diff_capped:0 empty:0 hashmatch:0 no_change:2 remote_merge:0 rsync:0 ts_repl:0
Jun 9 08:41:10 np0000068129 account-server[121697]: 172.20.0.103 - - [09/Jun/2026:08:41:10 +0000] "HEAD /d1/231/.expiring_objects" 404 - "HEAD http://localhost/v1/.expiring_objects?format=json" "tx214ec98a9ae9451892aa1-006a27d1a6" "proxy-server 2" 0.0009 "-" 22 -
Jun 9 08:41:11 np0000068129 object-server[122206]: 172.20.0.103 - - [09/Jun/2026:08:41:11 +0000] "GET /d1/938/AUTH_81d2c38ea30a402e9f136a8f7455b4ab/gnocchi.b1ff1e08-5e20-4459-8539-e783f28a1373/none_v3" 200 22 "GET http://172.18.0.214:8080/v1/AUTH_81d2c38ea30a402e9f136a8f7455b4ab/gnocchi.b1ff1e08-5e20-4459-8539-e783f28a1373/none_v3" "tx9744ec71f9ac4a3999ec5-006a27d1a7" "proxy-server 20" 0.0021 "-" 24 0
Jun 9 08:41:11 np0000068129 container-server[121882]: 172.20.0.105 - - [09/Jun/2026:08:41:11 +0000] "GET /d1/507/AUTH_81d2c38ea30a402e9f136a8f7455b4ab/gnocchi.b1ff1e08-5e20-4459-8539-e783f28a1373" 200 357 "GET http://172.18.0.214:8080/v1/AUTH_81d2c38ea30a402e9f136a8f7455b4ab/gnocchi.b1ff1e08-5e20-4459-8539-e783f28a1373?format=json&states=listing" "txb4a48da449494c36abf08-006a27d1a7" "proxy-server 20" 0.0065 "-" 23 0
Jun 9 08:41:12 np0000068129 proxy-server[123514]: 172.18.0.105 172.18.0.104 09/Jun/2026/08/41/12 GET /v1/AUTH_81d2c38ea30a402e9f136a8f7455b4ab/gnocchi.b1ff1e08-5e20-4459-8539-e783f28a1373%3Fformat%3Djson%26marker%3Dnone_v3%26states%3Dlisting HTTP/1.0 200 - python-swiftclient-3.11.1 gAAAAABqJ9GJJLmX... - 2 - txf503b1d8d1264cb1934da-006a27d1a7 - 0.0209 - - 1780994471.992588282 1780994472.013451338 0
Jun 9 08:41:12 np0000068129 object-server[122206]: 172.20.0.103 - - [09/Jun/2026:08:41:12 +0000] "GET /d1/560/AUTH_81d2c38ea30a402e9f136a8f7455b4ab/gnocchi.b1ff1e08-5e20-4459-8539-e783f28a1373/1780920000.0_mean_300.0_v3" 200 16 "GET http://172.18.0.214:8080/v1/AUTH_81d2c38ea30a402e9f136a8f7455b4ab/gnocchi.b1ff1e08-5e20-4459-8539-e783f28a1373/1780920000.0_mean_300.0_v3" "tx26639725ac0d4d65b0947-006a27d1a8" "proxy-server 20" 0.0011 "-" 24 0
Jun 9 08:41:12 np0000068129 container-server[121849]: 172.20.0.104 - - [09/Jun/2026:08:41:12 +0000] "PUT /d1/507/AUTH_81d2c38ea30a402e9f136a8f7455b4ab/gnocchi.b1ff1e08-5e20-4459-8539-e783f28a1373/1780920000.0_mean_300.0_v3" 201 - "PUT http://172.18.0.214:8080/d1/560/AUTH_81d2c38ea30a402e9f136a8f7455b4ab/gnocchi.b1ff1e08-5e20-4459-8539-e783f28a1373/1780920000.0_mean_300.0_v3" "tx3e358d58906e4aca90c36-006a27d1a8" "object-server 23" 0.0009 "-" 20 0
Jun 9 08:41:12 np0000068129 object-server[122197]: 172.20.0.105 - - [09/Jun/2026:08:41:12 +0000] "PUT /d1/560/AUTH_81d2c38ea30a402e9f136a8f7455b4ab/gnocchi.b1ff1e08-5e20-4459-8539-e783f28a1373/1780920000.0_mean_300.0_v3" 201 - "PUT http://172.18.0.214:8080/v1/AUTH_81d2c38ea30a402e9f136a8f7455b4ab/gnocchi.b1ff1e08-5e20-4459-8539-e783f28a1373/1780920000.0_mean_300.0_v3" "tx3e358d58906e4aca90c36-006a27d1a8" "proxy-server 20" 0.0156 "-" 23 0
Jun 9 08:41:12 np0000068129 object-server[122197]: 172.20.0.104 - - [09/Jun/2026:08:41:12 +0000] "PUT /d1/938/AUTH_81d2c38ea30a402e9f136a8f7455b4ab/gnocchi.b1ff1e08-5e20-4459-8539-e783f28a1373/none_v3" 201 - "PUT http://172.18.0.214:8080/v1/AUTH_81d2c38ea30a402e9f136a8f7455b4ab/gnocchi.b1ff1e08-5e20-4459-8539-e783f28a1373/none_v3" "tx6537641affd348dd9633c-006a27d1a8" "proxy-server 12" 0.0244 "-" 23 0
Jun 9 08:41:12 np0000068129 container-server[121882]: 172.20.0.103 - - [09/Jun/2026:08:41:12 +0000] "PUT /d1/507/AUTH_81d2c38ea30a402e9f136a8f7455b4ab/gnocchi.b1ff1e08-5e20-4459-8539-e783f28a1373/none_v3" 201 - "PUT http://172.18.0.214:8080/d1/938/AUTH_81d2c38ea30a402e9f136a8f7455b4ab/gnocchi.b1ff1e08-5e20-4459-8539-e783f28a1373/none_v3" "tx6537641affd348dd9633c-006a27d1a8" "object-server 24" 0.0011 "-" 23 0
Jun 9 08:41:12 np0000068129 proxy-server[123514]: 172.18.0.105 172.18.0.104 09/Jun/2026/08/41/12 PUT /v1/AUTH_81d2c38ea30a402e9f136a8f7455b4ab/gnocchi.b1ff1e08-5e20-4459-8539-e783f28a1373/none_v3 HTTP/1.0 201 - python-swiftclient-3.11.1 gAAAAABqJ9GJJLmX... 32 - - tx6537641affd348dd9633c-006a27d1a8 - 0.0480 - - 1780994472.086952209 1780994472.134995937 0
Jun 9 08:41:13 np0000068129 account-server[121320]: Beginning replication run
Jun 9 08:41:13 np0000068129 account-server[121320]: Replication run OVER
Jun 9 08:41:13 np0000068129 account-server[121320]: Attempted to replicate 1 dbs in 0.01819 seconds (54.97884/s)
Jun 9 08:41:13 np0000068129 account-server[121320]: Removed 0 dbs
Jun 9 08:41:13 np0000068129 account-server[121320]: 2 successes, 0 failures
Jun 9 08:41:13 np0000068129 account-server[121320]: diff:0 diff_capped:0 empty:0 hashmatch:0 no_change:2 remote_merge:0 rsync:0 ts_repl:0
Jun 9 08:41:16 np0000068129 object-server[121907]: Starting object replication pass.
Jun 9 08:41:16 np0000068129 object-server[121907]: 2/2 (100.00%) partitions replicated in 0.03s (59.60/sec, 0s remaining)
Jun 9 08:41:16 np0000068129 object-server[121907]: 4 successes, 0 failures
Jun 9 08:41:16 np0000068129 object-server[121907]: 2 suffixes checked - 0.00% hashed, 0.00% synced
Jun 9 08:41:16 np0000068129 object-server[121907]: Partition times: max 0.0177s, min 0.0111s, med 0.0177s
Jun 9 08:41:16 np0000068129 object-server[121907]: Object replication complete. (0.00 minutes)
Jun 9 08:41:18 np0000068129 object-server[207539]: Begin object audit "forever" mode (ZBF)
Jun 9 08:41:18 np0000068129 object-server[207539]: Object audit (ZBF). Since Tue Jun 9 08:41:18 2026: Locally: 1 passed, 0 quarantined, 0 errors, files/sec: 567.87, bytes/sec: 0.00, Total time: 0.00, Auditing time: 0.00, Rate: 0.00
Jun 9 08:41:18 np0000068129 object-server[207539]: Object audit (ZBF) "forever" mode completed: 0.00s. Total quarantined: 0, Total errors: 0, Total files/sec: 463.08, Total bytes/sec: 0.00, Auditing time: 0.00, Rate: 0.31
Jun 9 08:41:21 np0000068129 container-server[121398]: Beginning replication run
Jun 9 08:41:21 np0000068129 container-server[121398]: Replication run OVER
Jun 9 08:41:21 np0000068129 container-server[121398]: Attempted to replicate 1 dbs in 0.06073 seconds (16.46572/s)
Jun 9 08:41:21 np0000068129 container-server[121398]: Removed 0 dbs
Jun 9 08:41:21 np0000068129 container-server[121398]: 2 successes, 0 failures
Jun 9 08:41:21 np0000068129 container-server[121398]: diff:0 diff_capped:0 empty:0 hashmatch:0 no_change:2 remote_merge:0 rsync:0 ts_repl:0
Jun 9 08:41:43 np0000068129 account-server[121320]: Beginning replication run
Jun 9 08:41:43 np0000068129 account-server[121320]: Replication run OVER
Jun 9 08:41:43 np0000068129 account-server[121320]: Attempted to replicate 1 dbs in 0.02304 seconds (43.39440/s)
Jun 9 08:41:43 np0000068129 account-server[121320]: Removed 0 dbs
Jun 9 08:41:43 np0000068129 account-server[121320]: 2 successes, 0 failures
Jun 9 08:41:43 np0000068129 account-server[121320]: diff:0 diff_capped:0 empty:0 hashmatch:0 no_change:2 remote_merge:0 rsync:0 ts_repl:0
Jun 9 08:41:46 np0000068129 object-server[121907]: Starting object replication pass.
Jun 9 08:41:46 np0000068129 object-server[121907]: 2/2 (100.00%) partitions replicated in 0.03s (76.48/sec, 0s remaining)
Jun 9 08:41:46 np0000068129 object-server[121907]: 4 successes, 0 failures
Jun 9 08:41:46 np0000068129 object-server[121907]: 2 suffixes checked - 0.00% hashed, 0.00% synced
Jun 9 08:41:46 np0000068129 object-server[121907]: Partition times: max 0.0116s, min 0.0087s, med 0.0116s
Jun 9 08:41:46 np0000068129 object-server[121907]: Object replication complete. (0.00 minutes)
Jun 9 08:41:46 np0000068129 container-server[121882]: 172.20.0.103 - - [09/Jun/2026:08:41:46 +0000] "HEAD /d1/96/AUTH_81d2c38ea30a402e9f136a8f7455b4ab/gnocchi.81aac847-9498-4bee-af33-b34afe499505" 404 - "HEAD http://172.18.0.214:8080/v1/AUTH_81d2c38ea30a402e9f136a8f7455b4ab/gnocchi.81aac847-9498-4bee-af33-b34afe499505?format=json&states=listing" "tx8f21e64a80a741f4af253-006a27d1ca" "proxy-server 20" 0.0011 "-" 23 0
Jun 9 08:41:46 np0000068129 object-server[122188]: 172.20.0.103 - - [09/Jun/2026:08:41:46 +0000] "GET /d1/995/AUTH_81d2c38ea30a402e9f136a8f7455b4ab/gnocchi.81aac847-9498-4bee-af33-b34afe499505/none_v3" 404 70 "GET http://172.18.0.214:8080/v1/AUTH_81d2c38ea30a402e9f136a8f7455b4ab/gnocchi.81aac847-9498-4bee-af33-b34afe499505/none_v3" "tx8f21e64a80a741f4af253-006a27d1ca" "proxy-server 20" 0.0013 "-" 22 0
Jun 9 08:41:46 np0000068129 container-server[121869]: 172.20.0.105 - - [09/Jun/2026:08:41:46 +0000] "PUT /d1/96/AUTH_81d2c38ea30a402e9f136a8f7455b4ab/gnocchi.81aac847-9498-4bee-af33-b34afe499505" 201 - "PUT http://172.18.0.214:8080/v1/AUTH_81d2c38ea30a402e9f136a8f7455b4ab/gnocchi.81aac847-9498-4bee-af33-b34afe499505" "txb743f2be8fda4693b63dc-006a27d1ca" "proxy-server 20" 0.0225 "-" 22 0
Jun 9 08:41:46 np0000068129 account-server[121697]: 172.20.0.103 - - [09/Jun/2026:08:41:46 +0000] "PUT /d1/412/AUTH_81d2c38ea30a402e9f136a8f7455b4ab/gnocchi.81aac847-9498-4bee-af33-b34afe499505" 201 - "PUT http://172.20.0.103:6001/d1/96/AUTH_81d2c38ea30a402e9f136a8f7455b4ab/gnocchi.81aac847-9498-4bee-af33-b34afe499505" "txb743f2be8fda4693b63dc-006a27d1ca" "container-server 14" 0.0033 "-" 22 0
Jun 9 08:41:46 np0000068129 container-server[121882]: 172.20.0.104 - - [09/Jun/2026:08:41:46 +0000] "HEAD /d1/96/AUTH_81d2c38ea30a402e9f136a8f7455b4ab/gnocchi.81aac847-9498-4bee-af33-b34afe499505" 204 - "HEAD http://172.18.0.214:8080/v1/AUTH_81d2c38ea30a402e9f136a8f7455b4ab/gnocchi.81aac847-9498-4bee-af33-b34afe499505?format=json&states=listing" "tx85bc200807c4424c89630-006a27d1ca" "proxy-server 12" 0.0032 "-" 23 0
Jun 9 08:41:46 np0000068129 proxy-server[123514]: - - 09/Jun/2026/08/41/46 HEAD /v1/AUTH_81d2c38ea30a402e9f136a8f7455b4ab/gnocchi.81aac847-9498-4bee-af33-b34afe499505%3Fformat%3Djson%26states%3Dlisting HTTP/1.0 204 - Swift - - - - tx85bc200807c4424c89630-006a27d1ca - 0.0148 RL - 1780994506.433928967 1780994506.448759794 0
Jun 9 08:41:46 np0000068129 proxy-server[123514]: 172.18.0.105 172.18.0.104 09/Jun/2026/08/41/46 GET /v1/AUTH_81d2c38ea30a402e9f136a8f7455b4ab/gnocchi.81aac847-9498-4bee-af33-b34afe499505%3Fformat%3Djson%26states%3Dlisting HTTP/1.0 200 - python-swiftclient-3.11.1 gAAAAABqJ9GJJLmX... - 2 - tx85bc200807c4424c89630-006a27d1ca - 0.0336 - - 1780994506.430854321 1780994506.464424133 0
Jun 9 08:41:46 np0000068129 object-server[122208]: 172.20.0.103 - - [09/Jun/2026:08:41:46 +0000] "GET /d1/123/AUTH_81d2c38ea30a402e9f136a8f7455b4ab/gnocchi.81aac847-9498-4bee-af33-b34afe499505/1780920000.0_mean_300.0_v3" 404 70 "GET http://172.18.0.214:8080/v1/AUTH_81d2c38ea30a402e9f136a8f7455b4ab/gnocchi.81aac847-9498-4bee-af33-b34afe499505/1780920000.0_mean_300.0_v3" "txfb4dfb4c0a6a43a8bf926-006a27d1ca" "proxy-server 20" 0.0011 "-" 25 0
Jun 9 08:41:46 np0000068129 container-server[121869]: 172.20.0.103 - - [09/Jun/2026:08:41:46 +0000] "PUT /d1/96/AUTH_81d2c38ea30a402e9f136a8f7455b4ab/gnocchi.81aac847-9498-4bee-af33-b34afe499505/1780920000.0_mean_300.0_v3" 201 - "PUT http://172.18.0.214:8080/d1/123/AUTH_81d2c38ea30a402e9f136a8f7455b4ab/gnocchi.81aac847-9498-4bee-af33-b34afe499505/1780920000.0_mean_300.0_v3" "txc8130796908f4b0c930b9-006a27d1ca" "object-server 22" 0.0014 "-" 22 0
Jun 9 08:41:46 np0000068129 object-server[122208]: 172.20.0.105 - - [09/Jun/2026:08:41:46 +0000] "PUT /d1/123/AUTH_81d2c38ea30a402e9f136a8f7455b4ab/gnocchi.81aac847-9498-4bee-af33-b34afe499505/1780920000.0_mean_300.0_v3" 201 - "PUT http://172.18.0.214:8080/v1/AUTH_81d2c38ea30a402e9f136a8f7455b4ab/gnocchi.81aac847-9498-4bee-af33-b34afe499505/1780920000.0_mean_300.0_v3" "txc8130796908f4b0c930b9-006a27d1ca" "proxy-server 20" 0.0359 "-" 25 0
Jun 9 08:41:46 np0000068129 container-server[121882]: 172.20.0.105 - - [09/Jun/2026:08:41:46 +0000] "PUT /d1/96/AUTH_81d2c38ea30a402e9f136a8f7455b4ab/gnocchi.81aac847-9498-4bee-af33-b34afe499505/none_v3" 201 - "PUT http://172.18.0.214:8080/d1/995/AUTH_81d2c38ea30a402e9f136a8f7455b4ab/gnocchi.81aac847-9498-4bee-af33-b34afe499505/none_v3" "tx6fe37308928c41dabdb71-006a27d1ca" "object-server 24" 0.0008 "-" 23 0
Jun 9 08:41:46 np0000068129 object-server[122188]: 172.20.0.104 - - [09/Jun/2026:08:41:46 +0000] "PUT /d1/995/AUTH_81d2c38ea30a402e9f136a8f7455b4ab/gnocchi.81aac847-9498-4bee-af33-b34afe499505/none_v3" 201 - "PUT http://172.18.0.214:8080/v1/AUTH_81d2c38ea30a402e9f136a8f7455b4ab/gnocchi.81aac847-9498-4bee-af33-b34afe499505/none_v3" "tx6fe37308928c41dabdb71-006a27d1ca" "proxy-server 12" 0.0314 "-" 22 0
Jun 9 08:41:46 np0000068129 proxy-server[123514]: 172.18.0.105 172.18.0.104 09/Jun/2026/08/41/46 PUT /v1/AUTH_81d2c38ea30a402e9f136a8f7455b4ab/gnocchi.81aac847-9498-4bee-af33-b34afe499505/none_v3 HTTP/1.0 201 - python-swiftclient-3.11.1 gAAAAABqJ9GJJLmX... 22 - - tx6fe37308928c41dabdb71-006a27d1ca - 0.0427 - - 1780994506.550598621 1780994506.593265772 0
Jun 9 08:41:46 np0000068129 container-server[121882]: 172.20.0.103 - - [09/Jun/2026:08:41:46 +0000] "HEAD /d1/312/AUTH_81d2c38ea30a402e9f136a8f7455b4ab/gnocchi.823ec8a8-5e4e-4305-a954-93413094e39a" 404 - "HEAD http://172.18.0.214:8080/v1/AUTH_81d2c38ea30a402e9f136a8f7455b4ab/gnocchi.823ec8a8-5e4e-4305-a954-93413094e39a?format=json&states=listing" "tx0a6f9843932f4b6dab734-006a27d1ca" "proxy-server 20" 0.0004 "-" 23 0
Jun 9 08:41:46 np0000068129 object-server[122208]: 172.20.0.103 - - [09/Jun/2026:08:41:46 +0000] "GET /d1/242/AUTH_81d2c38ea30a402e9f136a8f7455b4ab/gnocchi.823ec8a8-5e4e-4305-a954-93413094e39a/none_v3" 404 70 "GET http://172.18.0.214:8080/v1/AUTH_81d2c38ea30a402e9f136a8f7455b4ab/gnocchi.823ec8a8-5e4e-4305-a954-93413094e39a/none_v3" "tx0a6f9843932f4b6dab734-006a27d1ca" "proxy-server 20" 0.0006 "-" 25 0
Jun 9 08:41:46 np0000068129 account-server[121687]: 172.20.0.105 - - [09/Jun/2026:08:41:46 +0000] "PUT /d1/412/AUTH_81d2c38ea30a402e9f136a8f7455b4ab/gnocchi.823ec8a8-5e4e-4305-a954-93413094e39a" 201 - "PUT http://172.20.0.105:6001/d1/312/AUTH_81d2c38ea30a402e9f136a8f7455b4ab/gnocchi.823ec8a8-5e4e-4305-a954-93413094e39a" "txd76dd4a3539f46b98e254-006a27d1ca" "container-server 22" 0.0059 "-" 21 0
Jun 9 08:41:46 np0000068129 container-server[121866]: 172.20.0.105 - - [09/Jun/2026:08:41:46 +0000] "PUT /d1/312/AUTH_81d2c38ea30a402e9f136a8f7455b4ab/gnocchi.823ec8a8-5e4e-4305-a954-93413094e39a" 201 - "PUT http://172.18.0.214:8080/v1/AUTH_81d2c38ea30a402e9f136a8f7455b4ab/gnocchi.823ec8a8-5e4e-4305-a954-93413094e39a" "txd76dd4a3539f46b98e254-006a27d1ca" "proxy-server 20" 0.0242 "-" 21 0
Jun 9 08:41:46 np0000068129 proxy-server[123514]: - - 09/Jun/2026/08/41/46 HEAD /v1/AUTH_81d2c38ea30a402e9f136a8f7455b4ab/gnocchi.823ec8a8-5e4e-4305-a954-93413094e39a%3Fformat%3Djson%26states%3Dlisting HTTP/1.0 204 - Swift - - - - txc8cad72cb2d643e0a6383-006a27d1ca - 0.0070 RL - 1780994506.943832397 1780994506.950807810 0
Jun 9 08:41:46 np0000068129 proxy-server[123514]: 172.18.0.214 172.18.0.104 09/Jun/2026/08/41/46 GET /v1/AUTH_81d2c38ea30a402e9f136a8f7455b4ab/gnocchi.823ec8a8-5e4e-4305-a954-93413094e39a%3Fformat%3Djson%26states%3Dlisting HTTP/1.0 200 - python-swiftclient-3.11.1 gAAAAABqJ9HKhNbl... - 2 - txc8cad72cb2d643e0a6383-006a27d1ca - 0.0207 - - 1780994506.941917419 1780994506.962630749 0
Jun 9 08:41:46 np0000068129 object-server[122206]: 172.20.0.103 - - [09/Jun/2026:08:41:46 +0000] "GET /d1/695/AUTH_81d2c38ea30a402e9f136a8f7455b4ab/gnocchi.823ec8a8-5e4e-4305-a954-93413094e39a/1780920000.0_mean_300.0_v3" 404 70 "GET http://172.18.0.214:8080/v1/AUTH_81d2c38ea30a402e9f136a8f7455b4ab/gnocchi.823ec8a8-5e4e-4305-a954-93413094e39a/1780920000.0_mean_300.0_v3" "tx6884ae14a92c4fa9b683e-006a27d1ca" "proxy-server 20" 0.0006 "-" 24 0
Jun 9 08:41:47 np0000068129 container-server[121849]: 172.20.0.105 - - [09/Jun/2026:08:41:47 +0000] "PUT /d1/312/AUTH_81d2c38ea30a402e9f136a8f7455b4ab/gnocchi.823ec8a8-5e4e-4305-a954-93413094e39a/1780920000.0_mean_300.0_v3" 201 - "PUT http://172.18.0.214:8080/d1/695/AUTH_81d2c38ea30a402e9f136a8f7455b4ab/gnocchi.823ec8a8-5e4e-4305-a954-93413094e39a/1780920000.0_mean_300.0_v3" "txd82bc302fcd141d488ee7-006a27d1ca" "object-server 24" 0.0005 "-" 20 0
Jun 9 08:41:47 np0000068129 object-server[122188]: 172.20.0.105 - - [09/Jun/2026:08:41:47 +0000] "PUT /d1/695/AUTH_81d2c38ea30a402e9f136a8f7455b4ab/gnocchi.823ec8a8-5e4e-4305-a954-93413094e39a/1780920000.0_mean_300.0_v3" 201 - "PUT http://172.18.0.214:8080/v1/AUTH_81d2c38ea30a402e9f136a8f7455b4ab/gnocchi.823ec8a8-5e4e-4305-a954-93413094e39a/1780920000.0_mean_300.0_v3" "txd82bc302fcd141d488ee7-006a27d1ca" "proxy-server 20" 0.0138 "-" 22 0
Jun 9 08:41:47 np0000068129 container-server[121849]: 172.20.0.104 - - [09/Jun/2026:08:41:47 +0000] "PUT /d1/312/AUTH_81d2c38ea30a402e9f136a8f7455b4ab/gnocchi.823ec8a8-5e4e-4305-a954-93413094e39a/none_v3" 201 - "PUT http://172.18.0.214:8080/d1/242/AUTH_81d2c38ea30a402e9f136a8f7455b4ab/gnocchi.823ec8a8-5e4e-4305-a954-93413094e39a/none_v3" "txa47b97ddb2ae45a5922bb-006a27d1cb" "object-server 22" 0.0004 "-" 20 0
Jun 9 08:41:47 np0000068129 object-server[122188]: 172.20.0.104 - - [09/Jun/2026:08:41:47 +0000] "PUT /d1/242/AUTH_81d2c38ea30a402e9f136a8f7455b4ab/gnocchi.823ec8a8-5e4e-4305-a954-93413094e39a/none_v3" 201 - "PUT http://172.18.0.214:8080/v1/AUTH_81d2c38ea30a402e9f136a8f7455b4ab/gnocchi.823ec8a8-5e4e-4305-a954-93413094e39a/none_v3" "txa47b97ddb2ae45a5922bb-006a27d1cb" "proxy-server 12" 0.0107 "-" 22 0
Jun 9 08:41:47 np0000068129 proxy-server[123514]: 172.18.0.214 172.18.0.104 09/Jun/2026/08/41/47 PUT /v1/AUTH_81d2c38ea30a402e9f136a8f7455b4ab/gnocchi.823ec8a8-5e4e-4305-a954-93413094e39a/none_v3 HTTP/1.0 201 - python-swiftclient-3.11.1 gAAAAABqJ9HKhNbl... 22 - - txa47b97ddb2ae45a5922bb-006a27d1cb - 0.0220 - - 1780994507.031684875 1780994507.053733826 0
Jun 9 08:41:48 np0000068129 object-server[213551]: Begin object audit "forever" mode (ZBF)
Jun 9 08:41:48 np0000068129 object-server[213552]: Begin object audit "forever" mode (ALL)
Jun 9 08:41:48 np0000068129 object-server[213551]: Object audit (ZBF). Since Tue Jun 9 08:41:48 2026: Locally: 1 passed, 0 quarantined, 0 errors, files/sec: 539.95, bytes/sec: 0.00, Total time: 0.00, Auditing time: 0.00, Rate: 0.00
Jun 9 08:41:48 np0000068129 object-server[213552]: Object audit (ALL). Since Tue Jun 9 08:41:48 2026: Locally: 1 passed, 0 quarantined, 0 errors, files/sec: 97.83, bytes/sec: 1565.22, Total time: 0.01, Auditing time: 0.00, Rate: 0.00
Jun 9 08:41:48 np0000068129 object-server[213551]: Object audit (ZBF) "forever" mode completed: 0.08s. Total quarantined: 0, Total errors: 0, Total files/sec: 71.99, Total bytes/sec: 0.00, Auditing time: 0.08, Rate: 0.95
Jun 9 08:41:48 np0000068129 object-server[213552]: Object audit (ALL) "forever" mode completed: 0.21s. Total quarantined: 0, Total errors: 0, Total files/sec: 28.20, Total bytes/sec: 582.78, Auditing time: 0.21, Rate: 0.98
Jun 9 08:41:51 np0000068129 container-server[121398]: Beginning replication run
Jun 9 08:41:51 np0000068129 container-server[121398]: Replication run OVER
Jun 9 08:41:51 np0000068129 container-server[121398]: Attempted to replicate 3 dbs in 0.13541 seconds (22.15534/s)
Jun 9 08:41:51 np0000068129 container-server[121398]: Removed 0 dbs
Jun 9 08:41:51 np0000068129 container-server[121398]: 6 successes, 0 failures
Jun 9 08:41:51 np0000068129 container-server[121398]: diff:0 diff_capped:0 empty:0 hashmatch:0 no_change:6 remote_merge:0 rsync:0 ts_repl:0
Jun 9 08:41:57 np0000068129 account-server[121038]: Devices pass completed: 0.00s
Jun 9 08:41:58 np0000068129 container-server[121866]: 172.20.0.105 - - [09/Jun/2026:08:41:58 +0000] "HEAD /d1/689/AUTH_81d2c38ea30a402e9f136a8f7455b4ab/gnocchi.64334978-e357-4cb3-bc1b-fbbf124d217a" 404 - "HEAD http://172.18.0.214:8080/v1/AUTH_81d2c38ea30a402e9f136a8f7455b4ab/gnocchi.64334978-e357-4cb3-bc1b-fbbf124d217a?format=json&states=listing" "tx4248595a2735411eb7c51-006a27d1d6" "proxy-server 20" 0.0016 "-" 21 0
Jun 9 08:41:58 np0000068129 container-server[121869]: 172.20.0.103 - - [09/Jun/2026:08:41:58 +0000] "HEAD /d1/887/AUTH_81d2c38ea30a402e9f136a8f7455b4ab/gnocchi.5a1e133e-d7d1-4db1-a6ca-99860a928b74" 404 - "HEAD http://172.18.0.214:8080/v1/AUTH_81d2c38ea30a402e9f136a8f7455b4ab/gnocchi.5a1e133e-d7d1-4db1-a6ca-99860a928b74?format=json&states=listing" "txa369318febdf4373949ca-006a27d1d6" "proxy-server 20" 0.0010 "-" 22 0
Jun 9 08:41:58 np0000068129 object-server[122206]: 172.20.0.105 - - [09/Jun/2026:08:41:58 +0000] "GET /d1/961/AUTH_81d2c38ea30a402e9f136a8f7455b4ab/gnocchi.64334978-e357-4cb3-bc1b-fbbf124d217a/none_v3" 404 70 "GET http://172.18.0.214:8080/v1/AUTH_81d2c38ea30a402e9f136a8f7455b4ab/gnocchi.64334978-e357-4cb3-bc1b-fbbf124d217a/none_v3" "tx4248595a2735411eb7c51-006a27d1d6" "proxy-server 20" 0.0007 "-" 24 0
Jun 9 08:41:58 np0000068129 object-server[122208]: 172.20.0.103 - - [09/Jun/2026:08:41:58 +0000] "GET /d1/581/AUTH_81d2c38ea30a402e9f136a8f7455b4ab/gnocchi.5a1e133e-d7d1-4db1-a6ca-99860a928b74/none_v3" 404 70 "GET http://172.18.0.214:8080/v1/AUTH_81d2c38ea30a402e9f136a8f7455b4ab/gnocchi.5a1e133e-d7d1-4db1-a6ca-99860a928b74/none_v3" "txa369318febdf4373949ca-006a27d1d6" "proxy-server 20" 0.0011 "-" 25 0
Jun 9 08:41:58 np0000068129 account-server[121702]: 172.20.0.105 - - [09/Jun/2026:08:41:58 +0000] "PUT /d1/412/AUTH_81d2c38ea30a402e9f136a8f7455b4ab/gnocchi.5a1e133e-d7d1-4db1-a6ca-99860a928b74" 201 - "PUT http://172.20.0.105:6001/d1/887/AUTH_81d2c38ea30a402e9f136a8f7455b4ab/gnocchi.5a1e133e-d7d1-4db1-a6ca-99860a928b74" "tx408cfb903e334b2a9d192-006a27d1d6" "container-server 21" 0.0020 "-" 23 0
Jun 9 08:41:58 np0000068129 account-server[121702]: 172.20.0.104 - - [09/Jun/2026:08:41:58 +0000] "PUT /d1/412/AUTH_81d2c38ea30a402e9f136a8f7455b4ab/gnocchi.64334978-e357-4cb3-bc1b-fbbf124d217a" 201 - "PUT http://172.20.0.104:6001/d1/689/AUTH_81d2c38ea30a402e9f136a8f7455b4ab/gnocchi.64334978-e357-4cb3-bc1b-fbbf124d217a" "txf53c07938a9f413cbc8b0-006a27d1d6" "container-server 21" 0.0066 "-" 23 0
Jun 9 08:41:58 np0000068129 container-server[121849]: 172.20.0.103 - - [09/Jun/2026:08:41:58 +0000] "PUT /d1/887/AUTH_81d2c38ea30a402e9f136a8f7455b4ab/gnocchi.5a1e133e-d7d1-4db1-a6ca-99860a928b74" 201 - "PUT http://172.18.0.214:8080/v1/AUTH_81d2c38ea30a402e9f136a8f7455b4ab/gnocchi.5a1e133e-d7d1-4db1-a6ca-99860a928b74" "tx408cfb903e334b2a9d192-006a27d1d6" "proxy-server 20" 0.0237 "-" 20 0
Jun 9 08:41:58 np0000068129 container-server[121866]: 172.20.0.104 - - [09/Jun/2026:08:41:58 +0000] "PUT /d1/689/AUTH_81d2c38ea30a402e9f136a8f7455b4ab/gnocchi.64334978-e357-4cb3-bc1b-fbbf124d217a" 201 - "PUT http://172.18.0.214:8080/v1/AUTH_81d2c38ea30a402e9f136a8f7455b4ab/gnocchi.64334978-e357-4cb3-bc1b-fbbf124d217a" "txf53c07938a9f413cbc8b0-006a27d1d6" "proxy-server 12" 0.0243 "-" 21 0
Jun 9 08:41:58 np0000068129 proxy-server[123514]: 172.18.0.214 172.18.0.104 09/Jun/2026/08/41/58 PUT /v1/AUTH_81d2c38ea30a402e9f136a8f7455b4ab/gnocchi.64334978-e357-4cb3-bc1b-fbbf124d217a HTTP/1.0 201 - python-swiftclient-3.11.1 gAAAAABqJ9HKhNbl... - - - txf53c07938a9f413cbc8b0-006a27d1d6 - 0.0423 - - 1780994518.583601952 1780994518.625897169 0
Jun 9 08:41:58 np0000068129 object-server[122206]: 172.20.0.103 - - [09/Jun/2026:08:41:58 +0000] "GET /d1/190/AUTH_81d2c38ea30a402e9f136a8f7455b4ab/gnocchi.5a1e133e-d7d1-4db1-a6ca-99860a928b74/1780920000.0_mean_300.0_v3" 404 70 "GET http://172.18.0.214:8080/v1/AUTH_81d2c38ea30a402e9f136a8f7455b4ab/gnocchi.5a1e133e-d7d1-4db1-a6ca-99860a928b74/1780920000.0_mean_300.0_v3" "tx862a438c2bbb4800804c2-006a27d1d6" "proxy-server 20" 0.0005 "-" 24 0
Jun 9 08:41:58 np0000068129 object-server[122206]: 172.20.0.104 - - [09/Jun/2026:08:41:58 +0000] "GET /d1/414/AUTH_81d2c38ea30a402e9f136a8f7455b4ab/gnocchi.64334978-e357-4cb3-bc1b-fbbf124d217a/1780920000.0_mean_300.0_v3" 404 70 "GET http://172.18.0.214:8080/v1/AUTH_81d2c38ea30a402e9f136a8f7455b4ab/gnocchi.64334978-e357-4cb3-bc1b-fbbf124d217a/1780920000.0_mean_300.0_v3" "tx052731248a3f490194a18-006a27d1d6" "proxy-server 12" 0.0003 "-" 24 0
Jun 9 08:41:58 np0000068129 proxy-server[123514]: 172.18.0.214 172.18.0.104 09/Jun/2026/08/41/58 GET /v1/AUTH_81d2c38ea30a402e9f136a8f7455b4ab/gnocchi.64334978-e357-4cb3-bc1b-fbbf124d217a/1780920000.0_mean_300.0_v3 HTTP/1.0 404 - python-swiftclient-3.11.1 gAAAAABqJ9HKhNbl... - 70 - tx052731248a3f490194a18-006a27d1d6 - 0.0193 - - 1780994518.653931856 1780994518.673248053 0
Jun 9 08:41:58 np0000068129 container-server[121882]: 172.20.0.104 - - [09/Jun/2026:08:41:58 +0000] "PUT /d1/689/AUTH_81d2c38ea30a402e9f136a8f7455b4ab/gnocchi.64334978-e357-4cb3-bc1b-fbbf124d217a/1780920000.0_mean_300.0_v3" 201 - "PUT http://172.18.0.214:8080/d1/414/AUTH_81d2c38ea30a402e9f136a8f7455b4ab/gnocchi.64334978-e357-4cb3-bc1b-fbbf124d217a/1780920000.0_mean_300.0_v3" "tx351c7c3ece774c0188e4b-006a27d1d6" "object-server 23" 0.0010 "-" 23 0
Jun 9 08:41:58 np0000068129 object-server[122197]: 172.20.0.105 - - [09/Jun/2026:08:41:58 +0000] "PUT /d1/414/AUTH_81d2c38ea30a402e9f136a8f7455b4ab/gnocchi.64334978-e357-4cb3-bc1b-fbbf124d217a/1780920000.0_mean_300.0_v3" 201 - "PUT http://172.18.0.214:8080/v1/AUTH_81d2c38ea30a402e9f136a8f7455b4ab/gnocchi.64334978-e357-4cb3-bc1b-fbbf124d217a/1780920000.0_mean_300.0_v3" "tx351c7c3ece774c0188e4b-006a27d1d6" "proxy-server 20" 0.0127 "-" 23 0
Jun 9 08:41:58 np0000068129 object-server[122206]: 172.20.0.104 - - [09/Jun/2026:08:41:58 +0000] "PUT /d1/190/AUTH_81d2c38ea30a402e9f136a8f7455b4ab/gnocchi.5a1e133e-d7d1-4db1-a6ca-99860a928b74/1780920000.0_mean_300.0_v3" 201 - "PUT http://172.18.0.214:8080/v1/AUTH_81d2c38ea30a402e9f136a8f7455b4ab/gnocchi.5a1e133e-d7d1-4db1-a6ca-99860a928b74/1780920000.0_mean_300.0_v3" "txaa61442b28544f249e0d3-006a27d1d6" "proxy-server 12" 0.0117 "-" 24 0
Jun 9 08:41:58 np0000068129 container-server[121882]: 172.20.0.105 - - [09/Jun/2026:08:41:58 +0000] "PUT /d1/887/AUTH_81d2c38ea30a402e9f136a8f7455b4ab/gnocchi.5a1e133e-d7d1-4db1-a6ca-99860a928b74/1780920000.0_mean_300.0_v3" 201 - "PUT http://172.18.0.214:8080/d1/190/AUTH_81d2c38ea30a402e9f136a8f7455b4ab/gnocchi.5a1e133e-d7d1-4db1-a6ca-99860a928b74/1780920000.0_mean_300.0_v3" "txaa61442b28544f249e0d3-006a27d1d6" "object-server 24" 0.0007 "-" 23 0
Jun 9 08:41:58 np0000068129 proxy-server[123514]: 172.18.0.105 172.18.0.104 09/Jun/2026/08/41/58 PUT /v1/AUTH_81d2c38ea30a402e9f136a8f7455b4ab/gnocchi.5a1e133e-d7d1-4db1-a6ca-99860a928b74/1780920000.0_mean_300.0_v3 HTTP/1.0 201 - python-swiftclient-3.11.1 gAAAAABqJ9GJJLmX... 16 - - txaa61442b28544f249e0d3-006a27d1d6 - 0.0279 - - 1780994518.682248592 1780994518.710116863 0
Jun 9 08:41:58 np0000068129 container-server[121866]: 172.20.0.103 - - [09/Jun/2026:08:41:58 +0000] "PUT /d1/689/AUTH_81d2c38ea30a402e9f136a8f7455b4ab/gnocchi.64334978-e357-4cb3-bc1b-fbbf124d217a/none_v3" 201 - "PUT http://172.18.0.214:8080/d1/961/AUTH_81d2c38ea30a402e9f136a8f7455b4ab/gnocchi.64334978-e357-4cb3-bc1b-fbbf124d217a/none_v3" "tx41a79b4a369848b4ae4d2-006a27d1d6" "object-server 25" 0.0007 "-" 21 0
Jun 9 08:41:58 np0000068129 object-server[122188]: 172.20.0.103 - - [09/Jun/2026:08:41:58 +0000] "PUT /d1/961/AUTH_81d2c38ea30a402e9f136a8f7455b4ab/gnocchi.64334978-e357-4cb3-bc1b-fbbf124d217a/none_v3" 201 - "PUT http://172.18.0.214:8080/v1/AUTH_81d2c38ea30a402e9f136a8f7455b4ab/gnocchi.64334978-e357-4cb3-bc1b-fbbf124d217a/none_v3" "tx41a79b4a369848b4ae4d2-006a27d1d6" "proxy-server 20" 0.0124 "-" 22 0
Jun 9 08:41:58 np0000068129 container-server[121882]: 172.20.0.105 - - [09/Jun/2026:08:41:58 +0000] "PUT /d1/887/AUTH_81d2c38ea30a402e9f136a8f7455b4ab/gnocchi.5a1e133e-d7d1-4db1-a6ca-99860a928b74/none_v3" 201 - "PUT http://172.18.0.214:8080/d1/581/AUTH_81d2c38ea30a402e9f136a8f7455b4ab/gnocchi.5a1e133e-d7d1-4db1-a6ca-99860a928b74/none_v3" "txe6c009bbebec42c2a6f85-006a27d1d6" "object-server 23" 0.0006 "-" 23 0
Jun 9 08:41:58 np0000068129 object-server[122208]: 172.20.0.105 - - [09/Jun/2026:08:41:58 +0000] "PUT /d1/581/AUTH_81d2c38ea30a402e9f136a8f7455b4ab/gnocchi.5a1e133e-d7d1-4db1-a6ca-99860a928b74/none_v3" 201 - "PUT http://172.18.0.214:8080/v1/AUTH_81d2c38ea30a402e9f136a8f7455b4ab/gnocchi.5a1e133e-d7d1-4db1-a6ca-99860a928b74/none_v3" "txe6c009bbebec42c2a6f85-006a27d1d6" "proxy-server 20" 0.0137 "-" 25 0
Jun 9 08:41:58 np0000068129 container-server[121866]: 172.20.0.104 - - [09/Jun/2026:08:41:58 +0000] "HEAD /d1/648/AUTH_81d2c38ea30a402e9f136a8f7455b4ab/gnocchi.2e8d6f72-1513-46bd-bb6f-e805c53459e4" 404 - "HEAD http://172.18.0.214:8080/v1/AUTH_81d2c38ea30a402e9f136a8f7455b4ab/gnocchi.2e8d6f72-1513-46bd-bb6f-e805c53459e4?format=json&states=listing" "txcd574555d1a241198180c-006a27d1d6" "proxy-server 12" 0.0004 "-" 21 0
Jun 9 08:41:58 np0000068129 object-server[122188]: 172.20.0.104 - - [09/Jun/2026:08:41:58 +0000] "GET /d1/88/AUTH_81d2c38ea30a402e9f136a8f7455b4ab/gnocchi.2e8d6f72-1513-46bd-bb6f-e805c53459e4/none_v3" 404 70 "GET http://172.18.0.214:8080/v1/AUTH_81d2c38ea30a402e9f136a8f7455b4ab/gnocchi.2e8d6f72-1513-46bd-bb6f-e805c53459e4/none_v3" "txcd574555d1a241198180c-006a27d1d6" "proxy-server 12" 0.0003 "-" 22 0
Jun 9 08:41:58 np0000068129 proxy-server[123514]: 172.18.0.214 172.18.0.104 09/Jun/2026/08/41/58 GET /v1/AUTH_81d2c38ea30a402e9f136a8f7455b4ab/gnocchi.2e8d6f72-1513-46bd-bb6f-e805c53459e4/none_v3 HTTP/1.0 404 - python-swiftclient-3.11.1 gAAAAABqJ9HKhNbl... - 70 - txcd574555d1a241198180c-006a27d1d6 - 0.0292 - - 1780994518.743089914 1780994518.772247791 0
Jun 9 08:41:58 np0000068129 container-server[121882]: 172.20.0.103 - - [09/Jun/2026:08:41:58 +0000] "HEAD /d1/923/AUTH_81d2c38ea30a402e9f136a8f7455b4ab/gnocchi.b2c6972b-a199-4b20-9725-43d824e2ad72" 404 - "HEAD http://172.18.0.214:8080/v1/AUTH_81d2c38ea30a402e9f136a8f7455b4ab/gnocchi.b2c6972b-a199-4b20-9725-43d824e2ad72?format=json&states=listing" "tx731d0001431c4f14b012c-006a27d1d6" "proxy-server 20" 0.0005 "-" 23 0
Jun 9 08:41:58 np0000068129 container-server[121869]: 172.20.0.105 - - [09/Jun/2026:08:41:58 +0000] "PUT /d1/648/AUTH_81d2c38ea30a402e9f136a8f7455b4ab/gnocchi.2e8d6f72-1513-46bd-bb6f-e805c53459e4" 201 - "PUT http://172.18.0.214:8080/v1/AUTH_81d2c38ea30a402e9f136a8f7455b4ab/gnocchi.2e8d6f72-1513-46bd-bb6f-e805c53459e4" "tx2fb3a5bdf2b54baaaffc8-006a27d1d6" "proxy-server 20" 0.0176 "-" 22 0
Jun 9 08:41:58 np0000068129 object-server[122208]: 172.20.0.103 - - [09/Jun/2026:08:41:58 +0000] "GET /d1/552/AUTH_81d2c38ea30a402e9f136a8f7455b4ab/gnocchi.b2c6972b-a199-4b20-9725-43d824e2ad72/none_v3" 404 70 "GET http://172.18.0.214:8080/v1/AUTH_81d2c38ea30a402e9f136a8f7455b4ab/gnocchi.b2c6972b-a199-4b20-9725-43d824e2ad72/none_v3" "tx731d0001431c4f14b012c-006a27d1d6" "proxy-server 20" 0.0004 "-" 25 0
Jun 9 08:41:58 np0000068129 account-server[121702]: 172.20.0.105 - - [09/Jun/2026:08:41:58 +0000] "PUT /d1/412/AUTH_81d2c38ea30a402e9f136a8f7455b4ab/gnocchi.2e8d6f72-1513-46bd-bb6f-e805c53459e4" 201 - "PUT http://172.20.0.105:6001/d1/648/AUTH_81d2c38ea30a402e9f136a8f7455b4ab/gnocchi.2e8d6f72-1513-46bd-bb6f-e805c53459e4" "tx2fb3a5bdf2b54baaaffc8-006a27d1d6" "container-server 23" 0.0089 "-" 23 0
Jun 9 08:41:58 np0000068129 account-server[121702]: 172.20.0.105 - - [09/Jun/2026:08:41:58 +0000] "PUT /d1/412/AUTH_81d2c38ea30a402e9f136a8f7455b4ab/gnocchi.b2c6972b-a199-4b20-9725-43d824e2ad72" 201 - "PUT http://172.20.0.105:6001/d1/923/AUTH_81d2c38ea30a402e9f136a8f7455b4ab/gnocchi.b2c6972b-a199-4b20-9725-43d824e2ad72" "tx111aedc1fd714a6ca6088-006a27d1d6" "container-server 22" 0.0076 "-" 23 0
Jun 9 08:41:58 np0000068129 container-server[121869]: 172.20.0.104 - - [09/Jun/2026:08:41:58 +0000] "PUT /d1/923/AUTH_81d2c38ea30a402e9f136a8f7455b4ab/gnocchi.b2c6972b-a199-4b20-9725-43d824e2ad72" 201 - "PUT http://172.18.0.214:8080/v1/AUTH_81d2c38ea30a402e9f136a8f7455b4ab/gnocchi.b2c6972b-a199-4b20-9725-43d824e2ad72" "tx111aedc1fd714a6ca6088-006a27d1d6" "proxy-server 12" 0.0193 "-" 22 0
Jun 9 08:41:58 np0000068129 object-server[122206]: 172.20.0.105 - - [09/Jun/2026:08:41:58 +0000] "GET /d1/992/AUTH_81d2c38ea30a402e9f136a8f7455b4ab/gnocchi.2e8d6f72-1513-46bd-bb6f-e805c53459e4/1780920000.0_mean_300.0_v3" 404 70 "GET http://172.18.0.214:8080/v1/AUTH_81d2c38ea30a402e9f136a8f7455b4ab/gnocchi.2e8d6f72-1513-46bd-bb6f-e805c53459e4/1780920000.0_mean_300.0_v3" "txcb4979fcdc974ff2a84eb-006a27d1d6" "proxy-server 20" 0.0006 "-" 24 0
Jun 9 08:41:58 np0000068129 proxy-server[123514]: 172.18.0.105 172.18.0.104 09/Jun/2026/08/41/58 PUT /v1/AUTH_81d2c38ea30a402e9f136a8f7455b4ab/gnocchi.b2c6972b-a199-4b20-9725-43d824e2ad72 HTTP/1.0 201 - python-swiftclient-3.11.1 gAAAAABqJ9GJJLmX... - - - tx111aedc1fd714a6ca6088-006a27d1d6 - 0.0782 - - 1780994518.810551643 1780994518.888787031 0
Jun 9 08:41:58 np0000068129 container-server[121869]: 172.20.0.103 - - [09/Jun/2026:08:41:58 +0000] "PUT /d1/648/AUTH_81d2c38ea30a402e9f136a8f7455b4ab/gnocchi.2e8d6f72-1513-46bd-bb6f-e805c53459e4/1780920000.0_mean_300.0_v3" 201 - "PUT http://172.18.0.214:8080/d1/992/AUTH_81d2c38ea30a402e9f136a8f7455b4ab/gnocchi.2e8d6f72-1513-46bd-bb6f-e805c53459e4/1780920000.0_mean_300.0_v3" "txbd413ca0f4614164af5b4-006a27d1d6" "object-server 25" 0.0009 "-" 22 0
Jun 9 08:41:58 np0000068129 object-server[122188]: 172.20.0.103 - - [09/Jun/2026:08:41:58 +0000] "PUT /d1/992/AUTH_81d2c38ea30a402e9f136a8f7455b4ab/gnocchi.2e8d6f72-1513-46bd-bb6f-e805c53459e4/1780920000.0_mean_300.0_v3" 201 - "PUT http://172.18.0.214:8080/v1/AUTH_81d2c38ea30a402e9f136a8f7455b4ab/gnocchi.2e8d6f72-1513-46bd-bb6f-e805c53459e4/1780920000.0_mean_300.0_v3" "txbd413ca0f4614164af5b4-006a27d1d6" "proxy-server 20" 0.0192 "-" 22 0
Jun 9 08:41:58 np0000068129 object-server[122188]: 172.20.0.103 - - [09/Jun/2026:08:41:58 +0000] "GET /d1/131/AUTH_81d2c38ea30a402e9f136a8f7455b4ab/gnocchi.b2c6972b-a199-4b20-9725-43d824e2ad72/1780920000.0_mean_300.0_v3" 404 70 "GET http://172.18.0.214:8080/v1/AUTH_81d2c38ea30a402e9f136a8f7455b4ab/gnocchi.b2c6972b-a199-4b20-9725-43d824e2ad72/1780920000.0_mean_300.0_v3" "txf1fc3c97b8d148c5abea5-006a27d1d6" "proxy-server 20" 0.0005 "-" 22 0
