Jun 9 08:41:58 np0000068129 container-server[121882]: 172.20.0.103 - - [09/Jun/2026:08:41:58 +0000] "PUT /d1/648/AUTH_81d2c38ea30a402e9f136a8f7455b4ab/gnocchi.2e8d6f72-1513-46bd-bb6f-e805c53459e4/none_v3" 201 - "PUT http://172.18.0.214:8080/d1/88/AUTH_81d2c38ea30a402e9f136a8f7455b4ab/gnocchi.2e8d6f72-1513-46bd-bb6f-e805c53459e4/none_v3" "tx893bb63c999f4824bd47d-006a27d1d6" "object-server 25" 0.0007 "-" 23 0
Jun 9 08:41:58 np0000068129 object-server[122208]: 172.20.0.104 - - [09/Jun/2026:08:41:58 +0000] "PUT /d1/88/AUTH_81d2c38ea30a402e9f136a8f7455b4ab/gnocchi.2e8d6f72-1513-46bd-bb6f-e805c53459e4/none_v3" 201 - "PUT http://172.18.0.214:8080/v1/AUTH_81d2c38ea30a402e9f136a8f7455b4ab/gnocchi.2e8d6f72-1513-46bd-bb6f-e805c53459e4/none_v3" "tx893bb63c999f4824bd47d-006a27d1d6" "proxy-server 12" 0.0172 "-" 25 0
Jun 9 08:41:58 np0000068129 proxy-server[123514]: 172.18.0.214 172.18.0.104 09/Jun/2026/08/41/58 PUT /v1/AUTH_81d2c38ea30a402e9f136a8f7455b4ab/gnocchi.2e8d6f72-1513-46bd-bb6f-e805c53459e4/none_v3 HTTP/1.0 201 - python-swiftclient-3.11.1 gAAAAABqJ9HKhNbl... 22 - - tx893bb63c999f4824bd47d-006a27d1d6 - 0.0284 - - 1780994518.920755625 1780994518.949116707 0
Jun 9 08:41:59 np0000068129 object-server[122208]: 172.20.0.105 - - [09/Jun/2026:08:41:59 +0000] "PUT /d1/131/AUTH_81d2c38ea30a402e9f136a8f7455b4ab/gnocchi.b2c6972b-a199-4b20-9725-43d824e2ad72/1780920000.0_mean_300.0_v3" 201 - "PUT http://172.18.0.214:8080/v1/AUTH_81d2c38ea30a402e9f136a8f7455b4ab/gnocchi.b2c6972b-a199-4b20-9725-43d824e2ad72/1780920000.0_mean_300.0_v3" "txf2b0a6be654a478c901c9-006a27d1d6" "proxy-server 20" 0.0117 "-" 25 0
Jun 9 08:41:59 np0000068129 container-server[121882]: 172.20.0.103 - - [09/Jun/2026:08:41:59 +0000] "PUT /d1/923/AUTH_81d2c38ea30a402e9f136a8f7455b4ab/gnocchi.b2c6972b-a199-4b20-9725-43d824e2ad72/1780920000.0_mean_300.0_v3" 201 - "PUT http://172.18.0.214:8080/d1/131/AUTH_81d2c38ea30a402e9f136a8f7455b4ab/gnocchi.b2c6972b-a199-4b20-9725-43d824e2ad72/1780920000.0_mean_300.0_v3" "txf2b0a6be654a478c901c9-006a27d1d6" "object-server 25" 0.0009 "-" 23 0
Jun 9 08:41:59 np0000068129 container-server[121849]: 172.20.0.105 - - [09/Jun/2026:08:41:59 +0000] "PUT /d1/923/AUTH_81d2c38ea30a402e9f136a8f7455b4ab/gnocchi.b2c6972b-a199-4b20-9725-43d824e2ad72/none_v3" 201 - "PUT http://172.18.0.214:8080/d1/552/AUTH_81d2c38ea30a402e9f136a8f7455b4ab/gnocchi.b2c6972b-a199-4b20-9725-43d824e2ad72/none_v3" "tx6b7b778d9c2142a9ac27e-006a27d1d7" "object-server 24" 0.0007 "-" 20 0
Jun 9 08:41:59 np0000068129 object-server[122208]: 172.20.0.104 - - [09/Jun/2026:08:41:59 +0000] "PUT /d1/552/AUTH_81d2c38ea30a402e9f136a8f7455b4ab/gnocchi.b2c6972b-a199-4b20-9725-43d824e2ad72/none_v3" 201 - "PUT http://172.18.0.214:8080/v1/AUTH_81d2c38ea30a402e9f136a8f7455b4ab/gnocchi.b2c6972b-a199-4b20-9725-43d824e2ad72/none_v3" "tx6b7b778d9c2142a9ac27e-006a27d1d7" "proxy-server 12" 0.0158 "-" 25 0
Jun 9 08:41:59 np0000068129 proxy-server[123514]: 172.18.0.105 172.18.0.104 09/Jun/2026/08/41/59 PUT /v1/AUTH_81d2c38ea30a402e9f136a8f7455b4ab/gnocchi.b2c6972b-a199-4b20-9725-43d824e2ad72/none_v3 HTTP/1.0 201 - python-swiftclient-3.11.1 gAAAAABqJ9GJJLmX... 22 - - tx6b7b778d9c2142a9ac27e-006a27d1d7 - 0.0280 - - 1780994519.021900654 1780994519.049866199 0
Jun 9 08:41:59 np0000068129 container-server[121882]: 172.20.0.103 - - [09/Jun/2026:08:41:59 +0000] "HEAD /d1/855/AUTH_81d2c38ea30a402e9f136a8f7455b4ab/gnocchi.ab6d7641-aebc-43a6-abaf-2f68318d33ef" 404 - "HEAD http://172.18.0.214:8080/v1/AUTH_81d2c38ea30a402e9f136a8f7455b4ab/gnocchi.ab6d7641-aebc-43a6-abaf-2f68318d33ef?format=json&states=listing" "txa4e7d52dc06f4c4abd42c-006a27d1d7" "proxy-server 20" 0.0006 "-" 23 0
Jun 9 08:41:59 np0000068129 object-server[122188]: 172.20.0.103 - - [09/Jun/2026:08:41:59 +0000] "GET /d1/284/AUTH_81d2c38ea30a402e9f136a8f7455b4ab/gnocchi.ab6d7641-aebc-43a6-abaf-2f68318d33ef/none_v3" 404 70 "GET http://172.18.0.214:8080/v1/AUTH_81d2c38ea30a402e9f136a8f7455b4ab/gnocchi.ab6d7641-aebc-43a6-abaf-2f68318d33ef/none_v3" "txa4e7d52dc06f4c4abd42c-006a27d1d7" "proxy-server 20" 0.0005 "-" 22 0
Jun 9 08:41:59 np0000068129 container-server[121869]: 172.20.0.105 - - [09/Jun/2026:08:41:59 +0000] "PUT /d1/855/AUTH_81d2c38ea30a402e9f136a8f7455b4ab/gnocchi.ab6d7641-aebc-43a6-abaf-2f68318d33ef" 201 - "PUT http://172.18.0.214:8080/v1/AUTH_81d2c38ea30a402e9f136a8f7455b4ab/gnocchi.ab6d7641-aebc-43a6-abaf-2f68318d33ef" "txf1c5cf7ee1c641dca1f9c-006a27d1d7" "proxy-server 20" 0.0182 "-" 22 0
Jun 9 08:41:59 np0000068129 account-server[121697]: 172.20.0.103 - - [09/Jun/2026:08:41:59 +0000] "PUT /d1/412/AUTH_81d2c38ea30a402e9f136a8f7455b4ab/gnocchi.ab6d7641-aebc-43a6-abaf-2f68318d33ef" 201 - "PUT http://172.20.0.103:6001/d1/855/AUTH_81d2c38ea30a402e9f136a8f7455b4ab/gnocchi.ab6d7641-aebc-43a6-abaf-2f68318d33ef" "txf1c5cf7ee1c641dca1f9c-006a27d1d7" "container-server 16" 0.0075 "-" 22 0
Jun 9 08:41:59 np0000068129 proxy-server[123514]: - - 09/Jun/2026/08/41/59 HEAD /v1/AUTH_81d2c38ea30a402e9f136a8f7455b4ab/gnocchi.ab6d7641-aebc-43a6-abaf-2f68318d33ef%3Fformat%3Djson%26states%3Dlisting HTTP/1.0 204 - Swift - - - - txa0b3fbcf82b34ed584acd-006a27d1d7 - 0.0069 RL - 1780994519.139601946 1780994519.146453142 0
Jun 9 08:41:59 np0000068129 proxy-server[123514]: 172.18.0.103 172.18.0.104 09/Jun/2026/08/41/59 GET /v1/AUTH_81d2c38ea30a402e9f136a8f7455b4ab/gnocchi.ab6d7641-aebc-43a6-abaf-2f68318d33ef%3Fformat%3Djson%26states%3Dlisting HTTP/1.0 200 - python-swiftclient-3.11.1 gAAAAABqJ9HWsNi3... - 2 - txa0b3fbcf82b34ed584acd-006a27d1d7 - 0.0203 - - 1780994519.137287617 1780994519.157606125 0
Jun 9 08:41:59 np0000068129 object-server[122206]: 172.20.0.103 - - [09/Jun/2026:08:41:59 +0000] "GET /d1/801/AUTH_81d2c38ea30a402e9f136a8f7455b4ab/gnocchi.ab6d7641-aebc-43a6-abaf-2f68318d33ef/1780920000.0_mean_300.0_v3" 404 70 "GET http://172.18.0.214:8080/v1/AUTH_81d2c38ea30a402e9f136a8f7455b4ab/gnocchi.ab6d7641-aebc-43a6-abaf-2f68318d33ef/1780920000.0_mean_300.0_v3" "tx6638580649494ec9ac051-006a27d1d7" "proxy-server 20" 0.0004 "-" 24 0
Jun 9 08:41:59 np0000068129 container-server[121849]: 172.20.0.105 - - [09/Jun/2026:08:41:59 +0000] "PUT /d1/855/AUTH_81d2c38ea30a402e9f136a8f7455b4ab/gnocchi.ab6d7641-aebc-43a6-abaf-2f68318d33ef/1780920000.0_mean_300.0_v3" 201 - "PUT http://172.18.0.214:8080/d1/801/AUTH_81d2c38ea30a402e9f136a8f7455b4ab/gnocchi.ab6d7641-aebc-43a6-abaf-2f68318d33ef/1780920000.0_mean_300.0_v3" "tx615f7fd8a2b14069bd29a-006a27d1d7" "object-server 23" 0.0013 "-" 20 0
Jun 9 08:41:59 np0000068129 object-server[122206]: 172.20.0.105 - - [09/Jun/2026:08:41:59 +0000] "PUT /d1/801/AUTH_81d2c38ea30a402e9f136a8f7455b4ab/gnocchi.ab6d7641-aebc-43a6-abaf-2f68318d33ef/1780920000.0_mean_300.0_v3" 201 - "PUT http://172.18.0.214:8080/v1/AUTH_81d2c38ea30a402e9f136a8f7455b4ab/gnocchi.ab6d7641-aebc-43a6-abaf-2f68318d33ef/1780920000.0_mean_300.0_v3" "tx615f7fd8a2b14069bd29a-006a27d1d7" "proxy-server 20" 0.0128 "-" 24 0
Jun 9 08:41:59 np0000068129 container-server[121866]: 172.20.0.105 - - [09/Jun/2026:08:41:59 +0000] "PUT /d1/855/AUTH_81d2c38ea30a402e9f136a8f7455b4ab/gnocchi.ab6d7641-aebc-43a6-abaf-2f68318d33ef/none_v3" 201 - "PUT http://172.18.0.214:8080/d1/284/AUTH_81d2c38ea30a402e9f136a8f7455b4ab/gnocchi.ab6d7641-aebc-43a6-abaf-2f68318d33ef/none_v3" "tx00fa534a0d9e449dac63d-006a27d1d7" "object-server 24" 0.0009 "-" 21 0
Jun 9 08:41:59 np0000068129 object-server[122208]: 172.20.0.104 - - [09/Jun/2026:08:41:59 +0000] "PUT /d1/284/AUTH_81d2c38ea30a402e9f136a8f7455b4ab/gnocchi.ab6d7641-aebc-43a6-abaf-2f68318d33ef/none_v3" 201 - "PUT http://172.18.0.214:8080/v1/AUTH_81d2c38ea30a402e9f136a8f7455b4ab/gnocchi.ab6d7641-aebc-43a6-abaf-2f68318d33ef/none_v3" "tx00fa534a0d9e449dac63d-006a27d1d7" "proxy-server 12" 0.0166 "-" 25 0
Jun 9 08:41:59 np0000068129 proxy-server[123514]: 172.18.0.103 172.18.0.104 09/Jun/2026/08/41/59 PUT /v1/AUTH_81d2c38ea30a402e9f136a8f7455b4ab/gnocchi.ab6d7641-aebc-43a6-abaf-2f68318d33ef/none_v3 HTTP/1.0 201 - python-swiftclient-3.11.1 gAAAAABqJ9HWsNi3... 22 - - tx00fa534a0d9e449dac63d-006a27d1d7 - 0.0307 - - 1780994519.211244345 1780994519.241981268 0
Jun 9 08:42:10 np0000068129 account-server[121697]: 172.20.0.104 - - [09/Jun/2026:08:42:10 +0000] "HEAD /d1/231/.expiring_objects" 404 - "HEAD http://localhost/v1/.expiring_objects?format=json" "tx6fac19c49e9c408dac2eb-006a27d1e2" "proxy-server 2" 0.0005 "-" 22 -
Jun 9 08:42:10 np0000068129 object-expirer[121826]: Pass completed in 0s; 0 objects expired (txn: tx6fac19c49e9c408dac2eb-006a27d1e2)
Jun 9 08:42:13 np0000068129 account-server[121320]: Beginning replication run
Jun 9 08:42:16 np0000068129 object-server[121907]: Starting object replication pass.
Jun 9 08:42:16 np0000068129 account-server[121320]: Replication run OVER
Jun 9 08:42:16 np0000068129 account-server[121320]: Attempted to replicate 1 dbs in 2.32703 seconds (0.42973/s)
Jun 9 08:42:16 np0000068129 account-server[121320]: Removed 0 dbs
Jun 9 08:42:16 np0000068129 account-server[121320]: 2 successes, 0 failures
Jun 9 08:42:16 np0000068129 account-server[121320]: diff:0 diff_capped:0 empty:0 hashmatch:0 no_change:2 remote_merge:0 rsync:0 ts_repl:0
Jun 9 08:42:16 np0000068129 object-server[121907]: 16/16 (100.00%) partitions replicated in 0.24s (67.93/sec, 0s remaining)
Jun 9 08:42:16 np0000068129 object-server[121907]: 32 successes, 0 failures
Jun 9 08:42:16 np0000068129 object-server[121907]: 16 suffixes checked - 0.00% hashed, 0.00% synced
Jun 9 08:42:16 np0000068129 object-server[121907]: Partition times: max 0.0378s, min 0.0085s, med 0.0131s
Jun 9 08:42:16 np0000068129 object-server[121907]: Object replication complete. (0.00 minutes)
Jun 9 08:42:18 np0000068129 object-server[213554]: Begin object audit "forever" mode (ZBF)
Jun 9 08:42:18 np0000068129 object-server[213554]: Object audit (ZBF). Since Tue Jun 9 08:42:18 2026: Locally: 1 passed, 0 quarantined, 0 errors, files/sec: 561.26, bytes/sec: 0.00, Total time: 0.00, Auditing time: 0.00, Rate: 0.00
Jun 9 08:42:18 np0000068129 object-server[213554]: Object audit (ZBF) "forever" mode completed: 0.28s. Total quarantined: 0, Total errors: 0, Total files/sec: 56.48, Total bytes/sec: 0.00, Auditing time: 0.28, Rate: 0.98
Jun 9 08:42:21 np0000068129 container-server[121398]: Beginning replication run
Jun 9 08:42:21 np0000068129 container-server[121398]: Replication run OVER
Jun 9 08:42:21 np0000068129 container-server[121398]: Attempted to replicate 8 dbs in 0.20800 seconds (38.46171/s)
Jun 9 08:42:21 np0000068129 container-server[121398]: Removed 0 dbs
Jun 9 08:42:21 np0000068129 container-server[121398]: 16 successes, 0 failures
Jun 9 08:42:21 np0000068129 container-server[121398]: diff:0 diff_capped:0 empty:0 hashmatch:0 no_change:16 remote_merge:0 rsync:0 ts_repl:0
Jun 9 08:42:43 np0000068129 account-server[121320]: Beginning replication run
Jun 9 08:42:43 np0000068129 account-server[121320]: Replication run OVER
Jun 9 08:42:43 np0000068129 account-server[121320]: Attempted to replicate 1 dbs in 0.02090 seconds (47.84172/s)
Jun 9 08:42:43 np0000068129 account-server[121320]: Removed 0 dbs
Jun 9 08:42:43 np0000068129 account-server[121320]: 2 successes, 0 failures
Jun 9 08:42:43 np0000068129 account-server[121320]: diff:0 diff_capped:0 empty:0 hashmatch:0 no_change:2 remote_merge:0 rsync:0 ts_repl:0
Jun 9 08:42:46 np0000068129 object-server[121907]: Starting object replication pass.
Jun 9 08:42:46 np0000068129 object-server[121907]: 16/16 (100.00%) partitions replicated in 0.16s (102.23/sec, 0s remaining)
Jun 9 08:42:46 np0000068129 object-server[121907]: 32 successes, 0 failures
Jun 9 08:42:46 np0000068129 object-server[121907]: 16 suffixes checked - 0.00% hashed, 0.00% synced
Jun 9 08:42:46 np0000068129 object-server[121907]: Partition times: max 0.0150s, min 0.0069s, med 0.0084s
Jun 9 08:42:46 np0000068129 object-server[121907]: Object replication complete. (0.00 minutes)
Jun 9 08:42:48 np0000068129 object-server[219405]: Begin object audit "forever" mode (ZBF)
Jun 9 08:42:48 np0000068129 object-server[219405]: Object audit (ZBF). Since Tue Jun 9 08:42:48 2026: Locally: 1 passed, 0 quarantined, 0 errors, files/sec: 571.43, bytes/sec: 0.00, Total time: 0.00, Auditing time: 0.00, Rate: 0.00
Jun 9 08:42:48 np0000068129 object-server[219406]: Begin object audit "forever" mode (ALL)
Jun 9 08:42:48 np0000068129 object-server[219406]: Object audit (ALL). Since Tue Jun 9 08:42:48 2026: Locally: 1 passed, 0 quarantined, 0 errors, files/sec: 72.23, bytes/sec: 1155.69, Total time: 0.01, Auditing time: 0.00, Rate: 0.00
Jun 9 08:42:49 np0000068129 object-server[219405]: Object audit (ZBF) "forever" mode completed: 0.28s. Total quarantined: 0, Total errors: 0, Total files/sec: 56.51, Total bytes/sec: 0.00, Auditing time: 0.28, Rate: 0.98
Jun 9 08:42:49 np0000068129 object-server[219406]: Object audit (ALL) "forever" mode completed: 0.72s. Total quarantined: 0, Total errors: 0, Total files/sec: 22.36, Total bytes/sec: 438.75, Auditing time: 0.71, Rate: 0.99
Jun 9 08:42:51 np0000068129 container-server[121398]: Beginning replication run
Jun 9 08:42:51 np0000068129 container-server[121398]: Replication run OVER
Jun 9 08:42:51 np0000068129 container-server[121398]: Attempted to replicate 8 dbs in 0.15385 seconds (51.99969/s)
Jun 9 08:42:51 np0000068129 container-server[121398]: Removed 0 dbs
Jun 9 08:42:51 np0000068129 container-server[121398]: 16 successes, 0 failures
Jun 9 08:42:51 np0000068129 container-server[121398]: diff:0 diff_capped:0 empty:0 hashmatch:0 no_change:16 remote_merge:0 rsync:0 ts_repl:0
Jun 9 08:43:10 np0000068129 account-server[121697]: 172.20.0.105 - - [09/Jun/2026:08:43:10 +0000] "HEAD /d1/231/.expiring_objects" 404 - "HEAD http://localhost/v1/.expiring_objects?format=json" "txbf53ae4355b945259e5e5-006a27d21e" "proxy-server 2" 0.0009 "-" 22 -
Jun 9 08:43:13 np0000068129 account-server[121320]: Beginning replication run
Jun 9 08:43:14 np0000068129 account-server[121320]: Replication run OVER
Jun 9 08:43:14 np0000068129 account-server[121320]: Attempted to replicate 1 dbs in 0.02133 seconds (46.88447/s)
Jun 9 08:43:14 np0000068129 account-server[121320]: Removed 0 dbs
Jun 9 08:43:14 np0000068129 account-server[121320]: 2 successes, 0 failures
Jun 9 08:43:14 np0000068129 account-server[121320]: diff:0 diff_capped:0 empty:0 hashmatch:0 no_change:2 remote_merge:0 rsync:0 ts_repl:0
Jun 9 08:43:16 np0000068129 object-server[121907]: Starting object replication pass.
Jun 9 08:43:16 np0000068129 object-server[121907]: 16/16 (100.00%) partitions replicated in 0.16s (100.70/sec, 0s remaining)
Jun 9 08:43:16 np0000068129 object-server[121907]: 32 successes, 0 failures
Jun 9 08:43:16 np0000068129 object-server[121907]: 16 suffixes checked - 0.00% hashed, 0.00% synced
Jun 9 08:43:16 np0000068129 object-server[121907]: Partition times: max 0.0141s, min 0.0071s, med 0.0091s
Jun 9 08:43:16 np0000068129 object-server[121907]: Object replication complete. (0.00 minutes)
Jun 9 08:43:19 np0000068129 object-server[219437]: Begin object audit "forever" mode (ZBF)
Jun 9 08:43:19 np0000068129 object-server[219437]: Object audit (ZBF). Since Tue Jun 9 08:43:19 2026: Locally: 1 passed, 0 quarantined, 0 errors, files/sec: 570.50, bytes/sec: 0.00, Total time: 0.00, Auditing time: 0.00, Rate: 0.00
Jun 9 08:43:19 np0000068129 object-server[219437]: Object audit (ZBF) "forever" mode completed: 0.28s. Total quarantined: 0, Total errors: 0, Total files/sec: 56.40, Total bytes/sec: 0.00, Auditing time: 0.28, Rate: 0.98
Jun 9 08:43:20 np0000068129 container-server[121849]: 172.20.0.105 - - [09/Jun/2026:08:43:20 +0000] "HEAD /d1/911/AUTH_81d2c38ea30a402e9f136a8f7455b4ab/gnocchi.1bcd6e8a-cc6b-484f-87f9-2cc68108e0e3" 404 - "HEAD http://172.18.0.214:8080/v1/AUTH_81d2c38ea30a402e9f136a8f7455b4ab/gnocchi.1bcd6e8a-cc6b-484f-87f9-2cc68108e0e3?format=json&states=listing" "txb3ef35259ea84bf3a0fc6-006a27d228" "proxy-server 20" 0.0018 "-" 20 0
Jun 9 08:43:20 np0000068129 container-server[121866]: 172.20.0.103 - - [09/Jun/2026:08:43:20 +0000] "HEAD /d1/594/AUTH_81d2c38ea30a402e9f136a8f7455b4ab/gnocchi.c8225394-25ee-418d-a3b5-1a802f532efd" 404 - "HEAD http://172.18.0.214:8080/v1/AUTH_81d2c38ea30a402e9f136a8f7455b4ab/gnocchi.c8225394-25ee-418d-a3b5-1a802f532efd?format=json&states=listing" "txd4984808f21340fb86713-006a27d228" "proxy-server 20" 0.0006 "-" 21 0
Jun 9 08:43:20 np0000068129 container-server[121882]: 172.20.0.104 - - [09/Jun/2026:08:43:20 +0000] "HEAD /d1/946/AUTH_81d2c38ea30a402e9f136a8f7455b4ab/gnocchi.8dfa6f77-487d-4603-b70f-ba601b8370f9" 404 - "HEAD http://172.18.0.214:8080/v1/AUTH_81d2c38ea30a402e9f136a8f7455b4ab/gnocchi.8dfa6f77-487d-4603-b70f-ba601b8370f9?format=json&states=listing" "tx82c2808d48d84abaa2f45-006a27d228" "proxy-server 12" 0.0006 "-" 23 0
Jun 9 08:43:20 np0000068129 object-server[122206]: 172.20.0.105 - - [09/Jun/2026:08:43:20 +0000] "GET /d1/156/AUTH_81d2c38ea30a402e9f136a8f7455b4ab/gnocchi.1bcd6e8a-cc6b-484f-87f9-2cc68108e0e3/none_v3" 404 70 "GET http://172.18.0.214:8080/v1/AUTH_81d2c38ea30a402e9f136a8f7455b4ab/gnocchi.1bcd6e8a-cc6b-484f-87f9-2cc68108e0e3/none_v3" "txb3ef35259ea84bf3a0fc6-006a27d228" "proxy-server 20" 0.0015 "-" 24 0
Jun 9 08:43:20 np0000068129 object-server[122206]: 172.20.0.103 - - [09/Jun/2026:08:43:20 +0000] "GET /d1/115/AUTH_81d2c38ea30a402e9f136a8f7455b4ab/gnocchi.c8225394-25ee-418d-a3b5-1a802f532efd/none_v3" 404 70 "GET http://172.18.0.214:8080/v1/AUTH_81d2c38ea30a402e9f136a8f7455b4ab/gnocchi.c8225394-25ee-418d-a3b5-1a802f532efd/none_v3" "txd4984808f21340fb86713-006a27d228" "proxy-server 20" 0.0004 "-" 24 0
Jun 9 08:43:20 np0000068129 object-server[122197]: 172.20.0.104 - - [09/Jun/2026:08:43:20 +0000] "GET /d1/283/AUTH_81d2c38ea30a402e9f136a8f7455b4ab/gnocchi.8dfa6f77-487d-4603-b70f-ba601b8370f9/none_v3" 404 70 "GET http://172.18.0.214:8080/v1/AUTH_81d2c38ea30a402e9f136a8f7455b4ab/gnocchi.8dfa6f77-487d-4603-b70f-ba601b8370f9/none_v3" "tx82c2808d48d84abaa2f45-006a27d228" "proxy-server 12" 0.0008 "-" 23 0
Jun 9 08:43:20 np0000068129 proxy-server[123514]: 172.18.0.103 172.18.0.104 09/Jun/2026/08/43/20 GET /v1/AUTH_81d2c38ea30a402e9f136a8f7455b4ab/gnocchi.8dfa6f77-487d-4603-b70f-ba601b8370f9/none_v3 HTTP/1.0 404 - python-swiftclient-3.11.1 gAAAAABqJ9HWsNi3... - 70 - tx82c2808d48d84abaa2f45-006a27d228 - 0.0356 - - 1780994600.199615717 1780994600.235192776 0
Jun 9 08:43:20 np0000068129 account-server[121687]: 172.20.0.103 - - [09/Jun/2026:08:43:20 +0000] "PUT /d1/412/AUTH_81d2c38ea30a402e9f136a8f7455b4ab/gnocchi.c8225394-25ee-418d-a3b5-1a802f532efd" 201 - "PUT http://172.20.0.103:6001/d1/594/AUTH_81d2c38ea30a402e9f136a8f7455b4ab/gnocchi.c8225394-25ee-418d-a3b5-1a802f532efd" "txfb26eb29f81c4eeb8c645-006a27d228" "container-server 15" 0.0023 "-" 21 0
Jun 9 08:43:20 np0000068129 account-server[121687]: 172.20.0.105 - - [09/Jun/2026:08:43:20 +0000] "PUT /d1/412/AUTH_81d2c38ea30a402e9f136a8f7455b4ab/gnocchi.1bcd6e8a-cc6b-484f-87f9-2cc68108e0e3" 201 - "PUT http://172.20.0.105:6001/d1/911/AUTH_81d2c38ea30a402e9f136a8f7455b4ab/gnocchi.1bcd6e8a-cc6b-484f-87f9-2cc68108e0e3" "txd865f529ba1545f289f6f-006a27d228" "container-server 23" 0.0068 "-" 21 0
Jun 9 08:43:20 np0000068129 account-server[121702]: 172.20.0.103 - - [09/Jun/2026:08:43:20 +0000] "PUT /d1/412/AUTH_81d2c38ea30a402e9f136a8f7455b4ab/gnocchi.8dfa6f77-487d-4603-b70f-ba601b8370f9" 201 - "PUT http://172.20.0.103:6001/d1/946/AUTH_81d2c38ea30a402e9f136a8f7455b4ab/gnocchi.8dfa6f77-487d-4603-b70f-ba601b8370f9" "txfb2af16fae2646aeab4d5-006a27d228" "container-server 14" 0.0063 "-" 23 0
Jun 9 08:43:20 np0000068129 container-server[121869]: 172.20.0.105 - - [09/Jun/2026:08:43:20 +0000] "PUT /d1/911/AUTH_81d2c38ea30a402e9f136a8f7455b4ab/gnocchi.1bcd6e8a-cc6b-484f-87f9-2cc68108e0e3" 201 - "PUT http://172.18.0.214:8080/v1/AUTH_81d2c38ea30a402e9f136a8f7455b4ab/gnocchi.1bcd6e8a-cc6b-484f-87f9-2cc68108e0e3" "txd865f529ba1545f289f6f-006a27d228" "proxy-server 20" 0.0491 "-" 22 0
Jun 9 08:43:20 np0000068129 container-server[121869]: 172.20.0.104 - - [09/Jun/2026:08:43:20 +0000] "PUT /d1/946/AUTH_81d2c38ea30a402e9f136a8f7455b4ab/gnocchi.8dfa6f77-487d-4603-b70f-ba601b8370f9" 201 - "PUT http://172.18.0.214:8080/v1/AUTH_81d2c38ea30a402e9f136a8f7455b4ab/gnocchi.8dfa6f77-487d-4603-b70f-ba601b8370f9" "txfb2af16fae2646aeab4d5-006a27d228" "proxy-server 12" 0.0234 "-" 22 0
Jun 9 08:43:20 np0000068129 container-server[121869]: 172.20.0.103 - - [09/Jun/2026:08:43:20 +0000] "PUT /d1/594/AUTH_81d2c38ea30a402e9f136a8f7455b4ab/gnocchi.c8225394-25ee-418d-a3b5-1a802f532efd" 201 - "PUT http://172.18.0.214:8080/v1/AUTH_81d2c38ea30a402e9f136a8f7455b4ab/gnocchi.c8225394-25ee-418d-a3b5-1a802f532efd" "txfb26eb29f81c4eeb8c645-006a27d228" "proxy-server 20" 0.0459 "-" 22 0
Jun 9 08:43:20 np0000068129 proxy-server[123514]: 172.18.0.103 172.18.0.104 09/Jun/2026/08/43/20 PUT /v1/AUTH_81d2c38ea30a402e9f136a8f7455b4ab/gnocchi.8dfa6f77-487d-4603-b70f-ba601b8370f9 HTTP/1.0 201 - python-swiftclient-3.11.1 gAAAAABqJ9HWsNi3... - - - txfb2af16fae2646aeab4d5-006a27d228 - 0.0582 - - 1780994600.239838839 1780994600.298071384 0
Jun 9 08:43:20 np0000068129 container-server[121866]: 172.20.0.105 - - [09/Jun/2026:08:43:20 +0000] "HEAD /d1/911/AUTH_81d2c38ea30a402e9f136a8f7455b4ab/gnocchi.1bcd6e8a-cc6b-484f-87f9-2cc68108e0e3" 204 - "HEAD http://172.18.0.214:8080/v1/AUTH_81d2c38ea30a402e9f136a8f7455b4ab/gnocchi.1bcd6e8a-cc6b-484f-87f9-2cc68108e0e3?format=json&states=listing" "tx3700eb29159c45b898bdf-006a27d228" "proxy-server 20" 0.0016 "-" 21 0
Jun 9 08:43:20 np0000068129 container-server[121882]: 172.20.0.104 - - [09/Jun/2026:08:43:20 +0000] "HEAD /d1/946/AUTH_81d2c38ea30a402e9f136a8f7455b4ab/gnocchi.8dfa6f77-487d-4603-b70f-ba601b8370f9" 204 - "HEAD http://172.18.0.214:8080/v1/AUTH_81d2c38ea30a402e9f136a8f7455b4ab/gnocchi.8dfa6f77-487d-4603-b70f-ba601b8370f9?format=json&states=listing" "tx87d0ea8101e44b98967cc-006a27d228" "proxy-server 12" 0.0024 "-" 23 0
Jun 9 08:43:20 np0000068129 proxy-server[123514]: - - 09/Jun/2026/08/43/20 HEAD /v1/AUTH_81d2c38ea30a402e9f136a8f7455b4ab/gnocchi.8dfa6f77-487d-4603-b70f-ba601b8370f9%3Fformat%3Djson%26states%3Dlisting HTTP/1.0 204 - Swift - - - - tx87d0ea8101e44b98967cc-006a27d228 - 0.0062 RL - 1780994600.304987669 1780994600.311183691 0
Jun 9 08:43:20 np0000068129 container-server[121866]: 172.20.0.105 - - [09/Jun/2026:08:43:20 +0000] "GET /d1/911/AUTH_81d2c38ea30a402e9f136a8f7455b4ab/gnocchi.1bcd6e8a-cc6b-484f-87f9-2cc68108e0e3" 200 2 "GET http://172.18.0.214:8080/v1/AUTH_81d2c38ea30a402e9f136a8f7455b4ab/gnocchi.1bcd6e8a-cc6b-484f-87f9-2cc68108e0e3?format=json&states=listing" "tx3700eb29159c45b898bdf-006a27d228" "proxy-server 20" 0.0022 "-" 21 0
Jun 9 08:43:20 np0000068129 container-server[121882]: 172.20.0.103 - - [09/Jun/2026:08:43:20 +0000] "GET /d1/594/AUTH_81d2c38ea30a402e9f136a8f7455b4ab/gnocchi.c8225394-25ee-418d-a3b5-1a802f532efd" 200 2 "GET http://172.18.0.214:8080/v1/AUTH_81d2c38ea30a402e9f136a8f7455b4ab/gnocchi.c8225394-25ee-418d-a3b5-1a802f532efd?format=json&states=listing" "txba3bfd04040c40c6a3a75-006a27d228" "proxy-server 20" 0.0072 "-" 23 0
Jun 9 08:43:20 np0000068129 container-server[121866]: 172.20.0.104 - - [09/Jun/2026:08:43:20 +0000] "GET /d1/946/AUTH_81d2c38ea30a402e9f136a8f7455b4ab/gnocchi.8dfa6f77-487d-4603-b70f-ba601b8370f9" 200 2 "GET http://172.18.0.214:8080/v1/AUTH_81d2c38ea30a402e9f136a8f7455b4ab/gnocchi.8dfa6f77-487d-4603-b70f-ba601b8370f9?format=json&states=listing" "tx87d0ea8101e44b98967cc-006a27d228" "proxy-server 12" 0.0085 "-" 21 0
Jun 9 08:43:20 np0000068129 proxy-server[123514]: 172.18.0.103 172.18.0.104 09/Jun/2026/08/43/20 GET /v1/AUTH_81d2c38ea30a402e9f136a8f7455b4ab/gnocchi.8dfa6f77-487d-4603-b70f-ba601b8370f9%3Fformat%3Djson%26states%3Dlisting HTTP/1.0 200 - python-swiftclient-3.11.1 gAAAAABqJ9HWsNi3... - 2 - tx87d0ea8101e44b98967cc-006a27d228 - 0.0260 - - 1780994600.301800966 1780994600.327782631 0
Jun 9 08:43:20 np0000068129 object-server[122197]: 172.20.0.105 - - [09/Jun/2026:08:43:20 +0000] "GET /d1/726/AUTH_81d2c38ea30a402e9f136a8f7455b4ab/gnocchi.1bcd6e8a-cc6b-484f-87f9-2cc68108e0e3/1780920000.0_mean_300.0_v3" 404 70 "GET http://172.18.0.214:8080/v1/AUTH_81d2c38ea30a402e9f136a8f7455b4ab/gnocchi.1bcd6e8a-cc6b-484f-87f9-2cc68108e0e3/1780920000.0_mean_300.0_v3" "tx42711e4a7e9541f7aec9e-006a27d228" "proxy-server 20" 0.0007 "-" 23 0
Jun 9 08:43:20 np0000068129 object-server[122197]: 172.20.0.104 - - [09/Jun/2026:08:43:20 +0000] "GET /d1/635/AUTH_81d2c38ea30a402e9f136a8f7455b4ab/gnocchi.8dfa6f77-487d-4603-b70f-ba601b8370f9/1780920000.0_mean_300.0_v3" 404 70 "GET http://172.18.0.214:8080/v1/AUTH_81d2c38ea30a402e9f136a8f7455b4ab/gnocchi.8dfa6f77-487d-4603-b70f-ba601b8370f9/1780920000.0_mean_300.0_v3" "tx459ac09f579c433793385-006a27d228" "proxy-server 12" 0.0002 "-" 23 0
Jun 9 08:43:20 np0000068129 object-server[122197]: 172.20.0.103 - - [09/Jun/2026:08:43:20 +0000] "GET /d1/814/AUTH_81d2c38ea30a402e9f136a8f7455b4ab/gnocchi.c8225394-25ee-418d-a3b5-1a802f532efd/1780920000.0_mean_300.0_v3" 404 70 "GET http://172.18.0.214:8080/v1/AUTH_81d2c38ea30a402e9f136a8f7455b4ab/gnocchi.c8225394-25ee-418d-a3b5-1a802f532efd/1780920000.0_mean_300.0_v3" "txa2f4cbc5cfa6409da0c18-006a27d228" "proxy-server 20" 0.0002 "-" 23 0
Jun 9 08:43:20 np0000068129 proxy-server[123514]: 172.18.0.103 172.18.0.104 09/Jun/2026/08/43/20 GET /v1/AUTH_81d2c38ea30a402e9f136a8f7455b4ab/gnocchi.8dfa6f77-487d-4603-b70f-ba601b8370f9/1780920000.0_mean_300.0_v3 HTTP/1.0 404 - python-swiftclient-3.11.1 gAAAAABqJ9HWsNi3... - 70 - tx459ac09f579c433793385-006a27d228 - 0.0173 - - 1780994600.332941055 1780994600.350224972 0
Jun 9 08:43:20 np0000068129 container-server[121869]: 172.20.0.104 - - [09/Jun/2026:08:43:20 +0000] "PUT /d1/911/AUTH_81d2c38ea30a402e9f136a8f7455b4ab/gnocchi.1bcd6e8a-cc6b-484f-87f9-2cc68108e0e3/1780920000.0_mean_300.0_v3" 201 - "PUT http://172.18.0.214:8080/d1/726/AUTH_81d2c38ea30a402e9f136a8f7455b4ab/gnocchi.1bcd6e8a-cc6b-484f-87f9-2cc68108e0e3/1780920000.0_mean_300.0_v3" "tx440f7505aa0c46e287d10-006a27d228" "object-server 25" 0.0012 "-" 22 0
Jun 9 08:43:20 np0000068129 object-server[122208]: 172.20.0.105 - - [09/Jun/2026:08:43:20 +0000] "PUT /d1/726/AUTH_81d2c38ea30a402e9f136a8f7455b4ab/gnocchi.1bcd6e8a-cc6b-484f-87f9-2cc68108e0e3/1780920000.0_mean_300.0_v3" 201 - "PUT http://172.18.0.214:8080/v1/AUTH_81d2c38ea30a402e9f136a8f7455b4ab/gnocchi.1bcd6e8a-cc6b-484f-87f9-2cc68108e0e3/1780920000.0_mean_300.0_v3" "tx440f7505aa0c46e287d10-006a27d228" "proxy-server 20" 0.0145 "-" 25 0
Jun 9 08:43:20 np0000068129 object-server[122208]: 172.20.0.104 - - [09/Jun/2026:08:43:20 +0000] "PUT /d1/635/AUTH_81d2c38ea30a402e9f136a8f7455b4ab/gnocchi.8dfa6f77-487d-4603-b70f-ba601b8370f9/1780920000.0_mean_300.0_v3" 201 - "PUT http://172.18.0.214:8080/v1/AUTH_81d2c38ea30a402e9f136a8f7455b4ab/gnocchi.8dfa6f77-487d-4603-b70f-ba601b8370f9/1780920000.0_mean_300.0_v3" "tx845fd02b208d4ecb8ed18-006a27d228" "proxy-server 12" 0.0160 "-" 25 0
Jun 9 08:43:20 np0000068129 container-server[121882]: 172.20.0.105 - - [09/Jun/2026:08:43:20 +0000] "PUT /d1/946/AUTH_81d2c38ea30a402e9f136a8f7455b4ab/gnocchi.8dfa6f77-487d-4603-b70f-ba601b8370f9/1780920000.0_mean_300.0_v3" 201 - "PUT http://172.18.0.214:8080/d1/635/AUTH_81d2c38ea30a402e9f136a8f7455b4ab/gnocchi.8dfa6f77-487d-4603-b70f-ba601b8370f9/1780920000.0_mean_300.0_v3" "tx845fd02b208d4ecb8ed18-006a27d228" "object-server 23" 0.0010 "-" 23 0
Jun 9 08:43:20 np0000068129 container-server[121882]: 172.20.0.103 - - [09/Jun/2026:08:43:20 +0000] "PUT /d1/594/AUTH_81d2c38ea30a402e9f136a8f7455b4ab/gnocchi.c8225394-25ee-418d-a3b5-1a802f532efd/1780920000.0_mean_300.0_v3" 201 - "PUT http://172.18.0.214:8080/d1/814/AUTH_81d2c38ea30a402e9f136a8f7455b4ab/gnocchi.c8225394-25ee-418d-a3b5-1a802f532efd/1780920000.0_mean_300.0_v3" "txd1f7d294bd924c18b9395-006a27d228" "object-server 24" 0.0004 "-" 23 0
Jun 9 08:43:20 np0000068129 object-server[122197]: 172.20.0.103 - - [09/Jun/2026:08:43:20 +0000] "PUT /d1/814/AUTH_81d2c38ea30a402e9f136a8f7455b4ab/gnocchi.c8225394-25ee-418d-a3b5-1a802f532efd/1780920000.0_mean_300.0_v3" 201 - "PUT http://172.18.0.214:8080/v1/AUTH_81d2c38ea30a402e9f136a8f7455b4ab/gnocchi.c8225394-25ee-418d-a3b5-1a802f532efd/1780920000.0_mean_300.0_v3" "txd1f7d294bd924c18b9395-006a27d228" "proxy-server 20" 0.0125 "-" 23 0
Jun 9 08:43:20 np0000068129 proxy-server[123514]: 172.18.0.103 172.18.0.104 09/Jun/2026/08/43/20 PUT /v1/AUTH_81d2c38ea30a402e9f136a8f7455b4ab/gnocchi.8dfa6f77-487d-4603-b70f-ba601b8370f9/1780920000.0_mean_300.0_v3 HTTP/1.0 201 - python-swiftclient-3.11.1 gAAAAABqJ9HWsNi3... 16 - - tx845fd02b208d4ecb8ed18-006a27d228 - 0.0301 - - 1780994600.356804609 1780994600.386914730 0
Jun 9 08:43:20 np0000068129 container-server[121882]: 172.20.0.104 - - [09/Jun/2026:08:43:20 +0000] "PUT /d1/911/AUTH_81d2c38ea30a402e9f136a8f7455b4ab/gnocchi.1bcd6e8a-cc6b-484f-87f9-2cc68108e0e3/none_v3" 201 - "PUT http://172.18.0.214:8080/d1/156/AUTH_81d2c38ea30a402e9f136a8f7455b4ab/gnocchi.1bcd6e8a-cc6b-484f-87f9-2cc68108e0e3/none_v3" "tx3bd88703a27547daae8bc-006a27d228" "object-server 22" 0.0005 "-" 23 0
Jun 9 08:43:20 np0000068129 object-server[122188]: 172.20.0.105 - - [09/Jun/2026:08:43:20 +0000] "PUT /d1/156/AUTH_81d2c38ea30a402e9f136a8f7455b4ab/gnocchi.1bcd6e8a-cc6b-484f-87f9-2cc68108e0e3/none_v3" 201 - "PUT http://172.18.0.214:8080/v1/AUTH_81d2c38ea30a402e9f136a8f7455b4ab/gnocchi.1bcd6e8a-cc6b-484f-87f9-2cc68108e0e3/none_v3" "tx3bd88703a27547daae8bc-006a27d228" "proxy-server 20" 0.0113 "-" 22 0
Jun 9 08:43:20 np0000068129 object-server[122208]: 172.20.0.104 - - [09/Jun/2026:08:43:20 +0000] "PUT /d1/283/AUTH_81d2c38ea30a402e9f136a8f7455b4ab/gnocchi.8dfa6f77-487d-4603-b70f-ba601b8370f9/none_v3" 201 - "PUT http://172.18.0.214:8080/v1/AUTH_81d2c38ea30a402e9f136a8f7455b4ab/gnocchi.8dfa6f77-487d-4603-b70f-ba601b8370f9/none_v3" "tx4ba3decd5ac8408da9d8a-006a27d228" "proxy-server 12" 0.0133 "-" 25 0
Jun 9 08:43:20 np0000068129 container-server[121869]: 172.20.0.103 - - [09/Jun/2026:08:43:20 +0000] "PUT /d1/946/AUTH_81d2c38ea30a402e9f136a8f7455b4ab/gnocchi.8dfa6f77-487d-4603-b70f-ba601b8370f9/none_v3" 201 - "PUT http://172.18.0.214:8080/d1/283/AUTH_81d2c38ea30a402e9f136a8f7455b4ab/gnocchi.8dfa6f77-487d-4603-b70f-ba601b8370f9/none_v3" "tx4ba3decd5ac8408da9d8a-006a27d228" "object-server 22" 0.0010 "-" 22 0
Jun 9 08:43:20 np0000068129 container-server[121866]: 172.20.0.104 - - [09/Jun/2026:08:43:20 +0000] "PUT /d1/594/AUTH_81d2c38ea30a402e9f136a8f7455b4ab/gnocchi.c8225394-25ee-418d-a3b5-1a802f532efd/none_v3" 201 - "PUT http://172.18.0.214:8080/d1/115/AUTH_81d2c38ea30a402e9f136a8f7455b4ab/gnocchi.c8225394-25ee-418d-a3b5-1a802f532efd/none_v3" "tx80bf5f192f9749cca40f5-006a27d228" "object-server 25" 0.0008 "-" 21 0
Jun 9 08:43:20 np0000068129 object-server[122208]: 172.20.0.103 - - [09/Jun/2026:08:43:20 +0000] "PUT /d1/115/AUTH_81d2c38ea30a402e9f136a8f7455b4ab/gnocchi.c8225394-25ee-418d-a3b5-1a802f532efd/none_v3" 201 - "PUT http://172.18.0.214:8080/v1/AUTH_81d2c38ea30a402e9f136a8f7455b4ab/gnocchi.c8225394-25ee-418d-a3b5-1a802f532efd/none_v3" "tx80bf5f192f9749cca40f5-006a27d228" "proxy-server 20" 0.0143 "-" 25 0
Jun 9 08:43:20 np0000068129 proxy-server[123514]: 172.18.0.103 172.18.0.104 09/Jun/2026/08/43/20 PUT /v1/AUTH_81d2c38ea30a402e9f136a8f7455b4ab/gnocchi.8dfa6f77-487d-4603-b70f-ba601b8370f9/none_v3 HTTP/1.0 201 - python-swiftclient-3.11.1 gAAAAABqJ9HWsNi3... 22 - - tx4ba3decd5ac8408da9d8a-006a27d228 - 0.0306 - - 1780994600.393985987 1780994600.424572229 0
Jun 9 08:43:20 np0000068129 container-server[121882]: 172.20.0.105 - - [09/Jun/2026:08:43:20 +0000] "HEAD /d1/46/AUTH_81d2c38ea30a402e9f136a8f7455b4ab/gnocchi.d2faffb9-977f-423b-8ad9-bc5553db5b04" 404 - "HEAD http://172.18.0.214:8080/v1/AUTH_81d2c38ea30a402e9f136a8f7455b4ab/gnocchi.d2faffb9-977f-423b-8ad9-bc5553db5b04?format=json&states=listing" "tx1698ebdc40ad4df09953b-006a27d228" "proxy-server 20" 0.0007 "-" 23 0
Jun 9 08:43:20 np0000068129 container-server[121882]: 172.20.0.103 - - [09/Jun/2026:08:43:20 +0000] "HEAD /d1/132/AUTH_81d2c38ea30a402e9f136a8f7455b4ab/gnocchi.a86e8577-1223-40e8-98b6-5233273a08ab" 404 - "HEAD http://172.18.0.214:8080/v1/AUTH_81d2c38ea30a402e9f136a8f7455b4ab/gnocchi.a86e8577-1223-40e8-98b6-5233273a08ab?format=json&states=listing" "txdbe8d32a05eb421b8dead-006a27d228" "proxy-server 20" 0.0004 "-" 23 0
Jun 9 08:43:20 np0000068129 object-server[122208]: 172.20.0.105 - - [09/Jun/2026:08:43:20 +0000] "GET /d1/121/AUTH_81d2c38ea30a402e9f136a8f7455b4ab/gnocchi.d2faffb9-977f-423b-8ad9-bc5553db5b04/none_v3" 404 70 "GET http://172.18.0.214:8080/v1/AUTH_81d2c38ea30a402e9f136a8f7455b4ab/gnocchi.d2faffb9-977f-423b-8ad9-bc5553db5b04/none_v3" "tx1698ebdc40ad4df09953b-006a27d228" "proxy-server 20" 0.0005 "-" 25 0
Jun 9 08:43:20 np0000068129 container-server[121869]: 172.20.0.104 - - [09/Jun/2026:08:43:20 +0000] "HEAD /d1/504/AUTH_81d2c38ea30a402e9f136a8f7455b4ab/gnocchi.3a4da7ff-ce99-4642-b453-a0c13c4c22a9" 404 - "HEAD http://172.18.0.214:8080/v1/AUTH_81d2c38ea30a402e9f136a8f7455b4ab/gnocchi.3a4da7ff-ce99-4642-b453-a0c13c4c22a9?format=json&states=listing" "tx0b3357dbe7a84f3b8b2a0-006a27d228" "proxy-server 12" 0.0006 "-" 22 0
Jun 9 08:43:20 np0000068129 object-server[122188]: 172.20.0.103 - - [09/Jun/2026:08:43:20 +0000] "GET /d1/925/AUTH_81d2c38ea30a402e9f136a8f7455b4ab/gnocchi.a86e8577-1223-40e8-98b6-5233273a08ab/none_v3" 404 70 "GET http://172.18.0.214:8080/v1/AUTH_81d2c38ea30a402e9f136a8f7455b4ab/gnocchi.a86e8577-1223-40e8-98b6-5233273a08ab/none_v3" "txdbe8d32a05eb421b8dead-006a27d228" "proxy-server 20" 0.0004 "-" 22 0
Jun 9 08:43:20 np0000068129 object-server[122188]: 172.20.0.104 - - [09/Jun/2026:08:43:20 +0000] "GET /d1/661/AUTH_81d2c38ea30a402e9f136a8f7455b4ab/gnocchi.3a4da7ff-ce99-4642-b453-a0c13c4c22a9/none_v3" 404 70 "GET http://172.18.0.214:8080/v1/AUTH_81d2c38ea30a402e9f136a8f7455b4ab/gnocchi.3a4da7ff-ce99-4642-b453-a0c13c4c22a9/none_v3" "tx0b3357dbe7a84f3b8b2a0-006a27d228" "proxy-server 12" 0.0004 "-" 22 0
Jun 9 08:43:20 np0000068129 proxy-server[123514]: 172.18.0.214 172.18.0.104 09/Jun/2026/08/43/20 GET /v1/AUTH_81d2c38ea30a402e9f136a8f7455b4ab/gnocchi.3a4da7ff-ce99-4642-b453-a0c13c4c22a9/none_v3 HTTP/1.0 404 - python-swiftclient-3.11.1 gAAAAABqJ9HKhNbl... - 70 - tx0b3357dbe7a84f3b8b2a0-006a27d228 - 0.0270 - - 1780994600.450749397 1780994600.477745295 0
Jun 9 08:43:20 np0000068129 account-server[121687]: 172.20.0.105 - - [09/Jun/2026:08:43:20 +0000] "PUT /d1/412/AUTH_81d2c38ea30a402e9f136a8f7455b4ab/gnocchi.d2faffb9-977f-423b-8ad9-bc5553db5b04" 201 - "PUT http://172.20.0.105:6001/d1/46/AUTH_81d2c38ea30a402e9f136a8f7455b4ab/gnocchi.d2faffb9-977f-423b-8ad9-bc5553db5b04" "tx64f152464b8d4b9e83173-006a27d228" "container-server 23" 0.0084 "-" 21 0
Jun 9 08:43:20 np0000068129 container-server[121869]: 172.20.0.105 - - [09/Jun/2026:08:43:20 +0000] "PUT /d1/46/AUTH_81d2c38ea30a402e9f136a8f7455b4ab/gnocchi.d2faffb9-977f-423b-8ad9-bc5553db5b04" 201 - "PUT http://172.18.0.214:8080/v1/AUTH_81d2c38ea30a402e9f136a8f7455b4ab/gnocchi.d2faffb9-977f-423b-8ad9-bc5553db5b04" "tx64f152464b8d4b9e83173-006a27d228" "proxy-server 20" 0.0209 "-" 22 0
Jun 9 08:43:20 np0000068129 account-server[121702]: 172.20.0.103 - - [09/Jun/2026:08:43:20 +0000] "PUT /d1/412/AUTH_81d2c38ea30a402e9f136a8f7455b4ab/gnocchi.a86e8577-1223-40e8-98b6-5233273a08ab" 201 - "PUT http://172.20.0.103:6001/d1/132/AUTH_81d2c38ea30a402e9f136a8f7455b4ab/gnocchi.a86e8577-1223-40e8-98b6-5233273a08ab" "tx1250c74081b544c893cfa-006a27d228" "container-server 14" 0.0171 "-" 23 0
Jun 9 08:43:20 np0000068129 container-server[121882]: 172.20.0.103 - - [09/Jun/2026:08:43:20 +0000] "PUT /d1/132/AUTH_81d2c38ea30a402e9f136a8f7455b4ab/gnocchi.a86e8577-1223-40e8-98b6-5233273a08ab" 201 - "PUT http://172.18.0.214:8080/v1/AUTH_81d2c38ea30a402e9f136a8f7455b4ab/gnocchi.a86e8577-1223-40e8-98b6-5233273a08ab" "tx1250c74081b544c893cfa-006a27d228" "proxy-server 20" 0.0340 "-" 23 0
Jun 9 08:43:20 np0000068129 account-server[121671]: 172.20.0.104 - - [09/Jun/2026:08:43:20 +0000] "PUT /d1/412/AUTH_81d2c38ea30a402e9f136a8f7455b4ab/gnocchi.3a4da7ff-ce99-4642-b453-a0c13c4c22a9" 201 - "PUT http://172.20.0.104:6001/d1/504/AUTH_81d2c38ea30a402e9f136a8f7455b4ab/gnocchi.3a4da7ff-ce99-4642-b453-a0c13c4c22a9" "tx483836bcda7244f3a41a0-006a27d228" "container-server 21" 0.0074 "-" 20 0
Jun 9 08:43:20 np0000068129 container-server[121866]: 172.20.0.104 - - [09/Jun/2026:08:43:20 +0000] "PUT /d1/504/AUTH_81d2c38ea30a402e9f136a8f7455b4ab/gnocchi.3a4da7ff-ce99-4642-b453-a0c13c4c22a9" 201 - "PUT http://172.18.0.214:8080/v1/AUTH_81d2c38ea30a402e9f136a8f7455b4ab/gnocchi.3a4da7ff-ce99-4642-b453-a0c13c4c22a9" "tx483836bcda7244f3a41a0-006a27d228" "proxy-server 12" 0.0257 "-" 21 0
Jun 9 08:43:20 np0000068129 proxy-server[123514]: 172.18.0.214 172.18.0.104 09/Jun/2026/08/43/20 PUT /v1/AUTH_81d2c38ea30a402e9f136a8f7455b4ab/gnocchi.3a4da7ff-ce99-4642-b453-a0c13c4c22a9 HTTP/1.0 201 - python-swiftclient-3.11.1 gAAAAABqJ9HKhNbl... - - - tx483836bcda7244f3a41a0-006a27d228 - 0.0449 - - 1780994600.484559298 1780994600.529509068 0
Jun 9 08:43:20 np0000068129 object-server[122188]: 172.20.0.105 - - [09/Jun/2026:08:43:20 +0000] "GET /d1/139/AUTH_81d2c38ea30a402e9f136a8f7455b4ab/gnocchi.d2faffb9-977f-423b-8ad9-bc5553db5b04/1780920000.0_mean_300.0_v3" 404 70 "GET http://172.18.0.214:8080/v1/AUTH_81d2c38ea30a402e9f136a8f7455b4ab/gnocchi.d2faffb9-977f-423b-8ad9-bc5553db5b04/1780920000.0_mean_300.0_v3" "tx3df2ee926acc493eb0387-006a27d228" "proxy-server 20" 0.0006 "-" 22 0
Jun 9 08:43:20 np0000068129 proxy-server[123514]: - - 09/Jun/2026/08/43/20 HEAD /v1/AUTH_81d2c38ea30a402e9f136a8f7455b4ab/gnocchi.3a4da7ff-ce99-4642-b453-a0c13c4c22a9%3Fformat%3Djson%26states%3Dlisting HTTP/1.0 204 - Swift - - - - tx190d7f8d0427440b8e62c-006a27d228 - 0.0101 RL - 1780994600.535976171 1780994600.546119690 0
Jun 9 08:43:20 np0000068129 container-server[121849]: 172.20.0.104 - - [09/Jun/2026:08:43:20 +0000] "GET /d1/504/AUTH_81d2c38ea30a402e9f136a8f7455b4ab/gnocchi.3a4da7ff-ce99-4642-b453-a0c13c4c22a9" 200 2 "GET http://172.18.0.214:8080/v1/AUTH_81d2c38ea30a402e9f136a8f7455b4ab/gnocchi.3a4da7ff-ce99-4642-b453-a0c13c4c22a9?format=json&states=listing" "tx190d7f8d0427440b8e62c-006a27d228" "proxy-server 12" 0.0031 "-" 20 0
Jun 9 08:43:20 np0000068129 proxy-server[123514]: 172.18.0.214 172.18.0.104 09/Jun/2026/08/43/20 GET /v1/AUTH_81d2c38ea30a402e9f136a8f7455b4ab/gnocchi.3a4da7ff-ce99-4642-b453-a0c13c4c22a9%3Fformat%3Djson%26states%3Dlisting HTTP/1.0 200 - python-swiftclient-3.11.1 gAAAAABqJ9HKhNbl... - 2 - tx190d7f8d0427440b8e62c-006a27d228 - 0.0216 - - 1780994600.534325361 1780994600.555907249 0
Jun 9 08:43:20 np0000068129 object-server[122206]: 172.20.0.103 - - [09/Jun/2026:08:43:20 +0000] "GET /d1/557/AUTH_81d2c38ea30a402e9f136a8f7455b4ab/gnocchi.a86e8577-1223-40e8-98b6-5233273a08ab/1780920000.0_mean_300.0_v3" 404 70 "GET http://172.18.0.214:8080/v1/AUTH_81d2c38ea30a402e9f136a8f7455b4ab/gnocchi.a86e8577-1223-40e8-98b6-5233273a08ab/1780920000.0_mean_300.0_v3" "tx425bf408b9f84fec9211b-006a27d228" "proxy-server 20" 0.0007 "-" 24 0
Jun 9 08:43:20 np0000068129 object-server[122197]: 172.20.0.104 - - [09/Jun/2026:08:43:20 +0000] "GET /d1/671/AUTH_81d2c38ea30a402e9f136a8f7455b4ab/gnocchi.3a4da7ff-ce99-4642-b453-a0c13c4c22a9/1780920000.0_mean_300.0_v3" 404 70 "GET http://172.18.0.214:8080/v1/AUTH_81d2c38ea30a402e9f136a8f7455b4ab/gnocchi.3a4da7ff-ce99-4642-b453-a0c13c4c22a9/1780920000.0_mean_300.0_v3" "txbfba2a214a0e4669892ae-006a27d228" "proxy-server 12" 0.0003 "-" 23 0
Jun 9 08:43:20 np0000068129 proxy-server[123514]: 172.18.0.214 172.18.0.104 09/Jun/2026/08/43/20 GET /v1/AUTH_81d2c38ea30a402e9f136a8f7455b4ab/gnocchi.3a4da7ff-ce99-4642-b453-a0c13c4c22a9/1780920000.0_mean_300.0_v3 HTTP/1.0 404 - python-swiftclient-3.11.1 gAAAAABqJ9HKhNbl... - 70 - txbfba2a214a0e4669892ae-006a27d228 - 0.0118 - - 1780994600.562035084 1780994600.573867083 0
Jun 9 08:43:20 np0000068129 container-server[121866]: 172.20.0.104 - - [09/Jun/2026:08:43:20 +0000] "PUT /d1/46/AUTH_81d2c38ea30a402e9f136a8f7455b4ab/gnocchi.d2faffb9-977f-423b-8ad9-bc5553db5b04/1780920000.0_mean_300.0_v3" 201 - "PUT http://172.18.0.214:8080/d1/139/AUTH_81d2c38ea30a402e9f136a8f7455b4ab/gnocchi.d2faffb9-977f-423b-8ad9-bc5553db5b04/1780920000.0_mean_300.0_v3" "tx64b4ed8c3bcd4410b7ac4-006a27d228" "object-server 25" 0.0010 "-" 21 0
Jun 9 08:43:20 np0000068129 object-server[122208]: 172.20.0.105 - - [09/Jun/2026:08:43:20 +0000] "PUT /d1/139/AUTH_81d2c38ea30a402e9f136a8f7455b4ab/gnocchi.d2faffb9-977f-423b-8ad9-bc5553db5b04/1780920000.0_mean_300.0_v3" 201 - "PUT http://172.18.0.214:8080/v1/AUTH_81d2c38ea30a402e9f136a8f7455b4ab/gnocchi.d2faffb9-977f-423b-8ad9-bc5553db5b04/1780920000.0_mean_300.0_v3" "tx64b4ed8c3bcd4410b7ac4-006a27d228" "proxy-server 20" 0.0135 "-" 25 0
Jun 9 08:43:20 np0000068129 container-server[121849]: 172.20.0.104 - - [09/Jun/2026:08:43:20 +0000] "PUT /d1/132/AUTH_81d2c38ea30a402e9f136a8f7455b4ab/gnocchi.a86e8577-1223-40e8-98b6-5233273a08ab/1780920000.0_mean_300.0_v3" 201 - "PUT http://172.18.0.214:8080/d1/557/AUTH_81d2c38ea30a402e9f136a8f7455b4ab/gnocchi.a86e8577-1223-40e8-98b6-5233273a08ab/1780920000.0_mean_300.0_v3" "txcef9baa5e8344407a7454-006a27d228" "object-server 24" 0.0008 "-" 20 0
Jun 9 08:43:20 np0000068129 object-server[122206]: 172.20.0.103 - - [09/Jun/2026:08:43:20 +0000] "PUT /d1/557/AUTH_81d2c38ea30a402e9f136a8f7455b4ab/gnocchi.a86e8577-1223-40e8-98b6-5233273a08ab/1780920000.0_mean_300.0_v3" 201 - "PUT http://172.18.0.214:8080/v1/AUTH_81d2c38ea30a402e9f136a8f7455b4ab/gnocchi.a86e8577-1223-40e8-98b6-5233273a08ab/1780920000.0_mean_300.0_v3" "txcef9baa5e8344407a7454-006a27d228" "proxy-server 20" 0.0125 "-" 24 0
Jun 9 08:43:20 np0000068129 object-server[122197]: 172.20.0.104 - - [09/Jun/2026:08:43:20 +0000] "PUT /d1/671/AUTH_81d2c38ea30a402e9f136a8f7455b4ab/gnocchi.3a4da7ff-ce99-4642-b453-a0c13c4c22a9/1780920000.0_mean_300.0_v3" 201 - "PUT http://172.18.0.214:8080/v1/AUTH_81d2c38ea30a402e9f136a8f7455b4ab/gnocchi.3a4da7ff-ce99-4642-b453-a0c13c4c22a9/1780920000.0_mean_300.0_v3" "txf58b1577e13b47309d226-006a27d228" "proxy-server 12" 0.0118 "-" 23 0
Jun 9 08:43:20 np0000068129 container-server[121869]: 172.20.0.105 - - [09/Jun/2026:08:43:20 +0000] "PUT /d1/504/AUTH_81d2c38ea30a402e9f136a8f7455b4ab/gnocchi.3a4da7ff-ce99-4642-b453-a0c13c4c22a9/1780920000.0_mean_300.0_v3" 201 - "PUT http://172.18.0.214:8080/d1/671/AUTH_81d2c38ea30a402e9f136a8f7455b4ab/gnocchi.3a4da7ff-ce99-4642-b453-a0c13c4c22a9/1780920000.0_mean_300.0_v3" "txf58b1577e13b47309d226-006a27d228" "object-server 24" 0.0009 "-" 22 0
Jun 9 08:43:20 np0000068129 proxy-server[123514]: 172.18.0.214 172.18.0.104 09/Jun/2026/08/43/20 PUT /v1/AUTH_81d2c38ea30a402e9f136a8f7455b4ab/gnocchi.3a4da7ff-ce99-4642-b453-a0c13c4c22a9/1780920000.0_mean_300.0_v3 HTTP/1.0 201 - python-swiftclient-3.11.1 gAAAAABqJ9HKhNbl... 16 - - txf58b1577e13b47309d226-006a27d228 - 0.0217 - - 1780994600.577106953 1780994600.598791122 0
Jun 9 08:43:20 np0000068129 object-server[122206]: 172.20.0.105 - - [09/Jun/2026:08:43:20 +0000] "PUT /d1/121/AUTH_81d2c38ea30a402e9f136a8f7455b4ab/gnocchi.d2faffb9-977f-423b-8ad9-bc5553db5b04/none_v3" 201 - "PUT http://172.18.0.214:8080/v1/AUTH_81d2c38ea30a402e9f136a8f7455b4ab/gnocchi.d2faffb9-977f-423b-8ad9-bc5553db5b04/none_v3" "tx8c6059bfce764892bda61-006a27d228" "proxy-server 20" 0.0119 "-" 24 0
Jun 9 08:43:20 np0000068129 container-server[121869]: 172.20.0.103 - - [09/Jun/2026:08:43:20 +0000] "PUT /d1/46/AUTH_81d2c38ea30a402e9f136a8f7455b4ab/gnocchi.d2faffb9-977f-423b-8ad9-bc5553db5b04/none_v3" 201 - "PUT http://172.18.0.214:8080/d1/121/AUTH_81d2c38ea30a402e9f136a8f7455b4ab/gnocchi.d2faffb9-977f-423b-8ad9-bc5553db5b04/none_v3" "tx8c6059bfce764892bda61-006a27d228" "object-server 25" 0.0006 "-" 22 0
Jun 9 08:43:20 np0000068129 container-server[121882]: 172.20.0.104 - - [09/Jun/2026:08:43:20 +0000] "PUT /d1/132/AUTH_81d2c38ea30a402e9f136a8f7455b4ab/gnocchi.a86e8577-1223-40e8-98b6-5233273a08ab/none_v3" 201 - "PUT http://172.18.0.214:8080/d1/925/AUTH_81d2c38ea30a402e9f136a8f7455b4ab/gnocchi.a86e8577-1223-40e8-98b6-5233273a08ab/none_v3" "txaa9bf77340ea454d9d1cd-006a27d228" "object-server 22" 0.0008 "-" 23 0
Jun 9 08:43:20 np0000068129 object-server[122188]: 172.20.0.103 - - [09/Jun/2026:08:43:20 +0000] "PUT /d1/925/AUTH_81d2c38ea30a402e9f136a8f7455b4ab/gnocchi.a86e8577-1223-40e8-98b6-5233273a08ab/none_v3" 201 - "PUT http://172.18.0.214:8080/v1/AUTH_81d2c38ea30a402e9f136a8f7455b4ab/gnocchi.a86e8577-1223-40e8-98b6-5233273a08ab/none_v3" "txaa9bf77340ea454d9d1cd-006a27d228" "proxy-server 20" 0.0116 "-" 22 0
Jun 9 08:43:20 np0000068129 object-server[122188]: 172.20.0.104 - - [09/Jun/2026:08:43:20 +0000] "PUT /d1/661/AUTH_81d2c38ea30a402e9f136a8f7455b4ab/gnocchi.3a4da7ff-ce99-4642-b453-a0c13c4c22a9/none_v3" 201 - "PUT http://172.18.0.214:8080/v1/AUTH_81d2c38ea30a402e9f136a8f7455b4ab/gnocchi.3a4da7ff-ce99-4642-b453-a0c13c4c22a9/none_v3" "tx5bcc4bcb5312424cb7eb9-006a27d228" "proxy-server 12" 0.0126 "-" 22 0
Jun 9 08:43:20 np0000068129 container-server[121869]: 172.20.0.103 - - [09/Jun/2026:08:43:20 +0000] "PUT /d1/504/AUTH_81d2c38ea30a402e9f136a8f7455b4ab/gnocchi.3a4da7ff-ce99-4642-b453-a0c13c4c22a9/none_v3" 201 - "PUT http://172.18.0.214:8080/d1/661/AUTH_81d2c38ea30a402e9f136a8f7455b4ab/gnocchi.3a4da7ff-ce99-4642-b453-a0c13c4c22a9/none_v3" "tx5bcc4bcb5312424cb7eb9-006a27d228" "object-server 23" 0.0004 "-" 22 0
Jun 9 08:43:20 np0000068129 proxy-server[123514]: 172.18.0.214 172.18.0.104 09/Jun/2026/08/43/20 PUT /v1/AUTH_81d2c38ea30a402e9f136a8f7455b4ab/gnocchi.3a4da7ff-ce99-4642-b453-a0c13c4c22a9/none_v3 HTTP/1.0 201 - python-swiftclient-3.11.1 gAAAAABqJ9HKhNbl... 22 - - tx5bcc4bcb5312424cb7eb9-006a27d228 - 0.0297 - - 1780994600.602660418 1780994600.632365942 0
Jun 9 08:43:20 np0000068129 container-server[121882]: 172.20.0.105 - - [09/Jun/2026:08:43:20 +0000] "HEAD /d1/337/AUTH_81d2c38ea30a402e9f136a8f7455b4ab/gnocchi.91deb96e-e957-4f63-bb02-0c2ed032f202" 404 - "HEAD http://172.18.0.214:8080/v1/AUTH_81d2c38ea30a402e9f136a8f7455b4ab/gnocchi.91deb96e-e957-4f63-bb02-0c2ed032f202?format=json&states=listing" "tx2dc78a7e20e7439ebaa90-006a27d228" "proxy-server 20" 0.0009 "-" 23 0
Jun 9 08:43:20 np0000068129 container-server[121869]: 172.20.0.103 - - [09/Jun/2026:08:43:20 +0000] "HEAD /d1/227/AUTH_81d2c38ea30a402e9f136a8f7455b4ab/gnocchi.0493e3d0-d267-4186-8a72-e1c103435a3d" 404 - "HEAD http://172.18.0.214:8080/v1/AUTH_81d2c38ea30a402e9f136a8f7455b4ab/gnocchi.0493e3d0-d267-4186-8a72-e1c103435a3d?format=json&states=listing" "txd9305b5454d747d991542-006a27d228" "proxy-server 20" 0.0003 "-" 22 0
Jun 9 08:43:20 np0000068129 object-server[122188]: 172.20.0.105 - - [09/Jun/2026:08:43:20 +0000] "GET /d1/330/AUTH_81d2c38ea30a402e9f136a8f7455b4ab/gnocchi.91deb96e-e957-4f63-bb02-0c2ed032f202/none_v3" 404 70 "GET http://172.18.0.214:8080/v1/AUTH_81d2c38ea30a402e9f136a8f7455b4ab/gnocchi.91deb96e-e957-4f63-bb02-0c2ed032f202/none_v3" "tx2dc78a7e20e7439ebaa90-006a27d228" "proxy-server 20" 0.0005 "-" 22 0
Jun 9 08:43:20 np0000068129 object-server[122208]: 172.20.0.103 - - [09/Jun/2026:08:43:20 +0000] "GET /d1/496/AUTH_81d2c38ea30a402e9f136a8f7455b4ab/gnocchi.0493e3d0-d267-4186-8a72-e1c103435a3d/none_v3" 404 70 "GET http://172.18.0.214:8080/v1/AUTH_81d2c38ea30a402e9f136a8f7455b4ab/gnocchi.0493e3d0-d267-4186-8a72-e1c103435a3d/none_v3" "txd9305b5454d747d991542-006a27d228" "proxy-server 20" 0.0008 "-" 25 0
Jun 9 08:43:20 np0000068129 container-server[121869]: 172.20.0.104 - - [09/Jun/2026:08:43:20 +0000] "HEAD /d1/44/AUTH_81d2c38ea30a402e9f136a8f7455b4ab/gnocchi.1258b107-4a9e-49e3-9f9d-9da34c5c36dc" 404 - "HEAD http://172.18.0.214:8080/v1/AUTH_81d2c38ea30a402e9f136a8f7455b4ab/gnocchi.1258b107-4a9e-49e3-9f9d-9da34c5c36dc?format=json&states=listing" "tx290839c7dfa14ec8a7a26-006a27d228" "proxy-server 12" 0.0004 "-" 22 0
Jun 9 08:43:20 np0000068129 object-server[122188]: 172.20.0.104 - - [09/Jun/2026:08:43:20 +0000] "GET /d1/205/AUTH_81d2c38ea30a402e9f136a8f7455b4ab/gnocchi.1258b107-4a9e-49e3-9f9d-9da34c5c36dc/none_v3" 404 70 "GET http://172.18.0.214:8080/v1/AUTH_81d2c38ea30a402e9f136a8f7455b4ab/gnocchi.1258b107-4a9e-49e3-9f9d-9da34c5c36dc/none_v3" "tx290839c7dfa14ec8a7a26-006a27d228" "proxy-server 12" 0.0006 "-" 22 0
Jun 9 08:43:20 np0000068129 account-server[121702]: 172.20.0.105 - - [09/Jun/2026:08:43:20 +0000] "PUT /d1/412/AUTH_81d2c38ea30a402e9f136a8f7455b4ab/gnocchi.91deb96e-e957-4f63-bb02-0c2ed032f202" 201 - "PUT http://172.20.0.105:6001/d1/337/AUTH_81d2c38ea30a402e9f136a8f7455b4ab/gnocchi.91deb96e-e957-4f63-bb02-0c2ed032f202" "tx08730394e568424a99682-006a27d228" "container-server 23" 0.0068 "-" 23 0
Jun 9 08:43:20 np0000068129 container-server[121849]: 172.20.0.105 - - [09/Jun/2026:08:43:20 +0000] "PUT /d1/337/AUTH_81d2c38ea30a402e9f136a8f7455b4ab/gnocchi.91deb96e-e957-4f63-bb02-0c2ed032f202" 201 - "PUT http://172.18.0.214:8080/v1/AUTH_81d2c38ea30a402e9f136a8f7455b4ab/gnocchi.91deb96e-e957-4f63-bb02-0c2ed032f202" "tx08730394e568424a99682-006a27d228" "proxy-server 20" 0.0240 "-" 20 0
Jun 9 08:43:20 np0000068129 account-server[121687]: 172.20.0.104 - - [09/Jun/2026:08:43:20 +0000] "PUT /d1/412/AUTH_81d2c38ea30a402e9f136a8f7455b4ab/gnocchi.0493e3d0-d267-4186-8a72-e1c103435a3d" 201 - "PUT http://172.20.0.104:6001/d1/227/AUTH_81d2c38ea30a402e9f136a8f7455b4ab/gnocchi.0493e3d0-d267-4186-8a72-e1c103435a3d" "tx009ad9bcce1d4df882153-006a27d228" "container-server 23" 0.0058 "-" 21 0
Jun 9 08:43:20 np0000068129 container-server[121882]: 172.20.0.103 - - [09/Jun/2026:08:43:20 +0000] "PUT /d1/227/AUTH_81d2c38ea30a402e9f136a8f7455b4ab/gnocchi.0493e3d0-d267-4186-8a72-e1c103435a3d" 201 - "PUT http://172.18.0.214:8080/v1/AUTH_81d2c38ea30a402e9f136a8f7455b4ab/gnocchi.0493e3d0-d267-4186-8a72-e1c103435a3d" "tx009ad9bcce1d4df882153-006a27d228" "proxy-server 20" 0.0208 "-" 23 0
Jun 9 08:43:20 np0000068129 proxy-server[123514]: 172.18.0.214 172.18.0.104 09/Jun/2026/08/43/20 GET /v1/AUTH_81d2c38ea30a402e9f136a8f7455b4ab/gnocchi.1258b107-4a9e-49e3-9f9d-9da34c5c36dc/none_v3 HTTP/1.0 404 - python-swiftclient-3.11.1 gAAAAABqJ9HKhNbl... - 70 - tx290839c7dfa14ec8a7a26-006a27d228 - 0.0416 - - 1780994600.657284260 1780994600.698928356 0
