Jun 9 08:38:51 np0000068130 account-server[121665]: Attempted to replicate 0 dbs in 0.00188 seconds (0.00000/s)
Jun 9 08:38:51 np0000068130 account-server[121665]: Removed 0 dbs
Jun 9 08:38:51 np0000068130 account-server[121665]: 0 successes, 0 failures
Jun 9 08:38:51 np0000068130 account-server[121665]: diff:0 diff_capped:0 empty:0 hashmatch:0 no_change:0 remote_merge:0 rsync:0 ts_repl:0
Jun 9 08:38:54 np0000068130 container-server[121782]: Beginning replication run
Jun 9 08:38:54 np0000068130 container-server[121782]: Replication run OVER
Jun 9 08:38:54 np0000068130 container-server[121782]: Attempted to replicate 0 dbs in 0.00412 seconds (0.00000/s)
Jun 9 08:38:54 np0000068130 container-server[121782]: Removed 0 dbs
Jun 9 08:38:54 np0000068130 container-server[121782]: 0 successes, 0 failures
Jun 9 08:38:54 np0000068130 container-server[121782]: diff:0 diff_capped:0 empty:0 hashmatch:0 no_change:0 remote_merge:0 rsync:0 ts_repl:0
Jun 9 08:39:13 np0000068130 account-server[122071]: 172.20.0.104 - - [09/Jun/2026:08:39:13 +0000] "HEAD /d1/231/.expiring_objects" 404 - "HEAD http://localhost/v1/.expiring_objects?format=json" "tx8fc16c9f6e964ce09503f-006a27d131" "proxy-server 2" 0.0008 "-" 19 -
Jun 9 08:39:15 np0000068130 object-server[122296]: Starting object replication pass.
Jun 9 08:39:15 np0000068130 object-server[122296]: Nothing replicated for 0.003719329833984375 seconds.
Jun 9 08:39:15 np0000068130 object-server[122296]: Object replication complete. (0.00 minutes)
Jun 9 08:39:16 np0000068130 object-server[199418]: Begin object audit "forever" mode (ZBF)
Jun 9 08:39:16 np0000068130 object-server[199419]: Begin object audit "forever" mode (ALL)
Jun 9 08:39:16 np0000068130 object-server[199418]: Object audit (ZBF) "forever" mode completed: 0.00s. Total quarantined: 0, Total errors: 0, Total files/sec: 0.00, Total bytes/sec: 0.00, Auditing time: 0.00, Rate: 0.00
Jun 9 08:39:16 np0000068130 object-server[199419]: Object audit (ALL) "forever" mode completed: 0.00s. Total quarantined: 0, Total errors: 0, Total files/sec: 0.00, Total bytes/sec: 0.00, Auditing time: 0.00, Rate: 0.00
Jun 9 08:39:21 np0000068130 account-server[121665]: Beginning replication run
Jun 9 08:39:21 np0000068130 account-server[121665]: Replication run OVER
Jun 9 08:39:21 np0000068130 account-server[121665]: Attempted to replicate 0 dbs in 0.00193 seconds (0.00000/s)
Jun 9 08:39:21 np0000068130 account-server[121665]: Removed 0 dbs
Jun 9 08:39:21 np0000068130 account-server[121665]: 0 successes, 0 failures
Jun 9 08:39:21 np0000068130 account-server[121665]: diff:0 diff_capped:0 empty:0 hashmatch:0 no_change:0 remote_merge:0 rsync:0 ts_repl:0
Jun 9 08:39:24 np0000068130 container-server[121782]: Beginning replication run
Jun 9 08:39:24 np0000068130 container-server[121782]: Replication run OVER
Jun 9 08:39:24 np0000068130 container-server[121782]: Attempted to replicate 0 dbs in 0.00160 seconds (0.00000/s)
Jun 9 08:39:24 np0000068130 container-server[121782]: Removed 0 dbs
Jun 9 08:39:24 np0000068130 container-server[121782]: 0 successes, 0 failures
Jun 9 08:39:24 np0000068130 container-server[121782]: diff:0 diff_capped:0 empty:0 hashmatch:0 no_change:0 remote_merge:0 rsync:0 ts_repl:0
Jun 9 08:39:44 np0000068130 container-server[121663]: Begin container audit pass.
Jun 9 08:39:45 np0000068130 object-server[122296]: Starting object replication pass.
Jun 9 08:39:45 np0000068130 object-server[122296]: Nothing replicated for 0.003593921661376953 seconds.
Jun 9 08:39:45 np0000068130 object-server[122296]: Object replication complete. (0.00 minutes)
Jun 9 08:39:46 np0000068130 object-server[202249]: Begin object audit "forever" mode (ZBF)
Jun 9 08:39:46 np0000068130 object-server[202249]: Object audit (ZBF) "forever" mode completed: 0.00s. Total quarantined: 0, Total errors: 0, Total files/sec: 0.00, Total bytes/sec: 0.00, Auditing time: 0.00, Rate: 0.00
Jun 9 08:39:46 np0000068130 object-server[202250]: Begin object audit "forever" mode (ALL)
Jun 9 08:39:46 np0000068130 object-server[202250]: Object audit (ALL) "forever" mode completed: 0.00s. Total quarantined: 0, Total errors: 0, Total files/sec: 0.00, Total bytes/sec: 0.00, Auditing time: 0.00, Rate: 0.00
Jun 9 08:39:47 np0000068130 object-server[122535]: Begin object update sweep
Jun 9 08:39:47 np0000068130 object-server[202377]: Object update sweep starting on /srv/node/d1 (pid: 14)
Jun 9 08:39:47 np0000068130 object-server[202377]: Object update sweep completed on /srv/node/d1 in 0.00s seconds:, 0 successes, 0 failures, 0 quarantines, 0 unlinks, 0 errors, 0 redirects (pid: 14)
Jun 9 08:39:47 np0000068130 object-server[202377]: Object update sweep of d1 completed: 0.00s, 0 successes, 0 failures, 0 quarantines, 0 unlinks, 0 errors, 0 redirects
Jun 9 08:39:47 np0000068130 object-server[122535]: Object update sweep completed: 0.08s
Jun 9 08:39:51 np0000068130 account-server[121665]: Beginning replication run
Jun 9 08:39:51 np0000068130 account-server[121665]: Replication run OVER
Jun 9 08:39:51 np0000068130 account-server[121665]: Attempted to replicate 0 dbs in 0.00202 seconds (0.00000/s)
Jun 9 08:39:51 np0000068130 account-server[121665]: Removed 0 dbs
Jun 9 08:39:51 np0000068130 account-server[121665]: 0 successes, 0 failures
Jun 9 08:39:51 np0000068130 account-server[121665]: diff:0 diff_capped:0 empty:0 hashmatch:0 no_change:0 remote_merge:0 rsync:0 ts_repl:0
Jun 9 08:39:54 np0000068130 container-server[121782]: Beginning replication run
Jun 9 08:39:54 np0000068130 container-server[121782]: Replication run OVER
Jun 9 08:39:54 np0000068130 container-server[121782]: Attempted to replicate 0 dbs in 0.00189 seconds (0.00000/s)
Jun 9 08:39:54 np0000068130 container-server[121782]: Removed 0 dbs
Jun 9 08:39:54 np0000068130 container-server[121782]: 0 successes, 0 failures
Jun 9 08:39:54 np0000068130 container-server[121782]: diff:0 diff_capped:0 empty:0 hashmatch:0 no_change:0 remote_merge:0 rsync:0 ts_repl:0
Jun 9 08:40:15 np0000068130 object-server[122296]: Starting object replication pass.
Jun 9 08:40:15 np0000068130 object-server[122296]: Nothing replicated for 0.002803325653076172 seconds.
Jun 9 08:40:15 np0000068130 object-server[122296]: Object replication complete. (0.00 minutes)
Jun 9 08:40:17 np0000068130 object-server[202303]: Begin object audit "forever" mode (ZBF)
Jun 9 08:40:17 np0000068130 object-server[202303]: Object audit (ZBF) "forever" mode completed: 0.00s. Total quarantined: 0, Total errors: 0, Total files/sec: 0.00, Total bytes/sec: 0.00, Auditing time: 0.00, Rate: 0.00
Jun 9 08:40:21 np0000068130 account-server[121665]: Beginning replication run
Jun 9 08:40:21 np0000068130 account-server[121665]: Replication run OVER
Jun 9 08:40:21 np0000068130 account-server[121665]: Attempted to replicate 0 dbs in 0.00323 seconds (0.00000/s)
Jun 9 08:40:21 np0000068130 account-server[121665]: Removed 0 dbs
Jun 9 08:40:21 np0000068130 account-server[121665]: 0 successes, 0 failures
Jun 9 08:40:21 np0000068130 account-server[121665]: diff:0 diff_capped:0 empty:0 hashmatch:0 no_change:0 remote_merge:0 rsync:0 ts_repl:0
Jun 9 08:40:24 np0000068130 container-server[121782]: Beginning replication run
Jun 9 08:40:24 np0000068130 container-server[121782]: Replication run OVER
Jun 9 08:40:24 np0000068130 container-server[121782]: Attempted to replicate 0 dbs in 0.00178 seconds (0.00000/s)
Jun 9 08:40:24 np0000068130 container-server[121782]: Removed 0 dbs
Jun 9 08:40:24 np0000068130 container-server[121782]: 0 successes, 0 failures
Jun 9 08:40:24 np0000068130 container-server[121782]: diff:0 diff_capped:0 empty:0 hashmatch:0 no_change:0 remote_merge:0 rsync:0 ts_repl:0
Jun 9 08:40:31 np0000068130 account-server[121443]: Devices pass completed: 0.00s
Jun 9 08:40:41 np0000068130 account-server[122083]: 172.20.0.103 - - [09/Jun/2026:08:40:41 +0000] "HEAD /d1/412/AUTH_81d2c38ea30a402e9f136a8f7455b4ab" 404 - "HEAD http://172.18.0.214:8080/v1/AUTH_81d2c38ea30a402e9f136a8f7455b4ab?format=json" "txcc2dfaa0e4704795a0475-006a27d189" "proxy-server 20" 0.0009 "-" 21 -
Jun 9 08:40:42 np0000068130 object-server[122582]: 172.20.0.103 - - [09/Jun/2026:08:40:42 +0000] "GET /d1/938/AUTH_81d2c38ea30a402e9f136a8f7455b4ab/gnocchi.b1ff1e08-5e20-4459-8539-e783f28a1373/none_v3" 404 70 "GET http://172.18.0.214:8080/v1/AUTH_81d2c38ea30a402e9f136a8f7455b4ab/gnocchi.b1ff1e08-5e20-4459-8539-e783f28a1373/none_v3" "txcc2dfaa0e4704795a0475-006a27d189" "proxy-server 20" 0.0016 "-" 24 0
Jun 9 08:40:42 np0000068130 account-server[122106]: 172.20.0.105 - - [09/Jun/2026:08:40:42 +0000] "PUT /d1/412/AUTH_81d2c38ea30a402e9f136a8f7455b4ab" 201 - "-" "tx9a8cc2928f7d45df811d5-006a27d18a" "-" 0.0146 "-" 22 -
Jun 9 08:40:42 np0000068130 proxy-server[123933]: autocreate account '/AUTH_81d2c38ea30a402e9f136a8f7455b4ab' (txn: tx9a8cc2928f7d45df811d5-006a27d18a)
Jun 9 08:40:42 np0000068130 account-server[122119]: 172.20.0.105 - - [09/Jun/2026:08:40:42 +0000] "HEAD /d1/412/AUTH_81d2c38ea30a402e9f136a8f7455b4ab" 204 - "HEAD http://172.18.0.214:8080/v1/AUTH_81d2c38ea30a402e9f136a8f7455b4ab?format=json" "tx9a8cc2928f7d45df811d5-006a27d18a" "proxy-server 20" 0.0036 "-" 23 -
Jun 9 08:40:42 np0000068130 account-server[122083]: 172.20.0.104 - - [09/Jun/2026:08:40:42 +0000] "PUT /d1/412/AUTH_81d2c38ea30a402e9f136a8f7455b4ab/gnocchi.b1ff1e08-5e20-4459-8539-e783f28a1373" 201 - "PUT http://172.20.0.104:6001/d1/507/AUTH_81d2c38ea30a402e9f136a8f7455b4ab/gnocchi.b1ff1e08-5e20-4459-8539-e783f28a1373" "tx9a8cc2928f7d45df811d5-006a27d18a" "container-server 22" 0.0037 "-" 21 0
Jun 9 08:40:42 np0000068130 container-server[122208]: 172.20.0.105 - - [09/Jun/2026:08:40:42 +0000] "PUT /d1/507/AUTH_81d2c38ea30a402e9f136a8f7455b4ab/gnocchi.b1ff1e08-5e20-4459-8539-e783f28a1373" 201 - "PUT http://172.18.0.214:8080/v1/AUTH_81d2c38ea30a402e9f136a8f7455b4ab/gnocchi.b1ff1e08-5e20-4459-8539-e783f28a1373" "tx9a8cc2928f7d45df811d5-006a27d18a" "proxy-server 20" 0.0181 "-" 23 0
Jun 9 08:40:42 np0000068130 proxy-server[123933]: 172.18.0.105 172.18.0.104 09/Jun/2026/08/40/42 PUT /v1/AUTH_81d2c38ea30a402e9f136a8f7455b4ab/gnocchi.b1ff1e08-5e20-4459-8539-e783f28a1373 HTTP/1.0 201 - python-swiftclient-3.11.1 gAAAAABqJ9GJJLmX... - - - tx9a8cc2928f7d45df811d5-006a27d18a - 0.0705 - - 1780994442.566624403 1780994442.637135983 0
Jun 9 08:40:42 np0000068130 container-server[122192]: 172.20.0.104 - - [09/Jun/2026:08:40:42 +0000] "HEAD /d1/507/AUTH_81d2c38ea30a402e9f136a8f7455b4ab/gnocchi.b1ff1e08-5e20-4459-8539-e783f28a1373" 204 - "HEAD http://172.18.0.214:8080/v1/AUTH_81d2c38ea30a402e9f136a8f7455b4ab/gnocchi.b1ff1e08-5e20-4459-8539-e783f28a1373?format=json&states=listing" "txd746decaac8e4a5eaf547-006a27d18a" "proxy-server 12" 0.0042 "-" 21 0
Jun 9 08:40:42 np0000068130 object-server[122571]: 172.20.0.103 - - [09/Jun/2026:08:40:42 +0000] "GET /d1/560/AUTH_81d2c38ea30a402e9f136a8f7455b4ab/gnocchi.b1ff1e08-5e20-4459-8539-e783f28a1373/1780920000.0_mean_300.0_v3" 404 70 "GET http://172.18.0.214:8080/v1/AUTH_81d2c38ea30a402e9f136a8f7455b4ab/gnocchi.b1ff1e08-5e20-4459-8539-e783f28a1373/1780920000.0_mean_300.0_v3" "tx9fa85d89477148adb8488-006a27d18a" "proxy-server 20" 0.0008 "-" 22 0
Jun 9 08:40:42 np0000068130 container-server[122208]: 172.20.0.104 - - [09/Jun/2026:08:40:42 +0000] "PUT /d1/507/AUTH_81d2c38ea30a402e9f136a8f7455b4ab/gnocchi.b1ff1e08-5e20-4459-8539-e783f28a1373/1780920000.0_mean_300.0_v3" 201 - "PUT http://172.18.0.214:8080/d1/560/AUTH_81d2c38ea30a402e9f136a8f7455b4ab/gnocchi.b1ff1e08-5e20-4459-8539-e783f28a1373/1780920000.0_mean_300.0_v3" "tx781c9b1b94d749b9b256a-006a27d18a" "object-server 23" 0.0009 "-" 23 0
Jun 9 08:40:42 np0000068130 object-server[122574]: 172.20.0.105 - - [09/Jun/2026:08:40:42 +0000] "PUT /d1/560/AUTH_81d2c38ea30a402e9f136a8f7455b4ab/gnocchi.b1ff1e08-5e20-4459-8539-e783f28a1373/1780920000.0_mean_300.0_v3" 201 - "PUT http://172.18.0.214:8080/v1/AUTH_81d2c38ea30a402e9f136a8f7455b4ab/gnocchi.b1ff1e08-5e20-4459-8539-e783f28a1373/1780920000.0_mean_300.0_v3" "tx781c9b1b94d749b9b256a-006a27d18a" "proxy-server 20" 0.0324 "-" 23 0
Jun 9 08:40:42 np0000068130 proxy-server[123933]: 172.18.0.105 172.18.0.104 09/Jun/2026/08/40/42 PUT /v1/AUTH_81d2c38ea30a402e9f136a8f7455b4ab/gnocchi.b1ff1e08-5e20-4459-8539-e783f28a1373/1780920000.0_mean_300.0_v3 HTTP/1.0 201 - python-swiftclient-3.11.1 gAAAAABqJ9GJJLmX... 16 - - tx781c9b1b94d749b9b256a-006a27d18a - 0.0499 - - 1780994442.712077379 1780994442.761955500 0
Jun 9 08:40:42 np0000068130 object-server[122574]: 172.20.0.104 - - [09/Jun/2026:08:40:42 +0000] "PUT /d1/938/AUTH_81d2c38ea30a402e9f136a8f7455b4ab/gnocchi.b1ff1e08-5e20-4459-8539-e783f28a1373/none_v3" 201 - "PUT http://172.18.0.214:8080/v1/AUTH_81d2c38ea30a402e9f136a8f7455b4ab/gnocchi.b1ff1e08-5e20-4459-8539-e783f28a1373/none_v3" "txda2d7d2d605b48adbdd35-006a27d18a" "proxy-server 12" 0.0161 "-" 23 0
Jun 9 08:40:42 np0000068130 container-server[122185]: 172.20.0.103 - - [09/Jun/2026:08:40:42 +0000] "PUT /d1/507/AUTH_81d2c38ea30a402e9f136a8f7455b4ab/gnocchi.b1ff1e08-5e20-4459-8539-e783f28a1373/none_v3" 201 - "PUT http://172.18.0.214:8080/d1/938/AUTH_81d2c38ea30a402e9f136a8f7455b4ab/gnocchi.b1ff1e08-5e20-4459-8539-e783f28a1373/none_v3" "txda2d7d2d605b48adbdd35-006a27d18a" "object-server 23" 0.0029 "-" 20 0
Jun 9 08:40:45 np0000068130 object-server[122296]: Starting object replication pass.
Jun 9 08:40:45 np0000068130 object-server[122296]: 2/2 (100.00%) partitions replicated in 0.11s (18.09/sec, 0s remaining)
Jun 9 08:40:45 np0000068130 object-server[122296]: 4 successes, 0 failures
Jun 9 08:40:45 np0000068130 object-server[122296]: 2 suffixes checked - 100.00% hashed, 0.00% synced
Jun 9 08:40:45 np0000068130 object-server[122296]: Partition times: max 0.0537s, min 0.0515s, med 0.0537s
Jun 9 08:40:45 np0000068130 object-server[122296]: Object replication complete. (0.00 minutes)
Jun 9 08:40:47 np0000068130 object-server[208207]: Begin object audit "forever" mode (ZBF)
Jun 9 08:40:47 np0000068130 object-server[208211]: Begin object audit "forever" mode (ALL)
Jun 9 08:40:47 np0000068130 object-server[208207]: Object audit (ZBF). Since Tue Jun 9 08:40:47 2026: Locally: 1 passed, 0 quarantined, 0 errors, files/sec: 620.55, bytes/sec: 0.00, Total time: 0.00, Auditing time: 0.00, Rate: 0.00
Jun 9 08:40:47 np0000068130 object-server[208207]: Object audit (ZBF) "forever" mode completed: 0.00s. Total quarantined: 0, Total errors: 0, Total files/sec: 408.70, Total bytes/sec: 0.00, Auditing time: 0.00, Rate: 0.24
Jun 9 08:40:47 np0000068130 object-server[208211]: Object audit (ALL). Since Tue Jun 9 08:40:47 2026: Locally: 1 passed, 0 quarantined, 0 errors, files/sec: 118.30, bytes/sec: 1892.74, Total time: 0.01, Auditing time: 0.00, Rate: 0.00
Jun 9 08:40:47 np0000068130 object-server[208211]: Object audit (ALL) "forever" mode completed: 0.01s. Total quarantined: 0, Total errors: 0, Total files/sec: 167.51, Total bytes/sec: 3182.64, Auditing time: 0.01, Rate: 0.73
Jun 9 08:40:51 np0000068130 account-server[121665]: Beginning replication run
Jun 9 08:40:51 np0000068130 account-server[121665]: Replication run OVER
Jun 9 08:40:51 np0000068130 account-server[121665]: Attempted to replicate 1 dbs in 0.02467 seconds (40.53078/s)
Jun 9 08:40:51 np0000068130 account-server[121665]: Removed 0 dbs
Jun 9 08:40:51 np0000068130 account-server[121665]: 2 successes, 0 failures
Jun 9 08:40:51 np0000068130 account-server[121665]: diff:0 diff_capped:0 empty:0 hashmatch:0 no_change:2 remote_merge:0 rsync:0 ts_repl:0
Jun 9 08:40:54 np0000068130 container-server[121782]: Beginning replication run
Jun 9 08:40:55 np0000068130 container-server[121782]: Replication run OVER
Jun 9 08:40:55 np0000068130 container-server[121782]: Attempted to replicate 1 dbs in 0.04222 seconds (23.68453/s)
Jun 9 08:40:55 np0000068130 container-server[121782]: Removed 0 dbs
Jun 9 08:40:55 np0000068130 container-server[121782]: 2 successes, 0 failures
Jun 9 08:40:55 np0000068130 container-server[121782]: diff:0 diff_capped:0 empty:0 hashmatch:0 no_change:2 remote_merge:0 rsync:0 ts_repl:0
Jun 9 08:41:10 np0000068130 account-server[122119]: 172.20.0.103 - - [09/Jun/2026:08:41:10 +0000] "HEAD /d1/231/.expiring_objects" 404 - "HEAD http://localhost/v1/.expiring_objects?format=json" "tx214ec98a9ae9451892aa1-006a27d1a6" "proxy-server 2" 0.0009 "-" 23 -
Jun 9 08:41:11 np0000068130 proxy-server[123933]: 172.18.0.105 172.18.0.104 09/Jun/2026/08/41/11 GET /v1/AUTH_81d2c38ea30a402e9f136a8f7455b4ab/gnocchi.b1ff1e08-5e20-4459-8539-e783f28a1373%3Fformat%3Djson%26states%3Dlisting HTTP/1.0 200 - python-swiftclient-3.11.1 gAAAAABqJ9GJJLmX... - 357 - txb4a48da449494c36abf08-006a27d1a7 - 0.0204 - - 1780994471.968172073 1780994471.988599062 0
Jun 9 08:41:12 np0000068130 container-server[122203]: 172.20.0.104 - - [09/Jun/2026:08:41:12 +0000] "GET /d1/507/AUTH_81d2c38ea30a402e9f136a8f7455b4ab/gnocchi.b1ff1e08-5e20-4459-8539-e783f28a1373" 200 2 "GET http://172.18.0.214:8080/v1/AUTH_81d2c38ea30a402e9f136a8f7455b4ab/gnocchi.b1ff1e08-5e20-4459-8539-e783f28a1373?format=json&marker=none_v3&states=listing" "txf503b1d8d1264cb1934da-006a27d1a7" "proxy-server 12" 0.0062 "-" 22 0
Jun 9 08:41:12 np0000068130 container-server[122203]: 172.20.0.103 - - [09/Jun/2026:08:41:12 +0000] "PUT /d1/507/AUTH_81d2c38ea30a402e9f136a8f7455b4ab/gnocchi.b1ff1e08-5e20-4459-8539-e783f28a1373/1780920000.0_mean_300.0_v3" 201 - "PUT http://172.18.0.214:8080/d1/560/AUTH_81d2c38ea30a402e9f136a8f7455b4ab/gnocchi.b1ff1e08-5e20-4459-8539-e783f28a1373/1780920000.0_mean_300.0_v3" "tx3e358d58906e4aca90c36-006a27d1a8" "object-server 25" 0.0009 "-" 22 0
Jun 9 08:41:12 np0000068130 object-server[122583]: 172.20.0.105 - - [09/Jun/2026:08:41:12 +0000] "PUT /d1/560/AUTH_81d2c38ea30a402e9f136a8f7455b4ab/gnocchi.b1ff1e08-5e20-4459-8539-e783f28a1373/1780920000.0_mean_300.0_v3" 201 - "PUT http://172.18.0.214:8080/v1/AUTH_81d2c38ea30a402e9f136a8f7455b4ab/gnocchi.b1ff1e08-5e20-4459-8539-e783f28a1373/1780920000.0_mean_300.0_v3" "tx3e358d58906e4aca90c36-006a27d1a8" "proxy-server 20" 0.0369 "-" 25 0
Jun 9 08:41:12 np0000068130 proxy-server[123933]: 172.18.0.105 172.18.0.104 09/Jun/2026/08/41/12 PUT /v1/AUTH_81d2c38ea30a402e9f136a8f7455b4ab/gnocchi.b1ff1e08-5e20-4459-8539-e783f28a1373/1780920000.0_mean_300.0_v3 HTTP/1.0 201 - python-swiftclient-3.11.1 gAAAAABqJ9GJJLmX... 16 - - tx3e358d58906e4aca90c36-006a27d1a8 - 0.0486 - - 1780994472.033685923 1780994472.082314253 0
Jun 9 08:41:12 np0000068130 container-server[122185]: 172.20.0.105 - - [09/Jun/2026:08:41:12 +0000] "PUT /d1/507/AUTH_81d2c38ea30a402e9f136a8f7455b4ab/gnocchi.b1ff1e08-5e20-4459-8539-e783f28a1373/none_v3" 201 - "PUT http://172.18.0.214:8080/d1/938/AUTH_81d2c38ea30a402e9f136a8f7455b4ab/gnocchi.b1ff1e08-5e20-4459-8539-e783f28a1373/none_v3" "tx6537641affd348dd9633c-006a27d1a8" "object-server 22" 0.0010 "-" 20 0
Jun 9 08:41:12 np0000068130 object-server[122571]: 172.20.0.104 - - [09/Jun/2026:08:41:12 +0000] "PUT /d1/938/AUTH_81d2c38ea30a402e9f136a8f7455b4ab/gnocchi.b1ff1e08-5e20-4459-8539-e783f28a1373/none_v3" 201 - "PUT http://172.18.0.214:8080/v1/AUTH_81d2c38ea30a402e9f136a8f7455b4ab/gnocchi.b1ff1e08-5e20-4459-8539-e783f28a1373/none_v3" "tx6537641affd348dd9633c-006a27d1a8" "proxy-server 12" 0.0271 "-" 22 0
Jun 9 08:41:15 np0000068130 object-server[122296]: Starting object replication pass.
Jun 9 08:41:15 np0000068130 object-server[122296]: 2/2 (100.00%) partitions replicated in 0.08s (25.91/sec, 0s remaining)
Jun 9 08:41:15 np0000068130 object-server[122296]: 4 successes, 0 failures
Jun 9 08:41:15 np0000068130 object-server[122296]: 2 suffixes checked - 100.00% hashed, 0.00% synced
Jun 9 08:41:15 np0000068130 object-server[122296]: Partition times: max 0.0383s, min 0.0344s, med 0.0383s
Jun 9 08:41:15 np0000068130 object-server[122296]: Object replication complete. (0.00 minutes)
Jun 9 08:41:17 np0000068130 object-server[208214]: Begin object audit "forever" mode (ZBF)
Jun 9 08:41:17 np0000068130 object-server[208214]: Object audit (ZBF). Since Tue Jun 9 08:41:17 2026: Locally: 1 passed, 0 quarantined, 0 errors, files/sec: 680.56, bytes/sec: 0.00, Total time: 0.00, Auditing time: 0.00, Rate: 0.00
Jun 9 08:41:17 np0000068130 object-server[208214]: Object audit (ZBF) "forever" mode completed: 0.00s. Total quarantined: 0, Total errors: 0, Total files/sec: 421.75, Total bytes/sec: 0.00, Auditing time: 0.00, Rate: 0.20
Jun 9 08:41:21 np0000068130 account-server[121665]: Beginning replication run
Jun 9 08:41:21 np0000068130 account-server[121665]: Replication run OVER
Jun 9 08:41:21 np0000068130 account-server[121665]: Attempted to replicate 1 dbs in 0.01488 seconds (67.20734/s)
Jun 9 08:41:21 np0000068130 account-server[121665]: Removed 0 dbs
Jun 9 08:41:21 np0000068130 account-server[121665]: 2 successes, 0 failures
Jun 9 08:41:21 np0000068130 account-server[121665]: diff:0 diff_capped:0 empty:0 hashmatch:0 no_change:2 remote_merge:0 rsync:0 ts_repl:0
Jun 9 08:41:24 np0000068130 container-server[121782]: Beginning replication run
Jun 9 08:41:25 np0000068130 container-server[121782]: Replication run OVER
Jun 9 08:41:25 np0000068130 container-server[121782]: Attempted to replicate 1 dbs in 0.04296 seconds (23.27823/s)
Jun 9 08:41:25 np0000068130 container-server[121782]: Removed 0 dbs
Jun 9 08:41:25 np0000068130 container-server[121782]: 2 successes, 0 failures
Jun 9 08:41:25 np0000068130 container-server[121782]: diff:0 diff_capped:0 empty:0 hashmatch:0 no_change:2 remote_merge:0 rsync:0 ts_repl:0
Jun 9 08:41:45 np0000068130 object-server[122296]: Starting object replication pass.
Jun 9 08:41:45 np0000068130 object-server[122296]: 2/2 (100.00%) partitions replicated in 0.03s (66.11/sec, 0s remaining)
Jun 9 08:41:45 np0000068130 object-server[122296]: 4 successes, 0 failures
Jun 9 08:41:45 np0000068130 object-server[122296]: 2 suffixes checked - 0.00% hashed, 0.00% synced
Jun 9 08:41:45 np0000068130 object-server[122296]: Partition times: max 0.0144s, min 0.0111s, med 0.0144s
Jun 9 08:41:45 np0000068130 object-server[122296]: Object replication complete. (0.00 minutes)
Jun 9 08:41:46 np0000068130 container-server[122208]: 172.20.0.103 - - [09/Jun/2026:08:41:46 +0000] "HEAD /d1/96/AUTH_81d2c38ea30a402e9f136a8f7455b4ab/gnocchi.81aac847-9498-4bee-af33-b34afe499505" 404 - "HEAD http://172.18.0.214:8080/v1/AUTH_81d2c38ea30a402e9f136a8f7455b4ab/gnocchi.81aac847-9498-4bee-af33-b34afe499505?format=json&states=listing" "tx8f21e64a80a741f4af253-006a27d1ca" "proxy-server 20" 0.0011 "-" 23 0
Jun 9 08:41:46 np0000068130 object-server[122583]: 172.20.0.103 - - [09/Jun/2026:08:41:46 +0000] "GET /d1/995/AUTH_81d2c38ea30a402e9f136a8f7455b4ab/gnocchi.81aac847-9498-4bee-af33-b34afe499505/none_v3" 404 70 "GET http://172.18.0.214:8080/v1/AUTH_81d2c38ea30a402e9f136a8f7455b4ab/gnocchi.81aac847-9498-4bee-af33-b34afe499505/none_v3" "tx8f21e64a80a741f4af253-006a27d1ca" "proxy-server 20" 0.0009 "-" 25 0
Jun 9 08:41:46 np0000068130 account-server[122119]: 172.20.0.105 - - [09/Jun/2026:08:41:46 +0000] "PUT /d1/412/AUTH_81d2c38ea30a402e9f136a8f7455b4ab/gnocchi.81aac847-9498-4bee-af33-b34afe499505" 201 - "PUT http://172.20.0.105:6001/d1/96/AUTH_81d2c38ea30a402e9f136a8f7455b4ab/gnocchi.81aac847-9498-4bee-af33-b34afe499505" "txb743f2be8fda4693b63dc-006a27d1ca" "container-server 23" 0.0019 "-" 23 0
Jun 9 08:41:46 np0000068130 container-server[122208]: 172.20.0.105 - - [09/Jun/2026:08:41:46 +0000] "PUT /d1/96/AUTH_81d2c38ea30a402e9f136a8f7455b4ab/gnocchi.81aac847-9498-4bee-af33-b34afe499505" 201 - "PUT http://172.18.0.214:8080/v1/AUTH_81d2c38ea30a402e9f136a8f7455b4ab/gnocchi.81aac847-9498-4bee-af33-b34afe499505" "txb743f2be8fda4693b63dc-006a27d1ca" "proxy-server 20" 0.0140 "-" 23 0
Jun 9 08:41:46 np0000068130 proxy-server[123933]: 172.18.0.105 172.18.0.104 09/Jun/2026/08/41/46 PUT /v1/AUTH_81d2c38ea30a402e9f136a8f7455b4ab/gnocchi.81aac847-9498-4bee-af33-b34afe499505 HTTP/1.0 201 - python-swiftclient-3.11.1 gAAAAABqJ9GJJLmX... - - - txb743f2be8fda4693b63dc-006a27d1ca - 0.0345 - - 1780994506.385726213 1780994506.420267820 0
Jun 9 08:41:46 np0000068130 object-server[122574]: 172.20.0.103 - - [09/Jun/2026:08:41:46 +0000] "GET /d1/123/AUTH_81d2c38ea30a402e9f136a8f7455b4ab/gnocchi.81aac847-9498-4bee-af33-b34afe499505/1780920000.0_mean_300.0_v3" 404 70 "GET http://172.18.0.214:8080/v1/AUTH_81d2c38ea30a402e9f136a8f7455b4ab/gnocchi.81aac847-9498-4bee-af33-b34afe499505/1780920000.0_mean_300.0_v3" "txfb4dfb4c0a6a43a8bf926-006a27d1ca" "proxy-server 20" 0.0005 "-" 23 0
Jun 9 08:41:46 np0000068130 container-server[122192]: 172.20.0.105 - - [09/Jun/2026:08:41:46 +0000] "PUT /d1/96/AUTH_81d2c38ea30a402e9f136a8f7455b4ab/gnocchi.81aac847-9498-4bee-af33-b34afe499505/1780920000.0_mean_300.0_v3" 201 - "PUT http://172.18.0.214:8080/d1/123/AUTH_81d2c38ea30a402e9f136a8f7455b4ab/gnocchi.81aac847-9498-4bee-af33-b34afe499505/1780920000.0_mean_300.0_v3" "txc8130796908f4b0c930b9-006a27d1ca" "object-server 24" 0.0006 "-" 21 0
Jun 9 08:41:46 np0000068130 object-server[122582]: 172.20.0.105 - - [09/Jun/2026:08:41:46 +0000] "PUT /d1/123/AUTH_81d2c38ea30a402e9f136a8f7455b4ab/gnocchi.81aac847-9498-4bee-af33-b34afe499505/1780920000.0_mean_300.0_v3" 201 - "PUT http://172.18.0.214:8080/v1/AUTH_81d2c38ea30a402e9f136a8f7455b4ab/gnocchi.81aac847-9498-4bee-af33-b34afe499505/1780920000.0_mean_300.0_v3" "txc8130796908f4b0c930b9-006a27d1ca" "proxy-server 20" 0.0305 "-" 24 0
Jun 9 08:41:46 np0000068130 proxy-server[123933]: 172.18.0.105 172.18.0.104 09/Jun/2026/08/41/46 PUT /v1/AUTH_81d2c38ea30a402e9f136a8f7455b4ab/gnocchi.81aac847-9498-4bee-af33-b34afe499505/1780920000.0_mean_300.0_v3 HTTP/1.0 201 - python-swiftclient-3.11.1 gAAAAABqJ9GJJLmX... 16 - - txc8130796908f4b0c930b9-006a27d1ca - 0.0450 - - 1780994506.499147892 1780994506.544163942 0
Jun 9 08:41:46 np0000068130 container-server[122185]: 172.20.0.103 - - [09/Jun/2026:08:41:46 +0000] "PUT /d1/96/AUTH_81d2c38ea30a402e9f136a8f7455b4ab/gnocchi.81aac847-9498-4bee-af33-b34afe499505/none_v3" 201 - "PUT http://172.18.0.214:8080/d1/995/AUTH_81d2c38ea30a402e9f136a8f7455b4ab/gnocchi.81aac847-9498-4bee-af33-b34afe499505/none_v3" "tx6fe37308928c41dabdb71-006a27d1ca" "object-server 25" 0.0015 "-" 20 0
Jun 9 08:41:46 np0000068130 object-server[122582]: 172.20.0.104 - - [09/Jun/2026:08:41:46 +0000] "PUT /d1/995/AUTH_81d2c38ea30a402e9f136a8f7455b4ab/gnocchi.81aac847-9498-4bee-af33-b34afe499505/none_v3" 201 - "PUT http://172.18.0.214:8080/v1/AUTH_81d2c38ea30a402e9f136a8f7455b4ab/gnocchi.81aac847-9498-4bee-af33-b34afe499505/none_v3" "tx6fe37308928c41dabdb71-006a27d1ca" "proxy-server 12" 0.0223 "-" 24 0
Jun 9 08:41:46 np0000068130 container-server[122203]: 172.20.0.103 - - [09/Jun/2026:08:41:46 +0000] "HEAD /d1/312/AUTH_81d2c38ea30a402e9f136a8f7455b4ab/gnocchi.823ec8a8-5e4e-4305-a954-93413094e39a" 404 - "HEAD http://172.18.0.214:8080/v1/AUTH_81d2c38ea30a402e9f136a8f7455b4ab/gnocchi.823ec8a8-5e4e-4305-a954-93413094e39a?format=json&states=listing" "tx0a6f9843932f4b6dab734-006a27d1ca" "proxy-server 20" 0.0006 "-" 22 0
Jun 9 08:41:46 np0000068130 object-server[122571]: 172.20.0.103 - - [09/Jun/2026:08:41:46 +0000] "GET /d1/242/AUTH_81d2c38ea30a402e9f136a8f7455b4ab/gnocchi.823ec8a8-5e4e-4305-a954-93413094e39a/none_v3" 404 70 "GET http://172.18.0.214:8080/v1/AUTH_81d2c38ea30a402e9f136a8f7455b4ab/gnocchi.823ec8a8-5e4e-4305-a954-93413094e39a/none_v3" "tx0a6f9843932f4b6dab734-006a27d1ca" "proxy-server 20" 0.0005 "-" 22 0
Jun 9 08:41:46 np0000068130 container-server[122203]: 172.20.0.105 - - [09/Jun/2026:08:41:46 +0000] "PUT /d1/312/AUTH_81d2c38ea30a402e9f136a8f7455b4ab/gnocchi.823ec8a8-5e4e-4305-a954-93413094e39a" 201 - "PUT http://172.18.0.214:8080/v1/AUTH_81d2c38ea30a402e9f136a8f7455b4ab/gnocchi.823ec8a8-5e4e-4305-a954-93413094e39a" "txd76dd4a3539f46b98e254-006a27d1ca" "proxy-server 20" 0.0233 "-" 22 0
Jun 9 08:41:46 np0000068130 account-server[122106]: 172.20.0.103 - - [09/Jun/2026:08:41:46 +0000] "PUT /d1/412/AUTH_81d2c38ea30a402e9f136a8f7455b4ab/gnocchi.823ec8a8-5e4e-4305-a954-93413094e39a" 201 - "PUT http://172.20.0.103:6001/d1/312/AUTH_81d2c38ea30a402e9f136a8f7455b4ab/gnocchi.823ec8a8-5e4e-4305-a954-93413094e39a" "txd76dd4a3539f46b98e254-006a27d1ca" "container-server 15" 0.0084 "-" 22 0
Jun 9 08:41:46 np0000068130 proxy-server[123933]: 172.18.0.214 172.18.0.104 09/Jun/2026/08/41/46 PUT /v1/AUTH_81d2c38ea30a402e9f136a8f7455b4ab/gnocchi.823ec8a8-5e4e-4305-a954-93413094e39a HTTP/1.0 201 - python-swiftclient-3.11.1 gAAAAABqJ9HKhNbl... - - - txd76dd4a3539f46b98e254-006a27d1ca - 0.0387 - - 1780994506.897188902 1780994506.935919762 0
Jun 9 08:41:46 np0000068130 container-server[122192]: 172.20.0.104 - - [09/Jun/2026:08:41:46 +0000] "HEAD /d1/312/AUTH_81d2c38ea30a402e9f136a8f7455b4ab/gnocchi.823ec8a8-5e4e-4305-a954-93413094e39a" 204 - "HEAD http://172.18.0.214:8080/v1/AUTH_81d2c38ea30a402e9f136a8f7455b4ab/gnocchi.823ec8a8-5e4e-4305-a954-93413094e39a?format=json&states=listing" "txc8cad72cb2d643e0a6383-006a27d1ca" "proxy-server 12" 0.0024 "-" 21 0
Jun 9 08:41:46 np0000068130 container-server[122208]: 172.20.0.104 - - [09/Jun/2026:08:41:46 +0000] "GET /d1/312/AUTH_81d2c38ea30a402e9f136a8f7455b4ab/gnocchi.823ec8a8-5e4e-4305-a954-93413094e39a" 200 2 "GET http://172.18.0.214:8080/v1/AUTH_81d2c38ea30a402e9f136a8f7455b4ab/gnocchi.823ec8a8-5e4e-4305-a954-93413094e39a?format=json&states=listing" "txc8cad72cb2d643e0a6383-006a27d1ca" "proxy-server 12" 0.0038 "-" 23 0
Jun 9 08:41:46 np0000068130 object-server[122582]: 172.20.0.103 - - [09/Jun/2026:08:41:46 +0000] "GET /d1/695/AUTH_81d2c38ea30a402e9f136a8f7455b4ab/gnocchi.823ec8a8-5e4e-4305-a954-93413094e39a/1780920000.0_mean_300.0_v3" 404 70 "GET http://172.18.0.214:8080/v1/AUTH_81d2c38ea30a402e9f136a8f7455b4ab/gnocchi.823ec8a8-5e4e-4305-a954-93413094e39a/1780920000.0_mean_300.0_v3" "tx6884ae14a92c4fa9b683e-006a27d1ca" "proxy-server 20" 0.0008 "-" 24 0
Jun 9 08:41:47 np0000068130 container-server[122185]: 172.20.0.104 - - [09/Jun/2026:08:41:47 +0000] "PUT /d1/312/AUTH_81d2c38ea30a402e9f136a8f7455b4ab/gnocchi.823ec8a8-5e4e-4305-a954-93413094e39a/1780920000.0_mean_300.0_v3" 201 - "PUT http://172.18.0.214:8080/d1/695/AUTH_81d2c38ea30a402e9f136a8f7455b4ab/gnocchi.823ec8a8-5e4e-4305-a954-93413094e39a/1780920000.0_mean_300.0_v3" "txd82bc302fcd141d488ee7-006a27d1ca" "object-server 22" 0.0013 "-" 20 0
Jun 9 08:41:47 np0000068130 object-server[122582]: 172.20.0.105 - - [09/Jun/2026:08:41:47 +0000] "PUT /d1/695/AUTH_81d2c38ea30a402e9f136a8f7455b4ab/gnocchi.823ec8a8-5e4e-4305-a954-93413094e39a/1780920000.0_mean_300.0_v3" 201 - "PUT http://172.18.0.214:8080/v1/AUTH_81d2c38ea30a402e9f136a8f7455b4ab/gnocchi.823ec8a8-5e4e-4305-a954-93413094e39a/1780920000.0_mean_300.0_v3" "txd82bc302fcd141d488ee7-006a27d1ca" "proxy-server 20" 0.0127 "-" 24 0
Jun 9 08:41:47 np0000068130 proxy-server[123933]: 172.18.0.214 172.18.0.104 09/Jun/2026/08/41/47 PUT /v1/AUTH_81d2c38ea30a402e9f136a8f7455b4ab/gnocchi.823ec8a8-5e4e-4305-a954-93413094e39a/1780920000.0_mean_300.0_v3 HTTP/1.0 201 - python-swiftclient-3.11.1 gAAAAABqJ9HKhNbl... 16 - - txd82bc302fcd141d488ee7-006a27d1ca - 0.0263 - - 1780994506.999438524 1780994507.025702477 0
Jun 9 08:41:47 np0000068130 container-server[122203]: 172.20.0.105 - - [09/Jun/2026:08:41:47 +0000] "PUT /d1/312/AUTH_81d2c38ea30a402e9f136a8f7455b4ab/gnocchi.823ec8a8-5e4e-4305-a954-93413094e39a/none_v3" 201 - "PUT http://172.18.0.214:8080/d1/242/AUTH_81d2c38ea30a402e9f136a8f7455b4ab/gnocchi.823ec8a8-5e4e-4305-a954-93413094e39a/none_v3" "txa47b97ddb2ae45a5922bb-006a27d1cb" "object-server 25" 0.0009 "-" 22 0
Jun 9 08:41:47 np0000068130 object-server[122583]: 172.20.0.104 - - [09/Jun/2026:08:41:47 +0000] "PUT /d1/242/AUTH_81d2c38ea30a402e9f136a8f7455b4ab/gnocchi.823ec8a8-5e4e-4305-a954-93413094e39a/none_v3" 201 - "PUT http://172.18.0.214:8080/v1/AUTH_81d2c38ea30a402e9f136a8f7455b4ab/gnocchi.823ec8a8-5e4e-4305-a954-93413094e39a/none_v3" "txa47b97ddb2ae45a5922bb-006a27d1cb" "proxy-server 12" 0.0140 "-" 25 0
Jun 9 08:41:47 np0000068130 object-server[214192]: Begin object audit "forever" mode (ZBF)
Jun 9 08:41:47 np0000068130 object-server[214193]: Begin object audit "forever" mode (ALL)
Jun 9 08:41:47 np0000068130 object-server[214192]: Object audit (ZBF). Since Tue Jun 9 08:41:47 2026: Locally: 1 passed, 0 quarantined, 0 errors, files/sec: 703.86, bytes/sec: 0.00, Total time: 0.00, Auditing time: 0.00, Rate: 0.00
Jun 9 08:41:47 np0000068130 object-server[214193]: Object audit (ALL). Since Tue Jun 9 08:41:47 2026: Locally: 1 passed, 0 quarantined, 0 errors, files/sec: 121.01, bytes/sec: 1936.20, Total time: 0.01, Auditing time: 0.00, Rate: 0.00
Jun 9 08:41:47 np0000068130 object-server[214192]: Object audit (ZBF) "forever" mode completed: 0.08s. Total quarantined: 0, Total errors: 0, Total files/sec: 72.30, Total bytes/sec: 0.00, Auditing time: 0.08, Rate: 0.95
Jun 9 08:41:47 np0000068130 object-server[214193]: Object audit (ALL) "forever" mode completed: 0.21s. Total quarantined: 0, Total errors: 0, Total files/sec: 28.52, Total bytes/sec: 589.46, Auditing time: 0.21, Rate: 0.98
Jun 9 08:41:51 np0000068130 account-server[121665]: Beginning replication run
Jun 9 08:41:51 np0000068130 account-server[121665]: Replication run OVER
Jun 9 08:41:51 np0000068130 account-server[121665]: Attempted to replicate 1 dbs in 0.02527 seconds (39.57136/s)
Jun 9 08:41:51 np0000068130 account-server[121665]: Removed 0 dbs
Jun 9 08:41:51 np0000068130 account-server[121665]: 2 successes, 0 failures
Jun 9 08:41:51 np0000068130 account-server[121665]: diff:0 diff_capped:0 empty:0 hashmatch:0 no_change:2 remote_merge:0 rsync:0 ts_repl:0
Jun 9 08:41:55 np0000068130 container-server[121782]: Beginning replication run
Jun 9 08:41:55 np0000068130 container-server[121782]: Replication run OVER
Jun 9 08:41:55 np0000068130 container-server[121782]: Attempted to replicate 3 dbs in 0.08288 seconds (36.19852/s)
Jun 9 08:41:55 np0000068130 container-server[121782]: Removed 0 dbs
Jun 9 08:41:55 np0000068130 container-server[121782]: 6 successes, 0 failures
Jun 9 08:41:55 np0000068130 container-server[121782]: diff:0 diff_capped:0 empty:0 hashmatch:0 no_change:6 remote_merge:0 rsync:0 ts_repl:0
Jun 9 08:41:58 np0000068130 container-server[122185]: 172.20.0.103 - - [09/Jun/2026:08:41:58 +0000] "HEAD /d1/887/AUTH_81d2c38ea30a402e9f136a8f7455b4ab/gnocchi.5a1e133e-d7d1-4db1-a6ca-99860a928b74" 404 - "HEAD http://172.18.0.214:8080/v1/AUTH_81d2c38ea30a402e9f136a8f7455b4ab/gnocchi.5a1e133e-d7d1-4db1-a6ca-99860a928b74?format=json&states=listing" "txa369318febdf4373949ca-006a27d1d6" "proxy-server 20" 0.0019 "-" 20 0
Jun 9 08:41:58 np0000068130 container-server[122203]: 172.20.0.105 - - [09/Jun/2026:08:41:58 +0000] "HEAD /d1/689/AUTH_81d2c38ea30a402e9f136a8f7455b4ab/gnocchi.64334978-e357-4cb3-bc1b-fbbf124d217a" 404 - "HEAD http://172.18.0.214:8080/v1/AUTH_81d2c38ea30a402e9f136a8f7455b4ab/gnocchi.64334978-e357-4cb3-bc1b-fbbf124d217a?format=json&states=listing" "tx4248595a2735411eb7c51-006a27d1d6" "proxy-server 20" 0.0006 "-" 22 0
Jun 9 08:41:58 np0000068130 object-server[122571]: 172.20.0.105 - - [09/Jun/2026:08:41:58 +0000] "GET /d1/961/AUTH_81d2c38ea30a402e9f136a8f7455b4ab/gnocchi.64334978-e357-4cb3-bc1b-fbbf124d217a/none_v3" 404 70 "GET http://172.18.0.214:8080/v1/AUTH_81d2c38ea30a402e9f136a8f7455b4ab/gnocchi.64334978-e357-4cb3-bc1b-fbbf124d217a/none_v3" "tx4248595a2735411eb7c51-006a27d1d6" "proxy-server 20" 0.0011 "-" 22 0
Jun 9 08:41:58 np0000068130 object-server[122574]: 172.20.0.103 - - [09/Jun/2026:08:41:58 +0000] "GET /d1/581/AUTH_81d2c38ea30a402e9f136a8f7455b4ab/gnocchi.5a1e133e-d7d1-4db1-a6ca-99860a928b74/none_v3" 404 70 "GET http://172.18.0.214:8080/v1/AUTH_81d2c38ea30a402e9f136a8f7455b4ab/gnocchi.5a1e133e-d7d1-4db1-a6ca-99860a928b74/none_v3" "txa369318febdf4373949ca-006a27d1d6" "proxy-server 20" 0.0006 "-" 23 0
Jun 9 08:41:58 np0000068130 proxy-server[123933]: 172.18.0.214 172.18.0.104 09/Jun/2026/08/41/58 GET /v1/AUTH_81d2c38ea30a402e9f136a8f7455b4ab/gnocchi.64334978-e357-4cb3-bc1b-fbbf124d217a/none_v3 HTTP/1.0 404 - python-swiftclient-3.11.1 gAAAAABqJ9HKhNbl... - 70 - tx4248595a2735411eb7c51-006a27d1d6 - 0.0402 - - 1780994518.537305593 1780994518.577517748 0
Jun 9 08:41:58 np0000068130 container-server[122192]: 172.20.0.103 - - [09/Jun/2026:08:41:58 +0000] "PUT /d1/887/AUTH_81d2c38ea30a402e9f136a8f7455b4ab/gnocchi.5a1e133e-d7d1-4db1-a6ca-99860a928b74" 201 - "PUT http://172.18.0.214:8080/v1/AUTH_81d2c38ea30a402e9f136a8f7455b4ab/gnocchi.5a1e133e-d7d1-4db1-a6ca-99860a928b74" "tx408cfb903e334b2a9d192-006a27d1d6" "proxy-server 20" 0.0127 "-" 21 0
Jun 9 08:41:58 np0000068130 container-server[122203]: 172.20.0.104 - - [09/Jun/2026:08:41:58 +0000] "PUT /d1/689/AUTH_81d2c38ea30a402e9f136a8f7455b4ab/gnocchi.64334978-e357-4cb3-bc1b-fbbf124d217a" 201 - "PUT http://172.18.0.214:8080/v1/AUTH_81d2c38ea30a402e9f136a8f7455b4ab/gnocchi.64334978-e357-4cb3-bc1b-fbbf124d217a" "txf53c07938a9f413cbc8b0-006a27d1d6" "proxy-server 12" 0.0199 "-" 22 0
Jun 9 08:41:58 np0000068130 account-server[122119]: 172.20.0.104 - - [09/Jun/2026:08:41:58 +0000] "PUT /d1/412/AUTH_81d2c38ea30a402e9f136a8f7455b4ab/gnocchi.5a1e133e-d7d1-4db1-a6ca-99860a928b74" 201 - "PUT http://172.20.0.104:6001/d1/887/AUTH_81d2c38ea30a402e9f136a8f7455b4ab/gnocchi.5a1e133e-d7d1-4db1-a6ca-99860a928b74" "tx408cfb903e334b2a9d192-006a27d1d6" "container-server 20" 0.0033 "-" 23 0
Jun 9 08:41:58 np0000068130 account-server[122119]: 172.20.0.103 - - [09/Jun/2026:08:41:58 +0000] "PUT /d1/412/AUTH_81d2c38ea30a402e9f136a8f7455b4ab/gnocchi.64334978-e357-4cb3-bc1b-fbbf124d217a" 201 - "PUT http://172.20.0.103:6001/d1/689/AUTH_81d2c38ea30a402e9f136a8f7455b4ab/gnocchi.64334978-e357-4cb3-bc1b-fbbf124d217a" "txf53c07938a9f413cbc8b0-006a27d1d6" "container-server 14" 0.0065 "-" 23 0
Jun 9 08:41:58 np0000068130 container-server[122203]: 172.20.0.105 - - [09/Jun/2026:08:41:58 +0000] "HEAD /d1/887/AUTH_81d2c38ea30a402e9f136a8f7455b4ab/gnocchi.5a1e133e-d7d1-4db1-a6ca-99860a928b74" 204 - "HEAD http://172.18.0.214:8080/v1/AUTH_81d2c38ea30a402e9f136a8f7455b4ab/gnocchi.5a1e133e-d7d1-4db1-a6ca-99860a928b74?format=json&states=listing" "txcbc2f69af0364c0e97a0d-006a27d1d6" "proxy-server 20" 0.0013 "-" 22 0
Jun 9 08:41:58 np0000068130 container-server[122203]: 172.20.0.103 - - [09/Jun/2026:08:41:58 +0000] "HEAD /d1/689/AUTH_81d2c38ea30a402e9f136a8f7455b4ab/gnocchi.64334978-e357-4cb3-bc1b-fbbf124d217a" 204 - "HEAD http://172.18.0.214:8080/v1/AUTH_81d2c38ea30a402e9f136a8f7455b4ab/gnocchi.64334978-e357-4cb3-bc1b-fbbf124d217a?format=json&states=listing" "txa7c45525d95042c780fb3-006a27d1d6" "proxy-server 20" 0.0008 "-" 22 0
Jun 9 08:41:58 np0000068130 proxy-server[123933]: - - 09/Jun/2026/08/41/58 HEAD /v1/AUTH_81d2c38ea30a402e9f136a8f7455b4ab/gnocchi.5a1e133e-d7d1-4db1-a6ca-99860a928b74%3Fformat%3Djson%26states%3Dlisting HTTP/1.0 204 - Swift - - - - txcbc2f69af0364c0e97a0d-006a27d1d6 - 0.0059 RL - 1780994518.629234791 1780994518.635107756 0
Jun 9 08:41:58 np0000068130 proxy-server[123933]: 172.18.0.105 172.18.0.104 09/Jun/2026/08/41/58 GET /v1/AUTH_81d2c38ea30a402e9f136a8f7455b4ab/gnocchi.5a1e133e-d7d1-4db1-a6ca-99860a928b74%3Fformat%3Djson%26states%3Dlisting HTTP/1.0 200 - python-swiftclient-3.11.1 gAAAAABqJ9GJJLmX... - 2 - txcbc2f69af0364c0e97a0d-006a27d1d6 - 0.0228 - - 1780994518.627390146 1780994518.650145531 0
Jun 9 08:41:58 np0000068130 object-server[122583]: 172.20.0.104 - - [09/Jun/2026:08:41:58 +0000] "GET /d1/414/AUTH_81d2c38ea30a402e9f136a8f7455b4ab/gnocchi.64334978-e357-4cb3-bc1b-fbbf124d217a/1780920000.0_mean_300.0_v3" 404 70 "GET http://172.18.0.214:8080/v1/AUTH_81d2c38ea30a402e9f136a8f7455b4ab/gnocchi.64334978-e357-4cb3-bc1b-fbbf124d217a/1780920000.0_mean_300.0_v3" "tx052731248a3f490194a18-006a27d1d6" "proxy-server 12" 0.0005 "-" 25 0
Jun 9 08:41:58 np0000068130 object-server[122574]: 172.20.0.103 - - [09/Jun/2026:08:41:58 +0000] "GET /d1/190/AUTH_81d2c38ea30a402e9f136a8f7455b4ab/gnocchi.5a1e133e-d7d1-4db1-a6ca-99860a928b74/1780920000.0_mean_300.0_v3" 404 70 "GET http://172.18.0.214:8080/v1/AUTH_81d2c38ea30a402e9f136a8f7455b4ab/gnocchi.5a1e133e-d7d1-4db1-a6ca-99860a928b74/1780920000.0_mean_300.0_v3" "tx862a438c2bbb4800804c2-006a27d1d6" "proxy-server 20" 0.0004 "-" 23 0
Jun 9 08:41:58 np0000068130 container-server[122192]: 172.20.0.105 - - [09/Jun/2026:08:41:58 +0000] "PUT /d1/689/AUTH_81d2c38ea30a402e9f136a8f7455b4ab/gnocchi.64334978-e357-4cb3-bc1b-fbbf124d217a/1780920000.0_mean_300.0_v3" 201 - "PUT http://172.18.0.214:8080/d1/414/AUTH_81d2c38ea30a402e9f136a8f7455b4ab/gnocchi.64334978-e357-4cb3-bc1b-fbbf124d217a/1780920000.0_mean_300.0_v3" "tx351c7c3ece774c0188e4b-006a27d1d6" "object-server 24" 0.0006 "-" 21 0
Jun 9 08:41:58 np0000068130 object-server[122582]: 172.20.0.105 - - [09/Jun/2026:08:41:58 +0000] "PUT /d1/414/AUTH_81d2c38ea30a402e9f136a8f7455b4ab/gnocchi.64334978-e357-4cb3-bc1b-fbbf124d217a/1780920000.0_mean_300.0_v3" 201 - "PUT http://172.18.0.214:8080/v1/AUTH_81d2c38ea30a402e9f136a8f7455b4ab/gnocchi.64334978-e357-4cb3-bc1b-fbbf124d217a/1780920000.0_mean_300.0_v3" "tx351c7c3ece774c0188e4b-006a27d1d6" "proxy-server 20" 0.0131 "-" 24 0
Jun 9 08:41:58 np0000068130 proxy-server[123933]: 172.18.0.214 172.18.0.104 09/Jun/2026/08/41/58 PUT /v1/AUTH_81d2c38ea30a402e9f136a8f7455b4ab/gnocchi.64334978-e357-4cb3-bc1b-fbbf124d217a/1780920000.0_mean_300.0_v3 HTTP/1.0 201 - python-swiftclient-3.11.1 gAAAAABqJ9HKhNbl... 16 - - tx351c7c3ece774c0188e4b-006a27d1d6 - 0.0222 - - 1780994518.677526951 1780994518.699685335 0
Jun 9 08:41:58 np0000068130 container-server[122208]: 172.20.0.104 - - [09/Jun/2026:08:41:58 +0000] "PUT /d1/887/AUTH_81d2c38ea30a402e9f136a8f7455b4ab/gnocchi.5a1e133e-d7d1-4db1-a6ca-99860a928b74/1780920000.0_mean_300.0_v3" 201 - "PUT http://172.18.0.214:8080/d1/190/AUTH_81d2c38ea30a402e9f136a8f7455b4ab/gnocchi.5a1e133e-d7d1-4db1-a6ca-99860a928b74/1780920000.0_mean_300.0_v3" "txaa61442b28544f249e0d3-006a27d1d6" "object-server 24" 0.0011 "-" 23 0
Jun 9 08:41:58 np0000068130 object-server[122582]: 172.20.0.104 - - [09/Jun/2026:08:41:58 +0000] "PUT /d1/190/AUTH_81d2c38ea30a402e9f136a8f7455b4ab/gnocchi.5a1e133e-d7d1-4db1-a6ca-99860a928b74/1780920000.0_mean_300.0_v3" 201 - "PUT http://172.18.0.214:8080/v1/AUTH_81d2c38ea30a402e9f136a8f7455b4ab/gnocchi.5a1e133e-d7d1-4db1-a6ca-99860a928b74/1780920000.0_mean_300.0_v3" "txaa61442b28544f249e0d3-006a27d1d6" "proxy-server 12" 0.0164 "-" 24 0
Jun 9 08:41:58 np0000068130 container-server[122203]: 172.20.0.105 - - [09/Jun/2026:08:41:58 +0000] "PUT /d1/689/AUTH_81d2c38ea30a402e9f136a8f7455b4ab/gnocchi.64334978-e357-4cb3-bc1b-fbbf124d217a/none_v3" 201 - "PUT http://172.18.0.214:8080/d1/961/AUTH_81d2c38ea30a402e9f136a8f7455b4ab/gnocchi.64334978-e357-4cb3-bc1b-fbbf124d217a/none_v3" "tx41a79b4a369848b4ae4d2-006a27d1d6" "object-server 24" 0.0005 "-" 22 0
Jun 9 08:41:58 np0000068130 object-server[122582]: 172.20.0.103 - - [09/Jun/2026:08:41:58 +0000] "PUT /d1/961/AUTH_81d2c38ea30a402e9f136a8f7455b4ab/gnocchi.64334978-e357-4cb3-bc1b-fbbf124d217a/none_v3" 201 - "PUT http://172.18.0.214:8080/v1/AUTH_81d2c38ea30a402e9f136a8f7455b4ab/gnocchi.64334978-e357-4cb3-bc1b-fbbf124d217a/none_v3" "tx41a79b4a369848b4ae4d2-006a27d1d6" "proxy-server 20" 0.0110 "-" 24 0
Jun 9 08:41:58 np0000068130 container-server[122192]: 172.20.0.104 - - [09/Jun/2026:08:41:58 +0000] "PUT /d1/887/AUTH_81d2c38ea30a402e9f136a8f7455b4ab/gnocchi.5a1e133e-d7d1-4db1-a6ca-99860a928b74/none_v3" 201 - "PUT http://172.18.0.214:8080/d1/581/AUTH_81d2c38ea30a402e9f136a8f7455b4ab/gnocchi.5a1e133e-d7d1-4db1-a6ca-99860a928b74/none_v3" "txe6c009bbebec42c2a6f85-006a27d1d6" "object-server 25" 0.0004 "-" 21 0
Jun 9 08:41:58 np0000068130 object-server[122574]: 172.20.0.105 - - [09/Jun/2026:08:41:58 +0000] "PUT /d1/581/AUTH_81d2c38ea30a402e9f136a8f7455b4ab/gnocchi.5a1e133e-d7d1-4db1-a6ca-99860a928b74/none_v3" 201 - "PUT http://172.18.0.214:8080/v1/AUTH_81d2c38ea30a402e9f136a8f7455b4ab/gnocchi.5a1e133e-d7d1-4db1-a6ca-99860a928b74/none_v3" "txe6c009bbebec42c2a6f85-006a27d1d6" "proxy-server 20" 0.0152 "-" 23 0
Jun 9 08:41:58 np0000068130 proxy-server[123933]: 172.18.0.105 172.18.0.104 09/Jun/2026/08/41/58 PUT /v1/AUTH_81d2c38ea30a402e9f136a8f7455b4ab/gnocchi.5a1e133e-d7d1-4db1-a6ca-99860a928b74/none_v3 HTTP/1.0 201 - python-swiftclient-3.11.1 gAAAAABqJ9GJJLmX... 22 - - txe6c009bbebec42c2a6f85-006a27d1d6 - 0.0233 - - 1780994518.715578794 1780994518.738907814 0
Jun 9 08:41:58 np0000068130 container-server[122208]: 172.20.0.104 - - [09/Jun/2026:08:41:58 +0000] "HEAD /d1/648/AUTH_81d2c38ea30a402e9f136a8f7455b4ab/gnocchi.2e8d6f72-1513-46bd-bb6f-e805c53459e4" 404 - "HEAD http://172.18.0.214:8080/v1/AUTH_81d2c38ea30a402e9f136a8f7455b4ab/gnocchi.2e8d6f72-1513-46bd-bb6f-e805c53459e4?format=json&states=listing" "txcd574555d1a241198180c-006a27d1d6" "proxy-server 12" 0.0005 "-" 23 0
Jun 9 08:41:58 np0000068130 object-server[122574]: 172.20.0.104 - - [09/Jun/2026:08:41:58 +0000] "GET /d1/88/AUTH_81d2c38ea30a402e9f136a8f7455b4ab/gnocchi.2e8d6f72-1513-46bd-bb6f-e805c53459e4/none_v3" 404 70 "GET http://172.18.0.214:8080/v1/AUTH_81d2c38ea30a402e9f136a8f7455b4ab/gnocchi.2e8d6f72-1513-46bd-bb6f-e805c53459e4/none_v3" "txcd574555d1a241198180c-006a27d1d6" "proxy-server 12" 0.0005 "-" 23 0
Jun 9 08:41:58 np0000068130 container-server[122185]: 172.20.0.103 - - [09/Jun/2026:08:41:58 +0000] "HEAD /d1/923/AUTH_81d2c38ea30a402e9f136a8f7455b4ab/gnocchi.b2c6972b-a199-4b20-9725-43d824e2ad72" 404 - "HEAD http://172.18.0.214:8080/v1/AUTH_81d2c38ea30a402e9f136a8f7455b4ab/gnocchi.b2c6972b-a199-4b20-9725-43d824e2ad72?format=json&states=listing" "tx731d0001431c4f14b012c-006a27d1d6" "proxy-server 20" 0.0007 "-" 20 0
Jun 9 08:41:58 np0000068130 object-server[122582]: 172.20.0.103 - - [09/Jun/2026:08:41:58 +0000] "GET /d1/552/AUTH_81d2c38ea30a402e9f136a8f7455b4ab/gnocchi.b2c6972b-a199-4b20-9725-43d824e2ad72/none_v3" 404 70 "GET http://172.18.0.214:8080/v1/AUTH_81d2c38ea30a402e9f136a8f7455b4ab/gnocchi.b2c6972b-a199-4b20-9725-43d824e2ad72/none_v3" "tx731d0001431c4f14b012c-006a27d1d6" "proxy-server 20" 0.0005 "-" 24 0
Jun 9 08:41:58 np0000068130 account-server[122119]: 172.20.0.103 - - [09/Jun/2026:08:41:58 +0000] "PUT /d1/412/AUTH_81d2c38ea30a402e9f136a8f7455b4ab/gnocchi.2e8d6f72-1513-46bd-bb6f-e805c53459e4" 201 - "PUT http://172.20.0.103:6001/d1/648/AUTH_81d2c38ea30a402e9f136a8f7455b4ab/gnocchi.2e8d6f72-1513-46bd-bb6f-e805c53459e4" "tx2fb3a5bdf2b54baaaffc8-006a27d1d6" "container-server 14" 0.0050 "-" 23 0
Jun 9 08:41:58 np0000068130 container-server[122208]: 172.20.0.105 - - [09/Jun/2026:08:41:58 +0000] "PUT /d1/648/AUTH_81d2c38ea30a402e9f136a8f7455b4ab/gnocchi.2e8d6f72-1513-46bd-bb6f-e805c53459e4" 201 - "PUT http://172.18.0.214:8080/v1/AUTH_81d2c38ea30a402e9f136a8f7455b4ab/gnocchi.2e8d6f72-1513-46bd-bb6f-e805c53459e4" "tx2fb3a5bdf2b54baaaffc8-006a27d1d6" "proxy-server 20" 0.0239 "-" 23 0
Jun 9 08:41:58 np0000068130 proxy-server[123933]: 172.18.0.214 172.18.0.104 09/Jun/2026/08/41/58 PUT /v1/AUTH_81d2c38ea30a402e9f136a8f7455b4ab/gnocchi.2e8d6f72-1513-46bd-bb6f-e805c53459e4 HTTP/1.0 201 - python-swiftclient-3.11.1 gAAAAABqJ9HKhNbl... - - - tx2fb3a5bdf2b54baaaffc8-006a27d1d6 - 0.0344 - - 1780994518.776755095 1780994518.811126709 0
Jun 9 08:41:58 np0000068130 container-server[122208]: 172.20.0.103 - - [09/Jun/2026:08:41:58 +0000] "HEAD /d1/648/AUTH_81d2c38ea30a402e9f136a8f7455b4ab/gnocchi.2e8d6f72-1513-46bd-bb6f-e805c53459e4" 204 - "HEAD http://172.18.0.214:8080/v1/AUTH_81d2c38ea30a402e9f136a8f7455b4ab/gnocchi.2e8d6f72-1513-46bd-bb6f-e805c53459e4?format=json&states=listing" "txf1834c6cdd06442aa876a-006a27d1d6" "proxy-server 20" 0.0032 "-" 23 0
Jun 9 08:41:58 np0000068130 container-server[122203]: 172.20.0.104 - - [09/Jun/2026:08:41:58 +0000] "PUT /d1/923/AUTH_81d2c38ea30a402e9f136a8f7455b4ab/gnocchi.b2c6972b-a199-4b20-9725-43d824e2ad72" 201 - "PUT http://172.18.0.214:8080/v1/AUTH_81d2c38ea30a402e9f136a8f7455b4ab/gnocchi.b2c6972b-a199-4b20-9725-43d824e2ad72" "tx111aedc1fd714a6ca6088-006a27d1d6" "proxy-server 12" 0.0195 "-" 22 0
Jun 9 08:41:58 np0000068130 container-server[122185]: 172.20.0.103 - - [09/Jun/2026:08:41:58 +0000] "GET /d1/648/AUTH_81d2c38ea30a402e9f136a8f7455b4ab/gnocchi.2e8d6f72-1513-46bd-bb6f-e805c53459e4" 200 2 "GET http://172.18.0.214:8080/v1/AUTH_81d2c38ea30a402e9f136a8f7455b4ab/gnocchi.2e8d6f72-1513-46bd-bb6f-e805c53459e4?format=json&states=listing" "txf1834c6cdd06442aa876a-006a27d1d6" "proxy-server 20" 0.0040 "-" 20 0
Jun 9 08:41:58 np0000068130 object-server[122571]: 172.20.0.105 - - [09/Jun/2026:08:41:58 +0000] "GET /d1/992/AUTH_81d2c38ea30a402e9f136a8f7455b4ab/gnocchi.2e8d6f72-1513-46bd-bb6f-e805c53459e4/1780920000.0_mean_300.0_v3" 404 70 "GET http://172.18.0.214:8080/v1/AUTH_81d2c38ea30a402e9f136a8f7455b4ab/gnocchi.2e8d6f72-1513-46bd-bb6f-e805c53459e4/1780920000.0_mean_300.0_v3" "txcb4979fcdc974ff2a84eb-006a27d1d6" "proxy-server 20" 0.0005 "-" 22 0
Jun 9 08:41:58 np0000068130 proxy-server[123933]: 172.18.0.214 172.18.0.104 09/Jun/2026/08/41/58 GET /v1/AUTH_81d2c38ea30a402e9f136a8f7455b4ab/gnocchi.2e8d6f72-1513-46bd-bb6f-e805c53459e4/1780920000.0_mean_300.0_v3 HTTP/1.0 404 - python-swiftclient-3.11.1 gAAAAABqJ9HKhNbl... - 70 - txcb4979fcdc974ff2a84eb-006a27d1d6 - 0.0191 - - 1780994518.857275963 1780994518.876414299 0
Jun 9 08:41:58 np0000068130 account-server[122119]: 172.20.0.103 - - [09/Jun/2026:08:41:58 +0000] "PUT /d1/412/AUTH_81d2c38ea30a402e9f136a8f7455b4ab/gnocchi.b2c6972b-a199-4b20-9725-43d824e2ad72" 201 - "PUT http://172.20.0.103:6001/d1/923/AUTH_81d2c38ea30a402e9f136a8f7455b4ab/gnocchi.b2c6972b-a199-4b20-9725-43d824e2ad72" "tx111aedc1fd714a6ca6088-006a27d1d6" "container-server 14" 0.0071 "-" 23 0
Jun 9 08:41:58 np0000068130 container-server[122192]: 172.20.0.105 - - [09/Jun/2026:08:41:58 +0000] "HEAD /d1/923/AUTH_81d2c38ea30a402e9f136a8f7455b4ab/gnocchi.b2c6972b-a199-4b20-9725-43d824e2ad72" 204 - "HEAD http://172.18.0.214:8080/v1/AUTH_81d2c38ea30a402e9f136a8f7455b4ab/gnocchi.b2c6972b-a199-4b20-9725-43d824e2ad72?format=json&states=listing" "tx6a0ac5ee615046d5b4c6e-006a27d1d6" "proxy-server 20" 0.0019 "-" 21 0
