Jun 9 08:41:58 np0000068130 proxy-server[123933]: - - 09/Jun/2026/08/41/58 HEAD /v1/AUTH_81d2c38ea30a402e9f136a8f7455b4ab/gnocchi.b2c6972b-a199-4b20-9725-43d824e2ad72%3Fformat%3Djson%26states%3Dlisting HTTP/1.0 204 - Swift - - - - tx6a0ac5ee615046d5b4c6e-006a27d1d6 - 0.0066 RL - 1780994518.896342278 1780994518.902983904 0
Jun 9 08:41:58 np0000068130 container-server[122185]: 172.20.0.105 - - [09/Jun/2026:08:41:58 +0000] "PUT /d1/648/AUTH_81d2c38ea30a402e9f136a8f7455b4ab/gnocchi.2e8d6f72-1513-46bd-bb6f-e805c53459e4/1780920000.0_mean_300.0_v3" 201 - "PUT http://172.18.0.214:8080/d1/992/AUTH_81d2c38ea30a402e9f136a8f7455b4ab/gnocchi.2e8d6f72-1513-46bd-bb6f-e805c53459e4/1780920000.0_mean_300.0_v3" "txbd413ca0f4614164af5b4-006a27d1d6" "object-server 23" 0.0009 "-" 20 0
Jun 9 08:41:58 np0000068130 object-server[122574]: 172.20.0.103 - - [09/Jun/2026:08:41:58 +0000] "PUT /d1/992/AUTH_81d2c38ea30a402e9f136a8f7455b4ab/gnocchi.2e8d6f72-1513-46bd-bb6f-e805c53459e4/1780920000.0_mean_300.0_v3" 201 - "PUT http://172.18.0.214:8080/v1/AUTH_81d2c38ea30a402e9f136a8f7455b4ab/gnocchi.2e8d6f72-1513-46bd-bb6f-e805c53459e4/1780920000.0_mean_300.0_v3" "txbd413ca0f4614164af5b4-006a27d1d6" "proxy-server 20" 0.0118 "-" 23 0
Jun 9 08:41:58 np0000068130 proxy-server[123933]: 172.18.0.105 172.18.0.104 09/Jun/2026/08/41/58 GET /v1/AUTH_81d2c38ea30a402e9f136a8f7455b4ab/gnocchi.b2c6972b-a199-4b20-9725-43d824e2ad72%3Fformat%3Djson%26states%3Dlisting HTTP/1.0 200 - python-swiftclient-3.11.1 gAAAAABqJ9GJJLmX... - 2 - tx6a0ac5ee615046d5b4c6e-006a27d1d6 - 0.0233 - - 1780994518.894306660 1780994518.917648792 0
Jun 9 08:41:58 np0000068130 object-server[122583]: 172.20.0.103 - - [09/Jun/2026:08:41:58 +0000] "GET /d1/131/AUTH_81d2c38ea30a402e9f136a8f7455b4ab/gnocchi.b2c6972b-a199-4b20-9725-43d824e2ad72/1780920000.0_mean_300.0_v3" 404 70 "GET http://172.18.0.214:8080/v1/AUTH_81d2c38ea30a402e9f136a8f7455b4ab/gnocchi.b2c6972b-a199-4b20-9725-43d824e2ad72/1780920000.0_mean_300.0_v3" "txf1fc3c97b8d148c5abea5-006a27d1d6" "proxy-server 20" 0.0007 "-" 25 0
Jun 9 08:41:58 np0000068130 container-server[122185]: 172.20.0.105 - - [09/Jun/2026:08:41:58 +0000] "PUT /d1/648/AUTH_81d2c38ea30a402e9f136a8f7455b4ab/gnocchi.2e8d6f72-1513-46bd-bb6f-e805c53459e4/none_v3" 201 - "PUT http://172.18.0.214:8080/d1/88/AUTH_81d2c38ea30a402e9f136a8f7455b4ab/gnocchi.2e8d6f72-1513-46bd-bb6f-e805c53459e4/none_v3" "tx893bb63c999f4824bd47d-006a27d1d6" "object-server 24" 0.0008 "-" 20 0
Jun 9 08:41:58 np0000068130 object-server[122582]: 172.20.0.104 - - [09/Jun/2026:08:41:58 +0000] "PUT /d1/88/AUTH_81d2c38ea30a402e9f136a8f7455b4ab/gnocchi.2e8d6f72-1513-46bd-bb6f-e805c53459e4/none_v3" 201 - "PUT http://172.18.0.214:8080/v1/AUTH_81d2c38ea30a402e9f136a8f7455b4ab/gnocchi.2e8d6f72-1513-46bd-bb6f-e805c53459e4/none_v3" "tx893bb63c999f4824bd47d-006a27d1d6" "proxy-server 12" 0.0143 "-" 24 0
Jun 9 08:41:59 np0000068130 container-server[122203]: 172.20.0.104 - - [09/Jun/2026:08:41:59 +0000] "PUT /d1/923/AUTH_81d2c38ea30a402e9f136a8f7455b4ab/gnocchi.b2c6972b-a199-4b20-9725-43d824e2ad72/1780920000.0_mean_300.0_v3" 201 - "PUT http://172.18.0.214:8080/d1/131/AUTH_81d2c38ea30a402e9f136a8f7455b4ab/gnocchi.b2c6972b-a199-4b20-9725-43d824e2ad72/1780920000.0_mean_300.0_v3" "txf2b0a6be654a478c901c9-006a27d1d6" "object-server 25" 0.0007 "-" 22 0
Jun 9 08:41:59 np0000068130 object-server[122574]: 172.20.0.105 - - [09/Jun/2026:08:41:59 +0000] "PUT /d1/131/AUTH_81d2c38ea30a402e9f136a8f7455b4ab/gnocchi.b2c6972b-a199-4b20-9725-43d824e2ad72/1780920000.0_mean_300.0_v3" 201 - "PUT http://172.18.0.214:8080/v1/AUTH_81d2c38ea30a402e9f136a8f7455b4ab/gnocchi.b2c6972b-a199-4b20-9725-43d824e2ad72/1780920000.0_mean_300.0_v3" "txf2b0a6be654a478c901c9-006a27d1d6" "proxy-server 20" 0.0143 "-" 23 0
Jun 9 08:41:59 np0000068130 proxy-server[123933]: 172.18.0.105 172.18.0.104 09/Jun/2026/08/41/59 PUT /v1/AUTH_81d2c38ea30a402e9f136a8f7455b4ab/gnocchi.b2c6972b-a199-4b20-9725-43d824e2ad72/1780920000.0_mean_300.0_v3 HTTP/1.0 201 - python-swiftclient-3.11.1 gAAAAABqJ9GJJLmX... 16 - - txf2b0a6be654a478c901c9-006a27d1d6 - 0.0682 - - 1780994518.948596239 1780994519.016813040 0
Jun 9 08:41:59 np0000068130 container-server[122208]: 172.20.0.103 - - [09/Jun/2026:08:41:59 +0000] "PUT /d1/923/AUTH_81d2c38ea30a402e9f136a8f7455b4ab/gnocchi.b2c6972b-a199-4b20-9725-43d824e2ad72/none_v3" 201 - "PUT http://172.18.0.214:8080/d1/552/AUTH_81d2c38ea30a402e9f136a8f7455b4ab/gnocchi.b2c6972b-a199-4b20-9725-43d824e2ad72/none_v3" "tx6b7b778d9c2142a9ac27e-006a27d1d7" "object-server 24" 0.0008 "-" 23 0
Jun 9 08:41:59 np0000068130 object-server[122582]: 172.20.0.104 - - [09/Jun/2026:08:41:59 +0000] "PUT /d1/552/AUTH_81d2c38ea30a402e9f136a8f7455b4ab/gnocchi.b2c6972b-a199-4b20-9725-43d824e2ad72/none_v3" 201 - "PUT http://172.18.0.214:8080/v1/AUTH_81d2c38ea30a402e9f136a8f7455b4ab/gnocchi.b2c6972b-a199-4b20-9725-43d824e2ad72/none_v3" "tx6b7b778d9c2142a9ac27e-006a27d1d7" "proxy-server 12" 0.0147 "-" 24 0
Jun 9 08:41:59 np0000068130 container-server[122203]: 172.20.0.103 - - [09/Jun/2026:08:41:59 +0000] "HEAD /d1/855/AUTH_81d2c38ea30a402e9f136a8f7455b4ab/gnocchi.ab6d7641-aebc-43a6-abaf-2f68318d33ef" 404 - "HEAD http://172.18.0.214:8080/v1/AUTH_81d2c38ea30a402e9f136a8f7455b4ab/gnocchi.ab6d7641-aebc-43a6-abaf-2f68318d33ef?format=json&states=listing" "txa4e7d52dc06f4c4abd42c-006a27d1d7" "proxy-server 20" 0.0006 "-" 22 0
Jun 9 08:41:59 np0000068130 object-server[122571]: 172.20.0.103 - - [09/Jun/2026:08:41:59 +0000] "GET /d1/284/AUTH_81d2c38ea30a402e9f136a8f7455b4ab/gnocchi.ab6d7641-aebc-43a6-abaf-2f68318d33ef/none_v3" 404 70 "GET http://172.18.0.214:8080/v1/AUTH_81d2c38ea30a402e9f136a8f7455b4ab/gnocchi.ab6d7641-aebc-43a6-abaf-2f68318d33ef/none_v3" "txa4e7d52dc06f4c4abd42c-006a27d1d7" "proxy-server 20" 0.0005 "-" 22 0
Jun 9 08:41:59 np0000068130 account-server[122071]: 172.20.0.105 - - [09/Jun/2026:08:41:59 +0000] "PUT /d1/412/AUTH_81d2c38ea30a402e9f136a8f7455b4ab/gnocchi.ab6d7641-aebc-43a6-abaf-2f68318d33ef" 201 - "PUT http://172.20.0.105:6001/d1/855/AUTH_81d2c38ea30a402e9f136a8f7455b4ab/gnocchi.ab6d7641-aebc-43a6-abaf-2f68318d33ef" "txf1c5cf7ee1c641dca1f9c-006a27d1d7" "container-server 20" 0.0049 "-" 19 0
Jun 9 08:41:59 np0000068130 container-server[122185]: 172.20.0.105 - - [09/Jun/2026:08:41:59 +0000] "PUT /d1/855/AUTH_81d2c38ea30a402e9f136a8f7455b4ab/gnocchi.ab6d7641-aebc-43a6-abaf-2f68318d33ef" 201 - "PUT http://172.18.0.214:8080/v1/AUTH_81d2c38ea30a402e9f136a8f7455b4ab/gnocchi.ab6d7641-aebc-43a6-abaf-2f68318d33ef" "txf1c5cf7ee1c641dca1f9c-006a27d1d7" "proxy-server 20" 0.0181 "-" 20 0
Jun 9 08:41:59 np0000068130 proxy-server[123933]: 172.18.0.103 172.18.0.104 09/Jun/2026/08/41/59 PUT /v1/AUTH_81d2c38ea30a402e9f136a8f7455b4ab/gnocchi.ab6d7641-aebc-43a6-abaf-2f68318d33ef HTTP/1.0 201 - python-swiftclient-3.11.1 gAAAAABqJ9HWsNi3... - - - txf1c5cf7ee1c641dca1f9c-006a27d1d7 - 0.0355 - - 1780994519.095145941 1780994519.130601645 0
Jun 9 08:41:59 np0000068130 container-server[122192]: 172.20.0.104 - - [09/Jun/2026:08:41:59 +0000] "HEAD /d1/855/AUTH_81d2c38ea30a402e9f136a8f7455b4ab/gnocchi.ab6d7641-aebc-43a6-abaf-2f68318d33ef" 204 - "HEAD http://172.18.0.214:8080/v1/AUTH_81d2c38ea30a402e9f136a8f7455b4ab/gnocchi.ab6d7641-aebc-43a6-abaf-2f68318d33ef?format=json&states=listing" "txa0b3fbcf82b34ed584acd-006a27d1d7" "proxy-server 12" 0.0016 "-" 21 0
Jun 9 08:41:59 np0000068130 container-server[122192]: 172.20.0.104 - - [09/Jun/2026:08:41:59 +0000] "GET /d1/855/AUTH_81d2c38ea30a402e9f136a8f7455b4ab/gnocchi.ab6d7641-aebc-43a6-abaf-2f68318d33ef" 200 2 "GET http://172.18.0.214:8080/v1/AUTH_81d2c38ea30a402e9f136a8f7455b4ab/gnocchi.ab6d7641-aebc-43a6-abaf-2f68318d33ef?format=json&states=listing" "txa0b3fbcf82b34ed584acd-006a27d1d7" "proxy-server 12" 0.0022 "-" 21 0
Jun 9 08:41:59 np0000068130 object-server[122574]: 172.20.0.103 - - [09/Jun/2026:08:41:59 +0000] "GET /d1/801/AUTH_81d2c38ea30a402e9f136a8f7455b4ab/gnocchi.ab6d7641-aebc-43a6-abaf-2f68318d33ef/1780920000.0_mean_300.0_v3" 404 70 "GET http://172.18.0.214:8080/v1/AUTH_81d2c38ea30a402e9f136a8f7455b4ab/gnocchi.ab6d7641-aebc-43a6-abaf-2f68318d33ef/1780920000.0_mean_300.0_v3" "tx6638580649494ec9ac051-006a27d1d7" "proxy-server 20" 0.0005 "-" 23 0
Jun 9 08:41:59 np0000068130 container-server[122208]: 172.20.0.103 - - [09/Jun/2026:08:41:59 +0000] "PUT /d1/855/AUTH_81d2c38ea30a402e9f136a8f7455b4ab/gnocchi.ab6d7641-aebc-43a6-abaf-2f68318d33ef/1780920000.0_mean_300.0_v3" 201 - "PUT http://172.18.0.214:8080/d1/801/AUTH_81d2c38ea30a402e9f136a8f7455b4ab/gnocchi.ab6d7641-aebc-43a6-abaf-2f68318d33ef/1780920000.0_mean_300.0_v3" "tx615f7fd8a2b14069bd29a-006a27d1d7" "object-server 22" 0.0011 "-" 23 0
Jun 9 08:41:59 np0000068130 object-server[122574]: 172.20.0.105 - - [09/Jun/2026:08:41:59 +0000] "PUT /d1/801/AUTH_81d2c38ea30a402e9f136a8f7455b4ab/gnocchi.ab6d7641-aebc-43a6-abaf-2f68318d33ef/1780920000.0_mean_300.0_v3" 201 - "PUT http://172.18.0.214:8080/v1/AUTH_81d2c38ea30a402e9f136a8f7455b4ab/gnocchi.ab6d7641-aebc-43a6-abaf-2f68318d33ef/1780920000.0_mean_300.0_v3" "tx615f7fd8a2b14069bd29a-006a27d1d7" "proxy-server 20" 0.0130 "-" 23 0
Jun 9 08:41:59 np0000068130 proxy-server[123933]: 172.18.0.103 172.18.0.104 09/Jun/2026/08/41/59 PUT /v1/AUTH_81d2c38ea30a402e9f136a8f7455b4ab/gnocchi.ab6d7641-aebc-43a6-abaf-2f68318d33ef/1780920000.0_mean_300.0_v3 HTTP/1.0 201 - python-swiftclient-3.11.1 gAAAAABqJ9HWsNi3... 16 - - tx615f7fd8a2b14069bd29a-006a27d1d7 - 0.0213 - - 1780994519.184187889 1780994519.205471754 0
Jun 9 08:41:59 np0000068130 object-server[122582]: 172.20.0.104 - - [09/Jun/2026:08:41:59 +0000] "PUT /d1/284/AUTH_81d2c38ea30a402e9f136a8f7455b4ab/gnocchi.ab6d7641-aebc-43a6-abaf-2f68318d33ef/none_v3" 201 - "PUT http://172.18.0.214:8080/v1/AUTH_81d2c38ea30a402e9f136a8f7455b4ab/gnocchi.ab6d7641-aebc-43a6-abaf-2f68318d33ef/none_v3" "tx00fa534a0d9e449dac63d-006a27d1d7" "proxy-server 12" 0.0120 "-" 24 0
Jun 9 08:41:59 np0000068130 container-server[122203]: 172.20.0.104 - - [09/Jun/2026:08:41:59 +0000] "PUT /d1/855/AUTH_81d2c38ea30a402e9f136a8f7455b4ab/gnocchi.ab6d7641-aebc-43a6-abaf-2f68318d33ef/none_v3" 201 - "PUT http://172.18.0.214:8080/d1/284/AUTH_81d2c38ea30a402e9f136a8f7455b4ab/gnocchi.ab6d7641-aebc-43a6-abaf-2f68318d33ef/none_v3" "tx00fa534a0d9e449dac63d-006a27d1d7" "object-server 25" 0.0008 "-" 22 0
Jun 9 08:42:10 np0000068130 account-server[122083]: 172.20.0.104 - - [09/Jun/2026:08:42:10 +0000] "HEAD /d1/231/.expiring_objects" 404 - "HEAD http://localhost/v1/.expiring_objects?format=json" "tx6fac19c49e9c408dac2eb-006a27d1e2" "proxy-server 2" 0.0010 "-" 21 -
Jun 9 08:42:15 np0000068130 object-server[122296]: Starting object replication pass.
Jun 9 08:42:16 np0000068130 object-server[122296]: 16/16 (100.00%) partitions replicated in 0.74s (21.76/sec, 0s remaining)
Jun 9 08:42:16 np0000068130 object-server[122296]: 32 successes, 0 failures
Jun 9 08:42:16 np0000068130 object-server[122296]: 16 suffixes checked - 0.00% hashed, 0.00% synced
Jun 9 08:42:16 np0000068130 object-server[122296]: Partition times: max 0.5305s, min 0.0072s, med 0.0144s
Jun 9 08:42:16 np0000068130 object-server[122296]: Object replication complete. (0.01 minutes)
Jun 9 08:42:17 np0000068130 object-server[214195]: Begin object audit "forever" mode (ZBF)
Jun 9 08:42:17 np0000068130 object-server[214195]: Object audit (ZBF). Since Tue Jun 9 08:42:17 2026: Locally: 1 passed, 0 quarantined, 0 errors, files/sec: 1189.20, bytes/sec: 0.00, Total time: 0.00, Auditing time: 0.00, Rate: 0.00
Jun 9 08:42:17 np0000068130 object-server[214195]: Object audit (ZBF) "forever" mode completed: 0.28s. Total quarantined: 0, Total errors: 0, Total files/sec: 56.60, Total bytes/sec: 0.00, Auditing time: 0.28, Rate: 0.99
Jun 9 08:42:21 np0000068130 account-server[121665]: Beginning replication run
Jun 9 08:42:22 np0000068130 account-server[121665]: Replication run OVER
Jun 9 08:42:22 np0000068130 account-server[121665]: Attempted to replicate 1 dbs in 0.02504 seconds (39.93190/s)
Jun 9 08:42:22 np0000068130 account-server[121665]: Removed 0 dbs
Jun 9 08:42:22 np0000068130 account-server[121665]: 2 successes, 0 failures
Jun 9 08:42:22 np0000068130 account-server[121665]: diff:0 diff_capped:0 empty:0 hashmatch:0 no_change:2 remote_merge:0 rsync:0 ts_repl:0
Jun 9 08:42:25 np0000068130 container-server[121782]: Beginning replication run
Jun 9 08:42:25 np0000068130 container-server[121782]: Replication run OVER
Jun 9 08:42:25 np0000068130 container-server[121782]: Attempted to replicate 8 dbs in 0.19079 seconds (41.93065/s)
Jun 9 08:42:25 np0000068130 container-server[121782]: Removed 0 dbs
Jun 9 08:42:25 np0000068130 container-server[121782]: 16 successes, 0 failures
Jun 9 08:42:25 np0000068130 container-server[121782]: diff:0 diff_capped:0 empty:0 hashmatch:0 no_change:16 remote_merge:0 rsync:0 ts_repl:0
Jun 9 08:42:46 np0000068130 object-server[122296]: Starting object replication pass.
Jun 9 08:42:46 np0000068130 object-server[122296]: 16/16 (100.00%) partitions replicated in 0.17s (92.74/sec, 0s remaining)
Jun 9 08:42:46 np0000068130 object-server[122296]: 32 successes, 0 failures
Jun 9 08:42:46 np0000068130 object-server[122296]: 16 suffixes checked - 0.00% hashed, 0.00% synced
Jun 9 08:42:46 np0000068130 object-server[122296]: Partition times: max 0.0187s, min 0.0073s, med 0.0090s
Jun 9 08:42:46 np0000068130 object-server[122296]: Object replication complete. (0.00 minutes)
Jun 9 08:42:47 np0000068130 object-server[219870]: Begin object audit "forever" mode (ZBF)
Jun 9 08:42:47 np0000068130 object-server[219871]: Begin object audit "forever" mode (ALL)
Jun 9 08:42:47 np0000068130 object-server[219870]: Object audit (ZBF). Since Tue Jun 9 08:42:47 2026: Locally: 1 passed, 0 quarantined, 0 errors, files/sec: 510.13, bytes/sec: 0.00, Total time: 0.00, Auditing time: 0.00, Rate: 0.00
Jun 9 08:42:47 np0000068130 object-server[219871]: Object audit (ALL). Since Tue Jun 9 08:42:47 2026: Locally: 1 passed, 0 quarantined, 0 errors, files/sec: 131.17, bytes/sec: 2098.79, Total time: 0.01, Auditing time: 0.00, Rate: 0.00
Jun 9 08:42:48 np0000068130 object-server[219870]: Object audit (ZBF) "forever" mode completed: 0.28s. Total quarantined: 0, Total errors: 0, Total files/sec: 56.44, Total bytes/sec: 0.00, Auditing time: 0.28, Rate: 0.98
Jun 9 08:42:48 np0000068130 object-server[219871]: Object audit (ALL) "forever" mode completed: 0.71s. Total quarantined: 0, Total errors: 0, Total files/sec: 22.54, Total bytes/sec: 442.25, Auditing time: 0.70, Rate: 0.99
Jun 9 08:42:51 np0000068130 account-server[121665]: Beginning replication run
Jun 9 08:42:52 np0000068130 account-server[121665]: Replication run OVER
Jun 9 08:42:52 np0000068130 account-server[121665]: Attempted to replicate 1 dbs in 0.01625 seconds (61.52223/s)
Jun 9 08:42:52 np0000068130 account-server[121665]: Removed 0 dbs
Jun 9 08:42:52 np0000068130 account-server[121665]: 2 successes, 0 failures
Jun 9 08:42:52 np0000068130 account-server[121665]: diff:0 diff_capped:0 empty:0 hashmatch:0 no_change:2 remote_merge:0 rsync:0 ts_repl:0
Jun 9 08:42:55 np0000068130 container-server[121782]: Beginning replication run
Jun 9 08:42:55 np0000068130 container-server[121782]: Replication run OVER
Jun 9 08:42:55 np0000068130 container-server[121782]: Attempted to replicate 8 dbs in 0.24594 seconds (32.52888/s)
Jun 9 08:42:55 np0000068130 container-server[121782]: Removed 0 dbs
Jun 9 08:42:55 np0000068130 container-server[121782]: 16 successes, 0 failures
Jun 9 08:42:55 np0000068130 container-server[121782]: diff:0 diff_capped:0 empty:0 hashmatch:0 no_change:16 remote_merge:0 rsync:0 ts_repl:0
Jun 9 08:43:10 np0000068130 account-server[122083]: 172.20.0.105 - - [09/Jun/2026:08:43:10 +0000] "HEAD /d1/231/.expiring_objects" 404 - "HEAD http://localhost/v1/.expiring_objects?format=json" "txbf53ae4355b945259e5e5-006a27d21e" "proxy-server 2" 0.0012 "-" 21 -
Jun 9 08:43:10 np0000068130 object-expirer[122222]: Pass completed in 0s; 0 objects expired (txn: txbf53ae4355b945259e5e5-006a27d21e)
Jun 9 08:43:16 np0000068130 object-server[122296]: Starting object replication pass.
Jun 9 08:43:16 np0000068130 object-server[122296]: 16/16 (100.00%) partitions replicated in 0.16s (99.71/sec, 0s remaining)
Jun 9 08:43:16 np0000068130 object-server[122296]: 32 successes, 0 failures
Jun 9 08:43:16 np0000068130 object-server[122296]: 16 suffixes checked - 0.00% hashed, 0.00% synced
Jun 9 08:43:16 np0000068130 object-server[122296]: Partition times: max 0.0134s, min 0.0070s, med 0.0092s
Jun 9 08:43:16 np0000068130 object-server[122296]: Object replication complete. (0.00 minutes)
Jun 9 08:43:18 np0000068130 object-server[219916]: Begin object audit "forever" mode (ZBF)
Jun 9 08:43:18 np0000068130 object-server[219916]: Object audit (ZBF). Since Tue Jun 9 08:43:18 2026: Locally: 1 passed, 0 quarantined, 0 errors, files/sec: 580.29, bytes/sec: 0.00, Total time: 0.00, Auditing time: 0.00, Rate: 0.00
Jun 9 08:43:18 np0000068130 object-server[219916]: Object audit (ZBF) "forever" mode completed: 0.28s. Total quarantined: 0, Total errors: 0, Total files/sec: 56.51, Total bytes/sec: 0.00, Auditing time: 0.28, Rate: 0.98
Jun 9 08:43:20 np0000068130 account-server[122083]: 172.20.0.103 - - [09/Jun/2026:08:43:20 +0000] "HEAD /d1/412/AUTH_81d2c38ea30a402e9f136a8f7455b4ab" 204 - "HEAD http://172.18.0.214:8080/v1/AUTH_81d2c38ea30a402e9f136a8f7455b4ab?format=json" "txd4984808f21340fb86713-006a27d228" "proxy-server 20" 0.0064 "-" 21 -
Jun 9 08:43:20 np0000068130 container-server[122192]: 172.20.0.103 - - [09/Jun/2026:08:43:20 +0000] "HEAD /d1/594/AUTH_81d2c38ea30a402e9f136a8f7455b4ab/gnocchi.c8225394-25ee-418d-a3b5-1a802f532efd" 404 - "HEAD http://172.18.0.214:8080/v1/AUTH_81d2c38ea30a402e9f136a8f7455b4ab/gnocchi.c8225394-25ee-418d-a3b5-1a802f532efd?format=json&states=listing" "txd4984808f21340fb86713-006a27d228" "proxy-server 20" 0.0018 "-" 21 0
Jun 9 08:43:20 np0000068130 container-server[122203]: 172.20.0.105 - - [09/Jun/2026:08:43:20 +0000] "HEAD /d1/911/AUTH_81d2c38ea30a402e9f136a8f7455b4ab/gnocchi.1bcd6e8a-cc6b-484f-87f9-2cc68108e0e3" 404 - "HEAD http://172.18.0.214:8080/v1/AUTH_81d2c38ea30a402e9f136a8f7455b4ab/gnocchi.1bcd6e8a-cc6b-484f-87f9-2cc68108e0e3?format=json&states=listing" "txb3ef35259ea84bf3a0fc6-006a27d228" "proxy-server 20" 0.0004 "-" 22 0
Jun 9 08:43:20 np0000068130 object-server[122582]: 172.20.0.103 - - [09/Jun/2026:08:43:20 +0000] "GET /d1/115/AUTH_81d2c38ea30a402e9f136a8f7455b4ab/gnocchi.c8225394-25ee-418d-a3b5-1a802f532efd/none_v3" 404 70 "GET http://172.18.0.214:8080/v1/AUTH_81d2c38ea30a402e9f136a8f7455b4ab/gnocchi.c8225394-25ee-418d-a3b5-1a802f532efd/none_v3" "txd4984808f21340fb86713-006a27d228" "proxy-server 20" 0.0009 "-" 24 0
Jun 9 08:43:20 np0000068130 container-server[122185]: 172.20.0.104 - - [09/Jun/2026:08:43:20 +0000] "HEAD /d1/946/AUTH_81d2c38ea30a402e9f136a8f7455b4ab/gnocchi.8dfa6f77-487d-4603-b70f-ba601b8370f9" 404 - "HEAD http://172.18.0.214:8080/v1/AUTH_81d2c38ea30a402e9f136a8f7455b4ab/gnocchi.8dfa6f77-487d-4603-b70f-ba601b8370f9?format=json&states=listing" "tx82c2808d48d84abaa2f45-006a27d228" "proxy-server 12" 0.0005 "-" 20 0
Jun 9 08:43:20 np0000068130 object-server[122574]: 172.20.0.105 - - [09/Jun/2026:08:43:20 +0000] "GET /d1/156/AUTH_81d2c38ea30a402e9f136a8f7455b4ab/gnocchi.1bcd6e8a-cc6b-484f-87f9-2cc68108e0e3/none_v3" 404 70 "GET http://172.18.0.214:8080/v1/AUTH_81d2c38ea30a402e9f136a8f7455b4ab/gnocchi.1bcd6e8a-cc6b-484f-87f9-2cc68108e0e3/none_v3" "txb3ef35259ea84bf3a0fc6-006a27d228" "proxy-server 20" 0.0012 "-" 23 0
Jun 9 08:43:20 np0000068130 proxy-server[123933]: 172.18.0.105 172.18.0.104 09/Jun/2026/08/43/20 GET /v1/AUTH_81d2c38ea30a402e9f136a8f7455b4ab/gnocchi.1bcd6e8a-cc6b-484f-87f9-2cc68108e0e3/none_v3 HTTP/1.0 404 - python-swiftclient-3.11.1 gAAAAABqJ9GJJLmX... - 70 - txb3ef35259ea84bf3a0fc6-006a27d228 - 0.0337 - - 1780994600.191911697 1780994600.225584269 0
Jun 9 08:43:20 np0000068130 object-server[122582]: 172.20.0.104 - - [09/Jun/2026:08:43:20 +0000] "GET /d1/283/AUTH_81d2c38ea30a402e9f136a8f7455b4ab/gnocchi.8dfa6f77-487d-4603-b70f-ba601b8370f9/none_v3" 404 70 "GET http://172.18.0.214:8080/v1/AUTH_81d2c38ea30a402e9f136a8f7455b4ab/gnocchi.8dfa6f77-487d-4603-b70f-ba601b8370f9/none_v3" "tx82c2808d48d84abaa2f45-006a27d228" "proxy-server 12" 0.0003 "-" 24 0
Jun 9 08:43:20 np0000068130 account-server[122083]: 172.20.0.103 - - [09/Jun/2026:08:43:20 +0000] "PUT /d1/412/AUTH_81d2c38ea30a402e9f136a8f7455b4ab/gnocchi.1bcd6e8a-cc6b-484f-87f9-2cc68108e0e3" 201 - "PUT http://172.20.0.103:6001/d1/911/AUTH_81d2c38ea30a402e9f136a8f7455b4ab/gnocchi.1bcd6e8a-cc6b-484f-87f9-2cc68108e0e3" "txd865f529ba1545f289f6f-006a27d228" "container-server 16" 0.0023 "-" 21 0
Jun 9 08:43:20 np0000068130 container-server[122208]: 172.20.0.105 - - [09/Jun/2026:08:43:20 +0000] "PUT /d1/911/AUTH_81d2c38ea30a402e9f136a8f7455b4ab/gnocchi.1bcd6e8a-cc6b-484f-87f9-2cc68108e0e3" 201 - "PUT http://172.18.0.214:8080/v1/AUTH_81d2c38ea30a402e9f136a8f7455b4ab/gnocchi.1bcd6e8a-cc6b-484f-87f9-2cc68108e0e3" "txd865f529ba1545f289f6f-006a27d228" "proxy-server 20" 0.0231 "-" 23 0
Jun 9 08:43:20 np0000068130 account-server[122071]: 172.20.0.105 - - [09/Jun/2026:08:43:20 +0000] "PUT /d1/412/AUTH_81d2c38ea30a402e9f136a8f7455b4ab/gnocchi.c8225394-25ee-418d-a3b5-1a802f532efd" 201 - "PUT http://172.20.0.105:6001/d1/594/AUTH_81d2c38ea30a402e9f136a8f7455b4ab/gnocchi.c8225394-25ee-418d-a3b5-1a802f532efd" "txfb26eb29f81c4eeb8c645-006a27d228" "container-server 23" 0.0091 "-" 19 0
Jun 9 08:43:20 np0000068130 container-server[122208]: 172.20.0.103 - - [09/Jun/2026:08:43:20 +0000] "PUT /d1/594/AUTH_81d2c38ea30a402e9f136a8f7455b4ab/gnocchi.c8225394-25ee-418d-a3b5-1a802f532efd" 201 - "PUT http://172.18.0.214:8080/v1/AUTH_81d2c38ea30a402e9f136a8f7455b4ab/gnocchi.c8225394-25ee-418d-a3b5-1a802f532efd" "txfb26eb29f81c4eeb8c645-006a27d228" "proxy-server 20" 0.0188 "-" 23 0
Jun 9 08:43:20 np0000068130 container-server[122185]: 172.20.0.104 - - [09/Jun/2026:08:43:20 +0000] "PUT /d1/946/AUTH_81d2c38ea30a402e9f136a8f7455b4ab/gnocchi.8dfa6f77-487d-4603-b70f-ba601b8370f9" 201 - "PUT http://172.18.0.214:8080/v1/AUTH_81d2c38ea30a402e9f136a8f7455b4ab/gnocchi.8dfa6f77-487d-4603-b70f-ba601b8370f9" "txfb2af16fae2646aeab4d5-006a27d228" "proxy-server 12" 0.0145 "-" 20 0
Jun 9 08:43:20 np0000068130 proxy-server[123933]: 172.18.0.105 172.18.0.104 09/Jun/2026/08/43/20 PUT /v1/AUTH_81d2c38ea30a402e9f136a8f7455b4ab/gnocchi.1bcd6e8a-cc6b-484f-87f9-2cc68108e0e3 HTTP/1.0 201 - python-swiftclient-3.11.1 gAAAAABqJ9GJJLmX... - - - txd865f529ba1545f289f6f-006a27d228 - 0.0570 - - 1780994600.231237411 1780994600.288262606 0
Jun 9 08:43:20 np0000068130 account-server[122119]: 172.20.0.104 - - [09/Jun/2026:08:43:20 +0000] "PUT /d1/412/AUTH_81d2c38ea30a402e9f136a8f7455b4ab/gnocchi.8dfa6f77-487d-4603-b70f-ba601b8370f9" 201 - "PUT http://172.20.0.104:6001/d1/946/AUTH_81d2c38ea30a402e9f136a8f7455b4ab/gnocchi.8dfa6f77-487d-4603-b70f-ba601b8370f9" "txfb2af16fae2646aeab4d5-006a27d228" "container-server 22" 0.0058 "-" 23 0
Jun 9 08:43:20 np0000068130 proxy-server[123933]: - - 09/Jun/2026/08/43/20 HEAD /v1/AUTH_81d2c38ea30a402e9f136a8f7455b4ab/gnocchi.1bcd6e8a-cc6b-484f-87f9-2cc68108e0e3%3Fformat%3Djson%26states%3Dlisting HTTP/1.0 204 - Swift - - - - tx3700eb29159c45b898bdf-006a27d228 - 0.0068 RL - 1780994600.296151638 1780994600.302980185 0
Jun 9 08:43:20 np0000068130 container-server[122203]: 172.20.0.103 - - [09/Jun/2026:08:43:20 +0000] "HEAD /d1/594/AUTH_81d2c38ea30a402e9f136a8f7455b4ab/gnocchi.c8225394-25ee-418d-a3b5-1a802f532efd" 204 - "HEAD http://172.18.0.214:8080/v1/AUTH_81d2c38ea30a402e9f136a8f7455b4ab/gnocchi.c8225394-25ee-418d-a3b5-1a802f532efd?format=json&states=listing" "txba3bfd04040c40c6a3a75-006a27d228" "proxy-server 20" 0.0024 "-" 22 0
Jun 9 08:43:20 np0000068130 proxy-server[123933]: 172.18.0.105 172.18.0.104 09/Jun/2026/08/43/20 GET /v1/AUTH_81d2c38ea30a402e9f136a8f7455b4ab/gnocchi.1bcd6e8a-cc6b-484f-87f9-2cc68108e0e3%3Fformat%3Djson%26states%3Dlisting HTTP/1.0 200 - python-swiftclient-3.11.1 gAAAAABqJ9GJJLmX... - 2 - tx3700eb29159c45b898bdf-006a27d228 - 0.0239 - - 1780994600.294603109 1780994600.318481445 0
Jun 9 08:43:20 np0000068130 object-server[122582]: 172.20.0.105 - - [09/Jun/2026:08:43:20 +0000] "GET /d1/726/AUTH_81d2c38ea30a402e9f136a8f7455b4ab/gnocchi.1bcd6e8a-cc6b-484f-87f9-2cc68108e0e3/1780920000.0_mean_300.0_v3" 404 70 "GET http://172.18.0.214:8080/v1/AUTH_81d2c38ea30a402e9f136a8f7455b4ab/gnocchi.1bcd6e8a-cc6b-484f-87f9-2cc68108e0e3/1780920000.0_mean_300.0_v3" "tx42711e4a7e9541f7aec9e-006a27d228" "proxy-server 20" 0.0006 "-" 24 0
Jun 9 08:43:20 np0000068130 object-server[122574]: 172.20.0.104 - - [09/Jun/2026:08:43:20 +0000] "GET /d1/635/AUTH_81d2c38ea30a402e9f136a8f7455b4ab/gnocchi.8dfa6f77-487d-4603-b70f-ba601b8370f9/1780920000.0_mean_300.0_v3" 404 70 "GET http://172.18.0.214:8080/v1/AUTH_81d2c38ea30a402e9f136a8f7455b4ab/gnocchi.8dfa6f77-487d-4603-b70f-ba601b8370f9/1780920000.0_mean_300.0_v3" "tx459ac09f579c433793385-006a27d228" "proxy-server 12" 0.0007 "-" 23 0
Jun 9 08:43:20 np0000068130 proxy-server[123933]: 172.18.0.105 172.18.0.104 09/Jun/2026/08/43/20 GET /v1/AUTH_81d2c38ea30a402e9f136a8f7455b4ab/gnocchi.1bcd6e8a-cc6b-484f-87f9-2cc68108e0e3/1780920000.0_mean_300.0_v3 HTTP/1.0 404 - python-swiftclient-3.11.1 gAAAAABqJ9GJJLmX... - 70 - tx42711e4a7e9541f7aec9e-006a27d228 - 0.0149 - - 1780994600.326647997 1780994600.341523647 0
Jun 9 08:43:20 np0000068130 object-server[122582]: 172.20.0.103 - - [09/Jun/2026:08:43:20 +0000] "GET /d1/814/AUTH_81d2c38ea30a402e9f136a8f7455b4ab/gnocchi.c8225394-25ee-418d-a3b5-1a802f532efd/1780920000.0_mean_300.0_v3" 404 70 "GET http://172.18.0.214:8080/v1/AUTH_81d2c38ea30a402e9f136a8f7455b4ab/gnocchi.c8225394-25ee-418d-a3b5-1a802f532efd/1780920000.0_mean_300.0_v3" "txa2f4cbc5cfa6409da0c18-006a27d228" "proxy-server 20" 0.0004 "-" 24 0
Jun 9 08:43:20 np0000068130 container-server[122192]: 172.20.0.105 - - [09/Jun/2026:08:43:20 +0000] "PUT /d1/911/AUTH_81d2c38ea30a402e9f136a8f7455b4ab/gnocchi.1bcd6e8a-cc6b-484f-87f9-2cc68108e0e3/1780920000.0_mean_300.0_v3" 201 - "PUT http://172.18.0.214:8080/d1/726/AUTH_81d2c38ea30a402e9f136a8f7455b4ab/gnocchi.1bcd6e8a-cc6b-484f-87f9-2cc68108e0e3/1780920000.0_mean_300.0_v3" "tx440f7505aa0c46e287d10-006a27d228" "object-server 25" 0.0014 "-" 21 0
Jun 9 08:43:20 np0000068130 object-server[122583]: 172.20.0.105 - - [09/Jun/2026:08:43:20 +0000] "PUT /d1/726/AUTH_81d2c38ea30a402e9f136a8f7455b4ab/gnocchi.1bcd6e8a-cc6b-484f-87f9-2cc68108e0e3/1780920000.0_mean_300.0_v3" 201 - "PUT http://172.18.0.214:8080/v1/AUTH_81d2c38ea30a402e9f136a8f7455b4ab/gnocchi.1bcd6e8a-cc6b-484f-87f9-2cc68108e0e3/1780920000.0_mean_300.0_v3" "tx440f7505aa0c46e287d10-006a27d228" "proxy-server 20" 0.0137 "-" 25 0
Jun 9 08:43:20 np0000068130 proxy-server[123933]: 172.18.0.105 172.18.0.104 09/Jun/2026/08/43/20 PUT /v1/AUTH_81d2c38ea30a402e9f136a8f7455b4ab/gnocchi.1bcd6e8a-cc6b-484f-87f9-2cc68108e0e3/1780920000.0_mean_300.0_v3 HTTP/1.0 201 - python-swiftclient-3.11.1 gAAAAABqJ9GJJLmX... 16 - - tx440f7505aa0c46e287d10-006a27d228 - 0.0234 - - 1780994600.346146822 1780994600.369573355 0
Jun 9 08:43:20 np0000068130 container-server[122208]: 172.20.0.104 - - [09/Jun/2026:08:43:20 +0000] "PUT /d1/946/AUTH_81d2c38ea30a402e9f136a8f7455b4ab/gnocchi.8dfa6f77-487d-4603-b70f-ba601b8370f9/1780920000.0_mean_300.0_v3" 201 - "PUT http://172.18.0.214:8080/d1/635/AUTH_81d2c38ea30a402e9f136a8f7455b4ab/gnocchi.8dfa6f77-487d-4603-b70f-ba601b8370f9/1780920000.0_mean_300.0_v3" "tx845fd02b208d4ecb8ed18-006a27d228" "object-server 25" 0.0009 "-" 23 0
Jun 9 08:43:20 np0000068130 object-server[122574]: 172.20.0.104 - - [09/Jun/2026:08:43:20 +0000] "PUT /d1/635/AUTH_81d2c38ea30a402e9f136a8f7455b4ab/gnocchi.8dfa6f77-487d-4603-b70f-ba601b8370f9/1780920000.0_mean_300.0_v3" 201 - "PUT http://172.18.0.214:8080/v1/AUTH_81d2c38ea30a402e9f136a8f7455b4ab/gnocchi.8dfa6f77-487d-4603-b70f-ba601b8370f9/1780920000.0_mean_300.0_v3" "tx845fd02b208d4ecb8ed18-006a27d228" "proxy-server 12" 0.0174 "-" 23 0
Jun 9 08:43:20 np0000068130 container-server[122203]: 172.20.0.104 - - [09/Jun/2026:08:43:20 +0000] "PUT /d1/594/AUTH_81d2c38ea30a402e9f136a8f7455b4ab/gnocchi.c8225394-25ee-418d-a3b5-1a802f532efd/1780920000.0_mean_300.0_v3" 201 - "PUT http://172.18.0.214:8080/d1/814/AUTH_81d2c38ea30a402e9f136a8f7455b4ab/gnocchi.c8225394-25ee-418d-a3b5-1a802f532efd/1780920000.0_mean_300.0_v3" "txd1f7d294bd924c18b9395-006a27d228" "object-server 23" 0.0010 "-" 22 0
Jun 9 08:43:20 np0000068130 object-server[122574]: 172.20.0.103 - - [09/Jun/2026:08:43:20 +0000] "PUT /d1/814/AUTH_81d2c38ea30a402e9f136a8f7455b4ab/gnocchi.c8225394-25ee-418d-a3b5-1a802f532efd/1780920000.0_mean_300.0_v3" 201 - "PUT http://172.18.0.214:8080/v1/AUTH_81d2c38ea30a402e9f136a8f7455b4ab/gnocchi.c8225394-25ee-418d-a3b5-1a802f532efd/1780920000.0_mean_300.0_v3" "txd1f7d294bd924c18b9395-006a27d228" "proxy-server 20" 0.0163 "-" 23 0
Jun 9 08:43:20 np0000068130 container-server[122208]: 172.20.0.105 - - [09/Jun/2026:08:43:20 +0000] "PUT /d1/911/AUTH_81d2c38ea30a402e9f136a8f7455b4ab/gnocchi.1bcd6e8a-cc6b-484f-87f9-2cc68108e0e3/none_v3" 201 - "PUT http://172.18.0.214:8080/d1/156/AUTH_81d2c38ea30a402e9f136a8f7455b4ab/gnocchi.1bcd6e8a-cc6b-484f-87f9-2cc68108e0e3/none_v3" "tx3bd88703a27547daae8bc-006a27d228" "object-server 24" 0.0006 "-" 23 0
Jun 9 08:43:20 np0000068130 object-server[122582]: 172.20.0.105 - - [09/Jun/2026:08:43:20 +0000] "PUT /d1/156/AUTH_81d2c38ea30a402e9f136a8f7455b4ab/gnocchi.1bcd6e8a-cc6b-484f-87f9-2cc68108e0e3/none_v3" 201 - "PUT http://172.18.0.214:8080/v1/AUTH_81d2c38ea30a402e9f136a8f7455b4ab/gnocchi.1bcd6e8a-cc6b-484f-87f9-2cc68108e0e3/none_v3" "tx3bd88703a27547daae8bc-006a27d228" "proxy-server 20" 0.0111 "-" 24 0
Jun 9 08:43:20 np0000068130 proxy-server[123933]: 172.18.0.105 172.18.0.104 09/Jun/2026/08/43/20 PUT /v1/AUTH_81d2c38ea30a402e9f136a8f7455b4ab/gnocchi.1bcd6e8a-cc6b-484f-87f9-2cc68108e0e3/none_v3 HTTP/1.0 201 - python-swiftclient-3.11.1 gAAAAABqJ9GJJLmX... 22 - - tx3bd88703a27547daae8bc-006a27d228 - 0.0295 - - 1780994600.374572277 1780994600.404058218 0
Jun 9 08:43:20 np0000068130 object-server[122583]: 172.20.0.104 - - [09/Jun/2026:08:43:20 +0000] "PUT /d1/283/AUTH_81d2c38ea30a402e9f136a8f7455b4ab/gnocchi.8dfa6f77-487d-4603-b70f-ba601b8370f9/none_v3" 201 - "PUT http://172.18.0.214:8080/v1/AUTH_81d2c38ea30a402e9f136a8f7455b4ab/gnocchi.8dfa6f77-487d-4603-b70f-ba601b8370f9/none_v3" "tx4ba3decd5ac8408da9d8a-006a27d228" "proxy-server 12" 0.0102 "-" 25 0
Jun 9 08:43:20 np0000068130 container-server[122192]: 172.20.0.104 - - [09/Jun/2026:08:43:20 +0000] "PUT /d1/946/AUTH_81d2c38ea30a402e9f136a8f7455b4ab/gnocchi.8dfa6f77-487d-4603-b70f-ba601b8370f9/none_v3" 201 - "PUT http://172.18.0.214:8080/d1/283/AUTH_81d2c38ea30a402e9f136a8f7455b4ab/gnocchi.8dfa6f77-487d-4603-b70f-ba601b8370f9/none_v3" "tx4ba3decd5ac8408da9d8a-006a27d228" "object-server 25" 0.0010 "-" 21 0
Jun 9 08:43:20 np0000068130 container-server[122208]: 172.20.0.105 - - [09/Jun/2026:08:43:20 +0000] "PUT /d1/594/AUTH_81d2c38ea30a402e9f136a8f7455b4ab/gnocchi.c8225394-25ee-418d-a3b5-1a802f532efd/none_v3" 201 - "PUT http://172.18.0.214:8080/d1/115/AUTH_81d2c38ea30a402e9f136a8f7455b4ab/gnocchi.c8225394-25ee-418d-a3b5-1a802f532efd/none_v3" "tx80bf5f192f9749cca40f5-006a27d228" "object-server 22" 0.0006 "-" 23 0
Jun 9 08:43:20 np0000068130 object-server[122571]: 172.20.0.103 - - [09/Jun/2026:08:43:20 +0000] "PUT /d1/115/AUTH_81d2c38ea30a402e9f136a8f7455b4ab/gnocchi.c8225394-25ee-418d-a3b5-1a802f532efd/none_v3" 201 - "PUT http://172.18.0.214:8080/v1/AUTH_81d2c38ea30a402e9f136a8f7455b4ab/gnocchi.c8225394-25ee-418d-a3b5-1a802f532efd/none_v3" "tx80bf5f192f9749cca40f5-006a27d228" "proxy-server 20" 0.0140 "-" 22 0
Jun 9 08:43:20 np0000068130 container-server[122203]: 172.20.0.105 - - [09/Jun/2026:08:43:20 +0000] "HEAD /d1/46/AUTH_81d2c38ea30a402e9f136a8f7455b4ab/gnocchi.d2faffb9-977f-423b-8ad9-bc5553db5b04" 404 - "HEAD http://172.18.0.214:8080/v1/AUTH_81d2c38ea30a402e9f136a8f7455b4ab/gnocchi.d2faffb9-977f-423b-8ad9-bc5553db5b04?format=json&states=listing" "tx1698ebdc40ad4df09953b-006a27d228" "proxy-server 20" 0.0006 "-" 22 0
Jun 9 08:43:20 np0000068130 container-server[122203]: 172.20.0.103 - - [09/Jun/2026:08:43:20 +0000] "HEAD /d1/132/AUTH_81d2c38ea30a402e9f136a8f7455b4ab/gnocchi.a86e8577-1223-40e8-98b6-5233273a08ab" 404 - "HEAD http://172.18.0.214:8080/v1/AUTH_81d2c38ea30a402e9f136a8f7455b4ab/gnocchi.a86e8577-1223-40e8-98b6-5233273a08ab?format=json&states=listing" "txdbe8d32a05eb421b8dead-006a27d228" "proxy-server 20" 0.0004 "-" 22 0
Jun 9 08:43:20 np0000068130 object-server[122574]: 172.20.0.105 - - [09/Jun/2026:08:43:20 +0000] "GET /d1/121/AUTH_81d2c38ea30a402e9f136a8f7455b4ab/gnocchi.d2faffb9-977f-423b-8ad9-bc5553db5b04/none_v3" 404 70 "GET http://172.18.0.214:8080/v1/AUTH_81d2c38ea30a402e9f136a8f7455b4ab/gnocchi.d2faffb9-977f-423b-8ad9-bc5553db5b04/none_v3" "tx1698ebdc40ad4df09953b-006a27d228" "proxy-server 20" 0.0006 "-" 23 0
Jun 9 08:43:20 np0000068130 container-server[122208]: 172.20.0.104 - - [09/Jun/2026:08:43:20 +0000] "HEAD /d1/504/AUTH_81d2c38ea30a402e9f136a8f7455b4ab/gnocchi.3a4da7ff-ce99-4642-b453-a0c13c4c22a9" 404 - "HEAD http://172.18.0.214:8080/v1/AUTH_81d2c38ea30a402e9f136a8f7455b4ab/gnocchi.3a4da7ff-ce99-4642-b453-a0c13c4c22a9?format=json&states=listing" "tx0b3357dbe7a84f3b8b2a0-006a27d228" "proxy-server 12" 0.0006 "-" 23 0
Jun 9 08:43:20 np0000068130 proxy-server[123933]: 172.18.0.105 172.18.0.104 09/Jun/2026/08/43/20 GET /v1/AUTH_81d2c38ea30a402e9f136a8f7455b4ab/gnocchi.d2faffb9-977f-423b-8ad9-bc5553db5b04/none_v3 HTTP/1.0 404 - python-swiftclient-3.11.1 gAAAAABqJ9GJJLmX... - 70 - tx1698ebdc40ad4df09953b-006a27d228 - 0.0319 - - 1780994600.430553198 1780994600.462437153 0
Jun 9 08:43:20 np0000068130 object-server[122574]: 172.20.0.103 - - [09/Jun/2026:08:43:20 +0000] "GET /d1/925/AUTH_81d2c38ea30a402e9f136a8f7455b4ab/gnocchi.a86e8577-1223-40e8-98b6-5233273a08ab/none_v3" 404 70 "GET http://172.18.0.214:8080/v1/AUTH_81d2c38ea30a402e9f136a8f7455b4ab/gnocchi.a86e8577-1223-40e8-98b6-5233273a08ab/none_v3" "txdbe8d32a05eb421b8dead-006a27d228" "proxy-server 20" 0.0004 "-" 23 0
Jun 9 08:43:20 np0000068130 object-server[122571]: 172.20.0.104 - - [09/Jun/2026:08:43:20 +0000] "GET /d1/661/AUTH_81d2c38ea30a402e9f136a8f7455b4ab/gnocchi.3a4da7ff-ce99-4642-b453-a0c13c4c22a9/none_v3" 404 70 "GET http://172.18.0.214:8080/v1/AUTH_81d2c38ea30a402e9f136a8f7455b4ab/gnocchi.3a4da7ff-ce99-4642-b453-a0c13c4c22a9/none_v3" "tx0b3357dbe7a84f3b8b2a0-006a27d228" "proxy-server 12" 0.0005 "-" 22 0
Jun 9 08:43:20 np0000068130 account-server[122071]: 172.20.0.104 - - [09/Jun/2026:08:43:20 +0000] "PUT /d1/412/AUTH_81d2c38ea30a402e9f136a8f7455b4ab/gnocchi.d2faffb9-977f-423b-8ad9-bc5553db5b04" 201 - "PUT http://172.20.0.104:6001/d1/46/AUTH_81d2c38ea30a402e9f136a8f7455b4ab/gnocchi.d2faffb9-977f-423b-8ad9-bc5553db5b04" "tx64f152464b8d4b9e83173-006a27d228" "container-server 22" 0.0042 "-" 19 0
Jun 9 08:43:20 np0000068130 container-server[122208]: 172.20.0.105 - - [09/Jun/2026:08:43:20 +0000] "PUT /d1/46/AUTH_81d2c38ea30a402e9f136a8f7455b4ab/gnocchi.d2faffb9-977f-423b-8ad9-bc5553db5b04" 201 - "PUT http://172.18.0.214:8080/v1/AUTH_81d2c38ea30a402e9f136a8f7455b4ab/gnocchi.d2faffb9-977f-423b-8ad9-bc5553db5b04" "tx64f152464b8d4b9e83173-006a27d228" "proxy-server 20" 0.0211 "-" 23 0
Jun 9 08:43:20 np0000068130 proxy-server[123933]: 172.18.0.105 172.18.0.104 09/Jun/2026/08/43/20 PUT /v1/AUTH_81d2c38ea30a402e9f136a8f7455b4ab/gnocchi.d2faffb9-977f-423b-8ad9-bc5553db5b04 HTTP/1.0 201 - python-swiftclient-3.11.1 gAAAAABqJ9GJJLmX... - - - tx64f152464b8d4b9e83173-006a27d228 - 0.0336 - - 1780994600.466689825 1780994600.500239849 0
Jun 9 08:43:20 np0000068130 account-server[122106]: 172.20.0.105 - - [09/Jun/2026:08:43:20 +0000] "PUT /d1/412/AUTH_81d2c38ea30a402e9f136a8f7455b4ab/gnocchi.a86e8577-1223-40e8-98b6-5233273a08ab" 201 - "PUT http://172.20.0.105:6001/d1/132/AUTH_81d2c38ea30a402e9f136a8f7455b4ab/gnocchi.a86e8577-1223-40e8-98b6-5233273a08ab" "tx1250c74081b544c893cfa-006a27d228" "container-server 21" 0.0155 "-" 22 0
Jun 9 08:43:20 np0000068130 container-server[122192]: 172.20.0.103 - - [09/Jun/2026:08:43:20 +0000] "PUT /d1/132/AUTH_81d2c38ea30a402e9f136a8f7455b4ab/gnocchi.a86e8577-1223-40e8-98b6-5233273a08ab" 201 - "PUT http://172.18.0.214:8080/v1/AUTH_81d2c38ea30a402e9f136a8f7455b4ab/gnocchi.a86e8577-1223-40e8-98b6-5233273a08ab" "tx1250c74081b544c893cfa-006a27d228" "proxy-server 20" 0.0311 "-" 21 0
Jun 9 08:43:20 np0000068130 proxy-server[123933]: - - 09/Jun/2026/08/43/20 HEAD /v1/AUTH_81d2c38ea30a402e9f136a8f7455b4ab/gnocchi.d2faffb9-977f-423b-8ad9-bc5553db5b04%3Fformat%3Djson%26states%3Dlisting HTTP/1.0 204 - Swift - - - - tx93fdc9024a1a4358ac581-006a27d228 - 0.0077 RL - 1780994600.506967306 1780994600.514626026 0
Jun 9 08:43:20 np0000068130 account-server[122071]: 172.20.0.105 - - [09/Jun/2026:08:43:20 +0000] "PUT /d1/412/AUTH_81d2c38ea30a402e9f136a8f7455b4ab/gnocchi.3a4da7ff-ce99-4642-b453-a0c13c4c22a9" 201 - "PUT http://172.20.0.105:6001/d1/504/AUTH_81d2c38ea30a402e9f136a8f7455b4ab/gnocchi.3a4da7ff-ce99-4642-b453-a0c13c4c22a9" "tx483836bcda7244f3a41a0-006a27d228" "container-server 21" 0.0157 "-" 19 0
Jun 9 08:43:20 np0000068130 container-server[122192]: 172.20.0.104 - - [09/Jun/2026:08:43:20 +0000] "PUT /d1/504/AUTH_81d2c38ea30a402e9f136a8f7455b4ab/gnocchi.3a4da7ff-ce99-4642-b453-a0c13c4c22a9" 201 - "PUT http://172.18.0.214:8080/v1/AUTH_81d2c38ea30a402e9f136a8f7455b4ab/gnocchi.3a4da7ff-ce99-4642-b453-a0c13c4c22a9" "tx483836bcda7244f3a41a0-006a27d228" "proxy-server 12" 0.0300 "-" 21 0
Jun 9 08:43:20 np0000068130 container-server[122203]: 172.20.0.105 - - [09/Jun/2026:08:43:20 +0000] "GET /d1/46/AUTH_81d2c38ea30a402e9f136a8f7455b4ab/gnocchi.d2faffb9-977f-423b-8ad9-bc5553db5b04" 200 2 "GET http://172.18.0.214:8080/v1/AUTH_81d2c38ea30a402e9f136a8f7455b4ab/gnocchi.d2faffb9-977f-423b-8ad9-bc5553db5b04?format=json&states=listing" "tx93fdc9024a1a4358ac581-006a27d228" "proxy-server 20" 0.0036 "-" 22 0
Jun 9 08:43:20 np0000068130 proxy-server[123933]: 172.18.0.105 172.18.0.104 09/Jun/2026/08/43/20 GET /v1/AUTH_81d2c38ea30a402e9f136a8f7455b4ab/gnocchi.d2faffb9-977f-423b-8ad9-bc5553db5b04%3Fformat%3Djson%26states%3Dlisting HTTP/1.0 200 - python-swiftclient-3.11.1 gAAAAABqJ9GJJLmX... - 2 - tx93fdc9024a1a4358ac581-006a27d228 - 0.0244 - - 1780994600.504909039 1780994600.529262066 0
Jun 9 08:43:20 np0000068130 container-server[122203]: 172.20.0.103 - - [09/Jun/2026:08:43:20 +0000] "GET /d1/132/AUTH_81d2c38ea30a402e9f136a8f7455b4ab/gnocchi.a86e8577-1223-40e8-98b6-5233273a08ab" 200 2 "GET http://172.18.0.214:8080/v1/AUTH_81d2c38ea30a402e9f136a8f7455b4ab/gnocchi.a86e8577-1223-40e8-98b6-5233273a08ab?format=json&states=listing" "txe110e5b65ba34666b2cab-006a27d228" "proxy-server 20" 0.0034 "-" 22 0
Jun 9 08:43:20 np0000068130 object-server[122582]: 172.20.0.105 - - [09/Jun/2026:08:43:20 +0000] "GET /d1/139/AUTH_81d2c38ea30a402e9f136a8f7455b4ab/gnocchi.d2faffb9-977f-423b-8ad9-bc5553db5b04/1780920000.0_mean_300.0_v3" 404 70 "GET http://172.18.0.214:8080/v1/AUTH_81d2c38ea30a402e9f136a8f7455b4ab/gnocchi.d2faffb9-977f-423b-8ad9-bc5553db5b04/1780920000.0_mean_300.0_v3" "tx3df2ee926acc493eb0387-006a27d228" "proxy-server 20" 0.0005 "-" 24 0
Jun 9 08:43:20 np0000068130 proxy-server[123933]: 172.18.0.105 172.18.0.104 09/Jun/2026/08/43/20 GET /v1/AUTH_81d2c38ea30a402e9f136a8f7455b4ab/gnocchi.d2faffb9-977f-423b-8ad9-bc5553db5b04/1780920000.0_mean_300.0_v3 HTTP/1.0 404 - python-swiftclient-3.11.1 gAAAAABqJ9GJJLmX... - 70 - tx3df2ee926acc493eb0387-006a27d228 - 0.0159 - - 1780994600.533246994 1780994600.549132586 0
Jun 9 08:43:20 np0000068130 object-server[122582]: 172.20.0.103 - - [09/Jun/2026:08:43:20 +0000] "GET /d1/557/AUTH_81d2c38ea30a402e9f136a8f7455b4ab/gnocchi.a86e8577-1223-40e8-98b6-5233273a08ab/1780920000.0_mean_300.0_v3" 404 70 "GET http://172.18.0.214:8080/v1/AUTH_81d2c38ea30a402e9f136a8f7455b4ab/gnocchi.a86e8577-1223-40e8-98b6-5233273a08ab/1780920000.0_mean_300.0_v3" "tx425bf408b9f84fec9211b-006a27d228" "proxy-server 20" 0.0006 "-" 24 0
Jun 9 08:43:20 np0000068130 object-server[122582]: 172.20.0.104 - - [09/Jun/2026:08:43:20 +0000] "GET /d1/671/AUTH_81d2c38ea30a402e9f136a8f7455b4ab/gnocchi.3a4da7ff-ce99-4642-b453-a0c13c4c22a9/1780920000.0_mean_300.0_v3" 404 70 "GET http://172.18.0.214:8080/v1/AUTH_81d2c38ea30a402e9f136a8f7455b4ab/gnocchi.3a4da7ff-ce99-4642-b453-a0c13c4c22a9/1780920000.0_mean_300.0_v3" "txbfba2a214a0e4669892ae-006a27d228" "proxy-server 12" 0.0004 "-" 24 0
Jun 9 08:43:20 np0000068130 container-server[122208]: 172.20.0.105 - - [09/Jun/2026:08:43:20 +0000] "PUT /d1/46/AUTH_81d2c38ea30a402e9f136a8f7455b4ab/gnocchi.d2faffb9-977f-423b-8ad9-bc5553db5b04/1780920000.0_mean_300.0_v3" 201 - "PUT http://172.18.0.214:8080/d1/139/AUTH_81d2c38ea30a402e9f136a8f7455b4ab/gnocchi.d2faffb9-977f-423b-8ad9-bc5553db5b04/1780920000.0_mean_300.0_v3" "tx64b4ed8c3bcd4410b7ac4-006a27d228" "object-server 22" 0.0006 "-" 23 0
Jun 9 08:43:20 np0000068130 object-server[122571]: 172.20.0.105 - - [09/Jun/2026:08:43:20 +0000] "PUT /d1/139/AUTH_81d2c38ea30a402e9f136a8f7455b4ab/gnocchi.d2faffb9-977f-423b-8ad9-bc5553db5b04/1780920000.0_mean_300.0_v3" 201 - "PUT http://172.18.0.214:8080/v1/AUTH_81d2c38ea30a402e9f136a8f7455b4ab/gnocchi.d2faffb9-977f-423b-8ad9-bc5553db5b04/1780920000.0_mean_300.0_v3" "tx64b4ed8c3bcd4410b7ac4-006a27d228" "proxy-server 20" 0.0099 "-" 22 0
Jun 9 08:43:20 np0000068130 proxy-server[123933]: 172.18.0.105 172.18.0.104 09/Jun/2026/08/43/20 PUT /v1/AUTH_81d2c38ea30a402e9f136a8f7455b4ab/gnocchi.d2faffb9-977f-423b-8ad9-bc5553db5b04/1780920000.0_mean_300.0_v3 HTTP/1.0 201 - python-swiftclient-3.11.1 gAAAAABqJ9GJJLmX... 16 - - tx64b4ed8c3bcd4410b7ac4-006a27d228 - 0.0240 - - 1780994600.553883791 1780994600.577896357 0
Jun 9 08:43:20 np0000068130 container-server[122203]: 172.20.0.105 - - [09/Jun/2026:08:43:20 +0000] "PUT /d1/132/AUTH_81d2c38ea30a402e9f136a8f7455b4ab/gnocchi.a86e8577-1223-40e8-98b6-5233273a08ab/1780920000.0_mean_300.0_v3" 201 - "PUT http://172.18.0.214:8080/d1/557/AUTH_81d2c38ea30a402e9f136a8f7455b4ab/gnocchi.a86e8577-1223-40e8-98b6-5233273a08ab/1780920000.0_mean_300.0_v3" "txcef9baa5e8344407a7454-006a27d228" "object-server 22" 0.0010 "-" 22 0
Jun 9 08:43:20 np0000068130 object-server[122571]: 172.20.0.103 - - [09/Jun/2026:08:43:20 +0000] "PUT /d1/557/AUTH_81d2c38ea30a402e9f136a8f7455b4ab/gnocchi.a86e8577-1223-40e8-98b6-5233273a08ab/1780920000.0_mean_300.0_v3" 201 - "PUT http://172.18.0.214:8080/v1/AUTH_81d2c38ea30a402e9f136a8f7455b4ab/gnocchi.a86e8577-1223-40e8-98b6-5233273a08ab/1780920000.0_mean_300.0_v3" "txcef9baa5e8344407a7454-006a27d228" "proxy-server 20" 0.0100 "-" 22 0
Jun 9 08:43:20 np0000068130 container-server[122208]: 172.20.0.104 - - [09/Jun/2026:08:43:20 +0000] "PUT /d1/504/AUTH_81d2c38ea30a402e9f136a8f7455b4ab/gnocchi.3a4da7ff-ce99-4642-b453-a0c13c4c22a9/1780920000.0_mean_300.0_v3" 201 - "PUT http://172.18.0.214:8080/d1/671/AUTH_81d2c38ea30a402e9f136a8f7455b4ab/gnocchi.3a4da7ff-ce99-4642-b453-a0c13c4c22a9/1780920000.0_mean_300.0_v3" "txf58b1577e13b47309d226-006a27d228" "object-server 23" 0.0004 "-" 23 0
Jun 9 08:43:20 np0000068130 object-server[122582]: 172.20.0.104 - - [09/Jun/2026:08:43:20 +0000] "PUT /d1/671/AUTH_81d2c38ea30a402e9f136a8f7455b4ab/gnocchi.3a4da7ff-ce99-4642-b453-a0c13c4c22a9/1780920000.0_mean_300.0_v3" 201 - "PUT http://172.18.0.214:8080/v1/AUTH_81d2c38ea30a402e9f136a8f7455b4ab/gnocchi.3a4da7ff-ce99-4642-b453-a0c13c4c22a9/1780920000.0_mean_300.0_v3" "txf58b1577e13b47309d226-006a27d228" "proxy-server 12" 0.0136 "-" 24 0
Jun 9 08:43:20 np0000068130 container-server[122203]: 172.20.0.105 - - [09/Jun/2026:08:43:20 +0000] "PUT /d1/46/AUTH_81d2c38ea30a402e9f136a8f7455b4ab/gnocchi.d2faffb9-977f-423b-8ad9-bc5553db5b04/none_v3" 201 - "PUT http://172.18.0.214:8080/d1/121/AUTH_81d2c38ea30a402e9f136a8f7455b4ab/gnocchi.d2faffb9-977f-423b-8ad9-bc5553db5b04/none_v3" "tx8c6059bfce764892bda61-006a27d228" "object-server 25" 0.0010 "-" 22 0
Jun 9 08:43:20 np0000068130 object-server[122583]: 172.20.0.105 - - [09/Jun/2026:08:43:20 +0000] "PUT /d1/121/AUTH_81d2c38ea30a402e9f136a8f7455b4ab/gnocchi.d2faffb9-977f-423b-8ad9-bc5553db5b04/none_v3" 201 - "PUT http://172.18.0.214:8080/v1/AUTH_81d2c38ea30a402e9f136a8f7455b4ab/gnocchi.d2faffb9-977f-423b-8ad9-bc5553db5b04/none_v3" "tx8c6059bfce764892bda61-006a27d228" "proxy-server 20" 0.0144 "-" 25 0
Jun 9 08:43:20 np0000068130 container-server[122208]: 172.20.0.105 - - [09/Jun/2026:08:43:20 +0000] "PUT /d1/132/AUTH_81d2c38ea30a402e9f136a8f7455b4ab/gnocchi.a86e8577-1223-40e8-98b6-5233273a08ab/none_v3" 201 - "PUT http://172.18.0.214:8080/d1/925/AUTH_81d2c38ea30a402e9f136a8f7455b4ab/gnocchi.a86e8577-1223-40e8-98b6-5233273a08ab/none_v3" "txaa9bf77340ea454d9d1cd-006a27d228" "object-server 23" 0.0004 "-" 23 0
Jun 9 08:43:20 np0000068130 object-server[122574]: 172.20.0.103 - - [09/Jun/2026:08:43:20 +0000] "PUT /d1/925/AUTH_81d2c38ea30a402e9f136a8f7455b4ab/gnocchi.a86e8577-1223-40e8-98b6-5233273a08ab/none_v3" 201 - "PUT http://172.18.0.214:8080/v1/AUTH_81d2c38ea30a402e9f136a8f7455b4ab/gnocchi.a86e8577-1223-40e8-98b6-5233273a08ab/none_v3" "txaa9bf77340ea454d9d1cd-006a27d228" "proxy-server 20" 0.0092 "-" 23 0
Jun 9 08:43:20 np0000068130 proxy-server[123933]: 172.18.0.105 172.18.0.104 09/Jun/2026/08/43/20 PUT /v1/AUTH_81d2c38ea30a402e9f136a8f7455b4ab/gnocchi.d2faffb9-977f-423b-8ad9-bc5553db5b04/none_v3 HTTP/1.0 201 - python-swiftclient-3.11.1 gAAAAABqJ9GJJLmX... 22 - - tx8c6059bfce764892bda61-006a27d228 - 0.0305 - - 1780994600.582090139 1780994600.612562180 0
Jun 9 08:43:20 np0000068130 container-server[122203]: 172.20.0.105 - - [09/Jun/2026:08:43:20 +0000] "PUT /d1/504/AUTH_81d2c38ea30a402e9f136a8f7455b4ab/gnocchi.3a4da7ff-ce99-4642-b453-a0c13c4c22a9/none_v3" 201 - "PUT http://172.18.0.214:8080/d1/661/AUTH_81d2c38ea30a402e9f136a8f7455b4ab/gnocchi.3a4da7ff-ce99-4642-b453-a0c13c4c22a9/none_v3" "tx5bcc4bcb5312424cb7eb9-006a27d228" "object-server 25" 0.0007 "-" 22 0
Jun 9 08:43:20 np0000068130 object-server[122583]: 172.20.0.104 - - [09/Jun/2026:08:43:20 +0000] "PUT /d1/661/AUTH_81d2c38ea30a402e9f136a8f7455b4ab/gnocchi.3a4da7ff-ce99-4642-b453-a0c13c4c22a9/none_v3" 201 - "PUT http://172.18.0.214:8080/v1/AUTH_81d2c38ea30a402e9f136a8f7455b4ab/gnocchi.3a4da7ff-ce99-4642-b453-a0c13c4c22a9/none_v3" "tx5bcc4bcb5312424cb7eb9-006a27d228" "proxy-server 12" 0.0113 "-" 25 0
Jun 9 08:43:20 np0000068130 container-server[122203]: 172.20.0.105 - - [09/Jun/2026:08:43:20 +0000] "HEAD /d1/337/AUTH_81d2c38ea30a402e9f136a8f7455b4ab/gnocchi.91deb96e-e957-4f63-bb02-0c2ed032f202" 404 - "HEAD http://172.18.0.214:8080/v1/AUTH_81d2c38ea30a402e9f136a8f7455b4ab/gnocchi.91deb96e-e957-4f63-bb02-0c2ed032f202?format=json&states=listing" "tx2dc78a7e20e7439ebaa90-006a27d228" "proxy-server 20" 0.0005 "-" 22 0
Jun 9 08:43:20 np0000068130 container-server[122208]: 172.20.0.103 - - [09/Jun/2026:08:43:20 +0000] "HEAD /d1/227/AUTH_81d2c38ea30a402e9f136a8f7455b4ab/gnocchi.0493e3d0-d267-4186-8a72-e1c103435a3d" 404 - "HEAD http://172.18.0.214:8080/v1/AUTH_81d2c38ea30a402e9f136a8f7455b4ab/gnocchi.0493e3d0-d267-4186-8a72-e1c103435a3d?format=json&states=listing" "txd9305b5454d747d991542-006a27d228" "proxy-server 20" 0.0005 "-" 23 0
Jun 9 08:43:20 np0000068130 object-server[122582]: 172.20.0.105 - - [09/Jun/2026:08:43:20 +0000] "GET /d1/330/AUTH_81d2c38ea30a402e9f136a8f7455b4ab/gnocchi.91deb96e-e957-4f63-bb02-0c2ed032f202/none_v3" 404 70 "GET http://172.18.0.214:8080/v1/AUTH_81d2c38ea30a402e9f136a8f7455b4ab/gnocchi.91deb96e-e957-4f63-bb02-0c2ed032f202/none_v3" "tx2dc78a7e20e7439ebaa90-006a27d228" "proxy-server 20" 0.0006 "-" 24 0
Jun 9 08:43:20 np0000068130 proxy-server[123933]: 172.18.0.105 172.18.0.104 09/Jun/2026/08/43/20 GET /v1/AUTH_81d2c38ea30a402e9f136a8f7455b4ab/gnocchi.91deb96e-e957-4f63-bb02-0c2ed032f202/none_v3 HTTP/1.0 404 - python-swiftclient-3.11.1 gAAAAABqJ9GJJLmX... - 70 - tx2dc78a7e20e7439ebaa90-006a27d228 - 0.0248 - - 1780994600.629581213 1780994600.654409409 0
Jun 9 08:43:20 np0000068130 object-server[122574]: 172.20.0.103 - - [09/Jun/2026:08:43:20 +0000] "GET /d1/496/AUTH_81d2c38ea30a402e9f136a8f7455b4ab/gnocchi.0493e3d0-d267-4186-8a72-e1c103435a3d/none_v3" 404 70 "GET http://172.18.0.214:8080/v1/AUTH_81d2c38ea30a402e9f136a8f7455b4ab/gnocchi.0493e3d0-d267-4186-8a72-e1c103435a3d/none_v3" "txd9305b5454d747d991542-006a27d228" "proxy-server 20" 0.0004 "-" 23 0
Jun 9 08:43:20 np0000068130 container-server[122185]: 172.20.0.104 - - [09/Jun/2026:08:43:20 +0000] "HEAD /d1/44/AUTH_81d2c38ea30a402e9f136a8f7455b4ab/gnocchi.1258b107-4a9e-49e3-9f9d-9da34c5c36dc" 404 - "HEAD http://172.18.0.214:8080/v1/AUTH_81d2c38ea30a402e9f136a8f7455b4ab/gnocchi.1258b107-4a9e-49e3-9f9d-9da34c5c36dc?format=json&states=listing" "tx290839c7dfa14ec8a7a26-006a27d228" "proxy-server 12" 0.0005 "-" 20 0
Jun 9 08:43:20 np0000068130 account-server[122083]: 172.20.0.104 - - [09/Jun/2026:08:43:20 +0000] "PUT /d1/412/AUTH_81d2c38ea30a402e9f136a8f7455b4ab/gnocchi.91deb96e-e957-4f63-bb02-0c2ed032f202" 201 - "PUT http://172.20.0.104:6001/d1/337/AUTH_81d2c38ea30a402e9f136a8f7455b4ab/gnocchi.91deb96e-e957-4f63-bb02-0c2ed032f202" "tx08730394e568424a99682-006a27d228" "container-server 20" 0.0085 "-" 21 0
Jun 9 08:43:20 np0000068130 container-server[122208]: 172.20.0.105 - - [09/Jun/2026:08:43:20 +0000] "PUT /d1/337/AUTH_81d2c38ea30a402e9f136a8f7455b4ab/gnocchi.91deb96e-e957-4f63-bb02-0c2ed032f202" 201 - "PUT http://172.18.0.214:8080/v1/AUTH_81d2c38ea30a402e9f136a8f7455b4ab/gnocchi.91deb96e-e957-4f63-bb02-0c2ed032f202" "tx08730394e568424a99682-006a27d228" "proxy-server 20" 0.0239 "-" 23 0
Jun 9 08:43:20 np0000068130 object-server[122574]: 172.20.0.104 - - [09/Jun/2026:08:43:20 +0000] "GET /d1/205/AUTH_81d2c38ea30a402e9f136a8f7455b4ab/gnocchi.1258b107-4a9e-49e3-9f9d-9da34c5c36dc/none_v3" 404 70 "GET http://172.18.0.214:8080/v1/AUTH_81d2c38ea30a402e9f136a8f7455b4ab/gnocchi.1258b107-4a9e-49e3-9f9d-9da34c5c36dc/none_v3" "tx290839c7dfa14ec8a7a26-006a27d228" "proxy-server 12" 0.0004 "-" 23 0
