Jun 11 11:10:53 standalone proxy-server[125754]: - - 11/Jun/2026/11/10/53 HEAD /v1/AUTH_1fce959ad164442da9671180cc8f4199/gnocchi.33c0a7ba-008d-45db-8e0b-a0fe4ebc619b%3Fformat%3Djson%26states%3Dlisting HTTP/1.0 204 - Swift - - - - tx07f62245d14849bb8c6d1-006a2a97bd - 0.0182 RL - 1781176253.492644787 1781176253.510812998 0
Jun 11 11:10:53 standalone container-server[123878]: 172.20.0.100 - - [11/Jun/2026:11:10:53 +0000] "GET /d1/371/AUTH_1fce959ad164442da9671180cc8f4199/gnocchi.33c0a7ba-008d-45db-8e0b-a0fe4ebc619b" 200 2 "GET http://localhost:8080/v1/AUTH_1fce959ad164442da9671180cc8f4199/gnocchi.33c0a7ba-008d-45db-8e0b-a0fe4ebc619b?format=json&states=listing" "tx07f62245d14849bb8c6d1-006a2a97bd" "proxy-server 21" 0.0036 "-" 23 0
Jun 11 11:10:53 standalone proxy-server[125754]: 172.18.0.2 ::1 11/Jun/2026/11/10/53 GET /v1/AUTH_1fce959ad164442da9671180cc8f4199/gnocchi.33c0a7ba-008d-45db-8e0b-a0fe4ebc619b%3Fformat%3Djson%26states%3Dlisting HTTP/1.0 200 - python-swiftclient-3.11.1 gAAAAABqKpd3Nzis... - 2 - tx07f62245d14849bb8c6d1-006a2a97bd - 0.0332 - - 1781176253.490452528 1781176253.523610115 0
Jun 11 11:10:53 standalone object-server[124015]: 172.20.0.100 - - [11/Jun/2026:11:10:53 +0000] "GET /d1/946/AUTH_1fce959ad164442da9671180cc8f4199/gnocchi.33c0a7ba-008d-45db-8e0b-a0fe4ebc619b/1780920000.0_mean_300.0_v3" 404 70 "GET http://localhost:8080/v1/AUTH_1fce959ad164442da9671180cc8f4199/gnocchi.33c0a7ba-008d-45db-8e0b-a0fe4ebc619b/1780920000.0_mean_300.0_v3" "txf82166802595461bb87f6-006a2a97bd" "proxy-server 21" 0.0008 "-" 23 0
Jun 11 11:10:53 standalone proxy-server[125754]: 172.18.0.2 ::1 11/Jun/2026/11/10/53 GET /v1/AUTH_1fce959ad164442da9671180cc8f4199/gnocchi.33c0a7ba-008d-45db-8e0b-a0fe4ebc619b/1780920000.0_mean_300.0_v3 HTTP/1.0 404 - python-swiftclient-3.11.1 gAAAAABqKpd3Nzis... - 70 - txf82166802595461bb87f6-006a2a97bd - 0.0069 - - 1781176253.529231310 1781176253.536120176 0
Jun 11 11:10:53 standalone container-server[123878]: 172.20.0.100 - - [11/Jun/2026:11:10:53 +0000] "PUT /d1/371/AUTH_1fce959ad164442da9671180cc8f4199/gnocchi.33c0a7ba-008d-45db-8e0b-a0fe4ebc619b/1780920000.0_mean_300.0_v3" 201 - "PUT http://localhost:8080/d1/946/AUTH_1fce959ad164442da9671180cc8f4199/gnocchi.33c0a7ba-008d-45db-8e0b-a0fe4ebc619b/1780920000.0_mean_300.0_v3" "tx17304bef9f9b447193695-006a2a97bd" "object-server 23" 0.0010 "-" 23 0
Jun 11 11:10:53 standalone object-server[124015]: 172.20.0.100 - - [11/Jun/2026:11:10:53 +0000] "PUT /d1/946/AUTH_1fce959ad164442da9671180cc8f4199/gnocchi.33c0a7ba-008d-45db-8e0b-a0fe4ebc619b/1780920000.0_mean_300.0_v3" 201 - "PUT http://localhost:8080/v1/AUTH_1fce959ad164442da9671180cc8f4199/gnocchi.33c0a7ba-008d-45db-8e0b-a0fe4ebc619b/1780920000.0_mean_300.0_v3" "tx17304bef9f9b447193695-006a2a97bd" "proxy-server 21" 0.0181 "-" 23 0
Jun 11 11:10:53 standalone proxy-server[125754]: 172.18.0.2 ::1 11/Jun/2026/11/10/53 PUT /v1/AUTH_1fce959ad164442da9671180cc8f4199/gnocchi.33c0a7ba-008d-45db-8e0b-a0fe4ebc619b/1780920000.0_mean_300.0_v3 HTTP/1.0 201 - python-swiftclient-3.11.1 gAAAAABqKpd3Nzis... 16 - - tx17304bef9f9b447193695-006a2a97bd - 0.0240 - - 1781176253.539628029 1781176253.563647032 0
Jun 11 11:10:53 standalone container-server[123878]: 172.20.0.100 - - [11/Jun/2026:11:10:53 +0000] "PUT /d1/371/AUTH_1fce959ad164442da9671180cc8f4199/gnocchi.33c0a7ba-008d-45db-8e0b-a0fe4ebc619b/none_v3" 201 - "PUT http://localhost:8080/d1/51/AUTH_1fce959ad164442da9671180cc8f4199/gnocchi.33c0a7ba-008d-45db-8e0b-a0fe4ebc619b/none_v3" "tx15349e8d76e84970960a0-006a2a97bd" "object-server 23" 0.0009 "-" 23 0
Jun 11 11:10:53 standalone object-server[124015]: 172.20.0.100 - - [11/Jun/2026:11:10:53 +0000] "PUT /d1/51/AUTH_1fce959ad164442da9671180cc8f4199/gnocchi.33c0a7ba-008d-45db-8e0b-a0fe4ebc619b/none_v3" 201 - "PUT http://localhost:8080/v1/AUTH_1fce959ad164442da9671180cc8f4199/gnocchi.33c0a7ba-008d-45db-8e0b-a0fe4ebc619b/none_v3" "tx15349e8d76e84970960a0-006a2a97bd" "proxy-server 21" 0.0126 "-" 23 0
Jun 11 11:10:53 standalone proxy-server[125754]: 172.18.0.2 ::1 11/Jun/2026/11/10/53 PUT /v1/AUTH_1fce959ad164442da9671180cc8f4199/gnocchi.33c0a7ba-008d-45db-8e0b-a0fe4ebc619b/none_v3 HTTP/1.0 201 - python-swiftclient-3.11.1 gAAAAABqKpd3Nzis... 22 - - tx15349e8d76e84970960a0-006a2a97bd - 0.0206 - - 1781176253.568088531 1781176253.588689327 0
Jun 11 11:10:53 standalone container-server[123878]: 172.20.0.100 - - [11/Jun/2026:11:10:53 +0000] "HEAD /d1/862/AUTH_1fce959ad164442da9671180cc8f4199/gnocchi.f8d29c5d-102f-47fb-9311-0fde8ece72c6" 404 - "HEAD http://localhost:8080/v1/AUTH_1fce959ad164442da9671180cc8f4199/gnocchi.f8d29c5d-102f-47fb-9311-0fde8ece72c6?format=json&states=listing" "tx8e0463999e57451189b4d-006a2a97bd" "proxy-server 21" 0.0009 "-" 23 0
Jun 11 11:10:53 standalone object-server[124015]: 172.20.0.100 - - [11/Jun/2026:11:10:53 +0000] "GET /d1/1019/AUTH_1fce959ad164442da9671180cc8f4199/gnocchi.f8d29c5d-102f-47fb-9311-0fde8ece72c6/none_v3" 404 70 "GET http://localhost:8080/v1/AUTH_1fce959ad164442da9671180cc8f4199/gnocchi.f8d29c5d-102f-47fb-9311-0fde8ece72c6/none_v3" "tx8e0463999e57451189b4d-006a2a97bd" "proxy-server 21" 0.0007 "-" 23 0
Jun 11 11:10:53 standalone proxy-server[125754]: 172.18.0.2 ::1 11/Jun/2026/11/10/53 GET /v1/AUTH_1fce959ad164442da9671180cc8f4199/gnocchi.f8d29c5d-102f-47fb-9311-0fde8ece72c6/none_v3 HTTP/1.0 404 - python-swiftclient-3.11.1 gAAAAABqKpd3Nzis... - 70 - tx8e0463999e57451189b4d-006a2a97bd - 0.0269 - - 1781176253.606113911 1781176253.632987499 0
Jun 11 11:10:53 standalone account-server[123834]: 172.20.0.100 - - [11/Jun/2026:11:10:53 +0000] "PUT /d1/73/AUTH_1fce959ad164442da9671180cc8f4199/gnocchi.f8d29c5d-102f-47fb-9311-0fde8ece72c6" 201 - "PUT http://172.20.0.100:6001/d1/862/AUTH_1fce959ad164442da9671180cc8f4199/gnocchi.f8d29c5d-102f-47fb-9311-0fde8ece72c6" "tx5c4f8c5bb8294760b2040-006a2a97bd" "container-server 23" 0.0075 "-" 15 0
Jun 11 11:10:53 standalone container-server[123878]: 172.20.0.100 - - [11/Jun/2026:11:10:53 +0000] "PUT /d1/862/AUTH_1fce959ad164442da9671180cc8f4199/gnocchi.f8d29c5d-102f-47fb-9311-0fde8ece72c6" 201 - "PUT http://localhost:8080/v1/AUTH_1fce959ad164442da9671180cc8f4199/gnocchi.f8d29c5d-102f-47fb-9311-0fde8ece72c6" "tx5c4f8c5bb8294760b2040-006a2a97bd" "proxy-server 21" 0.0341 "-" 23 0
Jun 11 11:10:53 standalone proxy-server[125754]: 172.18.0.2 ::1 11/Jun/2026/11/10/53 PUT /v1/AUTH_1fce959ad164442da9671180cc8f4199/gnocchi.f8d29c5d-102f-47fb-9311-0fde8ece72c6 HTTP/1.0 201 - python-swiftclient-3.11.1 gAAAAABqKpd3Nzis... - - - tx5c4f8c5bb8294760b2040-006a2a97bd - 0.0437 - - 1781176253.638933659 1781176253.682605505 0
Jun 11 11:10:53 standalone container-server[123874]: 172.20.0.100 - - [11/Jun/2026:11:10:53 +0000] "HEAD /d1/862/AUTH_1fce959ad164442da9671180cc8f4199/gnocchi.f8d29c5d-102f-47fb-9311-0fde8ece72c6" 204 - "HEAD http://localhost:8080/v1/AUTH_1fce959ad164442da9671180cc8f4199/gnocchi.f8d29c5d-102f-47fb-9311-0fde8ece72c6?format=json&states=listing" "txb540264f43b34f429629e-006a2a97bd" "proxy-server 21" 0.0029 "-" 21 0
Jun 11 11:10:53 standalone proxy-server[125754]: - - 11/Jun/2026/11/10/53 HEAD /v1/AUTH_1fce959ad164442da9671180cc8f4199/gnocchi.f8d29c5d-102f-47fb-9311-0fde8ece72c6%3Fformat%3Djson%26states%3Dlisting HTTP/1.0 204 - Swift - - - - txb540264f43b34f429629e-006a2a97bd - 0.0102 RL - 1781176253.693309069 1781176253.703473806 0
Jun 11 11:10:53 standalone container-server[123875]: 172.20.0.100 - - [11/Jun/2026:11:10:53 +0000] "GET /d1/862/AUTH_1fce959ad164442da9671180cc8f4199/gnocchi.f8d29c5d-102f-47fb-9311-0fde8ece72c6" 200 2 "GET http://localhost:8080/v1/AUTH_1fce959ad164442da9671180cc8f4199/gnocchi.f8d29c5d-102f-47fb-9311-0fde8ece72c6?format=json&states=listing" "txb540264f43b34f429629e-006a2a97bd" "proxy-server 21" 0.0045 "-" 22 0
Jun 11 11:10:53 standalone proxy-server[125754]: 172.18.0.2 ::1 11/Jun/2026/11/10/53 GET /v1/AUTH_1fce959ad164442da9671180cc8f4199/gnocchi.f8d29c5d-102f-47fb-9311-0fde8ece72c6%3Fformat%3Djson%26states%3Dlisting HTTP/1.0 200 - python-swiftclient-3.11.1 gAAAAABqKpd3Nzis... - 2 - txb540264f43b34f429629e-006a2a97bd - 0.0292 - - 1781176253.690994263 1781176253.720194101 0
Jun 11 11:10:53 standalone object-server[124015]: 172.20.0.100 - - [11/Jun/2026:11:10:53 +0000] "GET /d1/842/AUTH_1fce959ad164442da9671180cc8f4199/gnocchi.f8d29c5d-102f-47fb-9311-0fde8ece72c6/1780920000.0_mean_300.0_v3" 404 70 "GET http://localhost:8080/v1/AUTH_1fce959ad164442da9671180cc8f4199/gnocchi.f8d29c5d-102f-47fb-9311-0fde8ece72c6/1780920000.0_mean_300.0_v3" "txac7cd85eab3446dd8d4b9-006a2a97bd" "proxy-server 21" 0.0004 "-" 23 0
Jun 11 11:10:53 standalone proxy-server[125754]: 172.18.0.2 ::1 11/Jun/2026/11/10/53 GET /v1/AUTH_1fce959ad164442da9671180cc8f4199/gnocchi.f8d29c5d-102f-47fb-9311-0fde8ece72c6/1780920000.0_mean_300.0_v3 HTTP/1.0 404 - python-swiftclient-3.11.1 gAAAAABqKpd3Nzis... - 70 - txac7cd85eab3446dd8d4b9-006a2a97bd - 0.0106 - - 1781176253.728628397 1781176253.739181042 0
Jun 11 11:10:53 standalone container-server[123874]: 172.20.0.100 - - [11/Jun/2026:11:10:53 +0000] "PUT /d1/862/AUTH_1fce959ad164442da9671180cc8f4199/gnocchi.f8d29c5d-102f-47fb-9311-0fde8ece72c6/1780920000.0_mean_300.0_v3" 201 - "PUT http://localhost:8080/d1/842/AUTH_1fce959ad164442da9671180cc8f4199/gnocchi.f8d29c5d-102f-47fb-9311-0fde8ece72c6/1780920000.0_mean_300.0_v3" "tx22814d9aea9d4d65acef0-006a2a97bd" "object-server 23" 0.0013 "-" 21 0
Jun 11 11:10:53 standalone object-server[124015]: 172.20.0.100 - - [11/Jun/2026:11:10:53 +0000] "PUT /d1/842/AUTH_1fce959ad164442da9671180cc8f4199/gnocchi.f8d29c5d-102f-47fb-9311-0fde8ece72c6/1780920000.0_mean_300.0_v3" 201 - "PUT http://localhost:8080/v1/AUTH_1fce959ad164442da9671180cc8f4199/gnocchi.f8d29c5d-102f-47fb-9311-0fde8ece72c6/1780920000.0_mean_300.0_v3" "tx22814d9aea9d4d65acef0-006a2a97bd" "proxy-server 21" 0.0135 "-" 23 0
Jun 11 11:10:53 standalone proxy-server[125754]: 172.18.0.2 ::1 11/Jun/2026/11/10/53 PUT /v1/AUTH_1fce959ad164442da9671180cc8f4199/gnocchi.f8d29c5d-102f-47fb-9311-0fde8ece72c6/1780920000.0_mean_300.0_v3 HTTP/1.0 201 - python-swiftclient-3.11.1 gAAAAABqKpd3Nzis... 16 - - tx22814d9aea9d4d65acef0-006a2a97bd - 0.0250 - - 1781176253.746252537 1781176253.771274090 0
Jun 11 11:10:53 standalone container-server[123875]: 172.20.0.100 - - [11/Jun/2026:11:10:53 +0000] "PUT /d1/862/AUTH_1fce959ad164442da9671180cc8f4199/gnocchi.f8d29c5d-102f-47fb-9311-0fde8ece72c6/none_v3" 201 - "PUT http://localhost:8080/d1/1019/AUTH_1fce959ad164442da9671180cc8f4199/gnocchi.f8d29c5d-102f-47fb-9311-0fde8ece72c6/none_v3" "tx287568fe881c487f9ad0e-006a2a97bd" "object-server 23" 0.0008 "-" 22 0
Jun 11 11:10:53 standalone object-server[124015]: 172.20.0.100 - - [11/Jun/2026:11:10:53 +0000] "PUT /d1/1019/AUTH_1fce959ad164442da9671180cc8f4199/gnocchi.f8d29c5d-102f-47fb-9311-0fde8ece72c6/none_v3" 201 - "PUT http://localhost:8080/v1/AUTH_1fce959ad164442da9671180cc8f4199/gnocchi.f8d29c5d-102f-47fb-9311-0fde8ece72c6/none_v3" "tx287568fe881c487f9ad0e-006a2a97bd" "proxy-server 21" 0.0205 "-" 23 0
Jun 11 11:10:53 standalone proxy-server[125754]: 172.18.0.2 ::1 11/Jun/2026/11/10/53 PUT /v1/AUTH_1fce959ad164442da9671180cc8f4199/gnocchi.f8d29c5d-102f-47fb-9311-0fde8ece72c6/none_v3 HTTP/1.0 201 - python-swiftclient-3.11.1 gAAAAABqKpd3Nzis... 22 - - tx287568fe881c487f9ad0e-006a2a97bd - 0.0338 - - 1781176253.778065681 1781176253.811862230 0
Jun 11 11:10:53 standalone container-server[123874]: 172.20.0.100 - - [11/Jun/2026:11:10:53 +0000] "HEAD /d1/812/AUTH_1fce959ad164442da9671180cc8f4199/gnocchi.180489f3-6618-4c5c-8884-dd277acab948" 404 - "HEAD http://localhost:8080/v1/AUTH_1fce959ad164442da9671180cc8f4199/gnocchi.180489f3-6618-4c5c-8884-dd277acab948?format=json&states=listing" "tx47630f887c1849b6acc6c-006a2a97bd" "proxy-server 21" 0.0007 "-" 21 0
Jun 11 11:10:53 standalone object-server[124016]: 172.20.0.100 - - [11/Jun/2026:11:10:53 +0000] "GET /d1/62/AUTH_1fce959ad164442da9671180cc8f4199/gnocchi.180489f3-6618-4c5c-8884-dd277acab948/none_v3" 404 70 "GET http://localhost:8080/v1/AUTH_1fce959ad164442da9671180cc8f4199/gnocchi.180489f3-6618-4c5c-8884-dd277acab948/none_v3" "tx47630f887c1849b6acc6c-006a2a97bd" "proxy-server 21" 0.0009 "-" 24 0
Jun 11 11:10:53 standalone proxy-server[125754]: 172.18.0.2 ::1 11/Jun/2026/11/10/53 GET /v1/AUTH_1fce959ad164442da9671180cc8f4199/gnocchi.180489f3-6618-4c5c-8884-dd277acab948/none_v3 HTTP/1.0 404 - python-swiftclient-3.11.1 gAAAAABqKpd3Nzis... - 70 - tx47630f887c1849b6acc6c-006a2a97bd - 0.0282 - - 1781176253.878926754 1781176253.907148838 0
Jun 11 11:10:53 standalone account-server[123842]: 172.20.0.100 - - [11/Jun/2026:11:10:53 +0000] "PUT /d1/73/AUTH_1fce959ad164442da9671180cc8f4199/gnocchi.180489f3-6618-4c5c-8884-dd277acab948" 201 - "PUT http://172.20.0.100:6001/d1/812/AUTH_1fce959ad164442da9671180cc8f4199/gnocchi.180489f3-6618-4c5c-8884-dd277acab948" "txcf40e88c6a0c437aa436a-006a2a97bd" "container-server 23" 0.0146 "-" 17 0
Jun 11 11:10:53 standalone container-server[123878]: 172.20.0.100 - - [11/Jun/2026:11:10:53 +0000] "PUT /d1/812/AUTH_1fce959ad164442da9671180cc8f4199/gnocchi.180489f3-6618-4c5c-8884-dd277acab948" 201 - "PUT http://localhost:8080/v1/AUTH_1fce959ad164442da9671180cc8f4199/gnocchi.180489f3-6618-4c5c-8884-dd277acab948" "txcf40e88c6a0c437aa436a-006a2a97bd" "proxy-server 21" 0.0392 "-" 23 0
Jun 11 11:10:53 standalone proxy-server[125754]: 172.18.0.2 ::1 11/Jun/2026/11/10/53 PUT /v1/AUTH_1fce959ad164442da9671180cc8f4199/gnocchi.180489f3-6618-4c5c-8884-dd277acab948 HTTP/1.0 201 - python-swiftclient-3.11.1 gAAAAABqKpd3Nzis... - - - txcf40e88c6a0c437aa436a-006a2a97bd - 0.0532 - - 1781176253.914856195 1781176253.968076944 0
Jun 11 11:10:53 standalone container-server[123875]: 172.20.0.100 - - [11/Jun/2026:11:10:53 +0000] "HEAD /d1/812/AUTH_1fce959ad164442da9671180cc8f4199/gnocchi.180489f3-6618-4c5c-8884-dd277acab948" 204 - "HEAD http://localhost:8080/v1/AUTH_1fce959ad164442da9671180cc8f4199/gnocchi.180489f3-6618-4c5c-8884-dd277acab948?format=json&states=listing" "tx43368396724441d7a9a64-006a2a97bd" "proxy-server 21" 0.0030 "-" 22 0
Jun 11 11:10:53 standalone proxy-server[125754]: - - 11/Jun/2026/11/10/53 HEAD /v1/AUTH_1fce959ad164442da9671180cc8f4199/gnocchi.180489f3-6618-4c5c-8884-dd277acab948%3Fformat%3Djson%26states%3Dlisting HTTP/1.0 204 - Swift - - - - tx43368396724441d7a9a64-006a2a97bd - 0.0108 RL - 1781176253.980195522 1781176253.990960836 0
Jun 11 11:10:54 standalone container-server[123878]: 172.20.0.100 - - [11/Jun/2026:11:10:54 +0000] "GET /d1/812/AUTH_1fce959ad164442da9671180cc8f4199/gnocchi.180489f3-6618-4c5c-8884-dd277acab948" 200 2 "GET http://localhost:8080/v1/AUTH_1fce959ad164442da9671180cc8f4199/gnocchi.180489f3-6618-4c5c-8884-dd277acab948?format=json&states=listing" "tx43368396724441d7a9a64-006a2a97bd" "proxy-server 21" 0.0053 "-" 23 0
Jun 11 11:10:54 standalone proxy-server[125754]: 172.18.0.2 ::1 11/Jun/2026/11/10/54 GET /v1/AUTH_1fce959ad164442da9671180cc8f4199/gnocchi.180489f3-6618-4c5c-8884-dd277acab948%3Fformat%3Djson%26states%3Dlisting HTTP/1.0 200 - python-swiftclient-3.11.1 gAAAAABqKpd3Nzis... - 2 - tx43368396724441d7a9a64-006a2a97bd - 0.0332 - - 1781176253.977139235 1781176254.010362864 0
Jun 11 11:10:54 standalone object-server[124017]: 172.20.0.100 - - [11/Jun/2026:11:10:54 +0000] "GET /d1/558/AUTH_1fce959ad164442da9671180cc8f4199/gnocchi.180489f3-6618-4c5c-8884-dd277acab948/1780920000.0_mean_300.0_v3" 404 70 "GET http://localhost:8080/v1/AUTH_1fce959ad164442da9671180cc8f4199/gnocchi.180489f3-6618-4c5c-8884-dd277acab948/1780920000.0_mean_300.0_v3" "tx5fbf491e0d5e4890bd816-006a2a97be" "proxy-server 21" 0.0008 "-" 25 0
Jun 11 11:10:54 standalone proxy-server[125754]: 172.18.0.2 ::1 11/Jun/2026/11/10/54 GET /v1/AUTH_1fce959ad164442da9671180cc8f4199/gnocchi.180489f3-6618-4c5c-8884-dd277acab948/1780920000.0_mean_300.0_v3 HTTP/1.0 404 - python-swiftclient-3.11.1 gAAAAABqKpd3Nzis... - 70 - tx5fbf491e0d5e4890bd816-006a2a97be - 0.0128 - - 1781176254.019458532 1781176254.032299995 0
Jun 11 11:10:54 standalone container-server[123875]: 172.20.0.100 - - [11/Jun/2026:11:10:54 +0000] "PUT /d1/812/AUTH_1fce959ad164442da9671180cc8f4199/gnocchi.180489f3-6618-4c5c-8884-dd277acab948/1780920000.0_mean_300.0_v3" 201 - "PUT http://localhost:8080/d1/558/AUTH_1fce959ad164442da9671180cc8f4199/gnocchi.180489f3-6618-4c5c-8884-dd277acab948/1780920000.0_mean_300.0_v3" "tx04af11320b69433382cbd-006a2a97be" "object-server 21" 0.0010 "-" 22 0
Jun 11 11:10:54 standalone object-server[124013]: 172.20.0.100 - - [11/Jun/2026:11:10:54 +0000] "PUT /d1/558/AUTH_1fce959ad164442da9671180cc8f4199/gnocchi.180489f3-6618-4c5c-8884-dd277acab948/1780920000.0_mean_300.0_v3" 201 - "PUT http://localhost:8080/v1/AUTH_1fce959ad164442da9671180cc8f4199/gnocchi.180489f3-6618-4c5c-8884-dd277acab948/1780920000.0_mean_300.0_v3" "tx04af11320b69433382cbd-006a2a97be" "proxy-server 21" 0.0149 "-" 21 0
Jun 11 11:10:54 standalone proxy-server[125754]: 172.18.0.2 ::1 11/Jun/2026/11/10/54 PUT /v1/AUTH_1fce959ad164442da9671180cc8f4199/gnocchi.180489f3-6618-4c5c-8884-dd277acab948/1780920000.0_mean_300.0_v3 HTTP/1.0 201 - python-swiftclient-3.11.1 gAAAAABqKpd3Nzis... 16 - - tx04af11320b69433382cbd-006a2a97be - 0.0264 - - 1781176254.040399790 1781176254.066824675 0
Jun 11 11:10:54 standalone container-server[123868]: 172.20.0.100 - - [11/Jun/2026:11:10:54 +0000] "PUT /d1/812/AUTH_1fce959ad164442da9671180cc8f4199/gnocchi.180489f3-6618-4c5c-8884-dd277acab948/none_v3" 201 - "PUT http://localhost:8080/d1/62/AUTH_1fce959ad164442da9671180cc8f4199/gnocchi.180489f3-6618-4c5c-8884-dd277acab948/none_v3" "txbcb84d89ad51400e93882-006a2a97be" "object-server 25" 0.0016 "-" 20 0
Jun 11 11:10:54 standalone object-server[124017]: 172.20.0.100 - - [11/Jun/2026:11:10:54 +0000] "PUT /d1/62/AUTH_1fce959ad164442da9671180cc8f4199/gnocchi.180489f3-6618-4c5c-8884-dd277acab948/none_v3" 201 - "PUT http://localhost:8080/v1/AUTH_1fce959ad164442da9671180cc8f4199/gnocchi.180489f3-6618-4c5c-8884-dd277acab948/none_v3" "txbcb84d89ad51400e93882-006a2a97be" "proxy-server 21" 0.0168 "-" 25 0
Jun 11 11:10:54 standalone proxy-server[125754]: 172.18.0.2 ::1 11/Jun/2026/11/10/54 PUT /v1/AUTH_1fce959ad164442da9671180cc8f4199/gnocchi.180489f3-6618-4c5c-8884-dd277acab948/none_v3 HTTP/1.0 201 - python-swiftclient-3.11.1 gAAAAABqKpd3Nzis... 22 - - txbcb84d89ad51400e93882-006a2a97be - 0.0286 - - 1781176254.072582245 1781176254.101178646 0
Jun 11 11:10:54 standalone container-server[123874]: 172.20.0.100 - - [11/Jun/2026:11:10:54 +0000] "HEAD /d1/752/AUTH_1fce959ad164442da9671180cc8f4199/gnocchi.2558e6b3-146b-45a2-a15b-a8c1c8d473d9" 404 - "HEAD http://localhost:8080/v1/AUTH_1fce959ad164442da9671180cc8f4199/gnocchi.2558e6b3-146b-45a2-a15b-a8c1c8d473d9?format=json&states=listing" "txf9011cfd934244349c587-006a2a97be" "proxy-server 21" 0.0006 "-" 21 0
Jun 11 11:10:54 standalone object-server[124016]: 172.20.0.100 - - [11/Jun/2026:11:10:54 +0000] "GET /d1/66/AUTH_1fce959ad164442da9671180cc8f4199/gnocchi.2558e6b3-146b-45a2-a15b-a8c1c8d473d9/none_v3" 404 70 "GET http://localhost:8080/v1/AUTH_1fce959ad164442da9671180cc8f4199/gnocchi.2558e6b3-146b-45a2-a15b-a8c1c8d473d9/none_v3" "txf9011cfd934244349c587-006a2a97be" "proxy-server 21" 0.0007 "-" 24 0
Jun 11 11:10:54 standalone proxy-server[125754]: 172.18.0.2 ::1 11/Jun/2026/11/10/54 GET /v1/AUTH_1fce959ad164442da9671180cc8f4199/gnocchi.2558e6b3-146b-45a2-a15b-a8c1c8d473d9/none_v3 HTTP/1.0 404 - python-swiftclient-3.11.1 gAAAAABqKpd3Nzis... - 70 - txf9011cfd934244349c587-006a2a97be - 0.0196 - - 1781176254.118500471 1781176254.138095140 0
Jun 11 11:10:54 standalone account-server[123826]: 172.20.0.100 - - [11/Jun/2026:11:10:54 +0000] "PUT /d1/73/AUTH_1fce959ad164442da9671180cc8f4199/gnocchi.2558e6b3-146b-45a2-a15b-a8c1c8d473d9" 201 - "PUT http://172.20.0.100:6001/d1/752/AUTH_1fce959ad164442da9671180cc8f4199/gnocchi.2558e6b3-146b-45a2-a15b-a8c1c8d473d9" "txfc3007550a294a9b94e5e-006a2a97be" "container-server 21" 0.0062 "-" 14 0
Jun 11 11:10:54 standalone container-server[123874]: 172.20.0.100 - - [11/Jun/2026:11:10:54 +0000] "PUT /d1/752/AUTH_1fce959ad164442da9671180cc8f4199/gnocchi.2558e6b3-146b-45a2-a15b-a8c1c8d473d9" 201 - "PUT http://localhost:8080/v1/AUTH_1fce959ad164442da9671180cc8f4199/gnocchi.2558e6b3-146b-45a2-a15b-a8c1c8d473d9" "txfc3007550a294a9b94e5e-006a2a97be" "proxy-server 21" 0.0228 "-" 21 0
Jun 11 11:10:54 standalone proxy-server[125754]: 172.18.0.2 ::1 11/Jun/2026/11/10/54 PUT /v1/AUTH_1fce959ad164442da9671180cc8f4199/gnocchi.2558e6b3-146b-45a2-a15b-a8c1c8d473d9 HTTP/1.0 201 - python-swiftclient-3.11.1 gAAAAABqKpd3Nzis... - - - txfc3007550a294a9b94e5e-006a2a97be - 0.0314 - - 1781176254.142938852 1781176254.174335480 0
Jun 11 11:10:54 standalone container-server[123878]: 172.20.0.100 - - [11/Jun/2026:11:10:54 +0000] "HEAD /d1/752/AUTH_1fce959ad164442da9671180cc8f4199/gnocchi.2558e6b3-146b-45a2-a15b-a8c1c8d473d9" 204 - "HEAD http://localhost:8080/v1/AUTH_1fce959ad164442da9671180cc8f4199/gnocchi.2558e6b3-146b-45a2-a15b-a8c1c8d473d9?format=json&states=listing" "txe50a6c4cdf5f402583325-006a2a97be" "proxy-server 21" 0.0032 "-" 23 0
Jun 11 11:10:54 standalone proxy-server[125754]: - - 11/Jun/2026/11/10/54 HEAD /v1/AUTH_1fce959ad164442da9671180cc8f4199/gnocchi.2558e6b3-146b-45a2-a15b-a8c1c8d473d9%3Fformat%3Djson%26states%3Dlisting HTTP/1.0 204 - Swift - - - - txe50a6c4cdf5f402583325-006a2a97be - 0.0094 RL - 1781176254.183782101 1781176254.193134785 0
Jun 11 11:10:54 standalone container-server[123868]: 172.20.0.100 - - [11/Jun/2026:11:10:54 +0000] "GET /d1/752/AUTH_1fce959ad164442da9671180cc8f4199/gnocchi.2558e6b3-146b-45a2-a15b-a8c1c8d473d9" 200 2 "GET http://localhost:8080/v1/AUTH_1fce959ad164442da9671180cc8f4199/gnocchi.2558e6b3-146b-45a2-a15b-a8c1c8d473d9?format=json&states=listing" "txe50a6c4cdf5f402583325-006a2a97be" "proxy-server 21" 0.0038 "-" 20 0
Jun 11 11:10:54 standalone proxy-server[125754]: 172.18.0.2 ::1 11/Jun/2026/11/10/54 GET /v1/AUTH_1fce959ad164442da9671180cc8f4199/gnocchi.2558e6b3-146b-45a2-a15b-a8c1c8d473d9%3Fformat%3Djson%26states%3Dlisting HTTP/1.0 200 - python-swiftclient-3.11.1 gAAAAABqKpd3Nzis... - 2 - txe50a6c4cdf5f402583325-006a2a97be - 0.0620 - - 1781176254.180934191 1781176254.242918730 0
Jun 11 11:10:54 standalone object-server[124015]: 172.20.0.100 - - [11/Jun/2026:11:10:54 +0000] "GET /d1/729/AUTH_1fce959ad164442da9671180cc8f4199/gnocchi.2558e6b3-146b-45a2-a15b-a8c1c8d473d9/1780920000.0_mean_300.0_v3" 404 70 "GET http://localhost:8080/v1/AUTH_1fce959ad164442da9671180cc8f4199/gnocchi.2558e6b3-146b-45a2-a15b-a8c1c8d473d9/1780920000.0_mean_300.0_v3" "tx8e6e2ace327649a1a1df7-006a2a97be" "proxy-server 21" 0.0006 "-" 23 0
Jun 11 11:10:54 standalone proxy-server[125754]: 172.18.0.2 ::1 11/Jun/2026/11/10/54 GET /v1/AUTH_1fce959ad164442da9671180cc8f4199/gnocchi.2558e6b3-146b-45a2-a15b-a8c1c8d473d9/1780920000.0_mean_300.0_v3 HTTP/1.0 404 - python-swiftclient-3.11.1 gAAAAABqKpd3Nzis... - 70 - tx8e6e2ace327649a1a1df7-006a2a97be - 0.0083 - - 1781176254.248826981 1781176254.257168293 0
Jun 11 11:10:54 standalone container-server[123874]: 172.20.0.100 - - [11/Jun/2026:11:10:54 +0000] "PUT /d1/752/AUTH_1fce959ad164442da9671180cc8f4199/gnocchi.2558e6b3-146b-45a2-a15b-a8c1c8d473d9/1780920000.0_mean_300.0_v3" 201 - "PUT http://localhost:8080/d1/729/AUTH_1fce959ad164442da9671180cc8f4199/gnocchi.2558e6b3-146b-45a2-a15b-a8c1c8d473d9/1780920000.0_mean_300.0_v3" "txfe4bc27ec9144f48af706-006a2a97be" "object-server 23" 0.0012 "-" 21 0
Jun 11 11:10:54 standalone object-server[124015]: 172.20.0.100 - - [11/Jun/2026:11:10:54 +0000] "PUT /d1/729/AUTH_1fce959ad164442da9671180cc8f4199/gnocchi.2558e6b3-146b-45a2-a15b-a8c1c8d473d9/1780920000.0_mean_300.0_v3" 201 - "PUT http://localhost:8080/v1/AUTH_1fce959ad164442da9671180cc8f4199/gnocchi.2558e6b3-146b-45a2-a15b-a8c1c8d473d9/1780920000.0_mean_300.0_v3" "txfe4bc27ec9144f48af706-006a2a97be" "proxy-server 21" 0.0129 "-" 23 0
Jun 11 11:10:54 standalone proxy-server[125754]: 172.18.0.2 ::1 11/Jun/2026/11/10/54 PUT /v1/AUTH_1fce959ad164442da9671180cc8f4199/gnocchi.2558e6b3-146b-45a2-a15b-a8c1c8d473d9/1780920000.0_mean_300.0_v3 HTTP/1.0 201 - python-swiftclient-3.11.1 gAAAAABqKpd3Nzis... 16 - - txfe4bc27ec9144f48af706-006a2a97be - 0.0200 - - 1781176254.261016846 1781176254.281012297 0
Jun 11 11:10:54 standalone container-server[123878]: 172.20.0.100 - - [11/Jun/2026:11:10:54 +0000] "PUT /d1/752/AUTH_1fce959ad164442da9671180cc8f4199/gnocchi.2558e6b3-146b-45a2-a15b-a8c1c8d473d9/none_v3" 201 - "PUT http://localhost:8080/d1/66/AUTH_1fce959ad164442da9671180cc8f4199/gnocchi.2558e6b3-146b-45a2-a15b-a8c1c8d473d9/none_v3" "tx6c1f6528a30c4e6ab8ed7-006a2a97be" "object-server 21" 0.0009 "-" 23 0
Jun 11 11:10:54 standalone object-server[124013]: 172.20.0.100 - - [11/Jun/2026:11:10:54 +0000] "PUT /d1/66/AUTH_1fce959ad164442da9671180cc8f4199/gnocchi.2558e6b3-146b-45a2-a15b-a8c1c8d473d9/none_v3" 201 - "PUT http://localhost:8080/v1/AUTH_1fce959ad164442da9671180cc8f4199/gnocchi.2558e6b3-146b-45a2-a15b-a8c1c8d473d9/none_v3" "tx6c1f6528a30c4e6ab8ed7-006a2a97be" "proxy-server 21" 0.0149 "-" 21 0
Jun 11 11:10:54 standalone proxy-server[125754]: 172.18.0.2 ::1 11/Jun/2026/11/10/54 PUT /v1/AUTH_1fce959ad164442da9671180cc8f4199/gnocchi.2558e6b3-146b-45a2-a15b-a8c1c8d473d9/none_v3 HTTP/1.0 201 - python-swiftclient-3.11.1 gAAAAABqKpd3Nzis... 22 - - tx6c1f6528a30c4e6ab8ed7-006a2a97be - 0.0226 - - 1781176254.284588575 1781176254.307197332 0
Jun 11 11:10:54 standalone container-server[123878]: 172.20.0.100 - - [11/Jun/2026:11:10:54 +0000] "HEAD /d1/375/AUTH_1fce959ad164442da9671180cc8f4199/gnocchi.cfd58b40-96b3-49c5-a483-1c0ccffe4bdd" 404 - "HEAD http://localhost:8080/v1/AUTH_1fce959ad164442da9671180cc8f4199/gnocchi.cfd58b40-96b3-49c5-a483-1c0ccffe4bdd?format=json&states=listing" "tx01a444d38f8245328341e-006a2a97be" "proxy-server 21" 0.0007 "-" 23 0
Jun 11 11:10:54 standalone object-server[124017]: 172.20.0.100 - - [11/Jun/2026:11:10:54 +0000] "GET /d1/356/AUTH_1fce959ad164442da9671180cc8f4199/gnocchi.cfd58b40-96b3-49c5-a483-1c0ccffe4bdd/none_v3" 404 70 "GET http://localhost:8080/v1/AUTH_1fce959ad164442da9671180cc8f4199/gnocchi.cfd58b40-96b3-49c5-a483-1c0ccffe4bdd/none_v3" "tx01a444d38f8245328341e-006a2a97be" "proxy-server 21" 0.0008 "-" 25 0
Jun 11 11:10:54 standalone proxy-server[125754]: 172.18.0.2 ::1 11/Jun/2026/11/10/54 GET /v1/AUTH_1fce959ad164442da9671180cc8f4199/gnocchi.cfd58b40-96b3-49c5-a483-1c0ccffe4bdd/none_v3 HTTP/1.0 404 - python-swiftclient-3.11.1 gAAAAABqKpd3Nzis... - 70 - tx01a444d38f8245328341e-006a2a97be - 0.0133 - - 1781176254.322637558 1781176254.335958958 0
Jun 11 11:10:54 standalone account-server[123826]: 172.20.0.100 - - [11/Jun/2026:11:10:54 +0000] "PUT /d1/73/AUTH_1fce959ad164442da9671180cc8f4199/gnocchi.cfd58b40-96b3-49c5-a483-1c0ccffe4bdd" 201 - "PUT http://172.20.0.100:6001/d1/375/AUTH_1fce959ad164442da9671180cc8f4199/gnocchi.cfd58b40-96b3-49c5-a483-1c0ccffe4bdd" "tx29e5e200b2d74e68b081c-006a2a97be" "container-server 20" 0.0066 "-" 14 0
Jun 11 11:10:54 standalone container-server[123868]: 172.20.0.100 - - [11/Jun/2026:11:10:54 +0000] "PUT /d1/375/AUTH_1fce959ad164442da9671180cc8f4199/gnocchi.cfd58b40-96b3-49c5-a483-1c0ccffe4bdd" 201 - "PUT http://localhost:8080/v1/AUTH_1fce959ad164442da9671180cc8f4199/gnocchi.cfd58b40-96b3-49c5-a483-1c0ccffe4bdd" "tx29e5e200b2d74e68b081c-006a2a97be" "proxy-server 21" 0.0212 "-" 20 0
Jun 11 11:10:54 standalone proxy-server[125754]: 172.18.0.2 ::1 11/Jun/2026/11/10/54 PUT /v1/AUTH_1fce959ad164442da9671180cc8f4199/gnocchi.cfd58b40-96b3-49c5-a483-1c0ccffe4bdd HTTP/1.0 201 - python-swiftclient-3.11.1 gAAAAABqKpd3Nzis... - - - tx29e5e200b2d74e68b081c-006a2a97be - 0.0269 - - 1781176254.339700222 1781176254.366635323 0
Jun 11 11:10:54 standalone container-server[123878]: 172.20.0.100 - - [11/Jun/2026:11:10:54 +0000] "HEAD /d1/375/AUTH_1fce959ad164442da9671180cc8f4199/gnocchi.cfd58b40-96b3-49c5-a483-1c0ccffe4bdd" 204 - "HEAD http://localhost:8080/v1/AUTH_1fce959ad164442da9671180cc8f4199/gnocchi.cfd58b40-96b3-49c5-a483-1c0ccffe4bdd?format=json&states=listing" "tx7508cea3f5914efba4339-006a2a97be" "proxy-server 21" 0.0031 "-" 23 0
Jun 11 11:10:54 standalone proxy-server[125754]: - - 11/Jun/2026/11/10/54 HEAD /v1/AUTH_1fce959ad164442da9671180cc8f4199/gnocchi.cfd58b40-96b3-49c5-a483-1c0ccffe4bdd%3Fformat%3Djson%26states%3Dlisting HTTP/1.0 204 - Swift - - - - tx7508cea3f5914efba4339-006a2a97be - 0.0078 RL - 1781176254.372721434 1781176254.380533695 0
Jun 11 11:10:54 standalone container-server[123874]: 172.20.0.100 - - [11/Jun/2026:11:10:54 +0000] "GET /d1/375/AUTH_1fce959ad164442da9671180cc8f4199/gnocchi.cfd58b40-96b3-49c5-a483-1c0ccffe4bdd" 200 2 "GET http://localhost:8080/v1/AUTH_1fce959ad164442da9671180cc8f4199/gnocchi.cfd58b40-96b3-49c5-a483-1c0ccffe4bdd?format=json&states=listing" "tx7508cea3f5914efba4339-006a2a97be" "proxy-server 21" 0.0035 "-" 21 0
Jun 11 11:10:54 standalone proxy-server[125754]: 172.18.0.2 ::1 11/Jun/2026/11/10/54 GET /v1/AUTH_1fce959ad164442da9671180cc8f4199/gnocchi.cfd58b40-96b3-49c5-a483-1c0ccffe4bdd%3Fformat%3Djson%26states%3Dlisting HTTP/1.0 200 - python-swiftclient-3.11.1 gAAAAABqKpd3Nzis... - 2 - tx7508cea3f5914efba4339-006a2a97be - 0.0201 - - 1781176254.371424198 1781176254.391500711 0
Jun 11 11:10:54 standalone object-server[124015]: 172.20.0.100 - - [11/Jun/2026:11:10:54 +0000] "GET /d1/531/AUTH_1fce959ad164442da9671180cc8f4199/gnocchi.cfd58b40-96b3-49c5-a483-1c0ccffe4bdd/1780920000.0_mean_300.0_v3" 404 70 "GET http://localhost:8080/v1/AUTH_1fce959ad164442da9671180cc8f4199/gnocchi.cfd58b40-96b3-49c5-a483-1c0ccffe4bdd/1780920000.0_mean_300.0_v3" "txdb5fc4fa706647cfbee39-006a2a97be" "proxy-server 21" 0.0008 "-" 23 0
Jun 11 11:10:54 standalone proxy-server[125754]: 172.18.0.2 ::1 11/Jun/2026/11/10/54 GET /v1/AUTH_1fce959ad164442da9671180cc8f4199/gnocchi.cfd58b40-96b3-49c5-a483-1c0ccffe4bdd/1780920000.0_mean_300.0_v3 HTTP/1.0 404 - python-swiftclient-3.11.1 gAAAAABqKpd3Nzis... - 70 - txdb5fc4fa706647cfbee39-006a2a97be - 0.0079 - - 1781176254.396076202 1781176254.403964996 0
Jun 11 11:10:54 standalone container-server[123874]: 172.20.0.100 - - [11/Jun/2026:11:10:54 +0000] "PUT /d1/375/AUTH_1fce959ad164442da9671180cc8f4199/gnocchi.cfd58b40-96b3-49c5-a483-1c0ccffe4bdd/1780920000.0_mean_300.0_v3" 201 - "PUT http://localhost:8080/d1/531/AUTH_1fce959ad164442da9671180cc8f4199/gnocchi.cfd58b40-96b3-49c5-a483-1c0ccffe4bdd/1780920000.0_mean_300.0_v3" "tx79a32994d9624899b6bd9-006a2a97be" "object-server 24" 0.0011 "-" 21 0
Jun 11 11:10:54 standalone object-server[124016]: 172.20.0.100 - - [11/Jun/2026:11:10:54 +0000] "PUT /d1/531/AUTH_1fce959ad164442da9671180cc8f4199/gnocchi.cfd58b40-96b3-49c5-a483-1c0ccffe4bdd/1780920000.0_mean_300.0_v3" 201 - "PUT http://localhost:8080/v1/AUTH_1fce959ad164442da9671180cc8f4199/gnocchi.cfd58b40-96b3-49c5-a483-1c0ccffe4bdd/1780920000.0_mean_300.0_v3" "tx79a32994d9624899b6bd9-006a2a97be" "proxy-server 21" 0.0140 "-" 24 0
Jun 11 11:10:54 standalone proxy-server[125754]: 172.18.0.2 ::1 11/Jun/2026/11/10/54 PUT /v1/AUTH_1fce959ad164442da9671180cc8f4199/gnocchi.cfd58b40-96b3-49c5-a483-1c0ccffe4bdd/1780920000.0_mean_300.0_v3 HTTP/1.0 201 - python-swiftclient-3.11.1 gAAAAABqKpd3Nzis... 16 - - tx79a32994d9624899b6bd9-006a2a97be - 0.0225 - - 1781176254.408458948 1781176254.430917263 0
Jun 11 11:10:54 standalone container-server[123875]: 172.20.0.100 - - [11/Jun/2026:11:10:54 +0000] "PUT /d1/375/AUTH_1fce959ad164442da9671180cc8f4199/gnocchi.cfd58b40-96b3-49c5-a483-1c0ccffe4bdd/none_v3" 201 - "PUT http://localhost:8080/d1/356/AUTH_1fce959ad164442da9671180cc8f4199/gnocchi.cfd58b40-96b3-49c5-a483-1c0ccffe4bdd/none_v3" "tx2724b4e361254cfb99318-006a2a97be" "object-server 24" 0.0008 "-" 22 0
Jun 11 11:10:54 standalone object-server[124016]: 172.20.0.100 - - [11/Jun/2026:11:10:54 +0000] "PUT /d1/356/AUTH_1fce959ad164442da9671180cc8f4199/gnocchi.cfd58b40-96b3-49c5-a483-1c0ccffe4bdd/none_v3" 201 - "PUT http://localhost:8080/v1/AUTH_1fce959ad164442da9671180cc8f4199/gnocchi.cfd58b40-96b3-49c5-a483-1c0ccffe4bdd/none_v3" "tx2724b4e361254cfb99318-006a2a97be" "proxy-server 21" 0.0208 "-" 24 0
Jun 11 11:10:54 standalone proxy-server[125754]: 172.18.0.2 ::1 11/Jun/2026/11/10/54 PUT /v1/AUTH_1fce959ad164442da9671180cc8f4199/gnocchi.cfd58b40-96b3-49c5-a483-1c0ccffe4bdd/none_v3 HTTP/1.0 201 - python-swiftclient-3.11.1 gAAAAABqKpd3Nzis... 22 - - tx2724b4e361254cfb99318-006a2a97be - 0.0319 - - 1781176254.435641766 1781176254.467544556 0
Jun 11 11:12:45 standalone account-server[123842]: 172.20.0.100 - - [11/Jun/2026:11:12:45 +0000] "HEAD /d1/199/.expiring_objects" 404 - "HEAD http://localhost/v1/.expiring_objects?format=json" "tx5113c93d802d44d69a858-006a2a982d" "proxy-server 2" 0.0006 "-" 17 -
Jun 11 11:12:45 standalone object-expirer[123759]: Pass completed in 0s; 0 objects expired (txn: tx5113c93d802d44d69a858-006a2a982d)
Jun 11 11:13:14 standalone container-server[123504]: Begin container update sweep
Jun 11 11:13:14 standalone account-server[123842]: 172.20.0.100 - - [11/Jun/2026:11:13:14 +0000] "PUT /d1/73/AUTH_1fce959ad164442da9671180cc8f4199/gnocchi.f8d29c5d-102f-47fb-9311-0fde8ece72c6" 201 - "-" "-" "container-updater 2" 0.0011 "-" 17 0
Jun 11 11:13:14 standalone account-server[123826]: 172.20.0.100 - - [11/Jun/2026:11:13:14 +0000] "PUT /d1/73/AUTH_1fce959ad164442da9671180cc8f4199/gnocchi.180489f3-6618-4c5c-8884-dd277acab948" 201 - "-" "-" "container-updater 2" 0.0006 "-" 14 0
Jun 11 11:13:14 standalone account-server[123834]: 172.20.0.100 - - [11/Jun/2026:11:13:14 +0000] "PUT /d1/73/AUTH_1fce959ad164442da9671180cc8f4199/gnocchi.33c0a7ba-008d-45db-8e0b-a0fe4ebc619b" 201 - "-" "-" "container-updater 2" 0.0004 "-" 15 0
Jun 11 11:13:14 standalone account-server[123826]: 172.20.0.100 - - [11/Jun/2026:11:13:14 +0000] "PUT /d1/73/AUTH_1fce959ad164442da9671180cc8f4199/gnocchi.d039be56-81c1-4777-8fe1-58c318c3d18d" 201 - "-" "-" "container-updater 2" 0.0005 "-" 14 0
Jun 11 11:13:14 standalone account-server[123842]: 172.20.0.100 - - [11/Jun/2026:11:13:14 +0000] "PUT /d1/73/AUTH_1fce959ad164442da9671180cc8f4199/gnocchi.45558b5c-9de1-4907-9951-8190f6867207" 201 - "-" "-" "container-updater 2" 0.0004 "-" 17 0
Jun 11 11:13:14 standalone account-server[123834]: 172.20.0.100 - - [11/Jun/2026:11:13:14 +0000] "PUT /d1/73/AUTH_1fce959ad164442da9671180cc8f4199/gnocchi.cfd58b40-96b3-49c5-a483-1c0ccffe4bdd" 201 - "-" "-" "container-updater 2" 0.0012 "-" 15 0
Jun 11 11:13:14 standalone account-server[123842]: 172.20.0.100 - - [11/Jun/2026:11:13:14 +0000] "PUT /d1/73/AUTH_1fce959ad164442da9671180cc8f4199/gnocchi.d15bf4d4-911c-47fd-955f-9dd3444037db" 201 - "-" "-" "container-updater 2" 0.0007 "-" 17 0
Jun 11 11:13:14 standalone account-server[123842]: 172.20.0.100 - - [11/Jun/2026:11:13:14 +0000] "PUT /d1/73/AUTH_1fce959ad164442da9671180cc8f4199/glance" 201 - "-" "-" "container-updater 2" 0.0008 "-" 17 0
Jun 11 11:13:14 standalone account-server[123839]: 172.20.0.100 - - [11/Jun/2026:11:13:14 +0000] "PUT /d1/73/AUTH_1fce959ad164442da9671180cc8f4199/gnocchi.2558e6b3-146b-45a2-a15b-a8c1c8d473d9" 201 - "-" "-" "container-updater 2" 0.0006 "-" 16 0
Jun 11 11:13:14 standalone container-server[123504]: Container update sweep completed: 0.92s
Jun 11 11:13:30 standalone account-server[123826]: 172.20.0.100 - - [11/Jun/2026:11:13:30 +0000] "HEAD /d1/199/.expiring_objects" 404 - "HEAD http://localhost/v1/.expiring_objects?format=json" "txa89461e3237540fdaec53-006a2a985a" "proxy-server 2" 0.0007 "-" 14 -
Jun 11 11:13:30 standalone object-expirer[123759]: Pass completed in 0s; 0 objects expired (txn: txa89461e3237540fdaec53-006a2a985a)
Jun 11 11:15:28 standalone object-server[123918]: Begin object update sweep
Jun 11 11:15:28 standalone object-server[266352]: Object update sweep starting on /srv/node/d1 (pid: 15)
Jun 11 11:15:28 standalone object-server[266352]: Object update sweep completed on /srv/node/d1 in 0.00s seconds:, 0 successes, 0 failures, 0 quarantines, 0 unlinks, 0 errors, 0 redirects (pid: 15)
Jun 11 11:15:28 standalone object-server[266352]: Object update sweep of d1 completed: 0.00s, 0 successes, 0 failures, 0 quarantines, 0 unlinks, 0 errors, 0 redirects
Jun 11 11:15:28 standalone object-server[123918]: Object update sweep completed: 0.09s
Jun 11 11:16:39 standalone account-server[123834]: 172.20.0.100 - - [11/Jun/2026:11:16:39 +0000] "HEAD /d1/199/.expiring_objects" 404 - "HEAD http://localhost/v1/.expiring_objects?format=json" "tx476495ca2150435d8a269-006a2a9917" "proxy-server 2" 0.0006 "-" 15 -
Jun 11 11:16:39 standalone object-expirer[123759]: Pass completed in 0s; 0 objects expired (txn: tx476495ca2150435d8a269-006a2a9917)
Jun 11 11:18:14 standalone container-server[123504]: Begin container update sweep
Jun 11 11:18:14 standalone container-server[123504]: Container update sweep completed: 0.82s
Jun 11 11:19:28 standalone account-server[123839]: 172.20.0.100 - - [11/Jun/2026:11:19:28 +0000] "HEAD /d1/199/.expiring_objects" 404 - "HEAD http://localhost/v1/.expiring_objects?format=json" "txfc753c3a5e594330b9e41-006a2a99c0" "proxy-server 2" 0.0010 "-" 16 -
Jun 11 11:19:28 standalone object-expirer[123759]: Pass completed in 0s; 0 objects expired (txn: txfc753c3a5e594330b9e41-006a2a99c0)
Jun 11 11:20:28 standalone object-server[123918]: Begin object update sweep
Jun 11 11:20:28 standalone object-server[289115]: Object update sweep starting on /srv/node/d1 (pid: 16)
Jun 11 11:20:28 standalone object-server[289115]: Object update sweep completed on /srv/node/d1 in 0.00s seconds:, 0 successes, 0 failures, 0 quarantines, 0 unlinks, 0 errors, 0 redirects (pid: 16)
Jun 11 11:20:28 standalone object-server[289115]: Object update sweep of d1 completed: 0.00s, 0 successes, 0 failures, 0 quarantines, 0 unlinks, 0 errors, 0 redirects
Jun 11 11:20:28 standalone object-server[123918]: Object update sweep completed: 0.08s
Jun 11 11:21:57 standalone account-server[123839]: 172.20.0.100 - - [11/Jun/2026:11:21:57 +0000] "HEAD /d1/199/.expiring_objects" 404 - "HEAD http://localhost/v1/.expiring_objects?format=json" "tx5c6e4f795e1c4c858478d-006a2a9a55" "proxy-server 2" 0.0009 "-" 16 -
Jun 11 11:21:57 standalone object-expirer[123759]: Pass completed in 0s; 0 objects expired (txn: tx5c6e4f795e1c4c858478d-006a2a9a55)
Jun 11 11:22:39 standalone account-server[123842]: 172.20.0.30 - - [11/Jun/2026:11:22:39 +0000] "HEAD /d1/161/AUTH_e1f589fd20d446fc86d3d6cb316c6e6a" 404 - "HEAD http://swift-public-openstack.apps-crc.testing/v1/AUTH_e1f589fd20d446fc86d3d6cb316c6e6a?format=json" "tx0281a03ebbc04a53b135c-006a2a9a7f" "proxy-server 9" 0.0010 "-" 17 -
Jun 11 11:22:40 standalone account-server[123826]: 172.20.0.30 - - [11/Jun/2026:11:22:40 +0000] "GET /d1/161/AUTH_e1f589fd20d446fc86d3d6cb316c6e6a" 404 - "GET http://swift-public-openstack.apps-crc.testing/v1/AUTH_e1f589fd20d446fc86d3d6cb316c6e6a?format=json" "tx0281a03ebbc04a53b135c-006a2a9a7f" "proxy-server 9" 0.0007 "-" 14 -
Jun 11 11:23:14 standalone container-server[123504]: Begin container update sweep
Jun 11 11:23:14 standalone container-server[123504]: Container update sweep completed: 0.62s
Jun 11 11:25:28 standalone object-server[123918]: Begin object update sweep
Jun 11 11:25:29 standalone object-server[309582]: Object update sweep starting on /srv/node/d1 (pid: 17)
Jun 11 11:25:29 standalone object-server[309582]: Object update sweep completed on /srv/node/d1 in 0.00s seconds:, 0 successes, 0 failures, 0 quarantines, 0 unlinks, 0 errors, 0 redirects (pid: 17)
Jun 11 11:25:29 standalone object-server[309582]: Object update sweep of d1 completed: 0.00s, 0 successes, 0 failures, 0 quarantines, 0 unlinks, 0 errors, 0 redirects
Jun 11 11:25:29 standalone object-server[123918]: Object update sweep completed: 0.09s
Jun 11 11:26:52 standalone account-server[123826]: 172.20.0.100 - - [11/Jun/2026:11:26:52 +0000] "HEAD /d1/199/.expiring_objects" 404 - "HEAD http://localhost/v1/.expiring_objects?format=json" "txe10a146cce724e0493baf-006a2a9b7c" "proxy-server 2" 0.0011 "-" 14 -
Jun 11 11:26:52 standalone object-expirer[123759]: Pass completed in 0s; 0 objects expired (txn: txe10a146cce724e0493baf-006a2a9b7c)
Jun 11 11:28:14 standalone container-server[123504]: Begin container update sweep
Jun 11 11:28:14 standalone container-server[123504]: Container update sweep completed: 0.53s
Jun 11 11:30:29 standalone object-server[123918]: Begin object update sweep
Jun 11 11:30:29 standalone object-server[329882]: Object update sweep starting on /srv/node/d1 (pid: 18)
Jun 11 11:30:29 standalone object-server[329882]: Object update sweep completed on /srv/node/d1 in 0.00s seconds:, 0 successes, 0 failures, 0 quarantines, 0 unlinks, 0 errors, 0 redirects (pid: 18)
Jun 11 11:30:29 standalone object-server[329882]: Object update sweep of d1 completed: 0.00s, 0 successes, 0 failures, 0 quarantines, 0 unlinks, 0 errors, 0 redirects
Jun 11 11:30:29 standalone object-server[123918]: Object update sweep completed: 0.10s
Jun 11 11:30:47 standalone account-server[123842]: 172.20.0.30 - - [11/Jun/2026:11:30:47 +0000] "HEAD /d1/73/AUTH_1fce959ad164442da9671180cc8f4199" 204 - "HEAD http://swift-internal.openstack.svc:8080/v1/AUTH_1fce959ad164442da9671180cc8f4199?format=json" "txf26e9d4a24a3492abf9c6-006a2a9c67" "proxy-server 9" 0.0165 "-" 17 -
Jun 11 11:30:48 standalone container-server[123868]: 172.20.0.30 - - [11/Jun/2026:11:30:48 +0000] "HEAD /d1/244/AUTH_1fce959ad164442da9671180cc8f4199/glance" 204 - "HEAD http://swift-internal.openstack.svc:8080/v1/AUTH_1fce959ad164442da9671180cc8f4199/glance?format=json&states=listing" "txf26e9d4a24a3492abf9c6-006a2a9c67" "proxy-server 9" 0.0033 "-" 20 0
Jun 11 11:30:50 standalone container-server[123878]: 172.20.0.100 - - [11/Jun/2026:11:30:50 +0000] "PUT /d1/244/AUTH_1fce959ad164442da9671180cc8f4199/glance/ae82ffbb-458a-4961-a6d5-2f7423df755b-00001" 201 - "PUT http://swift-internal.openstack.svc:8080/d1/676/AUTH_1fce959ad164442da9671180cc8f4199/glance/ae82ffbb-458a-4961-a6d5-2f7423df755b-00001" "txd1bbf4b82c7b457bbecca-006a2a9c68" "object-server 24" 0.0013 "-" 23 0
Jun 11 11:30:50 standalone object-server[124016]: 172.20.0.30 - - [11/Jun/2026:11:30:50 +0000] "PUT /d1/676/AUTH_1fce959ad164442da9671180cc8f4199/glance/ae82ffbb-458a-4961-a6d5-2f7423df755b-00001" 201 - "PUT http://swift-internal.openstack.svc:8080/v1/AUTH_1fce959ad164442da9671180cc8f4199/glance/ae82ffbb-458a-4961-a6d5-2f7423df755b-00001" "txd1bbf4b82c7b457bbecca-006a2a9c68" "proxy-server 9" 2.0506 "-" 24 0
Jun 11 11:30:52 standalone container-server[123875]: 172.20.0.100 - - [11/Jun/2026:11:30:52 +0000] "PUT /d1/244/AUTH_1fce959ad164442da9671180cc8f4199/glance/ae82ffbb-458a-4961-a6d5-2f7423df755b-00002" 201 - "PUT http://swift-internal.openstack.svc:8080/d1/289/AUTH_1fce959ad164442da9671180cc8f4199/glance/ae82ffbb-458a-4961-a6d5-2f7423df755b-00002" "tx8c9e3414654643bb89043-006a2a9c6a" "object-server 24" 0.0013 "-" 22 0
Jun 11 11:30:52 standalone object-server[124016]: 172.20.0.30 - - [11/Jun/2026:11:30:52 +0000] "PUT /d1/289/AUTH_1fce959ad164442da9671180cc8f4199/glance/ae82ffbb-458a-4961-a6d5-2f7423df755b-00002" 201 - "PUT http://swift-internal.openstack.svc:8080/v1/AUTH_1fce959ad164442da9671180cc8f4199/glance/ae82ffbb-458a-4961-a6d5-2f7423df755b-00002" "tx8c9e3414654643bb89043-006a2a9c6a" "proxy-server 9" 2.0356 "-" 24 0
Jun 11 11:30:53 standalone container-server[123874]: 172.20.0.100 - - [11/Jun/2026:11:30:53 +0000] "PUT /d1/244/AUTH_1fce959ad164442da9671180cc8f4199/glance/ae82ffbb-458a-4961-a6d5-2f7423df755b-00003" 201 - "PUT http://swift-internal.openstack.svc:8080/d1/346/AUTH_1fce959ad164442da9671180cc8f4199/glance/ae82ffbb-458a-4961-a6d5-2f7423df755b-00003" "tx74fa2e8ff5bf414e8d2ab-006a2a9c6c" "object-server 21" 0.0010 "-" 21 0
Jun 11 11:30:53 standalone object-server[124013]: 172.20.0.30 - - [11/Jun/2026:11:30:53 +0000] "PUT /d1/346/AUTH_1fce959ad164442da9671180cc8f4199/glance/ae82ffbb-458a-4961-a6d5-2f7423df755b-00003" 201 - "PUT http://swift-internal.openstack.svc:8080/v1/AUTH_1fce959ad164442da9671180cc8f4199/glance/ae82ffbb-458a-4961-a6d5-2f7423df755b-00003" "tx74fa2e8ff5bf414e8d2ab-006a2a9c6c" "proxy-server 9" 1.2570 "-" 21 0
Jun 11 11:30:53 standalone container-server[123874]: 172.20.0.100 - - [11/Jun/2026:11:30:53 +0000] "PUT /d1/244/AUTH_1fce959ad164442da9671180cc8f4199/glance/ae82ffbb-458a-4961-a6d5-2f7423df755b" 201 - "PUT http://swift-internal.openstack.svc:8080/d1/289/AUTH_1fce959ad164442da9671180cc8f4199/glance/ae82ffbb-458a-4961-a6d5-2f7423df755b" "tx1bae91198fd345839e346-006a2a9c6d" "object-server 23" 0.0007 "-" 21 0
Jun 11 11:30:53 standalone object-server[124015]: 172.20.0.30 - - [11/Jun/2026:11:30:53 +0000] "PUT /d1/289/AUTH_1fce959ad164442da9671180cc8f4199/glance/ae82ffbb-458a-4961-a6d5-2f7423df755b" 201 - "PUT http://swift-internal.openstack.svc:8080/v1/AUTH_1fce959ad164442da9671180cc8f4199/glance/ae82ffbb-458a-4961-a6d5-2f7423df755b" "tx1bae91198fd345839e346-006a2a9c6d" "proxy-server 9" 0.0106 "-" 23 0
Jun 11 11:31:38 standalone account-server[123842]: 172.20.0.100 - - [11/Jun/2026:11:31:38 +0000] "HEAD /d1/199/.expiring_objects" 404 - "HEAD http://localhost/v1/.expiring_objects?format=json" "tx4691ec858fe74a889be12-006a2a9c9a" "proxy-server 2" 0.0009 "-" 17 -
Jun 11 11:31:38 standalone object-expirer[123759]: Pass completed in 0s; 0 objects expired (txn: tx4691ec858fe74a889be12-006a2a9c9a)
Jun 11 11:33:14 standalone container-server[123504]: Begin container update sweep
Jun 11 11:33:15 standalone account-server[123842]: 172.20.0.100 - - [11/Jun/2026:11:33:15 +0000] "PUT /d1/73/AUTH_1fce959ad164442da9671180cc8f4199/glance" 201 - "-" "-" "container-updater 2" 0.0013 "-" 17 0
Jun 11 11:33:15 standalone container-server[123504]: Container update sweep completed: 0.80s
Jun 11 11:34:42 standalone account-server[123826]: 172.20.0.100 - - [11/Jun/2026:11:34:42 +0000] "HEAD /d1/199/.expiring_objects" 404 - "HEAD http://localhost/v1/.expiring_objects?format=json" "tx1001f9cb05e24aafb56fa-006a2a9d52" "proxy-server 2" 0.0005 "-" 14 -
Jun 11 11:34:42 standalone object-expirer[123759]: Pass completed in 0s; 0 objects expired (txn: tx1001f9cb05e24aafb56fa-006a2a9d52)
Jun 11 11:35:29 standalone object-server[123918]: Begin object update sweep
Jun 11 11:35:29 standalone object-server[350379]: Object update sweep starting on /srv/node/d1 (pid: 19)
Jun 11 11:35:29 standalone object-server[350379]: Object update sweep completed on /srv/node/d1 in 0.00s seconds:, 0 successes, 0 failures, 0 quarantines, 0 unlinks, 0 errors, 0 redirects (pid: 19)
Jun 11 11:35:29 standalone object-server[350379]: Object update sweep of d1 completed: 0.00s, 0 successes, 0 failures, 0 quarantines, 0 unlinks, 0 errors, 0 redirects
Jun 11 11:35:29 standalone object-server[123918]: Object update sweep completed: 0.09s
Jun 11 11:35:48 standalone account-server[123842]: 172.20.0.30 - - [11/Jun/2026:11:35:48 +0000] "HEAD /d1/161/AUTH_e1f589fd20d446fc86d3d6cb316c6e6a" 404 - "HEAD http://swift-internal.openstack.svc:8080/v1/AUTH_e1f589fd20d446fc86d3d6cb316c6e6a?format=json" "tx8850ff503fcb4eb1927ce-006a2a9d94" "proxy-server 15" 0.0014 "-" 17 -
Jun 11 11:35:48 standalone account-server[123842]: 172.20.0.30 - - [11/Jun/2026:11:35:48 +0000] "HEAD /d1/161/AUTH_e1f589fd20d446fc86d3d6cb316c6e6a" 404 - "HEAD http://swift-internal.openstack.svc:8080/v1/AUTH_e1f589fd20d446fc86d3d6cb316c6e6a?format=json" "tx8850ff503fcb4eb1927ce-006a2a9d94" "proxy-server 15" 0.0007 "-" 17 -
Jun 11 11:35:48 standalone account-server[123842]: 172.20.0.30 - - [11/Jun/2026:11:35:48 +0000] "HEAD /d1/73/AUTH_1fce959ad164442da9671180cc8f4199" 204 - "HEAD http://swift-internal.openstack.svc:8080/v1/AUTH_1fce959ad164442da9671180cc8f4199?format=json" "tx878a09e3fb4e447ab4722-006a2a9d94" "proxy-server 15" 0.0139 "-" 17 -
Jun 11 11:35:48 standalone account-server[123834]: 172.20.0.30 - - [11/Jun/2026:11:35:48 +0000] "HEAD /d1/73/AUTH_1fce959ad164442da9671180cc8f4199" 204 - "HEAD http://swift-internal.openstack.svc:8080/v1/AUTH_1fce959ad164442da9671180cc8f4199?format=json" "tx878a09e3fb4e447ab4722-006a2a9d94" "proxy-server 15" 0.0026 "-" 15 -
Jun 11 11:35:53 standalone account-server[123834]: 172.20.0.30 - - [11/Jun/2026:11:35:53 +0000] "GET /d1/161/AUTH_e1f589fd20d446fc86d3d6cb316c6e6a" 404 - "GET http://swift-internal.openstack.svc:8080/v1/AUTH_e1f589fd20d446fc86d3d6cb316c6e6a?format=json" "txefc6af1e762b451bac30d-006a2a9d99" "proxy-server 15" 0.0004 "-" 15 -
Jun 11 11:35:53 standalone account-server[123839]: 172.20.0.30 - - [11/Jun/2026:11:35:53 +0000] "GET /d1/73/AUTH_1fce959ad164442da9671180cc8f4199" 200 1140 "GET http://swift-internal.openstack.svc:8080/v1/AUTH_1fce959ad164442da9671180cc8f4199?format=json" "tx589ad99c4e4a4f96a9535-006a2a9d99" "proxy-server 15" 0.0035 "-" 16 -
Jun 11 11:36:18 standalone account-server[123834]: 172.20.0.30 - - [11/Jun/2026:11:36:18 +0000] "GET /d1/161/AUTH_e1f589fd20d446fc86d3d6cb316c6e6a" 404 - "GET http://swift-internal.openstack.svc:8080/v1/AUTH_e1f589fd20d446fc86d3d6cb316c6e6a?format=json" "txc73a1c26b40848dc9739d-006a2a9db2" "proxy-server 15" 0.0010 "-" 15 -
Jun 11 11:36:18 standalone account-server[123839]: 172.20.0.30 - - [11/Jun/2026:11:36:18 +0000] "GET /d1/73/AUTH_1fce959ad164442da9671180cc8f4199" 200 1140 "GET http://swift-internal.openstack.svc:8080/v1/AUTH_1fce959ad164442da9671180cc8f4199?format=json" "tx64caec8e216344de84874-006a2a9db2" "proxy-server 15" 0.0032 "-" 16 -
Jun 11 11:36:20 standalone account-server[123839]: 172.20.0.30 - - [11/Jun/2026:11:36:20 +0000] "HEAD /d1/161/AUTH_e1f589fd20d446fc86d3d6cb316c6e6a" 404 - "HEAD http://swift-internal.openstack.svc:8080/v1/AUTH_e1f589fd20d446fc86d3d6cb316c6e6a?format=json" "tx140723c993df4e02ad004-006a2a9db4" "proxy-server 8" 0.0005 "-" 16 -
Jun 11 11:36:20 standalone account-server[123834]: 172.20.0.30 - - [11/Jun/2026:11:36:20 +0000] "HEAD /d1/73/AUTH_1fce959ad164442da9671180cc8f4199" 204 - "HEAD http://swift-internal.openstack.svc:8080/v1/AUTH_1fce959ad164442da9671180cc8f4199?format=json" "tx41b1a19da564442bb40b2-006a2a9db4" "proxy-server 8" 0.0018 "-" 15 -
