Jun 11 10:55:40 standalone account-server[123372]: Starting 2
Jun 11 10:55:41 standalone container-server[123504]: Starting 2
Jun 11 10:55:41 standalone account-server[123435]: Started child 14 from parent 2
Jun 11 10:55:41 standalone account-server[123435]: Started child 15 from parent 2
Jun 11 10:55:41 standalone account-server[123435]: Started child 16 from parent 2
Jun 11 10:55:41 standalone account-server[123435]: Started child 17 from parent 2
Jun 11 10:55:41 standalone container-server[123441]: Option allow_versions is deprecated. Configure the versioned_writes middleware in the proxy-server instead. This option will be ignored in a future release.
Jun 11 10:55:41 standalone container-server[123868]: Option allow_versions is deprecated. Configure the versioned_writes middleware in the proxy-server instead. This option will be ignored in a future release.
Jun 11 10:55:41 standalone container-server[123441]: Started child 20 from parent 2
Jun 11 10:55:41 standalone container-server[123874]: Option allow_versions is deprecated. Configure the versioned_writes middleware in the proxy-server instead. This option will be ignored in a future release.
Jun 11 10:55:41 standalone container-server[123441]: Started child 21 from parent 2
Jun 11 10:55:41 standalone container-server[123875]: Option allow_versions is deprecated. Configure the versioned_writes middleware in the proxy-server instead. This option will be ignored in a future release.
Jun 11 10:55:41 standalone container-server[123441]: Started child 22 from parent 2
Jun 11 10:55:41 standalone container-server[123878]: Option allow_versions is deprecated. Configure the versioned_writes middleware in the proxy-server instead. This option will be ignored in a future release.
Jun 11 10:55:41 standalone container-server[123441]: Started child 23 from parent 2
Jun 11 10:55:42 standalone object-expirer[123759]: Starting 2
Jun 11 10:55:42 standalone object-expirer[123759]: Option auto_create_account_prefix is deprecated. Configure auto_create_account_prefix under the swift-constraints section of swift.conf. This option will be ignored in a future release.
Jun 11 10:55:42 standalone object-server[123869]: Started child 21 from parent 2
Jun 11 10:55:42 standalone object-server[123869]: Started child 23 from parent 2
Jun 11 10:55:42 standalone object-server[123869]: Started child 24 from parent 2
Jun 11 10:55:42 standalone object-server[123869]: Started child 25 from parent 2
Jun 11 10:55:42 standalone object-server[123918]: Starting 2
Jun 11 10:55:48 standalone proxy-server[125584]: Starting Keystone auth_token middleware
Jun 11 10:55:48 standalone proxy-server[125584]: AuthToken middleware is set with keystone_authtoken.service_token_roles_required set to False. This is backwards compatible but deprecated behaviour. Please set this to True.
Jun 11 10:55:49 standalone proxy-server[125754]: Starting Keystone auth_token middleware
Jun 11 10:55:49 standalone proxy-server[125754]: STDERR: The option "bind_port" is not known to keystonemiddleware
Jun 11 10:55:49 standalone proxy-server[125754]: STDERR: The option "workers" is not known to keystonemiddleware
Jun 11 10:55:49 standalone proxy-server[125754]: STDERR: The option "user" is not known to keystonemiddleware
Jun 11 10:55:49 standalone proxy-server[125754]: STDERR: The option "bind_ip" is not known to keystonemiddleware
Jun 11 10:55:49 standalone proxy-server[125754]: STDERR: The option "log_name" is not known to keystonemiddleware
Jun 11 10:55:49 standalone proxy-server[125754]: STDERR: The option "log_facility" is not known to keystonemiddleware
Jun 11 10:55:49 standalone proxy-server[125754]: STDERR: The option "log_level" is not known to keystonemiddleware
Jun 11 10:55:49 standalone proxy-server[125754]: STDERR: The option "log_headers" is not known to keystonemiddleware
Jun 11 10:55:49 standalone proxy-server[125754]: STDERR: The option "log_address" is not known to keystonemiddleware
Jun 11 10:55:49 standalone proxy-server[125754]: STDERR: The option "project_name" is not known to keystonemiddleware
Jun 11 10:55:49 standalone proxy-server[125754]: STDERR: The option "username" is not known to keystonemiddleware
Jun 11 10:55:49 standalone proxy-server[125754]: STDERR: The option "password" is not known to keystonemiddleware
Jun 11 10:55:49 standalone proxy-server[125754]: STDERR: The option "auth_url" is not known to keystonemiddleware
Jun 11 10:55:49 standalone proxy-server[125754]: STDERR: The option "signing_dir" is not known to keystonemiddleware
Jun 11 10:55:49 standalone proxy-server[125754]: STDERR: The option "project_domain_id" is not known to keystonemiddleware
Jun 11 10:55:49 standalone proxy-server[125754]: STDERR: The option "user_domain_id" is not known to keystonemiddleware
Jun 11 10:55:49 standalone proxy-server[125754]: STDERR: The option "__name__" is not known to keystonemiddleware
Jun 11 10:55:49 standalone proxy-server[125754]: AuthToken middleware is set with keystone_authtoken.service_token_roles_required set to False. This is backwards compatible but deprecated behaviour. Please set this to True.
Jun 11 10:55:49 standalone proxy-server[125584]: Started child 21 from parent 2
Jun 11 10:58:13 standalone container-server[123504]: Begin container update sweep
Jun 11 10:58:13 standalone container-server[123504]: Container update sweep completed: 0.00s
Jun 11 10:58:38 standalone account-server[123842]: 172.20.0.100 - - [11/Jun/2026:10:58:38 +0000] "HEAD /d1/199/.expiring_objects" 404 - "HEAD http://localhost/v1/.expiring_objects?format=json" "txe3ebc385f6fc4b13b5035-006a2a94de" "proxy-server 2" 0.0016 "-" 17 -
Jun 11 10:58:38 standalone object-expirer[123759]: Pass completed in 0s; 0 objects expired (txn: txe3ebc385f6fc4b13b5035-006a2a94de)
Jun 11 10:59:04 standalone account-server[123826]: 172.20.0.100 - - [11/Jun/2026:10:59:04 +0000] "HEAD /d1/199/.expiring_objects" 404 - "HEAD http://localhost/v1/.expiring_objects?format=json" "txb1a713f64f3d41e4add23-006a2a94f8" "proxy-server 2" 0.0013 "-" 14 -
Jun 11 10:59:04 standalone object-expirer[123759]: Pass completed in 0s; 0 objects expired (txn: txb1a713f64f3d41e4add23-006a2a94f8)
Jun 11 11:00:28 standalone object-server[123918]: Begin object update sweep
Jun 11 11:00:28 standalone object-server[156899]: Object update sweep starting on /srv/node/d1 (pid: 12)
Jun 11 11:00:28 standalone object-server[156899]: Object update sweep completed on /srv/node/d1 in 0.00s seconds:, 0 successes, 0 failures, 0 quarantines, 0 unlinks, 0 errors, 0 redirects (pid: 12)
Jun 11 11:00:28 standalone object-server[156899]: Object update sweep of d1 completed: 0.00s, 0 successes, 0 failures, 0 quarantines, 0 unlinks, 0 errors, 0 redirects
Jun 11 11:00:28 standalone object-server[123918]: Object update sweep completed: 0.08s
Jun 11 11:03:08 standalone account-server[123834]: 172.20.0.100 - - [11/Jun/2026:11:03:08 +0000] "HEAD /d1/199/.expiring_objects" 404 - "HEAD http://localhost/v1/.expiring_objects?format=json" "tx5b67e5b670e348418f8e2-006a2a95ec" "proxy-server 2" 0.0010 "-" 15 -
Jun 11 11:03:08 standalone object-expirer[123759]: Pass completed in 0s; 0 objects expired (txn: tx5b67e5b670e348418f8e2-006a2a95ec)
Jun 11 11:03:13 standalone container-server[123504]: Begin container update sweep
Jun 11 11:03:13 standalone container-server[123504]: Container update sweep completed: 0.00s
Jun 11 11:05:03 standalone account-server[123839]: 172.20.0.100 - - [11/Jun/2026:11:05:03 +0000] "HEAD /d1/73/AUTH_1fce959ad164442da9671180cc8f4199" 404 - "HEAD http://localhost:8080/v1/AUTH_1fce959ad164442da9671180cc8f4199?format=json" "tx3f3ec9b080a949e391f3b-006a2a965f" "proxy-server 21" 0.0012 "-" 16 -
Jun 11 11:05:03 standalone proxy-server[125754]: - - 11/Jun/2026/11/05/03 HEAD /v1/AUTH_1fce959ad164442da9671180cc8f4199%3Fformat%3Djson HTTP/1.0 200 - Swift - - - - tx3f3ec9b080a949e391f3b-006a2a965f - 0.0079 RL - 1781175903.534271717 1781175903.542206526 -
Jun 11 11:05:03 standalone proxy-server[125754]: 172.18.0.2 ::1 11/Jun/2026/11/05/03 HEAD /v1/AUTH_1fce959ad164442da9671180cc8f4199/glance%3Fformat%3Djson HTTP/1.0 404 - python-swiftclient-3.11.1 gAAAAABqKpZfbgCD... - - - tx3f3ec9b080a949e391f3b-006a2a965f - 0.4517 - - 1781175903.525001049 1781175903.976708889 -
Jun 11 11:05:04 standalone account-server[123826]: 172.20.0.100 - - [11/Jun/2026:11:05:04 +0000] "PUT /d1/73/AUTH_1fce959ad164442da9671180cc8f4199" 201 - "-" "tx2c10792412c5483dbf1ae-006a2a965f" "-" 0.0193 "-" 14 -
Jun 11 11:05:04 standalone proxy-server[125754]: autocreate account '/AUTH_1fce959ad164442da9671180cc8f4199' (txn: tx2c10792412c5483dbf1ae-006a2a965f)
Jun 11 11:05:04 standalone account-server[123826]: 172.20.0.100 - - [11/Jun/2026:11:05:04 +0000] "HEAD /d1/73/AUTH_1fce959ad164442da9671180cc8f4199" 204 - "HEAD http://localhost:8080/v1/AUTH_1fce959ad164442da9671180cc8f4199?format=json" "tx2c10792412c5483dbf1ae-006a2a965f" "proxy-server 21" 0.0022 "-" 14 -
Jun 11 11:05:04 standalone account-server[123834]: 172.20.0.100 - - [11/Jun/2026:11:05:04 +0000] "PUT /d1/73/AUTH_1fce959ad164442da9671180cc8f4199/glance" 201 - "PUT http://172.20.0.100:6001/d1/244/AUTH_1fce959ad164442da9671180cc8f4199/glance" "tx2c10792412c5483dbf1ae-006a2a965f" "container-server 21" 0.0018 "-" 15 0
Jun 11 11:05:04 standalone container-server[123874]: 172.20.0.100 - - [11/Jun/2026:11:05:04 +0000] "PUT /d1/244/AUTH_1fce959ad164442da9671180cc8f4199/glance" 201 - "PUT http://localhost:8080/v1/AUTH_1fce959ad164442da9671180cc8f4199/glance" "tx2c10792412c5483dbf1ae-006a2a965f" "proxy-server 21" 0.0146 "-" 21 0
Jun 11 11:05:04 standalone account-server[123839]: 172.20.0.100 - - [11/Jun/2026:11:05:04 +0000] "HEAD /d1/199/.expiring_objects" 404 - "HEAD http://localhost/v1/.expiring_objects?format=json" "tx6569052593d94188836f1-006a2a9660" "proxy-server 2" 0.0003 "-" 16 -
Jun 11 11:05:04 standalone object-expirer[123759]: Pass completed in 0s; 0 objects expired (txn: tx6569052593d94188836f1-006a2a9660)
Jun 11 11:05:04 standalone proxy-server[125754]: 172.18.0.2 ::1 11/Jun/2026/11/05/04 PUT /v1/AUTH_1fce959ad164442da9671180cc8f4199/glance HTTP/1.0 201 - python-swiftclient-3.11.1 gAAAAABqKpZfbgCD... - - - tx2c10792412c5483dbf1ae-006a2a965f - 0.0608 - - 1781175903.983664751 1781175904.044502020 0
Jun 11 11:05:04 standalone container-server[123874]: 172.20.0.100 - - [11/Jun/2026:11:05:04 +0000] "HEAD /d1/244/AUTH_1fce959ad164442da9671180cc8f4199/glance" 204 - "HEAD http://localhost:8080/v1/AUTH_1fce959ad164442da9671180cc8f4199/glance?format=json&states=listing" "tx9f0f66dbda6b46469be9d-006a2a9660" "proxy-server 21" 0.0016 "-" 21 0
Jun 11 11:05:04 standalone proxy-server[125754]: - - 11/Jun/2026/11/05/04 HEAD /v1/AUTH_1fce959ad164442da9671180cc8f4199/glance%3Fformat%3Djson%26states%3Dlisting HTTP/1.0 204 - Swift - - - - tx9f0f66dbda6b46469be9d-006a2a9660 - 0.0063 RL - 1781175904.054335594 1781175904.060649157 0
Jun 11 11:05:21 standalone container-server[123875]: 172.20.0.100 - - [11/Jun/2026:11:05:21 +0000] "PUT /d1/244/AUTH_1fce959ad164442da9671180cc8f4199/glance/47b0c611-d9a6-4742-892b-26be1ca78c23" 201 - "PUT http://localhost:8080/d1/647/AUTH_1fce959ad164442da9671180cc8f4199/glance/47b0c611-d9a6-4742-892b-26be1ca78c23" "tx9f0f66dbda6b46469be9d-006a2a9660" "object-server 21" 0.0022 "-" 22 0
Jun 11 11:05:21 standalone object-server[124013]: 172.20.0.100 - - [11/Jun/2026:11:05:21 +0000] "PUT /d1/647/AUTH_1fce959ad164442da9671180cc8f4199/glance/47b0c611-d9a6-4742-892b-26be1ca78c23" 201 - "PUT http://localhost:8080/v1/AUTH_1fce959ad164442da9671180cc8f4199/glance/47b0c611-d9a6-4742-892b-26be1ca78c23" "tx9f0f66dbda6b46469be9d-006a2a9660" "proxy-server 21" 17.2710 "-" 21 0
Jun 11 11:05:21 standalone proxy-server[125754]: 172.18.0.2 ::1 11/Jun/2026/11/05/21 PUT /v1/AUTH_1fce959ad164442da9671180cc8f4199/glance/47b0c611-d9a6-4742-892b-26be1ca78c23 HTTP/1.0 201 - python-swiftclient-3.11.1 gAAAAABqKpZfbgCD... 1481900032 - - tx9f0f66dbda6b46469be9d-006a2a9660 - 17.2870 - - 1781175904.053080320 1781175921.340072870 0
Jun 11 11:05:28 standalone object-server[123918]: Begin object update sweep
Jun 11 11:05:28 standalone object-server[198239]: Object update sweep starting on /srv/node/d1 (pid: 13)
Jun 11 11:05:28 standalone object-server[198239]: Object update sweep completed on /srv/node/d1 in 0.00s seconds:, 0 successes, 0 failures, 0 quarantines, 0 unlinks, 0 errors, 0 redirects (pid: 13)
Jun 11 11:05:28 standalone object-server[198239]: Object update sweep of d1 completed: 0.00s, 0 successes, 0 failures, 0 quarantines, 0 unlinks, 0 errors, 0 redirects
Jun 11 11:05:28 standalone object-server[123918]: Object update sweep completed: 0.11s
Jun 11 11:08:06 standalone account-server[123826]: 172.20.0.100 - - [11/Jun/2026:11:08:06 +0000] "HEAD /d1/199/.expiring_objects" 404 - "HEAD http://localhost/v1/.expiring_objects?format=json" "tx6d33c43de5bd4ba190fe5-006a2a9716" "proxy-server 2" 0.0006 "-" 14 -
Jun 11 11:08:06 standalone object-expirer[123759]: Pass completed in 0s; 0 objects expired (txn: tx6d33c43de5bd4ba190fe5-006a2a9716)
Jun 11 11:08:13 standalone container-server[123504]: Begin container update sweep
Jun 11 11:08:13 standalone account-server[123839]: 172.20.0.100 - - [11/Jun/2026:11:08:13 +0000] "PUT /d1/73/AUTH_1fce959ad164442da9671180cc8f4199/glance" 201 - "-" "-" "container-updater 2" 0.0014 "-" 16 0
Jun 11 11:08:14 standalone container-server[123504]: Container update sweep completed: 0.15s
Jun 11 11:09:39 standalone account-server[123842]: 172.20.0.100 - - [11/Jun/2026:11:09:39 +0000] "HEAD /d1/73/AUTH_1fce959ad164442da9671180cc8f4199" 204 - "HEAD http://localhost:8080/v1/AUTH_1fce959ad164442da9671180cc8f4199?format=json" "tx4d6794e00a15451883fa8-006a2a9773" "proxy-server 21" 0.0121 "-" 17 -
Jun 11 11:09:39 standalone proxy-server[125754]: - - 11/Jun/2026/11/09/39 HEAD /v1/AUTH_1fce959ad164442da9671180cc8f4199%3Fformat%3Djson HTTP/1.0 204 - Swift - - - - tx4d6794e00a15451883fa8-006a2a9773 - 0.0202 RL - 1781176179.017551422 1781176179.037702084 -
Jun 11 11:09:39 standalone container-server[123874]: 172.20.0.100 - - [11/Jun/2026:11:09:39 +0000] "HEAD /d1/244/AUTH_1fce959ad164442da9671180cc8f4199/glance" 204 - "HEAD http://localhost:8080/v1/AUTH_1fce959ad164442da9671180cc8f4199/glance?format=json&states=listing" "tx4d6794e00a15451883fa8-006a2a9773" "proxy-server 21" 0.0031 "-" 21 0
Jun 11 11:09:39 standalone proxy-server[125754]: 172.18.0.2 ::1 11/Jun/2026/11/09/39 HEAD /v1/AUTH_1fce959ad164442da9671180cc8f4199/glance%3Fformat%3Djson%26states%3Dlisting HTTP/1.0 204 - python-swiftclient-3.11.1 gAAAAABqKpdyYbVZ... - - - tx4d6794e00a15451883fa8-006a2a9773 - 0.1209 - - 1781176179.016518831 1781176179.137459040 0
Jun 11 11:09:42 standalone container-server[123874]: 172.20.0.100 - - [11/Jun/2026:11:09:42 +0000] "PUT /d1/244/AUTH_1fce959ad164442da9671180cc8f4199/glance/c2c607b3-465c-437e-914c-5d55fbffc32e-00001" 201 - "PUT http://localhost:8080/d1/116/AUTH_1fce959ad164442da9671180cc8f4199/glance/c2c607b3-465c-437e-914c-5d55fbffc32e-00001" "tx40b91c36a97540549bf9e-006a2a9773" "object-server 25" 0.0010 "-" 21 0
Jun 11 11:09:42 standalone object-server[124017]: 172.20.0.100 - - [11/Jun/2026:11:09:42 +0000] "PUT /d1/116/AUTH_1fce959ad164442da9671180cc8f4199/glance/c2c607b3-465c-437e-914c-5d55fbffc32e-00001" 201 - "PUT http://localhost:8080/v1/AUTH_1fce959ad164442da9671180cc8f4199/glance/c2c607b3-465c-437e-914c-5d55fbffc32e-00001" "tx40b91c36a97540549bf9e-006a2a9773" "proxy-server 21" 3.2958 "-" 25 0
Jun 11 11:09:42 standalone proxy-server[125754]: 172.18.0.2 ::1 11/Jun/2026/11/09/42 PUT /v1/AUTH_1fce959ad164442da9671180cc8f4199/glance/c2c607b3-465c-437e-914c-5d55fbffc32e-00001 HTTP/1.0 201 - python-swiftclient-3.11.1 gAAAAABqKpdyYbVZ... 21692416 - - tx40b91c36a97540549bf9e-006a2a9773 - 3.3086 - - 1781176179.145419121 1781176182.454043627 0
Jun 11 11:09:42 standalone container-server[123878]: 172.20.0.100 - - [11/Jun/2026:11:09:42 +0000] "PUT /d1/244/AUTH_1fce959ad164442da9671180cc8f4199/glance/c2c607b3-465c-437e-914c-5d55fbffc32e" 201 - "PUT http://localhost:8080/d1/268/AUTH_1fce959ad164442da9671180cc8f4199/glance/c2c607b3-465c-437e-914c-5d55fbffc32e" "tx95b16a806fbf46ff830b6-006a2a9776" "object-server 23" 0.0018 "-" 23 0
Jun 11 11:09:42 standalone object-server[124015]: 172.20.0.100 - - [11/Jun/2026:11:09:42 +0000] "PUT /d1/268/AUTH_1fce959ad164442da9671180cc8f4199/glance/c2c607b3-465c-437e-914c-5d55fbffc32e" 201 - "PUT http://localhost:8080/v1/AUTH_1fce959ad164442da9671180cc8f4199/glance/c2c607b3-465c-437e-914c-5d55fbffc32e" "tx95b16a806fbf46ff830b6-006a2a9776" "proxy-server 21" 0.0273 "-" 23 0
Jun 11 11:09:42 standalone proxy-server[125754]: 172.18.0.2 ::1 11/Jun/2026/11/09/42 PUT /v1/AUTH_1fce959ad164442da9671180cc8f4199/glance/c2c607b3-465c-437e-914c-5d55fbffc32e HTTP/1.0 201 - python-swiftclient-3.11.1 gAAAAABqKpdyYbVZ... - - - tx95b16a806fbf46ff830b6-006a2a9776 - 0.0365 - - 1781176182.461596966 1781176182.498053074 0
Jun 11 11:09:43 standalone container-server[123874]: 172.20.0.100 - - [11/Jun/2026:11:09:43 +0000] "HEAD /d1/691/AUTH_1fce959ad164442da9671180cc8f4199/gnocchi.d15bf4d4-911c-47fd-955f-9dd3444037db" 404 - "HEAD http://localhost:8080/v1/AUTH_1fce959ad164442da9671180cc8f4199/gnocchi.d15bf4d4-911c-47fd-955f-9dd3444037db?format=json&states=listing" "tx5db26592fce44da1a1703-006a2a9777" "proxy-server 21" 0.0006 "-" 21 0
Jun 11 11:09:43 standalone object-server[124017]: 172.20.0.100 - - [11/Jun/2026:11:09:43 +0000] "GET /d1/972/AUTH_1fce959ad164442da9671180cc8f4199/gnocchi.d15bf4d4-911c-47fd-955f-9dd3444037db/none_v3" 404 70 "GET http://localhost:8080/v1/AUTH_1fce959ad164442da9671180cc8f4199/gnocchi.d15bf4d4-911c-47fd-955f-9dd3444037db/none_v3" "tx5db26592fce44da1a1703-006a2a9777" "proxy-server 21" 0.0005 "-" 25 0
Jun 11 11:09:43 standalone proxy-server[125754]: 172.18.0.2 ::1 11/Jun/2026/11/09/43 GET /v1/AUTH_1fce959ad164442da9671180cc8f4199/gnocchi.d15bf4d4-911c-47fd-955f-9dd3444037db/none_v3 HTTP/1.0 404 - python-swiftclient-3.11.1 gAAAAABqKpd3Nzis... - 70 - tx5db26592fce44da1a1703-006a2a9777 - 0.0689 - - 1781176183.248784065 1781176183.317657232 0
Jun 11 11:09:43 standalone account-server[123842]: 172.20.0.100 - - [11/Jun/2026:11:09:43 +0000] "PUT /d1/73/AUTH_1fce959ad164442da9671180cc8f4199/gnocchi.d15bf4d4-911c-47fd-955f-9dd3444037db" 201 - "PUT http://172.20.0.100:6001/d1/691/AUTH_1fce959ad164442da9671180cc8f4199/gnocchi.d15bf4d4-911c-47fd-955f-9dd3444037db" "tx289ac693ee25405f8608d-006a2a9777" "container-server 20" 0.0026 "-" 17 0
Jun 11 11:09:43 standalone container-server[123868]: 172.20.0.100 - - [11/Jun/2026:11:09:43 +0000] "PUT /d1/691/AUTH_1fce959ad164442da9671180cc8f4199/gnocchi.d15bf4d4-911c-47fd-955f-9dd3444037db" 201 - "PUT http://localhost:8080/v1/AUTH_1fce959ad164442da9671180cc8f4199/gnocchi.d15bf4d4-911c-47fd-955f-9dd3444037db" "tx289ac693ee25405f8608d-006a2a9777" "proxy-server 21" 0.0178 "-" 20 0
Jun 11 11:09:43 standalone proxy-server[125754]: 172.18.0.2 ::1 11/Jun/2026/11/09/43 PUT /v1/AUTH_1fce959ad164442da9671180cc8f4199/gnocchi.d15bf4d4-911c-47fd-955f-9dd3444037db HTTP/1.0 201 - python-swiftclient-3.11.1 gAAAAABqKpd3Nzis... - - - tx289ac693ee25405f8608d-006a2a9777 - 0.0396 - - 1781176183.321581841 1781176183.361179590 0
Jun 11 11:09:43 standalone container-server[123878]: 172.20.0.100 - - [11/Jun/2026:11:09:43 +0000] "HEAD /d1/691/AUTH_1fce959ad164442da9671180cc8f4199/gnocchi.d15bf4d4-911c-47fd-955f-9dd3444037db" 204 - "HEAD http://localhost:8080/v1/AUTH_1fce959ad164442da9671180cc8f4199/gnocchi.d15bf4d4-911c-47fd-955f-9dd3444037db?format=json&states=listing" "tx0c64aa17daa5406aac9cf-006a2a9777" "proxy-server 21" 0.0025 "-" 23 0
Jun 11 11:09:43 standalone proxy-server[125754]: - - 11/Jun/2026/11/09/43 HEAD /v1/AUTH_1fce959ad164442da9671180cc8f4199/gnocchi.d15bf4d4-911c-47fd-955f-9dd3444037db%3Fformat%3Djson%26states%3Dlisting HTTP/1.0 204 - Swift - - - - tx0c64aa17daa5406aac9cf-006a2a9777 - 0.0059 RL - 1781176183.368542910 1781176183.374450445 0
Jun 11 11:09:43 standalone container-server[123875]: 172.20.0.100 - - [11/Jun/2026:11:09:43 +0000] "GET /d1/691/AUTH_1fce959ad164442da9671180cc8f4199/gnocchi.d15bf4d4-911c-47fd-955f-9dd3444037db" 200 2 "GET http://localhost:8080/v1/AUTH_1fce959ad164442da9671180cc8f4199/gnocchi.d15bf4d4-911c-47fd-955f-9dd3444037db?format=json&states=listing" "tx0c64aa17daa5406aac9cf-006a2a9777" "proxy-server 21" 0.0039 "-" 22 0
Jun 11 11:09:43 standalone proxy-server[125754]: 172.18.0.2 ::1 11/Jun/2026/11/09/43 GET /v1/AUTH_1fce959ad164442da9671180cc8f4199/gnocchi.d15bf4d4-911c-47fd-955f-9dd3444037db%3Fformat%3Djson%26states%3Dlisting HTTP/1.0 200 - python-swiftclient-3.11.1 gAAAAABqKpd3Nzis... - 2 - tx0c64aa17daa5406aac9cf-006a2a9777 - 0.0162 - - 1781176183.367402077 1781176183.383552551 0
Jun 11 11:09:43 standalone object-server[124017]: 172.20.0.100 - - [11/Jun/2026:11:09:43 +0000] "GET /d1/452/AUTH_1fce959ad164442da9671180cc8f4199/gnocchi.d15bf4d4-911c-47fd-955f-9dd3444037db/1780920000.0_mean_300.0_v3" 404 70 "GET http://localhost:8080/v1/AUTH_1fce959ad164442da9671180cc8f4199/gnocchi.d15bf4d4-911c-47fd-955f-9dd3444037db/1780920000.0_mean_300.0_v3" "tx36f05884cc424beab5c27-006a2a9777" "proxy-server 21" 0.0004 "-" 25 0
Jun 11 11:09:43 standalone proxy-server[125754]: 172.18.0.2 ::1 11/Jun/2026/11/09/43 GET /v1/AUTH_1fce959ad164442da9671180cc8f4199/gnocchi.d15bf4d4-911c-47fd-955f-9dd3444037db/1780920000.0_mean_300.0_v3 HTTP/1.0 404 - python-swiftclient-3.11.1 gAAAAABqKpd3Nzis... - 70 - tx36f05884cc424beab5c27-006a2a9777 - 0.0046 - - 1781176183.387889862 1781176183.392447948 0
Jun 11 11:09:43 standalone container-server[123875]: 172.20.0.100 - - [11/Jun/2026:11:09:43 +0000] "PUT /d1/691/AUTH_1fce959ad164442da9671180cc8f4199/gnocchi.d15bf4d4-911c-47fd-955f-9dd3444037db/1780920000.0_mean_300.0_v3" 201 - "PUT http://localhost:8080/d1/452/AUTH_1fce959ad164442da9671180cc8f4199/gnocchi.d15bf4d4-911c-47fd-955f-9dd3444037db/1780920000.0_mean_300.0_v3" "txdeb85336aad44499a0ebc-006a2a9777" "object-server 24" 0.0009 "-" 22 0
Jun 11 11:09:43 standalone object-server[124016]: 172.20.0.100 - - [11/Jun/2026:11:09:43 +0000] "PUT /d1/452/AUTH_1fce959ad164442da9671180cc8f4199/gnocchi.d15bf4d4-911c-47fd-955f-9dd3444037db/1780920000.0_mean_300.0_v3" 201 - "PUT http://localhost:8080/v1/AUTH_1fce959ad164442da9671180cc8f4199/gnocchi.d15bf4d4-911c-47fd-955f-9dd3444037db/1780920000.0_mean_300.0_v3" "txdeb85336aad44499a0ebc-006a2a9777" "proxy-server 21" 0.0470 "-" 24 0
Jun 11 11:09:43 standalone proxy-server[125754]: 172.18.0.2 ::1 11/Jun/2026/11/09/43 PUT /v1/AUTH_1fce959ad164442da9671180cc8f4199/gnocchi.d15bf4d4-911c-47fd-955f-9dd3444037db/1780920000.0_mean_300.0_v3 HTTP/1.0 201 - python-swiftclient-3.11.1 gAAAAABqKpd3Nzis... 16 - - txdeb85336aad44499a0ebc-006a2a9777 - 0.0535 - - 1781176183.395540476 1781176183.449020147 0
Jun 11 11:09:43 standalone container-server[123868]: 172.20.0.100 - - [11/Jun/2026:11:09:43 +0000] "PUT /d1/691/AUTH_1fce959ad164442da9671180cc8f4199/gnocchi.d15bf4d4-911c-47fd-955f-9dd3444037db/none_v3" 201 - "PUT http://localhost:8080/d1/972/AUTH_1fce959ad164442da9671180cc8f4199/gnocchi.d15bf4d4-911c-47fd-955f-9dd3444037db/none_v3" "txe0a75cd254f9484ca4edf-006a2a9777" "object-server 25" 0.0007 "-" 20 0
Jun 11 11:09:43 standalone object-server[124017]: 172.20.0.100 - - [11/Jun/2026:11:09:43 +0000] "PUT /d1/972/AUTH_1fce959ad164442da9671180cc8f4199/gnocchi.d15bf4d4-911c-47fd-955f-9dd3444037db/none_v3" 201 - "PUT http://localhost:8080/v1/AUTH_1fce959ad164442da9671180cc8f4199/gnocchi.d15bf4d4-911c-47fd-955f-9dd3444037db/none_v3" "txe0a75cd254f9484ca4edf-006a2a9777" "proxy-server 21" 0.0243 "-" 25 0
Jun 11 11:09:43 standalone proxy-server[125754]: 172.18.0.2 ::1 11/Jun/2026/11/09/43 PUT /v1/AUTH_1fce959ad164442da9671180cc8f4199/gnocchi.d15bf4d4-911c-47fd-955f-9dd3444037db/none_v3 HTTP/1.0 201 - python-swiftclient-3.11.1 gAAAAABqKpd3Nzis... 22 - - txe0a75cd254f9484ca4edf-006a2a9777 - 0.0299 - - 1781176183.458476067 1781176183.488393545 0
Jun 11 11:10:13 standalone object-server[124017]: 172.20.0.100 - - [11/Jun/2026:11:10:13 +0000] "GET /d1/972/AUTH_1fce959ad164442da9671180cc8f4199/gnocchi.d15bf4d4-911c-47fd-955f-9dd3444037db/none_v3" 200 22 "GET http://localhost:8080/v1/AUTH_1fce959ad164442da9671180cc8f4199/gnocchi.d15bf4d4-911c-47fd-955f-9dd3444037db/none_v3" "tx36dce8cb51eb4820bbbef-006a2a9794" "proxy-server 21" 0.0019 "-" 25 0
Jun 11 11:10:13 standalone proxy-server[125754]: 172.18.0.2 ::1 11/Jun/2026/11/10/13 GET /v1/AUTH_1fce959ad164442da9671180cc8f4199/gnocchi.d15bf4d4-911c-47fd-955f-9dd3444037db/none_v3 HTTP/1.0 200 - python-swiftclient-3.11.1 gAAAAABqKpd3Nzis... - 22 - tx36dce8cb51eb4820bbbef-006a2a9794 - 0.0150 - - 1781176212.997981548 1781176213.013022661 0
Jun 11 11:10:13 standalone container-server[123874]: 172.20.0.100 - - [11/Jun/2026:11:10:13 +0000] "GET /d1/691/AUTH_1fce959ad164442da9671180cc8f4199/gnocchi.d15bf4d4-911c-47fd-955f-9dd3444037db" 200 357 "GET http://localhost:8080/v1/AUTH_1fce959ad164442da9671180cc8f4199/gnocchi.d15bf4d4-911c-47fd-955f-9dd3444037db?format=json&states=listing" "txdf0cbb07f67844eca919a-006a2a9795" "proxy-server 21" 0.0254 "-" 21 0
Jun 11 11:10:13 standalone proxy-server[125754]: 172.18.0.2 ::1 11/Jun/2026/11/10/13 GET /v1/AUTH_1fce959ad164442da9671180cc8f4199/gnocchi.d15bf4d4-911c-47fd-955f-9dd3444037db%3Fformat%3Djson%26states%3Dlisting HTTP/1.0 200 - python-swiftclient-3.11.1 gAAAAABqKpd3Nzis... - 357 - txdf0cbb07f67844eca919a-006a2a9795 - 0.0365 - - 1781176213.020186663 1781176213.056717873 0
Jun 11 11:10:13 standalone container-server[123878]: 172.20.0.100 - - [11/Jun/2026:11:10:13 +0000] "GET /d1/691/AUTH_1fce959ad164442da9671180cc8f4199/gnocchi.d15bf4d4-911c-47fd-955f-9dd3444037db" 200 2 "GET http://localhost:8080/v1/AUTH_1fce959ad164442da9671180cc8f4199/gnocchi.d15bf4d4-911c-47fd-955f-9dd3444037db?format=json&marker=none_v3&states=listing" "tx7d0b950cb94543cc9cb15-006a2a9795" "proxy-server 21" 0.0050 "-" 23 0
Jun 11 11:10:13 standalone proxy-server[125754]: 172.18.0.2 ::1 11/Jun/2026/11/10/13 GET /v1/AUTH_1fce959ad164442da9671180cc8f4199/gnocchi.d15bf4d4-911c-47fd-955f-9dd3444037db%3Fformat%3Djson%26marker%3Dnone_v3%26states%3Dlisting HTTP/1.0 200 - python-swiftclient-3.11.1 gAAAAABqKpd3Nzis... - 2 - tx7d0b950cb94543cc9cb15-006a2a9795 - 0.0155 - - 1781176213.062530518 1781176213.078075647 0
Jun 11 11:10:13 standalone object-server[124016]: 172.20.0.100 - - [11/Jun/2026:11:10:13 +0000] "GET /d1/452/AUTH_1fce959ad164442da9671180cc8f4199/gnocchi.d15bf4d4-911c-47fd-955f-9dd3444037db/1780920000.0_mean_300.0_v3" 200 16 "GET http://localhost:8080/v1/AUTH_1fce959ad164442da9671180cc8f4199/gnocchi.d15bf4d4-911c-47fd-955f-9dd3444037db/1780920000.0_mean_300.0_v3" "tx0c3629e68e224596a5e4b-006a2a9795" "proxy-server 21" 0.0014 "-" 24 0
Jun 11 11:10:13 standalone proxy-server[125754]: 172.18.0.2 ::1 11/Jun/2026/11/10/13 GET /v1/AUTH_1fce959ad164442da9671180cc8f4199/gnocchi.d15bf4d4-911c-47fd-955f-9dd3444037db/1780920000.0_mean_300.0_v3 HTTP/1.0 200 - python-swiftclient-3.11.1 gAAAAABqKpd3Nzis... - 16 - tx0c3629e68e224596a5e4b-006a2a9795 - 0.0105 - - 1781176213.084590673 1781176213.095044374 0
Jun 11 11:10:13 standalone container-server[123874]: 172.20.0.100 - - [11/Jun/2026:11:10:13 +0000] "PUT /d1/691/AUTH_1fce959ad164442da9671180cc8f4199/gnocchi.d15bf4d4-911c-47fd-955f-9dd3444037db/1780920000.0_mean_300.0_v3" 201 - "PUT http://localhost:8080/d1/452/AUTH_1fce959ad164442da9671180cc8f4199/gnocchi.d15bf4d4-911c-47fd-955f-9dd3444037db/1780920000.0_mean_300.0_v3" "txf0916d001cb74d778d7ec-006a2a9795" "object-server 23" 0.0009 "-" 21 0
Jun 11 11:10:13 standalone object-server[124015]: 172.20.0.100 - - [11/Jun/2026:11:10:13 +0000] "PUT /d1/452/AUTH_1fce959ad164442da9671180cc8f4199/gnocchi.d15bf4d4-911c-47fd-955f-9dd3444037db/1780920000.0_mean_300.0_v3" 201 - "PUT http://localhost:8080/v1/AUTH_1fce959ad164442da9671180cc8f4199/gnocchi.d15bf4d4-911c-47fd-955f-9dd3444037db/1780920000.0_mean_300.0_v3" "txf0916d001cb74d778d7ec-006a2a9795" "proxy-server 21" 0.0204 "-" 23 0
Jun 11 11:10:13 standalone proxy-server[125754]: 172.18.0.2 ::1 11/Jun/2026/11/10/13 PUT /v1/AUTH_1fce959ad164442da9671180cc8f4199/gnocchi.d15bf4d4-911c-47fd-955f-9dd3444037db/1780920000.0_mean_300.0_v3 HTTP/1.0 201 - python-swiftclient-3.11.1 gAAAAABqKpd3Nzis... 16 - - txf0916d001cb74d778d7ec-006a2a9795 - 0.0299 - - 1781176213.100467682 1781176213.130354166 0
Jun 11 11:10:13 standalone container-server[123874]: 172.20.0.100 - - [11/Jun/2026:11:10:13 +0000] "PUT /d1/691/AUTH_1fce959ad164442da9671180cc8f4199/gnocchi.d15bf4d4-911c-47fd-955f-9dd3444037db/none_v3" 201 - "PUT http://localhost:8080/d1/972/AUTH_1fce959ad164442da9671180cc8f4199/gnocchi.d15bf4d4-911c-47fd-955f-9dd3444037db/none_v3" "txb15467138b95403da2160-006a2a9795" "object-server 21" 0.0008 "-" 21 0
Jun 11 11:10:13 standalone object-server[124013]: 172.20.0.100 - - [11/Jun/2026:11:10:13 +0000] "PUT /d1/972/AUTH_1fce959ad164442da9671180cc8f4199/gnocchi.d15bf4d4-911c-47fd-955f-9dd3444037db/none_v3" 201 - "PUT http://localhost:8080/v1/AUTH_1fce959ad164442da9671180cc8f4199/gnocchi.d15bf4d4-911c-47fd-955f-9dd3444037db/none_v3" "txb15467138b95403da2160-006a2a9795" "proxy-server 21" 0.0127 "-" 21 0
Jun 11 11:10:13 standalone proxy-server[125754]: 172.18.0.2 ::1 11/Jun/2026/11/10/13 PUT /v1/AUTH_1fce959ad164442da9671180cc8f4199/gnocchi.d15bf4d4-911c-47fd-955f-9dd3444037db/none_v3 HTTP/1.0 201 - python-swiftclient-3.11.1 gAAAAABqKpd3Nzis... 32 - - txb15467138b95403da2160-006a2a9795 - 0.0217 - - 1781176213.135775805 1781176213.157465458 0
Jun 11 11:10:28 standalone object-server[123918]: Begin object update sweep
Jun 11 11:10:28 standalone object-server[234594]: Object update sweep starting on /srv/node/d1 (pid: 14)
Jun 11 11:10:28 standalone object-server[234594]: Object update sweep completed on /srv/node/d1 in 0.00s seconds:, 0 successes, 0 failures, 0 quarantines, 0 unlinks, 0 errors, 0 redirects (pid: 14)
Jun 11 11:10:28 standalone object-server[234594]: Object update sweep of d1 completed: 0.00s, 0 successes, 0 failures, 0 quarantines, 0 unlinks, 0 errors, 0 redirects
Jun 11 11:10:28 standalone object-server[123918]: Object update sweep completed: 0.09s
Jun 11 11:10:48 standalone account-server[123839]: 172.20.0.100 - - [11/Jun/2026:11:10:48 +0000] "HEAD /d1/73/AUTH_1fce959ad164442da9671180cc8f4199" 204 - "HEAD http://localhost:8080/v1/AUTH_1fce959ad164442da9671180cc8f4199?format=json" "tx61d4c290b8ad47b8a341d-006a2a97b8" "proxy-server 21" 0.0086 "-" 16 -
Jun 11 11:10:48 standalone proxy-server[125754]: - - 11/Jun/2026/11/10/48 HEAD /v1/AUTH_1fce959ad164442da9671180cc8f4199%3Fformat%3Djson HTTP/1.0 204 - Swift - - - - tx61d4c290b8ad47b8a341d-006a2a97b8 - 0.0160 RL - 1781176248.198442221 1781176248.214468718 -
Jun 11 11:10:48 standalone container-server[123868]: 172.20.0.100 - - [11/Jun/2026:11:10:48 +0000] "HEAD /d1/244/AUTH_1fce959ad164442da9671180cc8f4199/glance" 204 - "HEAD http://localhost:8080/v1/AUTH_1fce959ad164442da9671180cc8f4199/glance?format=json&states=listing" "tx61d4c290b8ad47b8a341d-006a2a97b8" "proxy-server 21" 0.0149 "-" 20 0
Jun 11 11:10:48 standalone object-server[124017]: 172.20.0.100 - - [11/Jun/2026:11:10:48 +0000] "GET /d1/268/AUTH_1fce959ad164442da9671180cc8f4199/glance/c2c607b3-465c-437e-914c-5d55fbffc32e" 200 - "GET http://localhost:8080/v1/AUTH_1fce959ad164442da9671180cc8f4199/glance/c2c607b3-465c-437e-914c-5d55fbffc32e" "tx61d4c290b8ad47b8a341d-006a2a97b8" "proxy-server 21" 0.0013 "-" 25 0
Jun 11 11:10:48 standalone container-server[123868]: 172.20.0.100 - - [11/Jun/2026:11:10:48 +0000] "GET /d1/244/AUTH_1fce959ad164442da9671180cc8f4199/glance" 200 210 "GET http://localhost:8080/v1/AUTH_1fce959ad164442da9671180cc8f4199/glance?prefix=c2c607b3-465c-437e-914c-5d55fbffc32e-&format=json&states=listing" "tx61d4c290b8ad47b8a341d-006a2a97b8" "proxy-server 21" 0.0034 "-" 20 0
Jun 11 11:10:48 standalone proxy-server[125754]: - - 11/Jun/2026/11/10/48 GET /v1/AUTH_1fce959ad164442da9671180cc8f4199/glance%3Fprefix%3Dc2c607b3-465c-437e-914c-5d55fbffc32e-%26format%3Djson%26states%3Dlisting HTTP/1.0 200 - python-swiftclient-3.11.1%20DLO%20MultipartGET gAAAAABqKpe4NDBv... - 210 - tx61d4c290b8ad47b8a341d-006a2a97b8 - 0.0083 DLO - 1781176248.325346231 1781176248.333655119 0
Jun 11 11:10:48 standalone object-server[124013]: 172.20.0.100 - - [11/Jun/2026:11:10:48 +0000] "GET /d1/116/AUTH_1fce959ad164442da9671180cc8f4199/glance/c2c607b3-465c-437e-914c-5d55fbffc32e-00001" 200 21692416 "GET http://localhost:8080/v1/AUTH_1fce959ad164442da9671180cc8f4199/glance/c2c607b3-465c-437e-914c-5d55fbffc32e-00001?multipart-manifest=get" "tx61d4c290b8ad47b8a341d-006a2a97b8" "proxy-server 21" 0.0013 "-" 21 0
Jun 11 11:10:48 standalone proxy-server[125754]: - - 11/Jun/2026/11/10/48 GET /v1/AUTH_1fce959ad164442da9671180cc8f4199/glance/c2c607b3-465c-437e-914c-5d55fbffc32e-00001%3Fmultipart-manifest%3Dget HTTP/1.0 200 - python-swiftclient-3.11.1%20%20DLO%20MultipartGET gAAAAABqKpe4NDBv... - 21692416 - tx61d4c290b8ad47b8a341d-006a2a97b8 - 0.1389 DLO - 1781176248.334671259 1781176248.473563910 0
Jun 11 11:10:48 standalone proxy-server[125754]: 172.18.0.2 ::1 11/Jun/2026/11/10/48 GET /v1/AUTH_1fce959ad164442da9671180cc8f4199/glance/c2c607b3-465c-437e-914c-5d55fbffc32e HTTP/1.0 200 - python-swiftclient-3.11.1 gAAAAABqKpe4NDBv... - 21692416 - tx61d4c290b8ad47b8a341d-006a2a97b8 - 0.2776 - - 1781176248.197123051 1781176248.474719524 0
Jun 11 11:10:48 standalone container-server[123868]: 172.20.0.100 - - [11/Jun/2026:11:10:48 +0000] "HEAD /d1/659/AUTH_1fce959ad164442da9671180cc8f4199/gnocchi.d039be56-81c1-4777-8fe1-58c318c3d18d" 404 - "HEAD http://localhost:8080/v1/AUTH_1fce959ad164442da9671180cc8f4199/gnocchi.d039be56-81c1-4777-8fe1-58c318c3d18d?format=json&states=listing" "tx4adafdb32fb840b9bf820-006a2a97b8" "proxy-server 21" 0.0004 "-" 20 0
Jun 11 11:10:48 standalone object-server[124017]: 172.20.0.100 - - [11/Jun/2026:11:10:48 +0000] "GET /d1/492/AUTH_1fce959ad164442da9671180cc8f4199/gnocchi.d039be56-81c1-4777-8fe1-58c318c3d18d/none_v3" 404 70 "GET http://localhost:8080/v1/AUTH_1fce959ad164442da9671180cc8f4199/gnocchi.d039be56-81c1-4777-8fe1-58c318c3d18d/none_v3" "tx4adafdb32fb840b9bf820-006a2a97b8" "proxy-server 21" 0.0006 "-" 25 0
Jun 11 11:10:48 standalone proxy-server[125754]: 172.18.0.2 ::1 11/Jun/2026/11/10/48 GET /v1/AUTH_1fce959ad164442da9671180cc8f4199/gnocchi.d039be56-81c1-4777-8fe1-58c318c3d18d/none_v3 HTTP/1.0 404 - python-swiftclient-3.11.1 gAAAAABqKpd3Nzis... - 70 - tx4adafdb32fb840b9bf820-006a2a97b8 - 0.0100 - - 1781176248.809623003 1781176248.819657564 0
Jun 11 11:10:48 standalone account-server[123842]: 172.20.0.100 - - [11/Jun/2026:11:10:48 +0000] "PUT /d1/73/AUTH_1fce959ad164442da9671180cc8f4199/gnocchi.d039be56-81c1-4777-8fe1-58c318c3d18d" 201 - "PUT http://172.20.0.100:6001/d1/659/AUTH_1fce959ad164442da9671180cc8f4199/gnocchi.d039be56-81c1-4777-8fe1-58c318c3d18d" "tx546b33f515c54488a309c-006a2a97b8" "container-server 21" 0.0012 "-" 17 0
Jun 11 11:10:48 standalone container-server[123874]: 172.20.0.100 - - [11/Jun/2026:11:10:48 +0000] "PUT /d1/659/AUTH_1fce959ad164442da9671180cc8f4199/gnocchi.d039be56-81c1-4777-8fe1-58c318c3d18d" 201 - "PUT http://localhost:8080/v1/AUTH_1fce959ad164442da9671180cc8f4199/gnocchi.d039be56-81c1-4777-8fe1-58c318c3d18d" "tx546b33f515c54488a309c-006a2a97b8" "proxy-server 21" 0.0243 "-" 21 0
Jun 11 11:10:48 standalone proxy-server[125754]: 172.18.0.2 ::1 11/Jun/2026/11/10/48 PUT /v1/AUTH_1fce959ad164442da9671180cc8f4199/gnocchi.d039be56-81c1-4777-8fe1-58c318c3d18d HTTP/1.0 201 - python-swiftclient-3.11.1 gAAAAABqKpd3Nzis... - - - tx546b33f515c54488a309c-006a2a97b8 - 0.0296 - - 1781176248.823589802 1781176248.853175402 0
Jun 11 11:10:48 standalone container-server[123874]: 172.20.0.100 - - [11/Jun/2026:11:10:48 +0000] "HEAD /d1/659/AUTH_1fce959ad164442da9671180cc8f4199/gnocchi.d039be56-81c1-4777-8fe1-58c318c3d18d" 204 - "HEAD http://localhost:8080/v1/AUTH_1fce959ad164442da9671180cc8f4199/gnocchi.d039be56-81c1-4777-8fe1-58c318c3d18d?format=json&states=listing" "tx89d07cc45a004e59b2dca-006a2a97b8" "proxy-server 21" 0.0030 "-" 21 0
Jun 11 11:10:48 standalone proxy-server[125754]: - - 11/Jun/2026/11/10/48 HEAD /v1/AUTH_1fce959ad164442da9671180cc8f4199/gnocchi.d039be56-81c1-4777-8fe1-58c318c3d18d%3Fformat%3Djson%26states%3Dlisting HTTP/1.0 204 - Swift - - - - tx89d07cc45a004e59b2dca-006a2a97b8 - 0.0068 RL - 1781176248.862021446 1781176248.868825197 0
Jun 11 11:10:48 standalone container-server[123874]: 172.20.0.100 - - [11/Jun/2026:11:10:48 +0000] "GET /d1/659/AUTH_1fce959ad164442da9671180cc8f4199/gnocchi.d039be56-81c1-4777-8fe1-58c318c3d18d" 200 2 "GET http://localhost:8080/v1/AUTH_1fce959ad164442da9671180cc8f4199/gnocchi.d039be56-81c1-4777-8fe1-58c318c3d18d?format=json&states=listing" "tx89d07cc45a004e59b2dca-006a2a97b8" "proxy-server 21" 0.0031 "-" 21 0
Jun 11 11:10:48 standalone proxy-server[125754]: 172.18.0.2 ::1 11/Jun/2026/11/10/48 GET /v1/AUTH_1fce959ad164442da9671180cc8f4199/gnocchi.d039be56-81c1-4777-8fe1-58c318c3d18d%3Fformat%3Djson%26states%3Dlisting HTTP/1.0 200 - python-swiftclient-3.11.1 gAAAAABqKpd3Nzis... - 2 - tx89d07cc45a004e59b2dca-006a2a97b8 - 0.0166 - - 1781176248.861007214 1781176248.877570868 0
Jun 11 11:10:48 standalone object-server[124015]: 172.20.0.100 - - [11/Jun/2026:11:10:48 +0000] "GET /d1/3/AUTH_1fce959ad164442da9671180cc8f4199/gnocchi.d039be56-81c1-4777-8fe1-58c318c3d18d/1780920000.0_mean_300.0_v3" 404 70 "GET http://localhost:8080/v1/AUTH_1fce959ad164442da9671180cc8f4199/gnocchi.d039be56-81c1-4777-8fe1-58c318c3d18d/1780920000.0_mean_300.0_v3" "tx61cbab6660344694be7c1-006a2a97b8" "proxy-server 21" 0.0005 "-" 23 0
Jun 11 11:10:48 standalone proxy-server[125754]: 172.18.0.2 ::1 11/Jun/2026/11/10/48 GET /v1/AUTH_1fce959ad164442da9671180cc8f4199/gnocchi.d039be56-81c1-4777-8fe1-58c318c3d18d/1780920000.0_mean_300.0_v3 HTTP/1.0 404 - python-swiftclient-3.11.1 gAAAAABqKpd3Nzis... - 70 - tx61cbab6660344694be7c1-006a2a97b8 - 0.0060 - - 1781176248.883225203 1781176248.889267445 0
Jun 11 11:10:48 standalone container-server[123878]: 172.20.0.100 - - [11/Jun/2026:11:10:48 +0000] "PUT /d1/659/AUTH_1fce959ad164442da9671180cc8f4199/gnocchi.d039be56-81c1-4777-8fe1-58c318c3d18d/1780920000.0_mean_300.0_v3" 201 - "PUT http://localhost:8080/d1/3/AUTH_1fce959ad164442da9671180cc8f4199/gnocchi.d039be56-81c1-4777-8fe1-58c318c3d18d/1780920000.0_mean_300.0_v3" "tx5235330831d544f19dc29-006a2a97b8" "object-server 25" 0.0010 "-" 23 0
Jun 11 11:10:48 standalone object-server[124017]: 172.20.0.100 - - [11/Jun/2026:11:10:48 +0000] "PUT /d1/3/AUTH_1fce959ad164442da9671180cc8f4199/gnocchi.d039be56-81c1-4777-8fe1-58c318c3d18d/1780920000.0_mean_300.0_v3" 201 - "PUT http://localhost:8080/v1/AUTH_1fce959ad164442da9671180cc8f4199/gnocchi.d039be56-81c1-4777-8fe1-58c318c3d18d/1780920000.0_mean_300.0_v3" "tx5235330831d544f19dc29-006a2a97b8" "proxy-server 21" 0.0146 "-" 25 0
Jun 11 11:10:48 standalone proxy-server[125754]: 172.18.0.2 ::1 11/Jun/2026/11/10/48 PUT /v1/AUTH_1fce959ad164442da9671180cc8f4199/gnocchi.d039be56-81c1-4777-8fe1-58c318c3d18d/1780920000.0_mean_300.0_v3 HTTP/1.0 201 - python-swiftclient-3.11.1 gAAAAABqKpd3Nzis... 16 - - tx5235330831d544f19dc29-006a2a97b8 - 0.0195 - - 1781176248.893790245 1781176248.913336515 0
Jun 11 11:10:48 standalone container-server[123868]: 172.20.0.100 - - [11/Jun/2026:11:10:48 +0000] "PUT /d1/659/AUTH_1fce959ad164442da9671180cc8f4199/gnocchi.d039be56-81c1-4777-8fe1-58c318c3d18d/none_v3" 201 - "PUT http://localhost:8080/d1/492/AUTH_1fce959ad164442da9671180cc8f4199/gnocchi.d039be56-81c1-4777-8fe1-58c318c3d18d/none_v3" "tx89583304b207486abd9dd-006a2a97b8" "object-server 23" 0.0006 "-" 20 0
Jun 11 11:10:48 standalone object-server[124015]: 172.20.0.100 - - [11/Jun/2026:11:10:48 +0000] "PUT /d1/492/AUTH_1fce959ad164442da9671180cc8f4199/gnocchi.d039be56-81c1-4777-8fe1-58c318c3d18d/none_v3" 201 - "PUT http://localhost:8080/v1/AUTH_1fce959ad164442da9671180cc8f4199/gnocchi.d039be56-81c1-4777-8fe1-58c318c3d18d/none_v3" "tx89583304b207486abd9dd-006a2a97b8" "proxy-server 21" 0.0105 "-" 23 0
Jun 11 11:10:48 standalone proxy-server[125754]: 172.18.0.2 ::1 11/Jun/2026/11/10/48 PUT /v1/AUTH_1fce959ad164442da9671180cc8f4199/gnocchi.d039be56-81c1-4777-8fe1-58c318c3d18d/none_v3 HTTP/1.0 201 - python-swiftclient-3.11.1 gAAAAABqKpd3Nzis... 22 - - tx89583304b207486abd9dd-006a2a97b8 - 0.0180 - - 1781176248.919465780 1781176248.937446833 0
Jun 11 11:10:48 standalone container-server[123878]: 172.20.0.100 - - [11/Jun/2026:11:10:48 +0000] "HEAD /d1/1013/AUTH_1fce959ad164442da9671180cc8f4199/gnocchi.45558b5c-9de1-4907-9951-8190f6867207" 404 - "HEAD http://localhost:8080/v1/AUTH_1fce959ad164442da9671180cc8f4199/gnocchi.45558b5c-9de1-4907-9951-8190f6867207?format=json&states=listing" "tx5f09779e391249028ad58-006a2a97b8" "proxy-server 21" 0.0005 "-" 23 0
Jun 11 11:10:48 standalone object-server[124017]: 172.20.0.100 - - [11/Jun/2026:11:10:48 +0000] "GET /d1/397/AUTH_1fce959ad164442da9671180cc8f4199/gnocchi.45558b5c-9de1-4907-9951-8190f6867207/none_v3" 404 70 "GET http://localhost:8080/v1/AUTH_1fce959ad164442da9671180cc8f4199/gnocchi.45558b5c-9de1-4907-9951-8190f6867207/none_v3" "tx5f09779e391249028ad58-006a2a97b8" "proxy-server 21" 0.0002 "-" 25 0
Jun 11 11:10:48 standalone proxy-server[125754]: 172.18.0.2 ::1 11/Jun/2026/11/10/48 GET /v1/AUTH_1fce959ad164442da9671180cc8f4199/gnocchi.45558b5c-9de1-4907-9951-8190f6867207/none_v3 HTTP/1.0 404 - python-swiftclient-3.11.1 gAAAAABqKpd3Nzis... - 70 - tx5f09779e391249028ad58-006a2a97b8 - 0.0102 - - 1781176248.955248833 1781176248.965412140 0
Jun 11 11:10:48 standalone account-server[123842]: 172.20.0.100 - - [11/Jun/2026:11:10:48 +0000] "PUT /d1/73/AUTH_1fce959ad164442da9671180cc8f4199/gnocchi.45558b5c-9de1-4907-9951-8190f6867207" 201 - "PUT http://172.20.0.100:6001/d1/1013/AUTH_1fce959ad164442da9671180cc8f4199/gnocchi.45558b5c-9de1-4907-9951-8190f6867207" "tx97e96de62ff449d4835a9-006a2a97b8" "container-server 22" 0.0044 "-" 17 0
Jun 11 11:10:48 standalone container-server[123875]: 172.20.0.100 - - [11/Jun/2026:11:10:48 +0000] "PUT /d1/1013/AUTH_1fce959ad164442da9671180cc8f4199/gnocchi.45558b5c-9de1-4907-9951-8190f6867207" 201 - "PUT http://localhost:8080/v1/AUTH_1fce959ad164442da9671180cc8f4199/gnocchi.45558b5c-9de1-4907-9951-8190f6867207" "tx97e96de62ff449d4835a9-006a2a97b8" "proxy-server 21" 0.0212 "-" 22 0
Jun 11 11:10:48 standalone proxy-server[125754]: 172.18.0.2 ::1 11/Jun/2026/11/10/48 PUT /v1/AUTH_1fce959ad164442da9671180cc8f4199/gnocchi.45558b5c-9de1-4907-9951-8190f6867207 HTTP/1.0 201 - python-swiftclient-3.11.1 gAAAAABqKpd3Nzis... - - - tx97e96de62ff449d4835a9-006a2a97b8 - 0.0264 - - 1781176248.969175100 1781176248.995579243 0
Jun 11 11:10:49 standalone container-server[123868]: 172.20.0.100 - - [11/Jun/2026:11:10:49 +0000] "HEAD /d1/1013/AUTH_1fce959ad164442da9671180cc8f4199/gnocchi.45558b5c-9de1-4907-9951-8190f6867207" 204 - "HEAD http://localhost:8080/v1/AUTH_1fce959ad164442da9671180cc8f4199/gnocchi.45558b5c-9de1-4907-9951-8190f6867207?format=json&states=listing" "tx84787395b9da45449db7a-006a2a97b8" "proxy-server 21" 0.0015 "-" 20 0
Jun 11 11:10:49 standalone proxy-server[125754]: - - 11/Jun/2026/11/10/49 HEAD /v1/AUTH_1fce959ad164442da9671180cc8f4199/gnocchi.45558b5c-9de1-4907-9951-8190f6867207%3Fformat%3Djson%26states%3Dlisting HTTP/1.0 204 - Swift - - - - tx84787395b9da45449db7a-006a2a97b8 - 0.0050 RL - 1781176249.000986576 1781176249.005983829 0
Jun 11 11:10:49 standalone container-server[123868]: 172.20.0.100 - - [11/Jun/2026:11:10:49 +0000] "GET /d1/1013/AUTH_1fce959ad164442da9671180cc8f4199/gnocchi.45558b5c-9de1-4907-9951-8190f6867207" 200 2 "GET http://localhost:8080/v1/AUTH_1fce959ad164442da9671180cc8f4199/gnocchi.45558b5c-9de1-4907-9951-8190f6867207?format=json&states=listing" "tx84787395b9da45449db7a-006a2a97b8" "proxy-server 21" 0.0016 "-" 20 0
Jun 11 11:10:49 standalone proxy-server[125754]: 172.18.0.2 ::1 11/Jun/2026/11/10/49 GET /v1/AUTH_1fce959ad164442da9671180cc8f4199/gnocchi.45558b5c-9de1-4907-9951-8190f6867207%3Fformat%3Djson%26states%3Dlisting HTTP/1.0 200 - python-swiftclient-3.11.1 gAAAAABqKpd3Nzis... - 2 - tx84787395b9da45449db7a-006a2a97b8 - 0.0149 - - 1781176248.999568462 1781176249.014428377 0
Jun 11 11:10:49 standalone object-server[124017]: 172.20.0.100 - - [11/Jun/2026:11:10:49 +0000] "GET /d1/263/AUTH_1fce959ad164442da9671180cc8f4199/gnocchi.45558b5c-9de1-4907-9951-8190f6867207/1780920000.0_mean_300.0_v3" 404 70 "GET http://localhost:8080/v1/AUTH_1fce959ad164442da9671180cc8f4199/gnocchi.45558b5c-9de1-4907-9951-8190f6867207/1780920000.0_mean_300.0_v3" "tx2ab0fcf6bed44907b8edd-006a2a97b9" "proxy-server 21" 0.0002 "-" 25 0
Jun 11 11:10:49 standalone proxy-server[125754]: 172.18.0.2 ::1 11/Jun/2026/11/10/49 GET /v1/AUTH_1fce959ad164442da9671180cc8f4199/gnocchi.45558b5c-9de1-4907-9951-8190f6867207/1780920000.0_mean_300.0_v3 HTTP/1.0 404 - python-swiftclient-3.11.1 gAAAAABqKpd3Nzis... - 70 - tx2ab0fcf6bed44907b8edd-006a2a97b9 - 0.0061 - - 1781176249.022687912 1781176249.028755665 0
Jun 11 11:10:49 standalone container-server[123874]: 172.20.0.100 - - [11/Jun/2026:11:10:49 +0000] "PUT /d1/1013/AUTH_1fce959ad164442da9671180cc8f4199/gnocchi.45558b5c-9de1-4907-9951-8190f6867207/1780920000.0_mean_300.0_v3" 201 - "PUT http://localhost:8080/d1/263/AUTH_1fce959ad164442da9671180cc8f4199/gnocchi.45558b5c-9de1-4907-9951-8190f6867207/1780920000.0_mean_300.0_v3" "tx438830fb8ecb4d62b8d6e-006a2a97b9" "object-server 25" 0.0013 "-" 21 0
Jun 11 11:10:49 standalone object-server[124017]: 172.20.0.100 - - [11/Jun/2026:11:10:49 +0000] "PUT /d1/263/AUTH_1fce959ad164442da9671180cc8f4199/gnocchi.45558b5c-9de1-4907-9951-8190f6867207/1780920000.0_mean_300.0_v3" 201 - "PUT http://localhost:8080/v1/AUTH_1fce959ad164442da9671180cc8f4199/gnocchi.45558b5c-9de1-4907-9951-8190f6867207/1780920000.0_mean_300.0_v3" "tx438830fb8ecb4d62b8d6e-006a2a97b9" "proxy-server 21" 0.0140 "-" 25 0
Jun 11 11:10:49 standalone proxy-server[125754]: 172.18.0.2 ::1 11/Jun/2026/11/10/49 PUT /v1/AUTH_1fce959ad164442da9671180cc8f4199/gnocchi.45558b5c-9de1-4907-9951-8190f6867207/1780920000.0_mean_300.0_v3 HTTP/1.0 201 - python-swiftclient-3.11.1 gAAAAABqKpd3Nzis... 16 - - tx438830fb8ecb4d62b8d6e-006a2a97b9 - 0.0215 - - 1781176249.034195900 1781176249.055745840 0
Jun 11 11:10:49 standalone container-server[123868]: 172.20.0.100 - - [11/Jun/2026:11:10:49 +0000] "PUT /d1/1013/AUTH_1fce959ad164442da9671180cc8f4199/gnocchi.45558b5c-9de1-4907-9951-8190f6867207/none_v3" 201 - "PUT http://localhost:8080/d1/397/AUTH_1fce959ad164442da9671180cc8f4199/gnocchi.45558b5c-9de1-4907-9951-8190f6867207/none_v3" "txd6d600e851fb43339304e-006a2a97b9" "object-server 25" 0.0005 "-" 20 0
Jun 11 11:10:49 standalone object-server[124017]: 172.20.0.100 - - [11/Jun/2026:11:10:49 +0000] "PUT /d1/397/AUTH_1fce959ad164442da9671180cc8f4199/gnocchi.45558b5c-9de1-4907-9951-8190f6867207/none_v3" 201 - "PUT http://localhost:8080/v1/AUTH_1fce959ad164442da9671180cc8f4199/gnocchi.45558b5c-9de1-4907-9951-8190f6867207/none_v3" "txd6d600e851fb43339304e-006a2a97b9" "proxy-server 21" 0.0097 "-" 25 0
Jun 11 11:10:49 standalone proxy-server[125754]: 172.18.0.2 ::1 11/Jun/2026/11/10/49 PUT /v1/AUTH_1fce959ad164442da9671180cc8f4199/gnocchi.45558b5c-9de1-4907-9951-8190f6867207/none_v3 HTTP/1.0 201 - python-swiftclient-3.11.1 gAAAAABqKpd3Nzis... 22 - - txd6d600e851fb43339304e-006a2a97b9 - 0.0164 - - 1781176249.061724663 1781176249.078110933 0
Jun 11 11:10:53 standalone container-server[123878]: 172.20.0.100 - - [11/Jun/2026:11:10:53 +0000] "HEAD /d1/371/AUTH_1fce959ad164442da9671180cc8f4199/gnocchi.33c0a7ba-008d-45db-8e0b-a0fe4ebc619b" 404 - "HEAD http://localhost:8080/v1/AUTH_1fce959ad164442da9671180cc8f4199/gnocchi.33c0a7ba-008d-45db-8e0b-a0fe4ebc619b?format=json&states=listing" "tx56a8d4c309634b66a3e28-006a2a97bd" "proxy-server 21" 0.0013 "-" 23 0
Jun 11 11:10:53 standalone object-server[124017]: 172.20.0.100 - - [11/Jun/2026:11:10:53 +0000] "GET /d1/51/AUTH_1fce959ad164442da9671180cc8f4199/gnocchi.33c0a7ba-008d-45db-8e0b-a0fe4ebc619b/none_v3" 404 70 "GET http://localhost:8080/v1/AUTH_1fce959ad164442da9671180cc8f4199/gnocchi.33c0a7ba-008d-45db-8e0b-a0fe4ebc619b/none_v3" "tx56a8d4c309634b66a3e28-006a2a97bd" "proxy-server 21" 0.0007 "-" 25 0
Jun 11 11:10:53 standalone proxy-server[125754]: 172.18.0.2 ::1 11/Jun/2026/11/10/53 GET /v1/AUTH_1fce959ad164442da9671180cc8f4199/gnocchi.33c0a7ba-008d-45db-8e0b-a0fe4ebc619b/none_v3 HTTP/1.0 404 - python-swiftclient-3.11.1 gAAAAABqKpd3Nzis... - 70 - tx56a8d4c309634b66a3e28-006a2a97bd - 0.0129 - - 1781176253.430075645 1781176253.442939997 0
Jun 11 11:10:53 standalone account-server[123839]: 172.20.0.100 - - [11/Jun/2026:11:10:53 +0000] "PUT /d1/73/AUTH_1fce959ad164442da9671180cc8f4199/gnocchi.33c0a7ba-008d-45db-8e0b-a0fe4ebc619b" 201 - "PUT http://172.20.0.100:6001/d1/371/AUTH_1fce959ad164442da9671180cc8f4199/gnocchi.33c0a7ba-008d-45db-8e0b-a0fe4ebc619b" "tx671b05b7b53a4c08a7dec-006a2a97bd" "container-server 22" 0.0077 "-" 16 0
Jun 11 11:10:53 standalone container-server[123875]: 172.20.0.100 - - [11/Jun/2026:11:10:53 +0000] "PUT /d1/371/AUTH_1fce959ad164442da9671180cc8f4199/gnocchi.33c0a7ba-008d-45db-8e0b-a0fe4ebc619b" 201 - "PUT http://localhost:8080/v1/AUTH_1fce959ad164442da9671180cc8f4199/gnocchi.33c0a7ba-008d-45db-8e0b-a0fe4ebc619b" "tx671b05b7b53a4c08a7dec-006a2a97bd" "proxy-server 21" 0.0291 "-" 22 0
Jun 11 11:10:53 standalone proxy-server[125754]: 172.18.0.2 ::1 11/Jun/2026/11/10/53 PUT /v1/AUTH_1fce959ad164442da9671180cc8f4199/gnocchi.33c0a7ba-008d-45db-8e0b-a0fe4ebc619b HTTP/1.0 201 - python-swiftclient-3.11.1 gAAAAABqKpd3Nzis... - - - tx671b05b7b53a4c08a7dec-006a2a97bd - 0.0361 - - 1781176253.446773052 1781176253.482858896 0
Jun 11 11:10:53 standalone container-server[123878]: 172.20.0.100 - - [11/Jun/2026:11:10:53 +0000] "HEAD /d1/371/AUTH_1fce959ad164442da9671180cc8f4199/gnocchi.33c0a7ba-008d-45db-8e0b-a0fe4ebc619b" 204 - "HEAD http://localhost:8080/v1/AUTH_1fce959ad164442da9671180cc8f4199/gnocchi.33c0a7ba-008d-45db-8e0b-a0fe4ebc619b?format=json&states=listing" "tx07f62245d14849bb8c6d1-006a2a97bd" "proxy-server 21" 0.0028 "-" 23 0
