2026-06-14 07:42:50.273 16 INFO neutron.wsgi [-] 192.168.122.100 "GET /healthcheck HTTP/1.0" status: 200 len: 137 time: 0.0034993
2026-06-14 07:42:52.276 15 DEBUG neutron.wsgi [-] (15) accepted ('192.168.122.100', 41706) server /usr/lib/python3.9/site-packages/eventlet/wsgi.py:992
2026-06-14 07:42:52.278 15 INFO neutron.wsgi [-] 192.168.122.100 "GET /healthcheck HTTP/1.0" status: 200 len: 137 time: 0.0012946
2026-06-14 07:42:54.280 15 DEBUG neutron.wsgi [-] (15) accepted ('192.168.122.100', 41722) server /usr/lib/python3.9/site-packages/eventlet/wsgi.py:992
2026-06-14 07:42:54.283 15 INFO neutron.wsgi [-] 192.168.122.100 "GET /healthcheck HTTP/1.0" status: 200 len: 137 time: 0.0016434
2026-06-14 07:42:56.285 18 DEBUG neutron.wsgi [-] (18) accepted ('192.168.122.100', 41736) server /usr/lib/python3.9/site-packages/eventlet/wsgi.py:992
2026-06-14 07:42:56.287 18 INFO neutron.wsgi [-] 192.168.122.100 "GET /healthcheck HTTP/1.0" status: 200 len: 137 time: 0.0012543
2026-06-14 07:42:58.288 17 DEBUG neutron.wsgi [-] (17) accepted ('192.168.122.100', 57672) server /usr/lib/python3.9/site-packages/eventlet/wsgi.py:992
2026-06-14 07:42:58.292 17 INFO neutron.wsgi [-] 192.168.122.100 "GET /healthcheck HTTP/1.0" status: 200 len: 137 time: 0.0024419
2026-06-14 07:42:59.381 16 DEBUG neutron.wsgi [-] (16) accepted ('192.168.122.100', 57674) server /usr/lib/python3.9/site-packages/eventlet/wsgi.py:992
2026-06-14 07:42:59.384 16 INFO neutron.wsgi [-] 192.168.122.100 "GET / HTTP/1.1" status: 200 len: 233 time: 0.0025146
2026-06-14 07:43:00.294 18 DEBUG neutron.wsgi [-] (18) accepted ('192.168.122.100', 57684) server /usr/lib/python3.9/site-packages/eventlet/wsgi.py:992
2026-06-14 07:43:00.298 18 INFO neutron.wsgi [-] 192.168.122.100 "GET /healthcheck HTTP/1.0" status: 200 len: 137 time: 0.0025179
2026-06-14 07:43:02.300 17 DEBUG neutron.wsgi [-] (17) accepted ('192.168.122.100', 57688) server /usr/lib/python3.9/site-packages/eventlet/wsgi.py:992
2026-06-14 07:43:02.304 17 INFO neutron.wsgi [-] 192.168.122.100 "GET /healthcheck HTTP/1.0" status: 200 len: 137 time: 0.0026257
2026-06-14 07:43:04.306 15 DEBUG neutron.wsgi [-] (15) accepted ('192.168.122.100', 57696) server /usr/lib/python3.9/site-packages/eventlet/wsgi.py:992
2026-06-14 07:43:04.310 15 INFO neutron.wsgi [-] 192.168.122.100 "GET /healthcheck HTTP/1.0" status: 200 len: 137 time: 0.0025814
2026-06-14 07:43:06.312 15 DEBUG neutron.wsgi [-] (15) accepted ('192.168.122.100', 57698) server /usr/lib/python3.9/site-packages/eventlet/wsgi.py:992
2026-06-14 07:43:06.315 15 INFO neutron.wsgi [-] 192.168.122.100 "GET /healthcheck HTTP/1.0" status: 200 len: 137 time: 0.0027111
2026-06-14 07:43:08.316 15 DEBUG neutron.wsgi [-] (15) accepted ('192.168.122.100', 52226) server /usr/lib/python3.9/site-packages/eventlet/wsgi.py:992
2026-06-14 07:43:08.320 15 INFO neutron.wsgi [-] 192.168.122.100 "GET /healthcheck HTTP/1.0" status: 200 len: 137 time: 0.0024750
2026-06-14 07:43:10.321 17 DEBUG neutron.wsgi [-] (17) accepted ('192.168.122.100', 52240) server /usr/lib/python3.9/site-packages/eventlet/wsgi.py:992
2026-06-14 07:43:10.323 17 INFO neutron.wsgi [-] 192.168.122.100 "GET /healthcheck HTTP/1.0" status: 200 len: 137 time: 0.0012832
2026-06-14 07:43:12.325 17 DEBUG neutron.wsgi [-] (17) accepted ('192.168.122.100', 52244) server /usr/lib/python3.9/site-packages/eventlet/wsgi.py:992
2026-06-14 07:43:12.328 17 INFO neutron.wsgi [-] 192.168.122.100 "GET /healthcheck HTTP/1.0" status: 200 len: 137 time: 0.0016973
2026-06-14 07:43:14.330 17 DEBUG neutron.wsgi [-] (17) accepted ('192.168.122.100', 52246) server /usr/lib/python3.9/site-packages/eventlet/wsgi.py:992
2026-06-14 07:43:14.334 17 INFO neutron.wsgi [-] 192.168.122.100 "GET /healthcheck HTTP/1.0" status: 200 len: 137 time: 0.0024307
2026-06-14 07:43:16.336 15 DEBUG neutron.wsgi [-] (15) accepted ('192.168.122.100', 52252) server /usr/lib/python3.9/site-packages/eventlet/wsgi.py:992
2026-06-14 07:43:16.338 15 INFO neutron.wsgi [-] 192.168.122.100 "GET /healthcheck HTTP/1.0" status: 200 len: 137 time: 0.0016744
2026-06-14 07:43:18.339 15 DEBUG neutron.wsgi [-] (15) accepted ('192.168.122.100', 38256) server /usr/lib/python3.9/site-packages/eventlet/wsgi.py:992
2026-06-14 07:43:18.343 15 INFO neutron.wsgi [-] 192.168.122.100 "GET /healthcheck HTTP/1.0" status: 200 len: 137 time: 0.0024350
2026-06-14 07:43:20.345 18 DEBUG neutron.wsgi [-] (18) accepted ('192.168.122.100', 38272) server /usr/lib/python3.9/site-packages/eventlet/wsgi.py:992
2026-06-14 07:43:20.348 18 INFO neutron.wsgi [-] 192.168.122.100 "GET /healthcheck HTTP/1.0" status: 200 len: 137 time: 0.0023580
2026-06-14 07:43:22.351 18 DEBUG neutron.wsgi [-] (18) accepted ('192.168.122.100', 38276) server /usr/lib/python3.9/site-packages/eventlet/wsgi.py:992
2026-06-14 07:43:22.354 18 INFO neutron.wsgi [-] 192.168.122.100 "GET /healthcheck HTTP/1.0" status: 200 len: 137 time: 0.0024059
2026-06-14 07:43:24.357 17 DEBUG neutron.wsgi [-] (17) accepted ('192.168.122.100', 38280) server /usr/lib/python3.9/site-packages/eventlet/wsgi.py:992
2026-06-14 07:43:24.359 17 INFO neutron.wsgi [-] 192.168.122.100 "GET /healthcheck HTTP/1.0" status: 200 len: 137 time: 0.0017147
2026-06-14 07:43:26.361 16 DEBUG neutron.wsgi [-] (16) accepted ('192.168.122.100', 38294) server /usr/lib/python3.9/site-packages/eventlet/wsgi.py:992
2026-06-14 07:43:26.365 16 INFO neutron.wsgi [-] 192.168.122.100 "GET /healthcheck HTTP/1.0" status: 200 len: 137 time: 0.0026851
2026-06-14 07:43:28.367 15 DEBUG neutron.wsgi [-] (15) accepted ('192.168.122.100', 41280) server /usr/lib/python3.9/site-packages/eventlet/wsgi.py:992
2026-06-14 07:43:28.370 15 INFO neutron.wsgi [-] 192.168.122.100 "GET /healthcheck HTTP/1.0" status: 200 len: 137 time: 0.0024416
2026-06-14 07:43:30.188 16 DEBUG neutron.wsgi [-] (16) accepted ('192.168.122.100', 41288) server /usr/lib/python3.9/site-packages/eventlet/wsgi.py:992
2026-06-14 07:43:30.190 16 INFO neutron.wsgi [-] 192.168.122.100 "GET / HTTP/1.1" status: 200 len: 233 time: 0.0012095
2026-06-14 07:43:30.372 18 DEBUG neutron.wsgi [-] (18) accepted ('192.168.122.100', 41302) server /usr/lib/python3.9/site-packages/eventlet/wsgi.py:992
2026-06-14 07:43:30.374 18 INFO neutron.wsgi [-] 192.168.122.100 "GET /healthcheck HTTP/1.0" status: 200 len: 137 time: 0.0017080
2026-06-14 07:43:32.376 17 DEBUG neutron.wsgi [-] (17) accepted ('192.168.122.100', 41316) server /usr/lib/python3.9/site-packages/eventlet/wsgi.py:992
2026-06-14 07:43:32.379 17 INFO neutron.wsgi [-] 192.168.122.100 "GET /healthcheck HTTP/1.0" status: 200 len: 137 time: 0.0026026
2026-06-14 07:43:34.381 17 DEBUG neutron.wsgi [-] (17) accepted ('192.168.122.100', 41324) server /usr/lib/python3.9/site-packages/eventlet/wsgi.py:992
2026-06-14 07:43:34.385 17 INFO neutron.wsgi [-] 192.168.122.100 "GET /healthcheck HTTP/1.0" status: 200 len: 137 time: 0.0024595
2026-06-14 07:43:36.387 18 DEBUG neutron.wsgi [-] (18) accepted ('192.168.122.100', 41338) server /usr/lib/python3.9/site-packages/eventlet/wsgi.py:992
2026-06-14 07:43:36.390 18 INFO neutron.wsgi [-] 192.168.122.100 "GET /healthcheck HTTP/1.0" status: 200 len: 137 time: 0.0024061
2026-06-14 07:43:38.391 17 DEBUG neutron.wsgi [-] (17) accepted ('192.168.122.100', 50700) server /usr/lib/python3.9/site-packages/eventlet/wsgi.py:992
2026-06-14 07:43:38.394 17 INFO neutron.wsgi [-] 192.168.122.100 "GET /healthcheck HTTP/1.0" status: 200 len: 137 time: 0.0013058
2026-06-14 07:43:40.396 17 DEBUG neutron.wsgi [-] (17) accepted ('192.168.122.100', 50702) server /usr/lib/python3.9/site-packages/eventlet/wsgi.py:992
2026-06-14 07:43:40.399 17 INFO neutron.wsgi [-] 192.168.122.100 "GET /healthcheck HTTP/1.0" status: 200 len: 137 time: 0.0024841
2026-06-14 07:43:42.401 17 DEBUG neutron.wsgi [-] (17) accepted ('192.168.122.100', 50718) server /usr/lib/python3.9/site-packages/eventlet/wsgi.py:992
2026-06-14 07:43:42.403 17 INFO neutron.wsgi [-] 192.168.122.100 "GET /healthcheck HTTP/1.0" status: 200 len: 137 time: 0.0013256
2026-06-14 07:43:44.405 17 DEBUG neutron.wsgi [-] (17) accepted ('192.168.122.100', 50728) server /usr/lib/python3.9/site-packages/eventlet/wsgi.py:992
2026-06-14 07:43:44.408 17 INFO neutron.wsgi [-] 192.168.122.100 "GET /healthcheck HTTP/1.0" status: 200 len: 137 time: 0.0024428
2026-06-14 07:43:46.409 18 DEBUG neutron.wsgi [-] (18) accepted ('192.168.122.100', 50738) server /usr/lib/python3.9/site-packages/eventlet/wsgi.py:992
2026-06-14 07:43:46.412 18 INFO neutron.wsgi [-] 192.168.122.100 "GET /healthcheck HTTP/1.0" status: 200 len: 137 time: 0.0016055
2026-06-14 07:43:48.414 18 DEBUG neutron.wsgi [-] (18) accepted ('192.168.122.100', 46046) server /usr/lib/python3.9/site-packages/eventlet/wsgi.py:992
2026-06-14 07:43:48.417 18 INFO neutron.wsgi [-] 192.168.122.100 "GET /healthcheck HTTP/1.0" status: 200 len: 137 time: 0.0024538
2026-06-14 07:43:50.420 16 DEBUG neutron.wsgi [-] (16) accepted ('192.168.122.100', 46052) server /usr/lib/python3.9/site-packages/eventlet/wsgi.py:992
2026-06-14 07:43:50.423 16 INFO neutron.wsgi [-] 192.168.122.100 "GET /healthcheck HTTP/1.0" status: 200 len: 137 time: 0.0025721
2026-06-14 07:43:52.426 17 DEBUG neutron.wsgi [-] (17) accepted ('192.168.122.100', 46060) server /usr/lib/python3.9/site-packages/eventlet/wsgi.py:992
2026-06-14 07:43:52.428 17 INFO neutron.wsgi [-] 192.168.122.100 "GET /healthcheck HTTP/1.0" status: 200 len: 137 time: 0.0012648
2026-06-14 07:43:54.429 15 DEBUG neutron.wsgi [-] (15) accepted ('192.168.122.100', 46076) server /usr/lib/python3.9/site-packages/eventlet/wsgi.py:992
2026-06-14 07:43:54.433 15 INFO neutron.wsgi [-] 192.168.122.100 "GET /healthcheck HTTP/1.0" status: 200 len: 137 time: 0.0024934
2026-06-14 07:43:54.807 15 DEBUG neutron.wsgi [-] (15) accepted ('192.168.122.100', 46080) server /usr/lib/python3.9/site-packages/eventlet/wsgi.py:992
2026-06-14 07:43:55.469 15 DEBUG neutron.policy [req-e5c66c8f-1efa-48ed-a042-fa117e38382f 1ba5722f7cb74b08ac4c869c9bee92d0 2de4637ea8ae44c3808baff829411df9 - default default] Loaded default policies from ['networking-bgpvpn', 'neutron'] under neutron.policies entry points register_rules /usr/lib/python3.9/site-packages/neutron/policy.py:73
2026-06-14 07:43:55.493 15 INFO neutron.wsgi [req-e5c66c8f-1efa-48ed-a042-fa117e38382f 1ba5722f7cb74b08ac4c869c9bee92d0 2de4637ea8ae44c3808baff829411df9 - default default] 192.168.122.99,192.168.122.100 "GET /v2.0/networks?name=ctlplane HTTP/1.1" status: 200 len: 189 time: 0.6856697
2026-06-14 07:43:55.500 15 DEBUG neutron.api.v2.base [req-c389d45a-632b-471f-8661-f8313ae6b14e 1ba5722f7cb74b08ac4c869c9bee92d0 2de4637ea8ae44c3808baff829411df9 - default default] Request body: {'network': {'dns_domain': 'ctlplane.ooo.test.', 'name': 'ctlplane', 'provider:physical_network': 'ctlplane', 'mtu': 1450, 'provider:network_type': 'flat'}} prepare_request_body /usr/lib/python3.9/site-packages/neutron/api/v2/base.py:729
2026-06-14 07:43:55.516 15 DEBUG neutron.pecan_wsgi.hooks.quota_enforcement [req-c389d45a-632b-471f-8661-f8313ae6b14e 1ba5722f7cb74b08ac4c869c9bee92d0 2de4637ea8ae44c3808baff829411df9 - default default] Made reservation on behalf of 2de4637ea8ae44c3808baff829411df9 for: {'network': 1} before /usr/lib/python3.9/site-packages/neutron/pecan_wsgi/hooks/quota_enforcement.py:53
2026-06-14 07:43:55.517 15 DEBUG neutron_lib.callbacks.manager [req-c389d45a-632b-471f-8661-f8313ae6b14e 1ba5722f7cb74b08ac4c869c9bee92d0 2de4637ea8ae44c3808baff829411df9 - default default] Notify callbacks ['neutron.plugins.ml2.plugin.SecurityGroupDbMixin._ensure_default_security_group_handler-3899660'] for network, before_create _notify_loop /usr/lib/python3.9/site-packages/neutron_lib/callbacks/manager.py:200
2026-06-14 07:43:55.532 15 DEBUG neutron_lib.callbacks.manager [req-c389d45a-632b-471f-8661-f8313ae6b14e 1ba5722f7cb74b08ac4c869c9bee92d0 2de4637ea8ae44c3808baff829411df9 - default default] Notify callbacks [] for security_group, before_create _notify_loop /usr/lib/python3.9/site-packages/neutron_lib/callbacks/manager.py:200
2026-06-14 07:43:55.581 15 DEBUG neutron_lib.callbacks.manager [req-c389d45a-632b-471f-8661-f8313ae6b14e 1ba5722f7cb74b08ac4c869c9bee92d0 2de4637ea8ae44c3808baff829411df9 - default default] Notify callbacks [] for security_group, precommit_create _notify_loop /usr/lib/python3.9/site-packages/neutron_lib/callbacks/manager.py:200
2026-06-14 07:43:55.583 15 DEBUG neutron_lib.callbacks.manager [req-c389d45a-632b-471f-8661-f8313ae6b14e 1ba5722f7cb74b08ac4c869c9bee92d0 2de4637ea8ae44c3808baff829411df9 - default default] Notify callbacks ['neutron.plugins.ml2.ovo_rpc._ObjectChangeHandler.handle_event-603185'] for security_group, after_create _notify_loop /usr/lib/python3.9/site-packages/neutron_lib/callbacks/manager.py:200
2026-06-14 07:43:55.594 15 DEBUG neutron.plugins.ml2.drivers.type_flat [req-c389d45a-632b-471f-8661-f8313ae6b14e 1ba5722f7cb74b08ac4c869c9bee92d0 2de4637ea8ae44c3808baff829411df9 - default default] Reserving flat network on physical network ctlplane reserve_provider_segment /usr/lib/python3.9/site-packages/neutron/plugins/ml2/drivers/type_flat.py:100
2026-06-14 07:43:55.606 15 DEBUG neutron.api.rpc.handlers.resources_rpc [req-c389d45a-632b-471f-8661-f8313ae6b14e 1ba5722f7cb74b08ac4c869c9bee92d0 2de4637ea8ae44c3808baff829411df9 - - -] Pushing event updated for resources: {'SecurityGroup': ['ID=d021a1a9-21c1-466f-bd76-68cdfa6ffb20,revision_number=1']} push /usr/lib/python3.9/site-packages/neutron/api/rpc/handlers/resources_rpc.py:237
2026-06-14 07:43:55.607 15 DEBUG neutron_lib.callbacks.manager [req-c389d45a-632b-471f-8661-f8313ae6b14e 1ba5722f7cb74b08ac4c869c9bee92d0 2de4637ea8ae44c3808baff829411df9 - default default] Notify callbacks ['neutron.services.segments.db._add_segment_host_mapping_for_segment-8767837920871', 'neutron.plugins.ml2.plugin.Ml2Plugin._handle_segment_change-4099753'] for segment, precommit_create _notify_loop /usr/lib/python3.9/site-packages/neutron_lib/callbacks/manager.py:200
2026-06-14 07:43:55.610 15 DEBUG neutron.plugins.ml2.drivers.mech_agent [req-c389d45a-632b-471f-8661-f8313ae6b14e 1ba5722f7cb74b08ac4c869c9bee92d0 2de4637ea8ae44c3808baff829411df9 - default default] Checking segment: NetworkSegment(created_at=2026-06-14T07:43:55Z,description=,hosts=[],id=80349a91-6973-47d4-86f7-a7ad191fb385,is_dynamic=False,name=,network_id=6850c52e-b4d4-4f0e-bb08-3693c2b87329,network_type='flat',physical_network='ctlplane',revision_number=0,segment_index=0,segmentation_id=None,updated_at=2026-06-14T07:43:55Z) for mappings: {'ctlplane': 'br-ctlplane'} with network types: ['local', 'flat', 'vlan'] check_segment_for_agent /usr/lib/python3.9/site-packages/neutron/plugins/ml2/drivers/mech_agent.py:343
2026-06-14 07:43:55.614 15 DEBUG neutron.api.rpc.callbacks.version_manager [req-c389d45a-632b-471f-8661-f8313ae6b14e 1ba5722f7cb74b08ac4c869c9bee92d0 2de4637ea8ae44c3808baff829411df9 - - -] Version for resource type AddressGroup changed None to 1.2 on consumer Open vSwitch agent@undercloud.ooo.test _set_version /usr/lib/python3.9/site-packages/neutron/api/rpc/callbacks/version_manager.py:113
2026-06-14 07:43:55.614 15 DEBUG neutron.api.rpc.callbacks.version_manager [req-c389d45a-632b-471f-8661-f8313ae6b14e 1ba5722f7cb74b08ac4c869c9bee92d0 2de4637ea8ae44c3808baff829411df9 - - -] Version for resource type ConntrackHelper changed None to 1.0 on consumer Open vSwitch agent@undercloud.ooo.test _set_version /usr/lib/python3.9/site-packages/neutron/api/rpc/callbacks/version_manager.py:113
2026-06-14 07:43:55.614 15 DEBUG neutron.api.rpc.callbacks.version_manager [req-c389d45a-632b-471f-8661-f8313ae6b14e 1ba5722f7cb74b08ac4c869c9bee92d0 2de4637ea8ae44c3808baff829411df9 - - -] Version for resource type Log changed None to 1.0 on consumer Open vSwitch agent@undercloud.ooo.test _set_version /usr/lib/python3.9/site-packages/neutron/api/rpc/callbacks/version_manager.py:113
2026-06-14 07:43:55.614 15 DEBUG neutron.api.rpc.callbacks.version_manager [req-c389d45a-632b-471f-8661-f8313ae6b14e 1ba5722f7cb74b08ac4c869c9bee92d0 2de4637ea8ae44c3808baff829411df9 - - -] Version for resource type Network changed None to 1.1 on consumer Open vSwitch agent@undercloud.ooo.test _set_version /usr/lib/python3.9/site-packages/neutron/api/rpc/callbacks/version_manager.py:113
2026-06-14 07:43:55.615 15 DEBUG neutron.api.rpc.callbacks.version_manager [req-c389d45a-632b-471f-8661-f8313ae6b14e 1ba5722f7cb74b08ac4c869c9bee92d0 2de4637ea8ae44c3808baff829411df9 - - -] Version for resource type Port changed None to 1.7 on consumer Open vSwitch agent@undercloud.ooo.test _set_version /usr/lib/python3.9/site-packages/neutron/api/rpc/callbacks/version_manager.py:113
2026-06-14 07:43:55.615 15 DEBUG neutron.api.rpc.callbacks.version_manager [req-c389d45a-632b-471f-8661-f8313ae6b14e 1ba5722f7cb74b08ac4c869c9bee92d0 2de4637ea8ae44c3808baff829411df9 - - -] Version for resource type PortForwarding changed None to 1.2 on consumer Open vSwitch agent@undercloud.ooo.test _set_version /usr/lib/python3.9/site-packages/neutron/api/rpc/callbacks/version_manager.py:113
2026-06-14 07:43:55.615 15 DEBUG neutron.api.rpc.callbacks.version_manager [req-c389d45a-632b-471f-8661-f8313ae6b14e 1ba5722f7cb74b08ac4c869c9bee92d0 2de4637ea8ae44c3808baff829411df9 - - -] Version for resource type QosPolicy changed None to 1.8 on consumer Open vSwitch agent@undercloud.ooo.test _set_version /usr/lib/python3.9/site-packages/neutron/api/rpc/callbacks/version_manager.py:113
2026-06-14 07:43:55.615 15 DEBUG neutron.api.rpc.callbacks.version_manager [req-c389d45a-632b-471f-8661-f8313ae6b14e 1ba5722f7cb74b08ac4c869c9bee92d0 2de4637ea8ae44c3808baff829411df9 - - -] Version for resource type SecurityGroup changed None to 1.5 on consumer Open vSwitch agent@undercloud.ooo.test _set_version /usr/lib/python3.9/site-packages/neutron/api/rpc/callbacks/version_manager.py:113
2026-06-14 07:43:55.615 15 DEBUG neutron.api.rpc.callbacks.version_manager [req-c389d45a-632b-471f-8661-f8313ae6b14e 1ba5722f7cb74b08ac4c869c9bee92d0 2de4637ea8ae44c3808baff829411df9 - - -] Version for resource type SecurityGroupRule changed None to 1.2 on consumer Open vSwitch agent@undercloud.ooo.test _set_version /usr/lib/python3.9/site-packages/neutron/api/rpc/callbacks/version_manager.py:113
2026-06-14 07:43:55.615 15 DEBUG neutron.api.rpc.callbacks.version_manager [req-c389d45a-632b-471f-8661-f8313ae6b14e 1ba5722f7cb74b08ac4c869c9bee92d0 2de4637ea8ae44c3808baff829411df9 - - -] Version for resource type SubPort changed None to 1.0 on consumer Open vSwitch agent@undercloud.ooo.test _set_version /usr/lib/python3.9/site-packages/neutron/api/rpc/callbacks/version_manager.py:113
2026-06-14 07:43:55.615 15 DEBUG neutron.api.rpc.callbacks.version_manager [req-c389d45a-632b-471f-8661-f8313ae6b14e 1ba5722f7cb74b08ac4c869c9bee92d0 2de4637ea8ae44c3808baff829411df9 - - -] Version for resource type Subnet changed None to 1.1 on consumer Open vSwitch agent@undercloud.ooo.test _set_version /usr/lib/python3.9/site-packages/neutron/api/rpc/callbacks/version_manager.py:113
2026-06-14 07:43:55.615 15 DEBUG neutron.api.rpc.callbacks.version_manager [req-c389d45a-632b-471f-8661-f8313ae6b14e 1ba5722f7cb74b08ac4c869c9bee92d0 2de4637ea8ae44c3808baff829411df9 - - -] Version for resource type Trunk changed None to 1.1 on consumer Open vSwitch agent@undercloud.ooo.test _set_version /usr/lib/python3.9/site-packages/neutron/api/rpc/callbacks/version_manager.py:113
2026-06-14 07:43:55.616 15 DEBUG neutron.api.rpc.callbacks.version_manager [req-c389d45a-632b-471f-8661-f8313ae6b14e 1ba5722f7cb74b08ac4c869c9bee92d0 2de4637ea8ae44c3808baff829411df9 - - -] Tracked resource versions report: pushed versions: { 'AddressGroup': {'1.2'}, 'ConntrackHelper': {'1.0'}, 'Log': {'1.0'}, 'Network': {'1.1'}, 'Port': {'1.7'}, 'PortForwarding': {'1.2'}, 'QosPolicy': {'1.8'}, 'SecurityGroup': {'1.5'}, 'SecurityGroupRule': {'1.2'}, 'SubPort': {'1.0'}, 'Subnet': {'1.1'}, 'Trunk': {'1.1'}} consumer versions: { DHCP agent@undercloud.ooo.test: {}, L3 agent@undercloud.ooo.test: {}, Open vSwitch agent@undercloud.ooo.test: { 'AddressGroup': '1.2', 'ConntrackHelper': '1.0', 'Log': '1.0', 'Network': '1.1', 'Port': '1.7', 'PortForwarding': '1.2', 'QosPolicy': '1.8', 'SecurityGroup': '1.5', 'SecurityGroupRule': '1.2', 'SubPort': '1.0', 'Subnet': '1.1', 'Trunk': '1.1'}} report /usr/lib/python3.9/site-packages/neutron/api/rpc/callbacks/version_manager.py:175
2026-06-14 07:43:55.627 15 DEBUG neutron.services.segments.db [req-c389d45a-632b-471f-8661-f8313ae6b14e 1ba5722f7cb74b08ac4c869c9bee92d0 2de4637ea8ae44c3808baff829411df9 - default default] Segment 80349a91-6973-47d4-86f7-a7ad191fb385 mapped to the hosts {'undercloud.ooo.test'} map_segment_to_hosts /usr/lib/python3.9/site-packages/neutron/services/segments/db.py:339
2026-06-14 07:43:55.627 15 INFO neutron.db.segments_db [req-c389d45a-632b-471f-8661-f8313ae6b14e 1ba5722f7cb74b08ac4c869c9bee92d0 2de4637ea8ae44c3808baff829411df9 - default default] Added segment 80349a91-6973-47d4-86f7-a7ad191fb385 of type flat for network 6850c52e-b4d4-4f0e-bb08-3693c2b87329
2026-06-14 07:43:55.668 15 DEBUG neutron_lib.callbacks.manager [req-c389d45a-632b-471f-8661-f8313ae6b14e 1ba5722f7cb74b08ac4c869c9bee92d0 2de4637ea8ae44c3808baff829411df9 - default default] Notify callbacks ['neutron.services.auto_allocate.db._ensure_external_network_default_value_callback-8767837275194'] for network, precommit_create _notify_loop /usr/lib/python3.9/site-packages/neutron_lib/callbacks/manager.py:200
2026-06-14 07:43:55.704 15 DEBUG neutron_lib.callbacks.manager [req-c389d45a-632b-471f-8661-f8313ae6b14e 1ba5722f7cb74b08ac4c869c9bee92d0 2de4637ea8ae44c3808baff829411df9 - default default] Notify callbacks ['neutron.plugins.ml2.ovo_rpc._ObjectChangeHandler.handle_event-603202', 'neutron.api.rpc.agentnotifiers.dhcp_rpc_agent_api.DhcpAgentNotifyAPI._native_event_send_dhcp_notification-717671'] for network, after_create _notify_loop /usr/lib/python3.9/site-packages/neutron_lib/callbacks/manager.py:200
2026-06-14 07:43:55.704 15 DEBUG neutron.pecan_wsgi.hooks.policy_enforcement [req-c389d45a-632b-471f-8661-f8313ae6b14e 1ba5722f7cb74b08ac4c869c9bee92d0 2de4637ea8ae44c3808baff829411df9 - default default] Attributes excluded by policy engine: ['standard_attr_id', 'vlan_transparent'] _exclude_attributes_by_policy /usr/lib/python3.9/site-packages/neutron/pecan_wsgi/hooks/policy_enforcement.py:259
2026-06-14 07:43:55.705 15 DEBUG neutron_lib.callbacks.manager [req-c389d45a-632b-471f-8661-f8313ae6b14e 1ba5722f7cb74b08ac4c869c9bee92d0 2de4637ea8ae44c3808baff829411df9 - default default] Notify callbacks ['neutron.api.rpc.agentnotifiers.dhcp_rpc_agent_api.DhcpAgentNotifyAPI._send_dhcp_notification-717653'] for network, before_response _notify_loop /usr/lib/python3.9/site-packages/neutron_lib/callbacks/manager.py:200
2026-06-14 07:43:55.747 15 INFO neutron.wsgi [req-c389d45a-632b-471f-8661-f8313ae6b14e 1ba5722f7cb74b08ac4c869c9bee92d0 2de4637ea8ae44c3808baff829411df9 - default default] 192.168.122.99,192.168.122.100 "POST /v2.0/networks HTTP/1.1" status: 201 len: 881 time: 0.2490330
2026-06-14 07:43:55.750 15 DEBUG neutron.api.rpc.handlers.resources_rpc [req-c389d45a-632b-471f-8661-f8313ae6b14e 1ba5722f7cb74b08ac4c869c9bee92d0 2de4637ea8ae44c3808baff829411df9 - - -] Pushing event updated for resources: {'Network': ['ID=6850c52e-b4d4-4f0e-bb08-3693c2b87329,revision_number=1']} push /usr/lib/python3.9/site-packages/neutron/api/rpc/handlers/resources_rpc.py:237
2026-06-14 07:43:55.760 22 DEBUG neutron.plugins.ml2.rpc [req-e9313646-1855-4aa8-b967-f6c944f751a1 - - - - -] Network 6850c52e-b4d4-4f0e-bb08-3693c2b87329 details requested by agent ovs-agent-undercloud.ooo.test with host undercloud.ooo.test get_network_details /usr/lib/python3.9/site-packages/neutron/plugins/ml2/rpc.py:232
2026-06-14 07:43:55.769 15 INFO neutron.wsgi [req-c21f9675-7d7c-4bf5-a93a-ffee374460a6 1ba5722f7cb74b08ac4c869c9bee92d0 2de4637ea8ae44c3808baff829411df9 - default default] 192.168.122.99,192.168.122.100 "GET /v2.0/subnets?cidr=192.168.122.0%2F24&network_id=6850c52e-b4d4-4f0e-bb08-3693c2b87329 HTTP/1.1" status: 200 len: 188 time: 0.0179913
2026-06-14 07:43:55.777 15 DEBUG neutron.services.segments.db [req-18123e5e-487c-4ce7-b633-ffcc7f290909 1ba5722f7cb74b08ac4c869c9bee92d0 2de4637ea8ae44c3808baff829411df9 - default default] neutron.services.segments.plugin.Plugin method get_segments called with arguments (,) {'filters': {'network_id': ['6850c52e-b4d4-4f0e-bb08-3693c2b87329'], 'physical_network': ['ctlplane']}, 'fields': [], 'sorts': [('id', True)], 'limit': None, 'marker': None, 'page_reverse': False} wrapper /usr/lib/python3.9/site-packages/oslo_log/helpers.py:65
2026-06-14 07:43:55.792 15 INFO neutron.wsgi [req-18123e5e-487c-4ce7-b633-ffcc7f290909 1ba5722f7cb74b08ac4c869c9bee92d0 2de4637ea8ae44c3808baff829411df9 - default default] 192.168.122.99,192.168.122.100 "GET /v2.0/segments?network_id=6850c52e-b4d4-4f0e-bb08-3693c2b87329&physical_network=ctlplane HTTP/1.1" status: 200 len: 505 time: 0.0194392
2026-06-14 07:43:55.803 15 DEBUG neutron.api.v2.base [req-3b53b5aa-2a92-427b-b50e-6e5121cfa599 1ba5722f7cb74b08ac4c869c9bee92d0 2de4637ea8ae44c3808baff829411df9 - default default] Request body: {'subnet': {'host_routes': [], 'gateway_ip': '192.168.122.10', 'ip_version': '4', 'name': 'ctlplane-subnet', 'enable_dhcp': True, 'network_id': '6850c52e-b4d4-4f0e-bb08-3693c2b87329', 'allocation_pools': [{'end': '192.168.122.130', 'start': '192.168.122.110'}], 'segment_id': None, 'dns_nameservers': ['192.168.122.10'], 'cidr': '192.168.122.0/24'}} prepare_request_body /usr/lib/python3.9/site-packages/neutron/api/v2/base.py:729
2026-06-14 07:43:55.823 15 DEBUG neutron.pecan_wsgi.hooks.quota_enforcement [req-3b53b5aa-2a92-427b-b50e-6e5121cfa599 1ba5722f7cb74b08ac4c869c9bee92d0 2de4637ea8ae44c3808baff829411df9 - default default] Made reservation on behalf of 2de4637ea8ae44c3808baff829411df9 for: {'subnet': 1} before /usr/lib/python3.9/site-packages/neutron/pecan_wsgi/hooks/quota_enforcement.py:53
2026-06-14 07:43:55.824 15 DEBUG neutron_lib.callbacks.manager [req-3b53b5aa-2a92-427b-b50e-6e5121cfa599 1ba5722f7cb74b08ac4c869c9bee92d0 2de4637ea8ae44c3808baff829411df9 - default default] Notify callbacks ['neutron.services.segments.plugin.SegmentHostRoutes.host_routes_before_create-546544'] for subnet, before_create _notify_loop /usr/lib/python3.9/site-packages/neutron_lib/callbacks/manager.py:200
2026-06-14 07:43:55.858 15 DEBUG neutron.db.ipam_backend_mixin [req-3b53b5aa-2a92-427b-b50e-6e5121cfa599 1ba5722f7cb74b08ac4c869c9bee92d0 2de4637ea8ae44c3808baff829411df9 - default default] Performing IP validity checks on allocation pools validate_allocation_pools /usr/lib/python3.9/site-packages/neutron/db/ipam_backend_mixin.py:314
2026-06-14 07:43:55.858 15 DEBUG neutron.db.ipam_backend_mixin [req-3b53b5aa-2a92-427b-b50e-6e5121cfa599 1ba5722f7cb74b08ac4c869c9bee92d0 2de4637ea8ae44c3808baff829411df9 - default default] Checking for overlaps among allocation pools and gateway ip validate_allocation_pools /usr/lib/python3.9/site-packages/neutron/db/ipam_backend_mixin.py:335
2026-06-14 07:43:55.925 15 DEBUG neutron_lib.callbacks.manager [req-3b53b5aa-2a92-427b-b50e-6e5121cfa599 1ba5722f7cb74b08ac4c869c9bee92d0 2de4637ea8ae44c3808baff829411df9 - default default] Notify callbacks ['neutron.plugins.ml2.ovo_rpc._ObjectChangeHandler.handle_event-603369', 'neutron.api.rpc.agentnotifiers.dhcp_rpc_agent_api.DhcpAgentNotifyAPI._native_event_send_dhcp_notification-717671', 'neutron.services.segments.plugin.NovaSegmentNotifier._notify_subnet_created-985392', 'neutron.services.segments.plugin.SegmentHostRoutes.host_routes_after_create-545034'] for subnet, after_create _notify_loop /usr/lib/python3.9/site-packages/neutron_lib/callbacks/manager.py:200
2026-06-14 07:43:55.963 15 DEBUG neutron.api.rpc.handlers.resources_rpc [req-3b53b5aa-2a92-427b-b50e-6e5121cfa599 1ba5722f7cb74b08ac4c869c9bee92d0 2de4637ea8ae44c3808baff829411df9 - - -] Pushing event updated for resources: {'Subnet': ['ID=05ee5cd8-4bb5-4b66-8680-92cee796900c,revision_number=0']} push /usr/lib/python3.9/site-packages/neutron/api/rpc/handlers/resources_rpc.py:237
2026-06-14 07:43:55.965 15 DEBUG neutron.plugins.ml2.drivers.mech_agent [req-3b53b5aa-2a92-427b-b50e-6e5121cfa599 1ba5722f7cb74b08ac4c869c9bee92d0 2de4637ea8ae44c3808baff829411df9 - default default] Checking segment: {'id': '80349a91-6973-47d4-86f7-a7ad191fb385', 'network_type': 'flat', 'physical_network': 'ctlplane', 'segmentation_id': None, 'network_id': '6850c52e-b4d4-4f0e-bb08-3693c2b87329'} for mappings: {'ctlplane': 'br-ctlplane'} with network types: ['local', 'flat', 'vlan'] check_segment_for_agent /usr/lib/python3.9/site-packages/neutron/plugins/ml2/drivers/mech_agent.py:343
2026-06-14 07:43:55.966 15 DEBUG neutron.scheduler.dhcp_agent_scheduler [req-3b53b5aa-2a92-427b-b50e-6e5121cfa599 1ba5722f7cb74b08ac4c869c9bee92d0 2de4637ea8ae44c3808baff829411df9 - default default] Network hostable DHCP agents. Network: 6850c52e-b4d4-4f0e-bb08-3693c2b87329, hostable agents: ['fa481e48-413a-4080-a590-0e851e03e039'], hosted agents: [] _get_network_hostable_dhcp_agents /usr/lib/python3.9/site-packages/neutron/scheduler/dhcp_agent_scheduler.py:329
2026-06-14 07:43:55.979 15 DEBUG neutron.scheduler.dhcp_agent_scheduler [req-3b53b5aa-2a92-427b-b50e-6e5121cfa599 1ba5722f7cb74b08ac4c869c9bee92d0 2de4637ea8ae44c3808baff829411df9 - default default] Network 6850c52e-b4d4-4f0e-bb08-3693c2b87329 is scheduled to be hosted by DHCP agent fa481e48-413a-4080-a590-0e851e03e039 with binding_index 1 bind /usr/lib/python3.9/site-packages/neutron/scheduler/dhcp_agent_scheduler.py:227
2026-06-14 07:43:55.985 15 DEBUG neutron.scheduler.base_scheduler [req-3b53b5aa-2a92-427b-b50e-6e5121cfa599 1ba5722f7cb74b08ac4c869c9bee92d0 2de4637ea8ae44c3808baff829411df9 - default default] Resources bound (agent type, host, resource id): (DHCP agent, undercloud.ooo.test, 6850c52e-b4d4-4f0e-bb08-3693c2b87329) schedule /usr/lib/python3.9/site-packages/neutron/scheduler/base_scheduler.py:57
2026-06-14 07:43:55.987 15 DEBUG neutron.pecan_wsgi.hooks.policy_enforcement [req-3b53b5aa-2a92-427b-b50e-6e5121cfa599 1ba5722f7cb74b08ac4c869c9bee92d0 2de4637ea8ae44c3808baff829411df9 - default default] Attributes excluded by policy engine: ['standard_attr_id', 'shared', 'network'] _exclude_attributes_by_policy /usr/lib/python3.9/site-packages/neutron/pecan_wsgi/hooks/policy_enforcement.py:259
2026-06-14 07:43:55.988 15 DEBUG neutron_lib.callbacks.manager [req-3b53b5aa-2a92-427b-b50e-6e5121cfa599 1ba5722f7cb74b08ac4c869c9bee92d0 2de4637ea8ae44c3808baff829411df9 - default default] Notify callbacks ['neutron.api.rpc.agentnotifiers.dhcp_rpc_agent_api.DhcpAgentNotifyAPI._send_dhcp_notification-717653'] for subnet, before_response _notify_loop /usr/lib/python3.9/site-packages/neutron_lib/callbacks/manager.py:200
2026-06-14 07:43:55.993 19 DEBUG neutron.api.rpc.handlers.dhcp_rpc [req-797eaaab-576e-4d2b-9132-28338d3770ee - - - - -] Network 6850c52e-b4d4-4f0e-bb08-3693c2b87329 requested from undercloud.ooo.test get_network_info /usr/lib/python3.9/site-packages/neutron/api/rpc/handlers/dhcp_rpc.py:213
2026-06-14 07:43:56.005 15 INFO neutron.wsgi [req-3b53b5aa-2a92-427b-b50e-6e5121cfa599 1ba5722f7cb74b08ac4c869c9bee92d0 2de4637ea8ae44c3808baff829411df9 - default default] 192.168.122.99,192.168.122.100 "POST /v2.0/subnets HTTP/1.1" status: 201 len: 847 time: 0.2076416
2026-06-14 07:43:56.014 15 DEBUG neutron.services.tag.tag_plugin [req-b5aec21c-1958-40cb-9835-964d23807afd 1ba5722f7cb74b08ac4c869c9bee92d0 2de4637ea8ae44c3808baff829411df9 - default default] neutron.services.tag.tag_plugin.TagPlugin method update_tags called with arguments (, 'networks', '6850c52e-b4d4-4f0e-bb08-3693c2b87329', {'tags': ['192.168.122.0/24']}) {} wrapper /usr/lib/python3.9/site-packages/oslo_log/helpers.py:65
2026-06-14 07:43:56.093 15 INFO neutron.wsgi [req-b5aec21c-1958-40cb-9835-964d23807afd 1ba5722f7cb74b08ac4c869c9bee92d0 2de4637ea8ae44c3808baff829411df9 - default default] 192.168.122.99,192.168.122.100 "PUT /v2.0/networks/6850c52e-b4d4-4f0e-bb08-3693c2b87329/tags HTTP/1.1" status: 200 len: 204 time: 0.0828004
2026-06-14 07:43:56.217 20 DEBUG neutron.api.rpc.handlers.dhcp_rpc [req-7cc7d08f-1cac-4ed7-9c1a-153bef054d57 - - - - -] Create dhcp port {'port': {'name': '', 'admin_state_up': True, 'device_id': 'dhcp4ffb0b0c-492f-50f3-b91f-5f97b4a206be-6850c52e-b4d4-4f0e-bb08-3693c2b87329', 'network_id': '6850c52e-b4d4-4f0e-bb08-3693c2b87329', 'tenant_id': '2de4637ea8ae44c3808baff829411df9', 'fixed_ips': [{'subnet_id': '05ee5cd8-4bb5-4b66-8680-92cee796900c'}]}} from undercloud.ooo.test. create_dhcp_port /usr/lib/python3.9/site-packages/neutron/api/rpc/handlers/dhcp_rpc.py:279
2026-06-14 07:43:56.219 20 DEBUG neutron_lib.callbacks.manager [req-7cc7d08f-1cac-4ed7-9c1a-153bef054d57 - - - - -] Notify callbacks ['neutron.plugins.ml2.plugin.SecurityGroupDbMixin._ensure_default_security_group_handler-3899660'] for port, before_create _notify_loop /usr/lib/python3.9/site-packages/neutron_lib/callbacks/manager.py:200
2026-06-14 07:43:56.351 20 DEBUG neutron.db.db_base_plugin_common [req-7cc7d08f-1cac-4ed7-9c1a-153bef054d57 - - - - -] Allocated IP 192.168.122.110 (6850c52e-b4d4-4f0e-bb08-3693c2b87329/05ee5cd8-4bb5-4b66-8680-92cee796900c/c705974b-a327-43f4-bac5-66c1b3554fed) _store_ip_allocation /usr/lib/python3.9/site-packages/neutron/db/db_base_plugin_common.py:131
2026-06-14 07:43:56.434 17 DEBUG neutron.wsgi [-] (17) accepted ('192.168.122.100', 46082) server /usr/lib/python3.9/site-packages/eventlet/wsgi.py:992
2026-06-14 07:43:56.438 17 INFO neutron.wsgi [-] 192.168.122.100 "GET /healthcheck HTTP/1.0" status: 200 len: 137 time: 0.0024860
2026-06-14 07:43:56.460 20 DEBUG neutron_lib.callbacks.manager [req-7cc7d08f-1cac-4ed7-9c1a-153bef054d57 - - - - -] Notify callbacks [] for allowed_address_pair, before_create _notify_loop /usr/lib/python3.9/site-packages/neutron_lib/callbacks/manager.py:200
2026-06-14 07:43:56.462 20 DEBUG neutron_lib.callbacks.manager [req-7cc7d08f-1cac-4ed7-9c1a-153bef054d57 - - - - -] Notify callbacks [] for port, precommit_create _notify_loop /usr/lib/python3.9/site-packages/neutron_lib/callbacks/manager.py:200
2026-06-14 07:43:56.468 20 DEBUG neutron.db.provisioning_blocks [req-7cc7d08f-1cac-4ed7-9c1a-153bef054d57 - - - - -] Transition to ACTIVE for port object c705974b-a327-43f4-bac5-66c1b3554fed will not be triggered until provisioned by entity L2. add_provisioning_component /usr/lib/python3.9/site-packages/neutron/db/provisioning_blocks.py:74
2026-06-14 07:43:56.477 20 DEBUG neutron.db.provisioning_blocks [req-7cc7d08f-1cac-4ed7-9c1a-153bef054d57 - - - - -] Transition to ACTIVE for port object c705974b-a327-43f4-bac5-66c1b3554fed will not be triggered until provisioned by entity DHCP. add_provisioning_component /usr/lib/python3.9/site-packages/neutron/db/provisioning_blocks.py:74
2026-06-14 07:43:56.482 20 DEBUG neutron_lib.callbacks.manager [req-7cc7d08f-1cac-4ed7-9c1a-153bef054d57 - - - - -] Notify callbacks ['neutron.plugins.ml2.plugin.SecurityGroupServerNotifierRpcMixin.notify_sg_on_port_change-3675204', 'neutron.plugins.ml2.extensions.dns_integration._create_port_in_external_dns_service-8767837805770', 'neutron.plugins.ml2.ovo_rpc._ObjectChangeHandler.handle_event-346890', 'neutron.api.rpc.agentnotifiers.dhcp_rpc_agent_api.DhcpAgentNotifyAPI._native_event_send_dhcp_notification-717671', 'neutron.services.segments.plugin.NovaSegmentNotifier._notify_port_created_or_deleted-985535'] for port, after_create _notify_loop /usr/lib/python3.9/site-packages/neutron_lib/callbacks/manager.py:200
2026-06-14 07:43:56.507 20 DEBUG neutron.scheduler.dhcp_agent_scheduler [req-7cc7d08f-1cac-4ed7-9c1a-153bef054d57 - - - - -] Network 6850c52e-b4d4-4f0e-bb08-3693c2b87329 is already hosted by enough agents. _get_dhcp_agents_hosting_network /usr/lib/python3.9/site-packages/neutron/scheduler/dhcp_agent_scheduler.py:275
2026-06-14 07:43:56.509 20 DEBUG neutron.scheduler.base_scheduler [req-7cc7d08f-1cac-4ed7-9c1a-153bef054d57 - - - - -] Resources bound (agent type, host, resource id): schedule /usr/lib/python3.9/site-packages/neutron/scheduler/base_scheduler.py:57
2026-06-14 07:43:56.523 20 DEBUG neutron.plugins.ml2.managers [req-7cc7d08f-1cac-4ed7-9c1a-153bef054d57 - - - - -] Attempting to bind port c705974b-a327-43f4-bac5-66c1b3554fed on host undercloud.ooo.test for vnic_type normal with profile bind_port /usr/lib/python3.9/site-packages/neutron/plugins/ml2/managers.py:806
2026-06-14 07:43:56.523 20 DEBUG neutron.plugins.ml2.managers [req-7cc7d08f-1cac-4ed7-9c1a-153bef054d57 - - - - -] Attempting to bind port c705974b-a327-43f4-bac5-66c1b3554fed by drivers openvswitch,baremetal on host undercloud.ooo.test at level 0 using segments [{'id': '80349a91-6973-47d4-86f7-a7ad191fb385', 'network_type': 'flat', 'physical_network': 'ctlplane', 'segmentation_id': None, 'network_id': '6850c52e-b4d4-4f0e-bb08-3693c2b87329'}] _bind_port_level /usr/lib/python3.9/site-packages/neutron/plugins/ml2/managers.py:831
2026-06-14 07:43:56.523 20 DEBUG neutron.plugins.ml2.drivers.mech_agent [req-7cc7d08f-1cac-4ed7-9c1a-153bef054d57 - - - - -] Attempting to bind port c705974b-a327-43f4-bac5-66c1b3554fed on network 6850c52e-b4d4-4f0e-bb08-3693c2b87329 bind_port /usr/lib/python3.9/site-packages/neutron/plugins/ml2/drivers/mech_agent.py:86
2026-06-14 07:43:56.524 20 DEBUG neutron.api.rpc.handlers.resources_rpc [req-7cc7d08f-1cac-4ed7-9c1a-153bef054d57 - - - - -] Pushing event updated for resources: {'Port': ['ID=c705974b-a327-43f4-bac5-66c1b3554fed,revision_number=1']} push /usr/lib/python3.9/site-packages/neutron/api/rpc/handlers/resources_rpc.py:237
2026-06-14 07:43:56.528 20 DEBUG neutron.plugins.ml2.drivers.mech_agent [req-7cc7d08f-1cac-4ed7-9c1a-153bef054d57 - - - - -] Checking agent: {'id': '2a40f688-dbd9-4277-9759-dab7affb78b5', 'agent_type': 'Open vSwitch agent', 'binary': 'neutron-openvswitch-agent', 'topic': 'N/A', 'host': 'undercloud.ooo.test', 'admin_state_up': True, 'created_at': datetime.datetime(2026, 6, 14, 7, 42, 37), 'started_at': datetime.datetime(2026, 6, 14, 7, 42, 37), 'heartbeat_timestamp': datetime.datetime(2026, 6, 14, 7, 42, 37), 'description': None, 'resources_synced': None, 'availability_zone': None, 'alive': True, 'configurations': {'arp_responder_enabled': False, 'baremetal_smartnic': False, 'bridge_mappings': {'ctlplane': 'br-ctlplane'}, 'datapath_type': 'system', 'devices': 0, 'enable_distributed_routing': False, 'extensions': [], 'in_distributed_mode': False, 'integration_bridge': 'br-int', 'l2_population': False, 'log_agent_heartbeats': False, 'ovs_capabilities': {'datapath_types': ['netdev', 'system'], 'iface_types': ['bareudp', 'erspan', 'geneve', 'gre', 'gtpu', 'internal', 'ip6erspan', 'ip6gre', 'lisp', 'patch', 'srv6', 'stt', 'system', 'tap', 'vxlan']}, 'ovs_hybrid_plug': True, 'resource_provider_bandwidths': {}, 'resource_provider_hypervisors': {'br-ctlplane': 'undercloud.ooo.test'}, 'resource_provider_inventory_defaults': {'allocation_ratio': 1.0, 'min_unit': 1, 'step_size': 1, 'reserved': 0}, 'tunnel_types': [], 'tunneling_ip': None, 'vhostuser_socket_dir': '/var/run/openvswitch'}, 'resource_versions': {'AddressGroup': '1.2', 'ConntrackHelper': '1.0', 'Log': '1.0', 'Network': '1.1', 'Port': '1.7', 'PortForwarding': '1.2', 'QosPolicy': '1.8', 'SecurityGroup': '1.5', 'SecurityGroupRule': '1.2', 'SubPort': '1.0', 'Subnet': '1.1', 'Trunk': '1.1'}} bind_port /usr/lib/python3.9/site-packages/neutron/plugins/ml2/drivers/mech_agent.py:105
2026-06-14 07:43:56.528 20 DEBUG neutron.plugins.ml2.drivers.mech_agent [req-7cc7d08f-1cac-4ed7-9c1a-153bef054d57 - - - - -] Checking segment: {'id': '80349a91-6973-47d4-86f7-a7ad191fb385', 'network_type': 'flat', 'physical_network': 'ctlplane', 'segmentation_id': None, 'network_id': '6850c52e-b4d4-4f0e-bb08-3693c2b87329'} for mappings: {'ctlplane': 'br-ctlplane'} with network types: ['local', 'flat', 'vlan'] check_segment_for_agent /usr/lib/python3.9/site-packages/neutron/plugins/ml2/drivers/mech_agent.py:343
2026-06-14 07:43:56.528 20 DEBUG neutron_lib.callbacks.manager [req-7cc7d08f-1cac-4ed7-9c1a-153bef054d57 - - - - -] Notify callbacks [] for ovs_bridge_name, before_read _notify_loop /usr/lib/python3.9/site-packages/neutron_lib/callbacks/manager.py:200
2026-06-14 07:43:56.529 20 DEBUG neutron.plugins.ml2.drivers.mech_agent [req-7cc7d08f-1cac-4ed7-9c1a-153bef054d57 - - - - -] Bound using segment: {'id': '80349a91-6973-47d4-86f7-a7ad191fb385', 'network_type': 'flat', 'physical_network': 'ctlplane', 'segmentation_id': None, 'network_id': '6850c52e-b4d4-4f0e-bb08-3693c2b87329'} bind_port /usr/lib/python3.9/site-packages/neutron/plugins/ml2/drivers/mech_agent.py:115
2026-06-14 07:43:56.529 20 DEBUG neutron.plugins.ml2.managers [req-7cc7d08f-1cac-4ed7-9c1a-153bef054d57 - - - - -] Bound port: c705974b-a327-43f4-bac5-66c1b3554fed, host: undercloud.ooo.test, vif_type: ovs, vif_details: {"connectivity": "l2", "port_filter": true, "ovs_hybrid_plug": true, "datapath_type": "system", "bridge_name": "br-int"}, binding_levels: [{'bound_driver': 'openvswitch', 'bound_segment': {'id': '80349a91-6973-47d4-86f7-a7ad191fb385', 'network_type': 'flat', 'physical_network': 'ctlplane', 'segmentation_id': None, 'network_id': '6850c52e-b4d4-4f0e-bb08-3693c2b87329'}}] _bind_port_level /usr/lib/python3.9/site-packages/neutron/plugins/ml2/managers.py:944
2026-06-14 07:43:56.529 20 DEBUG neutron_lib.callbacks.manager [req-7cc7d08f-1cac-4ed7-9c1a-153bef054d57 - - - - -] Notify callbacks ['neutron.plugins.ml2.plugin.SecurityGroupDbMixin._ensure_default_security_group_handler-3899660'] for port, before_update _notify_loop /usr/lib/python3.9/site-packages/neutron_lib/callbacks/manager.py:200
2026-06-14 07:43:56.534 20 DEBUG neutron.api.rpc.callbacks.version_manager [req-7cc7d08f-1cac-4ed7-9c1a-153bef054d57 - - - - -] Version for resource type AddressGroup changed None to 1.2 on consumer Open vSwitch agent@undercloud.ooo.test _set_version /usr/lib/python3.9/site-packages/neutron/api/rpc/callbacks/version_manager.py:113
2026-06-14 07:43:56.535 20 DEBUG neutron.api.rpc.callbacks.version_manager [req-7cc7d08f-1cac-4ed7-9c1a-153bef054d57 - - - - -] Version for resource type ConntrackHelper changed None to 1.0 on consumer Open vSwitch agent@undercloud.ooo.test _set_version /usr/lib/python3.9/site-packages/neutron/api/rpc/callbacks/version_manager.py:113
2026-06-14 07:43:56.535 20 DEBUG neutron.api.rpc.callbacks.version_manager [req-7cc7d08f-1cac-4ed7-9c1a-153bef054d57 - - - - -] Version for resource type Log changed None to 1.0 on consumer Open vSwitch agent@undercloud.ooo.test _set_version /usr/lib/python3.9/site-packages/neutron/api/rpc/callbacks/version_manager.py:113
2026-06-14 07:43:56.535 20 DEBUG neutron.api.rpc.callbacks.version_manager [req-7cc7d08f-1cac-4ed7-9c1a-153bef054d57 - - - - -] Version for resource type Network changed None to 1.1 on consumer Open vSwitch agent@undercloud.ooo.test _set_version /usr/lib/python3.9/site-packages/neutron/api/rpc/callbacks/version_manager.py:113
2026-06-14 07:43:56.535 20 DEBUG neutron.api.rpc.callbacks.version_manager [req-7cc7d08f-1cac-4ed7-9c1a-153bef054d57 - - - - -] Version for resource type Port changed None to 1.7 on consumer Open vSwitch agent@undercloud.ooo.test _set_version /usr/lib/python3.9/site-packages/neutron/api/rpc/callbacks/version_manager.py:113
2026-06-14 07:43:56.535 20 DEBUG neutron.api.rpc.callbacks.version_manager [req-7cc7d08f-1cac-4ed7-9c1a-153bef054d57 - - - - -] Version for resource type PortForwarding changed None to 1.2 on consumer Open vSwitch agent@undercloud.ooo.test _set_version /usr/lib/python3.9/site-packages/neutron/api/rpc/callbacks/version_manager.py:113
2026-06-14 07:43:56.535 20 DEBUG neutron.api.rpc.callbacks.version_manager [req-7cc7d08f-1cac-4ed7-9c1a-153bef054d57 - - - - -] Version for resource type QosPolicy changed None to 1.8 on consumer Open vSwitch agent@undercloud.ooo.test _set_version /usr/lib/python3.9/site-packages/neutron/api/rpc/callbacks/version_manager.py:113
2026-06-14 07:43:56.535 20 DEBUG neutron.api.rpc.callbacks.version_manager [req-7cc7d08f-1cac-4ed7-9c1a-153bef054d57 - - - - -] Version for resource type SecurityGroup changed None to 1.5 on consumer Open vSwitch agent@undercloud.ooo.test _set_version /usr/lib/python3.9/site-packages/neutron/api/rpc/callbacks/version_manager.py:113
2026-06-14 07:43:56.536 20 DEBUG neutron.api.rpc.callbacks.version_manager [req-7cc7d08f-1cac-4ed7-9c1a-153bef054d57 - - - - -] Version for resource type SecurityGroupRule changed None to 1.2 on consumer Open vSwitch agent@undercloud.ooo.test _set_version /usr/lib/python3.9/site-packages/neutron/api/rpc/callbacks/version_manager.py:113
2026-06-14 07:43:56.536 20 DEBUG neutron.api.rpc.callbacks.version_manager [req-7cc7d08f-1cac-4ed7-9c1a-153bef054d57 - - - - -] Version for resource type SubPort changed None to 1.0 on consumer Open vSwitch agent@undercloud.ooo.test _set_version /usr/lib/python3.9/site-packages/neutron/api/rpc/callbacks/version_manager.py:113
2026-06-14 07:43:56.536 20 DEBUG neutron.api.rpc.callbacks.version_manager [req-7cc7d08f-1cac-4ed7-9c1a-153bef054d57 - - - - -] Version for resource type Subnet changed None to 1.1 on consumer Open vSwitch agent@undercloud.ooo.test _set_version /usr/lib/python3.9/site-packages/neutron/api/rpc/callbacks/version_manager.py:113
2026-06-14 07:43:56.536 20 DEBUG neutron.api.rpc.callbacks.version_manager [req-7cc7d08f-1cac-4ed7-9c1a-153bef054d57 - - - - -] Version for resource type Trunk changed None to 1.1 on consumer Open vSwitch agent@undercloud.ooo.test _set_version /usr/lib/python3.9/site-packages/neutron/api/rpc/callbacks/version_manager.py:113
2026-06-14 07:43:56.536 20 DEBUG neutron.api.rpc.callbacks.version_manager [req-7cc7d08f-1cac-4ed7-9c1a-153bef054d57 - - - - -] Tracked resource versions report: pushed versions: { 'AddressGroup': {'1.2'}, 'ConntrackHelper': {'1.0'}, 'Log': {'1.0'}, 'Network': {'1.1'}, 'Port': {'1.7'}, 'PortForwarding': {'1.2'}, 'QosPolicy': {'1.8'}, 'SecurityGroup': {'1.5'}, 'SecurityGroupRule': {'1.2'}, 'SubPort': {'1.0'}, 'Subnet': {'1.1'}, 'Trunk': {'1.1'}} consumer versions: { DHCP agent@undercloud.ooo.test: {}, L3 agent@undercloud.ooo.test: {}, Open vSwitch agent@undercloud.ooo.test: { 'AddressGroup': '1.2', 'ConntrackHelper': '1.0', 'Log': '1.0', 'Network': '1.1', 'Port': '1.7', 'PortForwarding': '1.2', 'QosPolicy': '1.8', 'SecurityGroup': '1.5', 'SecurityGroupRule': '1.2', 'SubPort': '1.0', 'Subnet': '1.1', 'Trunk': '1.1'}} report /usr/lib/python3.9/site-packages/neutron/api/rpc/callbacks/version_manager.py:175
2026-06-14 07:43:56.577 20 DEBUG neutron.plugins.ml2.db [req-7cc7d08f-1cac-4ed7-9c1a-153bef054d57 - - - - -] For port c705974b-a327-43f4-bac5-66c1b3554fed, host undercloud.ooo.test, cleared binding levels clear_binding_levels /usr/lib/python3.9/site-packages/neutron/plugins/ml2/db.py:88
2026-06-14 07:43:56.579 20 DEBUG neutron.plugins.ml2.db [req-7cc7d08f-1cac-4ed7-9c1a-153bef054d57 - - - - -] For port c705974b-a327-43f4-bac5-66c1b3554fed, host undercloud.ooo.test, set binding levels [PortBindingLevel(driver='openvswitch',host='undercloud.ooo.test',level=0,port_id=c705974b-a327-43f4-bac5-66c1b3554fed,segment=NetworkSegment(80349a91-6973-47d4-86f7-a7ad191fb385),segment_id=80349a91-6973-47d4-86f7-a7ad191fb385)] set_binding_levels /usr/lib/python3.9/site-packages/neutron/plugins/ml2/db.py:60
2026-06-14 07:43:56.581 20 DEBUG neutron_lib.callbacks.manager [req-7cc7d08f-1cac-4ed7-9c1a-153bef054d57 - - - - -] Notify callbacks ['neutron.plugins.ml2.plugin.SecurityGroupServerNotifierRpcMixin.notify_sg_on_port_change-3675204', 'neutron.plugins.ml2.extensions.dns_integration._update_port_in_external_dns_service-8767837805797', 'neutron.plugins.ml2.ovo_rpc._ObjectChangeHandler.handle_event-346890', 'neutron.api.rpc.agentnotifiers.dhcp_rpc_agent_api.DhcpAgentNotifyAPI._native_event_send_dhcp_notification-717671', 'neutron.db.l3_db.L3RpcNotifierMixin._notify_gateway_port_ip_changed-8767837843357', 'neutron.db.l3_hascheduler_db._notify_l3_agent_ha_port_update-8767837343290', 'neutron.services.segments.plugin.NovaSegmentNotifier._notify_port_updated-985504'] for port, after_update _notify_loop /usr/lib/python3.9/site-packages/neutron_lib/callbacks/manager.py:200
2026-06-14 07:43:56.629 20 DEBUG neutron.api.rpc.handlers.resources_rpc [req-7cc7d08f-1cac-4ed7-9c1a-153bef054d57 - - - - -] Pushing event updated for resources: {'Port': ['ID=c705974b-a327-43f4-bac5-66c1b3554fed,revision_number=2']} push /usr/lib/python3.9/site-packages/neutron/api/rpc/handlers/resources_rpc.py:237
2026-06-14 07:43:58.440 15 DEBUG neutron.wsgi [-] (15) accepted ('192.168.122.100', 59190) server /usr/lib/python3.9/site-packages/eventlet/wsgi.py:992
2026-06-14 07:43:58.443 15 INFO neutron.wsgi [-] 192.168.122.100 "GET /healthcheck HTTP/1.0" status: 200 len: 137 time: 0.0025339
2026-06-14 07:43:58.538 22 DEBUG neutron.plugins.ml2.rpc [req-e9313646-1855-4aa8-b967-f6c944f751a1 - - - - -] Device c705974b-a327-43f4-bac5-66c1b3554fed up at agent ovs-agent-undercloud.ooo.test update_device_up /usr/lib/python3.9/site-packages/neutron/plugins/ml2/rpc.py:278
2026-06-14 07:43:58.615 22 DEBUG neutron.db.provisioning_blocks [req-e9313646-1855-4aa8-b967-f6c944f751a1 - - - - -] Provisioning for port c705974b-a327-43f4-bac5-66c1b3554fed completed by entity L2. provisioning_complete /usr/lib/python3.9/site-packages/neutron/db/provisioning_blocks.py:134
2026-06-14 07:43:59.011 19 DEBUG neutron.api.rpc.handlers.dhcp_rpc [req-15b05c3d-f467-4f8b-b1a1-b0e486d4701c - - - - -] Network 6850c52e-b4d4-4f0e-bb08-3693c2b87329 requested from undercloud.ooo.test get_network_info /usr/lib/python3.9/site-packages/neutron/api/rpc/handlers/dhcp_rpc.py:213
