2026-06-14 07:44:28.512 15 INFO neutron.wsgi [-] 192.168.122.100 "GET /healthcheck HTTP/1.0" status: 200 len: 137 time: 0.0036819
2026-06-14 07:44:29.746 16 DEBUG neutron.wsgi [-] (16) accepted ('192.168.122.100', 37608) server /usr/lib/python3.9/site-packages/eventlet/wsgi.py:992
2026-06-14 07:44:29.829 16 INFO neutron.pecan_wsgi.hooks.translation [req-15a05d39-866a-4038-a061-0c62b0c33836 1ba5722f7cb74b08ac4c869c9bee92d0 2de4637ea8ae44c3808baff829411df9 - default default] GET failed (client error): The resource could not be found.
2026-06-14 07:44:29.829 16 INFO neutron.wsgi [req-15a05d39-866a-4038-a061-0c62b0c33836 1ba5722f7cb74b08ac4c869c9bee92d0 2de4637ea8ae44c3808baff829411df9 - default default] 192.168.122.99,192.168.122.100 "GET /v2.0/networks/storage HTTP/1.1" status: 404 len: 291 time: 0.0825343
2026-06-14 07:44:29.888 16 DEBUG neutron.pecan_wsgi.hooks.policy_enforcement [req-db5c829b-77c5-4676-aa53-3d09d6be8e11 1ba5722f7cb74b08ac4c869c9bee92d0 2de4637ea8ae44c3808baff829411df9 - default default] Attributes excluded by policy engine: ['standard_attr_id', 'vlan_transparent'] _exclude_attributes_by_policy /usr/lib/python3.9/site-packages/neutron/pecan_wsgi/hooks/policy_enforcement.py:259
2026-06-14 07:44:29.888 16 INFO neutron.wsgi [req-db5c829b-77c5-4676-aa53-3d09d6be8e11 1ba5722f7cb74b08ac4c869c9bee92d0 2de4637ea8ae44c3808baff829411df9 - default default] 192.168.122.99,192.168.122.100 "GET /v2.0/networks?name=storage HTTP/1.1" status: 200 len: 1023 time: 0.0548513
2026-06-14 07:44:29.924 16 DEBUG neutron.pecan_wsgi.hooks.policy_enforcement [req-e52b3573-a1d3-4488-8285-01dfb0813675 1ba5722f7cb74b08ac4c869c9bee92d0 2de4637ea8ae44c3808baff829411df9 - default default] Attributes excluded by policy engine: ['standard_attr_id', 'shared'] _exclude_attributes_by_policy /usr/lib/python3.9/site-packages/neutron/pecan_wsgi/hooks/policy_enforcement.py:259
2026-06-14 07:44:29.924 16 INFO neutron.wsgi [req-e52b3573-a1d3-4488-8285-01dfb0813675 1ba5722f7cb74b08ac4c869c9bee92d0 2de4637ea8ae44c3808baff829411df9 - default default] 192.168.122.99,192.168.122.100 "GET /v2.0/subnets/b18d8e79-b551-4b73-9d80-a7e3e33a6f0a HTTP/1.1" status: 200 len: 859 time: 0.0295968
2026-06-14 07:44:29.941 16 INFO neutron.pecan_wsgi.hooks.translation [req-79b603f2-02f4-4e72-80e5-5b71e296670b 1ba5722f7cb74b08ac4c869c9bee92d0 2de4637ea8ae44c3808baff829411df9 - default default] GET failed (client error): The resource could not be found.
2026-06-14 07:44:29.941 16 INFO neutron.wsgi [req-79b603f2-02f4-4e72-80e5-5b71e296670b 1ba5722f7cb74b08ac4c869c9bee92d0 2de4637ea8ae44c3808baff829411df9 - default default] 192.168.122.99,192.168.122.100 "GET /v2.0/networks/storage_mgmt HTTP/1.1" status: 404 len: 296 time: 0.0113790
2026-06-14 07:44:29.997 16 DEBUG neutron.pecan_wsgi.hooks.policy_enforcement [req-f1ce057b-1424-4358-8bf5-6119e9163bcc 1ba5722f7cb74b08ac4c869c9bee92d0 2de4637ea8ae44c3808baff829411df9 - default default] Attributes excluded by policy engine: ['standard_attr_id', 'vlan_transparent'] _exclude_attributes_by_policy /usr/lib/python3.9/site-packages/neutron/pecan_wsgi/hooks/policy_enforcement.py:259
2026-06-14 07:44:29.998 16 INFO neutron.wsgi [req-f1ce057b-1424-4358-8bf5-6119e9163bcc 1ba5722f7cb74b08ac4c869c9bee92d0 2de4637ea8ae44c3808baff829411df9 - default default] 192.168.122.99,192.168.122.100 "GET /v2.0/networks?name=storage_mgmt HTTP/1.1" status: 200 len: 1051 time: 0.0529900
2026-06-14 07:44:30.031 16 DEBUG neutron.pecan_wsgi.hooks.policy_enforcement [req-75935409-77bd-4cd7-b736-205ac7083f6c 1ba5722f7cb74b08ac4c869c9bee92d0 2de4637ea8ae44c3808baff829411df9 - default default] Attributes excluded by policy engine: ['standard_attr_id', 'shared'] _exclude_attributes_by_policy /usr/lib/python3.9/site-packages/neutron/pecan_wsgi/hooks/policy_enforcement.py:259
2026-06-14 07:44:30.032 16 INFO neutron.wsgi [req-75935409-77bd-4cd7-b736-205ac7083f6c 1ba5722f7cb74b08ac4c869c9bee92d0 2de4637ea8ae44c3808baff829411df9 - default default] 192.168.122.99,192.168.122.100 "GET /v2.0/subnets/5b7ed912-4610-4e23-ba1a-22d6fa093b16 HTTP/1.1" status: 200 len: 864 time: 0.0270023
2026-06-14 07:44:30.047 16 INFO neutron.pecan_wsgi.hooks.translation [req-5f6b6487-cb52-4493-8c78-1c1778bf490c 1ba5722f7cb74b08ac4c869c9bee92d0 2de4637ea8ae44c3808baff829411df9 - default default] GET failed (client error): The resource could not be found.
2026-06-14 07:44:30.047 16 INFO neutron.wsgi [req-5f6b6487-cb52-4493-8c78-1c1778bf490c 1ba5722f7cb74b08ac4c869c9bee92d0 2de4637ea8ae44c3808baff829411df9 - default default] 192.168.122.99,192.168.122.100 "GET /v2.0/networks/internal_api HTTP/1.1" status: 404 len: 296 time: 0.0108466
2026-06-14 07:44:30.105 16 DEBUG neutron.pecan_wsgi.hooks.policy_enforcement [req-91ac7d89-fc1f-44f2-814f-005058f54556 1ba5722f7cb74b08ac4c869c9bee92d0 2de4637ea8ae44c3808baff829411df9 - default default] Attributes excluded by policy engine: ['standard_attr_id', 'vlan_transparent'] _exclude_attributes_by_policy /usr/lib/python3.9/site-packages/neutron/pecan_wsgi/hooks/policy_enforcement.py:259
2026-06-14 07:44:30.106 16 INFO neutron.wsgi [req-91ac7d89-fc1f-44f2-814f-005058f54556 1ba5722f7cb74b08ac4c869c9bee92d0 2de4637ea8ae44c3808baff829411df9 - default default] 192.168.122.99,192.168.122.100 "GET /v2.0/networks?name=internal_api HTTP/1.1" status: 200 len: 1052 time: 0.0554543
2026-06-14 07:44:30.140 16 DEBUG neutron.pecan_wsgi.hooks.policy_enforcement [req-ec4a8e0b-5e80-4bd7-9376-0cf8881aa6ee 1ba5722f7cb74b08ac4c869c9bee92d0 2de4637ea8ae44c3808baff829411df9 - default default] Attributes excluded by policy engine: ['standard_attr_id', 'shared'] _exclude_attributes_by_policy /usr/lib/python3.9/site-packages/neutron/pecan_wsgi/hooks/policy_enforcement.py:259
2026-06-14 07:44:30.140 16 INFO neutron.wsgi [req-ec4a8e0b-5e80-4bd7-9376-0cf8881aa6ee 1ba5722f7cb74b08ac4c869c9bee92d0 2de4637ea8ae44c3808baff829411df9 - default default] 192.168.122.99,192.168.122.100 "GET /v2.0/subnets/22fa80dd-864d-4c51-846e-eab08494c71e HTTP/1.1" status: 200 len: 864 time: 0.0283105
2026-06-14 07:44:30.156 16 INFO neutron.pecan_wsgi.hooks.translation [req-f0b70244-0919-4477-bef9-18e9d1936d7f 1ba5722f7cb74b08ac4c869c9bee92d0 2de4637ea8ae44c3808baff829411df9 - default default] GET failed (client error): The resource could not be found.
2026-06-14 07:44:30.156 16 INFO neutron.wsgi [req-f0b70244-0919-4477-bef9-18e9d1936d7f 1ba5722f7cb74b08ac4c869c9bee92d0 2de4637ea8ae44c3808baff829411df9 - default default] 192.168.122.99,192.168.122.100 "GET /v2.0/networks/tenant HTTP/1.1" status: 404 len: 290 time: 0.0109961
2026-06-14 07:44:30.227 16 DEBUG neutron.pecan_wsgi.hooks.policy_enforcement [req-81c95383-96bf-441d-8773-852c1058cda3 1ba5722f7cb74b08ac4c869c9bee92d0 2de4637ea8ae44c3808baff829411df9 - default default] Attributes excluded by policy engine: ['standard_attr_id', 'vlan_transparent'] _exclude_attributes_by_policy /usr/lib/python3.9/site-packages/neutron/pecan_wsgi/hooks/policy_enforcement.py:259
2026-06-14 07:44:30.228 16 INFO neutron.wsgi [req-81c95383-96bf-441d-8773-852c1058cda3 1ba5722f7cb74b08ac4c869c9bee92d0 2de4637ea8ae44c3808baff829411df9 - default default] 192.168.122.99,192.168.122.100 "GET /v2.0/networks?name=tenant HTTP/1.1" status: 200 len: 998 time: 0.0681844
2026-06-14 07:44:30.261 16 DEBUG neutron.pecan_wsgi.hooks.policy_enforcement [req-379a2468-debd-437e-8aeb-aaba8cef0574 1ba5722f7cb74b08ac4c869c9bee92d0 2de4637ea8ae44c3808baff829411df9 - default default] Attributes excluded by policy engine: ['standard_attr_id', 'shared'] _exclude_attributes_by_policy /usr/lib/python3.9/site-packages/neutron/pecan_wsgi/hooks/policy_enforcement.py:259
2026-06-14 07:44:30.262 16 INFO neutron.wsgi [req-379a2468-debd-437e-8aeb-aaba8cef0574 1ba5722f7cb74b08ac4c869c9bee92d0 2de4637ea8ae44c3808baff829411df9 - default default] 192.168.122.99,192.168.122.100 "GET /v2.0/subnets/4730aa68-7cfe-488a-90a1-bcb42337827e HTTP/1.1" status: 200 len: 858 time: 0.0281658
2026-06-14 07:44:30.278 16 INFO neutron.pecan_wsgi.hooks.translation [req-48f40914-1b95-4e86-a6ac-60d6f4d68b2a 1ba5722f7cb74b08ac4c869c9bee92d0 2de4637ea8ae44c3808baff829411df9 - default default] GET failed (client error): The resource could not be found.
2026-06-14 07:44:30.279 16 INFO neutron.wsgi [req-48f40914-1b95-4e86-a6ac-60d6f4d68b2a 1ba5722f7cb74b08ac4c869c9bee92d0 2de4637ea8ae44c3808baff829411df9 - default default] 192.168.122.99,192.168.122.100 "GET /v2.0/networks/external HTTP/1.1" status: 404 len: 292 time: 0.0116978
2026-06-14 07:44:30.336 16 DEBUG neutron.pecan_wsgi.hooks.policy_enforcement [req-145a24cf-bea5-494d-9d27-73b708549264 1ba5722f7cb74b08ac4c869c9bee92d0 2de4637ea8ae44c3808baff829411df9 - default default] Attributes excluded by policy engine: ['standard_attr_id', 'vlan_transparent'] _exclude_attributes_by_policy /usr/lib/python3.9/site-packages/neutron/pecan_wsgi/hooks/policy_enforcement.py:259
2026-06-14 07:44:30.337 16 INFO neutron.wsgi [req-145a24cf-bea5-494d-9d27-73b708549264 1ba5722f7cb74b08ac4c869c9bee92d0 2de4637ea8ae44c3808baff829411df9 - default default] 192.168.122.99,192.168.122.100 "GET /v2.0/networks?name=external HTTP/1.1" status: 200 len: 1029 time: 0.0552299
2026-06-14 07:44:30.372 16 DEBUG neutron.pecan_wsgi.hooks.policy_enforcement [req-482bb8c3-3e6a-49a5-9b3b-a0e35d24c814 1ba5722f7cb74b08ac4c869c9bee92d0 2de4637ea8ae44c3808baff829411df9 - default default] Attributes excluded by policy engine: ['standard_attr_id', 'shared'] _exclude_attributes_by_policy /usr/lib/python3.9/site-packages/neutron/pecan_wsgi/hooks/policy_enforcement.py:259
2026-06-14 07:44:30.373 16 INFO neutron.wsgi [req-482bb8c3-3e6a-49a5-9b3b-a0e35d24c814 1ba5722f7cb74b08ac4c869c9bee92d0 2de4637ea8ae44c3808baff829411df9 - default default] 192.168.122.99,192.168.122.100 "GET /v2.0/subnets/046140e4-3c9d-489a-8988-e2a963a2f474 HTTP/1.1" status: 200 len: 860 time: 0.0300658
2026-06-14 07:44:30.512 15 DEBUG neutron.wsgi [-] (15) accepted ('192.168.122.100', 37620) server /usr/lib/python3.9/site-packages/eventlet/wsgi.py:992
2026-06-14 07:44:30.516 15 INFO neutron.wsgi [-] 192.168.122.100 "GET /healthcheck HTTP/1.0" status: 200 len: 137 time: 0.0028157
2026-06-14 07:44:32.355 18 DEBUG neutron.wsgi [-] (18) accepted ('192.168.122.100', 37628) server /usr/lib/python3.9/site-packages/eventlet/wsgi.py:992
2026-06-14 07:44:32.358 18 INFO neutron.wsgi [-] 192.168.122.100 "GET / HTTP/1.1" status: 200 len: 233 time: 0.0018411
2026-06-14 07:44:32.517 16 DEBUG neutron.wsgi [-] (16) accepted ('192.168.122.100', 37638) server /usr/lib/python3.9/site-packages/eventlet/wsgi.py:992
2026-06-14 07:44:32.520 16 INFO neutron.wsgi [-] 192.168.122.100 "GET /healthcheck HTTP/1.0" status: 200 len: 137 time: 0.0018864
2026-06-14 07:44:34.521 17 DEBUG neutron.wsgi [-] (17) accepted ('192.168.122.100', 37644) server /usr/lib/python3.9/site-packages/eventlet/wsgi.py:992
2026-06-14 07:44:34.525 17 INFO neutron.wsgi [-] 192.168.122.100 "GET /healthcheck HTTP/1.0" status: 200 len: 137 time: 0.0024974
2026-06-14 07:44:35.989 17 DEBUG neutron.wsgi [-] (17) accepted ('192.168.122.100', 37652) server /usr/lib/python3.9/site-packages/eventlet/wsgi.py:992
2026-06-14 07:44:36.198 17 DEBUG neutron.pecan_wsgi.hooks.policy_enforcement [req-fae9ee63-90c9-4bdc-94c7-e2bd208415c4 1ba5722f7cb74b08ac4c869c9bee92d0 2de4637ea8ae44c3808baff829411df9 - default default] Attributes excluded by policy engine: ['standard_attr_id', 'vlan_transparent'] _exclude_attributes_by_policy /usr/lib/python3.9/site-packages/neutron/pecan_wsgi/hooks/policy_enforcement.py:259
2026-06-14 07:44:36.199 17 DEBUG neutron.pecan_wsgi.hooks.policy_enforcement [req-fae9ee63-90c9-4bdc-94c7-e2bd208415c4 1ba5722f7cb74b08ac4c869c9bee92d0 2de4637ea8ae44c3808baff829411df9 - default default] Attributes excluded by policy engine: ['standard_attr_id', 'vlan_transparent'] _exclude_attributes_by_policy /usr/lib/python3.9/site-packages/neutron/pecan_wsgi/hooks/policy_enforcement.py:259
2026-06-14 07:44:36.199 17 DEBUG neutron.pecan_wsgi.hooks.policy_enforcement [req-fae9ee63-90c9-4bdc-94c7-e2bd208415c4 1ba5722f7cb74b08ac4c869c9bee92d0 2de4637ea8ae44c3808baff829411df9 - default default] Attributes excluded by policy engine: ['standard_attr_id', 'vlan_transparent'] _exclude_attributes_by_policy /usr/lib/python3.9/site-packages/neutron/pecan_wsgi/hooks/policy_enforcement.py:259
2026-06-14 07:44:36.200 17 DEBUG neutron.pecan_wsgi.hooks.policy_enforcement [req-fae9ee63-90c9-4bdc-94c7-e2bd208415c4 1ba5722f7cb74b08ac4c869c9bee92d0 2de4637ea8ae44c3808baff829411df9 - default default] Attributes excluded by policy engine: ['standard_attr_id', 'vlan_transparent'] _exclude_attributes_by_policy /usr/lib/python3.9/site-packages/neutron/pecan_wsgi/hooks/policy_enforcement.py:259
2026-06-14 07:44:36.200 17 DEBUG neutron.pecan_wsgi.hooks.policy_enforcement [req-fae9ee63-90c9-4bdc-94c7-e2bd208415c4 1ba5722f7cb74b08ac4c869c9bee92d0 2de4637ea8ae44c3808baff829411df9 - default default] Attributes excluded by policy engine: ['standard_attr_id', 'vlan_transparent'] _exclude_attributes_by_policy /usr/lib/python3.9/site-packages/neutron/pecan_wsgi/hooks/policy_enforcement.py:259
2026-06-14 07:44:36.200 17 DEBUG neutron.pecan_wsgi.hooks.policy_enforcement [req-fae9ee63-90c9-4bdc-94c7-e2bd208415c4 1ba5722f7cb74b08ac4c869c9bee92d0 2de4637ea8ae44c3808baff829411df9 - default default] Attributes excluded by policy engine: ['standard_attr_id', 'vlan_transparent'] _exclude_attributes_by_policy /usr/lib/python3.9/site-packages/neutron/pecan_wsgi/hooks/policy_enforcement.py:259
2026-06-14 07:44:36.202 17 INFO neutron.wsgi [req-fae9ee63-90c9-4bdc-94c7-e2bd208415c4 1ba5722f7cb74b08ac4c869c9bee92d0 2de4637ea8ae44c3808baff829411df9 - default default] 192.168.122.99,192.168.122.100 "GET /v2.0/networks HTTP/1.1" status: 200 len: 5131 time: 0.2121677
2026-06-14 07:44:36.249 17 DEBUG neutron.pecan_wsgi.hooks.policy_enforcement [req-843fbe94-24f8-4c75-a205-9ffcb71d7990 1ba5722f7cb74b08ac4c869c9bee92d0 2de4637ea8ae44c3808baff829411df9 - default default] Attributes excluded by policy engine: ['standard_attr_id', 'shared'] _exclude_attributes_by_policy /usr/lib/python3.9/site-packages/neutron/pecan_wsgi/hooks/policy_enforcement.py:259
2026-06-14 07:44:36.250 17 INFO neutron.wsgi [req-843fbe94-24f8-4c75-a205-9ffcb71d7990 1ba5722f7cb74b08ac4c869c9bee92d0 2de4637ea8ae44c3808baff829411df9 - default default] 192.168.122.99,192.168.122.100 "GET /v2.0/subnets?network_id=6850c52e-b4d4-4f0e-bb08-3693c2b87329 HTTP/1.1" status: 200 len: 845 time: 0.0409975
2026-06-14 07:44:36.305 17 DEBUG neutron.pecan_wsgi.hooks.policy_enforcement [req-3cf227a9-f52c-46b9-a2bb-79b5d3b99f01 1ba5722f7cb74b08ac4c869c9bee92d0 2de4637ea8ae44c3808baff829411df9 - default default] Attributes excluded by policy engine: ['standard_attr_id', 'shared'] _exclude_attributes_by_policy /usr/lib/python3.9/site-packages/neutron/pecan_wsgi/hooks/policy_enforcement.py:259
2026-06-14 07:44:36.306 17 INFO neutron.wsgi [req-3cf227a9-f52c-46b9-a2bb-79b5d3b99f01 1ba5722f7cb74b08ac4c869c9bee92d0 2de4637ea8ae44c3808baff829411df9 - default default] 192.168.122.99,192.168.122.100 "GET /v2.0/subnets?network_id=8403c1d0-6dea-4ac1-9d6d-78513074e9b5 HTTP/1.1" status: 200 len: 867 time: 0.0513701
2026-06-14 07:44:36.354 17 DEBUG neutron.pecan_wsgi.hooks.policy_enforcement [req-84002366-b8db-49ad-845a-de9b3091aac8 1ba5722f7cb74b08ac4c869c9bee92d0 2de4637ea8ae44c3808baff829411df9 - default default] Attributes excluded by policy engine: ['standard_attr_id', 'shared'] _exclude_attributes_by_policy /usr/lib/python3.9/site-packages/neutron/pecan_wsgi/hooks/policy_enforcement.py:259
2026-06-14 07:44:36.356 17 INFO neutron.wsgi [req-84002366-b8db-49ad-845a-de9b3091aac8 1ba5722f7cb74b08ac4c869c9bee92d0 2de4637ea8ae44c3808baff829411df9 - default default] 192.168.122.99,192.168.122.100 "GET /v2.0/subnets?network_id=9dc9a4b9-8aee-42fc-9582-5259f6dfd0a0 HTTP/1.1" status: 200 len: 861 time: 0.0435984
2026-06-14 07:44:36.395 17 DEBUG neutron.pecan_wsgi.hooks.policy_enforcement [req-29882961-025c-4ad9-9b51-6c7c2c44fe7a 1ba5722f7cb74b08ac4c869c9bee92d0 2de4637ea8ae44c3808baff829411df9 - default default] Attributes excluded by policy engine: ['standard_attr_id', 'shared'] _exclude_attributes_by_policy /usr/lib/python3.9/site-packages/neutron/pecan_wsgi/hooks/policy_enforcement.py:259
2026-06-14 07:44:36.396 17 INFO neutron.wsgi [req-29882961-025c-4ad9-9b51-6c7c2c44fe7a 1ba5722f7cb74b08ac4c869c9bee92d0 2de4637ea8ae44c3808baff829411df9 - default default] 192.168.122.99,192.168.122.100 "GET /v2.0/subnets?network_id=c7748d6c-1343-4d30-bef2-46c2316b26a1 HTTP/1.1" status: 200 len: 867 time: 0.0320430
2026-06-14 07:44:36.437 17 DEBUG neutron.pecan_wsgi.hooks.policy_enforcement [req-ae84d674-384a-4405-b375-44f7bd6831c9 1ba5722f7cb74b08ac4c869c9bee92d0 2de4637ea8ae44c3808baff829411df9 - default default] Attributes excluded by policy engine: ['standard_attr_id', 'shared'] _exclude_attributes_by_policy /usr/lib/python3.9/site-packages/neutron/pecan_wsgi/hooks/policy_enforcement.py:259
2026-06-14 07:44:36.438 17 INFO neutron.wsgi [req-ae84d674-384a-4405-b375-44f7bd6831c9 1ba5722f7cb74b08ac4c869c9bee92d0 2de4637ea8ae44c3808baff829411df9 - default default] 192.168.122.99,192.168.122.100 "GET /v2.0/subnets?network_id=e6cebe5b-4bb5-4bab-9ee5-d76cd0b74770 HTTP/1.1" status: 200 len: 863 time: 0.0350718
2026-06-14 07:44:36.473 17 DEBUG neutron.pecan_wsgi.hooks.policy_enforcement [req-b731aee4-717d-48c1-9a1f-517a8b8966bc 1ba5722f7cb74b08ac4c869c9bee92d0 2de4637ea8ae44c3808baff829411df9 - default default] Attributes excluded by policy engine: ['standard_attr_id', 'shared'] _exclude_attributes_by_policy /usr/lib/python3.9/site-packages/neutron/pecan_wsgi/hooks/policy_enforcement.py:259
2026-06-14 07:44:36.474 17 INFO neutron.wsgi [req-b731aee4-717d-48c1-9a1f-517a8b8966bc 1ba5722f7cb74b08ac4c869c9bee92d0 2de4637ea8ae44c3808baff829411df9 - default default] 192.168.122.99,192.168.122.100 "GET /v2.0/subnets?network_id=ee24f397-b9c3-4b2c-a936-742ea6a3aefc HTTP/1.1" status: 200 len: 862 time: 0.0299993
2026-06-14 07:44:36.499 18 DEBUG neutron.wsgi [-] (18) accepted ('192.168.122.100', 37662) server /usr/lib/python3.9/site-packages/eventlet/wsgi.py:992
2026-06-14 07:44:36.505 16 DEBUG neutron.wsgi [-] (16) accepted ('192.168.122.100', 37666) server /usr/lib/python3.9/site-packages/eventlet/wsgi.py:992
2026-06-14 07:44:36.506 15 DEBUG neutron.wsgi [-] (15) accepted ('192.168.122.100', 37670) server /usr/lib/python3.9/site-packages/eventlet/wsgi.py:992
2026-06-14 07:44:36.507 16 DEBUG neutron.wsgi [-] (16) accepted ('192.168.122.100', 37680) server /usr/lib/python3.9/site-packages/eventlet/wsgi.py:992
2026-06-14 07:44:36.513 17 INFO neutron.wsgi [req-e87dd3ec-7a44-4b82-99ea-5b0f240e738e 1ba5722f7cb74b08ac4c869c9bee92d0 2de4637ea8ae44c3808baff829411df9 - default default] 192.168.122.99,192.168.122.100 "GET /v2.0/ports?network_id=ee24f397-b9c3-4b2c-a936-742ea6a3aefc&tags=tripleo_stack_name%3Dovercloud&tags=tripleo_vip_net%3Dstorage HTTP/1.1" status: 200 len: 186 time: 0.0298836
2026-06-14 07:44:36.520 17 DEBUG neutron.api.v2.base [req-f68e2f34-18d1-41d9-8ea6-59ba17ade146 1ba5722f7cb74b08ac4c869c9bee92d0 2de4637ea8ae44c3808baff829411df9 - default default] Request body: {'port': {'name': 'storage_vip', 'fixed_ips': [{'subnet_id': 'b18d8e79-b551-4b73-9d80-a7e3e33a6f0a'}], 'dns_name': 'overcloud', 'network_id': 'ee24f397-b9c3-4b2c-a936-742ea6a3aefc'}} prepare_request_body /usr/lib/python3.9/site-packages/neutron/api/v2/base.py:729
2026-06-14 07:44:36.525 17 DEBUG neutron.wsgi [-] (17) accepted ('192.168.122.100', 37682) server /usr/lib/python3.9/site-packages/eventlet/wsgi.py:992
2026-06-14 07:44:36.526 17 INFO neutron.wsgi [-] 192.168.122.100 "GET /healthcheck HTTP/1.0" status: 200 len: 137 time: 0.0012004
2026-06-14 07:44:36.530 17 DEBUG neutron.pecan_wsgi.hooks.quota_enforcement [req-f68e2f34-18d1-41d9-8ea6-59ba17ade146 1ba5722f7cb74b08ac4c869c9bee92d0 2de4637ea8ae44c3808baff829411df9 - default default] Made reservation on behalf of 2de4637ea8ae44c3808baff829411df9 for: {'port': 1} before /usr/lib/python3.9/site-packages/neutron/pecan_wsgi/hooks/quota_enforcement.py:53
2026-06-14 07:44:36.531 17 DEBUG neutron_lib.callbacks.manager [req-f68e2f34-18d1-41d9-8ea6-59ba17ade146 1ba5722f7cb74b08ac4c869c9bee92d0 2de4637ea8ae44c3808baff829411df9 - default default] Notify callbacks ['neutron.plugins.ml2.plugin.SecurityGroupDbMixin._ensure_default_security_group_handler-3899660'] for port, before_create _notify_loop /usr/lib/python3.9/site-packages/neutron_lib/callbacks/manager.py:200
2026-06-14 07:44:36.544 17 DEBUG neutron.notifiers.nova [req-f68e2f34-18d1-41d9-8ea6-59ba17ade146 1ba5722f7cb74b08ac4c869c9bee92d0 2de4637ea8ae44c3808baff829411df9 - default default] device_id is not set on port 6ffb9539-3a16-42d6-b97b-abb4fb0dd880 yet. _can_notify /usr/lib/python3.9/site-packages/neutron/notifiers/nova.py:201
2026-06-14 07:44:36.569 15 INFO neutron.wsgi [req-8f566052-b0c6-4126-9872-5f6d790f4f41 1ba5722f7cb74b08ac4c869c9bee92d0 2de4637ea8ae44c3808baff829411df9 - default default] 192.168.122.99,192.168.122.100 "GET /v2.0/ports?network_id=e6cebe5b-4bb5-4bab-9ee5-d76cd0b74770&tags=tripleo_stack_name%3Dovercloud&tags=tripleo_vip_net%3Dexternal HTTP/1.1" status: 200 len: 186 time: 0.0615876
2026-06-14 07:44:36.577 15 DEBUG neutron.api.v2.base [req-802b635c-17ae-4df4-90ec-32c5520dfafe 1ba5722f7cb74b08ac4c869c9bee92d0 2de4637ea8ae44c3808baff829411df9 - default default] Request body: {'port': {'name': 'external_vip', 'fixed_ips': [{'subnet_id': '046140e4-3c9d-489a-8988-e2a963a2f474'}], 'dns_name': 'overcloud', 'network_id': 'e6cebe5b-4bb5-4bab-9ee5-d76cd0b74770'}} prepare_request_body /usr/lib/python3.9/site-packages/neutron/api/v2/base.py:729
2026-06-14 07:44:36.586 16 INFO neutron.wsgi [req-153258be-c4e5-4c3b-b094-1694175460f9 1ba5722f7cb74b08ac4c869c9bee92d0 2de4637ea8ae44c3808baff829411df9 - default default] 192.168.122.99,192.168.122.100 "GET /v2.0/ports?network_id=8403c1d0-6dea-4ac1-9d6d-78513074e9b5&tags=tripleo_stack_name%3Dovercloud&tags=tripleo_vip_net%3Dstorage_mgmt HTTP/1.1" status: 200 len: 186 time: 0.0776901
2026-06-14 07:44:36.586 15 DEBUG neutron.pecan_wsgi.hooks.quota_enforcement [req-802b635c-17ae-4df4-90ec-32c5520dfafe 1ba5722f7cb74b08ac4c869c9bee92d0 2de4637ea8ae44c3808baff829411df9 - default default] Made reservation on behalf of 2de4637ea8ae44c3808baff829411df9 for: {'port': 1} before /usr/lib/python3.9/site-packages/neutron/pecan_wsgi/hooks/quota_enforcement.py:53
2026-06-14 07:44:36.588 15 DEBUG neutron_lib.callbacks.manager [req-802b635c-17ae-4df4-90ec-32c5520dfafe 1ba5722f7cb74b08ac4c869c9bee92d0 2de4637ea8ae44c3808baff829411df9 - default default] Notify callbacks ['neutron.plugins.ml2.plugin.SecurityGroupDbMixin._ensure_default_security_group_handler-3899660'] for port, before_create _notify_loop /usr/lib/python3.9/site-packages/neutron_lib/callbacks/manager.py:200
2026-06-14 07:44:36.589 16 INFO neutron.wsgi [req-389cac74-b33a-49c6-ad55-b4594f905448 1ba5722f7cb74b08ac4c869c9bee92d0 2de4637ea8ae44c3808baff829411df9 - default default] 192.168.122.99,192.168.122.100 "GET /v2.0/ports?network_id=6850c52e-b4d4-4f0e-bb08-3693c2b87329&tags=tripleo_stack_name%3Dovercloud&tags=tripleo_vip_net%3Dctlplane HTTP/1.1" status: 200 len: 186 time: 0.0828276
2026-06-14 07:44:36.594 16 DEBUG neutron.api.v2.base [req-d7abb47b-3857-4ae3-90cb-4ee384313a75 1ba5722f7cb74b08ac4c869c9bee92d0 2de4637ea8ae44c3808baff829411df9 - default default] Request body: {'port': {'name': 'storage_mgmt_vip', 'fixed_ips': [{'subnet_id': '5b7ed912-4610-4e23-ba1a-22d6fa093b16'}], 'dns_name': 'overcloud', 'network_id': '8403c1d0-6dea-4ac1-9d6d-78513074e9b5'}} prepare_request_body /usr/lib/python3.9/site-packages/neutron/api/v2/base.py:729
2026-06-14 07:44:36.602 16 DEBUG neutron.api.v2.base [req-961ce5a6-0994-45cb-be9d-903263e5930b 1ba5722f7cb74b08ac4c869c9bee92d0 2de4637ea8ae44c3808baff829411df9 - default default] Request body: {'port': {'name': 'ctlplane_vip', 'fixed_ips': [{'ip_address': '192.168.122.99'}], 'dns_name': 'overcloud', 'network_id': '6850c52e-b4d4-4f0e-bb08-3693c2b87329'}} prepare_request_body /usr/lib/python3.9/site-packages/neutron/api/v2/base.py:729
2026-06-14 07:44:36.604 16 DEBUG neutron.pecan_wsgi.hooks.quota_enforcement [req-d7abb47b-3857-4ae3-90cb-4ee384313a75 1ba5722f7cb74b08ac4c869c9bee92d0 2de4637ea8ae44c3808baff829411df9 - default default] Made reservation on behalf of 2de4637ea8ae44c3808baff829411df9 for: {'port': 1} before /usr/lib/python3.9/site-packages/neutron/pecan_wsgi/hooks/quota_enforcement.py:53
2026-06-14 07:44:36.605 16 DEBUG neutron_lib.callbacks.manager [req-d7abb47b-3857-4ae3-90cb-4ee384313a75 1ba5722f7cb74b08ac4c869c9bee92d0 2de4637ea8ae44c3808baff829411df9 - default default] Notify callbacks ['neutron.plugins.ml2.plugin.SecurityGroupDbMixin._ensure_default_security_group_handler-3899660'] for port, before_create _notify_loop /usr/lib/python3.9/site-packages/neutron_lib/callbacks/manager.py:200
2026-06-14 07:44:36.606 15 DEBUG neutron.notifiers.nova [req-802b635c-17ae-4df4-90ec-32c5520dfafe 1ba5722f7cb74b08ac4c869c9bee92d0 2de4637ea8ae44c3808baff829411df9 - default default] device_id is not set on port 7289dcc4-9f35-494a-b5fa-e7628061474e yet. _can_notify /usr/lib/python3.9/site-packages/neutron/notifiers/nova.py:201
2026-06-14 07:44:36.618 16 DEBUG neutron.notifiers.nova [req-d7abb47b-3857-4ae3-90cb-4ee384313a75 1ba5722f7cb74b08ac4c869c9bee92d0 2de4637ea8ae44c3808baff829411df9 - default default] device_id is not set on port 7b068139-3519-4bec-85a8-8b6cdae49429 yet. _can_notify /usr/lib/python3.9/site-packages/neutron/notifiers/nova.py:201
2026-06-14 07:44:36.624 17 DEBUG neutron.db.db_base_plugin_common [req-f68e2f34-18d1-41d9-8ea6-59ba17ade146 1ba5722f7cb74b08ac4c869c9bee92d0 2de4637ea8ae44c3808baff829411df9 - default default] Allocated IP 172.18.0.239 (ee24f397-b9c3-4b2c-a936-742ea6a3aefc/b18d8e79-b551-4b73-9d80-a7e3e33a6f0a/6ffb9539-3a16-42d6-b97b-abb4fb0dd880) _store_ip_allocation /usr/lib/python3.9/site-packages/neutron/db/db_base_plugin_common.py:131
2026-06-14 07:44:36.691 15 DEBUG neutron.db.db_base_plugin_common [req-802b635c-17ae-4df4-90ec-32c5520dfafe 1ba5722f7cb74b08ac4c869c9bee92d0 2de4637ea8ae44c3808baff829411df9 - default default] Allocated IP 172.21.0.156 (e6cebe5b-4bb5-4bab-9ee5-d76cd0b74770/046140e4-3c9d-489a-8988-e2a963a2f474/7289dcc4-9f35-494a-b5fa-e7628061474e) _store_ip_allocation /usr/lib/python3.9/site-packages/neutron/db/db_base_plugin_common.py:131
2026-06-14 07:44:36.713 16 DEBUG neutron.pecan_wsgi.hooks.quota_enforcement [req-961ce5a6-0994-45cb-be9d-903263e5930b 1ba5722f7cb74b08ac4c869c9bee92d0 2de4637ea8ae44c3808baff829411df9 - default default] Made reservation on behalf of 2de4637ea8ae44c3808baff829411df9 for: {'port': 1} before /usr/lib/python3.9/site-packages/neutron/pecan_wsgi/hooks/quota_enforcement.py:53
2026-06-14 07:44:36.714 16 DEBUG neutron_lib.callbacks.manager [req-961ce5a6-0994-45cb-be9d-903263e5930b 1ba5722f7cb74b08ac4c869c9bee92d0 2de4637ea8ae44c3808baff829411df9 - default default] Notify callbacks ['neutron.plugins.ml2.plugin.SecurityGroupDbMixin._ensure_default_security_group_handler-3899660'] for port, before_create _notify_loop /usr/lib/python3.9/site-packages/neutron_lib/callbacks/manager.py:200
2026-06-14 07:44:36.726 16 DEBUG neutron.db.db_base_plugin_common [req-d7abb47b-3857-4ae3-90cb-4ee384313a75 1ba5722f7cb74b08ac4c869c9bee92d0 2de4637ea8ae44c3808baff829411df9 - default default] Allocated IP 172.20.0.227 (8403c1d0-6dea-4ac1-9d6d-78513074e9b5/5b7ed912-4610-4e23-ba1a-22d6fa093b16/7b068139-3519-4bec-85a8-8b6cdae49429) _store_ip_allocation /usr/lib/python3.9/site-packages/neutron/db/db_base_plugin_common.py:131
2026-06-14 07:44:36.747 16 DEBUG neutron.notifiers.nova [req-961ce5a6-0994-45cb-be9d-903263e5930b 1ba5722f7cb74b08ac4c869c9bee92d0 2de4637ea8ae44c3808baff829411df9 - default default] device_id is not set on port 095be8af-e004-4000-9064-b59afc514aac yet. _can_notify /usr/lib/python3.9/site-packages/neutron/notifiers/nova.py:201
2026-06-14 07:44:36.752 18 DEBUG neutron.policy [req-e0b26b48-6c30-4b88-94d6-59661bb6bfc5 1ba5722f7cb74b08ac4c869c9bee92d0 2de4637ea8ae44c3808baff829411df9 - default default] Loaded default policies from ['networking-bgpvpn', 'neutron'] under neutron.policies entry points register_rules /usr/lib/python3.9/site-packages/neutron/policy.py:73
2026-06-14 07:44:36.777 18 INFO neutron.wsgi [req-e0b26b48-6c30-4b88-94d6-59661bb6bfc5 1ba5722f7cb74b08ac4c869c9bee92d0 2de4637ea8ae44c3808baff829411df9 - default default] 192.168.122.99,192.168.122.100 "GET /v2.0/ports?network_id=c7748d6c-1343-4d30-bef2-46c2316b26a1&tags=tripleo_stack_name%3Dovercloud&tags=tripleo_vip_net%3Dinternal_api HTTP/1.1" status: 200 len: 186 time: 0.2774851
2026-06-14 07:44:36.782 18 DEBUG neutron.api.v2.base [req-fc9144cb-8437-4baf-aed7-4c196567bc3d 1ba5722f7cb74b08ac4c869c9bee92d0 2de4637ea8ae44c3808baff829411df9 - default default] Request body: {'port': {'name': 'internal_api_vip', 'fixed_ips': [{'subnet_id': '22fa80dd-864d-4c51-846e-eab08494c71e'}], 'dns_name': 'overcloud', 'network_id': 'c7748d6c-1343-4d30-bef2-46c2316b26a1'}} prepare_request_body /usr/lib/python3.9/site-packages/neutron/api/v2/base.py:729
2026-06-14 07:44:36.793 18 DEBUG neutron.pecan_wsgi.hooks.quota_enforcement [req-fc9144cb-8437-4baf-aed7-4c196567bc3d 1ba5722f7cb74b08ac4c869c9bee92d0 2de4637ea8ae44c3808baff829411df9 - default default] Made reservation on behalf of 2de4637ea8ae44c3808baff829411df9 for: {'port': 1} before /usr/lib/python3.9/site-packages/neutron/pecan_wsgi/hooks/quota_enforcement.py:53
2026-06-14 07:44:36.794 18 DEBUG neutron_lib.callbacks.manager [req-fc9144cb-8437-4baf-aed7-4c196567bc3d 1ba5722f7cb74b08ac4c869c9bee92d0 2de4637ea8ae44c3808baff829411df9 - default default] Notify callbacks ['neutron.plugins.ml2.plugin.SecurityGroupDbMixin._ensure_default_security_group_handler-3899660'] for port, before_create _notify_loop /usr/lib/python3.9/site-packages/neutron_lib/callbacks/manager.py:200
2026-06-14 07:44:36.812 18 DEBUG neutron.notifiers.nova [req-fc9144cb-8437-4baf-aed7-4c196567bc3d 1ba5722f7cb74b08ac4c869c9bee92d0 2de4637ea8ae44c3808baff829411df9 - default default] device_id is not set on port 0a750e9e-7bfc-4bfa-ba64-a10257f5559a yet. _can_notify /usr/lib/python3.9/site-packages/neutron/notifiers/nova.py:201
2026-06-14 07:44:36.837 15 DEBUG neutron_lib.callbacks.manager [req-802b635c-17ae-4df4-90ec-32c5520dfafe 1ba5722f7cb74b08ac4c869c9bee92d0 2de4637ea8ae44c3808baff829411df9 - default default] Notify callbacks [] for allowed_address_pair, before_create _notify_loop /usr/lib/python3.9/site-packages/neutron_lib/callbacks/manager.py:200
2026-06-14 07:44:36.838 15 DEBUG neutron_lib.callbacks.manager [req-802b635c-17ae-4df4-90ec-32c5520dfafe 1ba5722f7cb74b08ac4c869c9bee92d0 2de4637ea8ae44c3808baff829411df9 - default default] Notify callbacks [] for port, precommit_create _notify_loop /usr/lib/python3.9/site-packages/neutron_lib/callbacks/manager.py:200
2026-06-14 07:44:36.858 17 DEBUG neutron_lib.callbacks.manager [req-f68e2f34-18d1-41d9-8ea6-59ba17ade146 1ba5722f7cb74b08ac4c869c9bee92d0 2de4637ea8ae44c3808baff829411df9 - default default] Notify callbacks [] for allowed_address_pair, before_create _notify_loop /usr/lib/python3.9/site-packages/neutron_lib/callbacks/manager.py:200
2026-06-14 07:44:36.859 17 DEBUG neutron_lib.callbacks.manager [req-f68e2f34-18d1-41d9-8ea6-59ba17ade146 1ba5722f7cb74b08ac4c869c9bee92d0 2de4637ea8ae44c3808baff829411df9 - default default] Notify callbacks [] for port, precommit_create _notify_loop /usr/lib/python3.9/site-packages/neutron_lib/callbacks/manager.py:200
2026-06-14 07:44:36.867 15 DEBUG neutron_lib.callbacks.manager [req-802b635c-17ae-4df4-90ec-32c5520dfafe 1ba5722f7cb74b08ac4c869c9bee92d0 2de4637ea8ae44c3808baff829411df9 - default default] Notify callbacks ['neutron.plugins.ml2.plugin.SecurityGroupServerNotifierRpcMixin.notify_sg_on_port_change-3675204', 'neutron.plugins.ml2.extensions.dns_integration._create_port_in_external_dns_service-8767837805770', 'neutron.plugins.ml2.ovo_rpc._ObjectChangeHandler.handle_event-346890', 'neutron.api.rpc.agentnotifiers.dhcp_rpc_agent_api.DhcpAgentNotifyAPI._native_event_send_dhcp_notification-717671', 'neutron.services.segments.plugin.NovaSegmentNotifier._notify_port_created_or_deleted-985535'] for port, after_create _notify_loop /usr/lib/python3.9/site-packages/neutron_lib/callbacks/manager.py:200
2026-06-14 07:44:36.892 17 DEBUG neutron_lib.callbacks.manager [req-f68e2f34-18d1-41d9-8ea6-59ba17ade146 1ba5722f7cb74b08ac4c869c9bee92d0 2de4637ea8ae44c3808baff829411df9 - default default] Notify callbacks ['neutron.plugins.ml2.plugin.SecurityGroupServerNotifierRpcMixin.notify_sg_on_port_change-3675204', 'neutron.plugins.ml2.extensions.dns_integration._create_port_in_external_dns_service-8767837805770', 'neutron.plugins.ml2.ovo_rpc._ObjectChangeHandler.handle_event-346890', 'neutron.api.rpc.agentnotifiers.dhcp_rpc_agent_api.DhcpAgentNotifyAPI._native_event_send_dhcp_notification-717671', 'neutron.services.segments.plugin.NovaSegmentNotifier._notify_port_created_or_deleted-985535'] for port, after_create _notify_loop /usr/lib/python3.9/site-packages/neutron_lib/callbacks/manager.py:200
2026-06-14 07:44:36.904 15 DEBUG neutron.api.rpc.handlers.resources_rpc [req-802b635c-17ae-4df4-90ec-32c5520dfafe 1ba5722f7cb74b08ac4c869c9bee92d0 2de4637ea8ae44c3808baff829411df9 - - -] Pushing event updated for resources: {'Port': ['ID=7289dcc4-9f35-494a-b5fa-e7628061474e,revision_number=1']} push /usr/lib/python3.9/site-packages/neutron/api/rpc/handlers/resources_rpc.py:237
2026-06-14 07:44:36.911 18 DEBUG neutron.db.db_base_plugin_common [req-fc9144cb-8437-4baf-aed7-4c196567bc3d 1ba5722f7cb74b08ac4c869c9bee92d0 2de4637ea8ae44c3808baff829411df9 - default default] Allocated IP 172.17.0.146 (c7748d6c-1343-4d30-bef2-46c2316b26a1/22fa80dd-864d-4c51-846e-eab08494c71e/0a750e9e-7bfc-4bfa-ba64-a10257f5559a) _store_ip_allocation /usr/lib/python3.9/site-packages/neutron/db/db_base_plugin_common.py:131
2026-06-14 07:44:36.912 15 DEBUG neutron.plugins.ml2.drivers.mech_agent [req-802b635c-17ae-4df4-90ec-32c5520dfafe 1ba5722f7cb74b08ac4c869c9bee92d0 2de4637ea8ae44c3808baff829411df9 - default default] Checking segment: {'id': '8ff9509c-e0f8-45dc-9b9b-249c26635768', 'network_type': 'flat', 'physical_network': 'external_external_subnet', 'segmentation_id': None, 'network_id': 'e6cebe5b-4bb5-4bab-9ee5-d76cd0b74770'} for mappings: {'ctlplane': 'br-ctlplane'} with network types: ['local', 'flat', 'vlan'] check_segment_for_agent /usr/lib/python3.9/site-packages/neutron/plugins/ml2/drivers/mech_agent.py:343
2026-06-14 07:44:36.911 16 DEBUG neutron.db.db_base_plugin_common [req-961ce5a6-0994-45cb-be9d-903263e5930b 1ba5722f7cb74b08ac4c869c9bee92d0 2de4637ea8ae44c3808baff829411df9 - default default] Allocated IP 192.168.122.99 (6850c52e-b4d4-4f0e-bb08-3693c2b87329/05ee5cd8-4bb5-4b66-8680-92cee796900c/095be8af-e004-4000-9064-b59afc514aac) _store_ip_allocation /usr/lib/python3.9/site-packages/neutron/db/db_base_plugin_common.py:131
2026-06-14 07:44:36.912 15 DEBUG neutron.plugins.ml2.drivers.mech_agent [req-802b635c-17ae-4df4-90ec-32c5520dfafe 1ba5722f7cb74b08ac4c869c9bee92d0 2de4637ea8ae44c3808baff829411df9 - default default] Network e6cebe5b-4bb5-4bab-9ee5-d76cd0b74770 with segment 8ff9509c-e0f8-45dc-9b9b-249c26635768 is connected to physical network external_external_subnet, but agent undercloud.ooo.test reported physical networks {'ctlplane': 'br-ctlplane'}. The physical network must be configured on the agent if binding is to succeed. check_segment_for_agent /usr/lib/python3.9/site-packages/neutron/plugins/ml2/drivers/mech_agent.py:365
2026-06-14 07:44:36.914 15 DEBUG neutron.scheduler.dhcp_agent_scheduler [req-802b635c-17ae-4df4-90ec-32c5520dfafe 1ba5722f7cb74b08ac4c869c9bee92d0 2de4637ea8ae44c3808baff829411df9 - default default] Network hostable DHCP agents. Network: e6cebe5b-4bb5-4bab-9ee5-d76cd0b74770, hostable agents: [], hosted agents: [] _get_network_hostable_dhcp_agents /usr/lib/python3.9/site-packages/neutron/scheduler/dhcp_agent_scheduler.py:329
2026-06-14 07:44:36.914 15 DEBUG neutron.scheduler.base_scheduler [req-802b635c-17ae-4df4-90ec-32c5520dfafe 1ba5722f7cb74b08ac4c869c9bee92d0 2de4637ea8ae44c3808baff829411df9 - default default] Resources bound (agent type, host, resource id): schedule /usr/lib/python3.9/site-packages/neutron/scheduler/base_scheduler.py:57
2026-06-14 07:44:36.915 15 WARNING neutron.api.rpc.agentnotifiers.dhcp_rpc_agent_api [req-802b635c-17ae-4df4-90ec-32c5520dfafe 1ba5722f7cb74b08ac4c869c9bee92d0 2de4637ea8ae44c3808baff829411df9 - default default] Unable to schedule network e6cebe5b-4bb5-4bab-9ee5-d76cd0b74770: no agents available; will retry on subsequent port and subnet creation events.
2026-06-14 07:44:36.915 15 DEBUG neutron.api.rpc.agentnotifiers.dhcp_rpc_agent_api [req-802b635c-17ae-4df4-90ec-32c5520dfafe 1ba5722f7cb74b08ac4c869c9bee92d0 2de4637ea8ae44c3808baff829411df9 - default default] Network e6cebe5b-4bb5-4bab-9ee5-d76cd0b74770 is not hosted by any dhcp agent _notify_agents /usr/lib/python3.9/site-packages/neutron/api/rpc/agentnotifiers/dhcp_rpc_agent_api.py:228
2026-06-14 07:44:36.932 17 DEBUG neutron.api.rpc.handlers.resources_rpc [req-f68e2f34-18d1-41d9-8ea6-59ba17ade146 1ba5722f7cb74b08ac4c869c9bee92d0 2de4637ea8ae44c3808baff829411df9 - - -] Pushing event updated for resources: {'Port': ['ID=6ffb9539-3a16-42d6-b97b-abb4fb0dd880,revision_number=1']} push /usr/lib/python3.9/site-packages/neutron/api/rpc/handlers/resources_rpc.py:237
2026-06-14 07:44:36.937 17 DEBUG neutron.plugins.ml2.drivers.mech_agent [req-f68e2f34-18d1-41d9-8ea6-59ba17ade146 1ba5722f7cb74b08ac4c869c9bee92d0 2de4637ea8ae44c3808baff829411df9 - default default] Checking segment: {'id': '58832d05-2559-4daa-98c4-f2b4dcda200d', 'network_type': 'flat', 'physical_network': 'storage_storage_subnet', 'segmentation_id': None, 'network_id': 'ee24f397-b9c3-4b2c-a936-742ea6a3aefc'} for mappings: {'ctlplane': 'br-ctlplane'} with network types: ['local', 'flat', 'vlan'] check_segment_for_agent /usr/lib/python3.9/site-packages/neutron/plugins/ml2/drivers/mech_agent.py:343
2026-06-14 07:44:36.937 17 DEBUG neutron.plugins.ml2.drivers.mech_agent [req-f68e2f34-18d1-41d9-8ea6-59ba17ade146 1ba5722f7cb74b08ac4c869c9bee92d0 2de4637ea8ae44c3808baff829411df9 - default default] Network ee24f397-b9c3-4b2c-a936-742ea6a3aefc with segment 58832d05-2559-4daa-98c4-f2b4dcda200d is connected to physical network storage_storage_subnet, but agent undercloud.ooo.test reported physical networks {'ctlplane': 'br-ctlplane'}. The physical network must be configured on the agent if binding is to succeed. check_segment_for_agent /usr/lib/python3.9/site-packages/neutron/plugins/ml2/drivers/mech_agent.py:365
2026-06-14 07:44:36.940 17 DEBUG neutron.scheduler.dhcp_agent_scheduler [req-f68e2f34-18d1-41d9-8ea6-59ba17ade146 1ba5722f7cb74b08ac4c869c9bee92d0 2de4637ea8ae44c3808baff829411df9 - default default] Network hostable DHCP agents. Network: ee24f397-b9c3-4b2c-a936-742ea6a3aefc, hostable agents: [], hosted agents: [] _get_network_hostable_dhcp_agents /usr/lib/python3.9/site-packages/neutron/scheduler/dhcp_agent_scheduler.py:329
2026-06-14 07:44:36.940 17 DEBUG neutron.scheduler.base_scheduler [req-f68e2f34-18d1-41d9-8ea6-59ba17ade146 1ba5722f7cb74b08ac4c869c9bee92d0 2de4637ea8ae44c3808baff829411df9 - default default] Resources bound (agent type, host, resource id): schedule /usr/lib/python3.9/site-packages/neutron/scheduler/base_scheduler.py:57
2026-06-14 07:44:36.940 17 WARNING neutron.api.rpc.agentnotifiers.dhcp_rpc_agent_api [req-f68e2f34-18d1-41d9-8ea6-59ba17ade146 1ba5722f7cb74b08ac4c869c9bee92d0 2de4637ea8ae44c3808baff829411df9 - default default] Unable to schedule network ee24f397-b9c3-4b2c-a936-742ea6a3aefc: no agents available; will retry on subsequent port and subnet creation events.
2026-06-14 07:44:36.940 17 DEBUG neutron.api.rpc.agentnotifiers.dhcp_rpc_agent_api [req-f68e2f34-18d1-41d9-8ea6-59ba17ade146 1ba5722f7cb74b08ac4c869c9bee92d0 2de4637ea8ae44c3808baff829411df9 - default default] Network ee24f397-b9c3-4b2c-a936-742ea6a3aefc is not hosted by any dhcp agent _notify_agents /usr/lib/python3.9/site-packages/neutron/api/rpc/agentnotifiers/dhcp_rpc_agent_api.py:228
2026-06-14 07:44:36.954 15 DEBUG neutron.pecan_wsgi.hooks.policy_enforcement [req-802b635c-17ae-4df4-90ec-32c5520dfafe 1ba5722f7cb74b08ac4c869c9bee92d0 2de4637ea8ae44c3808baff829411df9 - default default] Attributes excluded by policy engine: ['standard_attr_id', 'network'] _exclude_attributes_by_policy /usr/lib/python3.9/site-packages/neutron/pecan_wsgi/hooks/policy_enforcement.py:259
2026-06-14 07:44:36.955 15 DEBUG neutron_lib.callbacks.manager [req-802b635c-17ae-4df4-90ec-32c5520dfafe 1ba5722f7cb74b08ac4c869c9bee92d0 2de4637ea8ae44c3808baff829411df9 - default default] Notify callbacks ['neutron.notifiers.nova.Notifier._send_nova_notification-148566', 'neutron.api.rpc.agentnotifiers.dhcp_rpc_agent_api.DhcpAgentNotifyAPI._send_dhcp_notification-717653'] for port, before_response _notify_loop /usr/lib/python3.9/site-packages/neutron_lib/callbacks/manager.py:200
2026-06-14 07:44:36.967 17 DEBUG neutron.pecan_wsgi.hooks.policy_enforcement [req-f68e2f34-18d1-41d9-8ea6-59ba17ade146 1ba5722f7cb74b08ac4c869c9bee92d0 2de4637ea8ae44c3808baff829411df9 - default default] Attributes excluded by policy engine: ['standard_attr_id', 'network'] _exclude_attributes_by_policy /usr/lib/python3.9/site-packages/neutron/pecan_wsgi/hooks/policy_enforcement.py:259
2026-06-14 07:44:36.968 17 DEBUG neutron_lib.callbacks.manager [req-f68e2f34-18d1-41d9-8ea6-59ba17ade146 1ba5722f7cb74b08ac4c869c9bee92d0 2de4637ea8ae44c3808baff829411df9 - default default] Notify callbacks ['neutron.notifiers.nova.Notifier._send_nova_notification-148566', 'neutron.api.rpc.agentnotifiers.dhcp_rpc_agent_api.DhcpAgentNotifyAPI._send_dhcp_notification-717653'] for port, before_response _notify_loop /usr/lib/python3.9/site-packages/neutron_lib/callbacks/manager.py:200
2026-06-14 07:44:36.983 15 INFO neutron.wsgi [req-802b635c-17ae-4df4-90ec-32c5520dfafe 1ba5722f7cb74b08ac4c869c9bee92d0 2de4637ea8ae44c3808baff829411df9 - default default] 192.168.122.99,192.168.122.100 "POST /v2.0/ports HTTP/1.1" status: 201 len: 1151 time: 0.4081321
2026-06-14 07:44:36.982 17 INFO neutron.wsgi [req-f68e2f34-18d1-41d9-8ea6-59ba17ade146 1ba5722f7cb74b08ac4c869c9bee92d0 2de4637ea8ae44c3808baff829411df9 - default default] 192.168.122.99,192.168.122.100 "POST /v2.0/ports HTTP/1.1" status: 201 len: 1150 time: 0.4632361
2026-06-14 07:44:36.988 17 DEBUG neutron.services.tag.tag_plugin [req-303e5aa6-3118-4280-ba91-2e92b4506543 1ba5722f7cb74b08ac4c869c9bee92d0 2de4637ea8ae44c3808baff829411df9 - default default] neutron.services.tag.tag_plugin.TagPlugin method update_tags called with arguments (, 'ports', '6ffb9539-3a16-42d6-b97b-abb4fb0dd880', {'tags': ['tripleo_stack_name=overcloud', 'tripleo_vip_net=storage']}) {} wrapper /usr/lib/python3.9/site-packages/oslo_log/helpers.py:65
2026-06-14 07:44:36.994 15 DEBUG neutron.services.tag.tag_plugin [req-03d839d5-8975-4b51-9464-37c74d199dd3 1ba5722f7cb74b08ac4c869c9bee92d0 2de4637ea8ae44c3808baff829411df9 - default default] neutron.services.tag.tag_plugin.TagPlugin method update_tags called with arguments (, 'ports', '7289dcc4-9f35-494a-b5fa-e7628061474e', {'tags': ['tripleo_stack_name=overcloud', 'tripleo_vip_net=external']}) {} wrapper /usr/lib/python3.9/site-packages/oslo_log/helpers.py:65
2026-06-14 07:44:37.021 17 INFO neutron.wsgi [req-303e5aa6-3118-4280-ba91-2e92b4506543 1ba5722f7cb74b08ac4c869c9bee92d0 2de4637ea8ae44c3808baff829411df9 - default default] 192.168.122.99,192.168.122.100 "PUT /v2.0/ports/6ffb9539-3a16-42d6-b97b-abb4fb0dd880/tags HTTP/1.1" status: 200 len: 243 time: 0.0350583
2026-06-14 07:44:37.042 15 INFO neutron.wsgi [req-03d839d5-8975-4b51-9464-37c74d199dd3 1ba5722f7cb74b08ac4c869c9bee92d0 2de4637ea8ae44c3808baff829411df9 - default default] 192.168.122.99,192.168.122.100 "PUT /v2.0/ports/7289dcc4-9f35-494a-b5fa-e7628061474e/tags HTTP/1.1" status: 200 len: 244 time: 0.0525181
2026-06-14 07:44:37.047 16 DEBUG neutron_lib.callbacks.manager [req-d7abb47b-3857-4ae3-90cb-4ee384313a75 1ba5722f7cb74b08ac4c869c9bee92d0 2de4637ea8ae44c3808baff829411df9 - default default] Notify callbacks [] for allowed_address_pair, before_create _notify_loop /usr/lib/python3.9/site-packages/neutron_lib/callbacks/manager.py:200
2026-06-14 07:44:37.047 16 DEBUG neutron_lib.callbacks.manager [req-d7abb47b-3857-4ae3-90cb-4ee384313a75 1ba5722f7cb74b08ac4c869c9bee92d0 2de4637ea8ae44c3808baff829411df9 - default default] Notify callbacks [] for port, precommit_create _notify_loop /usr/lib/python3.9/site-packages/neutron_lib/callbacks/manager.py:200
2026-06-14 07:44:37.096 18 DEBUG neutron_lib.callbacks.manager [req-fc9144cb-8437-4baf-aed7-4c196567bc3d 1ba5722f7cb74b08ac4c869c9bee92d0 2de4637ea8ae44c3808baff829411df9 - default default] Notify callbacks [] for allowed_address_pair, before_create _notify_loop /usr/lib/python3.9/site-packages/neutron_lib/callbacks/manager.py:200
2026-06-14 07:44:37.097 18 DEBUG neutron_lib.callbacks.manager [req-fc9144cb-8437-4baf-aed7-4c196567bc3d 1ba5722f7cb74b08ac4c869c9bee92d0 2de4637ea8ae44c3808baff829411df9 - default default] Notify callbacks [] for port, precommit_create _notify_loop /usr/lib/python3.9/site-packages/neutron_lib/callbacks/manager.py:200
2026-06-14 07:44:37.130 18 DEBUG neutron_lib.callbacks.manager [req-fc9144cb-8437-4baf-aed7-4c196567bc3d 1ba5722f7cb74b08ac4c869c9bee92d0 2de4637ea8ae44c3808baff829411df9 - default default] Notify callbacks ['neutron.plugins.ml2.plugin.SecurityGroupServerNotifierRpcMixin.notify_sg_on_port_change-3675204', 'neutron.plugins.ml2.extensions.dns_integration._create_port_in_external_dns_service-8767837805770', 'neutron.plugins.ml2.ovo_rpc._ObjectChangeHandler.handle_event-346890', 'neutron.api.rpc.agentnotifiers.dhcp_rpc_agent_api.DhcpAgentNotifyAPI._native_event_send_dhcp_notification-717671', 'neutron.services.segments.plugin.NovaSegmentNotifier._notify_port_created_or_deleted-985535'] for port, after_create _notify_loop /usr/lib/python3.9/site-packages/neutron_lib/callbacks/manager.py:200
2026-06-14 07:44:37.146 16 DEBUG neutron_lib.callbacks.manager [req-d7abb47b-3857-4ae3-90cb-4ee384313a75 1ba5722f7cb74b08ac4c869c9bee92d0 2de4637ea8ae44c3808baff829411df9 - default default] Notify callbacks ['neutron.plugins.ml2.plugin.SecurityGroupServerNotifierRpcMixin.notify_sg_on_port_change-3675204', 'neutron.plugins.ml2.extensions.dns_integration._create_port_in_external_dns_service-8767837805770', 'neutron.plugins.ml2.ovo_rpc._ObjectChangeHandler.handle_event-346890', 'neutron.api.rpc.agentnotifiers.dhcp_rpc_agent_api.DhcpAgentNotifyAPI._native_event_send_dhcp_notification-717671', 'neutron.services.segments.plugin.NovaSegmentNotifier._notify_port_created_or_deleted-985535'] for port, after_create _notify_loop /usr/lib/python3.9/site-packages/neutron_lib/callbacks/manager.py:200
2026-06-14 07:44:37.216 16 DEBUG neutron.api.rpc.handlers.resources_rpc [req-d7abb47b-3857-4ae3-90cb-4ee384313a75 1ba5722f7cb74b08ac4c869c9bee92d0 2de4637ea8ae44c3808baff829411df9 - - -] Pushing event updated for resources: {'Port': ['ID=7b068139-3519-4bec-85a8-8b6cdae49429,revision_number=1']} push /usr/lib/python3.9/site-packages/neutron/api/rpc/handlers/resources_rpc.py:237
2026-06-14 07:44:37.227 16 DEBUG neutron.plugins.ml2.drivers.mech_agent [req-d7abb47b-3857-4ae3-90cb-4ee384313a75 1ba5722f7cb74b08ac4c869c9bee92d0 2de4637ea8ae44c3808baff829411df9 - default default] Checking segment: {'id': 'ba23f4d6-d573-47c7-a74d-879cc7a93242', 'network_type': 'flat', 'physical_network': 'storage_mgmt_storage_mgmt_subnet', 'segmentation_id': None, 'network_id': '8403c1d0-6dea-4ac1-9d6d-78513074e9b5'} for mappings: {'ctlplane': 'br-ctlplane'} with network types: ['local', 'flat', 'vlan'] check_segment_for_agent /usr/lib/python3.9/site-packages/neutron/plugins/ml2/drivers/mech_agent.py:343
2026-06-14 07:44:37.227 16 DEBUG neutron.plugins.ml2.drivers.mech_agent [req-d7abb47b-3857-4ae3-90cb-4ee384313a75 1ba5722f7cb74b08ac4c869c9bee92d0 2de4637ea8ae44c3808baff829411df9 - default default] Network 8403c1d0-6dea-4ac1-9d6d-78513074e9b5 with segment ba23f4d6-d573-47c7-a74d-879cc7a93242 is connected to physical network storage_mgmt_storage_mgmt_subnet, but agent undercloud.ooo.test reported physical networks {'ctlplane': 'br-ctlplane'}. The physical network must be configured on the agent if binding is to succeed. check_segment_for_agent /usr/lib/python3.9/site-packages/neutron/plugins/ml2/drivers/mech_agent.py:365
2026-06-14 07:44:37.231 16 DEBUG neutron_lib.callbacks.manager [req-961ce5a6-0994-45cb-be9d-903263e5930b 1ba5722f7cb74b08ac4c869c9bee92d0 2de4637ea8ae44c3808baff829411df9 - default default] Notify callbacks [] for allowed_address_pair, before_create _notify_loop /usr/lib/python3.9/site-packages/neutron_lib/callbacks/manager.py:200
2026-06-14 07:44:37.232 16 DEBUG neutron_lib.callbacks.manager [req-961ce5a6-0994-45cb-be9d-903263e5930b 1ba5722f7cb74b08ac4c869c9bee92d0 2de4637ea8ae44c3808baff829411df9 - default default] Notify callbacks [] for port, precommit_create _notify_loop /usr/lib/python3.9/site-packages/neutron_lib/callbacks/manager.py:200
2026-06-14 07:44:37.233 16 DEBUG neutron.scheduler.dhcp_agent_scheduler [req-d7abb47b-3857-4ae3-90cb-4ee384313a75 1ba5722f7cb74b08ac4c869c9bee92d0 2de4637ea8ae44c3808baff829411df9 - default default] Network hostable DHCP agents. Network: 8403c1d0-6dea-4ac1-9d6d-78513074e9b5, hostable agents: [], hosted agents: [] _get_network_hostable_dhcp_agents /usr/lib/python3.9/site-packages/neutron/scheduler/dhcp_agent_scheduler.py:329
2026-06-14 07:44:37.233 16 DEBUG neutron.scheduler.base_scheduler [req-d7abb47b-3857-4ae3-90cb-4ee384313a75 1ba5722f7cb74b08ac4c869c9bee92d0 2de4637ea8ae44c3808baff829411df9 - default default] Resources bound (agent type, host, resource id): schedule /usr/lib/python3.9/site-packages/neutron/scheduler/base_scheduler.py:57
