2026-06-14 07:55:31.954 17 DEBUG neutron.scheduler.dhcp_agent_scheduler [req-24f318c0-4b11-4036-842c-482d85b1c03e 1ba5722f7cb74b08ac4c869c9bee92d0 2de4637ea8ae44c3808baff829411df9 - default default] Network b4a8e6c0-2894-493a-9af4-4b47440543fd is already hosted by enough agents. _get_dhcp_agents_hosting_network /usr/lib/python3.9/site-packages/neutron/scheduler/dhcp_agent_scheduler.py:275
2026-06-14 07:55:31.956 17 DEBUG neutron.scheduler.base_scheduler [req-24f318c0-4b11-4036-842c-482d85b1c03e 1ba5722f7cb74b08ac4c869c9bee92d0 2de4637ea8ae44c3808baff829411df9 - default default] Resources bound (agent type, host, resource id): schedule /usr/lib/python3.9/site-packages/neutron/scheduler/base_scheduler.py:57
2026-06-14 07:55:31.962 17 DEBUG neutron.pecan_wsgi.hooks.policy_enforcement [req-24f318c0-4b11-4036-842c-482d85b1c03e 1ba5722f7cb74b08ac4c869c9bee92d0 2de4637ea8ae44c3808baff829411df9 - default default] Attributes excluded by policy engine: ['standard_attr_id', 'network'] _exclude_attributes_by_policy /usr/lib/python3.9/site-packages/neutron/pecan_wsgi/hooks/policy_enforcement.py:259
2026-06-14 07:55:31.962 17 DEBUG neutron_lib.callbacks.manager [req-24f318c0-4b11-4036-842c-482d85b1c03e 1ba5722f7cb74b08ac4c869c9bee92d0 2de4637ea8ae44c3808baff829411df9 - default default] Notify callbacks ['neutron.notifiers.nova.Notifier._send_nova_notification-148566', 'neutron.api.rpc.agentnotifiers.dhcp_rpc_agent_api.DhcpAgentNotifyAPI._send_dhcp_notification-717653'] for port, before_response _notify_loop /usr/lib/python3.9/site-packages/neutron_lib/callbacks/manager.py:200
2026-06-14 07:55:31.964 15 DEBUG neutron.scheduler.dhcp_agent_scheduler [req-cebf44eb-5df2-4241-9e16-59bec96ac68f 1ba5722f7cb74b08ac4c869c9bee92d0 2de4637ea8ae44c3808baff829411df9 - default default] Network b4a8e6c0-2894-493a-9af4-4b47440543fd is already hosted by enough agents. _get_dhcp_agents_hosting_network /usr/lib/python3.9/site-packages/neutron/scheduler/dhcp_agent_scheduler.py:275
2026-06-14 07:55:31.965 15 DEBUG neutron.scheduler.base_scheduler [req-cebf44eb-5df2-4241-9e16-59bec96ac68f 1ba5722f7cb74b08ac4c869c9bee92d0 2de4637ea8ae44c3808baff829411df9 - default default] Resources bound (agent type, host, resource id): schedule /usr/lib/python3.9/site-packages/neutron/scheduler/base_scheduler.py:57
2026-06-14 07:55:31.966 15 DEBUG neutron.pecan_wsgi.hooks.policy_enforcement [req-cebf44eb-5df2-4241-9e16-59bec96ac68f 1ba5722f7cb74b08ac4c869c9bee92d0 2de4637ea8ae44c3808baff829411df9 - default default] Attributes excluded by policy engine: ['standard_attr_id', 'network'] _exclude_attributes_by_policy /usr/lib/python3.9/site-packages/neutron/pecan_wsgi/hooks/policy_enforcement.py:259
2026-06-14 07:55:31.967 17 DEBUG neutron.api.rpc.handlers.resources_rpc [req-24f318c0-4b11-4036-842c-482d85b1c03e 1ba5722f7cb74b08ac4c869c9bee92d0 2de4637ea8ae44c3808baff829411df9 - - -] Pushing event updated for resources: {'Port': ['ID=56b38ebd-5838-4a8e-891b-41e127e2f049,revision_number=1']} push /usr/lib/python3.9/site-packages/neutron/api/rpc/handlers/resources_rpc.py:237
2026-06-14 07:55:31.967 15 DEBUG neutron_lib.callbacks.manager [req-cebf44eb-5df2-4241-9e16-59bec96ac68f 1ba5722f7cb74b08ac4c869c9bee92d0 2de4637ea8ae44c3808baff829411df9 - default default] Notify callbacks ['neutron.notifiers.nova.Notifier._send_nova_notification-148566', 'neutron.api.rpc.agentnotifiers.dhcp_rpc_agent_api.DhcpAgentNotifyAPI._send_dhcp_notification-717653'] for port, before_response _notify_loop /usr/lib/python3.9/site-packages/neutron_lib/callbacks/manager.py:200
2026-06-14 07:55:31.973 18 DEBUG neutron_lib.callbacks.manager [req-7cc1de62-f339-4f90-9909-d818564aa76f 1ba5722f7cb74b08ac4c869c9bee92d0 2de4637ea8ae44c3808baff829411df9 - default default] Notify callbacks [] for allowed_address_pair, before_create _notify_loop /usr/lib/python3.9/site-packages/neutron_lib/callbacks/manager.py:200
2026-06-14 07:55:31.973 17 DEBUG neutron.api.rpc.callbacks.version_manager [req-24f318c0-4b11-4036-842c-482d85b1c03e 1ba5722f7cb74b08ac4c869c9bee92d0 2de4637ea8ae44c3808baff829411df9 - - -] Version for resource type AddressGroup changed None to 1.2 on consumer Open vSwitch agent@undercloud.ooo.test _set_version /usr/lib/python3.9/site-packages/neutron/api/rpc/callbacks/version_manager.py:113
2026-06-14 07:55:31.973 17 DEBUG neutron.api.rpc.callbacks.version_manager [req-24f318c0-4b11-4036-842c-482d85b1c03e 1ba5722f7cb74b08ac4c869c9bee92d0 2de4637ea8ae44c3808baff829411df9 - - -] Version for resource type ConntrackHelper changed None to 1.0 on consumer Open vSwitch agent@undercloud.ooo.test _set_version /usr/lib/python3.9/site-packages/neutron/api/rpc/callbacks/version_manager.py:113
2026-06-14 07:55:31.974 18 DEBUG neutron_lib.callbacks.manager [req-7cc1de62-f339-4f90-9909-d818564aa76f 1ba5722f7cb74b08ac4c869c9bee92d0 2de4637ea8ae44c3808baff829411df9 - default default] Notify callbacks [] for port, precommit_create _notify_loop /usr/lib/python3.9/site-packages/neutron_lib/callbacks/manager.py:200
2026-06-14 07:55:31.974 17 DEBUG neutron.api.rpc.callbacks.version_manager [req-24f318c0-4b11-4036-842c-482d85b1c03e 1ba5722f7cb74b08ac4c869c9bee92d0 2de4637ea8ae44c3808baff829411df9 - - -] Version for resource type Log changed None to 1.0 on consumer Open vSwitch agent@undercloud.ooo.test _set_version /usr/lib/python3.9/site-packages/neutron/api/rpc/callbacks/version_manager.py:113
2026-06-14 07:55:31.974 17 DEBUG neutron.api.rpc.callbacks.version_manager [req-24f318c0-4b11-4036-842c-482d85b1c03e 1ba5722f7cb74b08ac4c869c9bee92d0 2de4637ea8ae44c3808baff829411df9 - - -] Version for resource type Network changed None to 1.1 on consumer Open vSwitch agent@undercloud.ooo.test _set_version /usr/lib/python3.9/site-packages/neutron/api/rpc/callbacks/version_manager.py:113
2026-06-14 07:55:31.974 17 DEBUG neutron.api.rpc.callbacks.version_manager [req-24f318c0-4b11-4036-842c-482d85b1c03e 1ba5722f7cb74b08ac4c869c9bee92d0 2de4637ea8ae44c3808baff829411df9 - - -] Version for resource type Port changed None to 1.7 on consumer Open vSwitch agent@undercloud.ooo.test _set_version /usr/lib/python3.9/site-packages/neutron/api/rpc/callbacks/version_manager.py:113
2026-06-14 07:55:31.974 17 DEBUG neutron.api.rpc.callbacks.version_manager [req-24f318c0-4b11-4036-842c-482d85b1c03e 1ba5722f7cb74b08ac4c869c9bee92d0 2de4637ea8ae44c3808baff829411df9 - - -] Version for resource type PortForwarding changed None to 1.2 on consumer Open vSwitch agent@undercloud.ooo.test _set_version /usr/lib/python3.9/site-packages/neutron/api/rpc/callbacks/version_manager.py:113
2026-06-14 07:55:31.974 17 DEBUG neutron.api.rpc.callbacks.version_manager [req-24f318c0-4b11-4036-842c-482d85b1c03e 1ba5722f7cb74b08ac4c869c9bee92d0 2de4637ea8ae44c3808baff829411df9 - - -] Version for resource type QosPolicy changed None to 1.8 on consumer Open vSwitch agent@undercloud.ooo.test _set_version /usr/lib/python3.9/site-packages/neutron/api/rpc/callbacks/version_manager.py:113
2026-06-14 07:55:31.974 17 DEBUG neutron.api.rpc.callbacks.version_manager [req-24f318c0-4b11-4036-842c-482d85b1c03e 1ba5722f7cb74b08ac4c869c9bee92d0 2de4637ea8ae44c3808baff829411df9 - - -] Version for resource type SecurityGroup changed None to 1.5 on consumer Open vSwitch agent@undercloud.ooo.test _set_version /usr/lib/python3.9/site-packages/neutron/api/rpc/callbacks/version_manager.py:113
2026-06-14 07:55:31.975 17 DEBUG neutron.api.rpc.callbacks.version_manager [req-24f318c0-4b11-4036-842c-482d85b1c03e 1ba5722f7cb74b08ac4c869c9bee92d0 2de4637ea8ae44c3808baff829411df9 - - -] Version for resource type SecurityGroupRule changed None to 1.2 on consumer Open vSwitch agent@undercloud.ooo.test _set_version /usr/lib/python3.9/site-packages/neutron/api/rpc/callbacks/version_manager.py:113
2026-06-14 07:55:31.975 17 DEBUG neutron.api.rpc.callbacks.version_manager [req-24f318c0-4b11-4036-842c-482d85b1c03e 1ba5722f7cb74b08ac4c869c9bee92d0 2de4637ea8ae44c3808baff829411df9 - - -] Version for resource type SubPort changed None to 1.0 on consumer Open vSwitch agent@undercloud.ooo.test _set_version /usr/lib/python3.9/site-packages/neutron/api/rpc/callbacks/version_manager.py:113
2026-06-14 07:55:31.975 17 DEBUG neutron.api.rpc.callbacks.version_manager [req-24f318c0-4b11-4036-842c-482d85b1c03e 1ba5722f7cb74b08ac4c869c9bee92d0 2de4637ea8ae44c3808baff829411df9 - - -] Version for resource type Subnet changed None to 1.1 on consumer Open vSwitch agent@undercloud.ooo.test _set_version /usr/lib/python3.9/site-packages/neutron/api/rpc/callbacks/version_manager.py:113
2026-06-14 07:55:31.975 17 DEBUG neutron.api.rpc.callbacks.version_manager [req-24f318c0-4b11-4036-842c-482d85b1c03e 1ba5722f7cb74b08ac4c869c9bee92d0 2de4637ea8ae44c3808baff829411df9 - - -] Version for resource type Trunk changed None to 1.1 on consumer Open vSwitch agent@undercloud.ooo.test _set_version /usr/lib/python3.9/site-packages/neutron/api/rpc/callbacks/version_manager.py:113
2026-06-14 07:55:31.978 15 DEBUG neutron.api.rpc.handlers.resources_rpc [req-cebf44eb-5df2-4241-9e16-59bec96ac68f 1ba5722f7cb74b08ac4c869c9bee92d0 2de4637ea8ae44c3808baff829411df9 - - -] Pushing event updated for resources: {'Port': ['ID=93f425ec-2f7c-406d-9eb2-88c05d372a34,revision_number=1']} push /usr/lib/python3.9/site-packages/neutron/api/rpc/handlers/resources_rpc.py:237
2026-06-14 07:55:31.983 17 INFO neutron.wsgi [req-24f318c0-4b11-4036-842c-482d85b1c03e 1ba5722f7cb74b08ac4c869c9bee92d0 2de4637ea8ae44c3808baff829411df9 - default default] 192.168.122.99,192.168.122.100 "POST /v2.0/ports HTTP/1.1" status: 201 len: 1016 time: 0.3095629
2026-06-14 07:55:31.983 15 INFO neutron.wsgi [req-cebf44eb-5df2-4241-9e16-59bec96ac68f 1ba5722f7cb74b08ac4c869c9bee92d0 2de4637ea8ae44c3808baff829411df9 - default default] 192.168.122.99,192.168.122.100 "POST /v2.0/ports HTTP/1.1" status: 201 len: 1016 time: 0.2861319
2026-06-14 07:55:31.989 18 DEBUG neutron_lib.callbacks.manager [req-7cc1de62-f339-4f90-9909-d818564aa76f 1ba5722f7cb74b08ac4c869c9bee92d0 2de4637ea8ae44c3808baff829411df9 - default default] Notify callbacks ['neutron.plugins.ml2.plugin.SecurityGroupServerNotifierRpcMixin.notify_sg_on_port_change-3675204', 'neutron.plugins.ml2.extensions.dns_integration._create_port_in_external_dns_service-8767837805770', 'neutron.plugins.ml2.ovo_rpc._ObjectChangeHandler.handle_event-346890', 'neutron.api.rpc.agentnotifiers.dhcp_rpc_agent_api.DhcpAgentNotifyAPI._native_event_send_dhcp_notification-717671', 'neutron.services.segments.plugin.NovaSegmentNotifier._notify_port_created_or_deleted-985535'] for port, after_create _notify_loop /usr/lib/python3.9/site-packages/neutron_lib/callbacks/manager.py:200
2026-06-14 07:55:31.994 15 DEBUG neutron.services.tag.tag_plugin [req-272dfc35-145b-4134-a251-eaa755255e2d 1ba5722f7cb74b08ac4c869c9bee92d0 2de4637ea8ae44c3808baff829411df9 - default default] neutron.services.tag.tag_plugin.TagPlugin method update_tags called with arguments (, 'ports', '56b38ebd-5838-4a8e-891b-41e127e2f049', {'tags': ['tripleo_stack_name=overcloud', 'tripleo_ovn_physnet=datacentre']}) {} wrapper /usr/lib/python3.9/site-packages/oslo_log/helpers.py:65
2026-06-14 07:55:31.997 17 DEBUG neutron.services.tag.tag_plugin [req-c8b3116b-d801-4e5c-8b4d-bf27c427c2e9 1ba5722f7cb74b08ac4c869c9bee92d0 2de4637ea8ae44c3808baff829411df9 - default default] neutron.services.tag.tag_plugin.TagPlugin method update_tags called with arguments (, 'ports', '93f425ec-2f7c-406d-9eb2-88c05d372a34', {'tags': ['tripleo_stack_name=overcloud', 'tripleo_ovn_physnet=datacentre']}) {} wrapper /usr/lib/python3.9/site-packages/oslo_log/helpers.py:65
2026-06-14 07:55:32.020 18 DEBUG neutron.scheduler.dhcp_agent_scheduler [req-7cc1de62-f339-4f90-9909-d818564aa76f 1ba5722f7cb74b08ac4c869c9bee92d0 2de4637ea8ae44c3808baff829411df9 - default default] Network b4a8e6c0-2894-493a-9af4-4b47440543fd is already hosted by enough agents. _get_dhcp_agents_hosting_network /usr/lib/python3.9/site-packages/neutron/scheduler/dhcp_agent_scheduler.py:275
2026-06-14 07:55:32.022 18 DEBUG neutron.scheduler.base_scheduler [req-7cc1de62-f339-4f90-9909-d818564aa76f 1ba5722f7cb74b08ac4c869c9bee92d0 2de4637ea8ae44c3808baff829411df9 - default default] Resources bound (agent type, host, resource id): schedule /usr/lib/python3.9/site-packages/neutron/scheduler/base_scheduler.py:57
2026-06-14 07:55:32.029 15 INFO neutron.wsgi [req-272dfc35-145b-4134-a251-eaa755255e2d 1ba5722f7cb74b08ac4c869c9bee92d0 2de4637ea8ae44c3808baff829411df9 - default default] 192.168.122.99,192.168.122.100 "PUT /v2.0/ports/56b38ebd-5838-4a8e-891b-41e127e2f049/tags HTTP/1.1" status: 200 len: 250 time: 0.0369179
2026-06-14 07:55:32.028 18 DEBUG neutron.pecan_wsgi.hooks.policy_enforcement [req-7cc1de62-f339-4f90-9909-d818564aa76f 1ba5722f7cb74b08ac4c869c9bee92d0 2de4637ea8ae44c3808baff829411df9 - default default] Attributes excluded by policy engine: ['standard_attr_id', 'network'] _exclude_attributes_by_policy /usr/lib/python3.9/site-packages/neutron/pecan_wsgi/hooks/policy_enforcement.py:259
2026-06-14 07:55:32.029 18 DEBUG neutron_lib.callbacks.manager [req-7cc1de62-f339-4f90-9909-d818564aa76f 1ba5722f7cb74b08ac4c869c9bee92d0 2de4637ea8ae44c3808baff829411df9 - default default] Notify callbacks ['neutron.notifiers.nova.Notifier._send_nova_notification-148566', 'neutron.api.rpc.agentnotifiers.dhcp_rpc_agent_api.DhcpAgentNotifyAPI._send_dhcp_notification-717653'] for port, before_response _notify_loop /usr/lib/python3.9/site-packages/neutron_lib/callbacks/manager.py:200
2026-06-14 07:55:32.031 18 DEBUG neutron.api.rpc.handlers.resources_rpc [req-7cc1de62-f339-4f90-9909-d818564aa76f 1ba5722f7cb74b08ac4c869c9bee92d0 2de4637ea8ae44c3808baff829411df9 - - -] Pushing event updated for resources: {'Port': ['ID=80114e8c-f373-47c2-aaef-3a9cecb92687,revision_number=1']} push /usr/lib/python3.9/site-packages/neutron/api/rpc/handlers/resources_rpc.py:237
2026-06-14 07:55:32.033 17 INFO neutron.wsgi [req-c8b3116b-d801-4e5c-8b4d-bf27c427c2e9 1ba5722f7cb74b08ac4c869c9bee92d0 2de4637ea8ae44c3808baff829411df9 - default default] 192.168.122.99,192.168.122.100 "PUT /v2.0/ports/93f425ec-2f7c-406d-9eb2-88c05d372a34/tags HTTP/1.1" status: 200 len: 250 time: 0.0388117
2026-06-14 07:55:32.040 18 INFO neutron.wsgi [req-7cc1de62-f339-4f90-9909-d818564aa76f 1ba5722f7cb74b08ac4c869c9bee92d0 2de4637ea8ae44c3808baff829411df9 - default default] 192.168.122.99,192.168.122.100 "POST /v2.0/ports HTTP/1.1" status: 201 len: 1016 time: 0.3484614
2026-06-14 07:55:32.049 18 DEBUG neutron.services.tag.tag_plugin [req-a2d405bb-5a3e-47c4-ad8d-d28425a6cfc0 1ba5722f7cb74b08ac4c869c9bee92d0 2de4637ea8ae44c3808baff829411df9 - default default] neutron.services.tag.tag_plugin.TagPlugin method update_tags called with arguments (, 'ports', '80114e8c-f373-47c2-aaef-3a9cecb92687', {'tags': ['tripleo_stack_name=overcloud', 'tripleo_ovn_physnet=datacentre']}) {} wrapper /usr/lib/python3.9/site-packages/oslo_log/helpers.py:65
2026-06-14 07:55:32.115 18 INFO neutron.wsgi [req-a2d405bb-5a3e-47c4-ad8d-d28425a6cfc0 1ba5722f7cb74b08ac4c869c9bee92d0 2de4637ea8ae44c3808baff829411df9 - default default] 192.168.122.99,192.168.122.100 "PUT /v2.0/ports/80114e8c-f373-47c2-aaef-3a9cecb92687/tags HTTP/1.1" status: 200 len: 250 time: 0.0695317
2026-06-14 07:55:32.214 18 DEBUG neutron.pecan_wsgi.hooks.policy_enforcement [req-ce86102e-06bc-4bdc-8882-a4e9c4648b26 1ba5722f7cb74b08ac4c869c9bee92d0 2de4637ea8ae44c3808baff829411df9 - default default] Attributes excluded by policy engine: ['standard_attr_id'] _exclude_attributes_by_policy /usr/lib/python3.9/site-packages/neutron/pecan_wsgi/hooks/policy_enforcement.py:259
2026-06-14 07:55:32.215 18 DEBUG neutron.pecan_wsgi.hooks.policy_enforcement [req-ce86102e-06bc-4bdc-8882-a4e9c4648b26 1ba5722f7cb74b08ac4c869c9bee92d0 2de4637ea8ae44c3808baff829411df9 - default default] Attributes excluded by policy engine: ['standard_attr_id'] _exclude_attributes_by_policy /usr/lib/python3.9/site-packages/neutron/pecan_wsgi/hooks/policy_enforcement.py:259
2026-06-14 07:55:32.215 18 DEBUG neutron.pecan_wsgi.hooks.policy_enforcement [req-ce86102e-06bc-4bdc-8882-a4e9c4648b26 1ba5722f7cb74b08ac4c869c9bee92d0 2de4637ea8ae44c3808baff829411df9 - default default] Attributes excluded by policy engine: ['standard_attr_id'] _exclude_attributes_by_policy /usr/lib/python3.9/site-packages/neutron/pecan_wsgi/hooks/policy_enforcement.py:259
2026-06-14 07:55:32.216 18 DEBUG neutron.pecan_wsgi.hooks.policy_enforcement [req-ce86102e-06bc-4bdc-8882-a4e9c4648b26 1ba5722f7cb74b08ac4c869c9bee92d0 2de4637ea8ae44c3808baff829411df9 - default default] Attributes excluded by policy engine: ['standard_attr_id'] _exclude_attributes_by_policy /usr/lib/python3.9/site-packages/neutron/pecan_wsgi/hooks/policy_enforcement.py:259
2026-06-14 07:55:32.216 18 DEBUG neutron.pecan_wsgi.hooks.policy_enforcement [req-ce86102e-06bc-4bdc-8882-a4e9c4648b26 1ba5722f7cb74b08ac4c869c9bee92d0 2de4637ea8ae44c3808baff829411df9 - default default] Attributes excluded by policy engine: ['standard_attr_id'] _exclude_attributes_by_policy /usr/lib/python3.9/site-packages/neutron/pecan_wsgi/hooks/policy_enforcement.py:259
2026-06-14 07:55:32.216 18 DEBUG neutron.pecan_wsgi.hooks.policy_enforcement [req-ce86102e-06bc-4bdc-8882-a4e9c4648b26 1ba5722f7cb74b08ac4c869c9bee92d0 2de4637ea8ae44c3808baff829411df9 - default default] Attributes excluded by policy engine: ['standard_attr_id'] _exclude_attributes_by_policy /usr/lib/python3.9/site-packages/neutron/pecan_wsgi/hooks/policy_enforcement.py:259
2026-06-14 07:55:32.218 15 DEBUG neutron.wsgi [-] (15) accepted ('192.168.122.100', 42972) server /usr/lib/python3.9/site-packages/eventlet/wsgi.py:992
2026-06-14 07:55:32.222 15 INFO neutron.wsgi [-] 192.168.122.100 "GET /healthcheck HTTP/1.0" status: 200 len: 137 time: 0.0027440
2026-06-14 07:55:32.218 18 INFO neutron.wsgi [req-ce86102e-06bc-4bdc-8882-a4e9c4648b26 1ba5722f7cb74b08ac4c869c9bee92d0 2de4637ea8ae44c3808baff829411df9 - default default] 192.168.122.99,192.168.122.100 "GET /v2.0/ports?network_id=b4a8e6c0-2894-493a-9af4-4b47440543fd&tags=tripleo_stack_name%3Dovercloud HTTP/1.1" status: 200 len: 5533 time: 0.1000514
2026-06-14 07:55:32.284 18 DEBUG neutron.plugins.ml2.plugin [req-6a23ce71-bebf-49c9-ba52-98d2325b52f9 1ba5722f7cb74b08ac4c869c9bee92d0 2de4637ea8ae44c3808baff829411df9 - default default] Deleting port 00ff6ea8-ca40-4691-8777-e1fcff7510fa _pre_delete_port /usr/lib/python3.9/site-packages/neutron/plugins/ml2/plugin.py:2025
2026-06-14 07:55:32.285 18 DEBUG neutron_lib.callbacks.manager [req-6a23ce71-bebf-49c9-ba52-98d2325b52f9 1ba5722f7cb74b08ac4c869c9bee92d0 2de4637ea8ae44c3808baff829411df9 - default default] Notify callbacks ['neutron.plugins.ml2.extensions.dns_integration._delete_port_in_external_dns_service-8767837805806', 'neutron.db.l3_db.L3_NAT_dbonly_mixin._prevent_l3_port_delete_callback-8767837869707'] for port, before_delete _notify_loop /usr/lib/python3.9/site-packages/neutron_lib/callbacks/manager.py:200
2026-06-14 07:55:32.412 18 DEBUG neutron_lib.callbacks.manager [req-6a23ce71-bebf-49c9-ba52-98d2325b52f9 1ba5722f7cb74b08ac4c869c9bee92d0 2de4637ea8ae44c3808baff829411df9 - default default] Notify callbacks ['neutron.services.l3_router.l3_router_plugin.L3_NAT_dbonly_mixin._precommit_delete_port_callback-565189'] for port, precommit_delete _notify_loop /usr/lib/python3.9/site-packages/neutron_lib/callbacks/manager.py:200
2026-06-14 07:55:32.421 18 DEBUG neutron.plugins.ml2.plugin [req-6a23ce71-bebf-49c9-ba52-98d2325b52f9 1ba5722f7cb74b08ac4c869c9bee92d0 2de4637ea8ae44c3808baff829411df9 - default default] Calling delete_port for 00ff6ea8-ca40-4691-8777-e1fcff7510fa owned by delete_port /usr/lib/python3.9/site-packages/neutron/plugins/ml2/plugin.py:2097
2026-06-14 07:55:32.485 18 DEBUG neutron_lib.callbacks.manager [req-6a23ce71-bebf-49c9-ba52-98d2325b52f9 1ba5722f7cb74b08ac4c869c9bee92d0 2de4637ea8ae44c3808baff829411df9 - default default] Notify callbacks ['neutron.plugins.ml2.plugin.SecurityGroupServerNotifierRpcMixin.notify_sg_on_port_change-3675204', 'neutron.plugins.ml2.ovo_rpc._ObjectChangeHandler.handle_event-346890', 'neutron.api.rpc.agentnotifiers.dhcp_rpc_agent_api.DhcpAgentNotifyAPI._native_event_send_dhcp_notification-717671', 'neutron.db.l3_db.L3RpcNotifierMixin._notify_routers_callback-8767837843420', 'neutron.services.segments.plugin.NovaSegmentNotifier._notify_port_created_or_deleted-985535'] for port, after_delete _notify_loop /usr/lib/python3.9/site-packages/neutron_lib/callbacks/manager.py:200
2026-06-14 07:55:32.507 18 DEBUG neutron.api.rpc.handlers.resources_rpc [req-6a23ce71-bebf-49c9-ba52-98d2325b52f9 1ba5722f7cb74b08ac4c869c9bee92d0 2de4637ea8ae44c3808baff829411df9 - - -] Pushing event deleted for resources: {'Port': ['ID=00ff6ea8-ca40-4691-8777-e1fcff7510fa,revision_number=None']} push /usr/lib/python3.9/site-packages/neutron/api/rpc/handlers/resources_rpc.py:237
2026-06-14 07:55:32.534 18 DEBUG neutron_lib.callbacks.manager [req-6a23ce71-bebf-49c9-ba52-98d2325b52f9 1ba5722f7cb74b08ac4c869c9bee92d0 2de4637ea8ae44c3808baff829411df9 - default default] Notify callbacks ['neutron.notifiers.nova.Notifier._send_nova_notification-148566', 'neutron.api.rpc.agentnotifiers.dhcp_rpc_agent_api.DhcpAgentNotifyAPI._send_dhcp_notification-717653'] for port, before_response _notify_loop /usr/lib/python3.9/site-packages/neutron_lib/callbacks/manager.py:200
2026-06-14 07:55:32.535 18 INFO neutron.wsgi [req-6a23ce71-bebf-49c9-ba52-98d2325b52f9 1ba5722f7cb74b08ac4c869c9bee92d0 2de4637ea8ae44c3808baff829411df9 - default default] 192.168.122.99,192.168.122.100 "DELETE /v2.0/ports/00ff6ea8-ca40-4691-8777-e1fcff7510fa HTTP/1.1" status: 204 len: 149 time: 0.3096421
2026-06-14 07:55:32.576 18 DEBUG neutron.plugins.ml2.plugin [req-be8ecd54-0885-4c0a-bed6-28334ede18e5 1ba5722f7cb74b08ac4c869c9bee92d0 2de4637ea8ae44c3808baff829411df9 - default default] Deleting port 5b6f3a7f-71c3-42da-9ecd-ae2d8fd279c6 _pre_delete_port /usr/lib/python3.9/site-packages/neutron/plugins/ml2/plugin.py:2025
2026-06-14 07:55:32.577 18 DEBUG neutron_lib.callbacks.manager [req-be8ecd54-0885-4c0a-bed6-28334ede18e5 1ba5722f7cb74b08ac4c869c9bee92d0 2de4637ea8ae44c3808baff829411df9 - default default] Notify callbacks ['neutron.plugins.ml2.extensions.dns_integration._delete_port_in_external_dns_service-8767837805806', 'neutron.db.l3_db.L3_NAT_dbonly_mixin._prevent_l3_port_delete_callback-8767837869707'] for port, before_delete _notify_loop /usr/lib/python3.9/site-packages/neutron_lib/callbacks/manager.py:200
2026-06-14 07:55:32.661 18 DEBUG neutron_lib.callbacks.manager [req-be8ecd54-0885-4c0a-bed6-28334ede18e5 1ba5722f7cb74b08ac4c869c9bee92d0 2de4637ea8ae44c3808baff829411df9 - default default] Notify callbacks ['neutron.services.l3_router.l3_router_plugin.L3_NAT_dbonly_mixin._precommit_delete_port_callback-565189'] for port, precommit_delete _notify_loop /usr/lib/python3.9/site-packages/neutron_lib/callbacks/manager.py:200
2026-06-14 07:55:32.668 18 DEBUG neutron.plugins.ml2.plugin [req-be8ecd54-0885-4c0a-bed6-28334ede18e5 1ba5722f7cb74b08ac4c869c9bee92d0 2de4637ea8ae44c3808baff829411df9 - default default] Calling delete_port for 5b6f3a7f-71c3-42da-9ecd-ae2d8fd279c6 owned by delete_port /usr/lib/python3.9/site-packages/neutron/plugins/ml2/plugin.py:2097
2026-06-14 07:55:32.703 18 DEBUG neutron_lib.callbacks.manager [req-be8ecd54-0885-4c0a-bed6-28334ede18e5 1ba5722f7cb74b08ac4c869c9bee92d0 2de4637ea8ae44c3808baff829411df9 - default default] Notify callbacks ['neutron.plugins.ml2.plugin.SecurityGroupServerNotifierRpcMixin.notify_sg_on_port_change-3675204', 'neutron.plugins.ml2.ovo_rpc._ObjectChangeHandler.handle_event-346890', 'neutron.api.rpc.agentnotifiers.dhcp_rpc_agent_api.DhcpAgentNotifyAPI._native_event_send_dhcp_notification-717671', 'neutron.db.l3_db.L3RpcNotifierMixin._notify_routers_callback-8767837843420', 'neutron.services.segments.plugin.NovaSegmentNotifier._notify_port_created_or_deleted-985535'] for port, after_delete _notify_loop /usr/lib/python3.9/site-packages/neutron_lib/callbacks/manager.py:200
2026-06-14 07:55:32.724 18 DEBUG neutron.api.rpc.handlers.resources_rpc [req-be8ecd54-0885-4c0a-bed6-28334ede18e5 1ba5722f7cb74b08ac4c869c9bee92d0 2de4637ea8ae44c3808baff829411df9 - - -] Pushing event deleted for resources: {'Port': ['ID=5b6f3a7f-71c3-42da-9ecd-ae2d8fd279c6,revision_number=None']} push /usr/lib/python3.9/site-packages/neutron/api/rpc/handlers/resources_rpc.py:237
2026-06-14 07:55:32.727 18 DEBUG neutron_lib.callbacks.manager [req-be8ecd54-0885-4c0a-bed6-28334ede18e5 1ba5722f7cb74b08ac4c869c9bee92d0 2de4637ea8ae44c3808baff829411df9 - default default] Notify callbacks ['neutron.notifiers.nova.Notifier._send_nova_notification-148566', 'neutron.api.rpc.agentnotifiers.dhcp_rpc_agent_api.DhcpAgentNotifyAPI._send_dhcp_notification-717653'] for port, before_response _notify_loop /usr/lib/python3.9/site-packages/neutron_lib/callbacks/manager.py:200
2026-06-14 07:55:32.728 18 INFO neutron.wsgi [req-be8ecd54-0885-4c0a-bed6-28334ede18e5 1ba5722f7cb74b08ac4c869c9bee92d0 2de4637ea8ae44c3808baff829411df9 - default default] 192.168.122.99,192.168.122.100 "DELETE /v2.0/ports/5b6f3a7f-71c3-42da-9ecd-ae2d8fd279c6 HTTP/1.1" status: 204 len: 149 time: 0.1838801
2026-06-14 07:55:32.767 18 DEBUG neutron.plugins.ml2.plugin [req-fbe87073-8d84-4e70-b19b-fb894da76fff 1ba5722f7cb74b08ac4c869c9bee92d0 2de4637ea8ae44c3808baff829411df9 - default default] Deleting port b66b4297-50fd-444e-9c95-d4b0eb58ca94 _pre_delete_port /usr/lib/python3.9/site-packages/neutron/plugins/ml2/plugin.py:2025
2026-06-14 07:55:32.768 18 DEBUG neutron_lib.callbacks.manager [req-fbe87073-8d84-4e70-b19b-fb894da76fff 1ba5722f7cb74b08ac4c869c9bee92d0 2de4637ea8ae44c3808baff829411df9 - default default] Notify callbacks ['neutron.plugins.ml2.extensions.dns_integration._delete_port_in_external_dns_service-8767837805806', 'neutron.db.l3_db.L3_NAT_dbonly_mixin._prevent_l3_port_delete_callback-8767837869707'] for port, before_delete _notify_loop /usr/lib/python3.9/site-packages/neutron_lib/callbacks/manager.py:200
2026-06-14 07:55:32.860 18 DEBUG neutron_lib.callbacks.manager [req-fbe87073-8d84-4e70-b19b-fb894da76fff 1ba5722f7cb74b08ac4c869c9bee92d0 2de4637ea8ae44c3808baff829411df9 - default default] Notify callbacks ['neutron.services.l3_router.l3_router_plugin.L3_NAT_dbonly_mixin._precommit_delete_port_callback-565189'] for port, precommit_delete _notify_loop /usr/lib/python3.9/site-packages/neutron_lib/callbacks/manager.py:200
2026-06-14 07:55:32.869 18 DEBUG neutron.plugins.ml2.plugin [req-fbe87073-8d84-4e70-b19b-fb894da76fff 1ba5722f7cb74b08ac4c869c9bee92d0 2de4637ea8ae44c3808baff829411df9 - default default] Calling delete_port for b66b4297-50fd-444e-9c95-d4b0eb58ca94 owned by delete_port /usr/lib/python3.9/site-packages/neutron/plugins/ml2/plugin.py:2097
2026-06-14 07:55:32.911 18 DEBUG neutron_lib.callbacks.manager [req-fbe87073-8d84-4e70-b19b-fb894da76fff 1ba5722f7cb74b08ac4c869c9bee92d0 2de4637ea8ae44c3808baff829411df9 - default default] Notify callbacks ['neutron.plugins.ml2.plugin.SecurityGroupServerNotifierRpcMixin.notify_sg_on_port_change-3675204', 'neutron.plugins.ml2.ovo_rpc._ObjectChangeHandler.handle_event-346890', 'neutron.api.rpc.agentnotifiers.dhcp_rpc_agent_api.DhcpAgentNotifyAPI._native_event_send_dhcp_notification-717671', 'neutron.db.l3_db.L3RpcNotifierMixin._notify_routers_callback-8767837843420', 'neutron.services.segments.plugin.NovaSegmentNotifier._notify_port_created_or_deleted-985535'] for port, after_delete _notify_loop /usr/lib/python3.9/site-packages/neutron_lib/callbacks/manager.py:200
2026-06-14 07:55:32.934 18 DEBUG neutron.api.rpc.handlers.resources_rpc [req-fbe87073-8d84-4e70-b19b-fb894da76fff 1ba5722f7cb74b08ac4c869c9bee92d0 2de4637ea8ae44c3808baff829411df9 - - -] Pushing event deleted for resources: {'Port': ['ID=b66b4297-50fd-444e-9c95-d4b0eb58ca94,revision_number=None']} push /usr/lib/python3.9/site-packages/neutron/api/rpc/handlers/resources_rpc.py:237
2026-06-14 07:55:32.938 18 DEBUG neutron_lib.callbacks.manager [req-fbe87073-8d84-4e70-b19b-fb894da76fff 1ba5722f7cb74b08ac4c869c9bee92d0 2de4637ea8ae44c3808baff829411df9 - default default] Notify callbacks ['neutron.notifiers.nova.Notifier._send_nova_notification-148566', 'neutron.api.rpc.agentnotifiers.dhcp_rpc_agent_api.DhcpAgentNotifyAPI._send_dhcp_notification-717653'] for port, before_response _notify_loop /usr/lib/python3.9/site-packages/neutron_lib/callbacks/manager.py:200
2026-06-14 07:55:32.939 18 INFO neutron.wsgi [req-fbe87073-8d84-4e70-b19b-fb894da76fff 1ba5722f7cb74b08ac4c869c9bee92d0 2de4637ea8ae44c3808baff829411df9 - default default] 192.168.122.99,192.168.122.100 "DELETE /v2.0/ports/b66b4297-50fd-444e-9c95-d4b0eb58ca94 HTTP/1.1" status: 204 len: 149 time: 0.1984212
2026-06-14 07:55:32.994 18 DEBUG neutron.pecan_wsgi.hooks.policy_enforcement [req-4672ae04-52fa-4272-81f4-a3e689ec40da 1ba5722f7cb74b08ac4c869c9bee92d0 2de4637ea8ae44c3808baff829411df9 - default default] Attributes excluded by policy engine: ['standard_attr_id'] _exclude_attributes_by_policy /usr/lib/python3.9/site-packages/neutron/pecan_wsgi/hooks/policy_enforcement.py:259
2026-06-14 07:55:32.994 18 DEBUG neutron.pecan_wsgi.hooks.policy_enforcement [req-4672ae04-52fa-4272-81f4-a3e689ec40da 1ba5722f7cb74b08ac4c869c9bee92d0 2de4637ea8ae44c3808baff829411df9 - default default] Attributes excluded by policy engine: ['standard_attr_id'] _exclude_attributes_by_policy /usr/lib/python3.9/site-packages/neutron/pecan_wsgi/hooks/policy_enforcement.py:259
2026-06-14 07:55:32.994 18 DEBUG neutron.pecan_wsgi.hooks.policy_enforcement [req-4672ae04-52fa-4272-81f4-a3e689ec40da 1ba5722f7cb74b08ac4c869c9bee92d0 2de4637ea8ae44c3808baff829411df9 - default default] Attributes excluded by policy engine: ['standard_attr_id'] _exclude_attributes_by_policy /usr/lib/python3.9/site-packages/neutron/pecan_wsgi/hooks/policy_enforcement.py:259
2026-06-14 07:55:32.995 18 INFO neutron.wsgi [req-4672ae04-52fa-4272-81f4-a3e689ec40da 1ba5722f7cb74b08ac4c869c9bee92d0 2de4637ea8ae44c3808baff829411df9 - default default] 192.168.122.99,192.168.122.100 "GET /v2.0/ports?network_id=b4a8e6c0-2894-493a-9af4-4b47440543fd&tags=tripleo_stack_name%3Dovercloud HTTP/1.1" status: 200 len: 2860 time: 0.0469520
2026-06-14 07:55:34.224 17 DEBUG neutron.wsgi [-] (17) accepted ('192.168.122.100', 42986) server /usr/lib/python3.9/site-packages/eventlet/wsgi.py:992
2026-06-14 07:55:34.226 17 INFO neutron.wsgi [-] 192.168.122.100 "GET /healthcheck HTTP/1.0" status: 200 len: 137 time: 0.0014319
2026-06-14 07:55:36.227 15 DEBUG neutron.wsgi [-] (15) accepted ('192.168.122.100', 42990) server /usr/lib/python3.9/site-packages/eventlet/wsgi.py:992
2026-06-14 07:55:36.231 15 INFO neutron.wsgi [-] 192.168.122.100 "GET /healthcheck HTTP/1.0" status: 200 len: 137 time: 0.0020514
2026-06-14 07:55:38.232 18 DEBUG neutron.wsgi [-] (18) accepted ('192.168.122.100', 49918) server /usr/lib/python3.9/site-packages/eventlet/wsgi.py:992
2026-06-14 07:55:38.234 18 INFO neutron.wsgi [-] 192.168.122.100 "GET /healthcheck HTTP/1.0" status: 200 len: 137 time: 0.0015957
2026-06-14 07:55:40.236 16 DEBUG neutron.wsgi [-] (16) accepted ('192.168.122.100', 49920) server /usr/lib/python3.9/site-packages/eventlet/wsgi.py:992
2026-06-14 07:55:40.240 16 INFO neutron.wsgi [-] 192.168.122.100 "GET /healthcheck HTTP/1.0" status: 200 len: 137 time: 0.0029044
2026-06-14 07:55:42.242 16 DEBUG neutron.wsgi [-] (16) accepted ('192.168.122.100', 49934) server /usr/lib/python3.9/site-packages/eventlet/wsgi.py:992
2026-06-14 07:55:42.247 16 INFO neutron.wsgi [-] 192.168.122.100 "GET /healthcheck HTTP/1.0" status: 200 len: 137 time: 0.0027242
2026-06-14 07:55:44.249 16 DEBUG neutron.wsgi [-] (16) accepted ('192.168.122.100', 49936) server /usr/lib/python3.9/site-packages/eventlet/wsgi.py:992
2026-06-14 07:55:44.252 16 INFO neutron.wsgi [-] 192.168.122.100 "GET /healthcheck HTTP/1.0" status: 200 len: 137 time: 0.0024791
2026-06-14 07:55:46.255 15 DEBUG neutron.wsgi [-] (15) accepted ('192.168.122.100', 49948) server /usr/lib/python3.9/site-packages/eventlet/wsgi.py:992
2026-06-14 07:55:46.259 15 INFO neutron.wsgi [-] 192.168.122.100 "GET /healthcheck HTTP/1.0" status: 200 len: 137 time: 0.0027452
2026-06-14 07:55:48.260 16 DEBUG neutron.wsgi [-] (16) accepted ('192.168.122.100', 49680) server /usr/lib/python3.9/site-packages/eventlet/wsgi.py:992
2026-06-14 07:55:48.262 16 INFO neutron.wsgi [-] 192.168.122.100 "GET /healthcheck HTTP/1.0" status: 200 len: 137 time: 0.0013208
2026-06-14 07:55:48.293 16 DEBUG neutron.wsgi [-] (16) accepted ('192.168.122.100', 49688) server /usr/lib/python3.9/site-packages/eventlet/wsgi.py:992
2026-06-14 07:55:48.295 16 INFO neutron.wsgi [-] 192.168.122.100 "GET / HTTP/1.1" status: 200 len: 233 time: 0.0016222
2026-06-14 07:55:50.264 18 DEBUG neutron.wsgi [-] (18) accepted ('192.168.122.100', 49702) server /usr/lib/python3.9/site-packages/eventlet/wsgi.py:992
2026-06-14 07:55:50.266 18 INFO neutron.wsgi [-] 192.168.122.100 "GET /healthcheck HTTP/1.0" status: 200 len: 137 time: 0.0017359
2026-06-14 07:55:52.267 18 DEBUG neutron.wsgi [-] (18) accepted ('192.168.122.100', 49712) server /usr/lib/python3.9/site-packages/eventlet/wsgi.py:992
2026-06-14 07:55:52.271 18 INFO neutron.wsgi [-] 192.168.122.100 "GET /healthcheck HTTP/1.0" status: 200 len: 137 time: 0.0028036
2026-06-14 07:55:54.274 16 DEBUG neutron.wsgi [-] (16) accepted ('192.168.122.100', 49718) server /usr/lib/python3.9/site-packages/eventlet/wsgi.py:992
2026-06-14 07:55:54.278 16 INFO neutron.wsgi [-] 192.168.122.100 "GET /healthcheck HTTP/1.0" status: 200 len: 137 time: 0.0025549
2026-06-14 07:55:56.280 16 DEBUG neutron.wsgi [-] (16) accepted ('192.168.122.100', 49724) server /usr/lib/python3.9/site-packages/eventlet/wsgi.py:992
2026-06-14 07:55:56.284 16 INFO neutron.wsgi [-] 192.168.122.100 "GET /healthcheck HTTP/1.0" status: 200 len: 137 time: 0.0026114
2026-06-14 07:55:58.285 16 DEBUG neutron.wsgi [-] (16) accepted ('192.168.122.100', 45536) server /usr/lib/python3.9/site-packages/eventlet/wsgi.py:992
2026-06-14 07:55:58.289 16 INFO neutron.wsgi [-] 192.168.122.100 "GET /healthcheck HTTP/1.0" status: 200 len: 137 time: 0.0024724
2026-06-14 07:56:00.292 16 DEBUG neutron.wsgi [-] (16) accepted ('192.168.122.100', 45550) server /usr/lib/python3.9/site-packages/eventlet/wsgi.py:992
2026-06-14 07:56:00.295 16 INFO neutron.wsgi [-] 192.168.122.100 "GET /healthcheck HTTP/1.0" status: 200 len: 137 time: 0.0025866
2026-06-14 07:56:02.299 18 DEBUG neutron.wsgi [-] (18) accepted ('192.168.122.100', 45562) server /usr/lib/python3.9/site-packages/eventlet/wsgi.py:992
2026-06-14 07:56:02.303 18 INFO neutron.wsgi [-] 192.168.122.100 "GET /healthcheck HTTP/1.0" status: 200 len: 137 time: 0.0027485
2026-06-14 07:56:04.306 16 DEBUG neutron.wsgi [-] (16) accepted ('192.168.122.100', 45578) server /usr/lib/python3.9/site-packages/eventlet/wsgi.py:992
2026-06-14 07:56:04.310 16 INFO neutron.wsgi [-] 192.168.122.100 "GET /healthcheck HTTP/1.0" status: 200 len: 137 time: 0.0025830
2026-06-14 07:56:06.314 17 DEBUG neutron.wsgi [-] (17) accepted ('192.168.122.100', 45594) server /usr/lib/python3.9/site-packages/eventlet/wsgi.py:992
2026-06-14 07:56:06.318 17 INFO neutron.wsgi [-] 192.168.122.100 "GET /healthcheck HTTP/1.0" status: 200 len: 137 time: 0.0027289
2026-06-14 07:56:08.319 16 DEBUG neutron.wsgi [-] (16) accepted ('192.168.122.100', 57436) server /usr/lib/python3.9/site-packages/eventlet/wsgi.py:992
2026-06-14 07:56:08.323 16 INFO neutron.wsgi [-] 192.168.122.100 "GET /healthcheck HTTP/1.0" status: 200 len: 137 time: 0.0026429
2026-06-14 07:56:10.325 16 DEBUG neutron.wsgi [-] (16) accepted ('192.168.122.100', 57452) server /usr/lib/python3.9/site-packages/eventlet/wsgi.py:992
2026-06-14 07:56:10.329 16 INFO neutron.wsgi [-] 192.168.122.100 "GET /healthcheck HTTP/1.0" status: 200 len: 137 time: 0.0026870
2026-06-14 07:56:12.333 16 DEBUG neutron.wsgi [-] (16) accepted ('192.168.122.100', 57454) server /usr/lib/python3.9/site-packages/eventlet/wsgi.py:992
2026-06-14 07:56:12.336 16 INFO neutron.wsgi [-] 192.168.122.100 "GET /healthcheck HTTP/1.0" status: 200 len: 137 time: 0.0025399
2026-06-14 07:56:14.339 16 DEBUG neutron.wsgi [-] (16) accepted ('192.168.122.100', 57468) server /usr/lib/python3.9/site-packages/eventlet/wsgi.py:992
2026-06-14 07:56:14.342 16 INFO neutron.wsgi [-] 192.168.122.100 "GET /healthcheck HTTP/1.0" status: 200 len: 137 time: 0.0025616
2026-06-14 07:56:16.345 17 DEBUG neutron.wsgi [-] (17) accepted ('192.168.122.100', 57470) server /usr/lib/python3.9/site-packages/eventlet/wsgi.py:992
2026-06-14 07:56:16.349 17 INFO neutron.wsgi [-] 192.168.122.100 "GET /healthcheck HTTP/1.0" status: 200 len: 137 time: 0.0026031
2026-06-14 07:56:18.350 17 DEBUG neutron.wsgi [-] (17) accepted ('192.168.122.100', 54006) server /usr/lib/python3.9/site-packages/eventlet/wsgi.py:992
2026-06-14 07:56:18.354 17 INFO neutron.wsgi [-] 192.168.122.100 "GET /healthcheck HTTP/1.0" status: 200 len: 137 time: 0.0025532
2026-06-14 07:56:19.177 18 DEBUG neutron.wsgi [-] (18) accepted ('192.168.122.100', 54008) server /usr/lib/python3.9/site-packages/eventlet/wsgi.py:992
2026-06-14 07:56:19.179 18 INFO neutron.wsgi [-] 192.168.122.100 "GET / HTTP/1.1" status: 200 len: 233 time: 0.0014126
2026-06-14 07:56:20.356 16 DEBUG neutron.wsgi [-] (16) accepted ('192.168.122.100', 54022) server /usr/lib/python3.9/site-packages/eventlet/wsgi.py:992
2026-06-14 07:56:20.359 16 INFO neutron.wsgi [-] 192.168.122.100 "GET /healthcheck HTTP/1.0" status: 200 len: 137 time: 0.0024657
2026-06-14 07:56:22.362 16 DEBUG neutron.wsgi [-] (16) accepted ('192.168.122.100', 54036) server /usr/lib/python3.9/site-packages/eventlet/wsgi.py:992
2026-06-14 07:56:22.365 16 INFO neutron.wsgi [-] 192.168.122.100 "GET /healthcheck HTTP/1.0" status: 200 len: 137 time: 0.0021911
2026-06-14 07:56:24.367 16 DEBUG neutron.wsgi [-] (16) accepted ('192.168.122.100', 54052) server /usr/lib/python3.9/site-packages/eventlet/wsgi.py:992
2026-06-14 07:56:24.370 16 INFO neutron.wsgi [-] 192.168.122.100 "GET /healthcheck HTTP/1.0" status: 200 len: 137 time: 0.0026293
2026-06-14 07:56:26.373 16 DEBUG neutron.wsgi [-] (16) accepted ('192.168.122.100', 54066) server /usr/lib/python3.9/site-packages/eventlet/wsgi.py:992
2026-06-14 07:56:26.375 16 INFO neutron.wsgi [-] 192.168.122.100 "GET /healthcheck HTTP/1.0" status: 200 len: 137 time: 0.0013165
2026-06-14 07:56:28.376 16 DEBUG neutron.wsgi [-] (16) accepted ('192.168.122.100', 49642) server /usr/lib/python3.9/site-packages/eventlet/wsgi.py:992
2026-06-14 07:56:28.380 16 INFO neutron.wsgi [-] 192.168.122.100 "GET /healthcheck HTTP/1.0" status: 200 len: 137 time: 0.0027614
2026-06-14 07:56:30.382 16 DEBUG neutron.wsgi [-] (16) accepted ('192.168.122.100', 49648) server /usr/lib/python3.9/site-packages/eventlet/wsgi.py:992
2026-06-14 07:56:30.386 16 INFO neutron.wsgi [-] 192.168.122.100 "GET /healthcheck HTTP/1.0" status: 200 len: 137 time: 0.0027733
2026-06-14 07:56:32.387 16 DEBUG neutron.wsgi [-] (16) accepted ('192.168.122.100', 49650) server /usr/lib/python3.9/site-packages/eventlet/wsgi.py:992
2026-06-14 07:56:32.391 16 INFO neutron.wsgi [-] 192.168.122.100 "GET /healthcheck HTTP/1.0" status: 200 len: 137 time: 0.0025780
2026-06-14 07:56:34.393 15 DEBUG neutron.wsgi [-] (15) accepted ('192.168.122.100', 49662) server /usr/lib/python3.9/site-packages/eventlet/wsgi.py:992
2026-06-14 07:56:34.395 15 INFO neutron.wsgi [-] 192.168.122.100 "GET /healthcheck HTTP/1.0" status: 200 len: 137 time: 0.0013747
2026-06-14 07:56:36.397 18 DEBUG neutron.wsgi [-] (18) accepted ('192.168.122.100', 49668) server /usr/lib/python3.9/site-packages/eventlet/wsgi.py:992
2026-06-14 07:56:36.401 18 INFO neutron.wsgi [-] 192.168.122.100 "GET /healthcheck HTTP/1.0" status: 200 len: 137 time: 0.0028138
2026-06-14 07:56:38.402 16 DEBUG neutron.wsgi [-] (16) accepted ('192.168.122.100', 46334) server /usr/lib/python3.9/site-packages/eventlet/wsgi.py:992
2026-06-14 07:56:38.405 16 INFO neutron.wsgi [-] 192.168.122.100 "GET /healthcheck HTTP/1.0" status: 200 len: 137 time: 0.0019996
2026-06-14 07:56:40.657 18 DEBUG neutron.wsgi [-] (18) accepted ('192.168.122.100', 46338) server /usr/lib/python3.9/site-packages/eventlet/wsgi.py:992
2026-06-14 07:56:40.659 18 INFO neutron.wsgi [-] 192.168.122.100 "GET /healthcheck HTTP/1.0" status: 200 len: 137 time: 0.0014005
2026-06-14 07:56:42.662 15 DEBUG neutron.wsgi [-] (15) accepted ('192.168.122.100', 46350) server /usr/lib/python3.9/site-packages/eventlet/wsgi.py:992
2026-06-14 07:56:42.669 15 INFO neutron.wsgi [-] 192.168.122.100 "GET /healthcheck HTTP/1.0" status: 200 len: 137 time: 0.0054252
2026-06-14 07:56:44.671 18 DEBUG neutron.wsgi [-] (18) accepted ('192.168.122.100', 46366) server /usr/lib/python3.9/site-packages/eventlet/wsgi.py:992
2026-06-14 07:56:44.674 18 INFO neutron.wsgi [-] 192.168.122.100 "GET /healthcheck HTTP/1.0" status: 200 len: 137 time: 0.0018327
2026-06-14 07:56:46.676 18 DEBUG neutron.wsgi [-] (18) accepted ('192.168.122.100', 46368) server /usr/lib/python3.9/site-packages/eventlet/wsgi.py:992
2026-06-14 07:56:46.679 18 INFO neutron.wsgi [-] 192.168.122.100 "GET /healthcheck HTTP/1.0" status: 200 len: 137 time: 0.0025227
2026-06-14 07:56:48.681 15 DEBUG neutron.wsgi [-] (15) accepted ('192.168.122.100', 35418) server /usr/lib/python3.9/site-packages/eventlet/wsgi.py:992
2026-06-14 07:56:48.685 15 INFO neutron.wsgi [-] 192.168.122.100 "GET /healthcheck HTTP/1.0" status: 200 len: 137 time: 0.0026720
2026-06-14 07:56:50.295 16 DEBUG neutron.wsgi [-] (16) accepted ('192.168.122.100', 35428) server /usr/lib/python3.9/site-packages/eventlet/wsgi.py:992
2026-06-14 07:56:50.298 16 INFO neutron.wsgi [-] 192.168.122.100 "GET / HTTP/1.1" status: 200 len: 233 time: 0.0023155
2026-06-14 07:56:50.687 18 DEBUG neutron.wsgi [-] (18) accepted ('192.168.122.100', 35432) server /usr/lib/python3.9/site-packages/eventlet/wsgi.py:992
2026-06-14 07:56:50.691 18 INFO neutron.wsgi [-] 192.168.122.100 "GET /healthcheck HTTP/1.0" status: 200 len: 137 time: 0.0024819
2026-06-14 07:56:52.692 15 DEBUG neutron.wsgi [-] (15) accepted ('192.168.122.100', 35448) server /usr/lib/python3.9/site-packages/eventlet/wsgi.py:992
2026-06-14 07:56:52.695 15 INFO neutron.wsgi [-] 192.168.122.100 "GET /healthcheck HTTP/1.0" status: 200 len: 137 time: 0.0014398
2026-06-14 07:56:54.697 18 DEBUG neutron.wsgi [-] (18) accepted ('192.168.122.100', 35452) server /usr/lib/python3.9/site-packages/eventlet/wsgi.py:992
2026-06-14 07:56:54.701 18 INFO neutron.wsgi [-] 192.168.122.100 "GET /healthcheck HTTP/1.0" status: 200 len: 137 time: 0.0026679
2026-06-14 07:56:56.702 15 DEBUG neutron.wsgi [-] (15) accepted ('192.168.122.100', 35458) server /usr/lib/python3.9/site-packages/eventlet/wsgi.py:992
2026-06-14 07:56:56.705 15 INFO neutron.wsgi [-] 192.168.122.100 "GET /healthcheck HTTP/1.0" status: 200 len: 137 time: 0.0014393
2026-06-14 07:56:58.707 18 DEBUG neutron.wsgi [-] (18) accepted ('192.168.122.100', 34940) server /usr/lib/python3.9/site-packages/eventlet/wsgi.py:992
2026-06-14 07:56:58.710 18 INFO neutron.wsgi [-] 192.168.122.100 "GET /healthcheck HTTP/1.0" status: 200 len: 137 time: 0.0017116
2026-06-14 07:57:00.712 16 DEBUG neutron.wsgi [-] (16) accepted ('192.168.122.100', 34946) server /usr/lib/python3.9/site-packages/eventlet/wsgi.py:992
2026-06-14 07:57:00.717 16 INFO neutron.wsgi [-] 192.168.122.100 "GET /healthcheck HTTP/1.0" status: 200 len: 137 time: 0.0031929
2026-06-14 07:57:02.720 15 DEBUG neutron.wsgi [-] (15) accepted ('192.168.122.100', 34954) server /usr/lib/python3.9/site-packages/eventlet/wsgi.py:992
2026-06-14 07:57:02.723 15 INFO neutron.wsgi [-] 192.168.122.100 "GET /healthcheck HTTP/1.0" status: 200 len: 137 time: 0.0026717
2026-06-14 07:57:04.726 15 DEBUG neutron.wsgi [-] (15) accepted ('192.168.122.100', 34956) server /usr/lib/python3.9/site-packages/eventlet/wsgi.py:992
2026-06-14 07:57:04.729 15 INFO neutron.wsgi [-] 192.168.122.100 "GET /healthcheck HTTP/1.0" status: 200 len: 137 time: 0.0018210
2026-06-14 07:57:06.732 18 DEBUG neutron.wsgi [-] (18) accepted ('192.168.122.100', 34970) server /usr/lib/python3.9/site-packages/eventlet/wsgi.py:992
2026-06-14 07:57:06.734 18 INFO neutron.wsgi [-] 192.168.122.100 "GET /healthcheck HTTP/1.0" status: 200 len: 137 time: 0.0012546
2026-06-14 07:57:08.735 17 DEBUG neutron.wsgi [-] (17) accepted ('192.168.122.100', 46018) server /usr/lib/python3.9/site-packages/eventlet/wsgi.py:992
2026-06-14 07:57:08.738 17 INFO neutron.wsgi [-] 192.168.122.100 "GET /healthcheck HTTP/1.0" status: 200 len: 137 time: 0.0014057
2026-06-14 07:57:10.739 18 DEBUG neutron.wsgi [-] (18) accepted ('192.168.122.100', 46032) server /usr/lib/python3.9/site-packages/eventlet/wsgi.py:992
2026-06-14 07:57:10.744 18 INFO neutron.wsgi [-] 192.168.122.100 "GET /healthcheck HTTP/1.0" status: 200 len: 137 time: 0.0041900
2026-06-14 07:57:12.747 16 DEBUG neutron.wsgi [-] (16) accepted ('192.168.122.100', 46036) server /usr/lib/python3.9/site-packages/eventlet/wsgi.py:992
2026-06-14 07:57:12.751 16 INFO neutron.wsgi [-] 192.168.122.100 "GET /healthcheck HTTP/1.0" status: 200 len: 137 time: 0.0026388
2026-06-14 07:57:14.754 17 DEBUG neutron.wsgi [-] (17) accepted ('192.168.122.100', 46042) server /usr/lib/python3.9/site-packages/eventlet/wsgi.py:992
2026-06-14 07:57:14.757 17 INFO neutron.wsgi [-] 192.168.122.100 "GET /healthcheck HTTP/1.0" status: 200 len: 137 time: 0.0027816
2026-06-14 07:57:16.759 17 DEBUG neutron.wsgi [-] (17) accepted ('192.168.122.100', 46054) server /usr/lib/python3.9/site-packages/eventlet/wsgi.py:992
2026-06-14 07:57:16.763 17 INFO neutron.wsgi [-] 192.168.122.100 "GET /healthcheck HTTP/1.0" status: 200 len: 137 time: 0.0028250
2026-06-14 07:57:18.765 17 DEBUG neutron.wsgi [-] (17) accepted ('192.168.122.100', 38420) server /usr/lib/python3.9/site-packages/eventlet/wsgi.py:992
2026-06-14 07:57:18.769 17 INFO neutron.wsgi [-] 192.168.122.100 "GET /healthcheck HTTP/1.0" status: 200 len: 137 time: 0.0027981
2026-06-14 07:57:20.770 17 DEBUG neutron.wsgi [-] (17) accepted ('192.168.122.100', 38428) server /usr/lib/python3.9/site-packages/eventlet/wsgi.py:992
2026-06-14 07:57:20.773 17 INFO neutron.wsgi [-] 192.168.122.100 "GET /healthcheck HTTP/1.0" status: 200 len: 137 time: 0.0019464
2026-06-14 07:57:21.528 16 DEBUG neutron.wsgi [-] (16) accepted ('192.168.122.100', 38434) server /usr/lib/python3.9/site-packages/eventlet/wsgi.py:992
2026-06-14 07:57:21.530 16 INFO neutron.wsgi [-] 192.168.122.100 "GET / HTTP/1.1" status: 200 len: 233 time: 0.0018313
2026-06-14 07:57:22.776 16 DEBUG neutron.wsgi [-] (16) accepted ('192.168.122.100', 38440) server /usr/lib/python3.9/site-packages/eventlet/wsgi.py:992
2026-06-14 07:57:22.780 16 INFO neutron.wsgi [-] 192.168.122.100 "GET /healthcheck HTTP/1.0" status: 200 len: 137 time: 0.0031333
2026-06-14 07:57:24.782 18 DEBUG neutron.wsgi [-] (18) accepted ('192.168.122.100', 38448) server /usr/lib/python3.9/site-packages/eventlet/wsgi.py:992
2026-06-14 07:57:24.786 18 INFO neutron.wsgi [-] 192.168.122.100 "GET /healthcheck HTTP/1.0" status: 200 len: 137 time: 0.0028803
2026-06-14 07:57:26.788 15 DEBUG neutron.wsgi [-] (15) accepted ('192.168.122.100', 38458) server /usr/lib/python3.9/site-packages/eventlet/wsgi.py:992
2026-06-14 07:57:26.792 15 INFO neutron.wsgi [-] 192.168.122.100 "GET /healthcheck HTTP/1.0" status: 200 len: 137 time: 0.0025957
2026-06-14 07:57:28.793 17 DEBUG neutron.wsgi [-] (17) accepted ('192.168.122.100', 37372) server /usr/lib/python3.9/site-packages/eventlet/wsgi.py:992
2026-06-14 07:57:28.798 17 INFO neutron.wsgi [-] 192.168.122.100 "GET /healthcheck HTTP/1.0" status: 200 len: 137 time: 0.0028529
2026-06-14 07:57:30.799 17 DEBUG neutron.wsgi [-] (17) accepted ('192.168.122.100', 37378) server /usr/lib/python3.9/site-packages/eventlet/wsgi.py:992
2026-06-14 07:57:30.803 17 INFO neutron.wsgi [-] 192.168.122.100 "GET /healthcheck HTTP/1.0" status: 200 len: 137 time: 0.0026591
2026-06-14 07:57:31.370 21 DEBUG neutron_lib.callbacks.manager [req-c5705506-c43c-4940-a531-19d6fa3d925a - - - - -] Notify callbacks ['neutron.services.segments.db._update_segment_host_mapping_for_agent-8767837920862', 'neutron.plugins.ml2.plugin.Ml2Plugin._retry_binding_revived_agents-4076817'] for agent, after_update _notify_loop /usr/lib/python3.9/site-packages/neutron_lib/callbacks/manager.py:200
2026-06-14 07:57:31.596 23 DEBUG neutron_lib.callbacks.manager [req-31d0fc3a-3b31-4d62-8c0b-a6de3077fbd7 - - - - -] Notify callbacks ['neutron.services.segments.db._update_segment_host_mapping_for_agent-8767837920862', 'neutron.plugins.ml2.plugin.Ml2Plugin._retry_binding_revived_agents-4076817'] for agent, after_update _notify_loop /usr/lib/python3.9/site-packages/neutron_lib/callbacks/manager.py:200
2026-06-14 07:57:32.803 17 DEBUG neutron.wsgi [-] (17) accepted ('192.168.122.100', 37390) server /usr/lib/python3.9/site-packages/eventlet/wsgi.py:992
2026-06-14 07:57:32.805 17 INFO neutron.wsgi [-] 192.168.122.100 "GET /healthcheck HTTP/1.0" status: 200 len: 137 time: 0.0015645
2026-06-14 07:57:34.807 15 DEBUG neutron.wsgi [-] (15) accepted ('192.168.122.100', 37400) server /usr/lib/python3.9/site-packages/eventlet/wsgi.py:992
2026-06-14 07:57:34.810 15 INFO neutron.wsgi [-] 192.168.122.100 "GET /healthcheck HTTP/1.0" status: 200 len: 137 time: 0.0017660
2026-06-14 07:57:36.811 18 DEBUG neutron.wsgi [-] (18) accepted ('192.168.122.100', 37402) server /usr/lib/python3.9/site-packages/eventlet/wsgi.py:992
2026-06-14 07:57:36.815 18 INFO neutron.wsgi [-] 192.168.122.100 "GET /healthcheck HTTP/1.0" status: 200 len: 137 time: 0.0026312
2026-06-14 07:57:37.311 19 DEBUG neutron_lib.callbacks.manager [req-e9313646-1855-4aa8-b967-f6c944f751a1 - - - - -] Notify callbacks ['neutron.services.segments.db._update_segment_host_mapping_for_agent-8767837920862', 'neutron.plugins.ml2.plugin.Ml2Plugin._retry_binding_revived_agents-4076817'] for agent, after_update _notify_loop /usr/lib/python3.9/site-packages/neutron_lib/callbacks/manager.py:200
