Jun 9 14:33:53 standalone container-server[127386]: 172.20.0.100 - - [09/Jun/2026:14:33:53 +0000] "PUT /d1/795/AUTH_c4350a0f36e14eeeac2288b1d983fd51/gnocchi.192afb56-269c-4ca0-a04e-43192f284c3d/none_v3" 201 - "PUT http://172.18.0.2:8080/d1/930/AUTH_c4350a0f36e14eeeac2288b1d983fd51/gnocchi.192afb56-269c-4ca0-a04e-43192f284c3d/none_v3" "tx0b070871fd7f4633b93ef-006a282451" "object-server 23" 0.0010 "-" 21 0
Jun 9 14:33:53 standalone object-server[127828]: 172.20.0.100 - - [09/Jun/2026:14:33:53 +0000] "PUT /d1/930/AUTH_c4350a0f36e14eeeac2288b1d983fd51/gnocchi.192afb56-269c-4ca0-a04e-43192f284c3d/none_v3" 201 - "PUT http://172.18.0.2:8080/v1/AUTH_c4350a0f36e14eeeac2288b1d983fd51/gnocchi.192afb56-269c-4ca0-a04e-43192f284c3d/none_v3" "tx0b070871fd7f4633b93ef-006a282451" "proxy-server 20" 0.0184 "-" 23 0
Jun 9 14:33:53 standalone proxy-server[129613]: 172.18.0.2 172.18.0.100 09/Jun/2026/14/33/53 PUT /v1/AUTH_c4350a0f36e14eeeac2288b1d983fd51/gnocchi.192afb56-269c-4ca0-a04e-43192f284c3d/none_v3 HTTP/1.0 201 - python-swiftclient-3.11.1 gAAAAABqKCQNltYa... 22 - - tx0b070871fd7f4633b93ef-006a282451 - 0.0237 - - 1781015633.076832533 1781015633.100531101 0
Jun 9 14:33:53 standalone container-server[127395]: 172.20.0.100 - - [09/Jun/2026:14:33:53 +0000] "HEAD /d1/646/AUTH_c4350a0f36e14eeeac2288b1d983fd51/gnocchi.70ee64b4-e89e-46a9-94a3-262630cdb940" 404 - "HEAD http://172.18.0.2:8080/v1/AUTH_c4350a0f36e14eeeac2288b1d983fd51/gnocchi.70ee64b4-e89e-46a9-94a3-262630cdb940?format=json&states=listing" "txb1f5fe3c25324e0587628-006a282451" "proxy-server 20" 0.0005 "-" 22 0
Jun 9 14:33:53 standalone object-server[127828]: 172.20.0.100 - - [09/Jun/2026:14:33:53 +0000] "GET /d1/950/AUTH_c4350a0f36e14eeeac2288b1d983fd51/gnocchi.70ee64b4-e89e-46a9-94a3-262630cdb940/none_v3" 404 70 "GET http://172.18.0.2:8080/v1/AUTH_c4350a0f36e14eeeac2288b1d983fd51/gnocchi.70ee64b4-e89e-46a9-94a3-262630cdb940/none_v3" "txb1f5fe3c25324e0587628-006a282451" "proxy-server 20" 0.0005 "-" 23 0
Jun 9 14:33:53 standalone proxy-server[129613]: 172.18.0.2 172.18.0.100 09/Jun/2026/14/33/53 GET /v1/AUTH_c4350a0f36e14eeeac2288b1d983fd51/gnocchi.70ee64b4-e89e-46a9-94a3-262630cdb940/none_v3 HTTP/1.0 404 - python-swiftclient-3.11.1 gAAAAABqKCQNltYa... - 70 - txb1f5fe3c25324e0587628-006a282451 - 0.0150 - - 1781015633.130840063 1781015633.145840883 0
Jun 9 14:33:53 standalone account-server[127305]: 172.20.0.100 - - [09/Jun/2026:14:33:53 +0000] "PUT /d1/315/AUTH_c4350a0f36e14eeeac2288b1d983fd51/gnocchi.70ee64b4-e89e-46a9-94a3-262630cdb940" 201 - "PUT http://172.20.0.100:6001/d1/646/AUTH_c4350a0f36e14eeeac2288b1d983fd51/gnocchi.70ee64b4-e89e-46a9-94a3-262630cdb940" "txac0a72e309c346708817d-006a282451" "container-server 23" 0.0046 "-" 17 0
Jun 9 14:33:53 standalone container-server[127407]: 172.20.0.100 - - [09/Jun/2026:14:33:53 +0000] "PUT /d1/646/AUTH_c4350a0f36e14eeeac2288b1d983fd51/gnocchi.70ee64b4-e89e-46a9-94a3-262630cdb940" 201 - "PUT http://172.18.0.2:8080/v1/AUTH_c4350a0f36e14eeeac2288b1d983fd51/gnocchi.70ee64b4-e89e-46a9-94a3-262630cdb940" "txac0a72e309c346708817d-006a282451" "proxy-server 20" 0.0128 "-" 23 0
Jun 9 14:33:53 standalone proxy-server[129613]: 172.18.0.2 172.18.0.100 09/Jun/2026/14/33/53 PUT /v1/AUTH_c4350a0f36e14eeeac2288b1d983fd51/gnocchi.70ee64b4-e89e-46a9-94a3-262630cdb940 HTTP/1.0 201 - python-swiftclient-3.11.1 gAAAAABqKCQNltYa... - - - txac0a72e309c346708817d-006a282451 - 0.0191 - - 1781015633.148808002 1781015633.167870998 0
Jun 9 14:33:53 standalone container-server[127395]: 172.20.0.100 - - [09/Jun/2026:14:33:53 +0000] "HEAD /d1/646/AUTH_c4350a0f36e14eeeac2288b1d983fd51/gnocchi.70ee64b4-e89e-46a9-94a3-262630cdb940" 204 - "HEAD http://172.18.0.2:8080/v1/AUTH_c4350a0f36e14eeeac2288b1d983fd51/gnocchi.70ee64b4-e89e-46a9-94a3-262630cdb940?format=json&states=listing" "tx1b275a048dd84d59b0079-006a282451" "proxy-server 20" 0.0021 "-" 22 0
Jun 9 14:33:53 standalone proxy-server[129613]: - - 09/Jun/2026/14/33/53 HEAD /v1/AUTH_c4350a0f36e14eeeac2288b1d983fd51/gnocchi.70ee64b4-e89e-46a9-94a3-262630cdb940%3Fformat%3Djson%26states%3Dlisting HTTP/1.0 204 - Swift - - - - tx1b275a048dd84d59b0079-006a282451 - 0.0070 RL - 1781015633.172891855 1781015633.179890394 0
Jun 9 14:33:53 standalone container-server[127386]: 172.20.0.100 - - [09/Jun/2026:14:33:53 +0000] "GET /d1/646/AUTH_c4350a0f36e14eeeac2288b1d983fd51/gnocchi.70ee64b4-e89e-46a9-94a3-262630cdb940" 200 2 "GET http://172.18.0.2:8080/v1/AUTH_c4350a0f36e14eeeac2288b1d983fd51/gnocchi.70ee64b4-e89e-46a9-94a3-262630cdb940?format=json&states=listing" "tx1b275a048dd84d59b0079-006a282451" "proxy-server 20" 0.0034 "-" 21 0
Jun 9 14:33:53 standalone proxy-server[129613]: 172.18.0.2 172.18.0.100 09/Jun/2026/14/33/53 GET /v1/AUTH_c4350a0f36e14eeeac2288b1d983fd51/gnocchi.70ee64b4-e89e-46a9-94a3-262630cdb940%3Fformat%3Djson%26states%3Dlisting HTTP/1.0 200 - python-swiftclient-3.11.1 gAAAAABqKCQNltYa... - 2 - tx1b275a048dd84d59b0079-006a282451 - 0.0220 - - 1781015633.171459675 1781015633.193444014 0
Jun 9 14:33:53 standalone object-server[127828]: 172.20.0.100 - - [09/Jun/2026:14:33:53 +0000] "GET /d1/93/AUTH_c4350a0f36e14eeeac2288b1d983fd51/gnocchi.70ee64b4-e89e-46a9-94a3-262630cdb940/1780920000.0_mean_300.0_v3" 404 70 "GET http://172.18.0.2:8080/v1/AUTH_c4350a0f36e14eeeac2288b1d983fd51/gnocchi.70ee64b4-e89e-46a9-94a3-262630cdb940/1780920000.0_mean_300.0_v3" "tx4fce498da05743b284b61-006a282451" "proxy-server 20" 0.0008 "-" 23 0
Jun 9 14:33:53 standalone proxy-server[129613]: 172.18.0.2 172.18.0.100 09/Jun/2026/14/33/53 GET /v1/AUTH_c4350a0f36e14eeeac2288b1d983fd51/gnocchi.70ee64b4-e89e-46a9-94a3-262630cdb940/1780920000.0_mean_300.0_v3 HTTP/1.0 404 - python-swiftclient-3.11.1 gAAAAABqKCQNltYa... - 70 - tx4fce498da05743b284b61-006a282451 - 0.0113 - - 1781015633.197032928 1781015633.208345890 0
Jun 9 14:33:53 standalone container-server[127383]: 172.20.0.100 - - [09/Jun/2026:14:33:53 +0000] "PUT /d1/646/AUTH_c4350a0f36e14eeeac2288b1d983fd51/gnocchi.70ee64b4-e89e-46a9-94a3-262630cdb940/1780920000.0_mean_300.0_v3" 201 - "PUT http://172.18.0.2:8080/d1/93/AUTH_c4350a0f36e14eeeac2288b1d983fd51/gnocchi.70ee64b4-e89e-46a9-94a3-262630cdb940/1780920000.0_mean_300.0_v3" "tx962030b9b8e84a169c928-006a282451" "object-server 22" 0.0029 "-" 20 0
Jun 9 14:33:53 standalone object-server[127823]: 172.20.0.100 - - [09/Jun/2026:14:33:53 +0000] "PUT /d1/93/AUTH_c4350a0f36e14eeeac2288b1d983fd51/gnocchi.70ee64b4-e89e-46a9-94a3-262630cdb940/1780920000.0_mean_300.0_v3" 201 - "PUT http://172.18.0.2:8080/v1/AUTH_c4350a0f36e14eeeac2288b1d983fd51/gnocchi.70ee64b4-e89e-46a9-94a3-262630cdb940/1780920000.0_mean_300.0_v3" "tx962030b9b8e84a169c928-006a282451" "proxy-server 20" 0.0173 "-" 22 0
Jun 9 14:33:53 standalone proxy-server[129613]: 172.18.0.2 172.18.0.100 09/Jun/2026/14/33/53 PUT /v1/AUTH_c4350a0f36e14eeeac2288b1d983fd51/gnocchi.70ee64b4-e89e-46a9-94a3-262630cdb940/1780920000.0_mean_300.0_v3 HTTP/1.0 201 - python-swiftclient-3.11.1 gAAAAABqKCQNltYa... 16 - - tx962030b9b8e84a169c928-006a282451 - 0.0287 - - 1781015633.211065769 1781015633.239788532 0
Jun 9 14:33:53 standalone container-server[127383]: 172.20.0.100 - - [09/Jun/2026:14:33:53 +0000] "PUT /d1/646/AUTH_c4350a0f36e14eeeac2288b1d983fd51/gnocchi.70ee64b4-e89e-46a9-94a3-262630cdb940/none_v3" 201 - "PUT http://172.18.0.2:8080/d1/950/AUTH_c4350a0f36e14eeeac2288b1d983fd51/gnocchi.70ee64b4-e89e-46a9-94a3-262630cdb940/none_v3" "tx32237cdbc2cf4da7bdb7a-006a282451" "object-server 24" 0.0011 "-" 20 0
Jun 9 14:33:53 standalone object-server[127836]: 172.20.0.100 - - [09/Jun/2026:14:33:53 +0000] "PUT /d1/950/AUTH_c4350a0f36e14eeeac2288b1d983fd51/gnocchi.70ee64b4-e89e-46a9-94a3-262630cdb940/none_v3" 201 - "PUT http://172.18.0.2:8080/v1/AUTH_c4350a0f36e14eeeac2288b1d983fd51/gnocchi.70ee64b4-e89e-46a9-94a3-262630cdb940/none_v3" "tx32237cdbc2cf4da7bdb7a-006a282451" "proxy-server 20" 0.0163 "-" 24 0
Jun 9 14:33:53 standalone proxy-server[129613]: 172.18.0.2 172.18.0.100 09/Jun/2026/14/33/53 PUT /v1/AUTH_c4350a0f36e14eeeac2288b1d983fd51/gnocchi.70ee64b4-e89e-46a9-94a3-262630cdb940/none_v3 HTTP/1.0 201 - python-swiftclient-3.11.1 gAAAAABqKCQNltYa... 22 - - tx32237cdbc2cf4da7bdb7a-006a282451 - 0.0294 - - 1781015633.243058443 1781015633.272508383 0
Jun 9 14:33:53 standalone container-server[127386]: 172.20.0.100 - - [09/Jun/2026:14:33:53 +0000] "HEAD /d1/141/AUTH_c4350a0f36e14eeeac2288b1d983fd51/gnocchi.2a24014f-bb70-4262-8309-73331d1e724b" 404 - "HEAD http://172.18.0.2:8080/v1/AUTH_c4350a0f36e14eeeac2288b1d983fd51/gnocchi.2a24014f-bb70-4262-8309-73331d1e724b?format=json&states=listing" "tx659502e9ffa54ba2a28fe-006a282451" "proxy-server 20" 0.0016 "-" 21 0
Jun 9 14:33:53 standalone object-server[127836]: 172.20.0.100 - - [09/Jun/2026:14:33:53 +0000] "GET /d1/314/AUTH_c4350a0f36e14eeeac2288b1d983fd51/gnocchi.2a24014f-bb70-4262-8309-73331d1e724b/none_v3" 404 70 "GET http://172.18.0.2:8080/v1/AUTH_c4350a0f36e14eeeac2288b1d983fd51/gnocchi.2a24014f-bb70-4262-8309-73331d1e724b/none_v3" "tx659502e9ffa54ba2a28fe-006a282451" "proxy-server 20" 0.0007 "-" 24 0
Jun 9 14:33:53 standalone proxy-server[129613]: 172.18.0.2 172.18.0.100 09/Jun/2026/14/33/53 GET /v1/AUTH_c4350a0f36e14eeeac2288b1d983fd51/gnocchi.2a24014f-bb70-4262-8309-73331d1e724b/none_v3 HTTP/1.0 404 - python-swiftclient-3.11.1 gAAAAABqKCQNltYa... - 70 - tx659502e9ffa54ba2a28fe-006a282451 - 0.0160 - - 1781015633.325775862 1781015633.341788769 0
Jun 9 14:33:53 standalone account-server[127283]: 172.20.0.100 - - [09/Jun/2026:14:33:53 +0000] "PUT /d1/315/AUTH_c4350a0f36e14eeeac2288b1d983fd51/gnocchi.2a24014f-bb70-4262-8309-73331d1e724b" 201 - "PUT http://172.20.0.100:6001/d1/141/AUTH_c4350a0f36e14eeeac2288b1d983fd51/gnocchi.2a24014f-bb70-4262-8309-73331d1e724b" "txb9796f0edc144c4590494-006a282451" "container-server 20" 0.0045 "-" 15 0
Jun 9 14:33:53 standalone container-server[127383]: 172.20.0.100 - - [09/Jun/2026:14:33:53 +0000] "PUT /d1/141/AUTH_c4350a0f36e14eeeac2288b1d983fd51/gnocchi.2a24014f-bb70-4262-8309-73331d1e724b" 201 - "PUT http://172.18.0.2:8080/v1/AUTH_c4350a0f36e14eeeac2288b1d983fd51/gnocchi.2a24014f-bb70-4262-8309-73331d1e724b" "txb9796f0edc144c4590494-006a282451" "proxy-server 20" 0.0272 "-" 20 0
Jun 9 14:33:53 standalone proxy-server[129613]: 172.18.0.2 172.18.0.100 09/Jun/2026/14/33/53 PUT /v1/AUTH_c4350a0f36e14eeeac2288b1d983fd51/gnocchi.2a24014f-bb70-4262-8309-73331d1e724b HTTP/1.0 201 - python-swiftclient-3.11.1 gAAAAABqKCQNltYa... - - - txb9796f0edc144c4590494-006a282451 - 0.0356 - - 1781015633.345163822 1781015633.380773306 0
Jun 9 14:33:53 standalone container-server[127383]: 172.20.0.100 - - [09/Jun/2026:14:33:53 +0000] "HEAD /d1/141/AUTH_c4350a0f36e14eeeac2288b1d983fd51/gnocchi.2a24014f-bb70-4262-8309-73331d1e724b" 204 - "HEAD http://172.18.0.2:8080/v1/AUTH_c4350a0f36e14eeeac2288b1d983fd51/gnocchi.2a24014f-bb70-4262-8309-73331d1e724b?format=json&states=listing" "tx829835020ebc4817a05d5-006a282451" "proxy-server 20" 0.0051 "-" 20 0
Jun 9 14:33:53 standalone proxy-server[129613]: - - 09/Jun/2026/14/33/53 HEAD /v1/AUTH_c4350a0f36e14eeeac2288b1d983fd51/gnocchi.2a24014f-bb70-4262-8309-73331d1e724b%3Fformat%3Djson%26states%3Dlisting HTTP/1.0 204 - Swift - - - - tx829835020ebc4817a05d5-006a282451 - 0.0123 RL - 1781015633.385762215 1781015633.398016453 0
Jun 9 14:33:53 standalone container-server[127386]: 172.20.0.100 - - [09/Jun/2026:14:33:53 +0000] "GET /d1/141/AUTH_c4350a0f36e14eeeac2288b1d983fd51/gnocchi.2a24014f-bb70-4262-8309-73331d1e724b" 200 2 "GET http://172.18.0.2:8080/v1/AUTH_c4350a0f36e14eeeac2288b1d983fd51/gnocchi.2a24014f-bb70-4262-8309-73331d1e724b?format=json&states=listing" "tx829835020ebc4817a05d5-006a282451" "proxy-server 20" 0.0096 "-" 21 0
Jun 9 14:33:53 standalone proxy-server[129613]: 172.18.0.2 172.18.0.100 09/Jun/2026/14/33/53 GET /v1/AUTH_c4350a0f36e14eeeac2288b1d983fd51/gnocchi.2a24014f-bb70-4262-8309-73331d1e724b%3Fformat%3Djson%26states%3Dlisting HTTP/1.0 200 - python-swiftclient-3.11.1 gAAAAABqKCQNltYa... - 2 - tx829835020ebc4817a05d5-006a282451 - 0.0343 - - 1781015633.384416103 1781015633.418766022 0
Jun 9 14:33:53 standalone object-server[127828]: 172.20.0.100 - - [09/Jun/2026:14:33:53 +0000] "GET /d1/499/AUTH_c4350a0f36e14eeeac2288b1d983fd51/gnocchi.2a24014f-bb70-4262-8309-73331d1e724b/1780920000.0_mean_300.0_v3" 404 70 "GET http://172.18.0.2:8080/v1/AUTH_c4350a0f36e14eeeac2288b1d983fd51/gnocchi.2a24014f-bb70-4262-8309-73331d1e724b/1780920000.0_mean_300.0_v3" "txf83f15f155f44adda313a-006a282451" "proxy-server 20" 0.0015 "-" 23 0
Jun 9 14:33:53 standalone proxy-server[129613]: 172.18.0.2 172.18.0.100 09/Jun/2026/14/33/53 GET /v1/AUTH_c4350a0f36e14eeeac2288b1d983fd51/gnocchi.2a24014f-bb70-4262-8309-73331d1e724b/1780920000.0_mean_300.0_v3 HTTP/1.0 404 - python-swiftclient-3.11.1 gAAAAABqKCQNltYa... - 70 - txf83f15f155f44adda313a-006a282451 - 0.0148 - - 1781015633.422729254 1781015633.437489986 0
Jun 9 14:33:53 standalone container-server[127395]: 172.20.0.100 - - [09/Jun/2026:14:33:53 +0000] "PUT /d1/141/AUTH_c4350a0f36e14eeeac2288b1d983fd51/gnocchi.2a24014f-bb70-4262-8309-73331d1e724b/1780920000.0_mean_300.0_v3" 201 - "PUT http://172.18.0.2:8080/d1/499/AUTH_c4350a0f36e14eeeac2288b1d983fd51/gnocchi.2a24014f-bb70-4262-8309-73331d1e724b/1780920000.0_mean_300.0_v3" "txac1fb86798f0445487d42-006a282451" "object-server 22" 0.0014 "-" 22 0
Jun 9 14:33:53 standalone object-server[127823]: 172.20.0.100 - - [09/Jun/2026:14:33:53 +0000] "PUT /d1/499/AUTH_c4350a0f36e14eeeac2288b1d983fd51/gnocchi.2a24014f-bb70-4262-8309-73331d1e724b/1780920000.0_mean_300.0_v3" 201 - "PUT http://172.18.0.2:8080/v1/AUTH_c4350a0f36e14eeeac2288b1d983fd51/gnocchi.2a24014f-bb70-4262-8309-73331d1e724b/1780920000.0_mean_300.0_v3" "txac1fb86798f0445487d42-006a282451" "proxy-server 20" 0.0190 "-" 22 0
Jun 9 14:33:53 standalone proxy-server[129613]: 172.18.0.2 172.18.0.100 09/Jun/2026/14/33/53 PUT /v1/AUTH_c4350a0f36e14eeeac2288b1d983fd51/gnocchi.2a24014f-bb70-4262-8309-73331d1e724b/1780920000.0_mean_300.0_v3 HTTP/1.0 201 - python-swiftclient-3.11.1 gAAAAABqKCQNltYa... 16 - - txac1fb86798f0445487d42-006a282451 - 0.0283 - - 1781015633.441369772 1781015633.469685078 0
Jun 9 14:33:53 standalone container-server[127383]: 172.20.0.100 - - [09/Jun/2026:14:33:53 +0000] "PUT /d1/141/AUTH_c4350a0f36e14eeeac2288b1d983fd51/gnocchi.2a24014f-bb70-4262-8309-73331d1e724b/none_v3" 201 - "PUT http://172.18.0.2:8080/d1/314/AUTH_c4350a0f36e14eeeac2288b1d983fd51/gnocchi.2a24014f-bb70-4262-8309-73331d1e724b/none_v3" "tx4b80d6dbccd24acf86dad-006a282451" "object-server 23" 0.0016 "-" 20 0
Jun 9 14:33:53 standalone object-server[127828]: 172.20.0.100 - - [09/Jun/2026:14:33:53 +0000] "PUT /d1/314/AUTH_c4350a0f36e14eeeac2288b1d983fd51/gnocchi.2a24014f-bb70-4262-8309-73331d1e724b/none_v3" 201 - "PUT http://172.18.0.2:8080/v1/AUTH_c4350a0f36e14eeeac2288b1d983fd51/gnocchi.2a24014f-bb70-4262-8309-73331d1e724b/none_v3" "tx4b80d6dbccd24acf86dad-006a282451" "proxy-server 20" 0.0153 "-" 23 0
Jun 9 14:33:53 standalone proxy-server[129613]: 172.18.0.2 172.18.0.100 09/Jun/2026/14/33/53 PUT /v1/AUTH_c4350a0f36e14eeeac2288b1d983fd51/gnocchi.2a24014f-bb70-4262-8309-73331d1e724b/none_v3 HTTP/1.0 201 - python-swiftclient-3.11.1 gAAAAABqKCQNltYa... 22 - - tx4b80d6dbccd24acf86dad-006a282451 - 0.0233 - - 1781015633.473408461 1781015633.496744871 0
Jun 9 14:33:53 standalone container-server[127386]: 172.20.0.100 - - [09/Jun/2026:14:33:53 +0000] "HEAD /d1/363/AUTH_c4350a0f36e14eeeac2288b1d983fd51/gnocchi.a66d7d50-d0b7-452c-9776-1c154d49b5fb" 404 - "HEAD http://172.18.0.2:8080/v1/AUTH_c4350a0f36e14eeeac2288b1d983fd51/gnocchi.a66d7d50-d0b7-452c-9776-1c154d49b5fb?format=json&states=listing" "txb32f37b60ea14771bf787-006a282451" "proxy-server 20" 0.0013 "-" 21 0
Jun 9 14:33:53 standalone object-server[127828]: 172.20.0.100 - - [09/Jun/2026:14:33:53 +0000] "GET /d1/532/AUTH_c4350a0f36e14eeeac2288b1d983fd51/gnocchi.a66d7d50-d0b7-452c-9776-1c154d49b5fb/none_v3" 404 70 "GET http://172.18.0.2:8080/v1/AUTH_c4350a0f36e14eeeac2288b1d983fd51/gnocchi.a66d7d50-d0b7-452c-9776-1c154d49b5fb/none_v3" "txb32f37b60ea14771bf787-006a282451" "proxy-server 20" 0.0006 "-" 23 0
Jun 9 14:33:53 standalone proxy-server[129613]: 172.18.0.2 172.18.0.100 09/Jun/2026/14/33/53 GET /v1/AUTH_c4350a0f36e14eeeac2288b1d983fd51/gnocchi.a66d7d50-d0b7-452c-9776-1c154d49b5fb/none_v3 HTTP/1.0 404 - python-swiftclient-3.11.1 gAAAAABqKCQNltYa... - 70 - txb32f37b60ea14771bf787-006a282451 - 0.0224 - - 1781015633.633876562 1781015633.656299114 0
Jun 9 14:33:53 standalone account-server[127289]: 172.20.0.100 - - [09/Jun/2026:14:33:53 +0000] "PUT /d1/315/AUTH_c4350a0f36e14eeeac2288b1d983fd51/gnocchi.a66d7d50-d0b7-452c-9776-1c154d49b5fb" 201 - "PUT http://172.20.0.100:6001/d1/363/AUTH_c4350a0f36e14eeeac2288b1d983fd51/gnocchi.a66d7d50-d0b7-452c-9776-1c154d49b5fb" "tx18e4b47e1b814a99b348a-006a282451" "container-server 22" 0.0050 "-" 16 0
Jun 9 14:33:53 standalone container-server[127395]: 172.20.0.100 - - [09/Jun/2026:14:33:53 +0000] "PUT /d1/363/AUTH_c4350a0f36e14eeeac2288b1d983fd51/gnocchi.a66d7d50-d0b7-452c-9776-1c154d49b5fb" 201 - "PUT http://172.18.0.2:8080/v1/AUTH_c4350a0f36e14eeeac2288b1d983fd51/gnocchi.a66d7d50-d0b7-452c-9776-1c154d49b5fb" "tx18e4b47e1b814a99b348a-006a282451" "proxy-server 20" 0.0316 "-" 22 0
Jun 9 14:33:53 standalone proxy-server[129613]: 172.18.0.2 172.18.0.100 09/Jun/2026/14/33/53 PUT /v1/AUTH_c4350a0f36e14eeeac2288b1d983fd51/gnocchi.a66d7d50-d0b7-452c-9776-1c154d49b5fb HTTP/1.0 201 - python-swiftclient-3.11.1 gAAAAABqKCQNltYa... - - - tx18e4b47e1b814a99b348a-006a282451 - 0.0413 - - 1781015633.659317493 1781015633.700579643 0
Jun 9 14:33:53 standalone container-server[127395]: 172.20.0.100 - - [09/Jun/2026:14:33:53 +0000] "HEAD /d1/363/AUTH_c4350a0f36e14eeeac2288b1d983fd51/gnocchi.a66d7d50-d0b7-452c-9776-1c154d49b5fb" 204 - "HEAD http://172.18.0.2:8080/v1/AUTH_c4350a0f36e14eeeac2288b1d983fd51/gnocchi.a66d7d50-d0b7-452c-9776-1c154d49b5fb?format=json&states=listing" "txf8c4e9c5536b41c199b89-006a282451" "proxy-server 20" 0.0057 "-" 22 0
Jun 9 14:33:53 standalone proxy-server[129613]: - - 09/Jun/2026/14/33/53 HEAD /v1/AUTH_c4350a0f36e14eeeac2288b1d983fd51/gnocchi.a66d7d50-d0b7-452c-9776-1c154d49b5fb%3Fformat%3Djson%26states%3Dlisting HTTP/1.0 204 - Swift - - - - txf8c4e9c5536b41c199b89-006a282451 - 0.0134 RL - 1781015633.705447197 1781015633.718819618 0
Jun 9 14:33:53 standalone container-server[127383]: 172.20.0.100 - - [09/Jun/2026:14:33:53 +0000] "GET /d1/363/AUTH_c4350a0f36e14eeeac2288b1d983fd51/gnocchi.a66d7d50-d0b7-452c-9776-1c154d49b5fb" 200 2 "GET http://172.18.0.2:8080/v1/AUTH_c4350a0f36e14eeeac2288b1d983fd51/gnocchi.a66d7d50-d0b7-452c-9776-1c154d49b5fb?format=json&states=listing" "txf8c4e9c5536b41c199b89-006a282451" "proxy-server 20" 0.0041 "-" 20 0
Jun 9 14:33:53 standalone proxy-server[129613]: 172.18.0.2 172.18.0.100 09/Jun/2026/14/33/53 GET /v1/AUTH_c4350a0f36e14eeeac2288b1d983fd51/gnocchi.a66d7d50-d0b7-452c-9776-1c154d49b5fb%3Fformat%3Djson%26states%3Dlisting HTTP/1.0 200 - python-swiftclient-3.11.1 gAAAAABqKCQNltYa... - 2 - txf8c4e9c5536b41c199b89-006a282451 - 0.0322 - - 1781015633.704145670 1781015633.736359835 0
Jun 9 14:33:53 standalone object-server[127823]: 172.20.0.100 - - [09/Jun/2026:14:33:53 +0000] "GET /d1/600/AUTH_c4350a0f36e14eeeac2288b1d983fd51/gnocchi.a66d7d50-d0b7-452c-9776-1c154d49b5fb/1780920000.0_mean_300.0_v3" 404 70 "GET http://172.18.0.2:8080/v1/AUTH_c4350a0f36e14eeeac2288b1d983fd51/gnocchi.a66d7d50-d0b7-452c-9776-1c154d49b5fb/1780920000.0_mean_300.0_v3" "tx05a3aacf72954bd6858e7-006a282451" "proxy-server 20" 0.0003 "-" 22 0
Jun 9 14:33:53 standalone proxy-server[129613]: 172.18.0.2 172.18.0.100 09/Jun/2026/14/33/53 GET /v1/AUTH_c4350a0f36e14eeeac2288b1d983fd51/gnocchi.a66d7d50-d0b7-452c-9776-1c154d49b5fb/1780920000.0_mean_300.0_v3 HTTP/1.0 404 - python-swiftclient-3.11.1 gAAAAABqKCQNltYa... - 70 - tx05a3aacf72954bd6858e7-006a282451 - 0.0077 - - 1781015633.739928246 1781015633.747582912 0
Jun 9 14:33:53 standalone container-server[127383]: 172.20.0.100 - - [09/Jun/2026:14:33:53 +0000] "PUT /d1/363/AUTH_c4350a0f36e14eeeac2288b1d983fd51/gnocchi.a66d7d50-d0b7-452c-9776-1c154d49b5fb/1780920000.0_mean_300.0_v3" 201 - "PUT http://172.18.0.2:8080/d1/600/AUTH_c4350a0f36e14eeeac2288b1d983fd51/gnocchi.a66d7d50-d0b7-452c-9776-1c154d49b5fb/1780920000.0_mean_300.0_v3" "txf41e6329e14a4292b1e7d-006a282451" "object-server 23" 0.0009 "-" 20 0
Jun 9 14:33:53 standalone object-server[127828]: 172.20.0.100 - - [09/Jun/2026:14:33:53 +0000] "PUT /d1/600/AUTH_c4350a0f36e14eeeac2288b1d983fd51/gnocchi.a66d7d50-d0b7-452c-9776-1c154d49b5fb/1780920000.0_mean_300.0_v3" 201 - "PUT http://172.18.0.2:8080/v1/AUTH_c4350a0f36e14eeeac2288b1d983fd51/gnocchi.a66d7d50-d0b7-452c-9776-1c154d49b5fb/1780920000.0_mean_300.0_v3" "txf41e6329e14a4292b1e7d-006a282451" "proxy-server 20" 0.0175 "-" 23 0
Jun 9 14:33:53 standalone proxy-server[129613]: 172.18.0.2 172.18.0.100 09/Jun/2026/14/33/53 PUT /v1/AUTH_c4350a0f36e14eeeac2288b1d983fd51/gnocchi.a66d7d50-d0b7-452c-9776-1c154d49b5fb/1780920000.0_mean_300.0_v3 HTTP/1.0 201 - python-swiftclient-3.11.1 gAAAAABqKCQNltYa... 16 - - txf41e6329e14a4292b1e7d-006a282451 - 0.0250 - - 1781015633.750130892 1781015633.775142431 0
Jun 9 14:33:53 standalone container-server[127395]: 172.20.0.100 - - [09/Jun/2026:14:33:53 +0000] "PUT /d1/363/AUTH_c4350a0f36e14eeeac2288b1d983fd51/gnocchi.a66d7d50-d0b7-452c-9776-1c154d49b5fb/none_v3" 201 - "PUT http://172.18.0.2:8080/d1/532/AUTH_c4350a0f36e14eeeac2288b1d983fd51/gnocchi.a66d7d50-d0b7-452c-9776-1c154d49b5fb/none_v3" "txb0d88ded2f2643a7abb6b-006a282451" "object-server 25" 0.0006 "-" 22 0
Jun 9 14:33:53 standalone object-server[127843]: 172.20.0.100 - - [09/Jun/2026:14:33:53 +0000] "PUT /d1/532/AUTH_c4350a0f36e14eeeac2288b1d983fd51/gnocchi.a66d7d50-d0b7-452c-9776-1c154d49b5fb/none_v3" 201 - "PUT http://172.18.0.2:8080/v1/AUTH_c4350a0f36e14eeeac2288b1d983fd51/gnocchi.a66d7d50-d0b7-452c-9776-1c154d49b5fb/none_v3" "txb0d88ded2f2643a7abb6b-006a282451" "proxy-server 20" 0.0149 "-" 25 0
Jun 9 14:33:53 standalone proxy-server[129613]: 172.18.0.2 172.18.0.100 09/Jun/2026/14/33/53 PUT /v1/AUTH_c4350a0f36e14eeeac2288b1d983fd51/gnocchi.a66d7d50-d0b7-452c-9776-1c154d49b5fb/none_v3 HTTP/1.0 201 - python-swiftclient-3.11.1 gAAAAABqKCQNltYa... 22 - - txb0d88ded2f2643a7abb6b-006a282451 - 0.0227 - - 1781015633.778067350 1781015633.800774574 0
Jun 9 14:34:06 standalone object-server[127659]: Begin object update sweep
Jun 9 14:34:06 standalone object-server[225247]: Object update sweep starting on /srv/node/d1 (pid: 14)
Jun 9 14:34:06 standalone object-server[225247]: Object update sweep completed on /srv/node/d1 in 0.00s seconds:, 0 successes, 0 failures, 0 quarantines, 0 unlinks, 0 errors, 0 redirects (pid: 14)
Jun 9 14:34:06 standalone object-server[225247]: Object update sweep of d1 completed: 0.00s, 0 successes, 0 failures, 0 quarantines, 0 unlinks, 0 errors, 0 redirects
Jun 9 14:34:06 standalone object-server[127659]: Object update sweep completed: 0.08s
Jun 9 14:34:19 standalone account-server[127283]: 172.20.0.100 - - [09/Jun/2026:14:34:19 +0000] "HEAD /d1/700/.expiring_objects" 404 - "HEAD http://localhost/v1/.expiring_objects?format=json" "tx403f8617789e42c785ceb-006a28246b" "proxy-server 2" 0.0005 "-" 15 -
Jun 9 14:34:19 standalone object-expirer[127603]: Pass completed in 0s; 0 objects expired (txn: tx403f8617789e42c785ceb-006a28246b)
Jun 9 14:34:19 standalone container-server[127407]: 172.20.0.100 - - [09/Jun/2026:14:34:19 +0000] "HEAD /d1/941/AUTH_c4350a0f36e14eeeac2288b1d983fd51/gnocchi.e3a930a5-0127-4733-98cb-80064aedc41a" 404 - "HEAD http://172.18.0.2:8080/v1/AUTH_c4350a0f36e14eeeac2288b1d983fd51/gnocchi.e3a930a5-0127-4733-98cb-80064aedc41a?format=json&states=listing" "tx02e76c8319eb4edb94bf0-006a28246b" "proxy-server 20" 0.0008 "-" 23 0
Jun 9 14:34:19 standalone object-server[127836]: 172.20.0.100 - - [09/Jun/2026:14:34:19 +0000] "GET /d1/114/AUTH_c4350a0f36e14eeeac2288b1d983fd51/gnocchi.e3a930a5-0127-4733-98cb-80064aedc41a/none_v3" 404 70 "GET http://172.18.0.2:8080/v1/AUTH_c4350a0f36e14eeeac2288b1d983fd51/gnocchi.e3a930a5-0127-4733-98cb-80064aedc41a/none_v3" "tx02e76c8319eb4edb94bf0-006a28246b" "proxy-server 20" 0.0008 "-" 24 0
Jun 9 14:34:19 standalone proxy-server[129613]: 172.18.0.2 172.18.0.100 09/Jun/2026/14/34/19 GET /v1/AUTH_c4350a0f36e14eeeac2288b1d983fd51/gnocchi.e3a930a5-0127-4733-98cb-80064aedc41a/none_v3 HTTP/1.0 404 - python-swiftclient-3.11.1 gAAAAABqKCQNltYa... - 70 - tx02e76c8319eb4edb94bf0-006a28246b - 0.0173 - - 1781015659.938985825 1781015659.956306458 0
Jun 9 14:34:19 standalone account-server[127281]: 172.20.0.100 - - [09/Jun/2026:14:34:19 +0000] "PUT /d1/315/AUTH_c4350a0f36e14eeeac2288b1d983fd51/gnocchi.e3a930a5-0127-4733-98cb-80064aedc41a" 201 - "PUT http://172.20.0.100:6001/d1/941/AUTH_c4350a0f36e14eeeac2288b1d983fd51/gnocchi.e3a930a5-0127-4733-98cb-80064aedc41a" "tx61e95e7575b1415bb5c7d-006a28246b" "container-server 22" 0.0079 "-" 14 0
Jun 9 14:34:19 standalone container-server[127395]: 172.20.0.100 - - [09/Jun/2026:14:34:19 +0000] "PUT /d1/941/AUTH_c4350a0f36e14eeeac2288b1d983fd51/gnocchi.e3a930a5-0127-4733-98cb-80064aedc41a" 201 - "PUT http://172.18.0.2:8080/v1/AUTH_c4350a0f36e14eeeac2288b1d983fd51/gnocchi.e3a930a5-0127-4733-98cb-80064aedc41a" "tx61e95e7575b1415bb5c7d-006a28246b" "proxy-server 20" 0.0221 "-" 22 0
Jun 9 14:34:19 standalone proxy-server[129613]: 172.18.0.2 172.18.0.100 09/Jun/2026/14/34/19 PUT /v1/AUTH_c4350a0f36e14eeeac2288b1d983fd51/gnocchi.e3a930a5-0127-4733-98cb-80064aedc41a HTTP/1.0 201 - python-swiftclient-3.11.1 gAAAAABqKCQNltYa... - - - tx61e95e7575b1415bb5c7d-006a28246b - 0.0291 - - 1781015659.961198568 1781015659.990333080 0
Jun 9 14:34:20 standalone container-server[127395]: 172.20.0.100 - - [09/Jun/2026:14:34:20 +0000] "HEAD /d1/941/AUTH_c4350a0f36e14eeeac2288b1d983fd51/gnocchi.e3a930a5-0127-4733-98cb-80064aedc41a" 204 - "HEAD http://172.18.0.2:8080/v1/AUTH_c4350a0f36e14eeeac2288b1d983fd51/gnocchi.e3a930a5-0127-4733-98cb-80064aedc41a?format=json&states=listing" "txc401dbbf977049ef89679-006a28246b" "proxy-server 20" 0.0019 "-" 22 0
Jun 9 14:34:20 standalone proxy-server[129613]: - - 09/Jun/2026/14/34/20 HEAD /v1/AUTH_c4350a0f36e14eeeac2288b1d983fd51/gnocchi.e3a930a5-0127-4733-98cb-80064aedc41a%3Fformat%3Djson%26states%3Dlisting HTTP/1.0 204 - Swift - - - - txc401dbbf977049ef89679-006a28246b - 0.0062 RL - 1781015659.996641636 1781015660.002866268 0
Jun 9 14:34:20 standalone container-server[127383]: 172.20.0.100 - - [09/Jun/2026:14:34:20 +0000] "GET /d1/941/AUTH_c4350a0f36e14eeeac2288b1d983fd51/gnocchi.e3a930a5-0127-4733-98cb-80064aedc41a" 200 2 "GET http://172.18.0.2:8080/v1/AUTH_c4350a0f36e14eeeac2288b1d983fd51/gnocchi.e3a930a5-0127-4733-98cb-80064aedc41a?format=json&states=listing" "txc401dbbf977049ef89679-006a28246b" "proxy-server 20" 0.0034 "-" 20 0
Jun 9 14:34:20 standalone proxy-server[129613]: 172.18.0.2 172.18.0.100 09/Jun/2026/14/34/20 GET /v1/AUTH_c4350a0f36e14eeeac2288b1d983fd51/gnocchi.e3a930a5-0127-4733-98cb-80064aedc41a%3Fformat%3Djson%26states%3Dlisting HTTP/1.0 200 - python-swiftclient-3.11.1 gAAAAABqKCQNltYa... - 2 - txc401dbbf977049ef89679-006a28246b - 0.0212 - - 1781015659.995134830 1781015660.016285896 0
Jun 9 14:34:20 standalone object-server[127836]: 172.20.0.100 - - [09/Jun/2026:14:34:20 +0000] "GET /d1/549/AUTH_c4350a0f36e14eeeac2288b1d983fd51/gnocchi.e3a930a5-0127-4733-98cb-80064aedc41a/1780920000.0_mean_300.0_v3" 404 70 "GET http://172.18.0.2:8080/v1/AUTH_c4350a0f36e14eeeac2288b1d983fd51/gnocchi.e3a930a5-0127-4733-98cb-80064aedc41a/1780920000.0_mean_300.0_v3" "txd9fd99d201c449a9aab5a-006a28246c" "proxy-server 20" 0.0005 "-" 24 0
Jun 9 14:34:20 standalone proxy-server[129613]: 172.18.0.2 172.18.0.100 09/Jun/2026/14/34/20 GET /v1/AUTH_c4350a0f36e14eeeac2288b1d983fd51/gnocchi.e3a930a5-0127-4733-98cb-80064aedc41a/1780920000.0_mean_300.0_v3 HTTP/1.0 404 - python-swiftclient-3.11.1 gAAAAABqKCQNltYa... - 70 - txd9fd99d201c449a9aab5a-006a28246c - 0.0078 - - 1781015660.021757364 1781015660.029526711 0
Jun 9 14:34:20 standalone container-server[127386]: 172.20.0.100 - - [09/Jun/2026:14:34:20 +0000] "PUT /d1/941/AUTH_c4350a0f36e14eeeac2288b1d983fd51/gnocchi.e3a930a5-0127-4733-98cb-80064aedc41a/1780920000.0_mean_300.0_v3" 201 - "PUT http://172.18.0.2:8080/d1/549/AUTH_c4350a0f36e14eeeac2288b1d983fd51/gnocchi.e3a930a5-0127-4733-98cb-80064aedc41a/1780920000.0_mean_300.0_v3" "tx363c36a8002b479aacee8-006a28246c" "object-server 25" 0.0008 "-" 21 0
Jun 9 14:34:20 standalone object-server[127843]: 172.20.0.100 - - [09/Jun/2026:14:34:20 +0000] "PUT /d1/549/AUTH_c4350a0f36e14eeeac2288b1d983fd51/gnocchi.e3a930a5-0127-4733-98cb-80064aedc41a/1780920000.0_mean_300.0_v3" 201 - "PUT http://172.18.0.2:8080/v1/AUTH_c4350a0f36e14eeeac2288b1d983fd51/gnocchi.e3a930a5-0127-4733-98cb-80064aedc41a/1780920000.0_mean_300.0_v3" "tx363c36a8002b479aacee8-006a28246c" "proxy-server 20" 0.0132 "-" 25 0
Jun 9 14:34:20 standalone proxy-server[129613]: 172.18.0.2 172.18.0.100 09/Jun/2026/14/34/20 PUT /v1/AUTH_c4350a0f36e14eeeac2288b1d983fd51/gnocchi.e3a930a5-0127-4733-98cb-80064aedc41a/1780920000.0_mean_300.0_v3 HTTP/1.0 201 - python-swiftclient-3.11.1 gAAAAABqKCQNltYa... 16 - - tx363c36a8002b479aacee8-006a28246c - 0.0222 - - 1781015660.034560680 1781015660.056726933 0
Jun 9 14:34:20 standalone container-server[127386]: 172.20.0.100 - - [09/Jun/2026:14:34:20 +0000] "PUT /d1/941/AUTH_c4350a0f36e14eeeac2288b1d983fd51/gnocchi.e3a930a5-0127-4733-98cb-80064aedc41a/none_v3" 201 - "PUT http://172.18.0.2:8080/d1/114/AUTH_c4350a0f36e14eeeac2288b1d983fd51/gnocchi.e3a930a5-0127-4733-98cb-80064aedc41a/none_v3" "tx3ccc022666c74b8187842-006a28246c" "object-server 24" 0.0006 "-" 21 0
Jun 9 14:34:20 standalone object-server[127836]: 172.20.0.100 - - [09/Jun/2026:14:34:20 +0000] "PUT /d1/114/AUTH_c4350a0f36e14eeeac2288b1d983fd51/gnocchi.e3a930a5-0127-4733-98cb-80064aedc41a/none_v3" 201 - "PUT http://172.18.0.2:8080/v1/AUTH_c4350a0f36e14eeeac2288b1d983fd51/gnocchi.e3a930a5-0127-4733-98cb-80064aedc41a/none_v3" "tx3ccc022666c74b8187842-006a28246c" "proxy-server 20" 0.0186 "-" 24 0
Jun 9 14:34:20 standalone proxy-server[129613]: 172.18.0.2 172.18.0.100 09/Jun/2026/14/34/20 PUT /v1/AUTH_c4350a0f36e14eeeac2288b1d983fd51/gnocchi.e3a930a5-0127-4733-98cb-80064aedc41a/none_v3 HTTP/1.0 201 - python-swiftclient-3.11.1 gAAAAABqKCQNltYa... 22 - - tx3ccc022666c74b8187842-006a28246c - 0.0313 - - 1781015660.064296246 1781015660.095581532 0
Jun 9 14:34:20 standalone object-server[127843]: 172.20.0.100 - - [09/Jun/2026:14:34:20 +0000] "GET /d1/777/AUTH_c4350a0f36e14eeeac2288b1d983fd51/gnocchi.9db16a51-6e06-448b-97b0-801463014277/none_v3" 200 22 "GET http://172.18.0.2:8080/v1/AUTH_c4350a0f36e14eeeac2288b1d983fd51/gnocchi.9db16a51-6e06-448b-97b0-801463014277/none_v3" "tx30dba8248e6446508b6e7-006a28246c" "proxy-server 20" 0.0013 "-" 25 0
Jun 9 14:34:20 standalone proxy-server[129613]: 172.18.0.2 172.18.0.100 09/Jun/2026/14/34/20 GET /v1/AUTH_c4350a0f36e14eeeac2288b1d983fd51/gnocchi.9db16a51-6e06-448b-97b0-801463014277/none_v3 HTTP/1.0 200 - python-swiftclient-3.11.1 gAAAAABqKCQNltYa... - 22 - tx30dba8248e6446508b6e7-006a28246c - 0.0113 - - 1781015660.184303522 1781015660.195555925 0
Jun 9 14:34:20 standalone container-server[127383]: 172.20.0.100 - - [09/Jun/2026:14:34:20 +0000] "GET /d1/395/AUTH_c4350a0f36e14eeeac2288b1d983fd51/gnocchi.9db16a51-6e06-448b-97b0-801463014277" 200 357 "GET http://172.18.0.2:8080/v1/AUTH_c4350a0f36e14eeeac2288b1d983fd51/gnocchi.9db16a51-6e06-448b-97b0-801463014277?format=json&states=listing" "tx26f4ff265c964640afd0a-006a28246c" "proxy-server 20" 0.0103 "-" 20 0
Jun 9 14:34:20 standalone proxy-server[129613]: 172.18.0.2 172.18.0.100 09/Jun/2026/14/34/20 GET /v1/AUTH_c4350a0f36e14eeeac2288b1d983fd51/gnocchi.9db16a51-6e06-448b-97b0-801463014277%3Fformat%3Djson%26states%3Dlisting HTTP/1.0 200 - python-swiftclient-3.11.1 gAAAAABqKCQNltYa... - 357 - tx26f4ff265c964640afd0a-006a28246c - 0.0201 - - 1781015660.200195074 1781015660.220342636 0
Jun 9 14:34:20 standalone container-server[127407]: 172.20.0.100 - - [09/Jun/2026:14:34:20 +0000] "GET /d1/395/AUTH_c4350a0f36e14eeeac2288b1d983fd51/gnocchi.9db16a51-6e06-448b-97b0-801463014277" 200 2 "GET http://172.18.0.2:8080/v1/AUTH_c4350a0f36e14eeeac2288b1d983fd51/gnocchi.9db16a51-6e06-448b-97b0-801463014277?format=json&marker=none_v3&states=listing" "tx28b08b7da8d64d389d0a0-006a28246c" "proxy-server 20" 0.0039 "-" 23 0
Jun 9 14:34:20 standalone proxy-server[129613]: 172.18.0.2 172.18.0.100 09/Jun/2026/14/34/20 GET /v1/AUTH_c4350a0f36e14eeeac2288b1d983fd51/gnocchi.9db16a51-6e06-448b-97b0-801463014277%3Fformat%3Djson%26marker%3Dnone_v3%26states%3Dlisting HTTP/1.0 200 - python-swiftclient-3.11.1 gAAAAABqKCQNltYa... - 2 - tx28b08b7da8d64d389d0a0-006a28246c - 0.0146 - - 1781015660.224069357 1781015660.238695621 0
Jun 9 14:34:20 standalone object-server[127828]: 172.20.0.100 - - [09/Jun/2026:14:34:20 +0000] "GET /d1/631/AUTH_c4350a0f36e14eeeac2288b1d983fd51/gnocchi.9db16a51-6e06-448b-97b0-801463014277/1780920000.0_mean_300.0_v3" 200 16 "GET http://172.18.0.2:8080/v1/AUTH_c4350a0f36e14eeeac2288b1d983fd51/gnocchi.9db16a51-6e06-448b-97b0-801463014277/1780920000.0_mean_300.0_v3" "tx34698bb6412147ae8b4da-006a28246c" "proxy-server 20" 0.0011 "-" 23 0
Jun 9 14:34:20 standalone proxy-server[129613]: 172.18.0.2 172.18.0.100 09/Jun/2026/14/34/20 GET /v1/AUTH_c4350a0f36e14eeeac2288b1d983fd51/gnocchi.9db16a51-6e06-448b-97b0-801463014277/1780920000.0_mean_300.0_v3 HTTP/1.0 200 - python-swiftclient-3.11.1 gAAAAABqKCQNltYa... - 16 - tx34698bb6412147ae8b4da-006a28246c - 0.0120 - - 1781015660.243384361 1781015660.255377769 0
Jun 9 14:34:20 standalone container-server[127407]: 172.20.0.100 - - [09/Jun/2026:14:34:20 +0000] "PUT /d1/395/AUTH_c4350a0f36e14eeeac2288b1d983fd51/gnocchi.9db16a51-6e06-448b-97b0-801463014277/1780920000.0_mean_300.0_v3" 201 - "PUT http://172.18.0.2:8080/d1/631/AUTH_c4350a0f36e14eeeac2288b1d983fd51/gnocchi.9db16a51-6e06-448b-97b0-801463014277/1780920000.0_mean_300.0_v3" "tx8ce2e8d403dc48769cec5-006a28246c" "object-server 25" 0.0007 "-" 23 0
Jun 9 14:34:20 standalone object-server[127843]: 172.20.0.100 - - [09/Jun/2026:14:34:20 +0000] "PUT /d1/631/AUTH_c4350a0f36e14eeeac2288b1d983fd51/gnocchi.9db16a51-6e06-448b-97b0-801463014277/1780920000.0_mean_300.0_v3" 201 - "PUT http://172.18.0.2:8080/v1/AUTH_c4350a0f36e14eeeac2288b1d983fd51/gnocchi.9db16a51-6e06-448b-97b0-801463014277/1780920000.0_mean_300.0_v3" "tx8ce2e8d403dc48769cec5-006a28246c" "proxy-server 20" 0.0132 "-" 25 0
Jun 9 14:34:20 standalone proxy-server[129613]: 172.18.0.2 172.18.0.100 09/Jun/2026/14/34/20 PUT /v1/AUTH_c4350a0f36e14eeeac2288b1d983fd51/gnocchi.9db16a51-6e06-448b-97b0-801463014277/1780920000.0_mean_300.0_v3 HTTP/1.0 201 - python-swiftclient-3.11.1 gAAAAABqKCQNltYa... 16 - - tx8ce2e8d403dc48769cec5-006a28246c - 0.0202 - - 1781015660.259395123 1781015660.279628754 0
Jun 9 14:34:20 standalone container-server[127395]: 172.20.0.100 - - [09/Jun/2026:14:34:20 +0000] "PUT /d1/395/AUTH_c4350a0f36e14eeeac2288b1d983fd51/gnocchi.9db16a51-6e06-448b-97b0-801463014277/none_v3" 201 - "PUT http://172.18.0.2:8080/d1/777/AUTH_c4350a0f36e14eeeac2288b1d983fd51/gnocchi.9db16a51-6e06-448b-97b0-801463014277/none_v3" "txc1edd679735444b8afbdc-006a28246c" "object-server 25" 0.0008 "-" 22 0
Jun 9 14:34:20 standalone object-server[127843]: 172.20.0.100 - - [09/Jun/2026:14:34:20 +0000] "PUT /d1/777/AUTH_c4350a0f36e14eeeac2288b1d983fd51/gnocchi.9db16a51-6e06-448b-97b0-801463014277/none_v3" 201 - "PUT http://172.18.0.2:8080/v1/AUTH_c4350a0f36e14eeeac2288b1d983fd51/gnocchi.9db16a51-6e06-448b-97b0-801463014277/none_v3" "txc1edd679735444b8afbdc-006a28246c" "proxy-server 20" 0.0125 "-" 25 0
Jun 9 14:34:20 standalone proxy-server[129613]: 172.18.0.2 172.18.0.100 09/Jun/2026/14/34/20 PUT /v1/AUTH_c4350a0f36e14eeeac2288b1d983fd51/gnocchi.9db16a51-6e06-448b-97b0-801463014277/none_v3 HTTP/1.0 201 - python-swiftclient-3.11.1 gAAAAABqKCQNltYa... 33 - - txc1edd679735444b8afbdc-006a28246c - 0.0204 - - 1781015660.283138275 1781015660.303492546 0
Jun 9 14:34:20 standalone object-server[127828]: 172.20.0.100 - - [09/Jun/2026:14:34:20 +0000] "GET /d1/486/AUTH_c4350a0f36e14eeeac2288b1d983fd51/gnocchi.89d76670-30a0-479e-a070-d89fb48f9830/none_v3" 200 22 "GET http://172.18.0.2:8080/v1/AUTH_c4350a0f36e14eeeac2288b1d983fd51/gnocchi.89d76670-30a0-479e-a070-d89fb48f9830/none_v3" "tx2a9b9247c9e64c91a22fe-006a28246c" "proxy-server 20" 0.0010 "-" 23 0
Jun 9 14:34:20 standalone proxy-server[129613]: 172.18.0.2 172.18.0.100 09/Jun/2026/14/34/20 GET /v1/AUTH_c4350a0f36e14eeeac2288b1d983fd51/gnocchi.89d76670-30a0-479e-a070-d89fb48f9830/none_v3 HTTP/1.0 200 - python-swiftclient-3.11.1 gAAAAABqKCQNltYa... - 22 - tx2a9b9247c9e64c91a22fe-006a28246c - 0.0120 - - 1781015660.315762520 1781015660.327774048 0
Jun 9 14:34:20 standalone container-server[127407]: 172.20.0.100 - - [09/Jun/2026:14:34:20 +0000] "GET /d1/582/AUTH_c4350a0f36e14eeeac2288b1d983fd51/gnocchi.89d76670-30a0-479e-a070-d89fb48f9830" 200 357 "GET http://172.18.0.2:8080/v1/AUTH_c4350a0f36e14eeeac2288b1d983fd51/gnocchi.89d76670-30a0-479e-a070-d89fb48f9830?format=json&states=listing" "txc42ca749a5834a388a30b-006a28246c" "proxy-server 20" 0.0181 "-" 23 0
Jun 9 14:34:20 standalone proxy-server[129613]: 172.18.0.2 172.18.0.100 09/Jun/2026/14/34/20 GET /v1/AUTH_c4350a0f36e14eeeac2288b1d983fd51/gnocchi.89d76670-30a0-479e-a070-d89fb48f9830%3Fformat%3Djson%26states%3Dlisting HTTP/1.0 200 - python-swiftclient-3.11.1 gAAAAABqKCQNltYa... - 357 - txc42ca749a5834a388a30b-006a28246c - 0.0291 - - 1781015660.336150169 1781015660.365297318 0
Jun 9 14:34:20 standalone container-server[127395]: 172.20.0.100 - - [09/Jun/2026:14:34:20 +0000] "GET /d1/582/AUTH_c4350a0f36e14eeeac2288b1d983fd51/gnocchi.89d76670-30a0-479e-a070-d89fb48f9830" 200 2 "GET http://172.18.0.2:8080/v1/AUTH_c4350a0f36e14eeeac2288b1d983fd51/gnocchi.89d76670-30a0-479e-a070-d89fb48f9830?format=json&marker=none_v3&states=listing" "txafdbd55d6edf482cb3f19-006a28246c" "proxy-server 20" 0.0037 "-" 22 0
Jun 9 14:34:20 standalone proxy-server[129613]: 172.18.0.2 172.18.0.100 09/Jun/2026/14/34/20 GET /v1/AUTH_c4350a0f36e14eeeac2288b1d983fd51/gnocchi.89d76670-30a0-479e-a070-d89fb48f9830%3Fformat%3Djson%26marker%3Dnone_v3%26states%3Dlisting HTTP/1.0 200 - python-swiftclient-3.11.1 gAAAAABqKCQNltYa... - 2 - txafdbd55d6edf482cb3f19-006a28246c - 0.0138 - - 1781015660.369838953 1781015660.383597374 0
Jun 9 14:34:20 standalone object-server[127843]: 172.20.0.100 - - [09/Jun/2026:14:34:20 +0000] "GET /d1/880/AUTH_c4350a0f36e14eeeac2288b1d983fd51/gnocchi.89d76670-30a0-479e-a070-d89fb48f9830/1780920000.0_mean_300.0_v3" 200 16 "GET http://172.18.0.2:8080/v1/AUTH_c4350a0f36e14eeeac2288b1d983fd51/gnocchi.89d76670-30a0-479e-a070-d89fb48f9830/1780920000.0_mean_300.0_v3" "tx71db8cb24ad44dceb1a27-006a28246c" "proxy-server 20" 0.0013 "-" 25 0
Jun 9 14:34:20 standalone proxy-server[129613]: 172.18.0.2 172.18.0.100 09/Jun/2026/14/34/20 GET /v1/AUTH_c4350a0f36e14eeeac2288b1d983fd51/gnocchi.89d76670-30a0-479e-a070-d89fb48f9830/1780920000.0_mean_300.0_v3 HTTP/1.0 200 - python-swiftclient-3.11.1 gAAAAABqKCQNltYa... - 16 - tx71db8cb24ad44dceb1a27-006a28246c - 0.0106 - - 1781015660.387863398 1781015660.398466349 0
Jun 9 14:34:20 standalone container-server[127407]: 172.20.0.100 - - [09/Jun/2026:14:34:20 +0000] "PUT /d1/582/AUTH_c4350a0f36e14eeeac2288b1d983fd51/gnocchi.89d76670-30a0-479e-a070-d89fb48f9830/1780920000.0_mean_300.0_v3" 201 - "PUT http://172.18.0.2:8080/d1/880/AUTH_c4350a0f36e14eeeac2288b1d983fd51/gnocchi.89d76670-30a0-479e-a070-d89fb48f9830/1780920000.0_mean_300.0_v3" "txb8647aa833354182bca07-006a28246c" "object-server 23" 0.0011 "-" 23 0
Jun 9 14:34:20 standalone object-server[127828]: 172.20.0.100 - - [09/Jun/2026:14:34:20 +0000] "PUT /d1/880/AUTH_c4350a0f36e14eeeac2288b1d983fd51/gnocchi.89d76670-30a0-479e-a070-d89fb48f9830/1780920000.0_mean_300.0_v3" 201 - "PUT http://172.18.0.2:8080/v1/AUTH_c4350a0f36e14eeeac2288b1d983fd51/gnocchi.89d76670-30a0-479e-a070-d89fb48f9830/1780920000.0_mean_300.0_v3" "txb8647aa833354182bca07-006a28246c" "proxy-server 20" 0.0104 "-" 23 0
Jun 9 14:34:20 standalone proxy-server[129613]: 172.18.0.2 172.18.0.100 09/Jun/2026/14/34/20 PUT /v1/AUTH_c4350a0f36e14eeeac2288b1d983fd51/gnocchi.89d76670-30a0-479e-a070-d89fb48f9830/1780920000.0_mean_300.0_v3 HTTP/1.0 201 - python-swiftclient-3.11.1 gAAAAABqKCQNltYa... 16 - - txb8647aa833354182bca07-006a28246c - 0.0161 - - 1781015660.402345181 1781015660.418461084 0
Jun 9 14:34:20 standalone container-server[127386]: 172.20.0.100 - - [09/Jun/2026:14:34:20 +0000] "PUT /d1/582/AUTH_c4350a0f36e14eeeac2288b1d983fd51/gnocchi.89d76670-30a0-479e-a070-d89fb48f9830/none_v3" 201 - "PUT http://172.18.0.2:8080/d1/486/AUTH_c4350a0f36e14eeeac2288b1d983fd51/gnocchi.89d76670-30a0-479e-a070-d89fb48f9830/none_v3" "tx9ac05e63cfb54c8a86af1-006a28246c" "object-server 24" 0.0009 "-" 21 0
Jun 9 14:34:20 standalone object-server[127836]: 172.20.0.100 - - [09/Jun/2026:14:34:20 +0000] "PUT /d1/486/AUTH_c4350a0f36e14eeeac2288b1d983fd51/gnocchi.89d76670-30a0-479e-a070-d89fb48f9830/none_v3" 201 - "PUT http://172.18.0.2:8080/v1/AUTH_c4350a0f36e14eeeac2288b1d983fd51/gnocchi.89d76670-30a0-479e-a070-d89fb48f9830/none_v3" "tx9ac05e63cfb54c8a86af1-006a28246c" "proxy-server 20" 0.0138 "-" 24 0
Jun 9 14:34:20 standalone proxy-server[129613]: 172.18.0.2 172.18.0.100 09/Jun/2026/14/34/20 PUT /v1/AUTH_c4350a0f36e14eeeac2288b1d983fd51/gnocchi.89d76670-30a0-479e-a070-d89fb48f9830/none_v3 HTTP/1.0 201 - python-swiftclient-3.11.1 gAAAAABqKCQNltYa... 33 - - tx9ac05e63cfb54c8a86af1-006a28246c - 0.0201 - - 1781015660.424698591 1781015660.444749355 0
Jun 9 14:34:24 standalone object-server[127836]: 172.20.0.100 - - [09/Jun/2026:14:34:24 +0000] "GET /d1/114/AUTH_c4350a0f36e14eeeac2288b1d983fd51/gnocchi.e3a930a5-0127-4733-98cb-80064aedc41a/none_v3" 200 22 "GET http://172.18.0.2:8080/v1/AUTH_c4350a0f36e14eeeac2288b1d983fd51/gnocchi.e3a930a5-0127-4733-98cb-80064aedc41a/none_v3" "tx5580f315daa64141af101-006a282470" "proxy-server 20" 0.0015 "-" 24 0
Jun 9 14:34:24 standalone proxy-server[129613]: 172.18.0.2 172.18.0.100 09/Jun/2026/14/34/24 GET /v1/AUTH_c4350a0f36e14eeeac2288b1d983fd51/gnocchi.e3a930a5-0127-4733-98cb-80064aedc41a/none_v3 HTTP/1.0 200 - python-swiftclient-3.11.1 gAAAAABqKCQNltYa... - 22 - tx5580f315daa64141af101-006a282470 - 0.0150 - - 1781015664.379925013 1781015664.394952774 0
Jun 9 14:34:24 standalone container-server[127386]: 172.20.0.100 - - [09/Jun/2026:14:34:24 +0000] "GET /d1/941/AUTH_c4350a0f36e14eeeac2288b1d983fd51/gnocchi.e3a930a5-0127-4733-98cb-80064aedc41a" 200 357 "GET http://172.18.0.2:8080/v1/AUTH_c4350a0f36e14eeeac2288b1d983fd51/gnocchi.e3a930a5-0127-4733-98cb-80064aedc41a?format=json&states=listing" "tx46962e177f194762a62d9-006a282470" "proxy-server 20" 0.0148 "-" 21 0
Jun 9 14:34:24 standalone proxy-server[129613]: 172.18.0.2 172.18.0.100 09/Jun/2026/14/34/24 GET /v1/AUTH_c4350a0f36e14eeeac2288b1d983fd51/gnocchi.e3a930a5-0127-4733-98cb-80064aedc41a%3Fformat%3Djson%26states%3Dlisting HTTP/1.0 200 - python-swiftclient-3.11.1 gAAAAABqKCQNltYa... - 357 - tx46962e177f194762a62d9-006a282470 - 0.0245 - - 1781015664.399578333 1781015664.424109459 0
Jun 9 14:34:24 standalone container-server[127407]: 172.20.0.100 - - [09/Jun/2026:14:34:24 +0000] "GET /d1/941/AUTH_c4350a0f36e14eeeac2288b1d983fd51/gnocchi.e3a930a5-0127-4733-98cb-80064aedc41a" 200 2 "GET http://172.18.0.2:8080/v1/AUTH_c4350a0f36e14eeeac2288b1d983fd51/gnocchi.e3a930a5-0127-4733-98cb-80064aedc41a?format=json&marker=none_v3&states=listing" "txbd7f7eec4b1d49efa2ce4-006a282470" "proxy-server 20" 0.0038 "-" 23 0
Jun 9 14:34:24 standalone proxy-server[129613]: 172.18.0.2 172.18.0.100 09/Jun/2026/14/34/24 GET /v1/AUTH_c4350a0f36e14eeeac2288b1d983fd51/gnocchi.e3a930a5-0127-4733-98cb-80064aedc41a%3Fformat%3Djson%26marker%3Dnone_v3%26states%3Dlisting HTTP/1.0 200 - python-swiftclient-3.11.1 gAAAAABqKCQNltYa... - 2 - txbd7f7eec4b1d49efa2ce4-006a282470 - 0.0123 - - 1781015664.427178860 1781015664.439508677 0
Jun 9 14:34:24 standalone object-server[127843]: 172.20.0.100 - - [09/Jun/2026:14:34:24 +0000] "GET /d1/549/AUTH_c4350a0f36e14eeeac2288b1d983fd51/gnocchi.e3a930a5-0127-4733-98cb-80064aedc41a/1780920000.0_mean_300.0_v3" 200 16 "GET http://172.18.0.2:8080/v1/AUTH_c4350a0f36e14eeeac2288b1d983fd51/gnocchi.e3a930a5-0127-4733-98cb-80064aedc41a/1780920000.0_mean_300.0_v3" "txa1b4a17c1783413ca6cf9-006a282470" "proxy-server 20" 0.0007 "-" 25 0
Jun 9 14:34:24 standalone proxy-server[129613]: 172.18.0.2 172.18.0.100 09/Jun/2026/14/34/24 GET /v1/AUTH_c4350a0f36e14eeeac2288b1d983fd51/gnocchi.e3a930a5-0127-4733-98cb-80064aedc41a/1780920000.0_mean_300.0_v3 HTTP/1.0 200 - python-swiftclient-3.11.1 gAAAAABqKCQNltYa... - 16 - txa1b4a17c1783413ca6cf9-006a282470 - 0.0107 - - 1781015664.442660332 1781015664.453387737 0
Jun 9 14:34:24 standalone container-server[127395]: 172.20.0.100 - - [09/Jun/2026:14:34:24 +0000] "PUT /d1/941/AUTH_c4350a0f36e14eeeac2288b1d983fd51/gnocchi.e3a930a5-0127-4733-98cb-80064aedc41a/1780920000.0_mean_300.0_v3" 201 - "PUT http://172.18.0.2:8080/d1/549/AUTH_c4350a0f36e14eeeac2288b1d983fd51/gnocchi.e3a930a5-0127-4733-98cb-80064aedc41a/1780920000.0_mean_300.0_v3" "tx2b3852c015b748f19a22f-006a282470" "object-server 23" 0.0005 "-" 22 0
Jun 9 14:34:24 standalone object-server[127828]: 172.20.0.100 - - [09/Jun/2026:14:34:24 +0000] "PUT /d1/549/AUTH_c4350a0f36e14eeeac2288b1d983fd51/gnocchi.e3a930a5-0127-4733-98cb-80064aedc41a/1780920000.0_mean_300.0_v3" 201 - "PUT http://172.18.0.2:8080/v1/AUTH_c4350a0f36e14eeeac2288b1d983fd51/gnocchi.e3a930a5-0127-4733-98cb-80064aedc41a/1780920000.0_mean_300.0_v3" "tx2b3852c015b748f19a22f-006a282470" "proxy-server 20" 0.0348 "-" 23 0
Jun 9 14:34:24 standalone proxy-server[129613]: 172.18.0.2 172.18.0.100 09/Jun/2026/14/34/24 PUT /v1/AUTH_c4350a0f36e14eeeac2288b1d983fd51/gnocchi.e3a930a5-0127-4733-98cb-80064aedc41a/1780920000.0_mean_300.0_v3 HTTP/1.0 201 - python-swiftclient-3.11.1 gAAAAABqKCQNltYa... 16 - - tx2b3852c015b748f19a22f-006a282470 - 0.0414 - - 1781015664.456058025 1781015664.497463465 0
Jun 9 14:34:24 standalone container-server[127395]: 172.20.0.100 - - [09/Jun/2026:14:34:24 +0000] "PUT /d1/941/AUTH_c4350a0f36e14eeeac2288b1d983fd51/gnocchi.e3a930a5-0127-4733-98cb-80064aedc41a/none_v3" 201 - "PUT http://172.18.0.2:8080/d1/114/AUTH_c4350a0f36e14eeeac2288b1d983fd51/gnocchi.e3a930a5-0127-4733-98cb-80064aedc41a/none_v3" "tx7ff4cf360815491ba7089-006a282470" "object-server 24" 0.0003 "-" 22 0
Jun 9 14:34:24 standalone object-server[127836]: 172.20.0.100 - - [09/Jun/2026:14:34:24 +0000] "PUT /d1/114/AUTH_c4350a0f36e14eeeac2288b1d983fd51/gnocchi.e3a930a5-0127-4733-98cb-80064aedc41a/none_v3" 201 - "PUT http://172.18.0.2:8080/v1/AUTH_c4350a0f36e14eeeac2288b1d983fd51/gnocchi.e3a930a5-0127-4733-98cb-80064aedc41a/none_v3" "tx7ff4cf360815491ba7089-006a282470" "proxy-server 20" 0.0113 "-" 24 0
Jun 9 14:34:24 standalone proxy-server[129613]: 172.18.0.2 172.18.0.100 09/Jun/2026/14/34/24 PUT /v1/AUTH_c4350a0f36e14eeeac2288b1d983fd51/gnocchi.e3a930a5-0127-4733-98cb-80064aedc41a/none_v3 HTTP/1.0 201 - python-swiftclient-3.11.1 gAAAAABqKCQNltYa... 32 - - tx7ff4cf360815491ba7089-006a282470 - 0.0190 - - 1781015664.500220776 1781015664.519252300 0
Jun 9 14:34:34 standalone container-server[127407]: 172.20.0.100 - - [09/Jun/2026:14:34:34 +0000] "HEAD /d1/193/AUTH_c4350a0f36e14eeeac2288b1d983fd51/gnocchi.573b0f26-4d47-4dda-aab9-4a5140ea4495" 404 - "HEAD http://172.18.0.2:8080/v1/AUTH_c4350a0f36e14eeeac2288b1d983fd51/gnocchi.573b0f26-4d47-4dda-aab9-4a5140ea4495?format=json&states=listing" "tx6b15337ff6384e39a81f0-006a28247a" "proxy-server 20" 0.0009 "-" 23 0
Jun 9 14:34:34 standalone object-server[127828]: 172.20.0.100 - - [09/Jun/2026:14:34:34 +0000] "GET /d1/120/AUTH_c4350a0f36e14eeeac2288b1d983fd51/gnocchi.573b0f26-4d47-4dda-aab9-4a5140ea4495/none_v3" 404 70 "GET http://172.18.0.2:8080/v1/AUTH_c4350a0f36e14eeeac2288b1d983fd51/gnocchi.573b0f26-4d47-4dda-aab9-4a5140ea4495/none_v3" "tx6b15337ff6384e39a81f0-006a28247a" "proxy-server 20" 0.0007 "-" 23 0
Jun 9 14:34:34 standalone proxy-server[129613]: 172.18.0.2 172.18.0.100 09/Jun/2026/14/34/34 GET /v1/AUTH_c4350a0f36e14eeeac2288b1d983fd51/gnocchi.573b0f26-4d47-4dda-aab9-4a5140ea4495/none_v3 HTTP/1.0 404 - python-swiftclient-3.11.1 gAAAAABqKCQNltYa... - 70 - tx6b15337ff6384e39a81f0-006a28247a - 0.0211 - - 1781015674.728685379 1781015674.749803782 0
Jun 9 14:34:34 standalone account-server[127305]: 172.20.0.100 - - [09/Jun/2026:14:34:34 +0000] "PUT /d1/315/AUTH_c4350a0f36e14eeeac2288b1d983fd51/gnocchi.573b0f26-4d47-4dda-aab9-4a5140ea4495" 201 - "PUT http://172.20.0.100:6001/d1/193/AUTH_c4350a0f36e14eeeac2288b1d983fd51/gnocchi.573b0f26-4d47-4dda-aab9-4a5140ea4495" "tx2088b40821a14496b3e49-006a28247a" "container-server 20" 0.0053 "-" 17 0
Jun 9 14:34:34 standalone container-server[127383]: 172.20.0.100 - - [09/Jun/2026:14:34:34 +0000] "PUT /d1/193/AUTH_c4350a0f36e14eeeac2288b1d983fd51/gnocchi.573b0f26-4d47-4dda-aab9-4a5140ea4495" 201 - "PUT http://172.18.0.2:8080/v1/AUTH_c4350a0f36e14eeeac2288b1d983fd51/gnocchi.573b0f26-4d47-4dda-aab9-4a5140ea4495" "tx2088b40821a14496b3e49-006a28247a" "proxy-server 20" 0.0189 "-" 20 0
Jun 9 14:34:34 standalone proxy-server[129613]: 172.18.0.2 172.18.0.100 09/Jun/2026/14/34/34 PUT /v1/AUTH_c4350a0f36e14eeeac2288b1d983fd51/gnocchi.573b0f26-4d47-4dda-aab9-4a5140ea4495 HTTP/1.0 201 - python-swiftclient-3.11.1 gAAAAABqKCQNltYa... - - - tx2088b40821a14496b3e49-006a28247a - 0.0262 - - 1781015674.754005432 1781015674.780198097 0
Jun 9 14:34:34 standalone container-server[127386]: 172.20.0.100 - - [09/Jun/2026:14:34:34 +0000] "HEAD /d1/193/AUTH_c4350a0f36e14eeeac2288b1d983fd51/gnocchi.573b0f26-4d47-4dda-aab9-4a5140ea4495" 204 - "HEAD http://172.18.0.2:8080/v1/AUTH_c4350a0f36e14eeeac2288b1d983fd51/gnocchi.573b0f26-4d47-4dda-aab9-4a5140ea4495?format=json&states=listing" "txec46768c1a3b4f4bbbf76-006a28247a" "proxy-server 20" 0.0015 "-" 21 0
