Jun 9 14:36:25 standalone object-server[127836]: 172.20.0.100 - - [09/Jun/2026:14:36:25 +0000] "GET /d1/953/AUTH_c4350a0f36e14eeeac2288b1d983fd51/gnocchi.7dc7fcf8-1b21-4607-a018-cfb59afa4e36/1780920000.0_mean_300.0_v3" 404 70 "GET http://172.18.0.2:8080/v1/AUTH_c4350a0f36e14eeeac2288b1d983fd51/gnocchi.7dc7fcf8-1b21-4607-a018-cfb59afa4e36/1780920000.0_mean_300.0_v3" "tx8119223766b341daba2a2-006a2824e9" "proxy-server 20" 0.0005 "-" 24 0
Jun 9 14:36:25 standalone proxy-server[129613]: 172.18.0.2 172.18.0.100 09/Jun/2026/14/36/25 GET /v1/AUTH_c4350a0f36e14eeeac2288b1d983fd51/gnocchi.7dc7fcf8-1b21-4607-a018-cfb59afa4e36/1780920000.0_mean_300.0_v3 HTTP/1.0 404 - python-swiftclient-3.11.1 gAAAAABqKCQNltYa... - 70 - tx8119223766b341daba2a2-006a2824e9 - 0.0074 - - 1781015785.204056501 1781015785.211460352 0
Jun 9 14:36:25 standalone container-server[127395]: 172.20.0.100 - - [09/Jun/2026:14:36:25 +0000] "PUT /d1/380/AUTH_c4350a0f36e14eeeac2288b1d983fd51/gnocchi.783df9ca-9663-4f88-a31d-1d14e6f68b36/1780920000.0_mean_300.0_v3" 201 - "PUT http://172.18.0.2:8080/d1/458/AUTH_c4350a0f36e14eeeac2288b1d983fd51/gnocchi.783df9ca-9663-4f88-a31d-1d14e6f68b36/1780920000.0_mean_300.0_v3" "tx9878773b818141548f7e7-006a2824e9" "object-server 22" 0.0008 "-" 22 0
Jun 9 14:36:25 standalone object-server[127823]: 172.20.0.100 - - [09/Jun/2026:14:36:25 +0000] "PUT /d1/458/AUTH_c4350a0f36e14eeeac2288b1d983fd51/gnocchi.783df9ca-9663-4f88-a31d-1d14e6f68b36/1780920000.0_mean_300.0_v3" 201 - "PUT http://172.18.0.2:8080/v1/AUTH_c4350a0f36e14eeeac2288b1d983fd51/gnocchi.783df9ca-9663-4f88-a31d-1d14e6f68b36/1780920000.0_mean_300.0_v3" "tx9878773b818141548f7e7-006a2824e9" "proxy-server 20" 0.0114 "-" 22 0
Jun 9 14:36:25 standalone proxy-server[129613]: 172.18.0.2 172.18.0.100 09/Jun/2026/14/36/25 PUT /v1/AUTH_c4350a0f36e14eeeac2288b1d983fd51/gnocchi.783df9ca-9663-4f88-a31d-1d14e6f68b36/1780920000.0_mean_300.0_v3 HTTP/1.0 201 - python-swiftclient-3.11.1 gAAAAABqKCQNltYa... 16 - - tx9878773b818141548f7e7-006a2824e9 - 0.0190 - - 1781015785.215524912 1781015785.234543562 0
Jun 9 14:36:25 standalone container-server[127407]: 172.20.0.100 - - [09/Jun/2026:14:36:25 +0000] "PUT /d1/226/AUTH_c4350a0f36e14eeeac2288b1d983fd51/gnocchi.7dc7fcf8-1b21-4607-a018-cfb59afa4e36/1780920000.0_mean_300.0_v3" 201 - "PUT http://172.18.0.2:8080/d1/953/AUTH_c4350a0f36e14eeeac2288b1d983fd51/gnocchi.7dc7fcf8-1b21-4607-a018-cfb59afa4e36/1780920000.0_mean_300.0_v3" "tx1c4bbe6eda424220b4cf1-006a2824e9" "object-server 23" 0.0008 "-" 23 0
Jun 9 14:36:25 standalone object-server[127828]: 172.20.0.100 - - [09/Jun/2026:14:36:25 +0000] "PUT /d1/953/AUTH_c4350a0f36e14eeeac2288b1d983fd51/gnocchi.7dc7fcf8-1b21-4607-a018-cfb59afa4e36/1780920000.0_mean_300.0_v3" 201 - "PUT http://172.18.0.2:8080/v1/AUTH_c4350a0f36e14eeeac2288b1d983fd51/gnocchi.7dc7fcf8-1b21-4607-a018-cfb59afa4e36/1780920000.0_mean_300.0_v3" "tx1c4bbe6eda424220b4cf1-006a2824e9" "proxy-server 20" 0.0120 "-" 23 0
Jun 9 14:36:25 standalone proxy-server[129613]: 172.18.0.2 172.18.0.100 09/Jun/2026/14/36/25 PUT /v1/AUTH_c4350a0f36e14eeeac2288b1d983fd51/gnocchi.7dc7fcf8-1b21-4607-a018-cfb59afa4e36/1780920000.0_mean_300.0_v3 HTTP/1.0 201 - python-swiftclient-3.11.1 gAAAAABqKCQNltYa... 16 - - tx1c4bbe6eda424220b4cf1-006a2824e9 - 0.0206 - - 1781015785.238946676 1781015785.259594679 0
Jun 9 14:36:25 standalone container-server[127407]: 172.20.0.100 - - [09/Jun/2026:14:36:25 +0000] "PUT /d1/380/AUTH_c4350a0f36e14eeeac2288b1d983fd51/gnocchi.783df9ca-9663-4f88-a31d-1d14e6f68b36/none_v3" 201 - "PUT http://172.18.0.2:8080/d1/984/AUTH_c4350a0f36e14eeeac2288b1d983fd51/gnocchi.783df9ca-9663-4f88-a31d-1d14e6f68b36/none_v3" "txeb843e7438354cf1a9e2f-006a2824e9" "object-server 24" 0.0006 "-" 23 0
Jun 9 14:36:25 standalone object-server[127836]: 172.20.0.100 - - [09/Jun/2026:14:36:25 +0000] "PUT /d1/984/AUTH_c4350a0f36e14eeeac2288b1d983fd51/gnocchi.783df9ca-9663-4f88-a31d-1d14e6f68b36/none_v3" 201 - "PUT http://172.18.0.2:8080/v1/AUTH_c4350a0f36e14eeeac2288b1d983fd51/gnocchi.783df9ca-9663-4f88-a31d-1d14e6f68b36/none_v3" "txeb843e7438354cf1a9e2f-006a2824e9" "proxy-server 20" 0.0103 "-" 24 0
Jun 9 14:36:25 standalone proxy-server[129613]: 172.18.0.2 172.18.0.100 09/Jun/2026/14/36/25 PUT /v1/AUTH_c4350a0f36e14eeeac2288b1d983fd51/gnocchi.783df9ca-9663-4f88-a31d-1d14e6f68b36/none_v3 HTTP/1.0 201 - python-swiftclient-3.11.1 gAAAAABqKCQNltYa... 22 - - txeb843e7438354cf1a9e2f-006a2824e9 - 0.0183 - - 1781015785.263350964 1781015785.281618595 0
Jun 9 14:36:25 standalone container-server[127386]: 172.20.0.100 - - [09/Jun/2026:14:36:25 +0000] "PUT /d1/226/AUTH_c4350a0f36e14eeeac2288b1d983fd51/gnocchi.7dc7fcf8-1b21-4607-a018-cfb59afa4e36/none_v3" 201 - "PUT http://172.18.0.2:8080/d1/279/AUTH_c4350a0f36e14eeeac2288b1d983fd51/gnocchi.7dc7fcf8-1b21-4607-a018-cfb59afa4e36/none_v3" "txf70ba7615c4b4d929f64b-006a2824e9" "object-server 22" 0.0008 "-" 21 0
Jun 9 14:36:25 standalone object-server[127823]: 172.20.0.100 - - [09/Jun/2026:14:36:25 +0000] "PUT /d1/279/AUTH_c4350a0f36e14eeeac2288b1d983fd51/gnocchi.7dc7fcf8-1b21-4607-a018-cfb59afa4e36/none_v3" 201 - "PUT http://172.18.0.2:8080/v1/AUTH_c4350a0f36e14eeeac2288b1d983fd51/gnocchi.7dc7fcf8-1b21-4607-a018-cfb59afa4e36/none_v3" "txf70ba7615c4b4d929f64b-006a2824e9" "proxy-server 20" 0.0108 "-" 22 0
Jun 9 14:36:25 standalone proxy-server[129613]: 172.18.0.2 172.18.0.100 09/Jun/2026/14/36/25 PUT /v1/AUTH_c4350a0f36e14eeeac2288b1d983fd51/gnocchi.7dc7fcf8-1b21-4607-a018-cfb59afa4e36/none_v3 HTTP/1.0 201 - python-swiftclient-3.11.1 gAAAAABqKCQNltYa... 22 - - txf70ba7615c4b4d929f64b-006a2824e9 - 0.0478 - - 1781015785.285109282 1781015785.332947493 0
Jun 9 14:36:25 standalone container-server[127383]: 172.20.0.100 - - [09/Jun/2026:14:36:25 +0000] "HEAD /d1/993/AUTH_c4350a0f36e14eeeac2288b1d983fd51/gnocchi.2df8077a-9e3b-4aa6-96e9-dddc0873d0bb" 404 - "HEAD http://172.18.0.2:8080/v1/AUTH_c4350a0f36e14eeeac2288b1d983fd51/gnocchi.2df8077a-9e3b-4aa6-96e9-dddc0873d0bb?format=json&states=listing" "tx18e1caaa006b4143a54ae-006a2824e9" "proxy-server 20" 0.0012 "-" 20 0
Jun 9 14:36:25 standalone object-server[127823]: 172.20.0.100 - - [09/Jun/2026:14:36:25 +0000] "GET /d1/960/AUTH_c4350a0f36e14eeeac2288b1d983fd51/gnocchi.2df8077a-9e3b-4aa6-96e9-dddc0873d0bb/none_v3" 404 70 "GET http://172.18.0.2:8080/v1/AUTH_c4350a0f36e14eeeac2288b1d983fd51/gnocchi.2df8077a-9e3b-4aa6-96e9-dddc0873d0bb/none_v3" "tx18e1caaa006b4143a54ae-006a2824e9" "proxy-server 20" 0.0004 "-" 22 0
Jun 9 14:36:25 standalone proxy-server[129613]: 172.18.0.2 172.18.0.100 09/Jun/2026/14/36/25 GET /v1/AUTH_c4350a0f36e14eeeac2288b1d983fd51/gnocchi.2df8077a-9e3b-4aa6-96e9-dddc0873d0bb/none_v3 HTTP/1.0 404 - python-swiftclient-3.11.1 gAAAAABqKCQNltYa... - 70 - tx18e1caaa006b4143a54ae-006a2824e9 - 0.0141 - - 1781015785.345580101 1781015785.359651089 0
Jun 9 14:36:25 standalone account-server[127289]: 172.20.0.100 - - [09/Jun/2026:14:36:25 +0000] "PUT /d1/315/AUTH_c4350a0f36e14eeeac2288b1d983fd51/gnocchi.2df8077a-9e3b-4aa6-96e9-dddc0873d0bb" 201 - "PUT http://172.20.0.100:6001/d1/993/AUTH_c4350a0f36e14eeeac2288b1d983fd51/gnocchi.2df8077a-9e3b-4aa6-96e9-dddc0873d0bb" "txfbed4ec6dbd243f99858a-006a2824e9" "container-server 21" 0.0057 "-" 16 0
Jun 9 14:36:25 standalone container-server[127386]: 172.20.0.100 - - [09/Jun/2026:14:36:25 +0000] "PUT /d1/993/AUTH_c4350a0f36e14eeeac2288b1d983fd51/gnocchi.2df8077a-9e3b-4aa6-96e9-dddc0873d0bb" 201 - "PUT http://172.18.0.2:8080/v1/AUTH_c4350a0f36e14eeeac2288b1d983fd51/gnocchi.2df8077a-9e3b-4aa6-96e9-dddc0873d0bb" "txfbed4ec6dbd243f99858a-006a2824e9" "proxy-server 20" 0.0198 "-" 21 0
Jun 9 14:36:25 standalone proxy-server[129613]: 172.18.0.2 172.18.0.100 09/Jun/2026/14/36/25 PUT /v1/AUTH_c4350a0f36e14eeeac2288b1d983fd51/gnocchi.2df8077a-9e3b-4aa6-96e9-dddc0873d0bb HTTP/1.0 201 - python-swiftclient-3.11.1 gAAAAABqKCQNltYa... - - - txfbed4ec6dbd243f99858a-006a2824e9 - 0.0271 - - 1781015785.363139153 1781015785.390250683 0
Jun 9 14:36:25 standalone container-server[127395]: 172.20.0.100 - - [09/Jun/2026:14:36:25 +0000] "HEAD /d1/993/AUTH_c4350a0f36e14eeeac2288b1d983fd51/gnocchi.2df8077a-9e3b-4aa6-96e9-dddc0873d0bb" 204 - "HEAD http://172.18.0.2:8080/v1/AUTH_c4350a0f36e14eeeac2288b1d983fd51/gnocchi.2df8077a-9e3b-4aa6-96e9-dddc0873d0bb?format=json&states=listing" "txfe553af24e4146598f7ff-006a2824e9" "proxy-server 20" 0.0021 "-" 22 0
Jun 9 14:36:25 standalone proxy-server[129613]: - - 09/Jun/2026/14/36/25 HEAD /v1/AUTH_c4350a0f36e14eeeac2288b1d983fd51/gnocchi.2df8077a-9e3b-4aa6-96e9-dddc0873d0bb%3Fformat%3Djson%26states%3Dlisting HTTP/1.0 204 - Swift - - - - txfe553af24e4146598f7ff-006a2824e9 - 0.0073 RL - 1781015785.396891356 1781015785.404216051 0
Jun 9 14:36:25 standalone container-server[127407]: 172.20.0.100 - - [09/Jun/2026:14:36:25 +0000] "GET /d1/993/AUTH_c4350a0f36e14eeeac2288b1d983fd51/gnocchi.2df8077a-9e3b-4aa6-96e9-dddc0873d0bb" 200 2 "GET http://172.18.0.2:8080/v1/AUTH_c4350a0f36e14eeeac2288b1d983fd51/gnocchi.2df8077a-9e3b-4aa6-96e9-dddc0873d0bb?format=json&states=listing" "txfe553af24e4146598f7ff-006a2824e9" "proxy-server 20" 0.0032 "-" 23 0
Jun 9 14:36:25 standalone proxy-server[129613]: 172.18.0.2 172.18.0.100 09/Jun/2026/14/36/25 GET /v1/AUTH_c4350a0f36e14eeeac2288b1d983fd51/gnocchi.2df8077a-9e3b-4aa6-96e9-dddc0873d0bb%3Fformat%3Djson%26states%3Dlisting HTTP/1.0 200 - python-swiftclient-3.11.1 gAAAAABqKCQNltYa... - 2 - txfe553af24e4146598f7ff-006a2824e9 - 0.0210 - - 1781015785.395183802 1781015785.416230440 0
Jun 9 14:36:25 standalone object-server[127843]: 172.20.0.100 - - [09/Jun/2026:14:36:25 +0000] "GET /d1/420/AUTH_c4350a0f36e14eeeac2288b1d983fd51/gnocchi.2df8077a-9e3b-4aa6-96e9-dddc0873d0bb/1780920000.0_mean_300.0_v3" 404 70 "GET http://172.18.0.2:8080/v1/AUTH_c4350a0f36e14eeeac2288b1d983fd51/gnocchi.2df8077a-9e3b-4aa6-96e9-dddc0873d0bb/1780920000.0_mean_300.0_v3" "txe28571b3cc1a4d93b481f-006a2824e9" "proxy-server 20" 0.0005 "-" 25 0
Jun 9 14:36:25 standalone proxy-server[129613]: 172.18.0.2 172.18.0.100 09/Jun/2026/14/36/25 GET /v1/AUTH_c4350a0f36e14eeeac2288b1d983fd51/gnocchi.2df8077a-9e3b-4aa6-96e9-dddc0873d0bb/1780920000.0_mean_300.0_v3 HTTP/1.0 404 - python-swiftclient-3.11.1 gAAAAABqKCQNltYa... - 70 - txe28571b3cc1a4d93b481f-006a2824e9 - 0.0094 - - 1781015785.420611858 1781015785.429975510 0
Jun 9 14:36:25 standalone container-server[127386]: 172.20.0.100 - - [09/Jun/2026:14:36:25 +0000] "PUT /d1/993/AUTH_c4350a0f36e14eeeac2288b1d983fd51/gnocchi.2df8077a-9e3b-4aa6-96e9-dddc0873d0bb/1780920000.0_mean_300.0_v3" 201 - "PUT http://172.18.0.2:8080/d1/420/AUTH_c4350a0f36e14eeeac2288b1d983fd51/gnocchi.2df8077a-9e3b-4aa6-96e9-dddc0873d0bb/1780920000.0_mean_300.0_v3" "tx1df9cbe4780b4b2c991e2-006a2824e9" "object-server 23" 0.0010 "-" 21 0
Jun 9 14:36:25 standalone object-server[127828]: 172.20.0.100 - - [09/Jun/2026:14:36:25 +0000] "PUT /d1/420/AUTH_c4350a0f36e14eeeac2288b1d983fd51/gnocchi.2df8077a-9e3b-4aa6-96e9-dddc0873d0bb/1780920000.0_mean_300.0_v3" 201 - "PUT http://172.18.0.2:8080/v1/AUTH_c4350a0f36e14eeeac2288b1d983fd51/gnocchi.2df8077a-9e3b-4aa6-96e9-dddc0873d0bb/1780920000.0_mean_300.0_v3" "tx1df9cbe4780b4b2c991e2-006a2824e9" "proxy-server 20" 0.0125 "-" 23 0
Jun 9 14:36:25 standalone proxy-server[129613]: 172.18.0.2 172.18.0.100 09/Jun/2026/14/36/25 PUT /v1/AUTH_c4350a0f36e14eeeac2288b1d983fd51/gnocchi.2df8077a-9e3b-4aa6-96e9-dddc0873d0bb/1780920000.0_mean_300.0_v3 HTTP/1.0 201 - python-swiftclient-3.11.1 gAAAAABqKCQNltYa... 16 - - tx1df9cbe4780b4b2c991e2-006a2824e9 - 0.0214 - - 1781015785.434358120 1781015785.455718517 0
Jun 9 14:36:25 standalone container-server[127395]: 172.20.0.100 - - [09/Jun/2026:14:36:25 +0000] "PUT /d1/993/AUTH_c4350a0f36e14eeeac2288b1d983fd51/gnocchi.2df8077a-9e3b-4aa6-96e9-dddc0873d0bb/none_v3" 201 - "PUT http://172.18.0.2:8080/d1/960/AUTH_c4350a0f36e14eeeac2288b1d983fd51/gnocchi.2df8077a-9e3b-4aa6-96e9-dddc0873d0bb/none_v3" "txce61e4ef56c240be91770-006a2824e9" "object-server 22" 0.0009 "-" 22 0
Jun 9 14:36:25 standalone object-server[127823]: 172.20.0.100 - - [09/Jun/2026:14:36:25 +0000] "PUT /d1/960/AUTH_c4350a0f36e14eeeac2288b1d983fd51/gnocchi.2df8077a-9e3b-4aa6-96e9-dddc0873d0bb/none_v3" 201 - "PUT http://172.18.0.2:8080/v1/AUTH_c4350a0f36e14eeeac2288b1d983fd51/gnocchi.2df8077a-9e3b-4aa6-96e9-dddc0873d0bb/none_v3" "txce61e4ef56c240be91770-006a2824e9" "proxy-server 20" 0.0147 "-" 22 0
Jun 9 14:36:25 standalone proxy-server[129613]: 172.18.0.2 172.18.0.100 09/Jun/2026/14/36/25 PUT /v1/AUTH_c4350a0f36e14eeeac2288b1d983fd51/gnocchi.2df8077a-9e3b-4aa6-96e9-dddc0873d0bb/none_v3 HTTP/1.0 201 - python-swiftclient-3.11.1 gAAAAABqKCQNltYa... 22 - - txce61e4ef56c240be91770-006a2824e9 - 0.0233 - - 1781015785.462571859 1781015785.485878229 0
Jun 9 14:36:25 standalone container-server[127407]: 172.20.0.100 - - [09/Jun/2026:14:36:25 +0000] "HEAD /d1/1011/AUTH_c4350a0f36e14eeeac2288b1d983fd51/gnocchi.20b302f4-b5af-4878-8509-01e72fe52f10" 404 - "HEAD http://172.18.0.2:8080/v1/AUTH_c4350a0f36e14eeeac2288b1d983fd51/gnocchi.20b302f4-b5af-4878-8509-01e72fe52f10?format=json&states=listing" "txe1b162e4da944f85867f1-006a2824e9" "proxy-server 20" 0.0005 "-" 23 0
Jun 9 14:36:25 standalone object-server[127823]: 172.20.0.100 - - [09/Jun/2026:14:36:25 +0000] "GET /d1/672/AUTH_c4350a0f36e14eeeac2288b1d983fd51/gnocchi.20b302f4-b5af-4878-8509-01e72fe52f10/none_v3" 404 70 "GET http://172.18.0.2:8080/v1/AUTH_c4350a0f36e14eeeac2288b1d983fd51/gnocchi.20b302f4-b5af-4878-8509-01e72fe52f10/none_v3" "txe1b162e4da944f85867f1-006a2824e9" "proxy-server 20" 0.0004 "-" 22 0
Jun 9 14:36:25 standalone proxy-server[129613]: 172.18.0.2 172.18.0.100 09/Jun/2026/14/36/25 GET /v1/AUTH_c4350a0f36e14eeeac2288b1d983fd51/gnocchi.20b302f4-b5af-4878-8509-01e72fe52f10/none_v3 HTTP/1.0 404 - python-swiftclient-3.11.1 gAAAAABqKCQNltYa... - 70 - txe1b162e4da944f85867f1-006a2824e9 - 0.0144 - - 1781015785.499259233 1781015785.513658285 0
Jun 9 14:36:25 standalone account-server[127289]: 172.20.0.100 - - [09/Jun/2026:14:36:25 +0000] "PUT /d1/315/AUTH_c4350a0f36e14eeeac2288b1d983fd51/gnocchi.20b302f4-b5af-4878-8509-01e72fe52f10" 201 - "PUT http://172.20.0.100:6001/d1/1011/AUTH_c4350a0f36e14eeeac2288b1d983fd51/gnocchi.20b302f4-b5af-4878-8509-01e72fe52f10" "tx1197534c6b854009bb605-006a2824e9" "container-server 21" 0.0067 "-" 16 0
Jun 9 14:36:25 standalone container-server[127386]: 172.20.0.100 - - [09/Jun/2026:14:36:25 +0000] "PUT /d1/1011/AUTH_c4350a0f36e14eeeac2288b1d983fd51/gnocchi.20b302f4-b5af-4878-8509-01e72fe52f10" 201 - "PUT http://172.18.0.2:8080/v1/AUTH_c4350a0f36e14eeeac2288b1d983fd51/gnocchi.20b302f4-b5af-4878-8509-01e72fe52f10" "tx1197534c6b854009bb605-006a2824e9" "proxy-server 20" 0.0215 "-" 21 0
Jun 9 14:36:25 standalone proxy-server[129613]: 172.18.0.2 172.18.0.100 09/Jun/2026/14/36/25 PUT /v1/AUTH_c4350a0f36e14eeeac2288b1d983fd51/gnocchi.20b302f4-b5af-4878-8509-01e72fe52f10 HTTP/1.0 201 - python-swiftclient-3.11.1 gAAAAABqKCQNltYa... - - - tx1197534c6b854009bb605-006a2824e9 - 0.0302 - - 1781015785.517910957 1781015785.548111916 0
Jun 9 14:36:25 standalone container-server[127386]: 172.20.0.100 - - [09/Jun/2026:14:36:25 +0000] "HEAD /d1/313/AUTH_c4350a0f36e14eeeac2288b1d983fd51/gnocchi.d0aa0bc5-9c13-450e-a634-1a2650e0c690" 404 - "HEAD http://172.18.0.2:8080/v1/AUTH_c4350a0f36e14eeeac2288b1d983fd51/gnocchi.d0aa0bc5-9c13-450e-a634-1a2650e0c690?format=json&states=listing" "tx3e70d72f742647968560c-006a2824e9" "proxy-server 20" 0.0005 "-" 21 0
Jun 9 14:36:25 standalone object-server[127828]: 172.20.0.100 - - [09/Jun/2026:14:36:25 +0000] "GET /d1/123/AUTH_c4350a0f36e14eeeac2288b1d983fd51/gnocchi.d0aa0bc5-9c13-450e-a634-1a2650e0c690/none_v3" 404 70 "GET http://172.18.0.2:8080/v1/AUTH_c4350a0f36e14eeeac2288b1d983fd51/gnocchi.d0aa0bc5-9c13-450e-a634-1a2650e0c690/none_v3" "tx3e70d72f742647968560c-006a2824e9" "proxy-server 20" 0.0005 "-" 23 0
Jun 9 14:36:25 standalone proxy-server[129613]: 172.18.0.2 172.18.0.100 09/Jun/2026/14/36/25 GET /v1/AUTH_c4350a0f36e14eeeac2288b1d983fd51/gnocchi.d0aa0bc5-9c13-450e-a634-1a2650e0c690/none_v3 HTTP/1.0 404 - python-swiftclient-3.11.1 gAAAAABqKCQNltYa... - 70 - tx3e70d72f742647968560c-006a2824e9 - 0.0122 - - 1781015785.551593542 1781015785.563840866 0
Jun 9 14:36:25 standalone account-server[127289]: 172.20.0.100 - - [09/Jun/2026:14:36:25 +0000] "PUT /d1/315/AUTH_c4350a0f36e14eeeac2288b1d983fd51/gnocchi.d0aa0bc5-9c13-450e-a634-1a2650e0c690" 201 - "PUT http://172.20.0.100:6001/d1/313/AUTH_c4350a0f36e14eeeac2288b1d983fd51/gnocchi.d0aa0bc5-9c13-450e-a634-1a2650e0c690" "txe9dd0b826aa8493e9a79b-006a2824e9" "container-server 21" 0.0058 "-" 16 0
Jun 9 14:36:25 standalone container-server[127386]: 172.20.0.100 - - [09/Jun/2026:14:36:25 +0000] "PUT /d1/313/AUTH_c4350a0f36e14eeeac2288b1d983fd51/gnocchi.d0aa0bc5-9c13-450e-a634-1a2650e0c690" 201 - "PUT http://172.18.0.2:8080/v1/AUTH_c4350a0f36e14eeeac2288b1d983fd51/gnocchi.d0aa0bc5-9c13-450e-a634-1a2650e0c690" "txe9dd0b826aa8493e9a79b-006a2824e9" "proxy-server 20" 0.0172 "-" 21 0
Jun 9 14:36:25 standalone proxy-server[129613]: 172.18.0.2 172.18.0.100 09/Jun/2026/14/36/25 PUT /v1/AUTH_c4350a0f36e14eeeac2288b1d983fd51/gnocchi.d0aa0bc5-9c13-450e-a634-1a2650e0c690 HTTP/1.0 201 - python-swiftclient-3.11.1 gAAAAABqKCQNltYa... - - - txe9dd0b826aa8493e9a79b-006a2824e9 - 0.0231 - - 1781015785.567205429 1781015785.590313911 0
Jun 9 14:36:25 standalone container-server[127395]: 172.20.0.100 - - [09/Jun/2026:14:36:25 +0000] "HEAD /d1/1011/AUTH_c4350a0f36e14eeeac2288b1d983fd51/gnocchi.20b302f4-b5af-4878-8509-01e72fe52f10" 204 - "HEAD http://172.18.0.2:8080/v1/AUTH_c4350a0f36e14eeeac2288b1d983fd51/gnocchi.20b302f4-b5af-4878-8509-01e72fe52f10?format=json&states=listing" "txa4a4faf081794287927e0-006a2824e9" "proxy-server 20" 0.0022 "-" 22 0
Jun 9 14:36:25 standalone proxy-server[129613]: - - 09/Jun/2026/14/36/25 HEAD /v1/AUTH_c4350a0f36e14eeeac2288b1d983fd51/gnocchi.20b302f4-b5af-4878-8509-01e72fe52f10%3Fformat%3Djson%26states%3Dlisting HTTP/1.0 204 - Swift - - - - txa4a4faf081794287927e0-006a2824e9 - 0.0068 RL - 1781015785.595808983 1781015785.602573633 0
Jun 9 14:36:25 standalone container-server[127407]: 172.20.0.100 - - [09/Jun/2026:14:36:25 +0000] "GET /d1/1011/AUTH_c4350a0f36e14eeeac2288b1d983fd51/gnocchi.20b302f4-b5af-4878-8509-01e72fe52f10" 200 2 "GET http://172.18.0.2:8080/v1/AUTH_c4350a0f36e14eeeac2288b1d983fd51/gnocchi.20b302f4-b5af-4878-8509-01e72fe52f10?format=json&states=listing" "txa4a4faf081794287927e0-006a2824e9" "proxy-server 20" 0.0035 "-" 23 0
Jun 9 14:36:25 standalone proxy-server[129613]: 172.18.0.2 172.18.0.100 09/Jun/2026/14/36/25 GET /v1/AUTH_c4350a0f36e14eeeac2288b1d983fd51/gnocchi.20b302f4-b5af-4878-8509-01e72fe52f10%3Fformat%3Djson%26states%3Dlisting HTTP/1.0 200 - python-swiftclient-3.11.1 gAAAAABqKCQNltYa... - 2 - txa4a4faf081794287927e0-006a2824e9 - 0.0198 - - 1781015785.594439268 1781015785.614282131 0
Jun 9 14:36:25 standalone container-server[127407]: 172.20.0.100 - - [09/Jun/2026:14:36:25 +0000] "HEAD /d1/313/AUTH_c4350a0f36e14eeeac2288b1d983fd51/gnocchi.d0aa0bc5-9c13-450e-a634-1a2650e0c690" 204 - "HEAD http://172.18.0.2:8080/v1/AUTH_c4350a0f36e14eeeac2288b1d983fd51/gnocchi.d0aa0bc5-9c13-450e-a634-1a2650e0c690?format=json&states=listing" "tx3b91b38a14404ff0831fa-006a2824e9" "proxy-server 20" 0.0018 "-" 23 0
Jun 9 14:36:25 standalone proxy-server[129613]: - - 09/Jun/2026/14/36/25 HEAD /v1/AUTH_c4350a0f36e14eeeac2288b1d983fd51/gnocchi.d0aa0bc5-9c13-450e-a634-1a2650e0c690%3Fformat%3Djson%26states%3Dlisting HTTP/1.0 204 - Swift - - - - tx3b91b38a14404ff0831fa-006a2824e9 - 0.0058 RL - 1781015785.620448351 1781015785.626260519 0
Jun 9 14:36:25 standalone container-server[127407]: 172.20.0.100 - - [09/Jun/2026:14:36:25 +0000] "GET /d1/313/AUTH_c4350a0f36e14eeeac2288b1d983fd51/gnocchi.d0aa0bc5-9c13-450e-a634-1a2650e0c690" 200 2 "GET http://172.18.0.2:8080/v1/AUTH_c4350a0f36e14eeeac2288b1d983fd51/gnocchi.d0aa0bc5-9c13-450e-a634-1a2650e0c690?format=json&states=listing" "tx3b91b38a14404ff0831fa-006a2824e9" "proxy-server 20" 0.0029 "-" 23 0
Jun 9 14:36:25 standalone proxy-server[129613]: 172.18.0.2 172.18.0.100 09/Jun/2026/14/36/25 GET /v1/AUTH_c4350a0f36e14eeeac2288b1d983fd51/gnocchi.d0aa0bc5-9c13-450e-a634-1a2650e0c690%3Fformat%3Djson%26states%3Dlisting HTTP/1.0 200 - python-swiftclient-3.11.1 gAAAAABqKCQNltYa... - 2 - tx3b91b38a14404ff0831fa-006a2824e9 - 0.0192 - - 1781015785.619012356 1781015785.638226032 0
Jun 9 14:36:25 standalone object-server[127828]: 172.20.0.100 - - [09/Jun/2026:14:36:25 +0000] "GET /d1/440/AUTH_c4350a0f36e14eeeac2288b1d983fd51/gnocchi.20b302f4-b5af-4878-8509-01e72fe52f10/1780920000.0_mean_300.0_v3" 404 70 "GET http://172.18.0.2:8080/v1/AUTH_c4350a0f36e14eeeac2288b1d983fd51/gnocchi.20b302f4-b5af-4878-8509-01e72fe52f10/1780920000.0_mean_300.0_v3" "txb2ef123eb4af476e80e03-006a2824e9" "proxy-server 20" 0.0004 "-" 23 0
Jun 9 14:36:25 standalone proxy-server[129613]: 172.18.0.2 172.18.0.100 09/Jun/2026/14/36/25 GET /v1/AUTH_c4350a0f36e14eeeac2288b1d983fd51/gnocchi.20b302f4-b5af-4878-8509-01e72fe52f10/1780920000.0_mean_300.0_v3 HTTP/1.0 404 - python-swiftclient-3.11.1 gAAAAABqKCQNltYa... - 70 - txb2ef123eb4af476e80e03-006a2824e9 - 0.0062 - - 1781015785.642481804 1781015785.648718119 0
Jun 9 14:36:25 standalone object-server[127823]: 172.20.0.100 - - [09/Jun/2026:14:36:25 +0000] "GET /d1/71/AUTH_c4350a0f36e14eeeac2288b1d983fd51/gnocchi.d0aa0bc5-9c13-450e-a634-1a2650e0c690/1780920000.0_mean_300.0_v3" 404 70 "GET http://172.18.0.2:8080/v1/AUTH_c4350a0f36e14eeeac2288b1d983fd51/gnocchi.d0aa0bc5-9c13-450e-a634-1a2650e0c690/1780920000.0_mean_300.0_v3" "txbc565b961d474f3f94033-006a2824e9" "proxy-server 20" 0.0004 "-" 22 0
Jun 9 14:36:25 standalone proxy-server[129613]: 172.18.0.2 172.18.0.100 09/Jun/2026/14/36/25 GET /v1/AUTH_c4350a0f36e14eeeac2288b1d983fd51/gnocchi.d0aa0bc5-9c13-450e-a634-1a2650e0c690/1780920000.0_mean_300.0_v3 HTTP/1.0 404 - python-swiftclient-3.11.1 gAAAAABqKCQNltYa... - 70 - txbc565b961d474f3f94033-006a2824e9 - 0.0056 - - 1781015785.651707649 1781015785.657315493 0
Jun 9 14:36:25 standalone container-server[127383]: 172.20.0.100 - - [09/Jun/2026:14:36:25 +0000] "PUT /d1/1011/AUTH_c4350a0f36e14eeeac2288b1d983fd51/gnocchi.20b302f4-b5af-4878-8509-01e72fe52f10/1780920000.0_mean_300.0_v3" 201 - "PUT http://172.18.0.2:8080/d1/440/AUTH_c4350a0f36e14eeeac2288b1d983fd51/gnocchi.20b302f4-b5af-4878-8509-01e72fe52f10/1780920000.0_mean_300.0_v3" "tx76d3153c6afa49b2a8aad-006a2824e9" "object-server 24" 0.0009 "-" 20 0
Jun 9 14:36:25 standalone object-server[127836]: 172.20.0.100 - - [09/Jun/2026:14:36:25 +0000] "PUT /d1/440/AUTH_c4350a0f36e14eeeac2288b1d983fd51/gnocchi.20b302f4-b5af-4878-8509-01e72fe52f10/1780920000.0_mean_300.0_v3" 201 - "PUT http://172.18.0.2:8080/v1/AUTH_c4350a0f36e14eeeac2288b1d983fd51/gnocchi.20b302f4-b5af-4878-8509-01e72fe52f10/1780920000.0_mean_300.0_v3" "tx76d3153c6afa49b2a8aad-006a2824e9" "proxy-server 20" 0.0111 "-" 24 0
Jun 9 14:36:25 standalone proxy-server[129613]: 172.18.0.2 172.18.0.100 09/Jun/2026/14/36/25 PUT /v1/AUTH_c4350a0f36e14eeeac2288b1d983fd51/gnocchi.20b302f4-b5af-4878-8509-01e72fe52f10/1780920000.0_mean_300.0_v3 HTTP/1.0 201 - python-swiftclient-3.11.1 gAAAAABqKCQNltYa... 16 - - tx76d3153c6afa49b2a8aad-006a2824e9 - 0.0175 - - 1781015785.660750628 1781015785.678296566 0
Jun 9 14:36:25 standalone container-server[127386]: 172.20.0.100 - - [09/Jun/2026:14:36:25 +0000] "PUT /d1/313/AUTH_c4350a0f36e14eeeac2288b1d983fd51/gnocchi.d0aa0bc5-9c13-450e-a634-1a2650e0c690/1780920000.0_mean_300.0_v3" 201 - "PUT http://172.18.0.2:8080/d1/71/AUTH_c4350a0f36e14eeeac2288b1d983fd51/gnocchi.d0aa0bc5-9c13-450e-a634-1a2650e0c690/1780920000.0_mean_300.0_v3" "tx26829fc1f5354665b7876-006a2824e9" "object-server 25" 0.0011 "-" 21 0
Jun 9 14:36:25 standalone object-server[127843]: 172.20.0.100 - - [09/Jun/2026:14:36:25 +0000] "PUT /d1/71/AUTH_c4350a0f36e14eeeac2288b1d983fd51/gnocchi.d0aa0bc5-9c13-450e-a634-1a2650e0c690/1780920000.0_mean_300.0_v3" 201 - "PUT http://172.18.0.2:8080/v1/AUTH_c4350a0f36e14eeeac2288b1d983fd51/gnocchi.d0aa0bc5-9c13-450e-a634-1a2650e0c690/1780920000.0_mean_300.0_v3" "tx26829fc1f5354665b7876-006a2824e9" "proxy-server 20" 0.0120 "-" 25 0
Jun 9 14:36:25 standalone proxy-server[129613]: 172.18.0.2 172.18.0.100 09/Jun/2026/14/36/25 PUT /v1/AUTH_c4350a0f36e14eeeac2288b1d983fd51/gnocchi.d0aa0bc5-9c13-450e-a634-1a2650e0c690/1780920000.0_mean_300.0_v3 HTTP/1.0 201 - python-swiftclient-3.11.1 gAAAAABqKCQNltYa... 16 - - tx26829fc1f5354665b7876-006a2824e9 - 0.0182 - - 1781015785.682048082 1781015785.700233459 0
Jun 9 14:36:25 standalone container-server[127386]: 172.20.0.100 - - [09/Jun/2026:14:36:25 +0000] "PUT /d1/1011/AUTH_c4350a0f36e14eeeac2288b1d983fd51/gnocchi.20b302f4-b5af-4878-8509-01e72fe52f10/none_v3" 201 - "PUT http://172.18.0.2:8080/d1/672/AUTH_c4350a0f36e14eeeac2288b1d983fd51/gnocchi.20b302f4-b5af-4878-8509-01e72fe52f10/none_v3" "tx2093a5843cd94eceaf7f3-006a2824e9" "object-server 23" 0.0009 "-" 21 0
Jun 9 14:36:25 standalone object-server[127828]: 172.20.0.100 - - [09/Jun/2026:14:36:25 +0000] "PUT /d1/672/AUTH_c4350a0f36e14eeeac2288b1d983fd51/gnocchi.20b302f4-b5af-4878-8509-01e72fe52f10/none_v3" 201 - "PUT http://172.18.0.2:8080/v1/AUTH_c4350a0f36e14eeeac2288b1d983fd51/gnocchi.20b302f4-b5af-4878-8509-01e72fe52f10/none_v3" "tx2093a5843cd94eceaf7f3-006a2824e9" "proxy-server 20" 0.0124 "-" 23 0
Jun 9 14:36:25 standalone proxy-server[129613]: 172.18.0.2 172.18.0.100 09/Jun/2026/14/36/25 PUT /v1/AUTH_c4350a0f36e14eeeac2288b1d983fd51/gnocchi.20b302f4-b5af-4878-8509-01e72fe52f10/none_v3 HTTP/1.0 201 - python-swiftclient-3.11.1 gAAAAABqKCQNltYa... 22 - - tx2093a5843cd94eceaf7f3-006a2824e9 - 0.0201 - - 1781015785.703103781 1781015785.723241806 0
Jun 9 14:36:25 standalone container-server[127383]: 172.20.0.100 - - [09/Jun/2026:14:36:25 +0000] "PUT /d1/313/AUTH_c4350a0f36e14eeeac2288b1d983fd51/gnocchi.d0aa0bc5-9c13-450e-a634-1a2650e0c690/none_v3" 201 - "PUT http://172.18.0.2:8080/d1/123/AUTH_c4350a0f36e14eeeac2288b1d983fd51/gnocchi.d0aa0bc5-9c13-450e-a634-1a2650e0c690/none_v3" "txa93f8f9fb01843a088fde-006a2824e9" "object-server 22" 0.0008 "-" 20 0
Jun 9 14:36:25 standalone object-server[127823]: 172.20.0.100 - - [09/Jun/2026:14:36:25 +0000] "PUT /d1/123/AUTH_c4350a0f36e14eeeac2288b1d983fd51/gnocchi.d0aa0bc5-9c13-450e-a634-1a2650e0c690/none_v3" 201 - "PUT http://172.18.0.2:8080/v1/AUTH_c4350a0f36e14eeeac2288b1d983fd51/gnocchi.d0aa0bc5-9c13-450e-a634-1a2650e0c690/none_v3" "txa93f8f9fb01843a088fde-006a2824e9" "proxy-server 20" 0.0116 "-" 22 0
Jun 9 14:36:25 standalone proxy-server[129613]: 172.18.0.2 172.18.0.100 09/Jun/2026/14/36/25 PUT /v1/AUTH_c4350a0f36e14eeeac2288b1d983fd51/gnocchi.d0aa0bc5-9c13-450e-a634-1a2650e0c690/none_v3 HTTP/1.0 201 - python-swiftclient-3.11.1 gAAAAABqKCQNltYa... 22 - - txa93f8f9fb01843a088fde-006a2824e9 - 0.0175 - - 1781015785.728217363 1781015785.745687962 0
Jun 9 14:36:25 standalone container-server[127407]: 172.20.0.100 - - [09/Jun/2026:14:36:25 +0000] "HEAD /d1/907/AUTH_c4350a0f36e14eeeac2288b1d983fd51/gnocchi.a9931f9e-245b-49bf-8cf9-9c88f611f643" 404 - "HEAD http://172.18.0.2:8080/v1/AUTH_c4350a0f36e14eeeac2288b1d983fd51/gnocchi.a9931f9e-245b-49bf-8cf9-9c88f611f643?format=json&states=listing" "tx34f14ff6d84b44448ed57-006a2824e9" "proxy-server 20" 0.0005 "-" 23 0
Jun 9 14:36:25 standalone object-server[127843]: 172.20.0.100 - - [09/Jun/2026:14:36:25 +0000] "GET /d1/614/AUTH_c4350a0f36e14eeeac2288b1d983fd51/gnocchi.a9931f9e-245b-49bf-8cf9-9c88f611f643/none_v3" 404 70 "GET http://172.18.0.2:8080/v1/AUTH_c4350a0f36e14eeeac2288b1d983fd51/gnocchi.a9931f9e-245b-49bf-8cf9-9c88f611f643/none_v3" "tx34f14ff6d84b44448ed57-006a2824e9" "proxy-server 20" 0.0005 "-" 25 0
Jun 9 14:36:25 standalone proxy-server[129613]: 172.18.0.2 172.18.0.100 09/Jun/2026/14/36/25 GET /v1/AUTH_c4350a0f36e14eeeac2288b1d983fd51/gnocchi.a9931f9e-245b-49bf-8cf9-9c88f611f643/none_v3 HTTP/1.0 404 - python-swiftclient-3.11.1 gAAAAABqKCQNltYa... - 70 - tx34f14ff6d84b44448ed57-006a2824e9 - 0.0109 - - 1781015785.759938002 1781015785.770879507 0
Jun 9 14:36:25 standalone account-server[127283]: 172.20.0.100 - - [09/Jun/2026:14:36:25 +0000] "PUT /d1/315/AUTH_c4350a0f36e14eeeac2288b1d983fd51/gnocchi.a9931f9e-245b-49bf-8cf9-9c88f611f643" 201 - "PUT http://172.20.0.100:6001/d1/907/AUTH_c4350a0f36e14eeeac2288b1d983fd51/gnocchi.a9931f9e-245b-49bf-8cf9-9c88f611f643" "tx8ae1dbe63c914b0198e41-006a2824e9" "container-server 20" 0.0044 "-" 15 0
Jun 9 14:36:25 standalone container-server[127383]: 172.20.0.100 - - [09/Jun/2026:14:36:25 +0000] "PUT /d1/907/AUTH_c4350a0f36e14eeeac2288b1d983fd51/gnocchi.a9931f9e-245b-49bf-8cf9-9c88f611f643" 201 - "PUT http://172.18.0.2:8080/v1/AUTH_c4350a0f36e14eeeac2288b1d983fd51/gnocchi.a9931f9e-245b-49bf-8cf9-9c88f611f643" "tx8ae1dbe63c914b0198e41-006a2824e9" "proxy-server 20" 0.0168 "-" 20 0
Jun 9 14:36:25 standalone proxy-server[129613]: 172.18.0.2 172.18.0.100 09/Jun/2026/14/36/25 PUT /v1/AUTH_c4350a0f36e14eeeac2288b1d983fd51/gnocchi.a9931f9e-245b-49bf-8cf9-9c88f611f643 HTTP/1.0 201 - python-swiftclient-3.11.1 gAAAAABqKCQNltYa... - - - tx8ae1dbe63c914b0198e41-006a2824e9 - 0.0233 - - 1781015785.775221109 1781015785.798486948 0
Jun 9 14:36:25 standalone container-server[127395]: 172.20.0.100 - - [09/Jun/2026:14:36:25 +0000] "HEAD /d1/907/AUTH_c4350a0f36e14eeeac2288b1d983fd51/gnocchi.a9931f9e-245b-49bf-8cf9-9c88f611f643" 204 - "HEAD http://172.18.0.2:8080/v1/AUTH_c4350a0f36e14eeeac2288b1d983fd51/gnocchi.a9931f9e-245b-49bf-8cf9-9c88f611f643?format=json&states=listing" "tx30e085aa75454ab780868-006a2824e9" "proxy-server 20" 0.0015 "-" 22 0
Jun 9 14:36:25 standalone proxy-server[129613]: - - 09/Jun/2026/14/36/25 HEAD /v1/AUTH_c4350a0f36e14eeeac2288b1d983fd51/gnocchi.a9931f9e-245b-49bf-8cf9-9c88f611f643%3Fformat%3Djson%26states%3Dlisting HTTP/1.0 204 - Swift - - - - tx30e085aa75454ab780868-006a2824e9 - 0.0050 RL - 1781015785.805113554 1781015785.810141802 0
Jun 9 14:36:25 standalone container-server[127407]: 172.20.0.100 - - [09/Jun/2026:14:36:25 +0000] "GET /d1/907/AUTH_c4350a0f36e14eeeac2288b1d983fd51/gnocchi.a9931f9e-245b-49bf-8cf9-9c88f611f643" 200 2 "GET http://172.18.0.2:8080/v1/AUTH_c4350a0f36e14eeeac2288b1d983fd51/gnocchi.a9931f9e-245b-49bf-8cf9-9c88f611f643?format=json&states=listing" "tx30e085aa75454ab780868-006a2824e9" "proxy-server 20" 0.0038 "-" 23 0
Jun 9 14:36:25 standalone proxy-server[129613]: 172.18.0.2 172.18.0.100 09/Jun/2026/14/36/25 GET /v1/AUTH_c4350a0f36e14eeeac2288b1d983fd51/gnocchi.a9931f9e-245b-49bf-8cf9-9c88f611f643%3Fformat%3Djson%26states%3Dlisting HTTP/1.0 200 - python-swiftclient-3.11.1 gAAAAABqKCQNltYa... - 2 - tx30e085aa75454ab780868-006a2824e9 - 0.0190 - - 1781015785.803797722 1781015785.822773457 0
Jun 9 14:36:25 standalone object-server[127823]: 172.20.0.100 - - [09/Jun/2026:14:36:25 +0000] "GET /d1/464/AUTH_c4350a0f36e14eeeac2288b1d983fd51/gnocchi.a9931f9e-245b-49bf-8cf9-9c88f611f643/1780920000.0_mean_300.0_v3" 404 70 "GET http://172.18.0.2:8080/v1/AUTH_c4350a0f36e14eeeac2288b1d983fd51/gnocchi.a9931f9e-245b-49bf-8cf9-9c88f611f643/1780920000.0_mean_300.0_v3" "tx88489eef47654512a539b-006a2824e9" "proxy-server 20" 0.0006 "-" 22 0
Jun 9 14:36:25 standalone proxy-server[129613]: 172.18.0.2 172.18.0.100 09/Jun/2026/14/36/25 GET /v1/AUTH_c4350a0f36e14eeeac2288b1d983fd51/gnocchi.a9931f9e-245b-49bf-8cf9-9c88f611f643/1780920000.0_mean_300.0_v3 HTTP/1.0 404 - python-swiftclient-3.11.1 gAAAAABqKCQNltYa... - 70 - tx88489eef47654512a539b-006a2824e9 - 0.0078 - - 1781015785.827976942 1781015785.835747480 0
Jun 9 14:36:25 standalone container-server[127407]: 172.20.0.100 - - [09/Jun/2026:14:36:25 +0000] "PUT /d1/907/AUTH_c4350a0f36e14eeeac2288b1d983fd51/gnocchi.a9931f9e-245b-49bf-8cf9-9c88f611f643/1780920000.0_mean_300.0_v3" 201 - "PUT http://172.18.0.2:8080/d1/464/AUTH_c4350a0f36e14eeeac2288b1d983fd51/gnocchi.a9931f9e-245b-49bf-8cf9-9c88f611f643/1780920000.0_mean_300.0_v3" "tx0006592efe0f4f49bf23f-006a2824e9" "object-server 24" 0.0010 "-" 23 0
Jun 9 14:36:25 standalone object-server[127836]: 172.20.0.100 - - [09/Jun/2026:14:36:25 +0000] "PUT /d1/464/AUTH_c4350a0f36e14eeeac2288b1d983fd51/gnocchi.a9931f9e-245b-49bf-8cf9-9c88f611f643/1780920000.0_mean_300.0_v3" 201 - "PUT http://172.18.0.2:8080/v1/AUTH_c4350a0f36e14eeeac2288b1d983fd51/gnocchi.a9931f9e-245b-49bf-8cf9-9c88f611f643/1780920000.0_mean_300.0_v3" "tx0006592efe0f4f49bf23f-006a2824e9" "proxy-server 20" 0.0144 "-" 24 0
Jun 9 14:36:25 standalone proxy-server[129613]: 172.18.0.2 172.18.0.100 09/Jun/2026/14/36/25 PUT /v1/AUTH_c4350a0f36e14eeeac2288b1d983fd51/gnocchi.a9931f9e-245b-49bf-8cf9-9c88f611f643/1780920000.0_mean_300.0_v3 HTTP/1.0 201 - python-swiftclient-3.11.1 gAAAAABqKCQNltYa... 16 - - tx0006592efe0f4f49bf23f-006a2824e9 - 0.0240 - - 1781015785.839736938 1781015785.863710642 0
Jun 9 14:36:25 standalone container-server[127383]: 172.20.0.100 - - [09/Jun/2026:14:36:25 +0000] "PUT /d1/907/AUTH_c4350a0f36e14eeeac2288b1d983fd51/gnocchi.a9931f9e-245b-49bf-8cf9-9c88f611f643/none_v3" 201 - "PUT http://172.18.0.2:8080/d1/614/AUTH_c4350a0f36e14eeeac2288b1d983fd51/gnocchi.a9931f9e-245b-49bf-8cf9-9c88f611f643/none_v3" "tx9078f675615c4a7ba4c1d-006a2824e9" "object-server 24" 0.0006 "-" 20 0
Jun 9 14:36:25 standalone object-server[127836]: 172.20.0.100 - - [09/Jun/2026:14:36:25 +0000] "PUT /d1/614/AUTH_c4350a0f36e14eeeac2288b1d983fd51/gnocchi.a9931f9e-245b-49bf-8cf9-9c88f611f643/none_v3" 201 - "PUT http://172.18.0.2:8080/v1/AUTH_c4350a0f36e14eeeac2288b1d983fd51/gnocchi.a9931f9e-245b-49bf-8cf9-9c88f611f643/none_v3" "tx9078f675615c4a7ba4c1d-006a2824e9" "proxy-server 20" 0.0131 "-" 24 0
Jun 9 14:36:25 standalone proxy-server[129613]: 172.18.0.2 172.18.0.100 09/Jun/2026/14/36/25 PUT /v1/AUTH_c4350a0f36e14eeeac2288b1d983fd51/gnocchi.a9931f9e-245b-49bf-8cf9-9c88f611f643/none_v3 HTTP/1.0 201 - python-swiftclient-3.11.1 gAAAAABqKCQNltYa... 22 - - tx9078f675615c4a7ba4c1d-006a2824e9 - 0.0196 - - 1781015785.867594004 1781015785.887197256 0
Jun 9 14:36:25 standalone container-server[127407]: 172.20.0.100 - - [09/Jun/2026:14:36:25 +0000] "HEAD /d1/537/AUTH_c4350a0f36e14eeeac2288b1d983fd51/gnocchi.e3bfe69c-a199-4e72-9e5b-bc2a658dcf65" 404 - "HEAD http://172.18.0.2:8080/v1/AUTH_c4350a0f36e14eeeac2288b1d983fd51/gnocchi.e3bfe69c-a199-4e72-9e5b-bc2a658dcf65?format=json&states=listing" "txc2c48927730848698f093-006a2824e9" "proxy-server 20" 0.0006 "-" 23 0
Jun 9 14:36:25 standalone object-server[127828]: 172.20.0.100 - - [09/Jun/2026:14:36:25 +0000] "GET /d1/102/AUTH_c4350a0f36e14eeeac2288b1d983fd51/gnocchi.e3bfe69c-a199-4e72-9e5b-bc2a658dcf65/none_v3" 404 70 "GET http://172.18.0.2:8080/v1/AUTH_c4350a0f36e14eeeac2288b1d983fd51/gnocchi.e3bfe69c-a199-4e72-9e5b-bc2a658dcf65/none_v3" "txc2c48927730848698f093-006a2824e9" "proxy-server 20" 0.0006 "-" 23 0
Jun 9 14:36:25 standalone proxy-server[129613]: 172.18.0.2 172.18.0.100 09/Jun/2026/14/36/25 GET /v1/AUTH_c4350a0f36e14eeeac2288b1d983fd51/gnocchi.e3bfe69c-a199-4e72-9e5b-bc2a658dcf65/none_v3 HTTP/1.0 404 - python-swiftclient-3.11.1 gAAAAABqKCQNltYa... - 70 - txc2c48927730848698f093-006a2824e9 - 0.0114 - - 1781015785.900152206 1781015785.911583900 0
Jun 9 14:36:25 standalone account-server[127289]: 172.20.0.100 - - [09/Jun/2026:14:36:25 +0000] "PUT /d1/315/AUTH_c4350a0f36e14eeeac2288b1d983fd51/gnocchi.e3bfe69c-a199-4e72-9e5b-bc2a658dcf65" 201 - "PUT http://172.20.0.100:6001/d1/537/AUTH_c4350a0f36e14eeeac2288b1d983fd51/gnocchi.e3bfe69c-a199-4e72-9e5b-bc2a658dcf65" "txbe4955df22f9477d98f5a-006a2824e9" "container-server 21" 0.0055 "-" 16 0
Jun 9 14:36:25 standalone container-server[127386]: 172.20.0.100 - - [09/Jun/2026:14:36:25 +0000] "PUT /d1/537/AUTH_c4350a0f36e14eeeac2288b1d983fd51/gnocchi.e3bfe69c-a199-4e72-9e5b-bc2a658dcf65" 201 - "PUT http://172.18.0.2:8080/v1/AUTH_c4350a0f36e14eeeac2288b1d983fd51/gnocchi.e3bfe69c-a199-4e72-9e5b-bc2a658dcf65" "txbe4955df22f9477d98f5a-006a2824e9" "proxy-server 20" 0.0193 "-" 21 0
Jun 9 14:36:25 standalone proxy-server[129613]: 172.18.0.2 172.18.0.100 09/Jun/2026/14/36/25 PUT /v1/AUTH_c4350a0f36e14eeeac2288b1d983fd51/gnocchi.e3bfe69c-a199-4e72-9e5b-bc2a658dcf65 HTTP/1.0 201 - python-swiftclient-3.11.1 gAAAAABqKCQNltYa... - - - txbe4955df22f9477d98f5a-006a2824e9 - 0.0285 - - 1781015785.913924694 1781015785.942444801 0
Jun 9 14:36:25 standalone container-server[127386]: 172.20.0.100 - - [09/Jun/2026:14:36:25 +0000] "HEAD /d1/483/AUTH_c4350a0f36e14eeeac2288b1d983fd51/gnocchi.e708cf6c-4eb7-42ab-afce-41702cfd3265" 404 - "HEAD http://172.18.0.2:8080/v1/AUTH_c4350a0f36e14eeeac2288b1d983fd51/gnocchi.e708cf6c-4eb7-42ab-afce-41702cfd3265?format=json&states=listing" "txb8b3b27b50704a159b853-006a2824e9" "proxy-server 20" 0.0005 "-" 21 0
Jun 9 14:36:25 standalone object-server[127823]: 172.20.0.100 - - [09/Jun/2026:14:36:25 +0000] "GET /d1/76/AUTH_c4350a0f36e14eeeac2288b1d983fd51/gnocchi.e708cf6c-4eb7-42ab-afce-41702cfd3265/none_v3" 404 70 "GET http://172.18.0.2:8080/v1/AUTH_c4350a0f36e14eeeac2288b1d983fd51/gnocchi.e708cf6c-4eb7-42ab-afce-41702cfd3265/none_v3" "txb8b3b27b50704a159b853-006a2824e9" "proxy-server 20" 0.0008 "-" 22 0
Jun 9 14:36:25 standalone proxy-server[129613]: 172.18.0.2 172.18.0.100 09/Jun/2026/14/36/25 GET /v1/AUTH_c4350a0f36e14eeeac2288b1d983fd51/gnocchi.e708cf6c-4eb7-42ab-afce-41702cfd3265/none_v3 HTTP/1.0 404 - python-swiftclient-3.11.1 gAAAAABqKCQNltYa... - 70 - txb8b3b27b50704a159b853-006a2824e9 - 0.0142 - - 1781015785.948705435 1781015785.962880373 0
Jun 9 14:36:25 standalone account-server[127283]: 172.20.0.100 - - [09/Jun/2026:14:36:25 +0000] "PUT /d1/315/AUTH_c4350a0f36e14eeeac2288b1d983fd51/gnocchi.e708cf6c-4eb7-42ab-afce-41702cfd3265" 201 - "PUT http://172.20.0.100:6001/d1/483/AUTH_c4350a0f36e14eeeac2288b1d983fd51/gnocchi.e708cf6c-4eb7-42ab-afce-41702cfd3265" "tx9c4754380c0e4ecab68ec-006a2824e9" "container-server 22" 0.0053 "-" 15 0
Jun 9 14:36:25 standalone container-server[127395]: 172.20.0.100 - - [09/Jun/2026:14:36:25 +0000] "PUT /d1/483/AUTH_c4350a0f36e14eeeac2288b1d983fd51/gnocchi.e708cf6c-4eb7-42ab-afce-41702cfd3265" 201 - "PUT http://172.18.0.2:8080/v1/AUTH_c4350a0f36e14eeeac2288b1d983fd51/gnocchi.e708cf6c-4eb7-42ab-afce-41702cfd3265" "tx9c4754380c0e4ecab68ec-006a2824e9" "proxy-server 20" 0.0177 "-" 22 0
Jun 9 14:36:25 standalone proxy-server[129613]: 172.18.0.2 172.18.0.100 09/Jun/2026/14/36/25 PUT /v1/AUTH_c4350a0f36e14eeeac2288b1d983fd51/gnocchi.e708cf6c-4eb7-42ab-afce-41702cfd3265 HTTP/1.0 201 - python-swiftclient-3.11.1 gAAAAABqKCQNltYa... - - - tx9c4754380c0e4ecab68ec-006a2824e9 - 0.0311 - - 1781015785.966384649 1781015785.997518063 0
Jun 9 14:36:26 standalone container-server[127383]: 172.20.0.100 - - [09/Jun/2026:14:36:26 +0000] "HEAD /d1/537/AUTH_c4350a0f36e14eeeac2288b1d983fd51/gnocchi.e3bfe69c-a199-4e72-9e5b-bc2a658dcf65" 204 - "HEAD http://172.18.0.2:8080/v1/AUTH_c4350a0f36e14eeeac2288b1d983fd51/gnocchi.e3bfe69c-a199-4e72-9e5b-bc2a658dcf65?format=json&states=listing" "txf3de8f42fd0e4015bdddf-006a2824ea" "proxy-server 20" 0.0031 "-" 20 0
Jun 9 14:36:26 standalone proxy-server[129613]: - - 09/Jun/2026/14/36/26 HEAD /v1/AUTH_c4350a0f36e14eeeac2288b1d983fd51/gnocchi.e3bfe69c-a199-4e72-9e5b-bc2a658dcf65%3Fformat%3Djson%26states%3Dlisting HTTP/1.0 204 - Swift - - - - txf3de8f42fd0e4015bdddf-006a2824ea - 0.0075 RL - 1781015786.004624128 1781015786.012159824 0
Jun 9 14:36:26 standalone container-server[127386]: 172.20.0.100 - - [09/Jun/2026:14:36:26 +0000] "GET /d1/537/AUTH_c4350a0f36e14eeeac2288b1d983fd51/gnocchi.e3bfe69c-a199-4e72-9e5b-bc2a658dcf65" 200 2 "GET http://172.18.0.2:8080/v1/AUTH_c4350a0f36e14eeeac2288b1d983fd51/gnocchi.e3bfe69c-a199-4e72-9e5b-bc2a658dcf65?format=json&states=listing" "txf3de8f42fd0e4015bdddf-006a2824ea" "proxy-server 20" 0.0046 "-" 21 0
Jun 9 14:36:26 standalone proxy-server[129613]: 172.18.0.2 172.18.0.100 09/Jun/2026/14/36/26 GET /v1/AUTH_c4350a0f36e14eeeac2288b1d983fd51/gnocchi.e3bfe69c-a199-4e72-9e5b-bc2a658dcf65%3Fformat%3Djson%26states%3Dlisting HTTP/1.0 200 - python-swiftclient-3.11.1 gAAAAABqKCQNltYa... - 2 - txf3de8f42fd0e4015bdddf-006a2824ea - 0.0192 - - 1781015786.003451586 1781015786.022611380 0
Jun 9 14:36:26 standalone container-server[127395]: 172.20.0.100 - - [09/Jun/2026:14:36:26 +0000] "HEAD /d1/483/AUTH_c4350a0f36e14eeeac2288b1d983fd51/gnocchi.e708cf6c-4eb7-42ab-afce-41702cfd3265" 204 - "HEAD http://172.18.0.2:8080/v1/AUTH_c4350a0f36e14eeeac2288b1d983fd51/gnocchi.e708cf6c-4eb7-42ab-afce-41702cfd3265?format=json&states=listing" "tx15db6aa9c2394112b6770-006a2824ea" "proxy-server 20" 0.0028 "-" 22 0
Jun 9 14:36:26 standalone proxy-server[129613]: - - 09/Jun/2026/14/36/26 HEAD /v1/AUTH_c4350a0f36e14eeeac2288b1d983fd51/gnocchi.e708cf6c-4eb7-42ab-afce-41702cfd3265%3Fformat%3Djson%26states%3Dlisting HTTP/1.0 204 - Swift - - - - tx15db6aa9c2394112b6770-006a2824ea - 0.0064 RL - 1781015786.028758287 1781015786.035178185 0
Jun 9 14:36:26 standalone container-server[127386]: 172.20.0.100 - - [09/Jun/2026:14:36:26 +0000] "GET /d1/483/AUTH_c4350a0f36e14eeeac2288b1d983fd51/gnocchi.e708cf6c-4eb7-42ab-afce-41702cfd3265" 200 2 "GET http://172.18.0.2:8080/v1/AUTH_c4350a0f36e14eeeac2288b1d983fd51/gnocchi.e708cf6c-4eb7-42ab-afce-41702cfd3265?format=json&states=listing" "tx15db6aa9c2394112b6770-006a2824ea" "proxy-server 20" 0.0032 "-" 21 0
Jun 9 14:36:26 standalone proxy-server[129613]: 172.18.0.2 172.18.0.100 09/Jun/2026/14/36/26 GET /v1/AUTH_c4350a0f36e14eeeac2288b1d983fd51/gnocchi.e708cf6c-4eb7-42ab-afce-41702cfd3265%3Fformat%3Djson%26states%3Dlisting HTTP/1.0 200 - python-swiftclient-3.11.1 gAAAAABqKCQNltYa... - 2 - tx15db6aa9c2394112b6770-006a2824ea - 0.0162 - - 1781015786.027771950 1781015786.043954611 0
Jun 9 14:36:26 standalone object-server[127843]: 172.20.0.100 - - [09/Jun/2026:14:36:26 +0000] "GET /d1/590/AUTH_c4350a0f36e14eeeac2288b1d983fd51/gnocchi.e3bfe69c-a199-4e72-9e5b-bc2a658dcf65/1780920000.0_mean_300.0_v3" 404 70 "GET http://172.18.0.2:8080/v1/AUTH_c4350a0f36e14eeeac2288b1d983fd51/gnocchi.e3bfe69c-a199-4e72-9e5b-bc2a658dcf65/1780920000.0_mean_300.0_v3" "tx8530fea667754dc7b93eb-006a2824ea" "proxy-server 20" 0.0005 "-" 25 0
Jun 9 14:36:26 standalone proxy-server[129613]: 172.18.0.2 172.18.0.100 09/Jun/2026/14/36/26 GET /v1/AUTH_c4350a0f36e14eeeac2288b1d983fd51/gnocchi.e3bfe69c-a199-4e72-9e5b-bc2a658dcf65/1780920000.0_mean_300.0_v3 HTTP/1.0 404 - python-swiftclient-3.11.1 gAAAAABqKCQNltYa... - 70 - tx8530fea667754dc7b93eb-006a2824ea - 0.0064 - - 1781015786.049302578 1781015786.055735588 0
Jun 9 14:36:26 standalone object-server[127823]: 172.20.0.100 - - [09/Jun/2026:14:36:26 +0000] "GET /d1/209/AUTH_c4350a0f36e14eeeac2288b1d983fd51/gnocchi.e708cf6c-4eb7-42ab-afce-41702cfd3265/1780920000.0_mean_300.0_v3" 404 70 "GET http://172.18.0.2:8080/v1/AUTH_c4350a0f36e14eeeac2288b1d983fd51/gnocchi.e708cf6c-4eb7-42ab-afce-41702cfd3265/1780920000.0_mean_300.0_v3" "tx38b9852779d544d885fc6-006a2824ea" "proxy-server 20" 0.0009 "-" 22 0
Jun 9 14:36:26 standalone proxy-server[129613]: 172.18.0.2 172.18.0.100 09/Jun/2026/14/36/26 GET /v1/AUTH_c4350a0f36e14eeeac2288b1d983fd51/gnocchi.e708cf6c-4eb7-42ab-afce-41702cfd3265/1780920000.0_mean_300.0_v3 HTTP/1.0 404 - python-swiftclient-3.11.1 gAAAAABqKCQNltYa... - 70 - tx38b9852779d544d885fc6-006a2824ea - 0.0068 - - 1781015786.058981419 1781015786.065819979 0
Jun 9 14:36:26 standalone container-server[127407]: 172.20.0.100 - - [09/Jun/2026:14:36:26 +0000] "PUT /d1/537/AUTH_c4350a0f36e14eeeac2288b1d983fd51/gnocchi.e3bfe69c-a199-4e72-9e5b-bc2a658dcf65/1780920000.0_mean_300.0_v3" 201 - "PUT http://172.18.0.2:8080/d1/590/AUTH_c4350a0f36e14eeeac2288b1d983fd51/gnocchi.e3bfe69c-a199-4e72-9e5b-bc2a658dcf65/1780920000.0_mean_300.0_v3" "tx48bc9dc4729447f986ad9-006a2824ea" "object-server 24" 0.0010 "-" 23 0
Jun 9 14:36:26 standalone object-server[127836]: 172.20.0.100 - - [09/Jun/2026:14:36:26 +0000] "PUT /d1/590/AUTH_c4350a0f36e14eeeac2288b1d983fd51/gnocchi.e3bfe69c-a199-4e72-9e5b-bc2a658dcf65/1780920000.0_mean_300.0_v3" 201 - "PUT http://172.18.0.2:8080/v1/AUTH_c4350a0f36e14eeeac2288b1d983fd51/gnocchi.e3bfe69c-a199-4e72-9e5b-bc2a658dcf65/1780920000.0_mean_300.0_v3" "tx48bc9dc4729447f986ad9-006a2824ea" "proxy-server 20" 0.0158 "-" 24 0
Jun 9 14:36:26 standalone proxy-server[129613]: 172.18.0.2 172.18.0.100 09/Jun/2026/14/36/26 PUT /v1/AUTH_c4350a0f36e14eeeac2288b1d983fd51/gnocchi.e3bfe69c-a199-4e72-9e5b-bc2a658dcf65/1780920000.0_mean_300.0_v3 HTTP/1.0 201 - python-swiftclient-3.11.1 gAAAAABqKCQNltYa... 16 - - tx48bc9dc4729447f986ad9-006a2824ea - 0.0219 - - 1781015786.069734097 1781015786.091661930 0
Jun 9 14:36:26 standalone container-server[127383]: 172.20.0.100 - - [09/Jun/2026:14:36:26 +0000] "PUT /d1/483/AUTH_c4350a0f36e14eeeac2288b1d983fd51/gnocchi.e708cf6c-4eb7-42ab-afce-41702cfd3265/1780920000.0_mean_300.0_v3" 201 - "PUT http://172.18.0.2:8080/d1/209/AUTH_c4350a0f36e14eeeac2288b1d983fd51/gnocchi.e708cf6c-4eb7-42ab-afce-41702cfd3265/1780920000.0_mean_300.0_v3" "tx14d39da873704198bba64-006a2824ea" "object-server 24" 0.0007 "-" 20 0
Jun 9 14:36:26 standalone object-server[127836]: 172.20.0.100 - - [09/Jun/2026:14:36:26 +0000] "PUT /d1/209/AUTH_c4350a0f36e14eeeac2288b1d983fd51/gnocchi.e708cf6c-4eb7-42ab-afce-41702cfd3265/1780920000.0_mean_300.0_v3" 201 - "PUT http://172.18.0.2:8080/v1/AUTH_c4350a0f36e14eeeac2288b1d983fd51/gnocchi.e708cf6c-4eb7-42ab-afce-41702cfd3265/1780920000.0_mean_300.0_v3" "tx14d39da873704198bba64-006a2824ea" "proxy-server 20" 0.0099 "-" 24 0
Jun 9 14:36:26 standalone proxy-server[129613]: 172.18.0.2 172.18.0.100 09/Jun/2026/14/36/26 PUT /v1/AUTH_c4350a0f36e14eeeac2288b1d983fd51/gnocchi.e708cf6c-4eb7-42ab-afce-41702cfd3265/1780920000.0_mean_300.0_v3 HTTP/1.0 201 - python-swiftclient-3.11.1 gAAAAABqKCQNltYa... 16 - - tx14d39da873704198bba64-006a2824ea - 0.0151 - - 1781015786.094989300 1781015786.110128164 0
Jun 9 14:36:26 standalone container-server[127386]: 172.20.0.100 - - [09/Jun/2026:14:36:26 +0000] "PUT /d1/537/AUTH_c4350a0f36e14eeeac2288b1d983fd51/gnocchi.e3bfe69c-a199-4e72-9e5b-bc2a658dcf65/none_v3" 201 - "PUT http://172.18.0.2:8080/d1/102/AUTH_c4350a0f36e14eeeac2288b1d983fd51/gnocchi.e3bfe69c-a199-4e72-9e5b-bc2a658dcf65/none_v3" "tx3dc9a3e4618544b98be99-006a2824ea" "object-server 24" 0.0007 "-" 21 0
Jun 9 14:36:26 standalone object-server[127836]: 172.20.0.100 - - [09/Jun/2026:14:36:26 +0000] "PUT /d1/102/AUTH_c4350a0f36e14eeeac2288b1d983fd51/gnocchi.e3bfe69c-a199-4e72-9e5b-bc2a658dcf65/none_v3" 201 - "PUT http://172.18.0.2:8080/v1/AUTH_c4350a0f36e14eeeac2288b1d983fd51/gnocchi.e3bfe69c-a199-4e72-9e5b-bc2a658dcf65/none_v3" "tx3dc9a3e4618544b98be99-006a2824ea" "proxy-server 20" 0.0105 "-" 24 0
Jun 9 14:36:26 standalone proxy-server[129613]: 172.18.0.2 172.18.0.100 09/Jun/2026/14/36/26 PUT /v1/AUTH_c4350a0f36e14eeeac2288b1d983fd51/gnocchi.e3bfe69c-a199-4e72-9e5b-bc2a658dcf65/none_v3 HTTP/1.0 201 - python-swiftclient-3.11.1 gAAAAABqKCQNltYa... 22 - - tx3dc9a3e4618544b98be99-006a2824ea - 0.0159 - - 1781015786.114959955 1781015786.130846739 0
Jun 9 14:36:26 standalone container-server[127383]: 172.20.0.100 - - [09/Jun/2026:14:36:26 +0000] "PUT /d1/483/AUTH_c4350a0f36e14eeeac2288b1d983fd51/gnocchi.e708cf6c-4eb7-42ab-afce-41702cfd3265/none_v3" 201 - "PUT http://172.18.0.2:8080/d1/76/AUTH_c4350a0f36e14eeeac2288b1d983fd51/gnocchi.e708cf6c-4eb7-42ab-afce-41702cfd3265/none_v3" "tx58d94db9b1fe4c67b4c26-006a2824ea" "object-server 25" 0.0006 "-" 20 0
Jun 9 14:36:26 standalone object-server[127843]: 172.20.0.100 - - [09/Jun/2026:14:36:26 +0000] "PUT /d1/76/AUTH_c4350a0f36e14eeeac2288b1d983fd51/gnocchi.e708cf6c-4eb7-42ab-afce-41702cfd3265/none_v3" 201 - "PUT http://172.18.0.2:8080/v1/AUTH_c4350a0f36e14eeeac2288b1d983fd51/gnocchi.e708cf6c-4eb7-42ab-afce-41702cfd3265/none_v3" "tx58d94db9b1fe4c67b4c26-006a2824ea" "proxy-server 20" 0.0096 "-" 25 0
Jun 9 14:36:26 standalone proxy-server[129613]: 172.18.0.2 172.18.0.100 09/Jun/2026/14/36/26 PUT /v1/AUTH_c4350a0f36e14eeeac2288b1d983fd51/gnocchi.e708cf6c-4eb7-42ab-afce-41702cfd3265/none_v3 HTTP/1.0 201 - python-swiftclient-3.11.1 gAAAAABqKCQNltYa... 22 - - tx58d94db9b1fe4c67b4c26-006a2824ea - 0.0157 - - 1781015786.134622097 1781015786.150327444 0
Jun 9 14:36:26 standalone container-server[127386]: 172.20.0.100 - - [09/Jun/2026:14:36:26 +0000] "HEAD /d1/747/AUTH_c4350a0f36e14eeeac2288b1d983fd51/gnocchi.f7cdc4c4-b206-49c5-81f7-ef750cd60631" 404 - "HEAD http://172.18.0.2:8080/v1/AUTH_c4350a0f36e14eeeac2288b1d983fd51/gnocchi.f7cdc4c4-b206-49c5-81f7-ef750cd60631?format=json&states=listing" "tx8eae13a5f0d64da48fd81-006a2824ea" "proxy-server 20" 0.0007 "-" 21 0
Jun 9 14:36:26 standalone object-server[127843]: 172.20.0.100 - - [09/Jun/2026:14:36:26 +0000] "GET /d1/556/AUTH_c4350a0f36e14eeeac2288b1d983fd51/gnocchi.f7cdc4c4-b206-49c5-81f7-ef750cd60631/none_v3" 404 70 "GET http://172.18.0.2:8080/v1/AUTH_c4350a0f36e14eeeac2288b1d983fd51/gnocchi.f7cdc4c4-b206-49c5-81f7-ef750cd60631/none_v3" "tx8eae13a5f0d64da48fd81-006a2824ea" "proxy-server 20" 0.0005 "-" 25 0
Jun 9 14:36:26 standalone proxy-server[129613]: 172.18.0.2 172.18.0.100 09/Jun/2026/14/36/26 GET /v1/AUTH_c4350a0f36e14eeeac2288b1d983fd51/gnocchi.f7cdc4c4-b206-49c5-81f7-ef750cd60631/none_v3 HTTP/1.0 404 - python-swiftclient-3.11.1 gAAAAABqKCQNltYa... - 70 - tx8eae13a5f0d64da48fd81-006a2824ea - 0.0187 - - 1781015786.162110090 1781015786.180762529 0
Jun 9 14:36:26 standalone account-server[127283]: 172.20.0.100 - - [09/Jun/2026:14:36:26 +0000] "PUT /d1/315/AUTH_c4350a0f36e14eeeac2288b1d983fd51/gnocchi.f7cdc4c4-b206-49c5-81f7-ef750cd60631" 201 - "PUT http://172.20.0.100:6001/d1/747/AUTH_c4350a0f36e14eeeac2288b1d983fd51/gnocchi.f7cdc4c4-b206-49c5-81f7-ef750cd60631" "tx9c7d62a6529145acb2053-006a2824ea" "container-server 22" 0.0043 "-" 15 0
Jun 9 14:36:26 standalone container-server[127395]: 172.20.0.100 - - [09/Jun/2026:14:36:26 +0000] "PUT /d1/747/AUTH_c4350a0f36e14eeeac2288b1d983fd51/gnocchi.f7cdc4c4-b206-49c5-81f7-ef750cd60631" 201 - "PUT http://172.18.0.2:8080/v1/AUTH_c4350a0f36e14eeeac2288b1d983fd51/gnocchi.f7cdc4c4-b206-49c5-81f7-ef750cd60631" "tx9c7d62a6529145acb2053-006a2824ea" "proxy-server 20" 0.0137 "-" 22 0
