Jun 9 14:34:49 standalone object-server[127843]: 172.20.0.100 - - [09/Jun/2026:14:34:49 +0000] "PUT /d1/614/AUTH_c4350a0f36e14eeeac2288b1d983fd51/gnocchi.49be6778-ffc5-4512-8679-de68e62169f1/none_v3" 201 - "PUT http://172.18.0.2:8080/v1/AUTH_c4350a0f36e14eeeac2288b1d983fd51/gnocchi.49be6778-ffc5-4512-8679-de68e62169f1/none_v3" "tx84d0318985164fc1bf01b-006a282489" "proxy-server 20" 0.0223 "-" 25 0
Jun 9 14:34:49 standalone proxy-server[129613]: 172.18.0.2 172.18.0.100 09/Jun/2026/14/34/49 PUT /v1/AUTH_c4350a0f36e14eeeac2288b1d983fd51/gnocchi.49be6778-ffc5-4512-8679-de68e62169f1/none_v3 HTTP/1.0 201 - python-swiftclient-3.11.1 gAAAAABqKCQNltYa... 22 - - tx84d0318985164fc1bf01b-006a282489 - 0.0289 - - 1781015689.043545485 1781015689.072478771 0
Jun 9 14:34:49 standalone object-server[127843]: 172.20.0.100 - - [09/Jun/2026:14:34:49 +0000] "GET /d1/486/AUTH_c4350a0f36e14eeeac2288b1d983fd51/gnocchi.89d76670-30a0-479e-a070-d89fb48f9830/none_v3" 200 33 "GET http://172.18.0.2:8080/v1/AUTH_c4350a0f36e14eeeac2288b1d983fd51/gnocchi.89d76670-30a0-479e-a070-d89fb48f9830/none_v3" "txe1b8bfe5e89a49f1adfeb-006a282489" "proxy-server 20" 0.0008 "-" 25 0
Jun 9 14:34:49 standalone proxy-server[129613]: 172.18.0.2 172.18.0.100 09/Jun/2026/14/34/49 GET /v1/AUTH_c4350a0f36e14eeeac2288b1d983fd51/gnocchi.89d76670-30a0-479e-a070-d89fb48f9830/none_v3 HTTP/1.0 200 - python-swiftclient-3.11.1 gAAAAABqKCQNltYa... - 33 - txe1b8bfe5e89a49f1adfeb-006a282489 - 0.0118 - - 1781015689.290394068 1781015689.302203417 0
Jun 9 14:34:49 standalone container-server[127395]: 172.20.0.100 - - [09/Jun/2026:14:34:49 +0000] "GET /d1/582/AUTH_c4350a0f36e14eeeac2288b1d983fd51/gnocchi.89d76670-30a0-479e-a070-d89fb48f9830" 200 357 "GET http://172.18.0.2:8080/v1/AUTH_c4350a0f36e14eeeac2288b1d983fd51/gnocchi.89d76670-30a0-479e-a070-d89fb48f9830?format=json&states=listing" "tx9cf047f30cbe4e2480165-006a282489" "proxy-server 20" 0.0067 "-" 22 0
Jun 9 14:34:49 standalone proxy-server[129613]: 172.18.0.2 172.18.0.100 09/Jun/2026/14/34/49 GET /v1/AUTH_c4350a0f36e14eeeac2288b1d983fd51/gnocchi.89d76670-30a0-479e-a070-d89fb48f9830%3Fformat%3Djson%26states%3Dlisting HTTP/1.0 200 - python-swiftclient-3.11.1 gAAAAABqKCQNltYa... - 357 - tx9cf047f30cbe4e2480165-006a282489 - 0.0142 - - 1781015689.307114840 1781015689.321300268 0
Jun 9 14:34:49 standalone container-server[127386]: 172.20.0.100 - - [09/Jun/2026:14:34:49 +0000] "GET /d1/582/AUTH_c4350a0f36e14eeeac2288b1d983fd51/gnocchi.89d76670-30a0-479e-a070-d89fb48f9830" 200 2 "GET http://172.18.0.2:8080/v1/AUTH_c4350a0f36e14eeeac2288b1d983fd51/gnocchi.89d76670-30a0-479e-a070-d89fb48f9830?format=json&marker=none_v3&states=listing" "tx22debcb856094095b12d3-006a282489" "proxy-server 20" 0.0026 "-" 21 0
Jun 9 14:34:49 standalone proxy-server[129613]: 172.18.0.2 172.18.0.100 09/Jun/2026/14/34/49 GET /v1/AUTH_c4350a0f36e14eeeac2288b1d983fd51/gnocchi.89d76670-30a0-479e-a070-d89fb48f9830%3Fformat%3Djson%26marker%3Dnone_v3%26states%3Dlisting HTTP/1.0 200 - python-swiftclient-3.11.1 gAAAAABqKCQNltYa... - 2 - tx22debcb856094095b12d3-006a282489 - 0.0104 - - 1781015689.323199034 1781015689.333641291 0
Jun 9 14:34:49 standalone object-server[127823]: 172.20.0.100 - - [09/Jun/2026:14:34:49 +0000] "GET /d1/880/AUTH_c4350a0f36e14eeeac2288b1d983fd51/gnocchi.89d76670-30a0-479e-a070-d89fb48f9830/1780920000.0_mean_300.0_v3" 200 16 "GET http://172.18.0.2:8080/v1/AUTH_c4350a0f36e14eeeac2288b1d983fd51/gnocchi.89d76670-30a0-479e-a070-d89fb48f9830/1780920000.0_mean_300.0_v3" "tx6ac454e6103c4fc9ba466-006a282489" "proxy-server 20" 0.0007 "-" 22 0
Jun 9 14:34:49 standalone proxy-server[129613]: 172.18.0.2 172.18.0.100 09/Jun/2026/14/34/49 GET /v1/AUTH_c4350a0f36e14eeeac2288b1d983fd51/gnocchi.89d76670-30a0-479e-a070-d89fb48f9830/1780920000.0_mean_300.0_v3 HTTP/1.0 200 - python-swiftclient-3.11.1 gAAAAABqKCQNltYa... - 16 - tx6ac454e6103c4fc9ba466-006a282489 - 0.0062 - - 1781015689.335906744 1781015689.342118502 0
Jun 9 14:34:49 standalone container-server[127395]: 172.20.0.100 - - [09/Jun/2026:14:34:49 +0000] "PUT /d1/582/AUTH_c4350a0f36e14eeeac2288b1d983fd51/gnocchi.89d76670-30a0-479e-a070-d89fb48f9830/1780920000.0_mean_300.0_v3" 201 - "PUT http://172.18.0.2:8080/d1/880/AUTH_c4350a0f36e14eeeac2288b1d983fd51/gnocchi.89d76670-30a0-479e-a070-d89fb48f9830/1780920000.0_mean_300.0_v3" "tx1d982b4e11694791b17db-006a282489" "object-server 24" 0.0006 "-" 22 0
Jun 9 14:34:49 standalone object-server[127836]: 172.20.0.100 - - [09/Jun/2026:14:34:49 +0000] "PUT /d1/880/AUTH_c4350a0f36e14eeeac2288b1d983fd51/gnocchi.89d76670-30a0-479e-a070-d89fb48f9830/1780920000.0_mean_300.0_v3" 201 - "PUT http://172.18.0.2:8080/v1/AUTH_c4350a0f36e14eeeac2288b1d983fd51/gnocchi.89d76670-30a0-479e-a070-d89fb48f9830/1780920000.0_mean_300.0_v3" "tx1d982b4e11694791b17db-006a282489" "proxy-server 20" 0.0087 "-" 24 0
Jun 9 14:34:49 standalone proxy-server[129613]: 172.18.0.2 172.18.0.100 09/Jun/2026/14/34/49 PUT /v1/AUTH_c4350a0f36e14eeeac2288b1d983fd51/gnocchi.89d76670-30a0-479e-a070-d89fb48f9830/1780920000.0_mean_300.0_v3 HTTP/1.0 201 - python-swiftclient-3.11.1 gAAAAABqKCQNltYa... 16 - - tx1d982b4e11694791b17db-006a282489 - 0.0131 - - 1781015689.343897104 1781015689.356962919 0
Jun 9 14:34:49 standalone container-server[127383]: 172.20.0.100 - - [09/Jun/2026:14:34:49 +0000] "PUT /d1/582/AUTH_c4350a0f36e14eeeac2288b1d983fd51/gnocchi.89d76670-30a0-479e-a070-d89fb48f9830/none_v3" 201 - "PUT http://172.18.0.2:8080/d1/486/AUTH_c4350a0f36e14eeeac2288b1d983fd51/gnocchi.89d76670-30a0-479e-a070-d89fb48f9830/none_v3" "txdb4d7b5001194fc1b970c-006a282489" "object-server 24" 0.0005 "-" 20 0
Jun 9 14:34:49 standalone object-server[127836]: 172.20.0.100 - - [09/Jun/2026:14:34:49 +0000] "PUT /d1/486/AUTH_c4350a0f36e14eeeac2288b1d983fd51/gnocchi.89d76670-30a0-479e-a070-d89fb48f9830/none_v3" 201 - "PUT http://172.18.0.2:8080/v1/AUTH_c4350a0f36e14eeeac2288b1d983fd51/gnocchi.89d76670-30a0-479e-a070-d89fb48f9830/none_v3" "txdb4d7b5001194fc1b970c-006a282489" "proxy-server 20" 0.0094 "-" 24 0
Jun 9 14:34:49 standalone proxy-server[129613]: 172.18.0.2 172.18.0.100 09/Jun/2026/14/34/49 PUT /v1/AUTH_c4350a0f36e14eeeac2288b1d983fd51/gnocchi.89d76670-30a0-479e-a070-d89fb48f9830/none_v3 HTTP/1.0 201 - python-swiftclient-3.11.1 gAAAAABqKCQNltYa... 48 - - txdb4d7b5001194fc1b970c-006a282489 - 0.0131 - - 1781015689.358601809 1781015689.371655464 0
Jun 9 14:34:49 standalone object-server[127836]: 172.20.0.100 - - [09/Jun/2026:14:34:49 +0000] "GET /d1/777/AUTH_c4350a0f36e14eeeac2288b1d983fd51/gnocchi.9db16a51-6e06-448b-97b0-801463014277/none_v3" 200 33 "GET http://172.18.0.2:8080/v1/AUTH_c4350a0f36e14eeeac2288b1d983fd51/gnocchi.9db16a51-6e06-448b-97b0-801463014277/none_v3" "txd04d05e9a9564807b55db-006a282489" "proxy-server 20" 0.0007 "-" 24 0
Jun 9 14:34:49 standalone proxy-server[129613]: 172.18.0.2 172.18.0.100 09/Jun/2026/14/34/49 GET /v1/AUTH_c4350a0f36e14eeeac2288b1d983fd51/gnocchi.9db16a51-6e06-448b-97b0-801463014277/none_v3 HTTP/1.0 200 - python-swiftclient-3.11.1 gAAAAABqKCQNltYa... - 33 - txd04d05e9a9564807b55db-006a282489 - 0.0057 - - 1781015689.380405426 1781015689.386057138 0
Jun 9 14:34:49 standalone container-server[127386]: 172.20.0.100 - - [09/Jun/2026:14:34:49 +0000] "GET /d1/395/AUTH_c4350a0f36e14eeeac2288b1d983fd51/gnocchi.9db16a51-6e06-448b-97b0-801463014277" 200 357 "GET http://172.18.0.2:8080/v1/AUTH_c4350a0f36e14eeeac2288b1d983fd51/gnocchi.9db16a51-6e06-448b-97b0-801463014277?format=json&states=listing" "txc2c5239ea1b14211ac4e9-006a282489" "proxy-server 20" 0.0066 "-" 21 0
Jun 9 14:34:49 standalone proxy-server[129613]: 172.18.0.2 172.18.0.100 09/Jun/2026/14/34/49 GET /v1/AUTH_c4350a0f36e14eeeac2288b1d983fd51/gnocchi.9db16a51-6e06-448b-97b0-801463014277%3Fformat%3Djson%26states%3Dlisting HTTP/1.0 200 - python-swiftclient-3.11.1 gAAAAABqKCQNltYa... - 357 - txc2c5239ea1b14211ac4e9-006a282489 - 0.0107 - - 1781015689.388240099 1781015689.398964643 0
Jun 9 14:34:49 standalone container-server[127386]: 172.20.0.100 - - [09/Jun/2026:14:34:49 +0000] "GET /d1/395/AUTH_c4350a0f36e14eeeac2288b1d983fd51/gnocchi.9db16a51-6e06-448b-97b0-801463014277" 200 2 "GET http://172.18.0.2:8080/v1/AUTH_c4350a0f36e14eeeac2288b1d983fd51/gnocchi.9db16a51-6e06-448b-97b0-801463014277?format=json&marker=none_v3&states=listing" "txced0bb0aae6c4c11acda4-006a282489" "proxy-server 20" 0.0026 "-" 21 0
Jun 9 14:34:49 standalone proxy-server[129613]: 172.18.0.2 172.18.0.100 09/Jun/2026/14/34/49 GET /v1/AUTH_c4350a0f36e14eeeac2288b1d983fd51/gnocchi.9db16a51-6e06-448b-97b0-801463014277%3Fformat%3Djson%26marker%3Dnone_v3%26states%3Dlisting HTTP/1.0 200 - python-swiftclient-3.11.1 gAAAAABqKCQNltYa... - 2 - txced0bb0aae6c4c11acda4-006a282489 - 0.0139 - - 1781015689.405215263 1781015689.419162273 0
Jun 9 14:34:49 standalone object-server[127836]: 172.20.0.100 - - [09/Jun/2026:14:34:49 +0000] "GET /d1/631/AUTH_c4350a0f36e14eeeac2288b1d983fd51/gnocchi.9db16a51-6e06-448b-97b0-801463014277/1780920000.0_mean_300.0_v3" 200 16 "GET http://172.18.0.2:8080/v1/AUTH_c4350a0f36e14eeeac2288b1d983fd51/gnocchi.9db16a51-6e06-448b-97b0-801463014277/1780920000.0_mean_300.0_v3" "txc1659d3206244950993ee-006a282489" "proxy-server 20" 0.0007 "-" 24 0
Jun 9 14:34:49 standalone proxy-server[129613]: 172.18.0.2 172.18.0.100 09/Jun/2026/14/34/49 GET /v1/AUTH_c4350a0f36e14eeeac2288b1d983fd51/gnocchi.9db16a51-6e06-448b-97b0-801463014277/1780920000.0_mean_300.0_v3 HTTP/1.0 200 - python-swiftclient-3.11.1 gAAAAABqKCQNltYa... - 16 - txc1659d3206244950993ee-006a282489 - 0.0048 - - 1781015689.433258772 1781015689.438055277 0
Jun 9 14:34:49 standalone container-server[127395]: 172.20.0.100 - - [09/Jun/2026:14:34:49 +0000] "PUT /d1/395/AUTH_c4350a0f36e14eeeac2288b1d983fd51/gnocchi.9db16a51-6e06-448b-97b0-801463014277/1780920000.0_mean_300.0_v3" 201 - "PUT http://172.18.0.2:8080/d1/631/AUTH_c4350a0f36e14eeeac2288b1d983fd51/gnocchi.9db16a51-6e06-448b-97b0-801463014277/1780920000.0_mean_300.0_v3" "tx49d78cb32dd145b2b6fca-006a282489" "object-server 23" 0.0007 "-" 22 0
Jun 9 14:34:49 standalone object-server[127828]: 172.20.0.100 - - [09/Jun/2026:14:34:49 +0000] "PUT /d1/631/AUTH_c4350a0f36e14eeeac2288b1d983fd51/gnocchi.9db16a51-6e06-448b-97b0-801463014277/1780920000.0_mean_300.0_v3" 201 - "PUT http://172.18.0.2:8080/v1/AUTH_c4350a0f36e14eeeac2288b1d983fd51/gnocchi.9db16a51-6e06-448b-97b0-801463014277/1780920000.0_mean_300.0_v3" "tx49d78cb32dd145b2b6fca-006a282489" "proxy-server 20" 0.0124 "-" 23 0
Jun 9 14:34:49 standalone proxy-server[129613]: 172.18.0.2 172.18.0.100 09/Jun/2026/14/34/49 PUT /v1/AUTH_c4350a0f36e14eeeac2288b1d983fd51/gnocchi.9db16a51-6e06-448b-97b0-801463014277/1780920000.0_mean_300.0_v3 HTTP/1.0 201 - python-swiftclient-3.11.1 gAAAAABqKCQNltYa... 16 - - tx49d78cb32dd145b2b6fca-006a282489 - 0.0194 - - 1781015689.442726135 1781015689.462171316 0
Jun 9 14:34:49 standalone container-server[127407]: 172.20.0.100 - - [09/Jun/2026:14:34:49 +0000] "PUT /d1/395/AUTH_c4350a0f36e14eeeac2288b1d983fd51/gnocchi.9db16a51-6e06-448b-97b0-801463014277/none_v3" 201 - "PUT http://172.18.0.2:8080/d1/777/AUTH_c4350a0f36e14eeeac2288b1d983fd51/gnocchi.9db16a51-6e06-448b-97b0-801463014277/none_v3" "tx6ee30c29a3864d41bb763-006a282489" "object-server 23" 0.0005 "-" 23 0
Jun 9 14:34:49 standalone object-server[127828]: 172.20.0.100 - - [09/Jun/2026:14:34:49 +0000] "PUT /d1/777/AUTH_c4350a0f36e14eeeac2288b1d983fd51/gnocchi.9db16a51-6e06-448b-97b0-801463014277/none_v3" 201 - "PUT http://172.18.0.2:8080/v1/AUTH_c4350a0f36e14eeeac2288b1d983fd51/gnocchi.9db16a51-6e06-448b-97b0-801463014277/none_v3" "tx6ee30c29a3864d41bb763-006a282489" "proxy-server 20" 0.0355 "-" 23 0
Jun 9 14:34:49 standalone proxy-server[129613]: 172.18.0.2 172.18.0.100 09/Jun/2026/14/34/49 PUT /v1/AUTH_c4350a0f36e14eeeac2288b1d983fd51/gnocchi.9db16a51-6e06-448b-97b0-801463014277/none_v3 HTTP/1.0 201 - python-swiftclient-3.11.1 gAAAAABqKCQNltYa... 48 - - tx6ee30c29a3864d41bb763-006a282489 - 0.0457 - - 1781015689.464611053 1781015689.510338306 0
Jun 9 14:34:50 standalone object-server[127828]: 172.20.0.100 - - [09/Jun/2026:14:34:50 +0000] "GET /d1/614/AUTH_c4350a0f36e14eeeac2288b1d983fd51/gnocchi.49be6778-ffc5-4512-8679-de68e62169f1/none_v3" 200 22 "GET http://172.18.0.2:8080/v1/AUTH_c4350a0f36e14eeeac2288b1d983fd51/gnocchi.49be6778-ffc5-4512-8679-de68e62169f1/none_v3" "tx1ad2c761fe8a4000af84a-006a28248a" "proxy-server 20" 0.0008 "-" 23 0
Jun 9 14:34:50 standalone proxy-server[129613]: 172.18.0.2 172.18.0.100 09/Jun/2026/14/34/50 GET /v1/AUTH_c4350a0f36e14eeeac2288b1d983fd51/gnocchi.49be6778-ffc5-4512-8679-de68e62169f1/none_v3 HTTP/1.0 200 - python-swiftclient-3.11.1 gAAAAABqKCQNltYa... - 22 - tx1ad2c761fe8a4000af84a-006a28248a - 0.0097 - - 1781015690.615135670 1781015690.624864101 0
Jun 9 14:34:50 standalone container-server[127407]: 172.20.0.100 - - [09/Jun/2026:14:34:50 +0000] "GET /d1/784/AUTH_c4350a0f36e14eeeac2288b1d983fd51/gnocchi.49be6778-ffc5-4512-8679-de68e62169f1" 200 357 "GET http://172.18.0.2:8080/v1/AUTH_c4350a0f36e14eeeac2288b1d983fd51/gnocchi.49be6778-ffc5-4512-8679-de68e62169f1?format=json&states=listing" "tx7994d1b9df00487190752-006a28248a" "proxy-server 20" 0.0093 "-" 23 0
Jun 9 14:34:50 standalone proxy-server[129613]: 172.18.0.2 172.18.0.100 09/Jun/2026/14/34/50 GET /v1/AUTH_c4350a0f36e14eeeac2288b1d983fd51/gnocchi.49be6778-ffc5-4512-8679-de68e62169f1%3Fformat%3Djson%26states%3Dlisting HTTP/1.0 200 - python-swiftclient-3.11.1 gAAAAABqKCQNltYa... - 357 - tx7994d1b9df00487190752-006a28248a - 0.0186 - - 1781015690.630327463 1781015690.648888350 0
Jun 9 14:34:50 standalone container-server[127383]: 172.20.0.100 - - [09/Jun/2026:14:34:50 +0000] "GET /d1/784/AUTH_c4350a0f36e14eeeac2288b1d983fd51/gnocchi.49be6778-ffc5-4512-8679-de68e62169f1" 200 2 "GET http://172.18.0.2:8080/v1/AUTH_c4350a0f36e14eeeac2288b1d983fd51/gnocchi.49be6778-ffc5-4512-8679-de68e62169f1?format=json&marker=none_v3&states=listing" "tx0ebca2ddd4d84c1abf045-006a28248a" "proxy-server 20" 0.0023 "-" 20 0
Jun 9 14:34:50 standalone proxy-server[129613]: 172.18.0.2 172.18.0.100 09/Jun/2026/14/34/50 GET /v1/AUTH_c4350a0f36e14eeeac2288b1d983fd51/gnocchi.49be6778-ffc5-4512-8679-de68e62169f1%3Fformat%3Djson%26marker%3Dnone_v3%26states%3Dlisting HTTP/1.0 200 - python-swiftclient-3.11.1 gAAAAABqKCQNltYa... - 2 - tx0ebca2ddd4d84c1abf045-006a28248a - 0.0120 - - 1781015690.653671265 1781015690.665662289 0
Jun 9 14:34:50 standalone object-server[127828]: 172.20.0.100 - - [09/Jun/2026:14:34:50 +0000] "GET /d1/369/AUTH_c4350a0f36e14eeeac2288b1d983fd51/gnocchi.49be6778-ffc5-4512-8679-de68e62169f1/1780920000.0_mean_300.0_v3" 200 16 "GET http://172.18.0.2:8080/v1/AUTH_c4350a0f36e14eeeac2288b1d983fd51/gnocchi.49be6778-ffc5-4512-8679-de68e62169f1/1780920000.0_mean_300.0_v3" "txde5c27eaed8c4c1fa7af7-006a28248a" "proxy-server 20" 0.0007 "-" 23 0
Jun 9 14:34:50 standalone proxy-server[129613]: 172.18.0.2 172.18.0.100 09/Jun/2026/14/34/50 GET /v1/AUTH_c4350a0f36e14eeeac2288b1d983fd51/gnocchi.49be6778-ffc5-4512-8679-de68e62169f1/1780920000.0_mean_300.0_v3 HTTP/1.0 200 - python-swiftclient-3.11.1 gAAAAABqKCQNltYa... - 16 - txde5c27eaed8c4c1fa7af7-006a28248a - 0.0084 - - 1781015690.671037197 1781015690.679432869 0
Jun 9 14:34:50 standalone container-server[127383]: 172.20.0.100 - - [09/Jun/2026:14:34:50 +0000] "PUT /d1/784/AUTH_c4350a0f36e14eeeac2288b1d983fd51/gnocchi.49be6778-ffc5-4512-8679-de68e62169f1/1780920000.0_mean_300.0_v3" 201 - "PUT http://172.18.0.2:8080/d1/369/AUTH_c4350a0f36e14eeeac2288b1d983fd51/gnocchi.49be6778-ffc5-4512-8679-de68e62169f1/1780920000.0_mean_300.0_v3" "tx77625827629d432289809-006a28248a" "object-server 23" 0.0006 "-" 20 0
Jun 9 14:34:50 standalone object-server[127828]: 172.20.0.100 - - [09/Jun/2026:14:34:50 +0000] "PUT /d1/369/AUTH_c4350a0f36e14eeeac2288b1d983fd51/gnocchi.49be6778-ffc5-4512-8679-de68e62169f1/1780920000.0_mean_300.0_v3" 201 - "PUT http://172.18.0.2:8080/v1/AUTH_c4350a0f36e14eeeac2288b1d983fd51/gnocchi.49be6778-ffc5-4512-8679-de68e62169f1/1780920000.0_mean_300.0_v3" "tx77625827629d432289809-006a28248a" "proxy-server 20" 0.0099 "-" 23 0
Jun 9 14:34:50 standalone proxy-server[129613]: 172.18.0.2 172.18.0.100 09/Jun/2026/14/34/50 PUT /v1/AUTH_c4350a0f36e14eeeac2288b1d983fd51/gnocchi.49be6778-ffc5-4512-8679-de68e62169f1/1780920000.0_mean_300.0_v3 HTTP/1.0 201 - python-swiftclient-3.11.1 gAAAAABqKCQNltYa... 16 - - tx77625827629d432289809-006a28248a - 0.0168 - - 1781015690.683516502 1781015690.700304270 0
Jun 9 14:34:50 standalone container-server[127383]: 172.20.0.100 - - [09/Jun/2026:14:34:50 +0000] "PUT /d1/784/AUTH_c4350a0f36e14eeeac2288b1d983fd51/gnocchi.49be6778-ffc5-4512-8679-de68e62169f1/none_v3" 201 - "PUT http://172.18.0.2:8080/d1/614/AUTH_c4350a0f36e14eeeac2288b1d983fd51/gnocchi.49be6778-ffc5-4512-8679-de68e62169f1/none_v3" "txb47b5d845fd443c29059e-006a28248a" "object-server 25" 0.0005 "-" 20 0
Jun 9 14:34:50 standalone object-server[127843]: 172.20.0.100 - - [09/Jun/2026:14:34:50 +0000] "PUT /d1/614/AUTH_c4350a0f36e14eeeac2288b1d983fd51/gnocchi.49be6778-ffc5-4512-8679-de68e62169f1/none_v3" 201 - "PUT http://172.18.0.2:8080/v1/AUTH_c4350a0f36e14eeeac2288b1d983fd51/gnocchi.49be6778-ffc5-4512-8679-de68e62169f1/none_v3" "txb47b5d845fd443c29059e-006a28248a" "proxy-server 20" 0.0099 "-" 25 0
Jun 9 14:34:50 standalone proxy-server[129613]: 172.18.0.2 172.18.0.100 09/Jun/2026/14/34/50 PUT /v1/AUTH_c4350a0f36e14eeeac2288b1d983fd51/gnocchi.49be6778-ffc5-4512-8679-de68e62169f1/none_v3 HTTP/1.0 201 - python-swiftclient-3.11.1 gAAAAABqKCQNltYa... 31 - - txb47b5d845fd443c29059e-006a28248a - 0.0179 - - 1781015690.704480886 1781015690.722379684 0
Jun 9 14:34:58 standalone account-server[127281]: 172.20.0.100 - - [09/Jun/2026:14:34:58 +0000] "HEAD /d1/315/AUTH_c4350a0f36e14eeeac2288b1d983fd51" 204 - "HEAD http://172.18.0.2:8080/v1/AUTH_c4350a0f36e14eeeac2288b1d983fd51?format=json" "txe5238ecb3b784efe81fef-006a282492" "proxy-server 20" 0.0050 "-" 14 -
Jun 9 14:34:58 standalone proxy-server[129613]: - - 09/Jun/2026/14/34/58 HEAD /v1/AUTH_c4350a0f36e14eeeac2288b1d983fd51%3Fformat%3Djson HTTP/1.0 204 - Swift - - - - txe5238ecb3b784efe81fef-006a282492 - 0.0095 RL - 1781015698.523935556 1781015698.533454180 -
Jun 9 14:34:58 standalone object-server[127823]: 172.20.0.100 - - [09/Jun/2026:14:34:58 +0000] "GET /d1/614/AUTH_c4350a0f36e14eeeac2288b1d983fd51/gnocchi.49be6778-ffc5-4512-8679-de68e62169f1/none_v3" 200 31 "GET http://172.18.0.2:8080/v1/AUTH_c4350a0f36e14eeeac2288b1d983fd51/gnocchi.49be6778-ffc5-4512-8679-de68e62169f1/none_v3" "txe5238ecb3b784efe81fef-006a282492" "proxy-server 20" 0.0015 "-" 22 0
Jun 9 14:34:58 standalone proxy-server[129613]: 172.18.0.2 172.18.0.100 09/Jun/2026/14/34/58 GET /v1/AUTH_c4350a0f36e14eeeac2288b1d983fd51/gnocchi.49be6778-ffc5-4512-8679-de68e62169f1/none_v3 HTTP/1.0 200 - python-swiftclient-3.11.1 gAAAAABqKCQNltYa... - 31 - txe5238ecb3b784efe81fef-006a282492 - 0.0194 - - 1781015698.523005486 1781015698.542408705 0
Jun 9 14:34:58 standalone container-server[127395]: 172.20.0.100 - - [09/Jun/2026:14:34:58 +0000] "GET /d1/784/AUTH_c4350a0f36e14eeeac2288b1d983fd51/gnocchi.49be6778-ffc5-4512-8679-de68e62169f1" 200 357 "GET http://172.18.0.2:8080/v1/AUTH_c4350a0f36e14eeeac2288b1d983fd51/gnocchi.49be6778-ffc5-4512-8679-de68e62169f1?format=json&states=listing" "tx6e057ba407cd4cf889c2d-006a282492" "proxy-server 20" 0.0081 "-" 22 0
Jun 9 14:34:58 standalone proxy-server[129613]: 172.18.0.2 172.18.0.100 09/Jun/2026/14/34/58 GET /v1/AUTH_c4350a0f36e14eeeac2288b1d983fd51/gnocchi.49be6778-ffc5-4512-8679-de68e62169f1%3Fformat%3Djson%26states%3Dlisting HTTP/1.0 200 - python-swiftclient-3.11.1 gAAAAABqKCQNltYa... - 357 - tx6e057ba407cd4cf889c2d-006a282492 - 0.0142 - - 1781015698.545680285 1781015698.559879065 0
Jun 9 14:34:58 standalone container-server[127395]: 172.20.0.100 - - [09/Jun/2026:14:34:58 +0000] "GET /d1/784/AUTH_c4350a0f36e14eeeac2288b1d983fd51/gnocchi.49be6778-ffc5-4512-8679-de68e62169f1" 200 2 "GET http://172.18.0.2:8080/v1/AUTH_c4350a0f36e14eeeac2288b1d983fd51/gnocchi.49be6778-ffc5-4512-8679-de68e62169f1?format=json&marker=none_v3&states=listing" "tx6abcd49e5c234939ab668-006a282492" "proxy-server 20" 0.0016 "-" 22 0
Jun 9 14:34:58 standalone proxy-server[129613]: 172.18.0.2 172.18.0.100 09/Jun/2026/14/34/58 GET /v1/AUTH_c4350a0f36e14eeeac2288b1d983fd51/gnocchi.49be6778-ffc5-4512-8679-de68e62169f1%3Fformat%3Djson%26marker%3Dnone_v3%26states%3Dlisting HTTP/1.0 200 - python-swiftclient-3.11.1 gAAAAABqKCQNltYa... - 2 - tx6abcd49e5c234939ab668-006a282492 - 0.0068 - - 1781015698.562824249 1781015698.569637299 0
Jun 9 14:34:58 standalone object-server[127843]: 172.20.0.100 - - [09/Jun/2026:14:34:58 +0000] "GET /d1/369/AUTH_c4350a0f36e14eeeac2288b1d983fd51/gnocchi.49be6778-ffc5-4512-8679-de68e62169f1/1780920000.0_mean_300.0_v3" 200 16 "GET http://172.18.0.2:8080/v1/AUTH_c4350a0f36e14eeeac2288b1d983fd51/gnocchi.49be6778-ffc5-4512-8679-de68e62169f1/1780920000.0_mean_300.0_v3" "txfd3a97a2fe8c4414b5080-006a282492" "proxy-server 20" 0.0006 "-" 25 0
Jun 9 14:34:58 standalone proxy-server[129613]: 172.18.0.2 172.18.0.100 09/Jun/2026/14/34/58 GET /v1/AUTH_c4350a0f36e14eeeac2288b1d983fd51/gnocchi.49be6778-ffc5-4512-8679-de68e62169f1/1780920000.0_mean_300.0_v3 HTTP/1.0 200 - python-swiftclient-3.11.1 gAAAAABqKCQNltYa... - 16 - txfd3a97a2fe8c4414b5080-006a282492 - 0.0058 - - 1781015698.572729826 1781015698.578515530 0
Jun 9 14:34:58 standalone container-server[127395]: 172.20.0.100 - - [09/Jun/2026:14:34:58 +0000] "PUT /d1/784/AUTH_c4350a0f36e14eeeac2288b1d983fd51/gnocchi.49be6778-ffc5-4512-8679-de68e62169f1/1780920000.0_mean_300.0_v3" 201 - "PUT http://172.18.0.2:8080/d1/369/AUTH_c4350a0f36e14eeeac2288b1d983fd51/gnocchi.49be6778-ffc5-4512-8679-de68e62169f1/1780920000.0_mean_300.0_v3" "txc66bfa6000f7431f8a270-006a282492" "object-server 22" 0.0004 "-" 22 0
Jun 9 14:34:58 standalone object-server[127823]: 172.20.0.100 - - [09/Jun/2026:14:34:58 +0000] "PUT /d1/369/AUTH_c4350a0f36e14eeeac2288b1d983fd51/gnocchi.49be6778-ffc5-4512-8679-de68e62169f1/1780920000.0_mean_300.0_v3" 201 - "PUT http://172.18.0.2:8080/v1/AUTH_c4350a0f36e14eeeac2288b1d983fd51/gnocchi.49be6778-ffc5-4512-8679-de68e62169f1/1780920000.0_mean_300.0_v3" "txc66bfa6000f7431f8a270-006a282492" "proxy-server 20" 0.0095 "-" 22 0
Jun 9 14:34:58 standalone proxy-server[129613]: 172.18.0.2 172.18.0.100 09/Jun/2026/14/34/58 PUT /v1/AUTH_c4350a0f36e14eeeac2288b1d983fd51/gnocchi.49be6778-ffc5-4512-8679-de68e62169f1/1780920000.0_mean_300.0_v3 HTTP/1.0 201 - python-swiftclient-3.11.1 gAAAAABqKCQNltYa... 16 - - txc66bfa6000f7431f8a270-006a282492 - 0.0162 - - 1781015698.581068993 1781015698.597310305 0
Jun 9 14:34:58 standalone container-server[127395]: 172.20.0.100 - - [09/Jun/2026:14:34:58 +0000] "PUT /d1/784/AUTH_c4350a0f36e14eeeac2288b1d983fd51/gnocchi.49be6778-ffc5-4512-8679-de68e62169f1/none_v3" 201 - "PUT http://172.18.0.2:8080/d1/614/AUTH_c4350a0f36e14eeeac2288b1d983fd51/gnocchi.49be6778-ffc5-4512-8679-de68e62169f1/none_v3" "tx9f9ef959d26544fb88c8a-006a282492" "object-server 24" 0.0005 "-" 22 0
Jun 9 14:34:58 standalone object-server[127836]: 172.20.0.100 - - [09/Jun/2026:14:34:58 +0000] "PUT /d1/614/AUTH_c4350a0f36e14eeeac2288b1d983fd51/gnocchi.49be6778-ffc5-4512-8679-de68e62169f1/none_v3" 201 - "PUT http://172.18.0.2:8080/v1/AUTH_c4350a0f36e14eeeac2288b1d983fd51/gnocchi.49be6778-ffc5-4512-8679-de68e62169f1/none_v3" "tx9f9ef959d26544fb88c8a-006a282492" "proxy-server 20" 0.0086 "-" 24 0
Jun 9 14:34:58 standalone proxy-server[129613]: 172.18.0.2 172.18.0.100 09/Jun/2026/14/34/58 PUT /v1/AUTH_c4350a0f36e14eeeac2288b1d983fd51/gnocchi.49be6778-ffc5-4512-8679-de68e62169f1/none_v3 HTTP/1.0 201 - python-swiftclient-3.11.1 gAAAAABqKCQNltYa... 46 - - tx9f9ef959d26544fb88c8a-006a282492 - 0.0138 - - 1781015698.599590063 1781015698.613402128 0
Jun 9 14:34:59 standalone object-server[127843]: 172.20.0.100 - - [09/Jun/2026:14:34:59 +0000] "GET /d1/614/AUTH_c4350a0f36e14eeeac2288b1d983fd51/gnocchi.49be6778-ffc5-4512-8679-de68e62169f1/none_v3" 200 46 "GET http://172.18.0.2:8080/v1/AUTH_c4350a0f36e14eeeac2288b1d983fd51/gnocchi.49be6778-ffc5-4512-8679-de68e62169f1/none_v3" "tx00a0ef95253b4e21b093c-006a282493" "proxy-server 20" 0.0012 "-" 25 0
Jun 9 14:34:59 standalone proxy-server[129613]: 172.18.0.2 172.18.0.100 09/Jun/2026/14/34/59 GET /v1/AUTH_c4350a0f36e14eeeac2288b1d983fd51/gnocchi.49be6778-ffc5-4512-8679-de68e62169f1/none_v3 HTTP/1.0 200 - python-swiftclient-3.11.1 gAAAAABqKCQNltYa... - 46 - tx00a0ef95253b4e21b093c-006a282493 - 0.0071 - - 1781015699.139673948 1781015699.146790028 0
Jun 9 14:34:59 standalone container-server[127383]: 172.20.0.100 - - [09/Jun/2026:14:34:59 +0000] "GET /d1/784/AUTH_c4350a0f36e14eeeac2288b1d983fd51/gnocchi.49be6778-ffc5-4512-8679-de68e62169f1" 200 357 "GET http://172.18.0.2:8080/v1/AUTH_c4350a0f36e14eeeac2288b1d983fd51/gnocchi.49be6778-ffc5-4512-8679-de68e62169f1?format=json&states=listing" "tx1697ba0d4d5c45b58b1f8-006a282493" "proxy-server 20" 0.0093 "-" 20 0
Jun 9 14:34:59 standalone proxy-server[129613]: 172.18.0.2 172.18.0.100 09/Jun/2026/14/34/59 GET /v1/AUTH_c4350a0f36e14eeeac2288b1d983fd51/gnocchi.49be6778-ffc5-4512-8679-de68e62169f1%3Fformat%3Djson%26states%3Dlisting HTTP/1.0 200 - python-swiftclient-3.11.1 gAAAAABqKCQNltYa... - 357 - tx1697ba0d4d5c45b58b1f8-006a282493 - 0.0151 - - 1781015699.149372816 1781015699.164439440 0
Jun 9 14:34:59 standalone container-server[127383]: 172.20.0.100 - - [09/Jun/2026:14:34:59 +0000] "GET /d1/784/AUTH_c4350a0f36e14eeeac2288b1d983fd51/gnocchi.49be6778-ffc5-4512-8679-de68e62169f1" 200 2 "GET http://172.18.0.2:8080/v1/AUTH_c4350a0f36e14eeeac2288b1d983fd51/gnocchi.49be6778-ffc5-4512-8679-de68e62169f1?format=json&marker=none_v3&states=listing" "txebe934f0fa40407cb4bee-006a282493" "proxy-server 20" 0.0038 "-" 20 0
Jun 9 14:34:59 standalone proxy-server[129613]: 172.18.0.2 172.18.0.100 09/Jun/2026/14/34/59 GET /v1/AUTH_c4350a0f36e14eeeac2288b1d983fd51/gnocchi.49be6778-ffc5-4512-8679-de68e62169f1%3Fformat%3Djson%26marker%3Dnone_v3%26states%3Dlisting HTTP/1.0 200 - python-swiftclient-3.11.1 gAAAAABqKCQNltYa... - 2 - txebe934f0fa40407cb4bee-006a282493 - 0.0087 - - 1781015699.166422129 1781015699.175087452 0
Jun 9 14:34:59 standalone object-server[127823]: 172.20.0.100 - - [09/Jun/2026:14:34:59 +0000] "GET /d1/369/AUTH_c4350a0f36e14eeeac2288b1d983fd51/gnocchi.49be6778-ffc5-4512-8679-de68e62169f1/1780920000.0_mean_300.0_v3" 200 16 "GET http://172.18.0.2:8080/v1/AUTH_c4350a0f36e14eeeac2288b1d983fd51/gnocchi.49be6778-ffc5-4512-8679-de68e62169f1/1780920000.0_mean_300.0_v3" "txf3cfc2879ce34ecb80b01-006a282493" "proxy-server 20" 0.0011 "-" 22 0
Jun 9 14:34:59 standalone proxy-server[129613]: 172.18.0.2 172.18.0.100 09/Jun/2026/14/34/59 GET /v1/AUTH_c4350a0f36e14eeeac2288b1d983fd51/gnocchi.49be6778-ffc5-4512-8679-de68e62169f1/1780920000.0_mean_300.0_v3 HTTP/1.0 200 - python-swiftclient-3.11.1 gAAAAABqKCQNltYa... - 16 - txf3cfc2879ce34ecb80b01-006a282493 - 0.0068 - - 1781015699.177369356 1781015699.184126139 0
Jun 9 14:34:59 standalone container-server[127395]: 172.20.0.100 - - [09/Jun/2026:14:34:59 +0000] "PUT /d1/784/AUTH_c4350a0f36e14eeeac2288b1d983fd51/gnocchi.49be6778-ffc5-4512-8679-de68e62169f1/1780920000.0_mean_300.0_v3" 201 - "PUT http://172.18.0.2:8080/d1/369/AUTH_c4350a0f36e14eeeac2288b1d983fd51/gnocchi.49be6778-ffc5-4512-8679-de68e62169f1/1780920000.0_mean_300.0_v3" "tx5d6677c523e3400a90e0a-006a282493" "object-server 24" 0.0007 "-" 22 0
Jun 9 14:34:59 standalone object-server[127836]: 172.20.0.100 - - [09/Jun/2026:14:34:59 +0000] "PUT /d1/369/AUTH_c4350a0f36e14eeeac2288b1d983fd51/gnocchi.49be6778-ffc5-4512-8679-de68e62169f1/1780920000.0_mean_300.0_v3" 201 - "PUT http://172.18.0.2:8080/v1/AUTH_c4350a0f36e14eeeac2288b1d983fd51/gnocchi.49be6778-ffc5-4512-8679-de68e62169f1/1780920000.0_mean_300.0_v3" "tx5d6677c523e3400a90e0a-006a282493" "proxy-server 20" 0.0097 "-" 24 0
Jun 9 14:34:59 standalone proxy-server[129613]: 172.18.0.2 172.18.0.100 09/Jun/2026/14/34/59 PUT /v1/AUTH_c4350a0f36e14eeeac2288b1d983fd51/gnocchi.49be6778-ffc5-4512-8679-de68e62169f1/1780920000.0_mean_300.0_v3 HTTP/1.0 201 - python-swiftclient-3.11.1 gAAAAABqKCQNltYa... 16 - - tx5d6677c523e3400a90e0a-006a282493 - 0.0138 - - 1781015699.186491251 1781015699.200251579 0
Jun 9 14:34:59 standalone container-server[127407]: 172.20.0.100 - - [09/Jun/2026:14:34:59 +0000] "PUT /d1/784/AUTH_c4350a0f36e14eeeac2288b1d983fd51/gnocchi.49be6778-ffc5-4512-8679-de68e62169f1/none_v3" 201 - "PUT http://172.18.0.2:8080/d1/614/AUTH_c4350a0f36e14eeeac2288b1d983fd51/gnocchi.49be6778-ffc5-4512-8679-de68e62169f1/none_v3" "tx507c73b8ed514a2083941-006a282493" "object-server 23" 0.0006 "-" 23 0
Jun 9 14:34:59 standalone object-server[127828]: 172.20.0.100 - - [09/Jun/2026:14:34:59 +0000] "PUT /d1/614/AUTH_c4350a0f36e14eeeac2288b1d983fd51/gnocchi.49be6778-ffc5-4512-8679-de68e62169f1/none_v3" 201 - "PUT http://172.18.0.2:8080/v1/AUTH_c4350a0f36e14eeeac2288b1d983fd51/gnocchi.49be6778-ffc5-4512-8679-de68e62169f1/none_v3" "tx507c73b8ed514a2083941-006a282493" "proxy-server 20" 0.0101 "-" 23 0
Jun 9 14:34:59 standalone proxy-server[129613]: 172.18.0.2 172.18.0.100 09/Jun/2026/14/34/59 PUT /v1/AUTH_c4350a0f36e14eeeac2288b1d983fd51/gnocchi.49be6778-ffc5-4512-8679-de68e62169f1/none_v3 HTTP/1.0 201 - python-swiftclient-3.11.1 gAAAAABqKCQNltYa... 51 - - tx507c73b8ed514a2083941-006a282493 - 0.0144 - - 1781015699.202603579 1781015699.216975212 0
Jun 9 14:35:02 standalone container-server[127407]: 172.20.0.100 - - [09/Jun/2026:14:35:02 +0000] "HEAD /d1/308/AUTH_c4350a0f36e14eeeac2288b1d983fd51/gnocchi.adc68517-e945-4c56-b075-ef0e8c94d0c2" 404 - "HEAD http://172.18.0.2:8080/v1/AUTH_c4350a0f36e14eeeac2288b1d983fd51/gnocchi.adc68517-e945-4c56-b075-ef0e8c94d0c2?format=json&states=listing" "tx7ca82544665d4eb2bc152-006a282496" "proxy-server 20" 0.0007 "-" 23 0
Jun 9 14:35:02 standalone object-server[127843]: 172.20.0.100 - - [09/Jun/2026:14:35:02 +0000] "GET /d1/191/AUTH_c4350a0f36e14eeeac2288b1d983fd51/gnocchi.adc68517-e945-4c56-b075-ef0e8c94d0c2/none_v3" 404 70 "GET http://172.18.0.2:8080/v1/AUTH_c4350a0f36e14eeeac2288b1d983fd51/gnocchi.adc68517-e945-4c56-b075-ef0e8c94d0c2/none_v3" "tx7ca82544665d4eb2bc152-006a282496" "proxy-server 20" 0.0005 "-" 25 0
Jun 9 14:35:02 standalone proxy-server[129613]: 172.18.0.2 172.18.0.100 09/Jun/2026/14/35/02 GET /v1/AUTH_c4350a0f36e14eeeac2288b1d983fd51/gnocchi.adc68517-e945-4c56-b075-ef0e8c94d0c2/none_v3 HTTP/1.0 404 - python-swiftclient-3.11.1 gAAAAABqKCQNltYa... - 70 - tx7ca82544665d4eb2bc152-006a282496 - 0.0110 - - 1781015702.102672338 1781015702.113721371 0
Jun 9 14:35:02 standalone account-server[127283]: 172.20.0.100 - - [09/Jun/2026:14:35:02 +0000] "PUT /d1/315/AUTH_c4350a0f36e14eeeac2288b1d983fd51/gnocchi.adc68517-e945-4c56-b075-ef0e8c94d0c2" 201 - "PUT http://172.20.0.100:6001/d1/308/AUTH_c4350a0f36e14eeeac2288b1d983fd51/gnocchi.adc68517-e945-4c56-b075-ef0e8c94d0c2" "tx7e0a622e2f994beab2b0e-006a282496" "container-server 20" 0.0023 "-" 15 0
Jun 9 14:35:02 standalone container-server[127383]: 172.20.0.100 - - [09/Jun/2026:14:35:02 +0000] "PUT /d1/308/AUTH_c4350a0f36e14eeeac2288b1d983fd51/gnocchi.adc68517-e945-4c56-b075-ef0e8c94d0c2" 201 - "PUT http://172.18.0.2:8080/v1/AUTH_c4350a0f36e14eeeac2288b1d983fd51/gnocchi.adc68517-e945-4c56-b075-ef0e8c94d0c2" "tx7e0a622e2f994beab2b0e-006a282496" "proxy-server 20" 0.0198 "-" 20 0
Jun 9 14:35:02 standalone proxy-server[129613]: 172.18.0.2 172.18.0.100 09/Jun/2026/14/35/02 PUT /v1/AUTH_c4350a0f36e14eeeac2288b1d983fd51/gnocchi.adc68517-e945-4c56-b075-ef0e8c94d0c2 HTTP/1.0 201 - python-swiftclient-3.11.1 gAAAAABqKCQNltYa... - - - tx7e0a622e2f994beab2b0e-006a282496 - 0.0272 - - 1781015702.117150307 1781015702.144306660 0
Jun 9 14:35:02 standalone container-server[127407]: 172.20.0.100 - - [09/Jun/2026:14:35:02 +0000] "HEAD /d1/308/AUTH_c4350a0f36e14eeeac2288b1d983fd51/gnocchi.adc68517-e945-4c56-b075-ef0e8c94d0c2" 204 - "HEAD http://172.18.0.2:8080/v1/AUTH_c4350a0f36e14eeeac2288b1d983fd51/gnocchi.adc68517-e945-4c56-b075-ef0e8c94d0c2?format=json&states=listing" "txef0e46198a974cf1a7f71-006a282496" "proxy-server 20" 0.0014 "-" 23 0
Jun 9 14:35:02 standalone proxy-server[129613]: - - 09/Jun/2026/14/35/02 HEAD /v1/AUTH_c4350a0f36e14eeeac2288b1d983fd51/gnocchi.adc68517-e945-4c56-b075-ef0e8c94d0c2%3Fformat%3Djson%26states%3Dlisting HTTP/1.0 204 - Swift - - - - txef0e46198a974cf1a7f71-006a282496 - 0.0058 RL - 1781015702.149330378 1781015702.155136108 0
Jun 9 14:35:02 standalone container-server[127383]: 172.20.0.100 - - [09/Jun/2026:14:35:02 +0000] "GET /d1/308/AUTH_c4350a0f36e14eeeac2288b1d983fd51/gnocchi.adc68517-e945-4c56-b075-ef0e8c94d0c2" 200 2 "GET http://172.18.0.2:8080/v1/AUTH_c4350a0f36e14eeeac2288b1d983fd51/gnocchi.adc68517-e945-4c56-b075-ef0e8c94d0c2?format=json&states=listing" "txef0e46198a974cf1a7f71-006a282496" "proxy-server 20" 0.0033 "-" 20 0
Jun 9 14:35:02 standalone proxy-server[129613]: 172.18.0.2 172.18.0.100 09/Jun/2026/14/35/02 GET /v1/AUTH_c4350a0f36e14eeeac2288b1d983fd51/gnocchi.adc68517-e945-4c56-b075-ef0e8c94d0c2%3Fformat%3Djson%26states%3Dlisting HTTP/1.0 200 - python-swiftclient-3.11.1 gAAAAABqKCQNltYa... - 2 - txef0e46198a974cf1a7f71-006a282496 - 0.0205 - - 1781015702.147746801 1781015702.168201685 0
Jun 9 14:35:02 standalone object-server[127823]: 172.20.0.100 - - [09/Jun/2026:14:35:02 +0000] "GET /d1/43/AUTH_c4350a0f36e14eeeac2288b1d983fd51/gnocchi.adc68517-e945-4c56-b075-ef0e8c94d0c2/1780920000.0_mean_300.0_v3" 404 70 "GET http://172.18.0.2:8080/v1/AUTH_c4350a0f36e14eeeac2288b1d983fd51/gnocchi.adc68517-e945-4c56-b075-ef0e8c94d0c2/1780920000.0_mean_300.0_v3" "txe863b69ceca542ae9aa47-006a282496" "proxy-server 20" 0.0004 "-" 22 0
Jun 9 14:35:02 standalone proxy-server[129613]: 172.18.0.2 172.18.0.100 09/Jun/2026/14/35/02 GET /v1/AUTH_c4350a0f36e14eeeac2288b1d983fd51/gnocchi.adc68517-e945-4c56-b075-ef0e8c94d0c2/1780920000.0_mean_300.0_v3 HTTP/1.0 404 - python-swiftclient-3.11.1 gAAAAABqKCQNltYa... - 70 - txe863b69ceca542ae9aa47-006a282496 - 0.0093 - - 1781015702.171422243 1781015702.180750132 0
Jun 9 14:35:02 standalone container-server[127383]: 172.20.0.100 - - [09/Jun/2026:14:35:02 +0000] "PUT /d1/308/AUTH_c4350a0f36e14eeeac2288b1d983fd51/gnocchi.adc68517-e945-4c56-b075-ef0e8c94d0c2/1780920000.0_mean_300.0_v3" 201 - "PUT http://172.18.0.2:8080/d1/43/AUTH_c4350a0f36e14eeeac2288b1d983fd51/gnocchi.adc68517-e945-4c56-b075-ef0e8c94d0c2/1780920000.0_mean_300.0_v3" "tx2d8aed24e6be4a1e83144-006a282496" "object-server 22" 0.0010 "-" 20 0
Jun 9 14:35:02 standalone object-server[127823]: 172.20.0.100 - - [09/Jun/2026:14:35:02 +0000] "PUT /d1/43/AUTH_c4350a0f36e14eeeac2288b1d983fd51/gnocchi.adc68517-e945-4c56-b075-ef0e8c94d0c2/1780920000.0_mean_300.0_v3" 201 - "PUT http://172.18.0.2:8080/v1/AUTH_c4350a0f36e14eeeac2288b1d983fd51/gnocchi.adc68517-e945-4c56-b075-ef0e8c94d0c2/1780920000.0_mean_300.0_v3" "tx2d8aed24e6be4a1e83144-006a282496" "proxy-server 20" 0.0156 "-" 22 0
Jun 9 14:35:02 standalone proxy-server[129613]: 172.18.0.2 172.18.0.100 09/Jun/2026/14/35/02 PUT /v1/AUTH_c4350a0f36e14eeeac2288b1d983fd51/gnocchi.adc68517-e945-4c56-b075-ef0e8c94d0c2/1780920000.0_mean_300.0_v3 HTTP/1.0 201 - python-swiftclient-3.11.1 gAAAAABqKCQNltYa... 16 - - tx2d8aed24e6be4a1e83144-006a282496 - 0.0247 - - 1781015702.183262348 1781015702.207998276 0
Jun 9 14:35:02 standalone container-server[127395]: 172.20.0.100 - - [09/Jun/2026:14:35:02 +0000] "PUT /d1/308/AUTH_c4350a0f36e14eeeac2288b1d983fd51/gnocchi.adc68517-e945-4c56-b075-ef0e8c94d0c2/none_v3" 201 - "PUT http://172.18.0.2:8080/d1/191/AUTH_c4350a0f36e14eeeac2288b1d983fd51/gnocchi.adc68517-e945-4c56-b075-ef0e8c94d0c2/none_v3" "tx626e88e639bc4b5d99295-006a282496" "object-server 23" 0.0012 "-" 22 0
Jun 9 14:35:02 standalone object-server[127828]: 172.20.0.100 - - [09/Jun/2026:14:35:02 +0000] "PUT /d1/191/AUTH_c4350a0f36e14eeeac2288b1d983fd51/gnocchi.adc68517-e945-4c56-b075-ef0e8c94d0c2/none_v3" 201 - "PUT http://172.18.0.2:8080/v1/AUTH_c4350a0f36e14eeeac2288b1d983fd51/gnocchi.adc68517-e945-4c56-b075-ef0e8c94d0c2/none_v3" "tx626e88e639bc4b5d99295-006a282496" "proxy-server 20" 0.0143 "-" 23 0
Jun 9 14:35:02 standalone proxy-server[129613]: 172.18.0.2 172.18.0.100 09/Jun/2026/14/35/02 PUT /v1/AUTH_c4350a0f36e14eeeac2288b1d983fd51/gnocchi.adc68517-e945-4c56-b075-ef0e8c94d0c2/none_v3 HTTP/1.0 201 - python-swiftclient-3.11.1 gAAAAABqKCQNltYa... 22 - - tx626e88e639bc4b5d99295-006a282496 - 0.0364 - - 1781015702.210529804 1781015702.246968985 0
Jun 9 14:35:02 standalone container-server[127383]: 172.20.0.100 - - [09/Jun/2026:14:35:02 +0000] "HEAD /d1/734/AUTH_c4350a0f36e14eeeac2288b1d983fd51/gnocchi.6ca4e4be-d3e7-4bda-8fea-3b77e07b9278" 404 - "HEAD http://172.18.0.2:8080/v1/AUTH_c4350a0f36e14eeeac2288b1d983fd51/gnocchi.6ca4e4be-d3e7-4bda-8fea-3b77e07b9278?format=json&states=listing" "tx998865bc6d4549a394b3a-006a282496" "proxy-server 20" 0.0006 "-" 20 0
Jun 9 14:35:02 standalone object-server[127836]: 172.20.0.100 - - [09/Jun/2026:14:35:02 +0000] "GET /d1/507/AUTH_c4350a0f36e14eeeac2288b1d983fd51/gnocchi.6ca4e4be-d3e7-4bda-8fea-3b77e07b9278/none_v3" 404 70 "GET http://172.18.0.2:8080/v1/AUTH_c4350a0f36e14eeeac2288b1d983fd51/gnocchi.6ca4e4be-d3e7-4bda-8fea-3b77e07b9278/none_v3" "tx998865bc6d4549a394b3a-006a282496" "proxy-server 20" 0.0003 "-" 24 0
Jun 9 14:35:02 standalone proxy-server[129613]: 172.18.0.2 172.18.0.100 09/Jun/2026/14/35/02 GET /v1/AUTH_c4350a0f36e14eeeac2288b1d983fd51/gnocchi.6ca4e4be-d3e7-4bda-8fea-3b77e07b9278/none_v3 HTTP/1.0 404 - python-swiftclient-3.11.1 gAAAAABqKCQNltYa... - 70 - tx998865bc6d4549a394b3a-006a282496 - 0.0202 - - 1781015702.258150339 1781015702.278305054 0
Jun 9 14:35:02 standalone account-server[127283]: 172.20.0.100 - - [09/Jun/2026:14:35:02 +0000] "PUT /d1/315/AUTH_c4350a0f36e14eeeac2288b1d983fd51/gnocchi.6ca4e4be-d3e7-4bda-8fea-3b77e07b9278" 201 - "PUT http://172.20.0.100:6001/d1/734/AUTH_c4350a0f36e14eeeac2288b1d983fd51/gnocchi.6ca4e4be-d3e7-4bda-8fea-3b77e07b9278" "tx8b33a0fde9c447d390cbb-006a282496" "container-server 20" 0.0090 "-" 15 0
Jun 9 14:35:02 standalone container-server[127383]: 172.20.0.100 - - [09/Jun/2026:14:35:02 +0000] "PUT /d1/734/AUTH_c4350a0f36e14eeeac2288b1d983fd51/gnocchi.6ca4e4be-d3e7-4bda-8fea-3b77e07b9278" 201 - "PUT http://172.18.0.2:8080/v1/AUTH_c4350a0f36e14eeeac2288b1d983fd51/gnocchi.6ca4e4be-d3e7-4bda-8fea-3b77e07b9278" "tx8b33a0fde9c447d390cbb-006a282496" "proxy-server 20" 0.0294 "-" 20 0
Jun 9 14:35:02 standalone proxy-server[129613]: 172.18.0.2 172.18.0.100 09/Jun/2026/14/35/02 PUT /v1/AUTH_c4350a0f36e14eeeac2288b1d983fd51/gnocchi.6ca4e4be-d3e7-4bda-8fea-3b77e07b9278 HTTP/1.0 201 - python-swiftclient-3.11.1 gAAAAABqKCQNltYa... - - - tx8b33a0fde9c447d390cbb-006a282496 - 0.0399 - - 1781015702.281182528 1781015702.321033716 0
Jun 9 14:35:02 standalone container-server[127407]: 172.20.0.100 - - [09/Jun/2026:14:35:02 +0000] "HEAD /d1/734/AUTH_c4350a0f36e14eeeac2288b1d983fd51/gnocchi.6ca4e4be-d3e7-4bda-8fea-3b77e07b9278" 204 - "HEAD http://172.18.0.2:8080/v1/AUTH_c4350a0f36e14eeeac2288b1d983fd51/gnocchi.6ca4e4be-d3e7-4bda-8fea-3b77e07b9278?format=json&states=listing" "tx134f27a6e1cf49c6a6d91-006a282496" "proxy-server 20" 0.0018 "-" 23 0
Jun 9 14:35:02 standalone proxy-server[129613]: - - 09/Jun/2026/14/35/02 HEAD /v1/AUTH_c4350a0f36e14eeeac2288b1d983fd51/gnocchi.6ca4e4be-d3e7-4bda-8fea-3b77e07b9278%3Fformat%3Djson%26states%3Dlisting HTTP/1.0 204 - Swift - - - - tx134f27a6e1cf49c6a6d91-006a282496 - 0.0119 RL - 1781015702.331063747 1781015702.343010902 0
Jun 9 14:35:02 standalone container-server[127395]: 172.20.0.100 - - [09/Jun/2026:14:35:02 +0000] "GET /d1/734/AUTH_c4350a0f36e14eeeac2288b1d983fd51/gnocchi.6ca4e4be-d3e7-4bda-8fea-3b77e07b9278" 200 2 "GET http://172.18.0.2:8080/v1/AUTH_c4350a0f36e14eeeac2288b1d983fd51/gnocchi.6ca4e4be-d3e7-4bda-8fea-3b77e07b9278?format=json&states=listing" "tx134f27a6e1cf49c6a6d91-006a282496" "proxy-server 20" 0.0053 "-" 22 0
Jun 9 14:35:02 standalone proxy-server[129613]: 172.18.0.2 172.18.0.100 09/Jun/2026/14/35/02 GET /v1/AUTH_c4350a0f36e14eeeac2288b1d983fd51/gnocchi.6ca4e4be-d3e7-4bda-8fea-3b77e07b9278%3Fformat%3Djson%26states%3Dlisting HTTP/1.0 200 - python-swiftclient-3.11.1 gAAAAABqKCQNltYa... - 2 - tx134f27a6e1cf49c6a6d91-006a282496 - 0.0351 - - 1781015702.326655149 1781015702.361772776 0
Jun 9 14:35:02 standalone object-server[127823]: 172.20.0.100 - - [09/Jun/2026:14:35:02 +0000] "GET /d1/781/AUTH_c4350a0f36e14eeeac2288b1d983fd51/gnocchi.6ca4e4be-d3e7-4bda-8fea-3b77e07b9278/1780920000.0_mean_300.0_v3" 404 70 "GET http://172.18.0.2:8080/v1/AUTH_c4350a0f36e14eeeac2288b1d983fd51/gnocchi.6ca4e4be-d3e7-4bda-8fea-3b77e07b9278/1780920000.0_mean_300.0_v3" "txf0b4d801a44a42a48ffe3-006a282496" "proxy-server 20" 0.0005 "-" 22 0
Jun 9 14:35:02 standalone proxy-server[129613]: 172.18.0.2 172.18.0.100 09/Jun/2026/14/35/02 GET /v1/AUTH_c4350a0f36e14eeeac2288b1d983fd51/gnocchi.6ca4e4be-d3e7-4bda-8fea-3b77e07b9278/1780920000.0_mean_300.0_v3 HTTP/1.0 404 - python-swiftclient-3.11.1 gAAAAABqKCQNltYa... - 70 - txf0b4d801a44a42a48ffe3-006a282496 - 0.0073 - - 1781015702.365547657 1781015702.372833729 0
Jun 9 14:35:02 standalone container-server[127407]: 172.20.0.100 - - [09/Jun/2026:14:35:02 +0000] "PUT /d1/734/AUTH_c4350a0f36e14eeeac2288b1d983fd51/gnocchi.6ca4e4be-d3e7-4bda-8fea-3b77e07b9278/1780920000.0_mean_300.0_v3" 201 - "PUT http://172.18.0.2:8080/d1/781/AUTH_c4350a0f36e14eeeac2288b1d983fd51/gnocchi.6ca4e4be-d3e7-4bda-8fea-3b77e07b9278/1780920000.0_mean_300.0_v3" "tx9a59868c2ff24e7886e34-006a282496" "object-server 22" 0.0012 "-" 23 0
Jun 9 14:35:02 standalone object-server[127823]: 172.20.0.100 - - [09/Jun/2026:14:35:02 +0000] "PUT /d1/781/AUTH_c4350a0f36e14eeeac2288b1d983fd51/gnocchi.6ca4e4be-d3e7-4bda-8fea-3b77e07b9278/1780920000.0_mean_300.0_v3" 201 - "PUT http://172.18.0.2:8080/v1/AUTH_c4350a0f36e14eeeac2288b1d983fd51/gnocchi.6ca4e4be-d3e7-4bda-8fea-3b77e07b9278/1780920000.0_mean_300.0_v3" "tx9a59868c2ff24e7886e34-006a282496" "proxy-server 20" 0.0109 "-" 22 0
Jun 9 14:35:02 standalone proxy-server[129613]: 172.18.0.2 172.18.0.100 09/Jun/2026/14/35/02 PUT /v1/AUTH_c4350a0f36e14eeeac2288b1d983fd51/gnocchi.6ca4e4be-d3e7-4bda-8fea-3b77e07b9278/1780920000.0_mean_300.0_v3 HTTP/1.0 201 - python-swiftclient-3.11.1 gAAAAABqKCQNltYa... 16 - - tx9a59868c2ff24e7886e34-006a282496 - 0.0170 - - 1781015702.375445604 1781015702.392397404 0
Jun 9 14:35:02 standalone container-server[127395]: 172.20.0.100 - - [09/Jun/2026:14:35:02 +0000] "PUT /d1/734/AUTH_c4350a0f36e14eeeac2288b1d983fd51/gnocchi.6ca4e4be-d3e7-4bda-8fea-3b77e07b9278/none_v3" 201 - "PUT http://172.18.0.2:8080/d1/507/AUTH_c4350a0f36e14eeeac2288b1d983fd51/gnocchi.6ca4e4be-d3e7-4bda-8fea-3b77e07b9278/none_v3" "tx9a981c46b1c045e9a3481-006a282496" "object-server 24" 0.0006 "-" 22 0
Jun 9 14:35:02 standalone object-server[127836]: 172.20.0.100 - - [09/Jun/2026:14:35:02 +0000] "PUT /d1/507/AUTH_c4350a0f36e14eeeac2288b1d983fd51/gnocchi.6ca4e4be-d3e7-4bda-8fea-3b77e07b9278/none_v3" 201 - "PUT http://172.18.0.2:8080/v1/AUTH_c4350a0f36e14eeeac2288b1d983fd51/gnocchi.6ca4e4be-d3e7-4bda-8fea-3b77e07b9278/none_v3" "tx9a981c46b1c045e9a3481-006a282496" "proxy-server 20" 0.0110 "-" 24 0
Jun 9 14:35:02 standalone proxy-server[129613]: 172.18.0.2 172.18.0.100 09/Jun/2026/14/35/02 PUT /v1/AUTH_c4350a0f36e14eeeac2288b1d983fd51/gnocchi.6ca4e4be-d3e7-4bda-8fea-3b77e07b9278/none_v3 HTTP/1.0 201 - python-swiftclient-3.11.1 gAAAAABqKCQNltYa... 22 - - tx9a981c46b1c045e9a3481-006a282496 - 0.0178 - - 1781015702.394616365 1781015702.412403822 0
Jun 9 14:35:02 standalone container-server[127383]: 172.20.0.100 - - [09/Jun/2026:14:35:02 +0000] "HEAD /d1/934/AUTH_c4350a0f36e14eeeac2288b1d983fd51/gnocchi.548f7415-aad1-4f97-9371-1b73360eb2ea" 404 - "HEAD http://172.18.0.2:8080/v1/AUTH_c4350a0f36e14eeeac2288b1d983fd51/gnocchi.548f7415-aad1-4f97-9371-1b73360eb2ea?format=json&states=listing" "tx4281ef497c474c9a9c3b8-006a282496" "proxy-server 20" 0.0007 "-" 20 0
Jun 9 14:35:02 standalone object-server[127828]: 172.20.0.100 - - [09/Jun/2026:14:35:02 +0000] "GET /d1/945/AUTH_c4350a0f36e14eeeac2288b1d983fd51/gnocchi.548f7415-aad1-4f97-9371-1b73360eb2ea/none_v3" 404 70 "GET http://172.18.0.2:8080/v1/AUTH_c4350a0f36e14eeeac2288b1d983fd51/gnocchi.548f7415-aad1-4f97-9371-1b73360eb2ea/none_v3" "tx4281ef497c474c9a9c3b8-006a282496" "proxy-server 20" 0.0006 "-" 23 0
Jun 9 14:35:02 standalone proxy-server[129613]: 172.18.0.2 172.18.0.100 09/Jun/2026/14/35/02 GET /v1/AUTH_c4350a0f36e14eeeac2288b1d983fd51/gnocchi.548f7415-aad1-4f97-9371-1b73360eb2ea/none_v3 HTTP/1.0 404 - python-swiftclient-3.11.1 gAAAAABqKCQNltYa... - 70 - tx4281ef497c474c9a9c3b8-006a282496 - 0.0130 - - 1781015702.419425726 1781015702.432471037 0
Jun 9 14:35:02 standalone account-server[127281]: 172.20.0.100 - - [09/Jun/2026:14:35:02 +0000] "PUT /d1/315/AUTH_c4350a0f36e14eeeac2288b1d983fd51/gnocchi.548f7415-aad1-4f97-9371-1b73360eb2ea" 201 - "PUT http://172.20.0.100:6001/d1/934/AUTH_c4350a0f36e14eeeac2288b1d983fd51/gnocchi.548f7415-aad1-4f97-9371-1b73360eb2ea" "tx215d20a247d74991a01f9-006a282496" "container-server 20" 0.0067 "-" 14 0
Jun 9 14:35:02 standalone container-server[127383]: 172.20.0.100 - - [09/Jun/2026:14:35:02 +0000] "PUT /d1/934/AUTH_c4350a0f36e14eeeac2288b1d983fd51/gnocchi.548f7415-aad1-4f97-9371-1b73360eb2ea" 201 - "PUT http://172.18.0.2:8080/v1/AUTH_c4350a0f36e14eeeac2288b1d983fd51/gnocchi.548f7415-aad1-4f97-9371-1b73360eb2ea" "tx215d20a247d74991a01f9-006a282496" "proxy-server 20" 0.0233 "-" 20 0
Jun 9 14:35:02 standalone proxy-server[129613]: 172.18.0.2 172.18.0.100 09/Jun/2026/14/35/02 PUT /v1/AUTH_c4350a0f36e14eeeac2288b1d983fd51/gnocchi.548f7415-aad1-4f97-9371-1b73360eb2ea HTTP/1.0 201 - python-swiftclient-3.11.1 gAAAAABqKCQNltYa... - - - tx215d20a247d74991a01f9-006a282496 - 0.0304 - - 1781015702.434733629 1781015702.465152979 0
Jun 9 14:35:02 standalone container-server[127386]: 172.20.0.100 - - [09/Jun/2026:14:35:02 +0000] "HEAD /d1/934/AUTH_c4350a0f36e14eeeac2288b1d983fd51/gnocchi.548f7415-aad1-4f97-9371-1b73360eb2ea" 204 - "HEAD http://172.18.0.2:8080/v1/AUTH_c4350a0f36e14eeeac2288b1d983fd51/gnocchi.548f7415-aad1-4f97-9371-1b73360eb2ea?format=json&states=listing" "txc765477049434ffdbd7f2-006a282496" "proxy-server 20" 0.0021 "-" 21 0
Jun 9 14:35:02 standalone proxy-server[129613]: - - 09/Jun/2026/14/35/02 HEAD /v1/AUTH_c4350a0f36e14eeeac2288b1d983fd51/gnocchi.548f7415-aad1-4f97-9371-1b73360eb2ea%3Fformat%3Djson%26states%3Dlisting HTTP/1.0 204 - Swift - - - - txc765477049434ffdbd7f2-006a282496 - 0.0094 RL - 1781015702.469891310 1781015702.479290724 0
Jun 9 14:35:02 standalone container-server[127383]: 172.20.0.100 - - [09/Jun/2026:14:35:02 +0000] "GET /d1/934/AUTH_c4350a0f36e14eeeac2288b1d983fd51/gnocchi.548f7415-aad1-4f97-9371-1b73360eb2ea" 200 2 "GET http://172.18.0.2:8080/v1/AUTH_c4350a0f36e14eeeac2288b1d983fd51/gnocchi.548f7415-aad1-4f97-9371-1b73360eb2ea?format=json&states=listing" "txc765477049434ffdbd7f2-006a282496" "proxy-server 20" 0.0061 "-" 20 0
Jun 9 14:35:02 standalone proxy-server[129613]: 172.18.0.2 172.18.0.100 09/Jun/2026/14/35/02 GET /v1/AUTH_c4350a0f36e14eeeac2288b1d983fd51/gnocchi.548f7415-aad1-4f97-9371-1b73360eb2ea%3Fformat%3Djson%26states%3Dlisting HTTP/1.0 200 - python-swiftclient-3.11.1 gAAAAABqKCQNltYa... - 2 - txc765477049434ffdbd7f2-006a282496 - 0.0373 - - 1781015702.468258619 1781015702.505591393 0
Jun 9 14:35:02 standalone object-server[127828]: 172.20.0.100 - - [09/Jun/2026:14:35:02 +0000] "GET /d1/978/AUTH_c4350a0f36e14eeeac2288b1d983fd51/gnocchi.548f7415-aad1-4f97-9371-1b73360eb2ea/1780920000.0_mean_300.0_v3" 404 70 "GET http://172.18.0.2:8080/v1/AUTH_c4350a0f36e14eeeac2288b1d983fd51/gnocchi.548f7415-aad1-4f97-9371-1b73360eb2ea/1780920000.0_mean_300.0_v3" "txcce65e0a243f424f82826-006a282496" "proxy-server 20" 0.0008 "-" 23 0
Jun 9 14:35:02 standalone proxy-server[129613]: 172.18.0.2 172.18.0.100 09/Jun/2026/14/35/02 GET /v1/AUTH_c4350a0f36e14eeeac2288b1d983fd51/gnocchi.548f7415-aad1-4f97-9371-1b73360eb2ea/1780920000.0_mean_300.0_v3 HTTP/1.0 404 - python-swiftclient-3.11.1 gAAAAABqKCQNltYa... - 70 - txcce65e0a243f424f82826-006a282496 - 0.0078 - - 1781015702.510142326 1781015702.517941236 0
Jun 9 14:35:02 standalone container-server[127407]: 172.20.0.100 - - [09/Jun/2026:14:35:02 +0000] "PUT /d1/934/AUTH_c4350a0f36e14eeeac2288b1d983fd51/gnocchi.548f7415-aad1-4f97-9371-1b73360eb2ea/1780920000.0_mean_300.0_v3" 201 - "PUT http://172.18.0.2:8080/d1/978/AUTH_c4350a0f36e14eeeac2288b1d983fd51/gnocchi.548f7415-aad1-4f97-9371-1b73360eb2ea/1780920000.0_mean_300.0_v3" "tx9ed1e879969c4a078ef70-006a282496" "object-server 22" 0.0008 "-" 23 0
Jun 9 14:35:02 standalone object-server[127823]: 172.20.0.100 - - [09/Jun/2026:14:35:02 +0000] "PUT /d1/978/AUTH_c4350a0f36e14eeeac2288b1d983fd51/gnocchi.548f7415-aad1-4f97-9371-1b73360eb2ea/1780920000.0_mean_300.0_v3" 201 - "PUT http://172.18.0.2:8080/v1/AUTH_c4350a0f36e14eeeac2288b1d983fd51/gnocchi.548f7415-aad1-4f97-9371-1b73360eb2ea/1780920000.0_mean_300.0_v3" "tx9ed1e879969c4a078ef70-006a282496" "proxy-server 20" 0.0105 "-" 22 0
Jun 9 14:35:02 standalone proxy-server[129613]: 172.18.0.2 172.18.0.100 09/Jun/2026/14/35/02 PUT /v1/AUTH_c4350a0f36e14eeeac2288b1d983fd51/gnocchi.548f7415-aad1-4f97-9371-1b73360eb2ea/1780920000.0_mean_300.0_v3 HTTP/1.0 201 - python-swiftclient-3.11.1 gAAAAABqKCQNltYa... 16 - - tx9ed1e879969c4a078ef70-006a282496 - 0.0191 - - 1781015702.520222187 1781015702.539369106 0
Jun 9 14:35:02 standalone container-server[127383]: 172.20.0.100 - - [09/Jun/2026:14:35:02 +0000] "PUT /d1/934/AUTH_c4350a0f36e14eeeac2288b1d983fd51/gnocchi.548f7415-aad1-4f97-9371-1b73360eb2ea/none_v3" 201 - "PUT http://172.18.0.2:8080/d1/945/AUTH_c4350a0f36e14eeeac2288b1d983fd51/gnocchi.548f7415-aad1-4f97-9371-1b73360eb2ea/none_v3" "tx0aec90af797b4c749b06b-006a282496" "object-server 25" 0.0011 "-" 20 0
