Jun 9 14:35:02 standalone object-server[127843]: 172.20.0.100 - - [09/Jun/2026:14:35:02 +0000] "PUT /d1/945/AUTH_c4350a0f36e14eeeac2288b1d983fd51/gnocchi.548f7415-aad1-4f97-9371-1b73360eb2ea/none_v3" 201 - "PUT http://172.18.0.2:8080/v1/AUTH_c4350a0f36e14eeeac2288b1d983fd51/gnocchi.548f7415-aad1-4f97-9371-1b73360eb2ea/none_v3" "tx0aec90af797b4c749b06b-006a282496" "proxy-server 20" 0.0101 "-" 25 0
Jun 9 14:35:02 standalone proxy-server[129613]: 172.18.0.2 172.18.0.100 09/Jun/2026/14/35/02 PUT /v1/AUTH_c4350a0f36e14eeeac2288b1d983fd51/gnocchi.548f7415-aad1-4f97-9371-1b73360eb2ea/none_v3 HTTP/1.0 201 - python-swiftclient-3.11.1 gAAAAABqKCQNltYa... 22 - - tx0aec90af797b4c749b06b-006a282496 - 0.0179 - - 1781015702.542449713 1781015702.560316563 0
Jun 9 14:35:02 standalone container-server[127386]: 172.20.0.100 - - [09/Jun/2026:14:35:02 +0000] "HEAD /d1/537/AUTH_c4350a0f36e14eeeac2288b1d983fd51/gnocchi.7e0a0e79-9752-4370-96ff-9760db3f0a2c" 404 - "HEAD http://172.18.0.2:8080/v1/AUTH_c4350a0f36e14eeeac2288b1d983fd51/gnocchi.7e0a0e79-9752-4370-96ff-9760db3f0a2c?format=json&states=listing" "txf8125935edfb465e8c4c8-006a282496" "proxy-server 20" 0.0007 "-" 21 0
Jun 9 14:35:02 standalone object-server[127823]: 172.20.0.100 - - [09/Jun/2026:14:35:02 +0000] "GET /d1/865/AUTH_c4350a0f36e14eeeac2288b1d983fd51/gnocchi.7e0a0e79-9752-4370-96ff-9760db3f0a2c/none_v3" 404 70 "GET http://172.18.0.2:8080/v1/AUTH_c4350a0f36e14eeeac2288b1d983fd51/gnocchi.7e0a0e79-9752-4370-96ff-9760db3f0a2c/none_v3" "txf8125935edfb465e8c4c8-006a282496" "proxy-server 20" 0.0004 "-" 22 0
Jun 9 14:35:02 standalone proxy-server[129613]: 172.18.0.2 172.18.0.100 09/Jun/2026/14/35/02 GET /v1/AUTH_c4350a0f36e14eeeac2288b1d983fd51/gnocchi.7e0a0e79-9752-4370-96ff-9760db3f0a2c/none_v3 HTTP/1.0 404 - python-swiftclient-3.11.1 gAAAAABqKCQNltYa... - 70 - txf8125935edfb465e8c4c8-006a282496 - 0.0372 - - 1781015702.569608450 1781015702.606786251 0
Jun 9 14:35:02 standalone account-server[127289]: 172.20.0.100 - - [09/Jun/2026:14:35:02 +0000] "PUT /d1/315/AUTH_c4350a0f36e14eeeac2288b1d983fd51/gnocchi.7e0a0e79-9752-4370-96ff-9760db3f0a2c" 201 - "PUT http://172.20.0.100:6001/d1/537/AUTH_c4350a0f36e14eeeac2288b1d983fd51/gnocchi.7e0a0e79-9752-4370-96ff-9760db3f0a2c" "txe1c7b7bb090944829b2ad-006a282496" "container-server 23" 0.0067 "-" 16 0
Jun 9 14:35:02 standalone container-server[127407]: 172.20.0.100 - - [09/Jun/2026:14:35:02 +0000] "PUT /d1/537/AUTH_c4350a0f36e14eeeac2288b1d983fd51/gnocchi.7e0a0e79-9752-4370-96ff-9760db3f0a2c" 201 - "PUT http://172.18.0.2:8080/v1/AUTH_c4350a0f36e14eeeac2288b1d983fd51/gnocchi.7e0a0e79-9752-4370-96ff-9760db3f0a2c" "txe1c7b7bb090944829b2ad-006a282496" "proxy-server 20" 0.0230 "-" 23 0
Jun 9 14:35:02 standalone proxy-server[129613]: 172.18.0.2 172.18.0.100 09/Jun/2026/14/35/02 PUT /v1/AUTH_c4350a0f36e14eeeac2288b1d983fd51/gnocchi.7e0a0e79-9752-4370-96ff-9760db3f0a2c HTTP/1.0 201 - python-swiftclient-3.11.1 gAAAAABqKCQNltYa... - - - txe1c7b7bb090944829b2ad-006a282496 - 0.0449 - - 1781015702.608768702 1781015702.653648376 0
Jun 9 14:35:02 standalone container-server[127407]: 172.20.0.100 - - [09/Jun/2026:14:35:02 +0000] "HEAD /d1/537/AUTH_c4350a0f36e14eeeac2288b1d983fd51/gnocchi.7e0a0e79-9752-4370-96ff-9760db3f0a2c" 204 - "HEAD http://172.18.0.2:8080/v1/AUTH_c4350a0f36e14eeeac2288b1d983fd51/gnocchi.7e0a0e79-9752-4370-96ff-9760db3f0a2c?format=json&states=listing" "tx2b00972db98948fd80e31-006a282496" "proxy-server 20" 0.0014 "-" 23 0
Jun 9 14:35:02 standalone proxy-server[129613]: - - 09/Jun/2026/14/35/02 HEAD /v1/AUTH_c4350a0f36e14eeeac2288b1d983fd51/gnocchi.7e0a0e79-9752-4370-96ff-9760db3f0a2c%3Fformat%3Djson%26states%3Dlisting HTTP/1.0 204 - Swift - - - - tx2b00972db98948fd80e31-006a282496 - 0.0051 RL - 1781015702.658437729 1781015702.663497686 0
Jun 9 14:35:02 standalone container-server[127407]: 172.20.0.100 - - [09/Jun/2026:14:35:02 +0000] "GET /d1/537/AUTH_c4350a0f36e14eeeac2288b1d983fd51/gnocchi.7e0a0e79-9752-4370-96ff-9760db3f0a2c" 200 2 "GET http://172.18.0.2:8080/v1/AUTH_c4350a0f36e14eeeac2288b1d983fd51/gnocchi.7e0a0e79-9752-4370-96ff-9760db3f0a2c?format=json&states=listing" "tx2b00972db98948fd80e31-006a282496" "proxy-server 20" 0.0024 "-" 23 0
Jun 9 14:35:02 standalone proxy-server[129613]: 172.18.0.2 172.18.0.100 09/Jun/2026/14/35/02 GET /v1/AUTH_c4350a0f36e14eeeac2288b1d983fd51/gnocchi.7e0a0e79-9752-4370-96ff-9760db3f0a2c%3Fformat%3Djson%26states%3Dlisting HTTP/1.0 200 - python-swiftclient-3.11.1 gAAAAABqKCQNltYa... - 2 - tx2b00972db98948fd80e31-006a282496 - 0.0173 - - 1781015702.656574249 1781015702.673835516 0
Jun 9 14:35:02 standalone object-server[127843]: 172.20.0.100 - - [09/Jun/2026:14:35:02 +0000] "GET /d1/1022/AUTH_c4350a0f36e14eeeac2288b1d983fd51/gnocchi.7e0a0e79-9752-4370-96ff-9760db3f0a2c/1780920000.0_mean_300.0_v3" 404 70 "GET http://172.18.0.2:8080/v1/AUTH_c4350a0f36e14eeeac2288b1d983fd51/gnocchi.7e0a0e79-9752-4370-96ff-9760db3f0a2c/1780920000.0_mean_300.0_v3" "txe1b5f1812b5b4f8fb67db-006a282496" "proxy-server 20" 0.0007 "-" 25 0
Jun 9 14:35:02 standalone proxy-server[129613]: 172.18.0.2 172.18.0.100 09/Jun/2026/14/35/02 GET /v1/AUTH_c4350a0f36e14eeeac2288b1d983fd51/gnocchi.7e0a0e79-9752-4370-96ff-9760db3f0a2c/1780920000.0_mean_300.0_v3 HTTP/1.0 404 - python-swiftclient-3.11.1 gAAAAABqKCQNltYa... - 70 - txe1b5f1812b5b4f8fb67db-006a282496 - 0.0098 - - 1781015702.678163767 1781015702.687947989 0
Jun 9 14:35:02 standalone container-server[127407]: 172.20.0.100 - - [09/Jun/2026:14:35:02 +0000] "PUT /d1/537/AUTH_c4350a0f36e14eeeac2288b1d983fd51/gnocchi.7e0a0e79-9752-4370-96ff-9760db3f0a2c/1780920000.0_mean_300.0_v3" 201 - "PUT http://172.18.0.2:8080/d1/1022/AUTH_c4350a0f36e14eeeac2288b1d983fd51/gnocchi.7e0a0e79-9752-4370-96ff-9760db3f0a2c/1780920000.0_mean_300.0_v3" "tx7ce4de7569e14fb69c5f1-006a282496" "object-server 25" 0.0008 "-" 23 0
Jun 9 14:35:02 standalone object-server[127843]: 172.20.0.100 - - [09/Jun/2026:14:35:02 +0000] "PUT /d1/1022/AUTH_c4350a0f36e14eeeac2288b1d983fd51/gnocchi.7e0a0e79-9752-4370-96ff-9760db3f0a2c/1780920000.0_mean_300.0_v3" 201 - "PUT http://172.18.0.2:8080/v1/AUTH_c4350a0f36e14eeeac2288b1d983fd51/gnocchi.7e0a0e79-9752-4370-96ff-9760db3f0a2c/1780920000.0_mean_300.0_v3" "tx7ce4de7569e14fb69c5f1-006a282496" "proxy-server 20" 0.0179 "-" 25 0
Jun 9 14:35:02 standalone proxy-server[129613]: 172.18.0.2 172.18.0.100 09/Jun/2026/14/35/02 PUT /v1/AUTH_c4350a0f36e14eeeac2288b1d983fd51/gnocchi.7e0a0e79-9752-4370-96ff-9760db3f0a2c/1780920000.0_mean_300.0_v3 HTTP/1.0 201 - python-swiftclient-3.11.1 gAAAAABqKCQNltYa... 16 - - tx7ce4de7569e14fb69c5f1-006a282496 - 0.0276 - - 1781015702.693736792 1781015702.721366644 0
Jun 9 14:35:02 standalone container-server[127407]: 172.20.0.100 - - [09/Jun/2026:14:35:02 +0000] "PUT /d1/537/AUTH_c4350a0f36e14eeeac2288b1d983fd51/gnocchi.7e0a0e79-9752-4370-96ff-9760db3f0a2c/none_v3" 201 - "PUT http://172.18.0.2:8080/d1/865/AUTH_c4350a0f36e14eeeac2288b1d983fd51/gnocchi.7e0a0e79-9752-4370-96ff-9760db3f0a2c/none_v3" "tx7386c0fbfec74092990c4-006a282496" "object-server 22" 0.0009 "-" 23 0
Jun 9 14:35:02 standalone object-server[127823]: 172.20.0.100 - - [09/Jun/2026:14:35:02 +0000] "PUT /d1/865/AUTH_c4350a0f36e14eeeac2288b1d983fd51/gnocchi.7e0a0e79-9752-4370-96ff-9760db3f0a2c/none_v3" 201 - "PUT http://172.18.0.2:8080/v1/AUTH_c4350a0f36e14eeeac2288b1d983fd51/gnocchi.7e0a0e79-9752-4370-96ff-9760db3f0a2c/none_v3" "tx7386c0fbfec74092990c4-006a282496" "proxy-server 20" 0.0136 "-" 22 0
Jun 9 14:35:02 standalone proxy-server[129613]: 172.18.0.2 172.18.0.100 09/Jun/2026/14/35/02 PUT /v1/AUTH_c4350a0f36e14eeeac2288b1d983fd51/gnocchi.7e0a0e79-9752-4370-96ff-9760db3f0a2c/none_v3 HTTP/1.0 201 - python-swiftclient-3.11.1 gAAAAABqKCQNltYa... 22 - - tx7386c0fbfec74092990c4-006a282496 - 0.0222 - - 1781015702.726881266 1781015702.749073267 0
Jun 9 14:35:02 standalone container-server[127395]: 172.20.0.100 - - [09/Jun/2026:14:35:02 +0000] "HEAD /d1/560/AUTH_c4350a0f36e14eeeac2288b1d983fd51/gnocchi.243d950f-4d44-4148-b3cb-ce5f56a61d81" 404 - "HEAD http://172.18.0.2:8080/v1/AUTH_c4350a0f36e14eeeac2288b1d983fd51/gnocchi.243d950f-4d44-4148-b3cb-ce5f56a61d81?format=json&states=listing" "tx234d497a4d224a05a7b90-006a282496" "proxy-server 20" 0.0006 "-" 22 0
Jun 9 14:35:02 standalone object-server[127836]: 172.20.0.100 - - [09/Jun/2026:14:35:02 +0000] "GET /d1/230/AUTH_c4350a0f36e14eeeac2288b1d983fd51/gnocchi.243d950f-4d44-4148-b3cb-ce5f56a61d81/none_v3" 404 70 "GET http://172.18.0.2:8080/v1/AUTH_c4350a0f36e14eeeac2288b1d983fd51/gnocchi.243d950f-4d44-4148-b3cb-ce5f56a61d81/none_v3" "tx234d497a4d224a05a7b90-006a282496" "proxy-server 20" 0.0005 "-" 24 0
Jun 9 14:35:02 standalone proxy-server[129613]: 172.18.0.2 172.18.0.100 09/Jun/2026/14/35/02 GET /v1/AUTH_c4350a0f36e14eeeac2288b1d983fd51/gnocchi.243d950f-4d44-4148-b3cb-ce5f56a61d81/none_v3 HTTP/1.0 404 - python-swiftclient-3.11.1 gAAAAABqKCQNltYa... - 70 - tx234d497a4d224a05a7b90-006a282496 - 0.0147 - - 1781015702.765017271 1781015702.779669762 0
Jun 9 14:35:02 standalone account-server[127283]: 172.20.0.100 - - [09/Jun/2026:14:35:02 +0000] "PUT /d1/315/AUTH_c4350a0f36e14eeeac2288b1d983fd51/gnocchi.243d950f-4d44-4148-b3cb-ce5f56a61d81" 201 - "PUT http://172.20.0.100:6001/d1/560/AUTH_c4350a0f36e14eeeac2288b1d983fd51/gnocchi.243d950f-4d44-4148-b3cb-ce5f56a61d81" "txf58d311021334c019bd53-006a282496" "container-server 20" 0.0067 "-" 15 0
Jun 9 14:35:02 standalone container-server[127383]: 172.20.0.100 - - [09/Jun/2026:14:35:02 +0000] "PUT /d1/560/AUTH_c4350a0f36e14eeeac2288b1d983fd51/gnocchi.243d950f-4d44-4148-b3cb-ce5f56a61d81" 201 - "PUT http://172.18.0.2:8080/v1/AUTH_c4350a0f36e14eeeac2288b1d983fd51/gnocchi.243d950f-4d44-4148-b3cb-ce5f56a61d81" "txf58d311021334c019bd53-006a282496" "proxy-server 20" 0.0267 "-" 20 0
Jun 9 14:35:02 standalone proxy-server[129613]: 172.18.0.2 172.18.0.100 09/Jun/2026/14/35/02 PUT /v1/AUTH_c4350a0f36e14eeeac2288b1d983fd51/gnocchi.243d950f-4d44-4148-b3cb-ce5f56a61d81 HTTP/1.0 201 - python-swiftclient-3.11.1 gAAAAABqKCQNltYa... - - - txf58d311021334c019bd53-006a282496 - 0.0352 - - 1781015702.784605503 1781015702.819757938 0
Jun 9 14:35:02 standalone container-server[127386]: 172.20.0.100 - - [09/Jun/2026:14:35:02 +0000] "HEAD /d1/560/AUTH_c4350a0f36e14eeeac2288b1d983fd51/gnocchi.243d950f-4d44-4148-b3cb-ce5f56a61d81" 204 - "HEAD http://172.18.0.2:8080/v1/AUTH_c4350a0f36e14eeeac2288b1d983fd51/gnocchi.243d950f-4d44-4148-b3cb-ce5f56a61d81?format=json&states=listing" "txe016d130944446b3841b2-006a282496" "proxy-server 20" 0.0024 "-" 21 0
Jun 9 14:35:02 standalone proxy-server[129613]: - - 09/Jun/2026/14/35/02 HEAD /v1/AUTH_c4350a0f36e14eeeac2288b1d983fd51/gnocchi.243d950f-4d44-4148-b3cb-ce5f56a61d81%3Fformat%3Djson%26states%3Dlisting HTTP/1.0 204 - Swift - - - - txe016d130944446b3841b2-006a282496 - 0.0072 RL - 1781015702.827730417 1781015702.834914207 0
Jun 9 14:35:02 standalone container-server[127395]: 172.20.0.100 - - [09/Jun/2026:14:35:02 +0000] "GET /d1/560/AUTH_c4350a0f36e14eeeac2288b1d983fd51/gnocchi.243d950f-4d44-4148-b3cb-ce5f56a61d81" 200 2 "GET http://172.18.0.2:8080/v1/AUTH_c4350a0f36e14eeeac2288b1d983fd51/gnocchi.243d950f-4d44-4148-b3cb-ce5f56a61d81?format=json&states=listing" "txe016d130944446b3841b2-006a282496" "proxy-server 20" 0.0024 "-" 22 0
Jun 9 14:35:02 standalone proxy-server[129613]: 172.18.0.2 172.18.0.100 09/Jun/2026/14/35/02 GET /v1/AUTH_c4350a0f36e14eeeac2288b1d983fd51/gnocchi.243d950f-4d44-4148-b3cb-ce5f56a61d81%3Fformat%3Djson%26states%3Dlisting HTTP/1.0 200 - python-swiftclient-3.11.1 gAAAAABqKCQNltYa... - 2 - txe016d130944446b3841b2-006a282496 - 0.0213 - - 1781015702.825397968 1781015702.846674442 0
Jun 9 14:35:02 standalone object-server[127843]: 172.20.0.100 - - [09/Jun/2026:14:35:02 +0000] "GET /d1/250/AUTH_c4350a0f36e14eeeac2288b1d983fd51/gnocchi.243d950f-4d44-4148-b3cb-ce5f56a61d81/1780920000.0_mean_300.0_v3" 404 70 "GET http://172.18.0.2:8080/v1/AUTH_c4350a0f36e14eeeac2288b1d983fd51/gnocchi.243d950f-4d44-4148-b3cb-ce5f56a61d81/1780920000.0_mean_300.0_v3" "tx03cfe190c619414c81a26-006a282496" "proxy-server 20" 0.0005 "-" 25 0
Jun 9 14:35:02 standalone proxy-server[129613]: 172.18.0.2 172.18.0.100 09/Jun/2026/14/35/02 GET /v1/AUTH_c4350a0f36e14eeeac2288b1d983fd51/gnocchi.243d950f-4d44-4148-b3cb-ce5f56a61d81/1780920000.0_mean_300.0_v3 HTTP/1.0 404 - python-swiftclient-3.11.1 gAAAAABqKCQNltYa... - 70 - tx03cfe190c619414c81a26-006a282496 - 0.0085 - - 1781015702.851644993 1781015702.860188246 0
Jun 9 14:35:02 standalone container-server[127407]: 172.20.0.100 - - [09/Jun/2026:14:35:02 +0000] "PUT /d1/560/AUTH_c4350a0f36e14eeeac2288b1d983fd51/gnocchi.243d950f-4d44-4148-b3cb-ce5f56a61d81/1780920000.0_mean_300.0_v3" 201 - "PUT http://172.18.0.2:8080/d1/250/AUTH_c4350a0f36e14eeeac2288b1d983fd51/gnocchi.243d950f-4d44-4148-b3cb-ce5f56a61d81/1780920000.0_mean_300.0_v3" "tx9954481e503c403084229-006a282496" "object-server 25" 0.0012 "-" 23 0
Jun 9 14:35:02 standalone object-server[127843]: 172.20.0.100 - - [09/Jun/2026:14:35:02 +0000] "PUT /d1/250/AUTH_c4350a0f36e14eeeac2288b1d983fd51/gnocchi.243d950f-4d44-4148-b3cb-ce5f56a61d81/1780920000.0_mean_300.0_v3" 201 - "PUT http://172.18.0.2:8080/v1/AUTH_c4350a0f36e14eeeac2288b1d983fd51/gnocchi.243d950f-4d44-4148-b3cb-ce5f56a61d81/1780920000.0_mean_300.0_v3" "tx9954481e503c403084229-006a282496" "proxy-server 20" 0.0138 "-" 25 0
Jun 9 14:35:02 standalone proxy-server[129613]: 172.18.0.2 172.18.0.100 09/Jun/2026/14/35/02 PUT /v1/AUTH_c4350a0f36e14eeeac2288b1d983fd51/gnocchi.243d950f-4d44-4148-b3cb-ce5f56a61d81/1780920000.0_mean_300.0_v3 HTTP/1.0 201 - python-swiftclient-3.11.1 gAAAAABqKCQNltYa... 16 - - tx9954481e503c403084229-006a282496 - 0.0206 - - 1781015702.865123749 1781015702.885727882 0
Jun 9 14:35:02 standalone container-server[127386]: 172.20.0.100 - - [09/Jun/2026:14:35:02 +0000] "PUT /d1/560/AUTH_c4350a0f36e14eeeac2288b1d983fd51/gnocchi.243d950f-4d44-4148-b3cb-ce5f56a61d81/none_v3" 201 - "PUT http://172.18.0.2:8080/d1/230/AUTH_c4350a0f36e14eeeac2288b1d983fd51/gnocchi.243d950f-4d44-4148-b3cb-ce5f56a61d81/none_v3" "tx00b54369c09f4fc798162-006a282496" "object-server 24" 0.0007 "-" 21 0
Jun 9 14:35:02 standalone object-server[127836]: 172.20.0.100 - - [09/Jun/2026:14:35:02 +0000] "PUT /d1/230/AUTH_c4350a0f36e14eeeac2288b1d983fd51/gnocchi.243d950f-4d44-4148-b3cb-ce5f56a61d81/none_v3" 201 - "PUT http://172.18.0.2:8080/v1/AUTH_c4350a0f36e14eeeac2288b1d983fd51/gnocchi.243d950f-4d44-4148-b3cb-ce5f56a61d81/none_v3" "tx00b54369c09f4fc798162-006a282496" "proxy-server 20" 0.0116 "-" 24 0
Jun 9 14:35:02 standalone proxy-server[129613]: 172.18.0.2 172.18.0.100 09/Jun/2026/14/35/02 PUT /v1/AUTH_c4350a0f36e14eeeac2288b1d983fd51/gnocchi.243d950f-4d44-4148-b3cb-ce5f56a61d81/none_v3 HTTP/1.0 201 - python-swiftclient-3.11.1 gAAAAABqKCQNltYa... 22 - - tx00b54369c09f4fc798162-006a282496 - 0.0196 - - 1781015702.891027212 1781015702.910670280 0
Jun 9 14:35:08 standalone container-server[127407]: 172.20.0.100 - - [09/Jun/2026:14:35:08 +0000] "HEAD /d1/216/AUTH_c4350a0f36e14eeeac2288b1d983fd51/gnocchi.61eb7825-4053-42a1-82f7-372c25cbc025" 404 - "HEAD http://172.18.0.2:8080/v1/AUTH_c4350a0f36e14eeeac2288b1d983fd51/gnocchi.61eb7825-4053-42a1-82f7-372c25cbc025?format=json&states=listing" "txaa3b76400b1c488e95538-006a28249c" "proxy-server 20" 0.0005 "-" 23 0
Jun 9 14:35:08 standalone object-server[127843]: 172.20.0.100 - - [09/Jun/2026:14:35:08 +0000] "GET /d1/454/AUTH_c4350a0f36e14eeeac2288b1d983fd51/gnocchi.61eb7825-4053-42a1-82f7-372c25cbc025/none_v3" 404 70 "GET http://172.18.0.2:8080/v1/AUTH_c4350a0f36e14eeeac2288b1d983fd51/gnocchi.61eb7825-4053-42a1-82f7-372c25cbc025/none_v3" "txaa3b76400b1c488e95538-006a28249c" "proxy-server 20" 0.0004 "-" 25 0
Jun 9 14:35:08 standalone proxy-server[129613]: 172.18.0.2 172.18.0.100 09/Jun/2026/14/35/08 GET /v1/AUTH_c4350a0f36e14eeeac2288b1d983fd51/gnocchi.61eb7825-4053-42a1-82f7-372c25cbc025/none_v3 HTTP/1.0 404 - python-swiftclient-3.11.1 gAAAAABqKCQNltYa... - 70 - txaa3b76400b1c488e95538-006a28249c - 0.0142 - - 1781015708.229235411 1781015708.243430614 0
Jun 9 14:35:08 standalone account-server[127305]: 172.20.0.100 - - [09/Jun/2026:14:35:08 +0000] "PUT /d1/315/AUTH_c4350a0f36e14eeeac2288b1d983fd51/gnocchi.61eb7825-4053-42a1-82f7-372c25cbc025" 201 - "PUT http://172.20.0.100:6001/d1/216/AUTH_c4350a0f36e14eeeac2288b1d983fd51/gnocchi.61eb7825-4053-42a1-82f7-372c25cbc025" "tx28fd5f355c174971a8f0e-006a28249c" "container-server 22" 0.0048 "-" 17 0
Jun 9 14:35:08 standalone container-server[127395]: 172.20.0.100 - - [09/Jun/2026:14:35:08 +0000] "PUT /d1/216/AUTH_c4350a0f36e14eeeac2288b1d983fd51/gnocchi.61eb7825-4053-42a1-82f7-372c25cbc025" 201 - "PUT http://172.18.0.2:8080/v1/AUTH_c4350a0f36e14eeeac2288b1d983fd51/gnocchi.61eb7825-4053-42a1-82f7-372c25cbc025" "tx28fd5f355c174971a8f0e-006a28249c" "proxy-server 20" 0.0147 "-" 22 0
Jun 9 14:35:08 standalone proxy-server[129613]: 172.18.0.2 172.18.0.100 09/Jun/2026/14/35/08 PUT /v1/AUTH_c4350a0f36e14eeeac2288b1d983fd51/gnocchi.61eb7825-4053-42a1-82f7-372c25cbc025 HTTP/1.0 201 - python-swiftclient-3.11.1 gAAAAABqKCQNltYa... - - - tx28fd5f355c174971a8f0e-006a28249c - 0.0193 - - 1781015708.246492386 1781015708.265801430 0
Jun 9 14:35:08 standalone container-server[127395]: 172.20.0.100 - - [09/Jun/2026:14:35:08 +0000] "HEAD /d1/216/AUTH_c4350a0f36e14eeeac2288b1d983fd51/gnocchi.61eb7825-4053-42a1-82f7-372c25cbc025" 204 - "HEAD http://172.18.0.2:8080/v1/AUTH_c4350a0f36e14eeeac2288b1d983fd51/gnocchi.61eb7825-4053-42a1-82f7-372c25cbc025?format=json&states=listing" "tx8e0308b28e0d427b8c823-006a28249c" "proxy-server 20" 0.0012 "-" 22 0
Jun 9 14:35:08 standalone proxy-server[129613]: - - 09/Jun/2026/14/35/08 HEAD /v1/AUTH_c4350a0f36e14eeeac2288b1d983fd51/gnocchi.61eb7825-4053-42a1-82f7-372c25cbc025%3Fformat%3Djson%26states%3Dlisting HTTP/1.0 204 - Swift - - - - tx8e0308b28e0d427b8c823-006a28249c - 0.0044 RL - 1781015708.270791531 1781015708.275210857 0
Jun 9 14:35:08 standalone container-server[127407]: 172.20.0.100 - - [09/Jun/2026:14:35:08 +0000] "GET /d1/216/AUTH_c4350a0f36e14eeeac2288b1d983fd51/gnocchi.61eb7825-4053-42a1-82f7-372c25cbc025" 200 2 "GET http://172.18.0.2:8080/v1/AUTH_c4350a0f36e14eeeac2288b1d983fd51/gnocchi.61eb7825-4053-42a1-82f7-372c25cbc025?format=json&states=listing" "tx8e0308b28e0d427b8c823-006a28249c" "proxy-server 20" 0.0033 "-" 23 0
Jun 9 14:35:08 standalone proxy-server[129613]: 172.18.0.2 172.18.0.100 09/Jun/2026/14/35/08 GET /v1/AUTH_c4350a0f36e14eeeac2288b1d983fd51/gnocchi.61eb7825-4053-42a1-82f7-372c25cbc025%3Fformat%3Djson%26states%3Dlisting HTTP/1.0 200 - python-swiftclient-3.11.1 gAAAAABqKCQNltYa... - 2 - tx8e0308b28e0d427b8c823-006a28249c - 0.0151 - - 1781015708.269857168 1781015708.285006523 0
Jun 9 14:35:08 standalone object-server[127843]: 172.20.0.100 - - [09/Jun/2026:14:35:08 +0000] "GET /d1/410/AUTH_c4350a0f36e14eeeac2288b1d983fd51/gnocchi.61eb7825-4053-42a1-82f7-372c25cbc025/1780920000.0_mean_300.0_v3" 404 70 "GET http://172.18.0.2:8080/v1/AUTH_c4350a0f36e14eeeac2288b1d983fd51/gnocchi.61eb7825-4053-42a1-82f7-372c25cbc025/1780920000.0_mean_300.0_v3" "tx956169e36b914b9a975fc-006a28249c" "proxy-server 20" 0.0004 "-" 25 0
Jun 9 14:35:08 standalone proxy-server[129613]: 172.18.0.2 172.18.0.100 09/Jun/2026/14/35/08 GET /v1/AUTH_c4350a0f36e14eeeac2288b1d983fd51/gnocchi.61eb7825-4053-42a1-82f7-372c25cbc025/1780920000.0_mean_300.0_v3 HTTP/1.0 404 - python-swiftclient-3.11.1 gAAAAABqKCQNltYa... - 70 - tx956169e36b914b9a975fc-006a28249c - 0.0054 - - 1781015708.289764643 1781015708.295165777 0
Jun 9 14:35:08 standalone container-server[127395]: 172.20.0.100 - - [09/Jun/2026:14:35:08 +0000] "PUT /d1/216/AUTH_c4350a0f36e14eeeac2288b1d983fd51/gnocchi.61eb7825-4053-42a1-82f7-372c25cbc025/1780920000.0_mean_300.0_v3" 201 - "PUT http://172.18.0.2:8080/d1/410/AUTH_c4350a0f36e14eeeac2288b1d983fd51/gnocchi.61eb7825-4053-42a1-82f7-372c25cbc025/1780920000.0_mean_300.0_v3" "tx4c5b6554dc344176935f1-006a28249c" "object-server 22" 0.0006 "-" 22 0
Jun 9 14:35:08 standalone object-server[127823]: 172.20.0.100 - - [09/Jun/2026:14:35:08 +0000] "PUT /d1/410/AUTH_c4350a0f36e14eeeac2288b1d983fd51/gnocchi.61eb7825-4053-42a1-82f7-372c25cbc025/1780920000.0_mean_300.0_v3" 201 - "PUT http://172.18.0.2:8080/v1/AUTH_c4350a0f36e14eeeac2288b1d983fd51/gnocchi.61eb7825-4053-42a1-82f7-372c25cbc025/1780920000.0_mean_300.0_v3" "tx4c5b6554dc344176935f1-006a28249c" "proxy-server 20" 0.0119 "-" 22 0
Jun 9 14:35:08 standalone proxy-server[129613]: 172.18.0.2 172.18.0.100 09/Jun/2026/14/35/08 PUT /v1/AUTH_c4350a0f36e14eeeac2288b1d983fd51/gnocchi.61eb7825-4053-42a1-82f7-372c25cbc025/1780920000.0_mean_300.0_v3 HTTP/1.0 201 - python-swiftclient-3.11.1 gAAAAABqKCQNltYa... 16 - - tx4c5b6554dc344176935f1-006a28249c - 0.0182 - - 1781015708.298833847 1781015708.317009687 0
Jun 9 14:35:08 standalone container-server[127383]: 172.20.0.100 - - [09/Jun/2026:14:35:08 +0000] "PUT /d1/216/AUTH_c4350a0f36e14eeeac2288b1d983fd51/gnocchi.61eb7825-4053-42a1-82f7-372c25cbc025/none_v3" 201 - "PUT http://172.18.0.2:8080/d1/454/AUTH_c4350a0f36e14eeeac2288b1d983fd51/gnocchi.61eb7825-4053-42a1-82f7-372c25cbc025/none_v3" "txa439ad44fd4b4f5682ce5-006a28249c" "object-server 23" 0.0008 "-" 20 0
Jun 9 14:35:08 standalone object-server[127828]: 172.20.0.100 - - [09/Jun/2026:14:35:08 +0000] "PUT /d1/454/AUTH_c4350a0f36e14eeeac2288b1d983fd51/gnocchi.61eb7825-4053-42a1-82f7-372c25cbc025/none_v3" 201 - "PUT http://172.18.0.2:8080/v1/AUTH_c4350a0f36e14eeeac2288b1d983fd51/gnocchi.61eb7825-4053-42a1-82f7-372c25cbc025/none_v3" "txa439ad44fd4b4f5682ce5-006a28249c" "proxy-server 20" 0.0116 "-" 23 0
Jun 9 14:35:08 standalone proxy-server[129613]: 172.18.0.2 172.18.0.100 09/Jun/2026/14/35/08 PUT /v1/AUTH_c4350a0f36e14eeeac2288b1d983fd51/gnocchi.61eb7825-4053-42a1-82f7-372c25cbc025/none_v3 HTTP/1.0 201 - python-swiftclient-3.11.1 gAAAAABqKCQNltYa... 22 - - txa439ad44fd4b4f5682ce5-006a28249c - 0.0169 - - 1781015708.320157766 1781015708.337095261 0
Jun 9 14:35:13 standalone object-server[127823]: 172.20.0.100 - - [09/Jun/2026:14:35:13 +0000] "GET /d1/454/AUTH_c4350a0f36e14eeeac2288b1d983fd51/gnocchi.61eb7825-4053-42a1-82f7-372c25cbc025/none_v3" 200 22 "GET http://172.18.0.2:8080/v1/AUTH_c4350a0f36e14eeeac2288b1d983fd51/gnocchi.61eb7825-4053-42a1-82f7-372c25cbc025/none_v3" "txb9f20e53ea354d1fac039-006a2824a1" "proxy-server 20" 0.0013 "-" 22 0
Jun 9 14:35:13 standalone proxy-server[129613]: 172.18.0.2 172.18.0.100 09/Jun/2026/14/35/13 GET /v1/AUTH_c4350a0f36e14eeeac2288b1d983fd51/gnocchi.61eb7825-4053-42a1-82f7-372c25cbc025/none_v3 HTTP/1.0 200 - python-swiftclient-3.11.1 gAAAAABqKCQNltYa... - 22 - txb9f20e53ea354d1fac039-006a2824a1 - 0.0107 - - 1781015713.426048040 1781015713.436788321 0
Jun 9 14:35:13 standalone container-server[127383]: 172.20.0.100 - - [09/Jun/2026:14:35:13 +0000] "GET /d1/216/AUTH_c4350a0f36e14eeeac2288b1d983fd51/gnocchi.61eb7825-4053-42a1-82f7-372c25cbc025" 200 357 "GET http://172.18.0.2:8080/v1/AUTH_c4350a0f36e14eeeac2288b1d983fd51/gnocchi.61eb7825-4053-42a1-82f7-372c25cbc025?format=json&states=listing" "txd1d4719c0a9c4931bb792-006a2824a1" "proxy-server 20" 0.0097 "-" 20 0
Jun 9 14:35:13 standalone proxy-server[129613]: 172.18.0.2 172.18.0.100 09/Jun/2026/14/35/13 GET /v1/AUTH_c4350a0f36e14eeeac2288b1d983fd51/gnocchi.61eb7825-4053-42a1-82f7-372c25cbc025%3Fformat%3Djson%26states%3Dlisting HTTP/1.0 200 - python-swiftclient-3.11.1 gAAAAABqKCQNltYa... - 357 - txd1d4719c0a9c4931bb792-006a2824a1 - 0.0207 - - 1781015713.441914558 1781015713.462572575 0
Jun 9 14:35:13 standalone container-server[127386]: 172.20.0.100 - - [09/Jun/2026:14:35:13 +0000] "GET /d1/216/AUTH_c4350a0f36e14eeeac2288b1d983fd51/gnocchi.61eb7825-4053-42a1-82f7-372c25cbc025" 200 2 "GET http://172.18.0.2:8080/v1/AUTH_c4350a0f36e14eeeac2288b1d983fd51/gnocchi.61eb7825-4053-42a1-82f7-372c25cbc025?format=json&marker=none_v3&states=listing" "tx54a15fead7d54c2e815af-006a2824a1" "proxy-server 20" 0.0038 "-" 21 0
Jun 9 14:35:13 standalone proxy-server[129613]: 172.18.0.2 172.18.0.100 09/Jun/2026/14/35/13 GET /v1/AUTH_c4350a0f36e14eeeac2288b1d983fd51/gnocchi.61eb7825-4053-42a1-82f7-372c25cbc025%3Fformat%3Djson%26marker%3Dnone_v3%26states%3Dlisting HTTP/1.0 200 - python-swiftclient-3.11.1 gAAAAABqKCQNltYa... - 2 - tx54a15fead7d54c2e815af-006a2824a1 - 0.0132 - - 1781015713.465665102 1781015713.478845835 0
Jun 9 14:35:13 standalone object-server[127823]: 172.20.0.100 - - [09/Jun/2026:14:35:13 +0000] "GET /d1/410/AUTH_c4350a0f36e14eeeac2288b1d983fd51/gnocchi.61eb7825-4053-42a1-82f7-372c25cbc025/1780920000.0_mean_300.0_v3" 200 16 "GET http://172.18.0.2:8080/v1/AUTH_c4350a0f36e14eeeac2288b1d983fd51/gnocchi.61eb7825-4053-42a1-82f7-372c25cbc025/1780920000.0_mean_300.0_v3" "txf286710325c04fc39413d-006a2824a1" "proxy-server 20" 0.0010 "-" 22 0
Jun 9 14:35:13 standalone proxy-server[129613]: 172.18.0.2 172.18.0.100 09/Jun/2026/14/35/13 GET /v1/AUTH_c4350a0f36e14eeeac2288b1d983fd51/gnocchi.61eb7825-4053-42a1-82f7-372c25cbc025/1780920000.0_mean_300.0_v3 HTTP/1.0 200 - python-swiftclient-3.11.1 gAAAAABqKCQNltYa... - 16 - txf286710325c04fc39413d-006a2824a1 - 0.0091 - - 1781015713.483517408 1781015713.492598057 0
Jun 9 14:35:13 standalone container-server[127383]: 172.20.0.100 - - [09/Jun/2026:14:35:13 +0000] "PUT /d1/216/AUTH_c4350a0f36e14eeeac2288b1d983fd51/gnocchi.61eb7825-4053-42a1-82f7-372c25cbc025/1780920000.0_mean_300.0_v3" 201 - "PUT http://172.18.0.2:8080/d1/410/AUTH_c4350a0f36e14eeeac2288b1d983fd51/gnocchi.61eb7825-4053-42a1-82f7-372c25cbc025/1780920000.0_mean_300.0_v3" "tx5f876f247373460287a65-006a2824a1" "object-server 25" 0.0007 "-" 20 0
Jun 9 14:35:13 standalone object-server[127843]: 172.20.0.100 - - [09/Jun/2026:14:35:13 +0000] "PUT /d1/410/AUTH_c4350a0f36e14eeeac2288b1d983fd51/gnocchi.61eb7825-4053-42a1-82f7-372c25cbc025/1780920000.0_mean_300.0_v3" 201 - "PUT http://172.18.0.2:8080/v1/AUTH_c4350a0f36e14eeeac2288b1d983fd51/gnocchi.61eb7825-4053-42a1-82f7-372c25cbc025/1780920000.0_mean_300.0_v3" "tx5f876f247373460287a65-006a2824a1" "proxy-server 20" 0.0112 "-" 25 0
Jun 9 14:35:13 standalone proxy-server[129613]: 172.18.0.2 172.18.0.100 09/Jun/2026/14/35/13 PUT /v1/AUTH_c4350a0f36e14eeeac2288b1d983fd51/gnocchi.61eb7825-4053-42a1-82f7-372c25cbc025/1780920000.0_mean_300.0_v3 HTTP/1.0 201 - python-swiftclient-3.11.1 gAAAAABqKCQNltYa... 16 - - tx5f876f247373460287a65-006a2824a1 - 0.0190 - - 1781015713.496584415 1781015713.515594959 0
Jun 9 14:35:13 standalone container-server[127386]: 172.20.0.100 - - [09/Jun/2026:14:35:13 +0000] "PUT /d1/216/AUTH_c4350a0f36e14eeeac2288b1d983fd51/gnocchi.61eb7825-4053-42a1-82f7-372c25cbc025/none_v3" 201 - "PUT http://172.18.0.2:8080/d1/454/AUTH_c4350a0f36e14eeeac2288b1d983fd51/gnocchi.61eb7825-4053-42a1-82f7-372c25cbc025/none_v3" "tx9cbb99cf211c4fa59fd20-006a2824a1" "object-server 24" 0.0007 "-" 21 0
Jun 9 14:35:13 standalone object-server[127836]: 172.20.0.100 - - [09/Jun/2026:14:35:13 +0000] "PUT /d1/454/AUTH_c4350a0f36e14eeeac2288b1d983fd51/gnocchi.61eb7825-4053-42a1-82f7-372c25cbc025/none_v3" 201 - "PUT http://172.18.0.2:8080/v1/AUTH_c4350a0f36e14eeeac2288b1d983fd51/gnocchi.61eb7825-4053-42a1-82f7-372c25cbc025/none_v3" "tx9cbb99cf211c4fa59fd20-006a2824a1" "proxy-server 20" 0.0113 "-" 24 0
Jun 9 14:35:13 standalone proxy-server[129613]: 172.18.0.2 172.18.0.100 09/Jun/2026/14/35/13 PUT /v1/AUTH_c4350a0f36e14eeeac2288b1d983fd51/gnocchi.61eb7825-4053-42a1-82f7-372c25cbc025/none_v3 HTTP/1.0 201 - python-swiftclient-3.11.1 gAAAAABqKCQNltYa... 32 - - tx9cbb99cf211c4fa59fd20-006a2824a1 - 0.0198 - - 1781015713.519044161 1781015713.538850307 0
Jun 9 14:36:23 standalone account-server[127281]: 172.20.0.100 - - [09/Jun/2026:14:36:23 +0000] "HEAD /d1/315/AUTH_c4350a0f36e14eeeac2288b1d983fd51" 204 - "HEAD http://172.18.0.2:8080/v1/AUTH_c4350a0f36e14eeeac2288b1d983fd51?format=json" "tx4b9c1734e21341388965b-006a2824e7" "proxy-server 20" 0.0069 "-" 14 -
Jun 9 14:36:23 standalone proxy-server[129613]: - - 09/Jun/2026/14/36/23 HEAD /v1/AUTH_c4350a0f36e14eeeac2288b1d983fd51%3Fformat%3Djson HTTP/1.0 204 - Swift - - - - tx4b9c1734e21341388965b-006a2824e7 - 0.0123 RL - 1781015783.016035795 1781015783.028301001 -
Jun 9 14:36:23 standalone container-server[127383]: 172.20.0.100 - - [09/Jun/2026:14:36:23 +0000] "HEAD /d1/46/AUTH_c4350a0f36e14eeeac2288b1d983fd51/gnocchi.1ae1cca4-483f-4461-bf27-12c1d283fc94" 404 - "HEAD http://172.18.0.2:8080/v1/AUTH_c4350a0f36e14eeeac2288b1d983fd51/gnocchi.1ae1cca4-483f-4461-bf27-12c1d283fc94?format=json&states=listing" "tx4b9c1734e21341388965b-006a2824e7" "proxy-server 20" 0.0005 "-" 20 0
Jun 9 14:36:23 standalone object-server[127836]: 172.20.0.100 - - [09/Jun/2026:14:36:23 +0000] "GET /d1/248/AUTH_c4350a0f36e14eeeac2288b1d983fd51/gnocchi.1ae1cca4-483f-4461-bf27-12c1d283fc94/none_v3" 404 70 "GET http://172.18.0.2:8080/v1/AUTH_c4350a0f36e14eeeac2288b1d983fd51/gnocchi.1ae1cca4-483f-4461-bf27-12c1d283fc94/none_v3" "tx4b9c1734e21341388965b-006a2824e7" "proxy-server 20" 0.0008 "-" 24 0
Jun 9 14:36:23 standalone proxy-server[129613]: 172.18.0.2 172.18.0.100 09/Jun/2026/14/36/23 GET /v1/AUTH_c4350a0f36e14eeeac2288b1d983fd51/gnocchi.1ae1cca4-483f-4461-bf27-12c1d283fc94/none_v3 HTTP/1.0 404 - python-swiftclient-3.11.1 gAAAAABqKCQNltYa... - 70 - tx4b9c1734e21341388965b-006a2824e7 - 0.0272 - - 1781015783.015213966 1781015783.042402506 0
Jun 9 14:36:23 standalone account-server[127289]: 172.20.0.100 - - [09/Jun/2026:14:36:23 +0000] "PUT /d1/315/AUTH_c4350a0f36e14eeeac2288b1d983fd51/gnocchi.1ae1cca4-483f-4461-bf27-12c1d283fc94" 201 - "PUT http://172.20.0.100:6001/d1/46/AUTH_c4350a0f36e14eeeac2288b1d983fd51/gnocchi.1ae1cca4-483f-4461-bf27-12c1d283fc94" "tx5affc37b910f4820bb0ba-006a2824e7" "container-server 22" 0.0023 "-" 16 0
Jun 9 14:36:23 standalone container-server[127395]: 172.20.0.100 - - [09/Jun/2026:14:36:23 +0000] "PUT /d1/46/AUTH_c4350a0f36e14eeeac2288b1d983fd51/gnocchi.1ae1cca4-483f-4461-bf27-12c1d283fc94" 201 - "PUT http://172.18.0.2:8080/v1/AUTH_c4350a0f36e14eeeac2288b1d983fd51/gnocchi.1ae1cca4-483f-4461-bf27-12c1d283fc94" "tx5affc37b910f4820bb0ba-006a2824e7" "proxy-server 20" 0.0133 "-" 22 0
Jun 9 14:36:23 standalone proxy-server[129613]: 172.18.0.2 172.18.0.100 09/Jun/2026/14/36/23 PUT /v1/AUTH_c4350a0f36e14eeeac2288b1d983fd51/gnocchi.1ae1cca4-483f-4461-bf27-12c1d283fc94 HTTP/1.0 201 - python-swiftclient-3.11.1 gAAAAABqKCQNltYa... - - - tx5affc37b910f4820bb0ba-006a2824e7 - 0.0181 - - 1781015783.045674324 1781015783.063789606 0
Jun 9 14:36:23 standalone container-server[127395]: 172.20.0.100 - - [09/Jun/2026:14:36:23 +0000] "HEAD /d1/46/AUTH_c4350a0f36e14eeeac2288b1d983fd51/gnocchi.1ae1cca4-483f-4461-bf27-12c1d283fc94" 204 - "HEAD http://172.18.0.2:8080/v1/AUTH_c4350a0f36e14eeeac2288b1d983fd51/gnocchi.1ae1cca4-483f-4461-bf27-12c1d283fc94?format=json&states=listing" "tx0b2a231ed5944992ad486-006a2824e7" "proxy-server 20" 0.0012 "-" 22 0
Jun 9 14:36:23 standalone proxy-server[129613]: - - 09/Jun/2026/14/36/23 HEAD /v1/AUTH_c4350a0f36e14eeeac2288b1d983fd51/gnocchi.1ae1cca4-483f-4461-bf27-12c1d283fc94%3Fformat%3Djson%26states%3Dlisting HTTP/1.0 204 - Swift - - - - tx0b2a231ed5944992ad486-006a2824e7 - 0.0061 RL - 1781015783.069836378 1781015783.075940609 0
Jun 9 14:36:23 standalone container-server[127383]: 172.20.0.100 - - [09/Jun/2026:14:36:23 +0000] "GET /d1/46/AUTH_c4350a0f36e14eeeac2288b1d983fd51/gnocchi.1ae1cca4-483f-4461-bf27-12c1d283fc94" 200 2 "GET http://172.18.0.2:8080/v1/AUTH_c4350a0f36e14eeeac2288b1d983fd51/gnocchi.1ae1cca4-483f-4461-bf27-12c1d283fc94?format=json&states=listing" "tx0b2a231ed5944992ad486-006a2824e7" "proxy-server 20" 0.0022 "-" 20 0
Jun 9 14:36:23 standalone proxy-server[129613]: 172.18.0.2 172.18.0.100 09/Jun/2026/14/36/23 GET /v1/AUTH_c4350a0f36e14eeeac2288b1d983fd51/gnocchi.1ae1cca4-483f-4461-bf27-12c1d283fc94%3Fformat%3Djson%26states%3Dlisting HTTP/1.0 200 - python-swiftclient-3.11.1 gAAAAABqKCQNltYa... - 2 - tx0b2a231ed5944992ad486-006a2824e7 - 0.0173 - - 1781015783.067986727 1781015783.085324526 0
Jun 9 14:36:23 standalone object-server[127843]: 172.20.0.100 - - [09/Jun/2026:14:36:23 +0000] "GET /d1/234/AUTH_c4350a0f36e14eeeac2288b1d983fd51/gnocchi.1ae1cca4-483f-4461-bf27-12c1d283fc94/1780920000.0_mean_300.0_v3" 404 70 "GET http://172.18.0.2:8080/v1/AUTH_c4350a0f36e14eeeac2288b1d983fd51/gnocchi.1ae1cca4-483f-4461-bf27-12c1d283fc94/1780920000.0_mean_300.0_v3" "tx7edaa2a1437040f3bab8a-006a2824e7" "proxy-server 20" 0.0004 "-" 25 0
Jun 9 14:36:23 standalone proxy-server[129613]: 172.18.0.2 172.18.0.100 09/Jun/2026/14/36/23 GET /v1/AUTH_c4350a0f36e14eeeac2288b1d983fd51/gnocchi.1ae1cca4-483f-4461-bf27-12c1d283fc94/1780920000.0_mean_300.0_v3 HTTP/1.0 404 - python-swiftclient-3.11.1 gAAAAABqKCQNltYa... - 70 - tx7edaa2a1437040f3bab8a-006a2824e7 - 0.0070 - - 1781015783.089433670 1781015783.096423149 0
Jun 9 14:36:23 standalone container-server[127407]: 172.20.0.100 - - [09/Jun/2026:14:36:23 +0000] "PUT /d1/46/AUTH_c4350a0f36e14eeeac2288b1d983fd51/gnocchi.1ae1cca4-483f-4461-bf27-12c1d283fc94/1780920000.0_mean_300.0_v3" 201 - "PUT http://172.18.0.2:8080/d1/234/AUTH_c4350a0f36e14eeeac2288b1d983fd51/gnocchi.1ae1cca4-483f-4461-bf27-12c1d283fc94/1780920000.0_mean_300.0_v3" "txd5d4b558904149769d550-006a2824e7" "object-server 23" 0.0006 "-" 23 0
Jun 9 14:36:23 standalone object-server[127828]: 172.20.0.100 - - [09/Jun/2026:14:36:23 +0000] "PUT /d1/234/AUTH_c4350a0f36e14eeeac2288b1d983fd51/gnocchi.1ae1cca4-483f-4461-bf27-12c1d283fc94/1780920000.0_mean_300.0_v3" 201 - "PUT http://172.18.0.2:8080/v1/AUTH_c4350a0f36e14eeeac2288b1d983fd51/gnocchi.1ae1cca4-483f-4461-bf27-12c1d283fc94/1780920000.0_mean_300.0_v3" "txd5d4b558904149769d550-006a2824e7" "proxy-server 20" 0.0092 "-" 23 0
Jun 9 14:36:23 standalone proxy-server[129613]: 172.18.0.2 172.18.0.100 09/Jun/2026/14/36/23 PUT /v1/AUTH_c4350a0f36e14eeeac2288b1d983fd51/gnocchi.1ae1cca4-483f-4461-bf27-12c1d283fc94/1780920000.0_mean_300.0_v3 HTTP/1.0 201 - python-swiftclient-3.11.1 gAAAAABqKCQNltYa... 16 - - txd5d4b558904149769d550-006a2824e7 - 0.0154 - - 1781015783.099368811 1781015783.114789963 0
Jun 9 14:36:23 standalone container-server[127395]: 172.20.0.100 - - [09/Jun/2026:14:36:23 +0000] "PUT /d1/46/AUTH_c4350a0f36e14eeeac2288b1d983fd51/gnocchi.1ae1cca4-483f-4461-bf27-12c1d283fc94/none_v3" 201 - "PUT http://172.18.0.2:8080/d1/248/AUTH_c4350a0f36e14eeeac2288b1d983fd51/gnocchi.1ae1cca4-483f-4461-bf27-12c1d283fc94/none_v3" "tx04df8eb256bf40ca90dfb-006a2824e7" "object-server 22" 0.0005 "-" 22 0
Jun 9 14:36:23 standalone object-server[127823]: 172.20.0.100 - - [09/Jun/2026:14:36:23 +0000] "PUT /d1/248/AUTH_c4350a0f36e14eeeac2288b1d983fd51/gnocchi.1ae1cca4-483f-4461-bf27-12c1d283fc94/none_v3" 201 - "PUT http://172.18.0.2:8080/v1/AUTH_c4350a0f36e14eeeac2288b1d983fd51/gnocchi.1ae1cca4-483f-4461-bf27-12c1d283fc94/none_v3" "tx04df8eb256bf40ca90dfb-006a2824e7" "proxy-server 20" 0.0090 "-" 22 0
Jun 9 14:36:23 standalone proxy-server[129613]: 172.18.0.2 172.18.0.100 09/Jun/2026/14/36/23 PUT /v1/AUTH_c4350a0f36e14eeeac2288b1d983fd51/gnocchi.1ae1cca4-483f-4461-bf27-12c1d283fc94/none_v3 HTTP/1.0 201 - python-swiftclient-3.11.1 gAAAAABqKCQNltYa... 22 - - tx04df8eb256bf40ca90dfb-006a2824e7 - 0.0145 - - 1781015783.120649576 1781015783.135161161 0
Jun 9 14:36:23 standalone container-server[127383]: 172.20.0.100 - - [09/Jun/2026:14:36:23 +0000] "HEAD /d1/566/AUTH_c4350a0f36e14eeeac2288b1d983fd51/gnocchi.99ad6f72-9227-4066-9698-f5a70450ff50" 404 - "HEAD http://172.18.0.2:8080/v1/AUTH_c4350a0f36e14eeeac2288b1d983fd51/gnocchi.99ad6f72-9227-4066-9698-f5a70450ff50?format=json&states=listing" "tx35718b717eea4dc2bf80b-006a2824e7" "proxy-server 20" 0.0005 "-" 20 0
Jun 9 14:36:23 standalone object-server[127823]: 172.20.0.100 - - [09/Jun/2026:14:36:23 +0000] "GET /d1/645/AUTH_c4350a0f36e14eeeac2288b1d983fd51/gnocchi.99ad6f72-9227-4066-9698-f5a70450ff50/none_v3" 404 70 "GET http://172.18.0.2:8080/v1/AUTH_c4350a0f36e14eeeac2288b1d983fd51/gnocchi.99ad6f72-9227-4066-9698-f5a70450ff50/none_v3" "tx35718b717eea4dc2bf80b-006a2824e7" "proxy-server 20" 0.0003 "-" 22 0
Jun 9 14:36:23 standalone proxy-server[129613]: 172.18.0.2 172.18.0.100 09/Jun/2026/14/36/23 GET /v1/AUTH_c4350a0f36e14eeeac2288b1d983fd51/gnocchi.99ad6f72-9227-4066-9698-f5a70450ff50/none_v3 HTTP/1.0 404 - python-swiftclient-3.11.1 gAAAAABqKCQNltYa... - 70 - tx35718b717eea4dc2bf80b-006a2824e7 - 0.0098 - - 1781015783.152060509 1781015783.161885023 0
Jun 9 14:36:23 standalone account-server[127305]: 172.20.0.100 - - [09/Jun/2026:14:36:23 +0000] "PUT /d1/315/AUTH_c4350a0f36e14eeeac2288b1d983fd51/gnocchi.99ad6f72-9227-4066-9698-f5a70450ff50" 201 - "PUT http://172.20.0.100:6001/d1/566/AUTH_c4350a0f36e14eeeac2288b1d983fd51/gnocchi.99ad6f72-9227-4066-9698-f5a70450ff50" "txe2151ed05f1742769ed83-006a2824e7" "container-server 23" 0.0052 "-" 17 0
Jun 9 14:36:23 standalone container-server[127407]: 172.20.0.100 - - [09/Jun/2026:14:36:23 +0000] "PUT /d1/566/AUTH_c4350a0f36e14eeeac2288b1d983fd51/gnocchi.99ad6f72-9227-4066-9698-f5a70450ff50" 201 - "PUT http://172.18.0.2:8080/v1/AUTH_c4350a0f36e14eeeac2288b1d983fd51/gnocchi.99ad6f72-9227-4066-9698-f5a70450ff50" "txe2151ed05f1742769ed83-006a2824e7" "proxy-server 20" 0.0160 "-" 23 0
Jun 9 14:36:23 standalone proxy-server[129613]: 172.18.0.2 172.18.0.100 09/Jun/2026/14/36/23 PUT /v1/AUTH_c4350a0f36e14eeeac2288b1d983fd51/gnocchi.99ad6f72-9227-4066-9698-f5a70450ff50 HTTP/1.0 201 - python-swiftclient-3.11.1 gAAAAABqKCQNltYa... - - - txe2151ed05f1742769ed83-006a2824e7 - 0.0203 - - 1781015783.164315462 1781015783.184664726 0
Jun 9 14:36:23 standalone container-server[127383]: 172.20.0.100 - - [09/Jun/2026:14:36:23 +0000] "HEAD /d1/566/AUTH_c4350a0f36e14eeeac2288b1d983fd51/gnocchi.99ad6f72-9227-4066-9698-f5a70450ff50" 204 - "HEAD http://172.18.0.2:8080/v1/AUTH_c4350a0f36e14eeeac2288b1d983fd51/gnocchi.99ad6f72-9227-4066-9698-f5a70450ff50?format=json&states=listing" "tx76ed14660e454e2983bf9-006a2824e7" "proxy-server 20" 0.0013 "-" 20 0
Jun 9 14:36:23 standalone proxy-server[129613]: - - 09/Jun/2026/14/36/23 HEAD /v1/AUTH_c4350a0f36e14eeeac2288b1d983fd51/gnocchi.99ad6f72-9227-4066-9698-f5a70450ff50%3Fformat%3Djson%26states%3Dlisting HTTP/1.0 204 - Swift - - - - tx76ed14660e454e2983bf9-006a2824e7 - 0.0044 RL - 1781015783.189673662 1781015783.194070339 0
Jun 9 14:36:23 standalone container-server[127383]: 172.20.0.100 - - [09/Jun/2026:14:36:23 +0000] "GET /d1/566/AUTH_c4350a0f36e14eeeac2288b1d983fd51/gnocchi.99ad6f72-9227-4066-9698-f5a70450ff50" 200 2 "GET http://172.18.0.2:8080/v1/AUTH_c4350a0f36e14eeeac2288b1d983fd51/gnocchi.99ad6f72-9227-4066-9698-f5a70450ff50?format=json&states=listing" "tx76ed14660e454e2983bf9-006a2824e7" "proxy-server 20" 0.0016 "-" 20 0
Jun 9 14:36:23 standalone proxy-server[129613]: 172.18.0.2 172.18.0.100 09/Jun/2026/14/36/23 GET /v1/AUTH_c4350a0f36e14eeeac2288b1d983fd51/gnocchi.99ad6f72-9227-4066-9698-f5a70450ff50%3Fformat%3Djson%26states%3Dlisting HTTP/1.0 200 - python-swiftclient-3.11.1 gAAAAABqKCQNltYa... - 2 - tx76ed14660e454e2983bf9-006a2824e7 - 0.0128 - - 1781015783.188499689 1781015783.201346874 0
Jun 9 14:36:23 standalone object-server[127823]: 172.20.0.100 - - [09/Jun/2026:14:36:23 +0000] "GET /d1/587/AUTH_c4350a0f36e14eeeac2288b1d983fd51/gnocchi.99ad6f72-9227-4066-9698-f5a70450ff50/1780920000.0_mean_300.0_v3" 404 70 "GET http://172.18.0.2:8080/v1/AUTH_c4350a0f36e14eeeac2288b1d983fd51/gnocchi.99ad6f72-9227-4066-9698-f5a70450ff50/1780920000.0_mean_300.0_v3" "tx93df392f66da473b9b271-006a2824e7" "proxy-server 20" 0.0003 "-" 22 0
Jun 9 14:36:23 standalone proxy-server[129613]: 172.18.0.2 172.18.0.100 09/Jun/2026/14/36/23 GET /v1/AUTH_c4350a0f36e14eeeac2288b1d983fd51/gnocchi.99ad6f72-9227-4066-9698-f5a70450ff50/1780920000.0_mean_300.0_v3 HTTP/1.0 404 - python-swiftclient-3.11.1 gAAAAABqKCQNltYa... - 70 - tx93df392f66da473b9b271-006a2824e7 - 0.0078 - - 1781015783.206742525 1781015783.214550018 0
Jun 9 14:36:23 standalone container-server[127395]: 172.20.0.100 - - [09/Jun/2026:14:36:23 +0000] "PUT /d1/566/AUTH_c4350a0f36e14eeeac2288b1d983fd51/gnocchi.99ad6f72-9227-4066-9698-f5a70450ff50/1780920000.0_mean_300.0_v3" 201 - "PUT http://172.18.0.2:8080/d1/587/AUTH_c4350a0f36e14eeeac2288b1d983fd51/gnocchi.99ad6f72-9227-4066-9698-f5a70450ff50/1780920000.0_mean_300.0_v3" "txb695de70273648c79599d-006a2824e7" "object-server 24" 0.0006 "-" 22 0
Jun 9 14:36:23 standalone object-server[127836]: 172.20.0.100 - - [09/Jun/2026:14:36:23 +0000] "PUT /d1/587/AUTH_c4350a0f36e14eeeac2288b1d983fd51/gnocchi.99ad6f72-9227-4066-9698-f5a70450ff50/1780920000.0_mean_300.0_v3" 201 - "PUT http://172.18.0.2:8080/v1/AUTH_c4350a0f36e14eeeac2288b1d983fd51/gnocchi.99ad6f72-9227-4066-9698-f5a70450ff50/1780920000.0_mean_300.0_v3" "txb695de70273648c79599d-006a2824e7" "proxy-server 20" 0.0098 "-" 24 0
Jun 9 14:36:23 standalone proxy-server[129613]: 172.18.0.2 172.18.0.100 09/Jun/2026/14/36/23 PUT /v1/AUTH_c4350a0f36e14eeeac2288b1d983fd51/gnocchi.99ad6f72-9227-4066-9698-f5a70450ff50/1780920000.0_mean_300.0_v3 HTTP/1.0 201 - python-swiftclient-3.11.1 gAAAAABqKCQNltYa... 16 - - txb695de70273648c79599d-006a2824e7 - 0.0148 - - 1781015783.217345476 1781015783.232122421 0
Jun 9 14:36:23 standalone container-server[127395]: 172.20.0.100 - - [09/Jun/2026:14:36:23 +0000] "PUT /d1/566/AUTH_c4350a0f36e14eeeac2288b1d983fd51/gnocchi.99ad6f72-9227-4066-9698-f5a70450ff50/none_v3" 201 - "PUT http://172.18.0.2:8080/d1/645/AUTH_c4350a0f36e14eeeac2288b1d983fd51/gnocchi.99ad6f72-9227-4066-9698-f5a70450ff50/none_v3" "txef06bf671611458aadb3d-006a2824e7" "object-server 25" 0.0004 "-" 22 0
Jun 9 14:36:23 standalone object-server[127843]: 172.20.0.100 - - [09/Jun/2026:14:36:23 +0000] "PUT /d1/645/AUTH_c4350a0f36e14eeeac2288b1d983fd51/gnocchi.99ad6f72-9227-4066-9698-f5a70450ff50/none_v3" 201 - "PUT http://172.18.0.2:8080/v1/AUTH_c4350a0f36e14eeeac2288b1d983fd51/gnocchi.99ad6f72-9227-4066-9698-f5a70450ff50/none_v3" "txef06bf671611458aadb3d-006a2824e7" "proxy-server 20" 0.0129 "-" 25 0
Jun 9 14:36:23 standalone proxy-server[129613]: 172.18.0.2 172.18.0.100 09/Jun/2026/14/36/23 PUT /v1/AUTH_c4350a0f36e14eeeac2288b1d983fd51/gnocchi.99ad6f72-9227-4066-9698-f5a70450ff50/none_v3 HTTP/1.0 201 - python-swiftclient-3.11.1 gAAAAABqKCQNltYa... 22 - - txef06bf671611458aadb3d-006a2824e7 - 0.0186 - - 1781015783.234619141 1781015783.253197193 0
Jun 9 14:36:23 standalone container-server[127386]: 172.20.0.100 - - [09/Jun/2026:14:36:23 +0000] "HEAD /d1/786/AUTH_c4350a0f36e14eeeac2288b1d983fd51/gnocchi.3ac7e6a3-dffe-4336-bca8-a2910e3b96a9" 404 - "HEAD http://172.18.0.2:8080/v1/AUTH_c4350a0f36e14eeeac2288b1d983fd51/gnocchi.3ac7e6a3-dffe-4336-bca8-a2910e3b96a9?format=json&states=listing" "tx5d587256afb14688b6778-006a2824e7" "proxy-server 20" 0.0003 "-" 21 0
Jun 9 14:36:23 standalone object-server[127828]: 172.20.0.100 - - [09/Jun/2026:14:36:23 +0000] "GET /d1/561/AUTH_c4350a0f36e14eeeac2288b1d983fd51/gnocchi.3ac7e6a3-dffe-4336-bca8-a2910e3b96a9/none_v3" 404 70 "GET http://172.18.0.2:8080/v1/AUTH_c4350a0f36e14eeeac2288b1d983fd51/gnocchi.3ac7e6a3-dffe-4336-bca8-a2910e3b96a9/none_v3" "tx5d587256afb14688b6778-006a2824e7" "proxy-server 20" 0.0003 "-" 23 0
Jun 9 14:36:23 standalone proxy-server[129613]: 172.18.0.2 172.18.0.100 09/Jun/2026/14/36/23 GET /v1/AUTH_c4350a0f36e14eeeac2288b1d983fd51/gnocchi.3ac7e6a3-dffe-4336-bca8-a2910e3b96a9/none_v3 HTTP/1.0 404 - python-swiftclient-3.11.1 gAAAAABqKCQNltYa... - 70 - tx5d587256afb14688b6778-006a2824e7 - 0.0081 - - 1781015783.262255907 1781015783.270376682 0
Jun 9 14:36:23 standalone account-server[127281]: 172.20.0.100 - - [09/Jun/2026:14:36:23 +0000] "PUT /d1/315/AUTH_c4350a0f36e14eeeac2288b1d983fd51/gnocchi.3ac7e6a3-dffe-4336-bca8-a2910e3b96a9" 201 - "PUT http://172.20.0.100:6001/d1/786/AUTH_c4350a0f36e14eeeac2288b1d983fd51/gnocchi.3ac7e6a3-dffe-4336-bca8-a2910e3b96a9" "tx7a42d28a7d79425db539d-006a2824e7" "container-server 23" 0.0045 "-" 14 0
Jun 9 14:36:23 standalone container-server[127407]: 172.20.0.100 - - [09/Jun/2026:14:36:23 +0000] "PUT /d1/786/AUTH_c4350a0f36e14eeeac2288b1d983fd51/gnocchi.3ac7e6a3-dffe-4336-bca8-a2910e3b96a9" 201 - "PUT http://172.18.0.2:8080/v1/AUTH_c4350a0f36e14eeeac2288b1d983fd51/gnocchi.3ac7e6a3-dffe-4336-bca8-a2910e3b96a9" "tx7a42d28a7d79425db539d-006a2824e7" "proxy-server 20" 0.0141 "-" 23 0
Jun 9 14:36:23 standalone proxy-server[129613]: 172.18.0.2 172.18.0.100 09/Jun/2026/14/36/23 PUT /v1/AUTH_c4350a0f36e14eeeac2288b1d983fd51/gnocchi.3ac7e6a3-dffe-4336-bca8-a2910e3b96a9 HTTP/1.0 201 - python-swiftclient-3.11.1 gAAAAABqKCQNltYa... - - - tx7a42d28a7d79425db539d-006a2824e7 - 0.0189 - - 1781015783.272195101 1781015783.291118622 0
Jun 9 14:36:23 standalone container-server[127383]: 172.20.0.100 - - [09/Jun/2026:14:36:23 +0000] "HEAD /d1/786/AUTH_c4350a0f36e14eeeac2288b1d983fd51/gnocchi.3ac7e6a3-dffe-4336-bca8-a2910e3b96a9" 204 - "HEAD http://172.18.0.2:8080/v1/AUTH_c4350a0f36e14eeeac2288b1d983fd51/gnocchi.3ac7e6a3-dffe-4336-bca8-a2910e3b96a9?format=json&states=listing" "tx85e2e9ce001041008ad7b-006a2824e7" "proxy-server 20" 0.0012 "-" 20 0
Jun 9 14:36:23 standalone proxy-server[129613]: - - 09/Jun/2026/14/36/23 HEAD /v1/AUTH_c4350a0f36e14eeeac2288b1d983fd51/gnocchi.3ac7e6a3-dffe-4336-bca8-a2910e3b96a9%3Fformat%3Djson%26states%3Dlisting HTTP/1.0 204 - Swift - - - - tx85e2e9ce001041008ad7b-006a2824e7 - 0.0097 RL - 1781015783.294686556 1781015783.304347992 0
Jun 9 14:36:23 standalone container-server[127407]: 172.20.0.100 - - [09/Jun/2026:14:36:23 +0000] "GET /d1/786/AUTH_c4350a0f36e14eeeac2288b1d983fd51/gnocchi.3ac7e6a3-dffe-4336-bca8-a2910e3b96a9" 200 2 "GET http://172.18.0.2:8080/v1/AUTH_c4350a0f36e14eeeac2288b1d983fd51/gnocchi.3ac7e6a3-dffe-4336-bca8-a2910e3b96a9?format=json&states=listing" "tx85e2e9ce001041008ad7b-006a2824e7" "proxy-server 20" 0.0017 "-" 23 0
Jun 9 14:36:23 standalone proxy-server[129613]: 172.18.0.2 172.18.0.100 09/Jun/2026/14/36/23 GET /v1/AUTH_c4350a0f36e14eeeac2288b1d983fd51/gnocchi.3ac7e6a3-dffe-4336-bca8-a2910e3b96a9%3Fformat%3Djson%26states%3Dlisting HTTP/1.0 200 - python-swiftclient-3.11.1 gAAAAABqKCQNltYa... - 2 - tx85e2e9ce001041008ad7b-006a2824e7 - 0.0223 - - 1781015783.293636322 1781015783.315951824 0
Jun 9 14:36:23 standalone object-server[127828]: 172.20.0.100 - - [09/Jun/2026:14:36:23 +0000] "GET /d1/6/AUTH_c4350a0f36e14eeeac2288b1d983fd51/gnocchi.3ac7e6a3-dffe-4336-bca8-a2910e3b96a9/1780920000.0_mean_300.0_v3" 404 70 "GET http://172.18.0.2:8080/v1/AUTH_c4350a0f36e14eeeac2288b1d983fd51/gnocchi.3ac7e6a3-dffe-4336-bca8-a2910e3b96a9/1780920000.0_mean_300.0_v3" "tx106258c6606e42658e6a6-006a2824e7" "proxy-server 20" 0.0003 "-" 23 0
Jun 9 14:36:23 standalone proxy-server[129613]: 172.18.0.2 172.18.0.100 09/Jun/2026/14/36/23 GET /v1/AUTH_c4350a0f36e14eeeac2288b1d983fd51/gnocchi.3ac7e6a3-dffe-4336-bca8-a2910e3b96a9/1780920000.0_mean_300.0_v3 HTTP/1.0 404 - python-swiftclient-3.11.1 gAAAAABqKCQNltYa... - 70 - tx106258c6606e42658e6a6-006a2824e7 - 0.0047 - - 1781015783.319065571 1781015783.323729038 0
Jun 9 14:36:23 standalone container-server[127407]: 172.20.0.100 - - [09/Jun/2026:14:36:23 +0000] "PUT /d1/786/AUTH_c4350a0f36e14eeeac2288b1d983fd51/gnocchi.3ac7e6a3-dffe-4336-bca8-a2910e3b96a9/1780920000.0_mean_300.0_v3" 201 - "PUT http://172.18.0.2:8080/d1/6/AUTH_c4350a0f36e14eeeac2288b1d983fd51/gnocchi.3ac7e6a3-dffe-4336-bca8-a2910e3b96a9/1780920000.0_mean_300.0_v3" "tx2cbb796c4e944a10a536e-006a2824e7" "object-server 25" 0.0006 "-" 23 0
Jun 9 14:36:23 standalone object-server[127843]: 172.20.0.100 - - [09/Jun/2026:14:36:23 +0000] "PUT /d1/6/AUTH_c4350a0f36e14eeeac2288b1d983fd51/gnocchi.3ac7e6a3-dffe-4336-bca8-a2910e3b96a9/1780920000.0_mean_300.0_v3" 201 - "PUT http://172.18.0.2:8080/v1/AUTH_c4350a0f36e14eeeac2288b1d983fd51/gnocchi.3ac7e6a3-dffe-4336-bca8-a2910e3b96a9/1780920000.0_mean_300.0_v3" "tx2cbb796c4e944a10a536e-006a2824e7" "proxy-server 20" 0.0134 "-" 25 0
Jun 9 14:36:23 standalone proxy-server[129613]: 172.18.0.2 172.18.0.100 09/Jun/2026/14/36/23 PUT /v1/AUTH_c4350a0f36e14eeeac2288b1d983fd51/gnocchi.3ac7e6a3-dffe-4336-bca8-a2910e3b96a9/1780920000.0_mean_300.0_v3 HTTP/1.0 201 - python-swiftclient-3.11.1 gAAAAABqKCQNltYa... 16 - - tx2cbb796c4e944a10a536e-006a2824e7 - 0.0208 - - 1781015783.326133728 1781015783.346907139 0
Jun 9 14:36:23 standalone container-server[127386]: 172.20.0.100 - - [09/Jun/2026:14:36:23 +0000] "PUT /d1/786/AUTH_c4350a0f36e14eeeac2288b1d983fd51/gnocchi.3ac7e6a3-dffe-4336-bca8-a2910e3b96a9/none_v3" 201 - "PUT http://172.18.0.2:8080/d1/561/AUTH_c4350a0f36e14eeeac2288b1d983fd51/gnocchi.3ac7e6a3-dffe-4336-bca8-a2910e3b96a9/none_v3" "tx59933c3c58a34005bd8cf-006a2824e7" "object-server 24" 0.0008 "-" 21 0
Jun 9 14:36:23 standalone object-server[127836]: 172.20.0.100 - - [09/Jun/2026:14:36:23 +0000] "PUT /d1/561/AUTH_c4350a0f36e14eeeac2288b1d983fd51/gnocchi.3ac7e6a3-dffe-4336-bca8-a2910e3b96a9/none_v3" 201 - "PUT http://172.18.0.2:8080/v1/AUTH_c4350a0f36e14eeeac2288b1d983fd51/gnocchi.3ac7e6a3-dffe-4336-bca8-a2910e3b96a9/none_v3" "tx59933c3c58a34005bd8cf-006a2824e7" "proxy-server 20" 0.0129 "-" 24 0
Jun 9 14:36:23 standalone proxy-server[129613]: 172.18.0.2 172.18.0.100 09/Jun/2026/14/36/23 PUT /v1/AUTH_c4350a0f36e14eeeac2288b1d983fd51/gnocchi.3ac7e6a3-dffe-4336-bca8-a2910e3b96a9/none_v3 HTTP/1.0 201 - python-swiftclient-3.11.1 gAAAAABqKCQNltYa... 22 - - tx59933c3c58a34005bd8cf-006a2824e7 - 0.0230 - - 1781015783.349117279 1781015783.372114182 0
Jun 9 14:36:23 standalone container-server[127386]: 172.20.0.100 - - [09/Jun/2026:14:36:23 +0000] "HEAD /d1/741/AUTH_c4350a0f36e14eeeac2288b1d983fd51/gnocchi.7b2f4f0f-00af-4472-afe4-0b6180177d7e" 404 - "HEAD http://172.18.0.2:8080/v1/AUTH_c4350a0f36e14eeeac2288b1d983fd51/gnocchi.7b2f4f0f-00af-4472-afe4-0b6180177d7e?format=json&states=listing" "txc8d32b57e0a94eb3a282b-006a2824e7" "proxy-server 20" 0.0005 "-" 21 0
