Jun 9 14:21:25 standalone account-server[127042]: Started child 14 from parent 2
Jun 9 14:21:25 standalone account-server[127042]: Started child 15 from parent 2
Jun 9 14:21:25 standalone account-server[127042]: Started child 16 from parent 2
Jun 9 14:21:25 standalone account-server[127042]: Started child 17 from parent 2
Jun 9 14:21:25 standalone account-server[127101]: Starting 2
Jun 9 14:21:25 standalone container-server[127082]: Option allow_versions is deprecated. Configure the versioned_writes middleware in the proxy-server instead. This option will be ignored in a future release.
Jun 9 14:21:25 standalone container-server[127383]: Option allow_versions is deprecated. Configure the versioned_writes middleware in the proxy-server instead. This option will be ignored in a future release.
Jun 9 14:21:25 standalone container-server[127082]: Started child 20 from parent 2
Jun 9 14:21:25 standalone container-server[127386]: Option allow_versions is deprecated. Configure the versioned_writes middleware in the proxy-server instead. This option will be ignored in a future release.
Jun 9 14:21:25 standalone container-server[127082]: Started child 21 from parent 2
Jun 9 14:21:25 standalone container-server[127395]: Option allow_versions is deprecated. Configure the versioned_writes middleware in the proxy-server instead. This option will be ignored in a future release.
Jun 9 14:21:25 standalone container-server[127082]: Started child 22 from parent 2
Jun 9 14:21:25 standalone container-server[127407]: Option allow_versions is deprecated. Configure the versioned_writes middleware in the proxy-server instead. This option will be ignored in a future release.
Jun 9 14:21:25 standalone container-server[127082]: Started child 23 from parent 2
Jun 9 14:21:26 standalone container-server[127524]: Starting 2
Jun 9 14:21:27 standalone object-expirer[127603]: Starting 2
Jun 9 14:21:27 standalone object-expirer[127603]: Option auto_create_account_prefix is deprecated. Configure auto_create_account_prefix under the swift-constraints section of swift.conf. This option will be ignored in a future release.
Jun 9 14:21:27 standalone object-server[127659]: Starting 2
Jun 9 14:21:27 standalone object-server[127566]: Started child 22 from parent 2
Jun 9 14:21:27 standalone object-server[127566]: Started child 23 from parent 2
Jun 9 14:21:27 standalone object-server[127566]: Started child 24 from parent 2
Jun 9 14:21:27 standalone object-server[127566]: Started child 25 from parent 2
Jun 9 14:21:33 standalone proxy-server[129351]: Starting Keystone auth_token middleware
Jun 9 14:21:33 standalone proxy-server[129351]: AuthToken middleware is set with keystone_authtoken.service_token_roles_required set to False. This is backwards compatible but deprecated behaviour. Please set this to True.
Jun 9 14:21:33 standalone proxy-server[129613]: Starting Keystone auth_token middleware
Jun 9 14:21:33 standalone proxy-server[129613]: STDERR: The option "bind_port" is not known to keystonemiddleware
Jun 9 14:21:33 standalone proxy-server[129613]: STDERR: The option "workers" is not known to keystonemiddleware
Jun 9 14:21:33 standalone proxy-server[129613]: STDERR: The option "user" is not known to keystonemiddleware
Jun 9 14:21:33 standalone proxy-server[129613]: STDERR: The option "bind_ip" is not known to keystonemiddleware
Jun 9 14:21:33 standalone proxy-server[129613]: STDERR: The option "log_name" is not known to keystonemiddleware
Jun 9 14:21:33 standalone proxy-server[129613]: STDERR: The option "log_facility" is not known to keystonemiddleware
Jun 9 14:21:33 standalone proxy-server[129613]: STDERR: The option "log_level" is not known to keystonemiddleware
Jun 9 14:21:33 standalone proxy-server[129613]: STDERR: The option "log_headers" is not known to keystonemiddleware
Jun 9 14:21:33 standalone proxy-server[129613]: STDERR: The option "log_address" is not known to keystonemiddleware
Jun 9 14:21:33 standalone proxy-server[129613]: STDERR: The option "project_name" is not known to keystonemiddleware
Jun 9 14:21:33 standalone proxy-server[129613]: STDERR: The option "username" is not known to keystonemiddleware
Jun 9 14:21:33 standalone proxy-server[129613]: STDERR: The option "password" is not known to keystonemiddleware
Jun 9 14:21:33 standalone proxy-server[129613]: STDERR: The option "auth_url" is not known to keystonemiddleware
Jun 9 14:21:33 standalone proxy-server[129613]: STDERR: The option "signing_dir" is not known to keystonemiddleware
Jun 9 14:21:33 standalone proxy-server[129613]: STDERR: The option "project_domain_id" is not known to keystonemiddleware
Jun 9 14:21:33 standalone proxy-server[129613]: STDERR: The option "user_domain_id" is not known to keystonemiddleware
Jun 9 14:21:33 standalone proxy-server[129613]: STDERR: The option "__name__" is not known to keystonemiddleware
Jun 9 14:21:33 standalone proxy-server[129613]: AuthToken middleware is set with keystone_authtoken.service_token_roles_required set to False. This is backwards compatible but deprecated behaviour. Please set this to True.
Jun 9 14:21:33 standalone proxy-server[129351]: Started child 20 from parent 2
Jun 9 14:22:16 standalone container-server[127524]: Begin container update sweep
Jun 9 14:22:16 standalone container-server[127524]: Container update sweep completed: 0.00s
Jun 9 14:24:06 standalone object-server[127659]: Begin object update sweep
Jun 9 14:24:06 standalone object-server[147454]: Object update sweep starting on /srv/node/d1 (pid: 11)
Jun 9 14:24:06 standalone object-server[147454]: Object update sweep completed on /srv/node/d1 in 0.00s seconds:, 0 successes, 0 failures, 0 quarantines, 0 unlinks, 0 errors, 0 redirects (pid: 11)
Jun 9 14:24:06 standalone object-server[147454]: Object update sweep of d1 completed: 0.00s, 0 successes, 0 failures, 0 quarantines, 0 unlinks, 0 errors, 0 redirects
Jun 9 14:24:06 standalone object-server[127659]: Object update sweep completed: 0.09s
Jun 9 14:25:21 standalone account-server[127305]: 172.20.0.100 - - [09/Jun/2026:14:25:21 +0000] "HEAD /d1/700/.expiring_objects" 404 - "HEAD http://localhost/v1/.expiring_objects?format=json" "tx49580d583b66418cbf14a-006a282251" "proxy-server 2" 0.0016 "-" 17 -
Jun 9 14:25:21 standalone object-expirer[127603]: Pass completed in 0s; 0 objects expired (txn: tx49580d583b66418cbf14a-006a282251)
Jun 9 14:25:59 standalone account-server[127305]: 172.20.0.100 - - [09/Jun/2026:14:25:59 +0000] "HEAD /d1/700/.expiring_objects" 404 - "HEAD http://localhost/v1/.expiring_objects?format=json" "tx740467911d9d422a96501-006a282277" "proxy-server 2" 0.0005 "-" 17 -
Jun 9 14:25:59 standalone object-expirer[127603]: Pass completed in 0s; 0 objects expired (txn: tx740467911d9d422a96501-006a282277)
Jun 9 14:27:16 standalone container-server[127524]: Begin container update sweep
Jun 9 14:27:16 standalone container-server[127524]: Container update sweep completed: 0.00s
Jun 9 14:28:04 standalone account-server[127305]: 172.20.0.100 - - [09/Jun/2026:14:28:04 +0000] "HEAD /d1/700/.expiring_objects" 404 - "HEAD http://localhost/v1/.expiring_objects?format=json" "tx012feb58f34746019a025-006a2822f4" "proxy-server 2" 0.0013 "-" 17 -
Jun 9 14:28:04 standalone object-expirer[127603]: Pass completed in 0s; 0 objects expired (txn: tx012feb58f34746019a025-006a2822f4)
Jun 9 14:29:06 standalone object-server[127659]: Begin object update sweep
Jun 9 14:29:06 standalone object-server[187596]: Object update sweep starting on /srv/node/d1 (pid: 13)
Jun 9 14:29:06 standalone object-server[187596]: Object update sweep completed on /srv/node/d1 in 0.00s seconds:, 0 successes, 0 failures, 0 quarantines, 0 unlinks, 0 errors, 0 redirects (pid: 13)
Jun 9 14:29:06 standalone object-server[187596]: Object update sweep of d1 completed: 0.00s, 0 successes, 0 failures, 0 quarantines, 0 unlinks, 0 errors, 0 redirects
Jun 9 14:29:06 standalone object-server[127659]: Object update sweep completed: 0.09s
Jun 9 14:29:23 standalone account-server[127305]: 172.20.0.100 - - [09/Jun/2026:14:29:23 +0000] "HEAD /d1/700/.expiring_objects" 404 - "HEAD http://localhost/v1/.expiring_objects?format=json" "tx7820976f70d04938b6227-006a282343" "proxy-server 2" 0.0005 "-" 17 -
Jun 9 14:29:23 standalone object-expirer[127603]: Pass completed in 0s; 0 objects expired (txn: tx7820976f70d04938b6227-006a282343)
Jun 9 14:32:16 standalone container-server[127524]: Begin container update sweep
Jun 9 14:32:16 standalone container-server[127524]: Container update sweep completed: 0.00s
Jun 9 14:32:45 standalone account-server[127283]: 172.20.0.100 - - [09/Jun/2026:14:32:45 +0000] "HEAD /d1/315/AUTH_c4350a0f36e14eeeac2288b1d983fd51" 404 - "HEAD http://172.18.0.2:8080/v1/AUTH_c4350a0f36e14eeeac2288b1d983fd51?format=json" "tx13424cf8722945dd90ddb-006a28240d" "proxy-server 20" 0.0016 "-" 15 -
Jun 9 14:32:45 standalone proxy-server[129613]: - - 09/Jun/2026/14/32/45 HEAD /v1/AUTH_c4350a0f36e14eeeac2288b1d983fd51%3Fformat%3Djson HTTP/1.0 200 - Swift - - - - tx13424cf8722945dd90ddb-006a28240d - 0.0074 RL - 1781015565.490013361 1781015565.497428179 -
Jun 9 14:32:45 standalone object-server[127843]: 172.20.0.100 - - [09/Jun/2026:14:32:45 +0000] "GET /d1/67/AUTH_c4350a0f36e14eeeac2288b1d983fd51/gnocchi.3403851b-9a8b-4c43-9b40-0c36112895a4/none_v3" 404 70 "GET http://172.18.0.2:8080/v1/AUTH_c4350a0f36e14eeeac2288b1d983fd51/gnocchi.3403851b-9a8b-4c43-9b40-0c36112895a4/none_v3" "tx13424cf8722945dd90ddb-006a28240d" "proxy-server 20" 0.0008 "-" 25 0
Jun 9 14:32:45 standalone proxy-server[129613]: 172.18.0.2 172.18.0.100 09/Jun/2026/14/32/45 GET /v1/AUTH_c4350a0f36e14eeeac2288b1d983fd51/gnocchi.3403851b-9a8b-4c43-9b40-0c36112895a4/none_v3 HTTP/1.0 404 - python-swiftclient-3.11.1 gAAAAABqKCQNltYa... - 70 - tx13424cf8722945dd90ddb-006a28240d - 0.4820 - - 1781015565.484324694 1781015565.966275215 0
Jun 9 14:32:45 standalone account-server[127289]: 172.20.0.100 - - [09/Jun/2026:14:32:45 +0000] "PUT /d1/315/AUTH_c4350a0f36e14eeeac2288b1d983fd51" 201 - "-" "txc277f173caa649ae9086a-006a28240d" "-" 0.0196 "-" 16 -
Jun 9 14:32:45 standalone proxy-server[129613]: autocreate account '/AUTH_c4350a0f36e14eeeac2288b1d983fd51' (txn: txc277f173caa649ae9086a-006a28240d)
Jun 9 14:32:45 standalone account-server[127283]: 172.20.0.100 - - [09/Jun/2026:14:32:45 +0000] "HEAD /d1/315/AUTH_c4350a0f36e14eeeac2288b1d983fd51" 204 - "HEAD http://172.18.0.2:8080/v1/AUTH_c4350a0f36e14eeeac2288b1d983fd51?format=json" "txc277f173caa649ae9086a-006a28240d" "proxy-server 20" 0.0018 "-" 15 -
Jun 9 14:32:46 standalone account-server[127289]: 172.20.0.100 - - [09/Jun/2026:14:32:46 +0000] "PUT /d1/315/AUTH_c4350a0f36e14eeeac2288b1d983fd51/gnocchi.3403851b-9a8b-4c43-9b40-0c36112895a4" 201 - "PUT http://172.20.0.100:6001/d1/471/AUTH_c4350a0f36e14eeeac2288b1d983fd51/gnocchi.3403851b-9a8b-4c43-9b40-0c36112895a4" "txc277f173caa649ae9086a-006a28240d" "container-server 21" 0.0014 "-" 16 0
Jun 9 14:32:46 standalone container-server[127386]: 172.20.0.100 - - [09/Jun/2026:14:32:46 +0000] "PUT /d1/471/AUTH_c4350a0f36e14eeeac2288b1d983fd51/gnocchi.3403851b-9a8b-4c43-9b40-0c36112895a4" 201 - "PUT http://172.18.0.2:8080/v1/AUTH_c4350a0f36e14eeeac2288b1d983fd51/gnocchi.3403851b-9a8b-4c43-9b40-0c36112895a4" "txc277f173caa649ae9086a-006a28240d" "proxy-server 20" 0.0146 "-" 21 0
Jun 9 14:32:46 standalone proxy-server[129613]: 172.18.0.2 172.18.0.100 09/Jun/2026/14/32/46 PUT /v1/AUTH_c4350a0f36e14eeeac2288b1d983fd51/gnocchi.3403851b-9a8b-4c43-9b40-0c36112895a4 HTTP/1.0 201 - python-swiftclient-3.11.1 gAAAAABqKCQNltYa... - - - txc277f173caa649ae9086a-006a28240d - 0.0533 - - 1781015565.969067812 1781015566.022340536 0
Jun 9 14:32:46 standalone container-server[127386]: 172.20.0.100 - - [09/Jun/2026:14:32:46 +0000] "HEAD /d1/471/AUTH_c4350a0f36e14eeeac2288b1d983fd51/gnocchi.3403851b-9a8b-4c43-9b40-0c36112895a4" 204 - "HEAD http://172.18.0.2:8080/v1/AUTH_c4350a0f36e14eeeac2288b1d983fd51/gnocchi.3403851b-9a8b-4c43-9b40-0c36112895a4?format=json&states=listing" "tx186202f36cfe493fb0cea-006a28240e" "proxy-server 20" 0.0014 "-" 21 0
Jun 9 14:32:46 standalone proxy-server[129613]: - - 09/Jun/2026/14/32/46 HEAD /v1/AUTH_c4350a0f36e14eeeac2288b1d983fd51/gnocchi.3403851b-9a8b-4c43-9b40-0c36112895a4%3Fformat%3Djson%26states%3Dlisting HTTP/1.0 204 - Swift - - - - tx186202f36cfe493fb0cea-006a28240e - 0.0038 RL - 1781015566.030004025 1781015566.033833742 0
Jun 9 14:32:46 standalone container-server[127395]: 172.20.0.100 - - [09/Jun/2026:14:32:46 +0000] "GET /d1/471/AUTH_c4350a0f36e14eeeac2288b1d983fd51/gnocchi.3403851b-9a8b-4c43-9b40-0c36112895a4" 200 2 "GET http://172.18.0.2:8080/v1/AUTH_c4350a0f36e14eeeac2288b1d983fd51/gnocchi.3403851b-9a8b-4c43-9b40-0c36112895a4?format=json&states=listing" "tx186202f36cfe493fb0cea-006a28240e" "proxy-server 20" 0.0028 "-" 22 0
Jun 9 14:32:46 standalone proxy-server[129613]: 172.18.0.2 172.18.0.100 09/Jun/2026/14/32/46 GET /v1/AUTH_c4350a0f36e14eeeac2288b1d983fd51/gnocchi.3403851b-9a8b-4c43-9b40-0c36112895a4%3Fformat%3Djson%26states%3Dlisting HTTP/1.0 200 - python-swiftclient-3.11.1 gAAAAABqKCQNltYa... - 2 - tx186202f36cfe493fb0cea-006a28240e - 0.0117 - - 1781015566.029263020 1781015566.040999413 0
Jun 9 14:32:46 standalone object-server[127828]: 172.20.0.100 - - [09/Jun/2026:14:32:46 +0000] "GET /d1/732/AUTH_c4350a0f36e14eeeac2288b1d983fd51/gnocchi.3403851b-9a8b-4c43-9b40-0c36112895a4/1780920000.0_mean_300.0_v3" 404 70 "GET http://172.18.0.2:8080/v1/AUTH_c4350a0f36e14eeeac2288b1d983fd51/gnocchi.3403851b-9a8b-4c43-9b40-0c36112895a4/1780920000.0_mean_300.0_v3" "tx98e96d98b7c948298e106-006a28240e" "proxy-server 20" 0.0006 "-" 23 0
Jun 9 14:32:46 standalone proxy-server[129613]: 172.18.0.2 172.18.0.100 09/Jun/2026/14/32/46 GET /v1/AUTH_c4350a0f36e14eeeac2288b1d983fd51/gnocchi.3403851b-9a8b-4c43-9b40-0c36112895a4/1780920000.0_mean_300.0_v3 HTTP/1.0 404 - python-swiftclient-3.11.1 gAAAAABqKCQNltYa... - 70 - tx98e96d98b7c948298e106-006a28240e - 0.0054 - - 1781015566.051358700 1781015566.056760073 0
Jun 9 14:32:46 standalone container-server[127407]: 172.20.0.100 - - [09/Jun/2026:14:32:46 +0000] "PUT /d1/471/AUTH_c4350a0f36e14eeeac2288b1d983fd51/gnocchi.3403851b-9a8b-4c43-9b40-0c36112895a4/1780920000.0_mean_300.0_v3" 201 - "PUT http://172.18.0.2:8080/d1/732/AUTH_c4350a0f36e14eeeac2288b1d983fd51/gnocchi.3403851b-9a8b-4c43-9b40-0c36112895a4/1780920000.0_mean_300.0_v3" "tx15b080b151df4bd4b7984-006a28240e" "object-server 22" 0.0009 "-" 23 0
Jun 9 14:32:46 standalone object-server[127823]: 172.20.0.100 - - [09/Jun/2026:14:32:46 +0000] "PUT /d1/732/AUTH_c4350a0f36e14eeeac2288b1d983fd51/gnocchi.3403851b-9a8b-4c43-9b40-0c36112895a4/1780920000.0_mean_300.0_v3" 201 - "PUT http://172.18.0.2:8080/v1/AUTH_c4350a0f36e14eeeac2288b1d983fd51/gnocchi.3403851b-9a8b-4c43-9b40-0c36112895a4/1780920000.0_mean_300.0_v3" "tx15b080b151df4bd4b7984-006a28240e" "proxy-server 20" 0.0341 "-" 22 0
Jun 9 14:32:46 standalone proxy-server[129613]: 172.18.0.2 172.18.0.100 09/Jun/2026/14/32/46 PUT /v1/AUTH_c4350a0f36e14eeeac2288b1d983fd51/gnocchi.3403851b-9a8b-4c43-9b40-0c36112895a4/1780920000.0_mean_300.0_v3 HTTP/1.0 201 - python-swiftclient-3.11.1 gAAAAABqKCQNltYa... 16 - - tx15b080b151df4bd4b7984-006a28240e - 0.0431 - - 1781015566.063838720 1781015566.106898069 0
Jun 9 14:32:46 standalone container-server[127407]: 172.20.0.100 - - [09/Jun/2026:14:32:46 +0000] "PUT /d1/471/AUTH_c4350a0f36e14eeeac2288b1d983fd51/gnocchi.3403851b-9a8b-4c43-9b40-0c36112895a4/none_v3" 201 - "PUT http://172.18.0.2:8080/d1/67/AUTH_c4350a0f36e14eeeac2288b1d983fd51/gnocchi.3403851b-9a8b-4c43-9b40-0c36112895a4/none_v3" "txafd9e4ef82ca4b28b2382-006a28240e" "object-server 24" 0.0009 "-" 23 0
Jun 9 14:32:46 standalone object-server[127836]: 172.20.0.100 - - [09/Jun/2026:14:32:46 +0000] "PUT /d1/67/AUTH_c4350a0f36e14eeeac2288b1d983fd51/gnocchi.3403851b-9a8b-4c43-9b40-0c36112895a4/none_v3" 201 - "PUT http://172.18.0.2:8080/v1/AUTH_c4350a0f36e14eeeac2288b1d983fd51/gnocchi.3403851b-9a8b-4c43-9b40-0c36112895a4/none_v3" "txafd9e4ef82ca4b28b2382-006a28240e" "proxy-server 20" 0.0405 "-" 24 0
Jun 9 14:32:46 standalone proxy-server[129613]: 172.18.0.2 172.18.0.100 09/Jun/2026/14/32/46 PUT /v1/AUTH_c4350a0f36e14eeeac2288b1d983fd51/gnocchi.3403851b-9a8b-4c43-9b40-0c36112895a4/none_v3 HTTP/1.0 201 - python-swiftclient-3.11.1 gAAAAABqKCQNltYa... 22 - - txafd9e4ef82ca4b28b2382-006a28240e - 0.0488 - - 1781015566.109408855 1781015566.158191442 0
Jun 9 14:33:15 standalone object-server[127836]: 172.20.0.100 - - [09/Jun/2026:14:33:15 +0000] "GET /d1/67/AUTH_c4350a0f36e14eeeac2288b1d983fd51/gnocchi.3403851b-9a8b-4c43-9b40-0c36112895a4/none_v3" 200 22 "GET http://172.18.0.2:8080/v1/AUTH_c4350a0f36e14eeeac2288b1d983fd51/gnocchi.3403851b-9a8b-4c43-9b40-0c36112895a4/none_v3" "txf65bd6d9f6974732ae62f-006a28242b" "proxy-server 20" 0.0018 "-" 24 0
Jun 9 14:33:15 standalone proxy-server[129613]: 172.18.0.2 172.18.0.100 09/Jun/2026/14/33/15 GET /v1/AUTH_c4350a0f36e14eeeac2288b1d983fd51/gnocchi.3403851b-9a8b-4c43-9b40-0c36112895a4/none_v3 HTTP/1.0 200 - python-swiftclient-3.11.1 gAAAAABqKCQNltYa... - 22 - txf65bd6d9f6974732ae62f-006a28242b - 0.0129 - - 1781015595.201298475 1781015595.214209795 0
Jun 9 14:33:15 standalone container-server[127383]: 172.20.0.100 - - [09/Jun/2026:14:33:15 +0000] "GET /d1/471/AUTH_c4350a0f36e14eeeac2288b1d983fd51/gnocchi.3403851b-9a8b-4c43-9b40-0c36112895a4" 200 357 "GET http://172.18.0.2:8080/v1/AUTH_c4350a0f36e14eeeac2288b1d983fd51/gnocchi.3403851b-9a8b-4c43-9b40-0c36112895a4?format=json&states=listing" "tx1d1d95b91fbd476495387-006a28242b" "proxy-server 20" 0.0198 "-" 20 0
Jun 9 14:33:15 standalone proxy-server[129613]: 172.18.0.2 172.18.0.100 09/Jun/2026/14/33/15 GET /v1/AUTH_c4350a0f36e14eeeac2288b1d983fd51/gnocchi.3403851b-9a8b-4c43-9b40-0c36112895a4%3Fformat%3Djson%26states%3Dlisting HTTP/1.0 200 - python-swiftclient-3.11.1 gAAAAABqKCQNltYa... - 357 - tx1d1d95b91fbd476495387-006a28242b - 0.0288 - - 1781015595.220189333 1781015595.248975754 0
Jun 9 14:33:15 standalone container-server[127386]: 172.20.0.100 - - [09/Jun/2026:14:33:15 +0000] "GET /d1/471/AUTH_c4350a0f36e14eeeac2288b1d983fd51/gnocchi.3403851b-9a8b-4c43-9b40-0c36112895a4" 200 2 "GET http://172.18.0.2:8080/v1/AUTH_c4350a0f36e14eeeac2288b1d983fd51/gnocchi.3403851b-9a8b-4c43-9b40-0c36112895a4?format=json&marker=none_v3&states=listing" "tx697c671cf36e4bacbc82b-006a28242b" "proxy-server 20" 0.0027 "-" 21 0
Jun 9 14:33:15 standalone proxy-server[129613]: 172.18.0.2 172.18.0.100 09/Jun/2026/14/33/15 GET /v1/AUTH_c4350a0f36e14eeeac2288b1d983fd51/gnocchi.3403851b-9a8b-4c43-9b40-0c36112895a4%3Fformat%3Djson%26marker%3Dnone_v3%26states%3Dlisting HTTP/1.0 200 - python-swiftclient-3.11.1 gAAAAABqKCQNltYa... - 2 - tx697c671cf36e4bacbc82b-006a28242b - 0.0110 - - 1781015595.252711773 1781015595.263696432 0
Jun 9 14:33:15 standalone object-server[127828]: 172.20.0.100 - - [09/Jun/2026:14:33:15 +0000] "GET /d1/732/AUTH_c4350a0f36e14eeeac2288b1d983fd51/gnocchi.3403851b-9a8b-4c43-9b40-0c36112895a4/1780920000.0_mean_300.0_v3" 200 16 "GET http://172.18.0.2:8080/v1/AUTH_c4350a0f36e14eeeac2288b1d983fd51/gnocchi.3403851b-9a8b-4c43-9b40-0c36112895a4/1780920000.0_mean_300.0_v3" "tx612ae7616e4f46b08c0f1-006a28242b" "proxy-server 20" 0.0012 "-" 23 0
Jun 9 14:33:15 standalone proxy-server[129613]: 172.18.0.2 172.18.0.100 09/Jun/2026/14/33/15 GET /v1/AUTH_c4350a0f36e14eeeac2288b1d983fd51/gnocchi.3403851b-9a8b-4c43-9b40-0c36112895a4/1780920000.0_mean_300.0_v3 HTTP/1.0 200 - python-swiftclient-3.11.1 gAAAAABqKCQNltYa... - 16 - tx612ae7616e4f46b08c0f1-006a28242b - 0.0151 - - 1781015595.267638683 1781015595.282778263 0
Jun 9 14:33:15 standalone container-server[127395]: 172.20.0.100 - - [09/Jun/2026:14:33:15 +0000] "PUT /d1/471/AUTH_c4350a0f36e14eeeac2288b1d983fd51/gnocchi.3403851b-9a8b-4c43-9b40-0c36112895a4/1780920000.0_mean_300.0_v3" 201 - "PUT http://172.18.0.2:8080/d1/732/AUTH_c4350a0f36e14eeeac2288b1d983fd51/gnocchi.3403851b-9a8b-4c43-9b40-0c36112895a4/1780920000.0_mean_300.0_v3" "tx4fbfd01facf648528518c-006a28242b" "object-server 25" 0.0010 "-" 22 0
Jun 9 14:33:15 standalone object-server[127843]: 172.20.0.100 - - [09/Jun/2026:14:33:15 +0000] "PUT /d1/732/AUTH_c4350a0f36e14eeeac2288b1d983fd51/gnocchi.3403851b-9a8b-4c43-9b40-0c36112895a4/1780920000.0_mean_300.0_v3" 201 - "PUT http://172.18.0.2:8080/v1/AUTH_c4350a0f36e14eeeac2288b1d983fd51/gnocchi.3403851b-9a8b-4c43-9b40-0c36112895a4/1780920000.0_mean_300.0_v3" "tx4fbfd01facf648528518c-006a28242b" "proxy-server 20" 0.0352 "-" 25 0
Jun 9 14:33:15 standalone proxy-server[129613]: 172.18.0.2 172.18.0.100 09/Jun/2026/14/33/15 PUT /v1/AUTH_c4350a0f36e14eeeac2288b1d983fd51/gnocchi.3403851b-9a8b-4c43-9b40-0c36112895a4/1780920000.0_mean_300.0_v3 HTTP/1.0 201 - python-swiftclient-3.11.1 gAAAAABqKCQNltYa... 16 - - tx4fbfd01facf648528518c-006a28242b - 0.0428 - - 1781015595.286978245 1781015595.329785109 0
Jun 9 14:33:15 standalone container-server[127407]: 172.20.0.100 - - [09/Jun/2026:14:33:15 +0000] "PUT /d1/471/AUTH_c4350a0f36e14eeeac2288b1d983fd51/gnocchi.3403851b-9a8b-4c43-9b40-0c36112895a4/none_v3" 201 - "PUT http://172.18.0.2:8080/d1/67/AUTH_c4350a0f36e14eeeac2288b1d983fd51/gnocchi.3403851b-9a8b-4c43-9b40-0c36112895a4/none_v3" "txb3dc24915b2e4c6788244-006a28242b" "object-server 22" 0.0007 "-" 23 0
Jun 9 14:33:15 standalone object-server[127823]: 172.20.0.100 - - [09/Jun/2026:14:33:15 +0000] "PUT /d1/67/AUTH_c4350a0f36e14eeeac2288b1d983fd51/gnocchi.3403851b-9a8b-4c43-9b40-0c36112895a4/none_v3" 201 - "PUT http://172.18.0.2:8080/v1/AUTH_c4350a0f36e14eeeac2288b1d983fd51/gnocchi.3403851b-9a8b-4c43-9b40-0c36112895a4/none_v3" "txb3dc24915b2e4c6788244-006a28242b" "proxy-server 20" 0.0118 "-" 22 0
Jun 9 14:33:15 standalone proxy-server[129613]: 172.18.0.2 172.18.0.100 09/Jun/2026/14/33/15 PUT /v1/AUTH_c4350a0f36e14eeeac2288b1d983fd51/gnocchi.3403851b-9a8b-4c43-9b40-0c36112895a4/none_v3 HTTP/1.0 201 - python-swiftclient-3.11.1 gAAAAABqKCQNltYa... 32 - - txb3dc24915b2e4c6788244-006a28242b - 0.0207 - - 1781015595.334306240 1781015595.355029583 0
Jun 9 14:33:24 standalone account-server[127283]: 172.20.0.100 - - [09/Jun/2026:14:33:24 +0000] "HEAD /d1/700/.expiring_objects" 404 - "HEAD http://localhost/v1/.expiring_objects?format=json" "tx7fe03133002940b7937bd-006a282434" "proxy-server 2" 0.0007 "-" 15 -
Jun 9 14:33:24 standalone object-expirer[127603]: Pass completed in 0s; 0 objects expired (txn: tx7fe03133002940b7937bd-006a282434)
Jun 9 14:33:44 standalone container-server[127395]: 172.20.0.100 - - [09/Jun/2026:14:33:44 +0000] "HEAD /d1/395/AUTH_c4350a0f36e14eeeac2288b1d983fd51/gnocchi.9db16a51-6e06-448b-97b0-801463014277" 404 - "HEAD http://172.18.0.2:8080/v1/AUTH_c4350a0f36e14eeeac2288b1d983fd51/gnocchi.9db16a51-6e06-448b-97b0-801463014277?format=json&states=listing" "tx7bfba969da4a4227844a9-006a282448" "proxy-server 20" 0.0006 "-" 22 0
Jun 9 14:33:44 standalone object-server[127828]: 172.20.0.100 - - [09/Jun/2026:14:33:44 +0000] "GET /d1/777/AUTH_c4350a0f36e14eeeac2288b1d983fd51/gnocchi.9db16a51-6e06-448b-97b0-801463014277/none_v3" 404 70 "GET http://172.18.0.2:8080/v1/AUTH_c4350a0f36e14eeeac2288b1d983fd51/gnocchi.9db16a51-6e06-448b-97b0-801463014277/none_v3" "tx7bfba969da4a4227844a9-006a282448" "proxy-server 20" 0.0009 "-" 23 0
Jun 9 14:33:44 standalone proxy-server[129613]: 172.18.0.2 172.18.0.100 09/Jun/2026/14/33/44 GET /v1/AUTH_c4350a0f36e14eeeac2288b1d983fd51/gnocchi.9db16a51-6e06-448b-97b0-801463014277/none_v3 HTTP/1.0 404 - python-swiftclient-3.11.1 gAAAAABqKCQNltYa... - 70 - tx7bfba969da4a4227844a9-006a282448 - 0.0112 - - 1781015624.125651360 1781015624.136877775 0
Jun 9 14:33:44 standalone account-server[127289]: 172.20.0.100 - - [09/Jun/2026:14:33:44 +0000] "PUT /d1/315/AUTH_c4350a0f36e14eeeac2288b1d983fd51/gnocchi.9db16a51-6e06-448b-97b0-801463014277" 201 - "PUT http://172.20.0.100:6001/d1/395/AUTH_c4350a0f36e14eeeac2288b1d983fd51/gnocchi.9db16a51-6e06-448b-97b0-801463014277" "tx8bc2c35b3fc848ffaf54c-006a282448" "container-server 23" 0.0095 "-" 16 0
Jun 9 14:33:44 standalone container-server[127407]: 172.20.0.100 - - [09/Jun/2026:14:33:44 +0000] "PUT /d1/395/AUTH_c4350a0f36e14eeeac2288b1d983fd51/gnocchi.9db16a51-6e06-448b-97b0-801463014277" 201 - "PUT http://172.18.0.2:8080/v1/AUTH_c4350a0f36e14eeeac2288b1d983fd51/gnocchi.9db16a51-6e06-448b-97b0-801463014277" "tx8bc2c35b3fc848ffaf54c-006a282448" "proxy-server 20" 0.0266 "-" 23 0
Jun 9 14:33:44 standalone proxy-server[129613]: 172.18.0.2 172.18.0.100 09/Jun/2026/14/33/44 PUT /v1/AUTH_c4350a0f36e14eeeac2288b1d983fd51/gnocchi.9db16a51-6e06-448b-97b0-801463014277 HTTP/1.0 201 - python-swiftclient-3.11.1 gAAAAABqKCQNltYa... - - - tx8bc2c35b3fc848ffaf54c-006a282448 - 0.0362 - - 1781015624.139242411 1781015624.175418854 0
Jun 9 14:33:44 standalone container-server[127383]: 172.20.0.100 - - [09/Jun/2026:14:33:44 +0000] "HEAD /d1/395/AUTH_c4350a0f36e14eeeac2288b1d983fd51/gnocchi.9db16a51-6e06-448b-97b0-801463014277" 204 - "HEAD http://172.18.0.2:8080/v1/AUTH_c4350a0f36e14eeeac2288b1d983fd51/gnocchi.9db16a51-6e06-448b-97b0-801463014277?format=json&states=listing" "tx71a60414416f4c3088290-006a282448" "proxy-server 20" 0.0025 "-" 20 0
Jun 9 14:33:44 standalone proxy-server[129613]: - - 09/Jun/2026/14/33/44 HEAD /v1/AUTH_c4350a0f36e14eeeac2288b1d983fd51/gnocchi.9db16a51-6e06-448b-97b0-801463014277%3Fformat%3Djson%26states%3Dlisting HTTP/1.0 204 - Swift - - - - tx71a60414416f4c3088290-006a282448 - 0.0076 RL - 1781015624.185775757 1781015624.193334341 0
Jun 9 14:33:44 standalone container-server[127383]: 172.20.0.100 - - [09/Jun/2026:14:33:44 +0000] "GET /d1/395/AUTH_c4350a0f36e14eeeac2288b1d983fd51/gnocchi.9db16a51-6e06-448b-97b0-801463014277" 200 2 "GET http://172.18.0.2:8080/v1/AUTH_c4350a0f36e14eeeac2288b1d983fd51/gnocchi.9db16a51-6e06-448b-97b0-801463014277?format=json&states=listing" "tx71a60414416f4c3088290-006a282448" "proxy-server 20" 0.0047 "-" 20 0
Jun 9 14:33:44 standalone proxy-server[129613]: 172.18.0.2 172.18.0.100 09/Jun/2026/14/33/44 GET /v1/AUTH_c4350a0f36e14eeeac2288b1d983fd51/gnocchi.9db16a51-6e06-448b-97b0-801463014277%3Fformat%3Djson%26states%3Dlisting HTTP/1.0 200 - python-swiftclient-3.11.1 gAAAAABqKCQNltYa... - 2 - tx71a60414416f4c3088290-006a282448 - 0.0242 - - 1781015624.183441162 1781015624.207631111 0
Jun 9 14:33:44 standalone object-server[127836]: 172.20.0.100 - - [09/Jun/2026:14:33:44 +0000] "GET /d1/631/AUTH_c4350a0f36e14eeeac2288b1d983fd51/gnocchi.9db16a51-6e06-448b-97b0-801463014277/1780920000.0_mean_300.0_v3" 404 70 "GET http://172.18.0.2:8080/v1/AUTH_c4350a0f36e14eeeac2288b1d983fd51/gnocchi.9db16a51-6e06-448b-97b0-801463014277/1780920000.0_mean_300.0_v3" "tx32a56e0d848b4df8a17d9-006a282448" "proxy-server 20" 0.0008 "-" 24 0
Jun 9 14:33:44 standalone proxy-server[129613]: 172.18.0.2 172.18.0.100 09/Jun/2026/14/33/44 GET /v1/AUTH_c4350a0f36e14eeeac2288b1d983fd51/gnocchi.9db16a51-6e06-448b-97b0-801463014277/1780920000.0_mean_300.0_v3 HTTP/1.0 404 - python-swiftclient-3.11.1 gAAAAABqKCQNltYa... - 70 - tx32a56e0d848b4df8a17d9-006a282448 - 0.0106 - - 1781015624.211197138 1781015624.221786022 0
Jun 9 14:33:44 standalone container-server[127395]: 172.20.0.100 - - [09/Jun/2026:14:33:44 +0000] "PUT /d1/395/AUTH_c4350a0f36e14eeeac2288b1d983fd51/gnocchi.9db16a51-6e06-448b-97b0-801463014277/1780920000.0_mean_300.0_v3" 201 - "PUT http://172.18.0.2:8080/d1/631/AUTH_c4350a0f36e14eeeac2288b1d983fd51/gnocchi.9db16a51-6e06-448b-97b0-801463014277/1780920000.0_mean_300.0_v3" "tx0f8f86df34c94401a580c-006a282448" "object-server 24" 0.0006 "-" 22 0
Jun 9 14:33:44 standalone object-server[127836]: 172.20.0.100 - - [09/Jun/2026:14:33:44 +0000] "PUT /d1/631/AUTH_c4350a0f36e14eeeac2288b1d983fd51/gnocchi.9db16a51-6e06-448b-97b0-801463014277/1780920000.0_mean_300.0_v3" 201 - "PUT http://172.18.0.2:8080/v1/AUTH_c4350a0f36e14eeeac2288b1d983fd51/gnocchi.9db16a51-6e06-448b-97b0-801463014277/1780920000.0_mean_300.0_v3" "tx0f8f86df34c94401a580c-006a282448" "proxy-server 20" 0.0171 "-" 24 0
Jun 9 14:33:44 standalone proxy-server[129613]: 172.18.0.2 172.18.0.100 09/Jun/2026/14/33/44 PUT /v1/AUTH_c4350a0f36e14eeeac2288b1d983fd51/gnocchi.9db16a51-6e06-448b-97b0-801463014277/1780920000.0_mean_300.0_v3 HTTP/1.0 201 - python-swiftclient-3.11.1 gAAAAABqKCQNltYa... 16 - - tx0f8f86df34c94401a580c-006a282448 - 0.0220 - - 1781015624.225010872 1781015624.246984005 0
Jun 9 14:33:44 standalone container-server[127386]: 172.20.0.100 - - [09/Jun/2026:14:33:44 +0000] "PUT /d1/395/AUTH_c4350a0f36e14eeeac2288b1d983fd51/gnocchi.9db16a51-6e06-448b-97b0-801463014277/none_v3" 201 - "PUT http://172.18.0.2:8080/d1/777/AUTH_c4350a0f36e14eeeac2288b1d983fd51/gnocchi.9db16a51-6e06-448b-97b0-801463014277/none_v3" "tx17719148c4ba46cfbcdf6-006a282448" "object-server 24" 0.0005 "-" 21 0
Jun 9 14:33:44 standalone object-server[127836]: 172.20.0.100 - - [09/Jun/2026:14:33:44 +0000] "PUT /d1/777/AUTH_c4350a0f36e14eeeac2288b1d983fd51/gnocchi.9db16a51-6e06-448b-97b0-801463014277/none_v3" 201 - "PUT http://172.18.0.2:8080/v1/AUTH_c4350a0f36e14eeeac2288b1d983fd51/gnocchi.9db16a51-6e06-448b-97b0-801463014277/none_v3" "tx17719148c4ba46cfbcdf6-006a282448" "proxy-server 20" 0.0120 "-" 24 0
Jun 9 14:33:44 standalone proxy-server[129613]: 172.18.0.2 172.18.0.100 09/Jun/2026/14/33/44 PUT /v1/AUTH_c4350a0f36e14eeeac2288b1d983fd51/gnocchi.9db16a51-6e06-448b-97b0-801463014277/none_v3 HTTP/1.0 201 - python-swiftclient-3.11.1 gAAAAABqKCQNltYa... 22 - - tx17719148c4ba46cfbcdf6-006a282448 - 0.0185 - - 1781015624.249623060 1781015624.268130302 0
Jun 9 14:33:44 standalone container-server[127386]: 172.20.0.100 - - [09/Jun/2026:14:33:44 +0000] "HEAD /d1/582/AUTH_c4350a0f36e14eeeac2288b1d983fd51/gnocchi.89d76670-30a0-479e-a070-d89fb48f9830" 404 - "HEAD http://172.18.0.2:8080/v1/AUTH_c4350a0f36e14eeeac2288b1d983fd51/gnocchi.89d76670-30a0-479e-a070-d89fb48f9830?format=json&states=listing" "tx58404313b0f645d78d69b-006a282448" "proxy-server 20" 0.0004 "-" 21 0
Jun 9 14:33:44 standalone object-server[127843]: 172.20.0.100 - - [09/Jun/2026:14:33:44 +0000] "GET /d1/486/AUTH_c4350a0f36e14eeeac2288b1d983fd51/gnocchi.89d76670-30a0-479e-a070-d89fb48f9830/none_v3" 404 70 "GET http://172.18.0.2:8080/v1/AUTH_c4350a0f36e14eeeac2288b1d983fd51/gnocchi.89d76670-30a0-479e-a070-d89fb48f9830/none_v3" "tx58404313b0f645d78d69b-006a282448" "proxy-server 20" 0.0006 "-" 25 0
Jun 9 14:33:44 standalone proxy-server[129613]: 172.18.0.2 172.18.0.100 09/Jun/2026/14/33/44 GET /v1/AUTH_c4350a0f36e14eeeac2288b1d983fd51/gnocchi.89d76670-30a0-479e-a070-d89fb48f9830/none_v3 HTTP/1.0 404 - python-swiftclient-3.11.1 gAAAAABqKCQNltYa... - 70 - tx58404313b0f645d78d69b-006a282448 - 0.0163 - - 1781015624.300730705 1781015624.317005873 0
Jun 9 14:33:44 standalone account-server[127289]: 172.20.0.100 - - [09/Jun/2026:14:33:44 +0000] "PUT /d1/315/AUTH_c4350a0f36e14eeeac2288b1d983fd51/gnocchi.89d76670-30a0-479e-a070-d89fb48f9830" 201 - "PUT http://172.20.0.100:6001/d1/582/AUTH_c4350a0f36e14eeeac2288b1d983fd51/gnocchi.89d76670-30a0-479e-a070-d89fb48f9830" "txfd5db64b8aba477a99854-006a282448" "container-server 22" 0.0224 "-" 16 0
Jun 9 14:33:44 standalone container-server[127395]: 172.20.0.100 - - [09/Jun/2026:14:33:44 +0000] "PUT /d1/582/AUTH_c4350a0f36e14eeeac2288b1d983fd51/gnocchi.89d76670-30a0-479e-a070-d89fb48f9830" 201 - "PUT http://172.18.0.2:8080/v1/AUTH_c4350a0f36e14eeeac2288b1d983fd51/gnocchi.89d76670-30a0-479e-a070-d89fb48f9830" "txfd5db64b8aba477a99854-006a282448" "proxy-server 20" 0.0629 "-" 22 0
Jun 9 14:33:44 standalone proxy-server[129613]: 172.18.0.2 172.18.0.100 09/Jun/2026/14/33/44 PUT /v1/AUTH_c4350a0f36e14eeeac2288b1d983fd51/gnocchi.89d76670-30a0-479e-a070-d89fb48f9830 HTTP/1.0 201 - python-swiftclient-3.11.1 gAAAAABqKCQNltYa... - - - txfd5db64b8aba477a99854-006a282448 - 0.0675 - - 1781015624.320561647 1781015624.388074160 0
Jun 9 14:33:44 standalone container-server[127407]: 172.20.0.100 - - [09/Jun/2026:14:33:44 +0000] "HEAD /d1/582/AUTH_c4350a0f36e14eeeac2288b1d983fd51/gnocchi.89d76670-30a0-479e-a070-d89fb48f9830" 204 - "HEAD http://172.18.0.2:8080/v1/AUTH_c4350a0f36e14eeeac2288b1d983fd51/gnocchi.89d76670-30a0-479e-a070-d89fb48f9830?format=json&states=listing" "tx425ef2656288477aa4be1-006a282448" "proxy-server 20" 0.0015 "-" 23 0
Jun 9 14:33:44 standalone proxy-server[129613]: - - 09/Jun/2026/14/33/44 HEAD /v1/AUTH_c4350a0f36e14eeeac2288b1d983fd51/gnocchi.89d76670-30a0-479e-a070-d89fb48f9830%3Fformat%3Djson%26states%3Dlisting HTTP/1.0 204 - Swift - - - - tx425ef2656288477aa4be1-006a282448 - 0.0042 RL - 1781015624.398589373 1781015624.402782202 0
Jun 9 14:33:44 standalone container-server[127407]: 172.20.0.100 - - [09/Jun/2026:14:33:44 +0000] "GET /d1/582/AUTH_c4350a0f36e14eeeac2288b1d983fd51/gnocchi.89d76670-30a0-479e-a070-d89fb48f9830" 200 2 "GET http://172.18.0.2:8080/v1/AUTH_c4350a0f36e14eeeac2288b1d983fd51/gnocchi.89d76670-30a0-479e-a070-d89fb48f9830?format=json&states=listing" "tx425ef2656288477aa4be1-006a282448" "proxy-server 20" 0.0021 "-" 23 0
Jun 9 14:33:44 standalone proxy-server[129613]: 172.18.0.2 172.18.0.100 09/Jun/2026/14/33/44 GET /v1/AUTH_c4350a0f36e14eeeac2288b1d983fd51/gnocchi.89d76670-30a0-479e-a070-d89fb48f9830%3Fformat%3Djson%26states%3Dlisting HTTP/1.0 200 - python-swiftclient-3.11.1 gAAAAABqKCQNltYa... - 2 - tx425ef2656288477aa4be1-006a282448 - 0.0119 - - 1781015624.397668362 1781015624.409605742 0
Jun 9 14:33:44 standalone object-server[127823]: 172.20.0.100 - - [09/Jun/2026:14:33:44 +0000] "GET /d1/880/AUTH_c4350a0f36e14eeeac2288b1d983fd51/gnocchi.89d76670-30a0-479e-a070-d89fb48f9830/1780920000.0_mean_300.0_v3" 404 70 "GET http://172.18.0.2:8080/v1/AUTH_c4350a0f36e14eeeac2288b1d983fd51/gnocchi.89d76670-30a0-479e-a070-d89fb48f9830/1780920000.0_mean_300.0_v3" "tx5a3a3108217844bfb1a88-006a282448" "proxy-server 20" 0.0005 "-" 22 0
Jun 9 14:33:44 standalone proxy-server[129613]: 172.18.0.2 172.18.0.100 09/Jun/2026/14/33/44 GET /v1/AUTH_c4350a0f36e14eeeac2288b1d983fd51/gnocchi.89d76670-30a0-479e-a070-d89fb48f9830/1780920000.0_mean_300.0_v3 HTTP/1.0 404 - python-swiftclient-3.11.1 gAAAAABqKCQNltYa... - 70 - tx5a3a3108217844bfb1a88-006a282448 - 0.0053 - - 1781015624.412762403 1781015624.418038607 0
Jun 9 14:33:44 standalone container-server[127395]: 172.20.0.100 - - [09/Jun/2026:14:33:44 +0000] "PUT /d1/582/AUTH_c4350a0f36e14eeeac2288b1d983fd51/gnocchi.89d76670-30a0-479e-a070-d89fb48f9830/1780920000.0_mean_300.0_v3" 201 - "PUT http://172.18.0.2:8080/d1/880/AUTH_c4350a0f36e14eeeac2288b1d983fd51/gnocchi.89d76670-30a0-479e-a070-d89fb48f9830/1780920000.0_mean_300.0_v3" "txa0a505cb05be4ed685b27-006a282448" "object-server 25" 0.0005 "-" 22 0
Jun 9 14:33:44 standalone object-server[127843]: 172.20.0.100 - - [09/Jun/2026:14:33:44 +0000] "PUT /d1/880/AUTH_c4350a0f36e14eeeac2288b1d983fd51/gnocchi.89d76670-30a0-479e-a070-d89fb48f9830/1780920000.0_mean_300.0_v3" 201 - "PUT http://172.18.0.2:8080/v1/AUTH_c4350a0f36e14eeeac2288b1d983fd51/gnocchi.89d76670-30a0-479e-a070-d89fb48f9830/1780920000.0_mean_300.0_v3" "txa0a505cb05be4ed685b27-006a282448" "proxy-server 20" 0.0173 "-" 25 0
Jun 9 14:33:44 standalone proxy-server[129613]: 172.18.0.2 172.18.0.100 09/Jun/2026/14/33/44 PUT /v1/AUTH_c4350a0f36e14eeeac2288b1d983fd51/gnocchi.89d76670-30a0-479e-a070-d89fb48f9830/1780920000.0_mean_300.0_v3 HTTP/1.0 201 - python-swiftclient-3.11.1 gAAAAABqKCQNltYa... 16 - - txa0a505cb05be4ed685b27-006a282448 - 0.0228 - - 1781015624.420061350 1781015624.442892790 0
Jun 9 14:33:44 standalone container-server[127383]: 172.20.0.100 - - [09/Jun/2026:14:33:44 +0000] "PUT /d1/582/AUTH_c4350a0f36e14eeeac2288b1d983fd51/gnocchi.89d76670-30a0-479e-a070-d89fb48f9830/none_v3" 201 - "PUT http://172.18.0.2:8080/d1/486/AUTH_c4350a0f36e14eeeac2288b1d983fd51/gnocchi.89d76670-30a0-479e-a070-d89fb48f9830/none_v3" "tx8c7efa202ae643f7af000-006a282448" "object-server 23" 0.0006 "-" 20 0
Jun 9 14:33:44 standalone object-server[127828]: 172.20.0.100 - - [09/Jun/2026:14:33:44 +0000] "PUT /d1/486/AUTH_c4350a0f36e14eeeac2288b1d983fd51/gnocchi.89d76670-30a0-479e-a070-d89fb48f9830/none_v3" 201 - "PUT http://172.18.0.2:8080/v1/AUTH_c4350a0f36e14eeeac2288b1d983fd51/gnocchi.89d76670-30a0-479e-a070-d89fb48f9830/none_v3" "tx8c7efa202ae643f7af000-006a282448" "proxy-server 20" 0.0389 "-" 23 0
Jun 9 14:33:44 standalone proxy-server[129613]: 172.18.0.2 172.18.0.100 09/Jun/2026/14/33/44 PUT /v1/AUTH_c4350a0f36e14eeeac2288b1d983fd51/gnocchi.89d76670-30a0-479e-a070-d89fb48f9830/none_v3 HTTP/1.0 201 - python-swiftclient-3.11.1 gAAAAABqKCQNltYa... 22 - - tx8c7efa202ae643f7af000-006a282448 - 0.0450 - - 1781015624.445098162 1781015624.490145683 0
Jun 9 14:33:52 standalone account-server[127283]: 172.20.0.100 - - [09/Jun/2026:14:33:52 +0000] "HEAD /d1/315/AUTH_c4350a0f36e14eeeac2288b1d983fd51" 204 - "HEAD http://172.18.0.2:8080/v1/AUTH_c4350a0f36e14eeeac2288b1d983fd51?format=json" "tx2799eca0998a48de8cc1d-006a282450" "proxy-server 20" 0.0088 "-" 15 -
Jun 9 14:33:52 standalone proxy-server[129613]: - - 09/Jun/2026/14/33/52 HEAD /v1/AUTH_c4350a0f36e14eeeac2288b1d983fd51%3Fformat%3Djson HTTP/1.0 204 - Swift - - - - tx2799eca0998a48de8cc1d-006a282450 - 0.0134 RL - 1781015632.748839855 1781015632.762246132 -
Jun 9 14:33:52 standalone container-server[127383]: 172.20.0.100 - - [09/Jun/2026:14:33:52 +0000] "HEAD /d1/979/AUTH_c4350a0f36e14eeeac2288b1d983fd51/gnocchi.c67708b4-36d7-4634-abb3-ebf8ddba6cb9" 404 - "HEAD http://172.18.0.2:8080/v1/AUTH_c4350a0f36e14eeeac2288b1d983fd51/gnocchi.c67708b4-36d7-4634-abb3-ebf8ddba6cb9?format=json&states=listing" "tx2799eca0998a48de8cc1d-006a282450" "proxy-server 20" 0.0005 "-" 20 0
Jun 9 14:33:52 standalone object-server[127823]: 172.20.0.100 - - [09/Jun/2026:14:33:52 +0000] "GET /d1/80/AUTH_c4350a0f36e14eeeac2288b1d983fd51/gnocchi.c67708b4-36d7-4634-abb3-ebf8ddba6cb9/none_v3" 404 70 "GET http://172.18.0.2:8080/v1/AUTH_c4350a0f36e14eeeac2288b1d983fd51/gnocchi.c67708b4-36d7-4634-abb3-ebf8ddba6cb9/none_v3" "tx2799eca0998a48de8cc1d-006a282450" "proxy-server 20" 0.0004 "-" 22 0
Jun 9 14:33:52 standalone proxy-server[129613]: 172.18.0.2 172.18.0.100 09/Jun/2026/14/33/52 GET /v1/AUTH_c4350a0f36e14eeeac2288b1d983fd51/gnocchi.c67708b4-36d7-4634-abb3-ebf8ddba6cb9/none_v3 HTTP/1.0 404 - python-swiftclient-3.11.1 gAAAAABqKCQNltYa... - 70 - tx2799eca0998a48de8cc1d-006a282450 - 0.0284 - - 1781015632.747844458 1781015632.776273727 0
Jun 9 14:33:52 standalone account-server[127305]: 172.20.0.100 - - [09/Jun/2026:14:33:52 +0000] "PUT /d1/315/AUTH_c4350a0f36e14eeeac2288b1d983fd51/gnocchi.c67708b4-36d7-4634-abb3-ebf8ddba6cb9" 201 - "PUT http://172.20.0.100:6001/d1/979/AUTH_c4350a0f36e14eeeac2288b1d983fd51/gnocchi.c67708b4-36d7-4634-abb3-ebf8ddba6cb9" "txfa283854ebb1486f8667e-006a282450" "container-server 20" 0.0016 "-" 17 0
Jun 9 14:33:52 standalone container-server[127383]: 172.20.0.100 - - [09/Jun/2026:14:33:52 +0000] "PUT /d1/979/AUTH_c4350a0f36e14eeeac2288b1d983fd51/gnocchi.c67708b4-36d7-4634-abb3-ebf8ddba6cb9" 201 - "PUT http://172.18.0.2:8080/v1/AUTH_c4350a0f36e14eeeac2288b1d983fd51/gnocchi.c67708b4-36d7-4634-abb3-ebf8ddba6cb9" "txfa283854ebb1486f8667e-006a282450" "proxy-server 20" 0.0123 "-" 20 0
Jun 9 14:33:52 standalone proxy-server[129613]: 172.18.0.2 172.18.0.100 09/Jun/2026/14/33/52 PUT /v1/AUTH_c4350a0f36e14eeeac2288b1d983fd51/gnocchi.c67708b4-36d7-4634-abb3-ebf8ddba6cb9 HTTP/1.0 201 - python-swiftclient-3.11.1 gAAAAABqKCQNltYa... - - - txfa283854ebb1486f8667e-006a282450 - 0.0196 - - 1781015632.782063723 1781015632.801640034 0
Jun 9 14:33:52 standalone container-server[127386]: 172.20.0.100 - - [09/Jun/2026:14:33:52 +0000] "HEAD /d1/979/AUTH_c4350a0f36e14eeeac2288b1d983fd51/gnocchi.c67708b4-36d7-4634-abb3-ebf8ddba6cb9" 204 - "HEAD http://172.18.0.2:8080/v1/AUTH_c4350a0f36e14eeeac2288b1d983fd51/gnocchi.c67708b4-36d7-4634-abb3-ebf8ddba6cb9?format=json&states=listing" "tx4dd4b17530d642e9b20d3-006a282450" "proxy-server 20" 0.0014 "-" 21 0
Jun 9 14:33:52 standalone proxy-server[129613]: - - 09/Jun/2026/14/33/52 HEAD /v1/AUTH_c4350a0f36e14eeeac2288b1d983fd51/gnocchi.c67708b4-36d7-4634-abb3-ebf8ddba6cb9%3Fformat%3Djson%26states%3Dlisting HTTP/1.0 204 - Swift - - - - tx4dd4b17530d642e9b20d3-006a282450 - 0.0045 RL - 1781015632.805685043 1781015632.810178518 0
Jun 9 14:33:52 standalone container-server[127386]: 172.20.0.100 - - [09/Jun/2026:14:33:52 +0000] "GET /d1/979/AUTH_c4350a0f36e14eeeac2288b1d983fd51/gnocchi.c67708b4-36d7-4634-abb3-ebf8ddba6cb9" 200 2 "GET http://172.18.0.2:8080/v1/AUTH_c4350a0f36e14eeeac2288b1d983fd51/gnocchi.c67708b4-36d7-4634-abb3-ebf8ddba6cb9?format=json&states=listing" "tx4dd4b17530d642e9b20d3-006a282450" "proxy-server 20" 0.0025 "-" 21 0
Jun 9 14:33:52 standalone proxy-server[129613]: 172.18.0.2 172.18.0.100 09/Jun/2026/14/33/52 GET /v1/AUTH_c4350a0f36e14eeeac2288b1d983fd51/gnocchi.c67708b4-36d7-4634-abb3-ebf8ddba6cb9%3Fformat%3Djson%26states%3Dlisting HTTP/1.0 200 - python-swiftclient-3.11.1 gAAAAABqKCQNltYa... - 2 - tx4dd4b17530d642e9b20d3-006a282450 - 0.0122 - - 1781015632.804773092 1781015632.816983700 0
Jun 9 14:33:52 standalone object-server[127828]: 172.20.0.100 - - [09/Jun/2026:14:33:52 +0000] "GET /d1/308/AUTH_c4350a0f36e14eeeac2288b1d983fd51/gnocchi.c67708b4-36d7-4634-abb3-ebf8ddba6cb9/1780920000.0_mean_300.0_v3" 404 70 "GET http://172.18.0.2:8080/v1/AUTH_c4350a0f36e14eeeac2288b1d983fd51/gnocchi.c67708b4-36d7-4634-abb3-ebf8ddba6cb9/1780920000.0_mean_300.0_v3" "tx69de2224df8a49139ee16-006a282450" "proxy-server 20" 0.0004 "-" 23 0
Jun 9 14:33:52 standalone proxy-server[129613]: 172.18.0.2 172.18.0.100 09/Jun/2026/14/33/52 GET /v1/AUTH_c4350a0f36e14eeeac2288b1d983fd51/gnocchi.c67708b4-36d7-4634-abb3-ebf8ddba6cb9/1780920000.0_mean_300.0_v3 HTTP/1.0 404 - python-swiftclient-3.11.1 gAAAAABqKCQNltYa... - 70 - tx69de2224df8a49139ee16-006a282450 - 0.0071 - - 1781015632.820587873 1781015632.827650070 0
Jun 9 14:33:52 standalone container-server[127386]: 172.20.0.100 - - [09/Jun/2026:14:33:52 +0000] "PUT /d1/979/AUTH_c4350a0f36e14eeeac2288b1d983fd51/gnocchi.c67708b4-36d7-4634-abb3-ebf8ddba6cb9/1780920000.0_mean_300.0_v3" 201 - "PUT http://172.18.0.2:8080/d1/308/AUTH_c4350a0f36e14eeeac2288b1d983fd51/gnocchi.c67708b4-36d7-4634-abb3-ebf8ddba6cb9/1780920000.0_mean_300.0_v3" "tx0131df3dbb5f4761943bb-006a282450" "object-server 24" 0.0009 "-" 21 0
Jun 9 14:33:52 standalone object-server[127836]: 172.20.0.100 - - [09/Jun/2026:14:33:52 +0000] "PUT /d1/308/AUTH_c4350a0f36e14eeeac2288b1d983fd51/gnocchi.c67708b4-36d7-4634-abb3-ebf8ddba6cb9/1780920000.0_mean_300.0_v3" 201 - "PUT http://172.18.0.2:8080/v1/AUTH_c4350a0f36e14eeeac2288b1d983fd51/gnocchi.c67708b4-36d7-4634-abb3-ebf8ddba6cb9/1780920000.0_mean_300.0_v3" "tx0131df3dbb5f4761943bb-006a282450" "proxy-server 20" 0.0134 "-" 24 0
Jun 9 14:33:52 standalone proxy-server[129613]: 172.18.0.2 172.18.0.100 09/Jun/2026/14/33/52 PUT /v1/AUTH_c4350a0f36e14eeeac2288b1d983fd51/gnocchi.c67708b4-36d7-4634-abb3-ebf8ddba6cb9/1780920000.0_mean_300.0_v3 HTTP/1.0 201 - python-swiftclient-3.11.1 gAAAAABqKCQNltYa... 16 - - tx0131df3dbb5f4761943bb-006a282450 - 0.0270 - - 1781015632.833363771 1781015632.860386610 0
Jun 9 14:33:52 standalone container-server[127386]: 172.20.0.100 - - [09/Jun/2026:14:33:52 +0000] "PUT /d1/979/AUTH_c4350a0f36e14eeeac2288b1d983fd51/gnocchi.c67708b4-36d7-4634-abb3-ebf8ddba6cb9/none_v3" 201 - "PUT http://172.18.0.2:8080/d1/80/AUTH_c4350a0f36e14eeeac2288b1d983fd51/gnocchi.c67708b4-36d7-4634-abb3-ebf8ddba6cb9/none_v3" "tx6053f30ccf1b45ba83372-006a282450" "object-server 25" 0.0006 "-" 21 0
Jun 9 14:33:52 standalone object-server[127843]: 172.20.0.100 - - [09/Jun/2026:14:33:52 +0000] "PUT /d1/80/AUTH_c4350a0f36e14eeeac2288b1d983fd51/gnocchi.c67708b4-36d7-4634-abb3-ebf8ddba6cb9/none_v3" 201 - "PUT http://172.18.0.2:8080/v1/AUTH_c4350a0f36e14eeeac2288b1d983fd51/gnocchi.c67708b4-36d7-4634-abb3-ebf8ddba6cb9/none_v3" "tx6053f30ccf1b45ba83372-006a282450" "proxy-server 20" 0.0124 "-" 25 0
Jun 9 14:33:52 standalone proxy-server[129613]: 172.18.0.2 172.18.0.100 09/Jun/2026/14/33/52 PUT /v1/AUTH_c4350a0f36e14eeeac2288b1d983fd51/gnocchi.c67708b4-36d7-4634-abb3-ebf8ddba6cb9/none_v3 HTTP/1.0 201 - python-swiftclient-3.11.1 gAAAAABqKCQNltYa... 22 - - tx6053f30ccf1b45ba83372-006a282450 - 0.0237 - - 1781015632.864347696 1781015632.888070345 0
Jun 9 14:33:52 standalone container-server[127407]: 172.20.0.100 - - [09/Jun/2026:14:33:52 +0000] "HEAD /d1/795/AUTH_c4350a0f36e14eeeac2288b1d983fd51/gnocchi.192afb56-269c-4ca0-a04e-43192f284c3d" 404 - "HEAD http://172.18.0.2:8080/v1/AUTH_c4350a0f36e14eeeac2288b1d983fd51/gnocchi.192afb56-269c-4ca0-a04e-43192f284c3d?format=json&states=listing" "txa478692dacaa489b86367-006a282450" "proxy-server 20" 0.0005 "-" 23 0
Jun 9 14:33:52 standalone object-server[127823]: 172.20.0.100 - - [09/Jun/2026:14:33:52 +0000] "GET /d1/930/AUTH_c4350a0f36e14eeeac2288b1d983fd51/gnocchi.192afb56-269c-4ca0-a04e-43192f284c3d/none_v3" 404 70 "GET http://172.18.0.2:8080/v1/AUTH_c4350a0f36e14eeeac2288b1d983fd51/gnocchi.192afb56-269c-4ca0-a04e-43192f284c3d/none_v3" "txa478692dacaa489b86367-006a282450" "proxy-server 20" 0.0004 "-" 22 0
Jun 9 14:33:52 standalone proxy-server[129613]: 172.18.0.2 172.18.0.100 09/Jun/2026/14/33/52 GET /v1/AUTH_c4350a0f36e14eeeac2288b1d983fd51/gnocchi.192afb56-269c-4ca0-a04e-43192f284c3d/none_v3 HTTP/1.0 404 - python-swiftclient-3.11.1 gAAAAABqKCQNltYa... - 70 - txa478692dacaa489b86367-006a282450 - 0.0125 - - 1781015632.917884827 1781015632.930426359 0
Jun 9 14:33:52 standalone account-server[127289]: 172.20.0.100 - - [09/Jun/2026:14:33:52 +0000] "PUT /d1/315/AUTH_c4350a0f36e14eeeac2288b1d983fd51/gnocchi.192afb56-269c-4ca0-a04e-43192f284c3d" 201 - "PUT http://172.20.0.100:6001/d1/795/AUTH_c4350a0f36e14eeeac2288b1d983fd51/gnocchi.192afb56-269c-4ca0-a04e-43192f284c3d" "tx41ba5a803c314f83a5d5d-006a282450" "container-server 20" 0.0103 "-" 16 0
Jun 9 14:33:52 standalone container-server[127383]: 172.20.0.100 - - [09/Jun/2026:14:33:52 +0000] "PUT /d1/795/AUTH_c4350a0f36e14eeeac2288b1d983fd51/gnocchi.192afb56-269c-4ca0-a04e-43192f284c3d" 201 - "PUT http://172.18.0.2:8080/v1/AUTH_c4350a0f36e14eeeac2288b1d983fd51/gnocchi.192afb56-269c-4ca0-a04e-43192f284c3d" "tx41ba5a803c314f83a5d5d-006a282450" "proxy-server 20" 0.0263 "-" 20 0
Jun 9 14:33:52 standalone proxy-server[129613]: 172.18.0.2 172.18.0.100 09/Jun/2026/14/33/52 PUT /v1/AUTH_c4350a0f36e14eeeac2288b1d983fd51/gnocchi.192afb56-269c-4ca0-a04e-43192f284c3d HTTP/1.0 201 - python-swiftclient-3.11.1 gAAAAABqKCQNltYa... - - - tx41ba5a803c314f83a5d5d-006a282450 - 0.0314 - - 1781015632.933259964 1781015632.964677334 0
Jun 9 14:33:52 standalone container-server[127383]: 172.20.0.100 - - [09/Jun/2026:14:33:52 +0000] "HEAD /d1/795/AUTH_c4350a0f36e14eeeac2288b1d983fd51/gnocchi.192afb56-269c-4ca0-a04e-43192f284c3d" 204 - "HEAD http://172.18.0.2:8080/v1/AUTH_c4350a0f36e14eeeac2288b1d983fd51/gnocchi.192afb56-269c-4ca0-a04e-43192f284c3d?format=json&states=listing" "tx286b85f7915a412a8b7e3-006a282450" "proxy-server 20" 0.0021 "-" 20 0
Jun 9 14:33:52 standalone proxy-server[129613]: - - 09/Jun/2026/14/33/52 HEAD /v1/AUTH_c4350a0f36e14eeeac2288b1d983fd51/gnocchi.192afb56-269c-4ca0-a04e-43192f284c3d%3Fformat%3Djson%26states%3Dlisting HTTP/1.0 204 - Swift - - - - tx286b85f7915a412a8b7e3-006a282450 - 0.0063 RL - 1781015632.969138145 1781015632.975408792 0
Jun 9 14:33:52 standalone container-server[127386]: 172.20.0.100 - - [09/Jun/2026:14:33:52 +0000] "GET /d1/795/AUTH_c4350a0f36e14eeeac2288b1d983fd51/gnocchi.192afb56-269c-4ca0-a04e-43192f284c3d" 200 2 "GET http://172.18.0.2:8080/v1/AUTH_c4350a0f36e14eeeac2288b1d983fd51/gnocchi.192afb56-269c-4ca0-a04e-43192f284c3d?format=json&states=listing" "tx286b85f7915a412a8b7e3-006a282450" "proxy-server 20" 0.0033 "-" 21 0
Jun 9 14:33:53 standalone proxy-server[129613]: 172.18.0.2 172.18.0.100 09/Jun/2026/14/33/53 GET /v1/AUTH_c4350a0f36e14eeeac2288b1d983fd51/gnocchi.192afb56-269c-4ca0-a04e-43192f284c3d%3Fformat%3Djson%26states%3Dlisting HTTP/1.0 200 - python-swiftclient-3.11.1 gAAAAABqKCQNltYa... - 2 - tx286b85f7915a412a8b7e3-006a282450 - 0.0664 - - 1781015632.967868090 1781015633.034292221 0
Jun 9 14:33:53 standalone object-server[127828]: 172.20.0.100 - - [09/Jun/2026:14:33:53 +0000] "GET /d1/149/AUTH_c4350a0f36e14eeeac2288b1d983fd51/gnocchi.192afb56-269c-4ca0-a04e-43192f284c3d/1780920000.0_mean_300.0_v3" 404 70 "GET http://172.18.0.2:8080/v1/AUTH_c4350a0f36e14eeeac2288b1d983fd51/gnocchi.192afb56-269c-4ca0-a04e-43192f284c3d/1780920000.0_mean_300.0_v3" "tx744cab04da974ffe9764b-006a282451" "proxy-server 20" 0.0004 "-" 23 0
Jun 9 14:33:53 standalone proxy-server[129613]: 172.18.0.2 172.18.0.100 09/Jun/2026/14/33/53 GET /v1/AUTH_c4350a0f36e14eeeac2288b1d983fd51/gnocchi.192afb56-269c-4ca0-a04e-43192f284c3d/1780920000.0_mean_300.0_v3 HTTP/1.0 404 - python-swiftclient-3.11.1 gAAAAABqKCQNltYa... - 70 - tx744cab04da974ffe9764b-006a282451 - 0.0077 - - 1781015633.038182974 1781015633.045842409 0
Jun 9 14:33:53 standalone container-server[127386]: 172.20.0.100 - - [09/Jun/2026:14:33:53 +0000] "PUT /d1/795/AUTH_c4350a0f36e14eeeac2288b1d983fd51/gnocchi.192afb56-269c-4ca0-a04e-43192f284c3d/1780920000.0_mean_300.0_v3" 201 - "PUT http://172.18.0.2:8080/d1/149/AUTH_c4350a0f36e14eeeac2288b1d983fd51/gnocchi.192afb56-269c-4ca0-a04e-43192f284c3d/1780920000.0_mean_300.0_v3" "tx910f8516a6a94eaa8b115-006a282451" "object-server 24" 0.0015 "-" 21 0
Jun 9 14:33:53 standalone object-server[127836]: 172.20.0.100 - - [09/Jun/2026:14:33:53 +0000] "PUT /d1/149/AUTH_c4350a0f36e14eeeac2288b1d983fd51/gnocchi.192afb56-269c-4ca0-a04e-43192f284c3d/1780920000.0_mean_300.0_v3" 201 - "PUT http://172.18.0.2:8080/v1/AUTH_c4350a0f36e14eeeac2288b1d983fd51/gnocchi.192afb56-269c-4ca0-a04e-43192f284c3d/1780920000.0_mean_300.0_v3" "tx910f8516a6a94eaa8b115-006a282451" "proxy-server 20" 0.0152 "-" 24 0
Jun 9 14:33:53 standalone proxy-server[129613]: 172.18.0.2 172.18.0.100 09/Jun/2026/14/33/53 PUT /v1/AUTH_c4350a0f36e14eeeac2288b1d983fd51/gnocchi.192afb56-269c-4ca0-a04e-43192f284c3d/1780920000.0_mean_300.0_v3 HTTP/1.0 201 - python-swiftclient-3.11.1 gAAAAABqKCQNltYa... 16 - - tx910f8516a6a94eaa8b115-006a282451 - 0.0235 - - 1781015633.050996304 1781015633.074448586 0
