Jun 10 08:19:17 standalone container-server[126469]: 172.20.0.100 - - [10/Jun/2026:08:19:17 +0000] "PUT /d1/650/AUTH_7f00912ffce942ea98eb279238f21346/gnocchi.8a79ebfb-4762-4424-9ebf-220742220087/none_v3" 201 - "PUT http://172.18.0.2:8080/d1/144/AUTH_7f00912ffce942ea98eb279238f21346/gnocchi.8a79ebfb-4762-4424-9ebf-220742220087/none_v3" "tx5169cf7c530f4c3d80f3a-006a291e05" "object-server 23" 0.0005 "-" 23 0
Jun 10 08:19:17 standalone object-server[126707]: 172.20.0.100 - - [10/Jun/2026:08:19:17 +0000] "PUT /d1/144/AUTH_7f00912ffce942ea98eb279238f21346/gnocchi.8a79ebfb-4762-4424-9ebf-220742220087/none_v3" 201 - "PUT http://172.18.0.2:8080/v1/AUTH_7f00912ffce942ea98eb279238f21346/gnocchi.8a79ebfb-4762-4424-9ebf-220742220087/none_v3" "tx5169cf7c530f4c3d80f3a-006a291e05" "proxy-server 20" 0.0099 "-" 23 0
Jun 10 08:19:17 standalone proxy-server[128651]: 172.18.0.2 172.18.0.100 10/Jun/2026/08/19/17 PUT /v1/AUTH_7f00912ffce942ea98eb279238f21346/gnocchi.8a79ebfb-4762-4424-9ebf-220742220087/none_v3 HTTP/1.0 201 - python-swiftclient-3.11.1 gAAAAABqKR2KA6fE... 22 - - tx5169cf7c530f4c3d80f3a-006a291e05 - 0.0150 - - 1781079557.815383434 1781079557.830342054 0
Jun 10 08:19:18 standalone object-server[126708]: 172.20.0.100 - - [10/Jun/2026:08:19:18 +0000] "GET /d1/486/AUTH_7f00912ffce942ea98eb279238f21346/gnocchi.960fd76c-301e-470f-946d-b68cff1674d8/none_v3" 200 33 "GET http://172.18.0.2:8080/v1/AUTH_7f00912ffce942ea98eb279238f21346/gnocchi.960fd76c-301e-470f-946d-b68cff1674d8/none_v3" "txecdb6178f1cf4e50901f9-006a291e06" "proxy-server 20" 0.0006 "-" 24 0
Jun 10 08:19:18 standalone proxy-server[128651]: 172.18.0.2 172.18.0.100 10/Jun/2026/08/19/18 GET /v1/AUTH_7f00912ffce942ea98eb279238f21346/gnocchi.960fd76c-301e-470f-946d-b68cff1674d8/none_v3 HTTP/1.0 200 - python-swiftclient-3.11.1 gAAAAABqKR2KA6fE... - 33 - txecdb6178f1cf4e50901f9-006a291e06 - 0.0121 - - 1781079558.017267704 1781079558.029377460 0
Jun 10 08:19:18 standalone container-server[126464]: 172.20.0.100 - - [10/Jun/2026:08:19:18 +0000] "GET /d1/796/AUTH_7f00912ffce942ea98eb279238f21346/gnocchi.960fd76c-301e-470f-946d-b68cff1674d8" 200 357 "GET http://172.18.0.2:8080/v1/AUTH_7f00912ffce942ea98eb279238f21346/gnocchi.960fd76c-301e-470f-946d-b68cff1674d8?format=json&states=listing" "tx828e9cb5663742f1a131f-006a291e06" "proxy-server 20" 0.0120 "-" 21 0
Jun 10 08:19:18 standalone proxy-server[128651]: 172.18.0.2 172.18.0.100 10/Jun/2026/08/19/18 GET /v1/AUTH_7f00912ffce942ea98eb279238f21346/gnocchi.960fd76c-301e-470f-946d-b68cff1674d8%3Fformat%3Djson%26states%3Dlisting HTTP/1.0 200 - python-swiftclient-3.11.1 gAAAAABqKR2KA6fE... - 357 - tx828e9cb5663742f1a131f-006a291e06 - 0.0235 - - 1781079558.039760113 1781079558.063219309 0
Jun 10 08:19:18 standalone container-server[126454]: 172.20.0.100 - - [10/Jun/2026:08:19:18 +0000] "GET /d1/796/AUTH_7f00912ffce942ea98eb279238f21346/gnocchi.960fd76c-301e-470f-946d-b68cff1674d8" 200 2 "GET http://172.18.0.2:8080/v1/AUTH_7f00912ffce942ea98eb279238f21346/gnocchi.960fd76c-301e-470f-946d-b68cff1674d8?format=json&marker=none_v3&states=listing" "tx4aa2bde5632e4831b9b7a-006a291e06" "proxy-server 20" 0.0018 "-" 20 0
Jun 10 08:19:18 standalone proxy-server[128651]: 172.18.0.2 172.18.0.100 10/Jun/2026/08/19/18 GET /v1/AUTH_7f00912ffce942ea98eb279238f21346/gnocchi.960fd76c-301e-470f-946d-b68cff1674d8%3Fformat%3Djson%26marker%3Dnone_v3%26states%3Dlisting HTTP/1.0 200 - python-swiftclient-3.11.1 gAAAAABqKR2KA6fE... - 2 - tx4aa2bde5632e4831b9b7a-006a291e06 - 0.0106 - - 1781079558.067079067 1781079558.077712297 0
Jun 10 08:19:18 standalone object-server[126707]: 172.20.0.100 - - [10/Jun/2026:08:19:18 +0000] "GET /d1/709/AUTH_7f00912ffce942ea98eb279238f21346/gnocchi.960fd76c-301e-470f-946d-b68cff1674d8/1780920000.0_mean_300.0_v3" 200 16 "GET http://172.18.0.2:8080/v1/AUTH_7f00912ffce942ea98eb279238f21346/gnocchi.960fd76c-301e-470f-946d-b68cff1674d8/1780920000.0_mean_300.0_v3" "txc338004b997045ea809b8-006a291e06" "proxy-server 20" 0.0006 "-" 23 0
Jun 10 08:19:18 standalone proxy-server[128651]: 172.18.0.2 172.18.0.100 10/Jun/2026/08/19/18 GET /v1/AUTH_7f00912ffce942ea98eb279238f21346/gnocchi.960fd76c-301e-470f-946d-b68cff1674d8/1780920000.0_mean_300.0_v3 HTTP/1.0 200 - python-swiftclient-3.11.1 gAAAAABqKR2KA6fE... - 16 - txc338004b997045ea809b8-006a291e06 - 0.0107 - - 1781079558.083804846 1781079558.094523907 0
Jun 10 08:19:18 standalone container-server[126466]: 172.20.0.100 - - [10/Jun/2026:08:19:18 +0000] "PUT /d1/796/AUTH_7f00912ffce942ea98eb279238f21346/gnocchi.960fd76c-301e-470f-946d-b68cff1674d8/1780920000.0_mean_300.0_v3" 201 - "PUT http://172.18.0.2:8080/d1/709/AUTH_7f00912ffce942ea98eb279238f21346/gnocchi.960fd76c-301e-470f-946d-b68cff1674d8/1780920000.0_mean_300.0_v3" "txc98ec7a0a8324762a7408-006a291e06" "object-server 25" 0.0008 "-" 22 0
Jun 10 08:19:18 standalone object-server[126714]: 172.20.0.100 - - [10/Jun/2026:08:19:18 +0000] "PUT /d1/709/AUTH_7f00912ffce942ea98eb279238f21346/gnocchi.960fd76c-301e-470f-946d-b68cff1674d8/1780920000.0_mean_300.0_v3" 201 - "PUT http://172.18.0.2:8080/v1/AUTH_7f00912ffce942ea98eb279238f21346/gnocchi.960fd76c-301e-470f-946d-b68cff1674d8/1780920000.0_mean_300.0_v3" "txc98ec7a0a8324762a7408-006a291e06" "proxy-server 20" 0.0136 "-" 25 0
Jun 10 08:19:18 standalone proxy-server[128651]: 172.18.0.2 172.18.0.100 10/Jun/2026/08/19/18 PUT /v1/AUTH_7f00912ffce942ea98eb279238f21346/gnocchi.960fd76c-301e-470f-946d-b68cff1674d8/1780920000.0_mean_300.0_v3 HTTP/1.0 201 - python-swiftclient-3.11.1 gAAAAABqKR2KA6fE... 16 - - txc98ec7a0a8324762a7408-006a291e06 - 0.0222 - - 1781079558.100611210 1781079558.122818232 0
Jun 10 08:19:18 standalone container-server[126466]: 172.20.0.100 - - [10/Jun/2026:08:19:18 +0000] "PUT /d1/796/AUTH_7f00912ffce942ea98eb279238f21346/gnocchi.960fd76c-301e-470f-946d-b68cff1674d8/none_v3" 201 - "PUT http://172.18.0.2:8080/d1/486/AUTH_7f00912ffce942ea98eb279238f21346/gnocchi.960fd76c-301e-470f-946d-b68cff1674d8/none_v3" "txe33b2e6512784b9293d56-006a291e06" "object-server 24" 0.0007 "-" 22 0
Jun 10 08:19:18 standalone object-server[126708]: 172.20.0.100 - - [10/Jun/2026:08:19:18 +0000] "PUT /d1/486/AUTH_7f00912ffce942ea98eb279238f21346/gnocchi.960fd76c-301e-470f-946d-b68cff1674d8/none_v3" 201 - "PUT http://172.18.0.2:8080/v1/AUTH_7f00912ffce942ea98eb279238f21346/gnocchi.960fd76c-301e-470f-946d-b68cff1674d8/none_v3" "txe33b2e6512784b9293d56-006a291e06" "proxy-server 20" 0.0094 "-" 24 0
Jun 10 08:19:18 standalone proxy-server[128651]: 172.18.0.2 172.18.0.100 10/Jun/2026/08/19/18 PUT /v1/AUTH_7f00912ffce942ea98eb279238f21346/gnocchi.960fd76c-301e-470f-946d-b68cff1674d8/none_v3 HTTP/1.0 201 - python-swiftclient-3.11.1 gAAAAABqKR2KA6fE... 48 - - txe33b2e6512784b9293d56-006a291e06 - 0.0162 - - 1781079558.126809597 1781079558.143014193 0
Jun 10 08:19:18 standalone object-server[126707]: 172.20.0.100 - - [10/Jun/2026:08:19:18 +0000] "GET /d1/625/AUTH_7f00912ffce942ea98eb279238f21346/gnocchi.bd44ae69-65aa-489f-9251-a2db1af81edf/none_v3" 200 33 "GET http://172.18.0.2:8080/v1/AUTH_7f00912ffce942ea98eb279238f21346/gnocchi.bd44ae69-65aa-489f-9251-a2db1af81edf/none_v3" "tx1ea72fc1f21247cea9f1e-006a291e06" "proxy-server 20" 0.0008 "-" 23 0
Jun 10 08:19:18 standalone proxy-server[128651]: 172.18.0.2 172.18.0.100 10/Jun/2026/08/19/18 GET /v1/AUTH_7f00912ffce942ea98eb279238f21346/gnocchi.bd44ae69-65aa-489f-9251-a2db1af81edf/none_v3 HTTP/1.0 200 - python-swiftclient-3.11.1 gAAAAABqKR2KA6fE... - 33 - tx1ea72fc1f21247cea9f1e-006a291e06 - 0.0097 - - 1781079558.156374931 1781079558.166073322 0
Jun 10 08:19:18 standalone container-server[126469]: 172.20.0.100 - - [10/Jun/2026:08:19:18 +0000] "GET /d1/566/AUTH_7f00912ffce942ea98eb279238f21346/gnocchi.bd44ae69-65aa-489f-9251-a2db1af81edf" 200 357 "GET http://172.18.0.2:8080/v1/AUTH_7f00912ffce942ea98eb279238f21346/gnocchi.bd44ae69-65aa-489f-9251-a2db1af81edf?format=json&states=listing" "tx0cbe72dec43f4621b632b-006a291e06" "proxy-server 20" 0.0088 "-" 23 0
Jun 10 08:19:18 standalone proxy-server[128651]: 172.18.0.2 172.18.0.100 10/Jun/2026/08/19/18 GET /v1/AUTH_7f00912ffce942ea98eb279238f21346/gnocchi.bd44ae69-65aa-489f-9251-a2db1af81edf%3Fformat%3Djson%26states%3Dlisting HTTP/1.0 200 - python-swiftclient-3.11.1 gAAAAABqKR2KA6fE... - 357 - tx0cbe72dec43f4621b632b-006a291e06 - 0.0189 - - 1781079558.171073198 1781079558.189978600 0
Jun 10 08:19:18 standalone container-server[126464]: 172.20.0.100 - - [10/Jun/2026:08:19:18 +0000] "GET /d1/566/AUTH_7f00912ffce942ea98eb279238f21346/gnocchi.bd44ae69-65aa-489f-9251-a2db1af81edf" 200 2 "GET http://172.18.0.2:8080/v1/AUTH_7f00912ffce942ea98eb279238f21346/gnocchi.bd44ae69-65aa-489f-9251-a2db1af81edf?format=json&marker=none_v3&states=listing" "txd7a7f94ee4414bbb89b09-006a291e06" "proxy-server 20" 0.0025 "-" 21 0
Jun 10 08:19:18 standalone proxy-server[128651]: 172.18.0.2 172.18.0.100 10/Jun/2026/08/19/18 GET /v1/AUTH_7f00912ffce942ea98eb279238f21346/gnocchi.bd44ae69-65aa-489f-9251-a2db1af81edf%3Fformat%3Djson%26marker%3Dnone_v3%26states%3Dlisting HTTP/1.0 200 - python-swiftclient-3.11.1 gAAAAABqKR2KA6fE... - 2 - txd7a7f94ee4414bbb89b09-006a291e06 - 0.0121 - - 1781079558.195386648 1781079558.207505226 0
Jun 10 08:19:18 standalone object-server[126707]: 172.20.0.100 - - [10/Jun/2026:08:19:18 +0000] "GET /d1/474/AUTH_7f00912ffce942ea98eb279238f21346/gnocchi.bd44ae69-65aa-489f-9251-a2db1af81edf/1780920000.0_mean_300.0_v3" 200 16 "GET http://172.18.0.2:8080/v1/AUTH_7f00912ffce942ea98eb279238f21346/gnocchi.bd44ae69-65aa-489f-9251-a2db1af81edf/1780920000.0_mean_300.0_v3" "tx6e587f4bce3c4a9c8b297-006a291e06" "proxy-server 20" 0.0009 "-" 23 0
Jun 10 08:19:18 standalone proxy-server[128651]: 172.18.0.2 172.18.0.100 10/Jun/2026/08/19/18 GET /v1/AUTH_7f00912ffce942ea98eb279238f21346/gnocchi.bd44ae69-65aa-489f-9251-a2db1af81edf/1780920000.0_mean_300.0_v3 HTTP/1.0 200 - python-swiftclient-3.11.1 gAAAAABqKR2KA6fE... - 16 - tx6e587f4bce3c4a9c8b297-006a291e06 - 0.0086 - - 1781079558.213180780 1781079558.221748590 0
Jun 10 08:19:18 standalone container-server[126469]: 172.20.0.100 - - [10/Jun/2026:08:19:18 +0000] "PUT /d1/566/AUTH_7f00912ffce942ea98eb279238f21346/gnocchi.bd44ae69-65aa-489f-9251-a2db1af81edf/1780920000.0_mean_300.0_v3" 201 - "PUT http://172.18.0.2:8080/d1/474/AUTH_7f00912ffce942ea98eb279238f21346/gnocchi.bd44ae69-65aa-489f-9251-a2db1af81edf/1780920000.0_mean_300.0_v3" "tx0aaf40f7a7ff4af6883b6-006a291e06" "object-server 25" 0.0008 "-" 23 0
Jun 10 08:19:18 standalone object-server[126714]: 172.20.0.100 - - [10/Jun/2026:08:19:18 +0000] "PUT /d1/474/AUTH_7f00912ffce942ea98eb279238f21346/gnocchi.bd44ae69-65aa-489f-9251-a2db1af81edf/1780920000.0_mean_300.0_v3" 201 - "PUT http://172.18.0.2:8080/v1/AUTH_7f00912ffce942ea98eb279238f21346/gnocchi.bd44ae69-65aa-489f-9251-a2db1af81edf/1780920000.0_mean_300.0_v3" "tx0aaf40f7a7ff4af6883b6-006a291e06" "proxy-server 20" 0.0092 "-" 25 0
Jun 10 08:19:18 standalone proxy-server[128651]: 172.18.0.2 172.18.0.100 10/Jun/2026/08/19/18 PUT /v1/AUTH_7f00912ffce942ea98eb279238f21346/gnocchi.bd44ae69-65aa-489f-9251-a2db1af81edf/1780920000.0_mean_300.0_v3 HTTP/1.0 201 - python-swiftclient-3.11.1 gAAAAABqKR2KA6fE... 16 - - tx0aaf40f7a7ff4af6883b6-006a291e06 - 0.0170 - - 1781079558.226504564 1781079558.243463993 0
Jun 10 08:19:18 standalone container-server[126464]: 172.20.0.100 - - [10/Jun/2026:08:19:18 +0000] "PUT /d1/566/AUTH_7f00912ffce942ea98eb279238f21346/gnocchi.bd44ae69-65aa-489f-9251-a2db1af81edf/none_v3" 201 - "PUT http://172.18.0.2:8080/d1/625/AUTH_7f00912ffce942ea98eb279238f21346/gnocchi.bd44ae69-65aa-489f-9251-a2db1af81edf/none_v3" "tx4a5dd02517da417ea46d4-006a291e06" "object-server 22" 0.0006 "-" 21 0
Jun 10 08:19:18 standalone object-server[126706]: 172.20.0.100 - - [10/Jun/2026:08:19:18 +0000] "PUT /d1/625/AUTH_7f00912ffce942ea98eb279238f21346/gnocchi.bd44ae69-65aa-489f-9251-a2db1af81edf/none_v3" 201 - "PUT http://172.18.0.2:8080/v1/AUTH_7f00912ffce942ea98eb279238f21346/gnocchi.bd44ae69-65aa-489f-9251-a2db1af81edf/none_v3" "tx4a5dd02517da417ea46d4-006a291e06" "proxy-server 20" 0.0090 "-" 22 0
Jun 10 08:19:18 standalone proxy-server[128651]: 172.18.0.2 172.18.0.100 10/Jun/2026/08/19/18 PUT /v1/AUTH_7f00912ffce942ea98eb279238f21346/gnocchi.bd44ae69-65aa-489f-9251-a2db1af81edf/none_v3 HTTP/1.0 201 - python-swiftclient-3.11.1 gAAAAABqKR2KA6fE... 48 - - tx4a5dd02517da417ea46d4-006a291e06 - 0.0163 - - 1781079558.248189211 1781079558.264533043 0
Jun 10 08:19:19 standalone object-server[126706]: 172.20.0.100 - - [10/Jun/2026:08:19:19 +0000] "GET /d1/144/AUTH_7f00912ffce942ea98eb279238f21346/gnocchi.8a79ebfb-4762-4424-9ebf-220742220087/none_v3" 200 22 "GET http://172.18.0.2:8080/v1/AUTH_7f00912ffce942ea98eb279238f21346/gnocchi.8a79ebfb-4762-4424-9ebf-220742220087/none_v3" "txf1011332d04e4a69ba54c-006a291e07" "proxy-server 20" 0.0007 "-" 22 0
Jun 10 08:19:19 standalone proxy-server[128651]: 172.18.0.2 172.18.0.100 10/Jun/2026/08/19/19 GET /v1/AUTH_7f00912ffce942ea98eb279238f21346/gnocchi.8a79ebfb-4762-4424-9ebf-220742220087/none_v3 HTTP/1.0 200 - python-swiftclient-3.11.1 gAAAAABqKR2KA6fE... - 22 - txf1011332d04e4a69ba54c-006a291e07 - 0.0058 - - 1781079559.519796848 1781079559.525604725 0
Jun 10 08:19:19 standalone container-server[126469]: 172.20.0.100 - - [10/Jun/2026:08:19:19 +0000] "GET /d1/650/AUTH_7f00912ffce942ea98eb279238f21346/gnocchi.8a79ebfb-4762-4424-9ebf-220742220087" 200 357 "GET http://172.18.0.2:8080/v1/AUTH_7f00912ffce942ea98eb279238f21346/gnocchi.8a79ebfb-4762-4424-9ebf-220742220087?format=json&states=listing" "tx7ba77c94515d41b29e43a-006a291e07" "proxy-server 20" 0.0096 "-" 23 0
Jun 10 08:19:19 standalone proxy-server[128651]: 172.18.0.2 172.18.0.100 10/Jun/2026/08/19/19 GET /v1/AUTH_7f00912ffce942ea98eb279238f21346/gnocchi.8a79ebfb-4762-4424-9ebf-220742220087%3Fformat%3Djson%26states%3Dlisting HTTP/1.0 200 - python-swiftclient-3.11.1 gAAAAABqKR2KA6fE... - 357 - tx7ba77c94515d41b29e43a-006a291e07 - 0.0164 - - 1781079559.530466795 1781079559.546897650 0
Jun 10 08:19:19 standalone container-server[126464]: 172.20.0.100 - - [10/Jun/2026:08:19:19 +0000] "GET /d1/650/AUTH_7f00912ffce942ea98eb279238f21346/gnocchi.8a79ebfb-4762-4424-9ebf-220742220087" 200 2 "GET http://172.18.0.2:8080/v1/AUTH_7f00912ffce942ea98eb279238f21346/gnocchi.8a79ebfb-4762-4424-9ebf-220742220087?format=json&marker=none_v3&states=listing" "tx3609632cacde400bb4129-006a291e07" "proxy-server 20" 0.0036 "-" 21 0
Jun 10 08:19:19 standalone proxy-server[128651]: 172.18.0.2 172.18.0.100 10/Jun/2026/08/19/19 GET /v1/AUTH_7f00912ffce942ea98eb279238f21346/gnocchi.8a79ebfb-4762-4424-9ebf-220742220087%3Fformat%3Djson%26marker%3Dnone_v3%26states%3Dlisting HTTP/1.0 200 - python-swiftclient-3.11.1 gAAAAABqKR2KA6fE... - 2 - tx3609632cacde400bb4129-006a291e07 - 0.0096 - - 1781079559.551022053 1781079559.560651541 0
Jun 10 08:19:19 standalone object-server[126706]: 172.20.0.100 - - [10/Jun/2026:08:19:19 +0000] "GET /d1/627/AUTH_7f00912ffce942ea98eb279238f21346/gnocchi.8a79ebfb-4762-4424-9ebf-220742220087/1780920000.0_mean_300.0_v3" 200 16 "GET http://172.18.0.2:8080/v1/AUTH_7f00912ffce942ea98eb279238f21346/gnocchi.8a79ebfb-4762-4424-9ebf-220742220087/1780920000.0_mean_300.0_v3" "tx29bce69a35f84b1e8a4be-006a291e07" "proxy-server 20" 0.0007 "-" 22 0
Jun 10 08:19:19 standalone proxy-server[128651]: 172.18.0.2 172.18.0.100 10/Jun/2026/08/19/19 GET /v1/AUTH_7f00912ffce942ea98eb279238f21346/gnocchi.8a79ebfb-4762-4424-9ebf-220742220087/1780920000.0_mean_300.0_v3 HTTP/1.0 200 - python-swiftclient-3.11.1 gAAAAABqKR2KA6fE... - 16 - tx29bce69a35f84b1e8a4be-006a291e07 - 0.0092 - - 1781079559.566871643 1781079559.576070070 0
Jun 10 08:19:19 standalone container-server[126464]: 172.20.0.100 - - [10/Jun/2026:08:19:19 +0000] "PUT /d1/650/AUTH_7f00912ffce942ea98eb279238f21346/gnocchi.8a79ebfb-4762-4424-9ebf-220742220087/1780920000.0_mean_300.0_v3" 201 - "PUT http://172.18.0.2:8080/d1/627/AUTH_7f00912ffce942ea98eb279238f21346/gnocchi.8a79ebfb-4762-4424-9ebf-220742220087/1780920000.0_mean_300.0_v3" "tx9ba2f1f27b9a4485901f8-006a291e07" "object-server 22" 0.0008 "-" 21 0
Jun 10 08:19:19 standalone object-server[126706]: 172.20.0.100 - - [10/Jun/2026:08:19:19 +0000] "PUT /d1/627/AUTH_7f00912ffce942ea98eb279238f21346/gnocchi.8a79ebfb-4762-4424-9ebf-220742220087/1780920000.0_mean_300.0_v3" 201 - "PUT http://172.18.0.2:8080/v1/AUTH_7f00912ffce942ea98eb279238f21346/gnocchi.8a79ebfb-4762-4424-9ebf-220742220087/1780920000.0_mean_300.0_v3" "tx9ba2f1f27b9a4485901f8-006a291e07" "proxy-server 20" 0.0092 "-" 22 0
Jun 10 08:19:19 standalone proxy-server[128651]: 172.18.0.2 172.18.0.100 10/Jun/2026/08/19/19 PUT /v1/AUTH_7f00912ffce942ea98eb279238f21346/gnocchi.8a79ebfb-4762-4424-9ebf-220742220087/1780920000.0_mean_300.0_v3 HTTP/1.0 201 - python-swiftclient-3.11.1 gAAAAABqKR2KA6fE... 16 - - tx9ba2f1f27b9a4485901f8-006a291e07 - 0.0158 - - 1781079559.580555677 1781079559.596308231 0
Jun 10 08:19:19 standalone container-server[126454]: 172.20.0.100 - - [10/Jun/2026:08:19:19 +0000] "PUT /d1/650/AUTH_7f00912ffce942ea98eb279238f21346/gnocchi.8a79ebfb-4762-4424-9ebf-220742220087/none_v3" 201 - "PUT http://172.18.0.2:8080/d1/144/AUTH_7f00912ffce942ea98eb279238f21346/gnocchi.8a79ebfb-4762-4424-9ebf-220742220087/none_v3" "tx663f8df201f84f9199538-006a291e07" "object-server 24" 0.0007 "-" 20 0
Jun 10 08:19:19 standalone object-server[126708]: 172.20.0.100 - - [10/Jun/2026:08:19:19 +0000] "PUT /d1/144/AUTH_7f00912ffce942ea98eb279238f21346/gnocchi.8a79ebfb-4762-4424-9ebf-220742220087/none_v3" 201 - "PUT http://172.18.0.2:8080/v1/AUTH_7f00912ffce942ea98eb279238f21346/gnocchi.8a79ebfb-4762-4424-9ebf-220742220087/none_v3" "tx663f8df201f84f9199538-006a291e07" "proxy-server 20" 0.0113 "-" 24 0
Jun 10 08:19:19 standalone proxy-server[128651]: 172.18.0.2 172.18.0.100 10/Jun/2026/08/19/19 PUT /v1/AUTH_7f00912ffce942ea98eb279238f21346/gnocchi.8a79ebfb-4762-4424-9ebf-220742220087/none_v3 HTTP/1.0 201 - python-swiftclient-3.11.1 gAAAAABqKR2KA6fE... 31 - - tx663f8df201f84f9199538-006a291e07 - 0.0187 - - 1781079559.600283146 1781079559.618992805 0
Jun 10 08:19:27 standalone object-server[126714]: 172.20.0.100 - - [10/Jun/2026:08:19:27 +0000] "GET /d1/144/AUTH_7f00912ffce942ea98eb279238f21346/gnocchi.8a79ebfb-4762-4424-9ebf-220742220087/none_v3" 200 31 "GET http://172.18.0.2:8080/v1/AUTH_7f00912ffce942ea98eb279238f21346/gnocchi.8a79ebfb-4762-4424-9ebf-220742220087/none_v3" "tx7e0e32171b9b4a4eb10ba-006a291e0f" "proxy-server 20" 0.0009 "-" 25 0
Jun 10 08:19:27 standalone proxy-server[128651]: 172.18.0.2 172.18.0.100 10/Jun/2026/08/19/27 GET /v1/AUTH_7f00912ffce942ea98eb279238f21346/gnocchi.8a79ebfb-4762-4424-9ebf-220742220087/none_v3 HTTP/1.0 200 - python-swiftclient-3.11.1 gAAAAABqKR2KA6fE... - 31 - tx7e0e32171b9b4a4eb10ba-006a291e0f - 0.0073 - - 1781079567.779875755 1781079567.787182570 0
Jun 10 08:19:27 standalone container-server[126466]: 172.20.0.100 - - [10/Jun/2026:08:19:27 +0000] "GET /d1/650/AUTH_7f00912ffce942ea98eb279238f21346/gnocchi.8a79ebfb-4762-4424-9ebf-220742220087" 200 357 "GET http://172.18.0.2:8080/v1/AUTH_7f00912ffce942ea98eb279238f21346/gnocchi.8a79ebfb-4762-4424-9ebf-220742220087?format=json&states=listing" "txe086b53e774d4fba8ca2b-006a291e0f" "proxy-server 20" 0.0077 "-" 22 0
Jun 10 08:19:27 standalone proxy-server[128651]: 172.18.0.2 172.18.0.100 10/Jun/2026/08/19/27 GET /v1/AUTH_7f00912ffce942ea98eb279238f21346/gnocchi.8a79ebfb-4762-4424-9ebf-220742220087%3Fformat%3Djson%26states%3Dlisting HTTP/1.0 200 - python-swiftclient-3.11.1 gAAAAABqKR2KA6fE... - 357 - txe086b53e774d4fba8ca2b-006a291e0f - 0.0145 - - 1781079567.791667700 1781079567.806196451 0
Jun 10 08:19:27 standalone container-server[126469]: 172.20.0.100 - - [10/Jun/2026:08:19:27 +0000] "GET /d1/650/AUTH_7f00912ffce942ea98eb279238f21346/gnocchi.8a79ebfb-4762-4424-9ebf-220742220087" 200 2 "GET http://172.18.0.2:8080/v1/AUTH_7f00912ffce942ea98eb279238f21346/gnocchi.8a79ebfb-4762-4424-9ebf-220742220087?format=json&marker=none_v3&states=listing" "txed6c2daa025740e8b3744-006a291e0f" "proxy-server 20" 0.0018 "-" 23 0
Jun 10 08:19:27 standalone proxy-server[128651]: 172.18.0.2 172.18.0.100 10/Jun/2026/08/19/27 GET /v1/AUTH_7f00912ffce942ea98eb279238f21346/gnocchi.8a79ebfb-4762-4424-9ebf-220742220087%3Fformat%3Djson%26marker%3Dnone_v3%26states%3Dlisting HTTP/1.0 200 - python-swiftclient-3.11.1 gAAAAABqKR2KA6fE... - 2 - txed6c2daa025740e8b3744-006a291e0f - 0.0071 - - 1781079567.808906555 1781079567.816030741 0
Jun 10 08:19:27 standalone object-server[126706]: 172.20.0.100 - - [10/Jun/2026:08:19:27 +0000] "GET /d1/627/AUTH_7f00912ffce942ea98eb279238f21346/gnocchi.8a79ebfb-4762-4424-9ebf-220742220087/1780920000.0_mean_300.0_v3" 200 16 "GET http://172.18.0.2:8080/v1/AUTH_7f00912ffce942ea98eb279238f21346/gnocchi.8a79ebfb-4762-4424-9ebf-220742220087/1780920000.0_mean_300.0_v3" "tx1b98f2c7e59b4533bb926-006a291e0f" "proxy-server 20" 0.0010 "-" 22 0
Jun 10 08:19:27 standalone proxy-server[128651]: 172.18.0.2 172.18.0.100 10/Jun/2026/08/19/27 GET /v1/AUTH_7f00912ffce942ea98eb279238f21346/gnocchi.8a79ebfb-4762-4424-9ebf-220742220087/1780920000.0_mean_300.0_v3 HTTP/1.0 200 - python-swiftclient-3.11.1 gAAAAABqKR2KA6fE... - 16 - tx1b98f2c7e59b4533bb926-006a291e0f - 0.0093 - - 1781079567.819041967 1781079567.828328371 0
Jun 10 08:19:27 standalone container-server[126466]: 172.20.0.100 - - [10/Jun/2026:08:19:27 +0000] "PUT /d1/650/AUTH_7f00912ffce942ea98eb279238f21346/gnocchi.8a79ebfb-4762-4424-9ebf-220742220087/1780920000.0_mean_300.0_v3" 201 - "PUT http://172.18.0.2:8080/d1/627/AUTH_7f00912ffce942ea98eb279238f21346/gnocchi.8a79ebfb-4762-4424-9ebf-220742220087/1780920000.0_mean_300.0_v3" "tx942d639d732043a6ae4e5-006a291e0f" "object-server 25" 0.0006 "-" 22 0
Jun 10 08:19:27 standalone object-server[126714]: 172.20.0.100 - - [10/Jun/2026:08:19:27 +0000] "PUT /d1/627/AUTH_7f00912ffce942ea98eb279238f21346/gnocchi.8a79ebfb-4762-4424-9ebf-220742220087/1780920000.0_mean_300.0_v3" 201 - "PUT http://172.18.0.2:8080/v1/AUTH_7f00912ffce942ea98eb279238f21346/gnocchi.8a79ebfb-4762-4424-9ebf-220742220087/1780920000.0_mean_300.0_v3" "tx942d639d732043a6ae4e5-006a291e0f" "proxy-server 20" 0.0087 "-" 25 0
Jun 10 08:19:27 standalone proxy-server[128651]: 172.18.0.2 172.18.0.100 10/Jun/2026/08/19/27 PUT /v1/AUTH_7f00912ffce942ea98eb279238f21346/gnocchi.8a79ebfb-4762-4424-9ebf-220742220087/1780920000.0_mean_300.0_v3 HTTP/1.0 201 - python-swiftclient-3.11.1 gAAAAABqKR2KA6fE... 16 - - tx942d639d732043a6ae4e5-006a291e0f - 0.0142 - - 1781079567.830975056 1781079567.845202208 0
Jun 10 08:19:27 standalone container-server[126454]: 172.20.0.100 - - [10/Jun/2026:08:19:27 +0000] "PUT /d1/650/AUTH_7f00912ffce942ea98eb279238f21346/gnocchi.8a79ebfb-4762-4424-9ebf-220742220087/none_v3" 201 - "PUT http://172.18.0.2:8080/d1/144/AUTH_7f00912ffce942ea98eb279238f21346/gnocchi.8a79ebfb-4762-4424-9ebf-220742220087/none_v3" "tx5f21432f007e4fb881218-006a291e0f" "object-server 25" 0.0004 "-" 20 0
Jun 10 08:19:27 standalone object-server[126714]: 172.20.0.100 - - [10/Jun/2026:08:19:27 +0000] "PUT /d1/144/AUTH_7f00912ffce942ea98eb279238f21346/gnocchi.8a79ebfb-4762-4424-9ebf-220742220087/none_v3" 201 - "PUT http://172.18.0.2:8080/v1/AUTH_7f00912ffce942ea98eb279238f21346/gnocchi.8a79ebfb-4762-4424-9ebf-220742220087/none_v3" "tx5f21432f007e4fb881218-006a291e0f" "proxy-server 20" 0.0072 "-" 25 0
Jun 10 08:19:27 standalone proxy-server[128651]: 172.18.0.2 172.18.0.100 10/Jun/2026/08/19/27 PUT /v1/AUTH_7f00912ffce942ea98eb279238f21346/gnocchi.8a79ebfb-4762-4424-9ebf-220742220087/none_v3 HTTP/1.0 201 - python-swiftclient-3.11.1 gAAAAABqKR2KA6fE... 46 - - tx5f21432f007e4fb881218-006a291e0f - 0.0139 - - 1781079567.851241827 1781079567.865122080 0
Jun 10 08:19:28 standalone object-server[126708]: 172.20.0.100 - - [10/Jun/2026:08:19:28 +0000] "GET /d1/144/AUTH_7f00912ffce942ea98eb279238f21346/gnocchi.8a79ebfb-4762-4424-9ebf-220742220087/none_v3" 200 46 "GET http://172.18.0.2:8080/v1/AUTH_7f00912ffce942ea98eb279238f21346/gnocchi.8a79ebfb-4762-4424-9ebf-220742220087/none_v3" "txf917f79515ac4e5eb75b4-006a291e10" "proxy-server 20" 0.0008 "-" 24 0
Jun 10 08:19:28 standalone proxy-server[128651]: 172.18.0.2 172.18.0.100 10/Jun/2026/08/19/28 GET /v1/AUTH_7f00912ffce942ea98eb279238f21346/gnocchi.8a79ebfb-4762-4424-9ebf-220742220087/none_v3 HTTP/1.0 200 - python-swiftclient-3.11.1 gAAAAABqKR2KA6fE... - 46 - txf917f79515ac4e5eb75b4-006a291e10 - 0.0070 - - 1781079568.554657936 1781079568.561672449 0
Jun 10 08:19:28 standalone container-server[126454]: 172.20.0.100 - - [10/Jun/2026:08:19:28 +0000] "GET /d1/650/AUTH_7f00912ffce942ea98eb279238f21346/gnocchi.8a79ebfb-4762-4424-9ebf-220742220087" 200 357 "GET http://172.18.0.2:8080/v1/AUTH_7f00912ffce942ea98eb279238f21346/gnocchi.8a79ebfb-4762-4424-9ebf-220742220087?format=json&states=listing" "tx0cde203fe2814fdd934d7-006a291e10" "proxy-server 20" 0.0094 "-" 20 0
Jun 10 08:19:28 standalone proxy-server[128651]: 172.18.0.2 172.18.0.100 10/Jun/2026/08/19/28 GET /v1/AUTH_7f00912ffce942ea98eb279238f21346/gnocchi.8a79ebfb-4762-4424-9ebf-220742220087%3Fformat%3Djson%26states%3Dlisting HTTP/1.0 200 - python-swiftclient-3.11.1 gAAAAABqKR2KA6fE... - 357 - tx0cde203fe2814fdd934d7-006a291e10 - 0.0169 - - 1781079568.564702272 1781079568.581625938 0
Jun 10 08:19:28 standalone container-server[126464]: 172.20.0.100 - - [10/Jun/2026:08:19:28 +0000] "GET /d1/650/AUTH_7f00912ffce942ea98eb279238f21346/gnocchi.8a79ebfb-4762-4424-9ebf-220742220087" 200 2 "GET http://172.18.0.2:8080/v1/AUTH_7f00912ffce942ea98eb279238f21346/gnocchi.8a79ebfb-4762-4424-9ebf-220742220087?format=json&marker=none_v3&states=listing" "tx99cb6fa52e084aa788697-006a291e10" "proxy-server 20" 0.0025 "-" 21 0
Jun 10 08:19:28 standalone proxy-server[128651]: 172.18.0.2 172.18.0.100 10/Jun/2026/08/19/28 GET /v1/AUTH_7f00912ffce942ea98eb279238f21346/gnocchi.8a79ebfb-4762-4424-9ebf-220742220087%3Fformat%3Djson%26marker%3Dnone_v3%26states%3Dlisting HTTP/1.0 200 - python-swiftclient-3.11.1 gAAAAABqKR2KA6fE... - 2 - tx99cb6fa52e084aa788697-006a291e10 - 0.0096 - - 1781079568.585321903 1781079568.594963789 0
Jun 10 08:19:28 standalone object-server[126708]: 172.20.0.100 - - [10/Jun/2026:08:19:28 +0000] "GET /d1/627/AUTH_7f00912ffce942ea98eb279238f21346/gnocchi.8a79ebfb-4762-4424-9ebf-220742220087/1780920000.0_mean_300.0_v3" 200 16 "GET http://172.18.0.2:8080/v1/AUTH_7f00912ffce942ea98eb279238f21346/gnocchi.8a79ebfb-4762-4424-9ebf-220742220087/1780920000.0_mean_300.0_v3" "txf38c1d1aade74d2ea04fa-006a291e10" "proxy-server 20" 0.0006 "-" 24 0
Jun 10 08:19:28 standalone proxy-server[128651]: 172.18.0.2 172.18.0.100 10/Jun/2026/08/19/28 GET /v1/AUTH_7f00912ffce942ea98eb279238f21346/gnocchi.8a79ebfb-4762-4424-9ebf-220742220087/1780920000.0_mean_300.0_v3 HTTP/1.0 200 - python-swiftclient-3.11.1 gAAAAABqKR2KA6fE... - 16 - txf38c1d1aade74d2ea04fa-006a291e10 - 0.0068 - - 1781079568.598523855 1781079568.605365515 0
Jun 10 08:19:28 standalone container-server[126469]: 172.20.0.100 - - [10/Jun/2026:08:19:28 +0000] "PUT /d1/650/AUTH_7f00912ffce942ea98eb279238f21346/gnocchi.8a79ebfb-4762-4424-9ebf-220742220087/1780920000.0_mean_300.0_v3" 201 - "PUT http://172.18.0.2:8080/d1/627/AUTH_7f00912ffce942ea98eb279238f21346/gnocchi.8a79ebfb-4762-4424-9ebf-220742220087/1780920000.0_mean_300.0_v3" "txc9fbdc7d463c49ccb816f-006a291e10" "object-server 24" 0.0005 "-" 23 0
Jun 10 08:19:28 standalone object-server[126708]: 172.20.0.100 - - [10/Jun/2026:08:19:28 +0000] "PUT /d1/627/AUTH_7f00912ffce942ea98eb279238f21346/gnocchi.8a79ebfb-4762-4424-9ebf-220742220087/1780920000.0_mean_300.0_v3" 201 - "PUT http://172.18.0.2:8080/v1/AUTH_7f00912ffce942ea98eb279238f21346/gnocchi.8a79ebfb-4762-4424-9ebf-220742220087/1780920000.0_mean_300.0_v3" "txc9fbdc7d463c49ccb816f-006a291e10" "proxy-server 20" 0.0085 "-" 24 0
Jun 10 08:19:28 standalone proxy-server[128651]: 172.18.0.2 172.18.0.100 10/Jun/2026/08/19/28 PUT /v1/AUTH_7f00912ffce942ea98eb279238f21346/gnocchi.8a79ebfb-4762-4424-9ebf-220742220087/1780920000.0_mean_300.0_v3 HTTP/1.0 201 - python-swiftclient-3.11.1 gAAAAABqKR2KA6fE... 16 - - txc9fbdc7d463c49ccb816f-006a291e10 - 0.0140 - - 1781079568.608327866 1781079568.622303486 0
Jun 10 08:19:28 standalone container-server[126469]: 172.20.0.100 - - [10/Jun/2026:08:19:28 +0000] "PUT /d1/650/AUTH_7f00912ffce942ea98eb279238f21346/gnocchi.8a79ebfb-4762-4424-9ebf-220742220087/none_v3" 201 - "PUT http://172.18.0.2:8080/d1/144/AUTH_7f00912ffce942ea98eb279238f21346/gnocchi.8a79ebfb-4762-4424-9ebf-220742220087/none_v3" "txa5eb8f6b3c0f4fdd8dc92-006a291e10" "object-server 23" 0.0005 "-" 23 0
Jun 10 08:19:28 standalone object-server[126707]: 172.20.0.100 - - [10/Jun/2026:08:19:28 +0000] "PUT /d1/144/AUTH_7f00912ffce942ea98eb279238f21346/gnocchi.8a79ebfb-4762-4424-9ebf-220742220087/none_v3" 201 - "PUT http://172.18.0.2:8080/v1/AUTH_7f00912ffce942ea98eb279238f21346/gnocchi.8a79ebfb-4762-4424-9ebf-220742220087/none_v3" "txa5eb8f6b3c0f4fdd8dc92-006a291e10" "proxy-server 20" 0.0121 "-" 23 0
Jun 10 08:19:28 standalone proxy-server[128651]: 172.18.0.2 172.18.0.100 10/Jun/2026/08/19/28 PUT /v1/AUTH_7f00912ffce942ea98eb279238f21346/gnocchi.8a79ebfb-4762-4424-9ebf-220742220087/none_v3 HTTP/1.0 201 - python-swiftclient-3.11.1 gAAAAABqKR2KA6fE... 51 - - txa5eb8f6b3c0f4fdd8dc92-006a291e10 - 0.0183 - - 1781079568.625053167 1781079568.643342495 0
Jun 10 08:19:31 standalone container-server[126466]: 172.20.0.100 - - [10/Jun/2026:08:19:31 +0000] "HEAD /d1/872/AUTH_7f00912ffce942ea98eb279238f21346/gnocchi.62914dd0-e17d-46b1-b9db-5e24b1f33b9d" 404 - "HEAD http://172.18.0.2:8080/v1/AUTH_7f00912ffce942ea98eb279238f21346/gnocchi.62914dd0-e17d-46b1-b9db-5e24b1f33b9d?format=json&states=listing" "tx1c38b2bd695a4444a7bb6-006a291e13" "proxy-server 20" 0.0005 "-" 22 0
Jun 10 08:19:31 standalone object-server[126706]: 172.20.0.100 - - [10/Jun/2026:08:19:31 +0000] "GET /d1/903/AUTH_7f00912ffce942ea98eb279238f21346/gnocchi.62914dd0-e17d-46b1-b9db-5e24b1f33b9d/none_v3" 404 70 "GET http://172.18.0.2:8080/v1/AUTH_7f00912ffce942ea98eb279238f21346/gnocchi.62914dd0-e17d-46b1-b9db-5e24b1f33b9d/none_v3" "tx1c38b2bd695a4444a7bb6-006a291e13" "proxy-server 20" 0.0005 "-" 22 0
Jun 10 08:19:31 standalone proxy-server[128651]: 172.18.0.2 172.18.0.100 10/Jun/2026/08/19/31 GET /v1/AUTH_7f00912ffce942ea98eb279238f21346/gnocchi.62914dd0-e17d-46b1-b9db-5e24b1f33b9d/none_v3 HTTP/1.0 404 - python-swiftclient-3.11.1 gAAAAABqKR2KA6fE... - 70 - tx1c38b2bd695a4444a7bb6-006a291e13 - 0.0175 - - 1781079571.205560923 1781079571.223060846 0
Jun 10 08:19:31 standalone account-server[126448]: 172.20.0.100 - - [10/Jun/2026:08:19:31 +0000] "PUT /d1/300/AUTH_7f00912ffce942ea98eb279238f21346/gnocchi.62914dd0-e17d-46b1-b9db-5e24b1f33b9d" 201 - "PUT http://172.20.0.100:6001/d1/872/AUTH_7f00912ffce942ea98eb279238f21346/gnocchi.62914dd0-e17d-46b1-b9db-5e24b1f33b9d" "txd0a375802a884642a48e1-006a291e13" "container-server 22" 0.0059 "-" 21 0
Jun 10 08:19:31 standalone container-server[126466]: 172.20.0.100 - - [10/Jun/2026:08:19:31 +0000] "PUT /d1/872/AUTH_7f00912ffce942ea98eb279238f21346/gnocchi.62914dd0-e17d-46b1-b9db-5e24b1f33b9d" 201 - "PUT http://172.18.0.2:8080/v1/AUTH_7f00912ffce942ea98eb279238f21346/gnocchi.62914dd0-e17d-46b1-b9db-5e24b1f33b9d" "txd0a375802a884642a48e1-006a291e13" "proxy-server 20" 0.0257 "-" 22 0
Jun 10 08:19:31 standalone proxy-server[128651]: 172.18.0.2 172.18.0.100 10/Jun/2026/08/19/31 PUT /v1/AUTH_7f00912ffce942ea98eb279238f21346/gnocchi.62914dd0-e17d-46b1-b9db-5e24b1f33b9d HTTP/1.0 201 - python-swiftclient-3.11.1 gAAAAABqKR2KA6fE... - - - txd0a375802a884642a48e1-006a291e13 - 0.0348 - - 1781079571.227793455 1781079571.262632847 0
Jun 10 08:19:31 standalone container-server[126466]: 172.20.0.100 - - [10/Jun/2026:08:19:31 +0000] "HEAD /d1/872/AUTH_7f00912ffce942ea98eb279238f21346/gnocchi.62914dd0-e17d-46b1-b9db-5e24b1f33b9d" 204 - "HEAD http://172.18.0.2:8080/v1/AUTH_7f00912ffce942ea98eb279238f21346/gnocchi.62914dd0-e17d-46b1-b9db-5e24b1f33b9d?format=json&states=listing" "tx934004e000d04e6da9184-006a291e13" "proxy-server 20" 0.0024 "-" 22 0
Jun 10 08:19:31 standalone proxy-server[128651]: - - 10/Jun/2026/08/19/31 HEAD /v1/AUTH_7f00912ffce942ea98eb279238f21346/gnocchi.62914dd0-e17d-46b1-b9db-5e24b1f33b9d%3Fformat%3Djson%26states%3Dlisting HTTP/1.0 204 - Swift - - - - tx934004e000d04e6da9184-006a291e13 - 0.0071 RL - 1781079571.269146681 1781079571.276233435 0
Jun 10 08:19:31 standalone container-server[126464]: 172.20.0.100 - - [10/Jun/2026:08:19:31 +0000] "GET /d1/872/AUTH_7f00912ffce942ea98eb279238f21346/gnocchi.62914dd0-e17d-46b1-b9db-5e24b1f33b9d" 200 2 "GET http://172.18.0.2:8080/v1/AUTH_7f00912ffce942ea98eb279238f21346/gnocchi.62914dd0-e17d-46b1-b9db-5e24b1f33b9d?format=json&states=listing" "tx934004e000d04e6da9184-006a291e13" "proxy-server 20" 0.0037 "-" 21 0
Jun 10 08:19:31 standalone proxy-server[128651]: 172.18.0.2 172.18.0.100 10/Jun/2026/08/19/31 GET /v1/AUTH_7f00912ffce942ea98eb279238f21346/gnocchi.62914dd0-e17d-46b1-b9db-5e24b1f33b9d%3Fformat%3Djson%26states%3Dlisting HTTP/1.0 200 - python-swiftclient-3.11.1 gAAAAABqKR2KA6fE... - 2 - tx934004e000d04e6da9184-006a291e13 - 0.0216 - - 1781079571.267518997 1781079571.289121389 0
Jun 10 08:19:31 standalone object-server[126714]: 172.20.0.100 - - [10/Jun/2026:08:19:31 +0000] "GET /d1/972/AUTH_7f00912ffce942ea98eb279238f21346/gnocchi.62914dd0-e17d-46b1-b9db-5e24b1f33b9d/1780920000.0_mean_300.0_v3" 404 70 "GET http://172.18.0.2:8080/v1/AUTH_7f00912ffce942ea98eb279238f21346/gnocchi.62914dd0-e17d-46b1-b9db-5e24b1f33b9d/1780920000.0_mean_300.0_v3" "txdf3ac03e68554acb85511-006a291e13" "proxy-server 20" 0.0005 "-" 25 0
Jun 10 08:19:31 standalone proxy-server[128651]: 172.18.0.2 172.18.0.100 10/Jun/2026/08/19/31 GET /v1/AUTH_7f00912ffce942ea98eb279238f21346/gnocchi.62914dd0-e17d-46b1-b9db-5e24b1f33b9d/1780920000.0_mean_300.0_v3 HTTP/1.0 404 - python-swiftclient-3.11.1 gAAAAABqKR2KA6fE... - 70 - txdf3ac03e68554acb85511-006a291e13 - 0.0114 - - 1781079571.313246489 1781079571.324673653 0
Jun 10 08:19:31 standalone container-server[126466]: 172.20.0.100 - - [10/Jun/2026:08:19:31 +0000] "PUT /d1/872/AUTH_7f00912ffce942ea98eb279238f21346/gnocchi.62914dd0-e17d-46b1-b9db-5e24b1f33b9d/1780920000.0_mean_300.0_v3" 201 - "PUT http://172.18.0.2:8080/d1/972/AUTH_7f00912ffce942ea98eb279238f21346/gnocchi.62914dd0-e17d-46b1-b9db-5e24b1f33b9d/1780920000.0_mean_300.0_v3" "txa95ca75dbe494ff7940ff-006a291e13" "object-server 22" 0.0006 "-" 22 0
Jun 10 08:19:31 standalone object-server[126706]: 172.20.0.100 - - [10/Jun/2026:08:19:31 +0000] "PUT /d1/972/AUTH_7f00912ffce942ea98eb279238f21346/gnocchi.62914dd0-e17d-46b1-b9db-5e24b1f33b9d/1780920000.0_mean_300.0_v3" 201 - "PUT http://172.18.0.2:8080/v1/AUTH_7f00912ffce942ea98eb279238f21346/gnocchi.62914dd0-e17d-46b1-b9db-5e24b1f33b9d/1780920000.0_mean_300.0_v3" "txa95ca75dbe494ff7940ff-006a291e13" "proxy-server 20" 0.0084 "-" 22 0
Jun 10 08:19:31 standalone proxy-server[128651]: 172.18.0.2 172.18.0.100 10/Jun/2026/08/19/31 PUT /v1/AUTH_7f00912ffce942ea98eb279238f21346/gnocchi.62914dd0-e17d-46b1-b9db-5e24b1f33b9d/1780920000.0_mean_300.0_v3 HTTP/1.0 201 - python-swiftclient-3.11.1 gAAAAABqKR2KA6fE... 16 - - txa95ca75dbe494ff7940ff-006a291e13 - 0.0157 - - 1781079571.329647541 1781079571.345385790 0
Jun 10 08:19:31 standalone container-server[126466]: 172.20.0.100 - - [10/Jun/2026:08:19:31 +0000] "PUT /d1/872/AUTH_7f00912ffce942ea98eb279238f21346/gnocchi.62914dd0-e17d-46b1-b9db-5e24b1f33b9d/none_v3" 201 - "PUT http://172.18.0.2:8080/d1/903/AUTH_7f00912ffce942ea98eb279238f21346/gnocchi.62914dd0-e17d-46b1-b9db-5e24b1f33b9d/none_v3" "txf0baf17f9479491da16ad-006a291e13" "object-server 23" 0.0007 "-" 22 0
Jun 10 08:19:31 standalone object-server[126707]: 172.20.0.100 - - [10/Jun/2026:08:19:31 +0000] "PUT /d1/903/AUTH_7f00912ffce942ea98eb279238f21346/gnocchi.62914dd0-e17d-46b1-b9db-5e24b1f33b9d/none_v3" 201 - "PUT http://172.18.0.2:8080/v1/AUTH_7f00912ffce942ea98eb279238f21346/gnocchi.62914dd0-e17d-46b1-b9db-5e24b1f33b9d/none_v3" "txf0baf17f9479491da16ad-006a291e13" "proxy-server 20" 0.0115 "-" 23 0
Jun 10 08:19:31 standalone proxy-server[128651]: 172.18.0.2 172.18.0.100 10/Jun/2026/08/19/31 PUT /v1/AUTH_7f00912ffce942ea98eb279238f21346/gnocchi.62914dd0-e17d-46b1-b9db-5e24b1f33b9d/none_v3 HTTP/1.0 201 - python-swiftclient-3.11.1 gAAAAABqKR2KA6fE... 22 - - txf0baf17f9479491da16ad-006a291e13 - 0.0199 - - 1781079571.355596066 1781079571.375485897 0
Jun 10 08:19:31 standalone container-server[126469]: 172.20.0.100 - - [10/Jun/2026:08:19:31 +0000] "HEAD /d1/977/AUTH_7f00912ffce942ea98eb279238f21346/gnocchi.bc935f14-baec-495d-91ae-8861372784ab" 404 - "HEAD http://172.18.0.2:8080/v1/AUTH_7f00912ffce942ea98eb279238f21346/gnocchi.bc935f14-baec-495d-91ae-8861372784ab?format=json&states=listing" "tx4b32100d1dd04c36b4494-006a291e13" "proxy-server 20" 0.0004 "-" 23 0
Jun 10 08:19:31 standalone object-server[126707]: 172.20.0.100 - - [10/Jun/2026:08:19:31 +0000] "GET /d1/366/AUTH_7f00912ffce942ea98eb279238f21346/gnocchi.bc935f14-baec-495d-91ae-8861372784ab/none_v3" 404 70 "GET http://172.18.0.2:8080/v1/AUTH_7f00912ffce942ea98eb279238f21346/gnocchi.bc935f14-baec-495d-91ae-8861372784ab/none_v3" "tx4b32100d1dd04c36b4494-006a291e13" "proxy-server 20" 0.0004 "-" 23 0
Jun 10 08:19:31 standalone proxy-server[128651]: 172.18.0.2 172.18.0.100 10/Jun/2026/08/19/31 GET /v1/AUTH_7f00912ffce942ea98eb279238f21346/gnocchi.bc935f14-baec-495d-91ae-8861372784ab/none_v3 HTTP/1.0 404 - python-swiftclient-3.11.1 gAAAAABqKR2KA6fE... - 70 - tx4b32100d1dd04c36b4494-006a291e13 - 0.0161 - - 1781079571.395681620 1781079571.411771059 0
Jun 10 08:19:31 standalone account-server[126455]: 172.20.0.100 - - [10/Jun/2026:08:19:31 +0000] "PUT /d1/300/AUTH_7f00912ffce942ea98eb279238f21346/gnocchi.bc935f14-baec-495d-91ae-8861372784ab" 201 - "PUT http://172.20.0.100:6001/d1/977/AUTH_7f00912ffce942ea98eb279238f21346/gnocchi.bc935f14-baec-495d-91ae-8861372784ab" "tx019b509933ec4d738e0ad-006a291e13" "container-server 23" 0.0107 "-" 22 0
Jun 10 08:19:31 standalone container-server[126469]: 172.20.0.100 - - [10/Jun/2026:08:19:31 +0000] "PUT /d1/977/AUTH_7f00912ffce942ea98eb279238f21346/gnocchi.bc935f14-baec-495d-91ae-8861372784ab" 201 - "PUT http://172.18.0.2:8080/v1/AUTH_7f00912ffce942ea98eb279238f21346/gnocchi.bc935f14-baec-495d-91ae-8861372784ab" "tx019b509933ec4d738e0ad-006a291e13" "proxy-server 20" 0.0303 "-" 23 0
Jun 10 08:19:31 standalone proxy-server[128651]: 172.18.0.2 172.18.0.100 10/Jun/2026/08/19/31 PUT /v1/AUTH_7f00912ffce942ea98eb279238f21346/gnocchi.bc935f14-baec-495d-91ae-8861372784ab HTTP/1.0 201 - python-swiftclient-3.11.1 gAAAAABqKR2KA6fE... - - - tx019b509933ec4d738e0ad-006a291e13 - 0.0463 - - 1781079571.431674719 1781079571.477935314 0
Jun 10 08:19:31 standalone container-server[126469]: 172.20.0.100 - - [10/Jun/2026:08:19:31 +0000] "HEAD /d1/977/AUTH_7f00912ffce942ea98eb279238f21346/gnocchi.bc935f14-baec-495d-91ae-8861372784ab" 204 - "HEAD http://172.18.0.2:8080/v1/AUTH_7f00912ffce942ea98eb279238f21346/gnocchi.bc935f14-baec-495d-91ae-8861372784ab?format=json&states=listing" "tx4a6fa8ee7b034e4ab4168-006a291e13" "proxy-server 20" 0.0013 "-" 23 0
Jun 10 08:19:31 standalone proxy-server[128651]: - - 10/Jun/2026/08/19/31 HEAD /v1/AUTH_7f00912ffce942ea98eb279238f21346/gnocchi.bc935f14-baec-495d-91ae-8861372784ab%3Fformat%3Djson%26states%3Dlisting HTTP/1.0 204 - Swift - - - - tx4a6fa8ee7b034e4ab4168-006a291e13 - 0.0058 RL - 1781079571.485839605 1781079571.491666079 0
Jun 10 08:19:31 standalone container-server[126464]: 172.20.0.100 - - [10/Jun/2026:08:19:31 +0000] "GET /d1/977/AUTH_7f00912ffce942ea98eb279238f21346/gnocchi.bc935f14-baec-495d-91ae-8861372784ab" 200 2 "GET http://172.18.0.2:8080/v1/AUTH_7f00912ffce942ea98eb279238f21346/gnocchi.bc935f14-baec-495d-91ae-8861372784ab?format=json&states=listing" "tx4a6fa8ee7b034e4ab4168-006a291e13" "proxy-server 20" 0.0019 "-" 21 0
Jun 10 08:19:31 standalone proxy-server[128651]: 172.18.0.2 172.18.0.100 10/Jun/2026/08/19/31 GET /v1/AUTH_7f00912ffce942ea98eb279238f21346/gnocchi.bc935f14-baec-495d-91ae-8861372784ab%3Fformat%3Djson%26states%3Dlisting HTTP/1.0 200 - python-swiftclient-3.11.1 gAAAAABqKR2KA6fE... - 2 - tx4a6fa8ee7b034e4ab4168-006a291e13 - 0.0217 - - 1781079571.483959436 1781079571.505612373 0
Jun 10 08:19:31 standalone object-server[126714]: 172.20.0.100 - - [10/Jun/2026:08:19:31 +0000] "GET /d1/114/AUTH_7f00912ffce942ea98eb279238f21346/gnocchi.bc935f14-baec-495d-91ae-8861372784ab/1780920000.0_mean_300.0_v3" 404 70 "GET http://172.18.0.2:8080/v1/AUTH_7f00912ffce942ea98eb279238f21346/gnocchi.bc935f14-baec-495d-91ae-8861372784ab/1780920000.0_mean_300.0_v3" "tx13f6459ad5924c7cac327-006a291e13" "proxy-server 20" 0.0005 "-" 25 0
Jun 10 08:19:31 standalone proxy-server[128651]: 172.18.0.2 172.18.0.100 10/Jun/2026/08/19/31 GET /v1/AUTH_7f00912ffce942ea98eb279238f21346/gnocchi.bc935f14-baec-495d-91ae-8861372784ab/1780920000.0_mean_300.0_v3 HTTP/1.0 404 - python-swiftclient-3.11.1 gAAAAABqKR2KA6fE... - 70 - tx13f6459ad5924c7cac327-006a291e13 - 0.0091 - - 1781079571.512035608 1781079571.521174192 0
Jun 10 08:19:31 standalone container-server[126454]: 172.20.0.100 - - [10/Jun/2026:08:19:31 +0000] "PUT /d1/977/AUTH_7f00912ffce942ea98eb279238f21346/gnocchi.bc935f14-baec-495d-91ae-8861372784ab/1780920000.0_mean_300.0_v3" 201 - "PUT http://172.18.0.2:8080/d1/114/AUTH_7f00912ffce942ea98eb279238f21346/gnocchi.bc935f14-baec-495d-91ae-8861372784ab/1780920000.0_mean_300.0_v3" "tx03aa7ea1b34745ac8ff01-006a291e13" "object-server 25" 0.0007 "-" 20 0
Jun 10 08:19:31 standalone object-server[126714]: 172.20.0.100 - - [10/Jun/2026:08:19:31 +0000] "PUT /d1/114/AUTH_7f00912ffce942ea98eb279238f21346/gnocchi.bc935f14-baec-495d-91ae-8861372784ab/1780920000.0_mean_300.0_v3" 201 - "PUT http://172.18.0.2:8080/v1/AUTH_7f00912ffce942ea98eb279238f21346/gnocchi.bc935f14-baec-495d-91ae-8861372784ab/1780920000.0_mean_300.0_v3" "tx03aa7ea1b34745ac8ff01-006a291e13" "proxy-server 20" 0.0121 "-" 25 0
Jun 10 08:19:31 standalone proxy-server[128651]: 172.18.0.2 172.18.0.100 10/Jun/2026/08/19/31 PUT /v1/AUTH_7f00912ffce942ea98eb279238f21346/gnocchi.bc935f14-baec-495d-91ae-8861372784ab/1780920000.0_mean_300.0_v3 HTTP/1.0 201 - python-swiftclient-3.11.1 gAAAAABqKR2KA6fE... 16 - - tx03aa7ea1b34745ac8ff01-006a291e13 - 0.0210 - - 1781079571.527172565 1781079571.548186541 0
Jun 10 08:19:31 standalone container-server[126469]: 172.20.0.100 - - [10/Jun/2026:08:19:31 +0000] "PUT /d1/977/AUTH_7f00912ffce942ea98eb279238f21346/gnocchi.bc935f14-baec-495d-91ae-8861372784ab/none_v3" 201 - "PUT http://172.18.0.2:8080/d1/366/AUTH_7f00912ffce942ea98eb279238f21346/gnocchi.bc935f14-baec-495d-91ae-8861372784ab/none_v3" "txdbdbaf2967e6488a8857c-006a291e13" "object-server 24" 0.0005 "-" 23 0
Jun 10 08:19:31 standalone object-server[126708]: 172.20.0.100 - - [10/Jun/2026:08:19:31 +0000] "PUT /d1/366/AUTH_7f00912ffce942ea98eb279238f21346/gnocchi.bc935f14-baec-495d-91ae-8861372784ab/none_v3" 201 - "PUT http://172.18.0.2:8080/v1/AUTH_7f00912ffce942ea98eb279238f21346/gnocchi.bc935f14-baec-495d-91ae-8861372784ab/none_v3" "txdbdbaf2967e6488a8857c-006a291e13" "proxy-server 20" 0.0154 "-" 24 0
Jun 10 08:19:31 standalone proxy-server[128651]: 172.18.0.2 172.18.0.100 10/Jun/2026/08/19/31 PUT /v1/AUTH_7f00912ffce942ea98eb279238f21346/gnocchi.bc935f14-baec-495d-91ae-8861372784ab/none_v3 HTTP/1.0 201 - python-swiftclient-3.11.1 gAAAAABqKR2KA6fE... 22 - - txdbdbaf2967e6488a8857c-006a291e13 - 0.0239 - - 1781079571.552227497 1781079571.576147318 0
Jun 10 08:19:31 standalone container-server[126464]: 172.20.0.100 - - [10/Jun/2026:08:19:31 +0000] "HEAD /d1/825/AUTH_7f00912ffce942ea98eb279238f21346/gnocchi.3a4752d8-236a-44c0-adf6-cc3b797eeb11" 404 - "HEAD http://172.18.0.2:8080/v1/AUTH_7f00912ffce942ea98eb279238f21346/gnocchi.3a4752d8-236a-44c0-adf6-cc3b797eeb11?format=json&states=listing" "txf4ffd10d79724a79acd08-006a291e13" "proxy-server 20" 0.0003 "-" 21 0
Jun 10 08:19:31 standalone object-server[126706]: 172.20.0.100 - - [10/Jun/2026:08:19:31 +0000] "GET /d1/668/AUTH_7f00912ffce942ea98eb279238f21346/gnocchi.3a4752d8-236a-44c0-adf6-cc3b797eeb11/none_v3" 404 70 "GET http://172.18.0.2:8080/v1/AUTH_7f00912ffce942ea98eb279238f21346/gnocchi.3a4752d8-236a-44c0-adf6-cc3b797eeb11/none_v3" "txf4ffd10d79724a79acd08-006a291e13" "proxy-server 20" 0.0003 "-" 22 0
Jun 10 08:19:31 standalone proxy-server[128651]: 172.18.0.2 172.18.0.100 10/Jun/2026/08/19/31 GET /v1/AUTH_7f00912ffce942ea98eb279238f21346/gnocchi.3a4752d8-236a-44c0-adf6-cc3b797eeb11/none_v3 HTTP/1.0 404 - python-swiftclient-3.11.1 gAAAAABqKR2KA6fE... - 70 - txf4ffd10d79724a79acd08-006a291e13 - 0.0118 - - 1781079571.596753120 1781079571.608574867 0
Jun 10 08:19:31 standalone account-server[126455]: 172.20.0.100 - - [10/Jun/2026:08:19:31 +0000] "PUT /d1/300/AUTH_7f00912ffce942ea98eb279238f21346/gnocchi.3a4752d8-236a-44c0-adf6-cc3b797eeb11" 201 - "PUT http://172.20.0.100:6001/d1/825/AUTH_7f00912ffce942ea98eb279238f21346/gnocchi.3a4752d8-236a-44c0-adf6-cc3b797eeb11" "tx25bb69a1f6844e559e020-006a291e13" "container-server 21" 0.0103 "-" 22 0
Jun 10 08:19:31 standalone container-server[126464]: 172.20.0.100 - - [10/Jun/2026:08:19:31 +0000] "PUT /d1/825/AUTH_7f00912ffce942ea98eb279238f21346/gnocchi.3a4752d8-236a-44c0-adf6-cc3b797eeb11" 201 - "PUT http://172.18.0.2:8080/v1/AUTH_7f00912ffce942ea98eb279238f21346/gnocchi.3a4752d8-236a-44c0-adf6-cc3b797eeb11" "tx25bb69a1f6844e559e020-006a291e13" "proxy-server 20" 0.0304 "-" 21 0
Jun 10 08:19:31 standalone proxy-server[128651]: 172.18.0.2 172.18.0.100 10/Jun/2026/08/19/31 PUT /v1/AUTH_7f00912ffce942ea98eb279238f21346/gnocchi.3a4752d8-236a-44c0-adf6-cc3b797eeb11 HTTP/1.0 201 - python-swiftclient-3.11.1 gAAAAABqKR2KA6fE... - - - tx25bb69a1f6844e559e020-006a291e13 - 0.0435 - - 1781079571.614899397 1781079571.658424854 0
Jun 10 08:19:31 standalone container-server[126464]: 172.20.0.100 - - [10/Jun/2026:08:19:31 +0000] "HEAD /d1/825/AUTH_7f00912ffce942ea98eb279238f21346/gnocchi.3a4752d8-236a-44c0-adf6-cc3b797eeb11" 204 - "HEAD http://172.18.0.2:8080/v1/AUTH_7f00912ffce942ea98eb279238f21346/gnocchi.3a4752d8-236a-44c0-adf6-cc3b797eeb11?format=json&states=listing" "txebf0d94e7a3d4362a9555-006a291e13" "proxy-server 20" 0.0012 "-" 21 0
Jun 10 08:19:31 standalone proxy-server[128651]: - - 10/Jun/2026/08/19/31 HEAD /v1/AUTH_7f00912ffce942ea98eb279238f21346/gnocchi.3a4752d8-236a-44c0-adf6-cc3b797eeb11%3Fformat%3Djson%26states%3Dlisting HTTP/1.0 204 - Swift - - - - txebf0d94e7a3d4362a9555-006a291e13 - 0.0041 RL - 1781079571.662269592 1781079571.666365385 0
Jun 10 08:19:31 standalone container-server[126466]: 172.20.0.100 - - [10/Jun/2026:08:19:31 +0000] "GET /d1/825/AUTH_7f00912ffce942ea98eb279238f21346/gnocchi.3a4752d8-236a-44c0-adf6-cc3b797eeb11" 200 2 "GET http://172.18.0.2:8080/v1/AUTH_7f00912ffce942ea98eb279238f21346/gnocchi.3a4752d8-236a-44c0-adf6-cc3b797eeb11?format=json&states=listing" "txebf0d94e7a3d4362a9555-006a291e13" "proxy-server 20" 0.0018 "-" 22 0
Jun 10 08:19:31 standalone proxy-server[128651]: 172.18.0.2 172.18.0.100 10/Jun/2026/08/19/31 GET /v1/AUTH_7f00912ffce942ea98eb279238f21346/gnocchi.3a4752d8-236a-44c0-adf6-cc3b797eeb11%3Fformat%3Djson%26states%3Dlisting HTTP/1.0 200 - python-swiftclient-3.11.1 gAAAAABqKR2KA6fE... - 2 - txebf0d94e7a3d4362a9555-006a291e13 - 0.0170 - - 1781079571.661380291 1781079571.678414583 0
Jun 10 08:19:31 standalone object-server[126706]: 172.20.0.100 - - [10/Jun/2026:08:19:31 +0000] "GET /d1/63/AUTH_7f00912ffce942ea98eb279238f21346/gnocchi.3a4752d8-236a-44c0-adf6-cc3b797eeb11/1780920000.0_mean_300.0_v3" 404 70 "GET http://172.18.0.2:8080/v1/AUTH_7f00912ffce942ea98eb279238f21346/gnocchi.3a4752d8-236a-44c0-adf6-cc3b797eeb11/1780920000.0_mean_300.0_v3" "tx16fb98e9995d4ff79d5c7-006a291e13" "proxy-server 20" 0.0003 "-" 22 0
Jun 10 08:19:31 standalone proxy-server[128651]: 172.18.0.2 172.18.0.100 10/Jun/2026/08/19/31 GET /v1/AUTH_7f00912ffce942ea98eb279238f21346/gnocchi.3a4752d8-236a-44c0-adf6-cc3b797eeb11/1780920000.0_mean_300.0_v3 HTTP/1.0 404 - python-swiftclient-3.11.1 gAAAAABqKR2KA6fE... - 70 - tx16fb98e9995d4ff79d5c7-006a291e13 - 0.0208 - - 1781079571.682982445 1781079571.703764915 0
Jun 10 08:19:31 standalone container-server[126464]: 172.20.0.100 - - [10/Jun/2026:08:19:31 +0000] "PUT /d1/825/AUTH_7f00912ffce942ea98eb279238f21346/gnocchi.3a4752d8-236a-44c0-adf6-cc3b797eeb11/1780920000.0_mean_300.0_v3" 201 - "PUT http://172.18.0.2:8080/d1/63/AUTH_7f00912ffce942ea98eb279238f21346/gnocchi.3a4752d8-236a-44c0-adf6-cc3b797eeb11/1780920000.0_mean_300.0_v3" "txf5ab4946ded64fb2846b1-006a291e13" "object-server 25" 0.0005 "-" 21 0
Jun 10 08:19:31 standalone object-server[126714]: 172.20.0.100 - - [10/Jun/2026:08:19:31 +0000] "PUT /d1/63/AUTH_7f00912ffce942ea98eb279238f21346/gnocchi.3a4752d8-236a-44c0-adf6-cc3b797eeb11/1780920000.0_mean_300.0_v3" 201 - "PUT http://172.18.0.2:8080/v1/AUTH_7f00912ffce942ea98eb279238f21346/gnocchi.3a4752d8-236a-44c0-adf6-cc3b797eeb11/1780920000.0_mean_300.0_v3" "txf5ab4946ded64fb2846b1-006a291e13" "proxy-server 20" 0.0100 "-" 25 0
Jun 10 08:19:31 standalone proxy-server[128651]: 172.18.0.2 172.18.0.100 10/Jun/2026/08/19/31 PUT /v1/AUTH_7f00912ffce942ea98eb279238f21346/gnocchi.3a4752d8-236a-44c0-adf6-cc3b797eeb11/1780920000.0_mean_300.0_v3 HTTP/1.0 201 - python-swiftclient-3.11.1 gAAAAABqKR2KA6fE... 16 - - txf5ab4946ded64fb2846b1-006a291e13 - 0.0288 - - 1781079571.710157394 1781079571.738974571 0
Jun 10 08:19:31 standalone container-server[126454]: 172.20.0.100 - - [10/Jun/2026:08:19:31 +0000] "PUT /d1/825/AUTH_7f00912ffce942ea98eb279238f21346/gnocchi.3a4752d8-236a-44c0-adf6-cc3b797eeb11/none_v3" 201 - "PUT http://172.18.0.2:8080/d1/668/AUTH_7f00912ffce942ea98eb279238f21346/gnocchi.3a4752d8-236a-44c0-adf6-cc3b797eeb11/none_v3" "tx3598229320424d1a9c090-006a291e13" "object-server 23" 0.0006 "-" 20 0
