Jun 10 08:20:50 standalone proxy-server[128651]: 172.18.0.2 172.18.0.100 10/Jun/2026/08/20/50 GET /v1/AUTH_7f00912ffce942ea98eb279238f21346/gnocchi.49a1bf11-56be-45f0-afce-706c04596142/none_v3 HTTP/1.0 404 - python-swiftclient-3.11.1 gAAAAABqKR2KA6fE... - 70 - txb5de4085e62d43db84b55-006a291e62 - 0.0241 - - 1781079650.347465277 1781079650.371545792 0
Jun 10 08:20:50 standalone account-server[126465]: 172.20.0.100 - - [10/Jun/2026:08:20:50 +0000] "PUT /d1/300/AUTH_7f00912ffce942ea98eb279238f21346/gnocchi.49a1bf11-56be-45f0-afce-706c04596142" 201 - "PUT http://172.20.0.100:6001/d1/655/AUTH_7f00912ffce942ea98eb279238f21346/gnocchi.49a1bf11-56be-45f0-afce-706c04596142" "txe98ddf1f2fd349beb7281-006a291e62" "container-server 23" 0.0053 "-" 23 0
Jun 10 08:20:50 standalone container-server[126469]: 172.20.0.100 - - [10/Jun/2026:08:20:50 +0000] "PUT /d1/655/AUTH_7f00912ffce942ea98eb279238f21346/gnocchi.49a1bf11-56be-45f0-afce-706c04596142" 201 - "PUT http://172.18.0.2:8080/v1/AUTH_7f00912ffce942ea98eb279238f21346/gnocchi.49a1bf11-56be-45f0-afce-706c04596142" "txe98ddf1f2fd349beb7281-006a291e62" "proxy-server 20" 0.0304 "-" 23 0
Jun 10 08:20:50 standalone proxy-server[128651]: 172.18.0.2 172.18.0.100 10/Jun/2026/08/20/50 PUT /v1/AUTH_7f00912ffce942ea98eb279238f21346/gnocchi.49a1bf11-56be-45f0-afce-706c04596142 HTTP/1.0 201 - python-swiftclient-3.11.1 gAAAAABqKR2KA6fE... - - - txe98ddf1f2fd349beb7281-006a291e62 - 0.0371 - - 1781079650.374743462 1781079650.411888361 0
Jun 10 08:20:50 standalone container-server[126454]: 172.20.0.100 - - [10/Jun/2026:08:20:50 +0000] "HEAD /d1/655/AUTH_7f00912ffce942ea98eb279238f21346/gnocchi.49a1bf11-56be-45f0-afce-706c04596142" 204 - "HEAD http://172.18.0.2:8080/v1/AUTH_7f00912ffce942ea98eb279238f21346/gnocchi.49a1bf11-56be-45f0-afce-706c04596142?format=json&states=listing" "txf134528866384fe39ead3-006a291e62" "proxy-server 20" 0.0029 "-" 20 0
Jun 10 08:20:50 standalone proxy-server[128651]: - - 10/Jun/2026/08/20/50 HEAD /v1/AUTH_7f00912ffce942ea98eb279238f21346/gnocchi.49a1bf11-56be-45f0-afce-706c04596142%3Fformat%3Djson%26states%3Dlisting HTTP/1.0 204 - Swift - - - - txf134528866384fe39ead3-006a291e62 - 0.0096 RL - 1781079650.419908285 1781079650.429544687 0
Jun 10 08:20:50 standalone container-server[126464]: 172.20.0.100 - - [10/Jun/2026:08:20:50 +0000] "GET /d1/655/AUTH_7f00912ffce942ea98eb279238f21346/gnocchi.49a1bf11-56be-45f0-afce-706c04596142" 200 2 "GET http://172.18.0.2:8080/v1/AUTH_7f00912ffce942ea98eb279238f21346/gnocchi.49a1bf11-56be-45f0-afce-706c04596142?format=json&states=listing" "txf134528866384fe39ead3-006a291e62" "proxy-server 20" 0.0021 "-" 21 0
Jun 10 08:20:50 standalone proxy-server[128651]: 172.18.0.2 172.18.0.100 10/Jun/2026/08/20/50 GET /v1/AUTH_7f00912ffce942ea98eb279238f21346/gnocchi.49a1bf11-56be-45f0-afce-706c04596142%3Fformat%3Djson%26states%3Dlisting HTTP/1.0 200 - python-swiftclient-3.11.1 gAAAAABqKR2KA6fE... - 2 - txf134528866384fe39ead3-006a291e62 - 0.0228 - - 1781079650.418069839 1781079650.440879107 0
Jun 10 08:20:50 standalone object-server[126708]: 172.20.0.100 - - [10/Jun/2026:08:20:50 +0000] "GET /d1/522/AUTH_7f00912ffce942ea98eb279238f21346/gnocchi.49a1bf11-56be-45f0-afce-706c04596142/1780920000.0_mean_300.0_v3" 404 70 "GET http://172.18.0.2:8080/v1/AUTH_7f00912ffce942ea98eb279238f21346/gnocchi.49a1bf11-56be-45f0-afce-706c04596142/1780920000.0_mean_300.0_v3" "txfe1e5abf1bd240c7ba5ca-006a291e62" "proxy-server 20" 0.0006 "-" 24 0
Jun 10 08:20:50 standalone proxy-server[128651]: 172.18.0.2 172.18.0.100 10/Jun/2026/08/20/50 GET /v1/AUTH_7f00912ffce942ea98eb279238f21346/gnocchi.49a1bf11-56be-45f0-afce-706c04596142/1780920000.0_mean_300.0_v3 HTTP/1.0 404 - python-swiftclient-3.11.1 gAAAAABqKR2KA6fE... - 70 - txfe1e5abf1bd240c7ba5ca-006a291e62 - 0.0085 - - 1781079650.446642876 1781079650.455106258 0
Jun 10 08:20:50 standalone container-server[126454]: 172.20.0.100 - - [10/Jun/2026:08:20:50 +0000] "PUT /d1/655/AUTH_7f00912ffce942ea98eb279238f21346/gnocchi.49a1bf11-56be-45f0-afce-706c04596142/1780920000.0_mean_300.0_v3" 201 - "PUT http://172.18.0.2:8080/d1/522/AUTH_7f00912ffce942ea98eb279238f21346/gnocchi.49a1bf11-56be-45f0-afce-706c04596142/1780920000.0_mean_300.0_v3" "txd669491ae16444f6ae315-006a291e62" "object-server 22" 0.0009 "-" 20 0
Jun 10 08:20:50 standalone object-server[126706]: 172.20.0.100 - - [10/Jun/2026:08:20:50 +0000] "PUT /d1/522/AUTH_7f00912ffce942ea98eb279238f21346/gnocchi.49a1bf11-56be-45f0-afce-706c04596142/1780920000.0_mean_300.0_v3" 201 - "PUT http://172.18.0.2:8080/v1/AUTH_7f00912ffce942ea98eb279238f21346/gnocchi.49a1bf11-56be-45f0-afce-706c04596142/1780920000.0_mean_300.0_v3" "txd669491ae16444f6ae315-006a291e62" "proxy-server 20" 0.0131 "-" 22 0
Jun 10 08:20:50 standalone proxy-server[128651]: 172.18.0.2 172.18.0.100 10/Jun/2026/08/20/50 PUT /v1/AUTH_7f00912ffce942ea98eb279238f21346/gnocchi.49a1bf11-56be-45f0-afce-706c04596142/1780920000.0_mean_300.0_v3 HTTP/1.0 201 - python-swiftclient-3.11.1 gAAAAABqKR2KA6fE... 16 - - txd669491ae16444f6ae315-006a291e62 - 0.0259 - - 1781079650.460372448 1781079650.486292124 0
Jun 10 08:20:50 standalone container-server[126454]: 172.20.0.100 - - [10/Jun/2026:08:20:50 +0000] "PUT /d1/655/AUTH_7f00912ffce942ea98eb279238f21346/gnocchi.49a1bf11-56be-45f0-afce-706c04596142/none_v3" 201 - "PUT http://172.18.0.2:8080/d1/309/AUTH_7f00912ffce942ea98eb279238f21346/gnocchi.49a1bf11-56be-45f0-afce-706c04596142/none_v3" "tx74e271e8e2ac4494ba428-006a291e62" "object-server 24" 0.0016 "-" 20 0
Jun 10 08:20:50 standalone object-server[126708]: 172.20.0.100 - - [10/Jun/2026:08:20:50 +0000] "PUT /d1/309/AUTH_7f00912ffce942ea98eb279238f21346/gnocchi.49a1bf11-56be-45f0-afce-706c04596142/none_v3" 201 - "PUT http://172.18.0.2:8080/v1/AUTH_7f00912ffce942ea98eb279238f21346/gnocchi.49a1bf11-56be-45f0-afce-706c04596142/none_v3" "tx74e271e8e2ac4494ba428-006a291e62" "proxy-server 20" 0.0125 "-" 24 0
Jun 10 08:20:50 standalone proxy-server[128651]: 172.18.0.2 172.18.0.100 10/Jun/2026/08/20/50 PUT /v1/AUTH_7f00912ffce942ea98eb279238f21346/gnocchi.49a1bf11-56be-45f0-afce-706c04596142/none_v3 HTTP/1.0 201 - python-swiftclient-3.11.1 gAAAAABqKR2KA6fE... 22 - - tx74e271e8e2ac4494ba428-006a291e62 - 0.0209 - - 1781079650.492352247 1781079650.513215303 0
Jun 10 08:20:50 standalone container-server[126464]: 172.20.0.100 - - [10/Jun/2026:08:20:50 +0000] "HEAD /d1/685/AUTH_7f00912ffce942ea98eb279238f21346/gnocchi.6c9d9839-016b-4acd-9ac8-a647bd570688" 404 - "HEAD http://172.18.0.2:8080/v1/AUTH_7f00912ffce942ea98eb279238f21346/gnocchi.6c9d9839-016b-4acd-9ac8-a647bd570688?format=json&states=listing" "tx67c6fdeb1f20405d89a82-006a291e62" "proxy-server 20" 0.0005 "-" 21 0
Jun 10 08:20:50 standalone object-server[126708]: 172.20.0.100 - - [10/Jun/2026:08:20:50 +0000] "GET /d1/486/AUTH_7f00912ffce942ea98eb279238f21346/gnocchi.6c9d9839-016b-4acd-9ac8-a647bd570688/none_v3" 404 70 "GET http://172.18.0.2:8080/v1/AUTH_7f00912ffce942ea98eb279238f21346/gnocchi.6c9d9839-016b-4acd-9ac8-a647bd570688/none_v3" "tx67c6fdeb1f20405d89a82-006a291e62" "proxy-server 20" 0.0006 "-" 24 0
Jun 10 08:20:50 standalone proxy-server[128651]: 172.18.0.2 172.18.0.100 10/Jun/2026/08/20/50 GET /v1/AUTH_7f00912ffce942ea98eb279238f21346/gnocchi.6c9d9839-016b-4acd-9ac8-a647bd570688/none_v3 HTTP/1.0 404 - python-swiftclient-3.11.1 gAAAAABqKR2KA6fE... - 70 - tx67c6fdeb1f20405d89a82-006a291e62 - 0.0152 - - 1781079650.535675049 1781079650.550860643 0
Jun 10 08:20:50 standalone account-server[126440]: 172.20.0.100 - - [10/Jun/2026:08:20:50 +0000] "PUT /d1/300/AUTH_7f00912ffce942ea98eb279238f21346/gnocchi.6c9d9839-016b-4acd-9ac8-a647bd570688" 201 - "PUT http://172.20.0.100:6001/d1/685/AUTH_7f00912ffce942ea98eb279238f21346/gnocchi.6c9d9839-016b-4acd-9ac8-a647bd570688" "tx9d05fabe1ea24ac9bcf90-006a291e62" "container-server 23" 0.0049 "-" 20 0
Jun 10 08:20:50 standalone container-server[126469]: 172.20.0.100 - - [10/Jun/2026:08:20:50 +0000] "PUT /d1/685/AUTH_7f00912ffce942ea98eb279238f21346/gnocchi.6c9d9839-016b-4acd-9ac8-a647bd570688" 201 - "PUT http://172.18.0.2:8080/v1/AUTH_7f00912ffce942ea98eb279238f21346/gnocchi.6c9d9839-016b-4acd-9ac8-a647bd570688" "tx9d05fabe1ea24ac9bcf90-006a291e62" "proxy-server 20" 0.0190 "-" 23 0
Jun 10 08:20:50 standalone proxy-server[128651]: 172.18.0.2 172.18.0.100 10/Jun/2026/08/20/50 PUT /v1/AUTH_7f00912ffce942ea98eb279238f21346/gnocchi.6c9d9839-016b-4acd-9ac8-a647bd570688 HTTP/1.0 201 - python-swiftclient-3.11.1 gAAAAABqKR2KA6fE... - - - tx9d05fabe1ea24ac9bcf90-006a291e62 - 0.0280 - - 1781079650.554358006 1781079650.582327843 0
Jun 10 08:20:50 standalone container-server[126469]: 172.20.0.100 - - [10/Jun/2026:08:20:50 +0000] "HEAD /d1/685/AUTH_7f00912ffce942ea98eb279238f21346/gnocchi.6c9d9839-016b-4acd-9ac8-a647bd570688" 204 - "HEAD http://172.18.0.2:8080/v1/AUTH_7f00912ffce942ea98eb279238f21346/gnocchi.6c9d9839-016b-4acd-9ac8-a647bd570688?format=json&states=listing" "txc8097d9c049b480c8f0e6-006a291e62" "proxy-server 20" 0.0014 "-" 23 0
Jun 10 08:20:50 standalone proxy-server[128651]: - - 10/Jun/2026/08/20/50 HEAD /v1/AUTH_7f00912ffce942ea98eb279238f21346/gnocchi.6c9d9839-016b-4acd-9ac8-a647bd570688%3Fformat%3Djson%26states%3Dlisting HTTP/1.0 204 - Swift - - - - txc8097d9c049b480c8f0e6-006a291e62 - 0.0085 RL - 1781079650.588969946 1781079650.597478151 0
Jun 10 08:20:50 standalone container-server[126466]: 172.20.0.100 - - [10/Jun/2026:08:20:50 +0000] "GET /d1/685/AUTH_7f00912ffce942ea98eb279238f21346/gnocchi.6c9d9839-016b-4acd-9ac8-a647bd570688" 200 2 "GET http://172.18.0.2:8080/v1/AUTH_7f00912ffce942ea98eb279238f21346/gnocchi.6c9d9839-016b-4acd-9ac8-a647bd570688?format=json&states=listing" "txc8097d9c049b480c8f0e6-006a291e62" "proxy-server 20" 0.0018 "-" 22 0
Jun 10 08:20:50 standalone proxy-server[128651]: 172.18.0.2 172.18.0.100 10/Jun/2026/08/20/50 GET /v1/AUTH_7f00912ffce942ea98eb279238f21346/gnocchi.6c9d9839-016b-4acd-9ac8-a647bd570688%3Fformat%3Djson%26states%3Dlisting HTTP/1.0 200 - python-swiftclient-3.11.1 gAAAAABqKR2KA6fE... - 2 - txc8097d9c049b480c8f0e6-006a291e62 - 0.0212 - - 1781079650.587106705 1781079650.608356237 0
Jun 10 08:20:50 standalone object-server[126707]: 172.20.0.100 - - [10/Jun/2026:08:20:50 +0000] "GET /d1/326/AUTH_7f00912ffce942ea98eb279238f21346/gnocchi.6c9d9839-016b-4acd-9ac8-a647bd570688/1780920000.0_mean_300.0_v3" 404 70 "GET http://172.18.0.2:8080/v1/AUTH_7f00912ffce942ea98eb279238f21346/gnocchi.6c9d9839-016b-4acd-9ac8-a647bd570688/1780920000.0_mean_300.0_v3" "txbae61ca81d8b483eb375b-006a291e62" "proxy-server 20" 0.0003 "-" 23 0
Jun 10 08:20:50 standalone proxy-server[128651]: 172.18.0.2 172.18.0.100 10/Jun/2026/08/20/50 GET /v1/AUTH_7f00912ffce942ea98eb279238f21346/gnocchi.6c9d9839-016b-4acd-9ac8-a647bd570688/1780920000.0_mean_300.0_v3 HTTP/1.0 404 - python-swiftclient-3.11.1 gAAAAABqKR2KA6fE... - 70 - txbae61ca81d8b483eb375b-006a291e62 - 0.0076 - - 1781079650.612257481 1781079650.619903803 0
Jun 10 08:20:50 standalone container-server[126464]: 172.20.0.100 - - [10/Jun/2026:08:20:50 +0000] "PUT /d1/685/AUTH_7f00912ffce942ea98eb279238f21346/gnocchi.6c9d9839-016b-4acd-9ac8-a647bd570688/1780920000.0_mean_300.0_v3" 201 - "PUT http://172.18.0.2:8080/d1/326/AUTH_7f00912ffce942ea98eb279238f21346/gnocchi.6c9d9839-016b-4acd-9ac8-a647bd570688/1780920000.0_mean_300.0_v3" "tx3ad6b73141714f0fab1e2-006a291e62" "object-server 23" 0.0009 "-" 21 0
Jun 10 08:20:50 standalone object-server[126707]: 172.20.0.100 - - [10/Jun/2026:08:20:50 +0000] "PUT /d1/326/AUTH_7f00912ffce942ea98eb279238f21346/gnocchi.6c9d9839-016b-4acd-9ac8-a647bd570688/1780920000.0_mean_300.0_v3" 201 - "PUT http://172.18.0.2:8080/v1/AUTH_7f00912ffce942ea98eb279238f21346/gnocchi.6c9d9839-016b-4acd-9ac8-a647bd570688/1780920000.0_mean_300.0_v3" "tx3ad6b73141714f0fab1e2-006a291e62" "proxy-server 20" 0.0109 "-" 23 0
Jun 10 08:20:50 standalone proxy-server[128651]: 172.18.0.2 172.18.0.100 10/Jun/2026/08/20/50 PUT /v1/AUTH_7f00912ffce942ea98eb279238f21346/gnocchi.6c9d9839-016b-4acd-9ac8-a647bd570688/1780920000.0_mean_300.0_v3 HTTP/1.0 201 - python-swiftclient-3.11.1 gAAAAABqKR2KA6fE... 16 - - tx3ad6b73141714f0fab1e2-006a291e62 - 0.0190 - - 1781079650.623150349 1781079650.642138004 0
Jun 10 08:20:50 standalone container-server[126464]: 172.20.0.100 - - [10/Jun/2026:08:20:50 +0000] "PUT /d1/685/AUTH_7f00912ffce942ea98eb279238f21346/gnocchi.6c9d9839-016b-4acd-9ac8-a647bd570688/none_v3" 201 - "PUT http://172.18.0.2:8080/d1/486/AUTH_7f00912ffce942ea98eb279238f21346/gnocchi.6c9d9839-016b-4acd-9ac8-a647bd570688/none_v3" "tx5221780433b34b79a0582-006a291e62" "object-server 22" 0.0006 "-" 21 0
Jun 10 08:20:50 standalone object-server[126706]: 172.20.0.100 - - [10/Jun/2026:08:20:50 +0000] "PUT /d1/486/AUTH_7f00912ffce942ea98eb279238f21346/gnocchi.6c9d9839-016b-4acd-9ac8-a647bd570688/none_v3" 201 - "PUT http://172.18.0.2:8080/v1/AUTH_7f00912ffce942ea98eb279238f21346/gnocchi.6c9d9839-016b-4acd-9ac8-a647bd570688/none_v3" "tx5221780433b34b79a0582-006a291e62" "proxy-server 20" 0.0100 "-" 22 0
Jun 10 08:20:50 standalone proxy-server[128651]: 172.18.0.2 172.18.0.100 10/Jun/2026/08/20/50 PUT /v1/AUTH_7f00912ffce942ea98eb279238f21346/gnocchi.6c9d9839-016b-4acd-9ac8-a647bd570688/none_v3 HTTP/1.0 201 - python-swiftclient-3.11.1 gAAAAABqKR2KA6fE... 22 - - tx5221780433b34b79a0582-006a291e62 - 0.0197 - - 1781079650.646181345 1781079650.665842533 0
Jun 10 08:20:50 standalone container-server[126466]: 172.20.0.100 - - [10/Jun/2026:08:20:50 +0000] "HEAD /d1/84/AUTH_7f00912ffce942ea98eb279238f21346/gnocchi.bfab2c67-3cb7-4d7e-80fe-ff92d27c7526" 404 - "HEAD http://172.18.0.2:8080/v1/AUTH_7f00912ffce942ea98eb279238f21346/gnocchi.bfab2c67-3cb7-4d7e-80fe-ff92d27c7526?format=json&states=listing" "txc64a78bbec7446f7a61a8-006a291e62" "proxy-server 20" 0.0007 "-" 22 0
Jun 10 08:20:50 standalone object-server[126714]: 172.20.0.100 - - [10/Jun/2026:08:20:50 +0000] "GET /d1/966/AUTH_7f00912ffce942ea98eb279238f21346/gnocchi.bfab2c67-3cb7-4d7e-80fe-ff92d27c7526/none_v3" 404 70 "GET http://172.18.0.2:8080/v1/AUTH_7f00912ffce942ea98eb279238f21346/gnocchi.bfab2c67-3cb7-4d7e-80fe-ff92d27c7526/none_v3" "txc64a78bbec7446f7a61a8-006a291e62" "proxy-server 20" 0.0003 "-" 25 0
Jun 10 08:20:50 standalone proxy-server[128651]: 172.18.0.2 172.18.0.100 10/Jun/2026/08/20/50 GET /v1/AUTH_7f00912ffce942ea98eb279238f21346/gnocchi.bfab2c67-3cb7-4d7e-80fe-ff92d27c7526/none_v3 HTTP/1.0 404 - python-swiftclient-3.11.1 gAAAAABqKR2KA6fE... - 70 - txc64a78bbec7446f7a61a8-006a291e62 - 0.0147 - - 1781079650.676017046 1781079650.690747976 0
Jun 10 08:20:50 standalone account-server[126448]: 172.20.0.100 - - [10/Jun/2026:08:20:50 +0000] "PUT /d1/300/AUTH_7f00912ffce942ea98eb279238f21346/gnocchi.bfab2c67-3cb7-4d7e-80fe-ff92d27c7526" 201 - "PUT http://172.20.0.100:6001/d1/84/AUTH_7f00912ffce942ea98eb279238f21346/gnocchi.bfab2c67-3cb7-4d7e-80fe-ff92d27c7526" "txdc14358f4eaa4c03a5be5-006a291e62" "container-server 23" 0.0096 "-" 21 0
Jun 10 08:20:50 standalone container-server[126469]: 172.20.0.100 - - [10/Jun/2026:08:20:50 +0000] "PUT /d1/84/AUTH_7f00912ffce942ea98eb279238f21346/gnocchi.bfab2c67-3cb7-4d7e-80fe-ff92d27c7526" 201 - "PUT http://172.18.0.2:8080/v1/AUTH_7f00912ffce942ea98eb279238f21346/gnocchi.bfab2c67-3cb7-4d7e-80fe-ff92d27c7526" "txdc14358f4eaa4c03a5be5-006a291e62" "proxy-server 20" 0.0229 "-" 23 0
Jun 10 08:20:50 standalone proxy-server[128651]: 172.18.0.2 172.18.0.100 10/Jun/2026/08/20/50 PUT /v1/AUTH_7f00912ffce942ea98eb279238f21346/gnocchi.bfab2c67-3cb7-4d7e-80fe-ff92d27c7526 HTTP/1.0 201 - python-swiftclient-3.11.1 gAAAAABqKR2KA6fE... - - - txdc14358f4eaa4c03a5be5-006a291e62 - 0.0882 - - 1781079650.693518400 1781079650.781764746 0
Jun 10 08:20:50 standalone container-server[126464]: 172.20.0.100 - - [10/Jun/2026:08:20:50 +0000] "HEAD /d1/84/AUTH_7f00912ffce942ea98eb279238f21346/gnocchi.bfab2c67-3cb7-4d7e-80fe-ff92d27c7526" 204 - "HEAD http://172.18.0.2:8080/v1/AUTH_7f00912ffce942ea98eb279238f21346/gnocchi.bfab2c67-3cb7-4d7e-80fe-ff92d27c7526?format=json&states=listing" "tx3dee4674e1ba4c56af5ba-006a291e62" "proxy-server 20" 0.0012 "-" 21 0
Jun 10 08:20:50 standalone proxy-server[128651]: - - 10/Jun/2026/08/20/50 HEAD /v1/AUTH_7f00912ffce942ea98eb279238f21346/gnocchi.bfab2c67-3cb7-4d7e-80fe-ff92d27c7526%3Fformat%3Djson%26states%3Dlisting HTTP/1.0 204 - Swift - - - - tx3dee4674e1ba4c56af5ba-006a291e62 - 0.0038 RL - 1781079650.785598040 1781079650.789421320 0
Jun 10 08:20:50 standalone container-server[126454]: 172.20.0.100 - - [10/Jun/2026:08:20:50 +0000] "GET /d1/84/AUTH_7f00912ffce942ea98eb279238f21346/gnocchi.bfab2c67-3cb7-4d7e-80fe-ff92d27c7526" 200 2 "GET http://172.18.0.2:8080/v1/AUTH_7f00912ffce942ea98eb279238f21346/gnocchi.bfab2c67-3cb7-4d7e-80fe-ff92d27c7526?format=json&states=listing" "tx3dee4674e1ba4c56af5ba-006a291e62" "proxy-server 20" 0.0016 "-" 20 0
Jun 10 08:20:50 standalone proxy-server[128651]: 172.18.0.2 172.18.0.100 10/Jun/2026/08/20/50 GET /v1/AUTH_7f00912ffce942ea98eb279238f21346/gnocchi.bfab2c67-3cb7-4d7e-80fe-ff92d27c7526%3Fformat%3Djson%26states%3Dlisting HTTP/1.0 200 - python-swiftclient-3.11.1 gAAAAABqKR2KA6fE... - 2 - tx3dee4674e1ba4c56af5ba-006a291e62 - 0.0105 - - 1781079650.784774065 1781079650.795260191 0
Jun 10 08:20:50 standalone object-server[126706]: 172.20.0.100 - - [10/Jun/2026:08:20:50 +0000] "GET /d1/542/AUTH_7f00912ffce942ea98eb279238f21346/gnocchi.bfab2c67-3cb7-4d7e-80fe-ff92d27c7526/1780920000.0_mean_300.0_v3" 404 70 "GET http://172.18.0.2:8080/v1/AUTH_7f00912ffce942ea98eb279238f21346/gnocchi.bfab2c67-3cb7-4d7e-80fe-ff92d27c7526/1780920000.0_mean_300.0_v3" "tx2cf14e95f50242b5ac2a8-006a291e62" "proxy-server 20" 0.0004 "-" 22 0
Jun 10 08:20:50 standalone proxy-server[128651]: 172.18.0.2 172.18.0.100 10/Jun/2026/08/20/50 GET /v1/AUTH_7f00912ffce942ea98eb279238f21346/gnocchi.bfab2c67-3cb7-4d7e-80fe-ff92d27c7526/1780920000.0_mean_300.0_v3 HTTP/1.0 404 - python-swiftclient-3.11.1 gAAAAABqKR2KA6fE... - 70 - tx2cf14e95f50242b5ac2a8-006a291e62 - 0.0041 - - 1781079650.797617197 1781079650.801701784 0
Jun 10 08:20:50 standalone container-server[126469]: 172.20.0.100 - - [10/Jun/2026:08:20:50 +0000] "PUT /d1/84/AUTH_7f00912ffce942ea98eb279238f21346/gnocchi.bfab2c67-3cb7-4d7e-80fe-ff92d27c7526/1780920000.0_mean_300.0_v3" 201 - "PUT http://172.18.0.2:8080/d1/542/AUTH_7f00912ffce942ea98eb279238f21346/gnocchi.bfab2c67-3cb7-4d7e-80fe-ff92d27c7526/1780920000.0_mean_300.0_v3" "tx38683d0bf8544f2e8c61f-006a291e62" "object-server 24" 0.0008 "-" 23 0
Jun 10 08:20:50 standalone object-server[126708]: 172.20.0.100 - - [10/Jun/2026:08:20:50 +0000] "PUT /d1/542/AUTH_7f00912ffce942ea98eb279238f21346/gnocchi.bfab2c67-3cb7-4d7e-80fe-ff92d27c7526/1780920000.0_mean_300.0_v3" 201 - "PUT http://172.18.0.2:8080/v1/AUTH_7f00912ffce942ea98eb279238f21346/gnocchi.bfab2c67-3cb7-4d7e-80fe-ff92d27c7526/1780920000.0_mean_300.0_v3" "tx38683d0bf8544f2e8c61f-006a291e62" "proxy-server 20" 0.0079 "-" 24 0
Jun 10 08:20:50 standalone proxy-server[128651]: 172.18.0.2 172.18.0.100 10/Jun/2026/08/20/50 PUT /v1/AUTH_7f00912ffce942ea98eb279238f21346/gnocchi.bfab2c67-3cb7-4d7e-80fe-ff92d27c7526/1780920000.0_mean_300.0_v3 HTTP/1.0 201 - python-swiftclient-3.11.1 gAAAAABqKR2KA6fE... 16 - - tx38683d0bf8544f2e8c61f-006a291e62 - 0.0118 - - 1781079650.803620338 1781079650.815377474 0
Jun 10 08:20:50 standalone container-server[126454]: 172.20.0.100 - - [10/Jun/2026:08:20:50 +0000] "PUT /d1/84/AUTH_7f00912ffce942ea98eb279238f21346/gnocchi.bfab2c67-3cb7-4d7e-80fe-ff92d27c7526/none_v3" 201 - "PUT http://172.18.0.2:8080/d1/966/AUTH_7f00912ffce942ea98eb279238f21346/gnocchi.bfab2c67-3cb7-4d7e-80fe-ff92d27c7526/none_v3" "txccc1fc8dd93d4f818de10-006a291e62" "object-server 23" 0.0005 "-" 20 0
Jun 10 08:20:50 standalone object-server[126707]: 172.20.0.100 - - [10/Jun/2026:08:20:50 +0000] "PUT /d1/966/AUTH_7f00912ffce942ea98eb279238f21346/gnocchi.bfab2c67-3cb7-4d7e-80fe-ff92d27c7526/none_v3" 201 - "PUT http://172.18.0.2:8080/v1/AUTH_7f00912ffce942ea98eb279238f21346/gnocchi.bfab2c67-3cb7-4d7e-80fe-ff92d27c7526/none_v3" "txccc1fc8dd93d4f818de10-006a291e62" "proxy-server 20" 0.0071 "-" 23 0
Jun 10 08:20:50 standalone proxy-server[128651]: 172.18.0.2 172.18.0.100 10/Jun/2026/08/20/50 PUT /v1/AUTH_7f00912ffce942ea98eb279238f21346/gnocchi.bfab2c67-3cb7-4d7e-80fe-ff92d27c7526/none_v3 HTTP/1.0 201 - python-swiftclient-3.11.1 gAAAAABqKR2KA6fE... 22 - - txccc1fc8dd93d4f818de10-006a291e62 - 0.0113 - - 1781079650.817270756 1781079650.828545332 0
Jun 10 08:20:50 standalone container-server[126464]: 172.20.0.100 - - [10/Jun/2026:08:20:50 +0000] "HEAD /d1/124/AUTH_7f00912ffce942ea98eb279238f21346/gnocchi.880f0396-5115-4283-b6f4-2c298e3d1e00" 404 - "HEAD http://172.18.0.2:8080/v1/AUTH_7f00912ffce942ea98eb279238f21346/gnocchi.880f0396-5115-4283-b6f4-2c298e3d1e00?format=json&states=listing" "txc2ba0d2e59e444c78700d-006a291e62" "proxy-server 20" 0.0007 "-" 21 0
Jun 10 08:20:50 standalone object-server[126714]: 172.20.0.100 - - [10/Jun/2026:08:20:50 +0000] "GET /d1/405/AUTH_7f00912ffce942ea98eb279238f21346/gnocchi.880f0396-5115-4283-b6f4-2c298e3d1e00/none_v3" 404 70 "GET http://172.18.0.2:8080/v1/AUTH_7f00912ffce942ea98eb279238f21346/gnocchi.880f0396-5115-4283-b6f4-2c298e3d1e00/none_v3" "txc2ba0d2e59e444c78700d-006a291e62" "proxy-server 20" 0.0003 "-" 25 0
Jun 10 08:20:50 standalone proxy-server[128651]: 172.18.0.2 172.18.0.100 10/Jun/2026/08/20/50 GET /v1/AUTH_7f00912ffce942ea98eb279238f21346/gnocchi.880f0396-5115-4283-b6f4-2c298e3d1e00/none_v3 HTTP/1.0 404 - python-swiftclient-3.11.1 gAAAAABqKR2KA6fE... - 70 - txc2ba0d2e59e444c78700d-006a291e62 - 0.0086 - - 1781079650.836224556 1781079650.844782591 0
Jun 10 08:20:50 standalone account-server[126455]: 172.20.0.100 - - [10/Jun/2026:08:20:50 +0000] "PUT /d1/300/AUTH_7f00912ffce942ea98eb279238f21346/gnocchi.880f0396-5115-4283-b6f4-2c298e3d1e00" 201 - "PUT http://172.20.0.100:6001/d1/124/AUTH_7f00912ffce942ea98eb279238f21346/gnocchi.880f0396-5115-4283-b6f4-2c298e3d1e00" "tx8613b754347046c88b4f0-006a291e62" "container-server 22" 0.0034 "-" 22 0
Jun 10 08:20:50 standalone container-server[126466]: 172.20.0.100 - - [10/Jun/2026:08:20:50 +0000] "PUT /d1/124/AUTH_7f00912ffce942ea98eb279238f21346/gnocchi.880f0396-5115-4283-b6f4-2c298e3d1e00" 201 - "PUT http://172.18.0.2:8080/v1/AUTH_7f00912ffce942ea98eb279238f21346/gnocchi.880f0396-5115-4283-b6f4-2c298e3d1e00" "tx8613b754347046c88b4f0-006a291e62" "proxy-server 20" 0.0104 "-" 22 0
Jun 10 08:20:50 standalone proxy-server[128651]: 172.18.0.2 172.18.0.100 10/Jun/2026/08/20/50 PUT /v1/AUTH_7f00912ffce942ea98eb279238f21346/gnocchi.880f0396-5115-4283-b6f4-2c298e3d1e00 HTTP/1.0 201 - python-swiftclient-3.11.1 gAAAAABqKR2KA6fE... - - - tx8613b754347046c88b4f0-006a291e62 - 0.0154 - - 1781079650.846633434 1781079650.862068415 0
Jun 10 08:20:50 standalone container-server[126464]: 172.20.0.100 - - [10/Jun/2026:08:20:50 +0000] "HEAD /d1/124/AUTH_7f00912ffce942ea98eb279238f21346/gnocchi.880f0396-5115-4283-b6f4-2c298e3d1e00" 204 - "HEAD http://172.18.0.2:8080/v1/AUTH_7f00912ffce942ea98eb279238f21346/gnocchi.880f0396-5115-4283-b6f4-2c298e3d1e00?format=json&states=listing" "tx92c690ad4ac64cb892424-006a291e62" "proxy-server 20" 0.0024 "-" 21 0
Jun 10 08:20:50 standalone proxy-server[128651]: - - 10/Jun/2026/08/20/50 HEAD /v1/AUTH_7f00912ffce942ea98eb279238f21346/gnocchi.880f0396-5115-4283-b6f4-2c298e3d1e00%3Fformat%3Djson%26states%3Dlisting HTTP/1.0 204 - Swift - - - - tx92c690ad4ac64cb892424-006a291e62 - 0.0088 RL - 1781079650.868529081 1781079650.877306461 0
Jun 10 08:20:50 standalone container-server[126469]: 172.20.0.100 - - [10/Jun/2026:08:20:50 +0000] "GET /d1/124/AUTH_7f00912ffce942ea98eb279238f21346/gnocchi.880f0396-5115-4283-b6f4-2c298e3d1e00" 200 2 "GET http://172.18.0.2:8080/v1/AUTH_7f00912ffce942ea98eb279238f21346/gnocchi.880f0396-5115-4283-b6f4-2c298e3d1e00?format=json&states=listing" "tx92c690ad4ac64cb892424-006a291e62" "proxy-server 20" 0.0017 "-" 23 0
Jun 10 08:20:50 standalone proxy-server[128651]: 172.18.0.2 172.18.0.100 10/Jun/2026/08/20/50 GET /v1/AUTH_7f00912ffce942ea98eb279238f21346/gnocchi.880f0396-5115-4283-b6f4-2c298e3d1e00%3Fformat%3Djson%26states%3Dlisting HTTP/1.0 200 - python-swiftclient-3.11.1 gAAAAABqKR2KA6fE... - 2 - tx92c690ad4ac64cb892424-006a291e62 - 0.0239 - - 1781079650.866054773 1781079650.889912367 0
Jun 10 08:20:50 standalone object-server[126707]: 172.20.0.100 - - [10/Jun/2026:08:20:50 +0000] "GET /d1/82/AUTH_7f00912ffce942ea98eb279238f21346/gnocchi.880f0396-5115-4283-b6f4-2c298e3d1e00/1780920000.0_mean_300.0_v3" 404 70 "GET http://172.18.0.2:8080/v1/AUTH_7f00912ffce942ea98eb279238f21346/gnocchi.880f0396-5115-4283-b6f4-2c298e3d1e00/1780920000.0_mean_300.0_v3" "tx51615f97bda64e318227b-006a291e62" "proxy-server 20" 0.0003 "-" 23 0
Jun 10 08:20:50 standalone proxy-server[128651]: 172.18.0.2 172.18.0.100 10/Jun/2026/08/20/50 GET /v1/AUTH_7f00912ffce942ea98eb279238f21346/gnocchi.880f0396-5115-4283-b6f4-2c298e3d1e00/1780920000.0_mean_300.0_v3 HTTP/1.0 404 - python-swiftclient-3.11.1 gAAAAABqKR2KA6fE... - 70 - tx51615f97bda64e318227b-006a291e62 - 0.0071 - - 1781079650.894224405 1781079650.901282549 0
Jun 10 08:20:50 standalone container-server[126469]: 172.20.0.100 - - [10/Jun/2026:08:20:50 +0000] "PUT /d1/124/AUTH_7f00912ffce942ea98eb279238f21346/gnocchi.880f0396-5115-4283-b6f4-2c298e3d1e00/1780920000.0_mean_300.0_v3" 201 - "PUT http://172.18.0.2:8080/d1/82/AUTH_7f00912ffce942ea98eb279238f21346/gnocchi.880f0396-5115-4283-b6f4-2c298e3d1e00/1780920000.0_mean_300.0_v3" "tx989b00e068474e94919e3-006a291e62" "object-server 24" 0.0005 "-" 23 0
Jun 10 08:20:50 standalone object-server[126708]: 172.20.0.100 - - [10/Jun/2026:08:20:50 +0000] "PUT /d1/82/AUTH_7f00912ffce942ea98eb279238f21346/gnocchi.880f0396-5115-4283-b6f4-2c298e3d1e00/1780920000.0_mean_300.0_v3" 201 - "PUT http://172.18.0.2:8080/v1/AUTH_7f00912ffce942ea98eb279238f21346/gnocchi.880f0396-5115-4283-b6f4-2c298e3d1e00/1780920000.0_mean_300.0_v3" "tx989b00e068474e94919e3-006a291e62" "proxy-server 20" 0.0077 "-" 24 0
Jun 10 08:20:50 standalone proxy-server[128651]: 172.18.0.2 172.18.0.100 10/Jun/2026/08/20/50 PUT /v1/AUTH_7f00912ffce942ea98eb279238f21346/gnocchi.880f0396-5115-4283-b6f4-2c298e3d1e00/1780920000.0_mean_300.0_v3 HTTP/1.0 201 - python-swiftclient-3.11.1 gAAAAABqKR2KA6fE... 16 - - tx989b00e068474e94919e3-006a291e62 - 0.0137 - - 1781079650.903929949 1781079650.917643547 0
Jun 10 08:20:50 standalone container-server[126464]: 172.20.0.100 - - [10/Jun/2026:08:20:50 +0000] "PUT /d1/124/AUTH_7f00912ffce942ea98eb279238f21346/gnocchi.880f0396-5115-4283-b6f4-2c298e3d1e00/none_v3" 201 - "PUT http://172.18.0.2:8080/d1/405/AUTH_7f00912ffce942ea98eb279238f21346/gnocchi.880f0396-5115-4283-b6f4-2c298e3d1e00/none_v3" "tx0a6e571e937a41e88959e-006a291e62" "object-server 25" 0.0007 "-" 21 0
Jun 10 08:20:50 standalone object-server[126714]: 172.20.0.100 - - [10/Jun/2026:08:20:50 +0000] "PUT /d1/405/AUTH_7f00912ffce942ea98eb279238f21346/gnocchi.880f0396-5115-4283-b6f4-2c298e3d1e00/none_v3" 201 - "PUT http://172.18.0.2:8080/v1/AUTH_7f00912ffce942ea98eb279238f21346/gnocchi.880f0396-5115-4283-b6f4-2c298e3d1e00/none_v3" "tx0a6e571e937a41e88959e-006a291e62" "proxy-server 20" 0.0076 "-" 25 0
Jun 10 08:20:50 standalone proxy-server[128651]: 172.18.0.2 172.18.0.100 10/Jun/2026/08/20/50 PUT /v1/AUTH_7f00912ffce942ea98eb279238f21346/gnocchi.880f0396-5115-4283-b6f4-2c298e3d1e00/none_v3 HTTP/1.0 201 - python-swiftclient-3.11.1 gAAAAABqKR2KA6fE... 22 - - tx0a6e571e937a41e88959e-006a291e62 - 0.0146 - - 1781079650.919905424 1781079650.934470415 0
Jun 10 08:20:50 standalone container-server[126466]: 172.20.0.100 - - [10/Jun/2026:08:20:50 +0000] "HEAD /d1/904/AUTH_7f00912ffce942ea98eb279238f21346/gnocchi.8b109df6-0fe9-4753-bbe0-eca2f81dece6" 404 - "HEAD http://172.18.0.2:8080/v1/AUTH_7f00912ffce942ea98eb279238f21346/gnocchi.8b109df6-0fe9-4753-bbe0-eca2f81dece6?format=json&states=listing" "tx53c1bdc6ef614862be810-006a291e62" "proxy-server 20" 0.0004 "-" 22 0
Jun 10 08:20:50 standalone object-server[126706]: 172.20.0.100 - - [10/Jun/2026:08:20:50 +0000] "GET /d1/570/AUTH_7f00912ffce942ea98eb279238f21346/gnocchi.8b109df6-0fe9-4753-bbe0-eca2f81dece6/none_v3" 404 70 "GET http://172.18.0.2:8080/v1/AUTH_7f00912ffce942ea98eb279238f21346/gnocchi.8b109df6-0fe9-4753-bbe0-eca2f81dece6/none_v3" "tx53c1bdc6ef614862be810-006a291e62" "proxy-server 20" 0.0003 "-" 22 0
Jun 10 08:20:50 standalone proxy-server[128651]: 172.18.0.2 172.18.0.100 10/Jun/2026/08/20/50 GET /v1/AUTH_7f00912ffce942ea98eb279238f21346/gnocchi.8b109df6-0fe9-4753-bbe0-eca2f81dece6/none_v3 HTTP/1.0 404 - python-swiftclient-3.11.1 gAAAAABqKR2KA6fE... - 70 - tx53c1bdc6ef614862be810-006a291e62 - 0.0105 - - 1781079650.941568851 1781079650.952118635 0
Jun 10 08:20:50 standalone account-server[126465]: 172.20.0.100 - - [10/Jun/2026:08:20:50 +0000] "PUT /d1/300/AUTH_7f00912ffce942ea98eb279238f21346/gnocchi.8b109df6-0fe9-4753-bbe0-eca2f81dece6" 201 - "PUT http://172.20.0.100:6001/d1/904/AUTH_7f00912ffce942ea98eb279238f21346/gnocchi.8b109df6-0fe9-4753-bbe0-eca2f81dece6" "tx2fb44cff80eb46c7a4686-006a291e62" "container-server 23" 0.0056 "-" 23 0
Jun 10 08:20:50 standalone container-server[126469]: 172.20.0.100 - - [10/Jun/2026:08:20:50 +0000] "PUT /d1/904/AUTH_7f00912ffce942ea98eb279238f21346/gnocchi.8b109df6-0fe9-4753-bbe0-eca2f81dece6" 201 - "PUT http://172.18.0.2:8080/v1/AUTH_7f00912ffce942ea98eb279238f21346/gnocchi.8b109df6-0fe9-4753-bbe0-eca2f81dece6" "tx2fb44cff80eb46c7a4686-006a291e62" "proxy-server 20" 0.0135 "-" 23 0
Jun 10 08:20:50 standalone proxy-server[128651]: 172.18.0.2 172.18.0.100 10/Jun/2026/08/20/50 PUT /v1/AUTH_7f00912ffce942ea98eb279238f21346/gnocchi.8b109df6-0fe9-4753-bbe0-eca2f81dece6 HTTP/1.0 201 - python-swiftclient-3.11.1 gAAAAABqKR2KA6fE... - - - tx2fb44cff80eb46c7a4686-006a291e62 - 0.0192 - - 1781079650.954375267 1781079650.973535061 0
Jun 10 08:20:50 standalone container-server[126469]: 172.20.0.100 - - [10/Jun/2026:08:20:50 +0000] "HEAD /d1/904/AUTH_7f00912ffce942ea98eb279238f21346/gnocchi.8b109df6-0fe9-4753-bbe0-eca2f81dece6" 204 - "HEAD http://172.18.0.2:8080/v1/AUTH_7f00912ffce942ea98eb279238f21346/gnocchi.8b109df6-0fe9-4753-bbe0-eca2f81dece6?format=json&states=listing" "tx4afa772dd766474086595-006a291e62" "proxy-server 20" 0.0009 "-" 23 0
Jun 10 08:20:50 standalone proxy-server[128651]: - - 10/Jun/2026/08/20/50 HEAD /v1/AUTH_7f00912ffce942ea98eb279238f21346/gnocchi.8b109df6-0fe9-4753-bbe0-eca2f81dece6%3Fformat%3Djson%26states%3Dlisting HTTP/1.0 204 - Swift - - - - tx4afa772dd766474086595-006a291e62 - 0.0046 RL - 1781079650.978147745 1781079650.982713938 0
Jun 10 08:20:50 standalone container-server[126464]: 172.20.0.100 - - [10/Jun/2026:08:20:50 +0000] "GET /d1/904/AUTH_7f00912ffce942ea98eb279238f21346/gnocchi.8b109df6-0fe9-4753-bbe0-eca2f81dece6" 200 2 "GET http://172.18.0.2:8080/v1/AUTH_7f00912ffce942ea98eb279238f21346/gnocchi.8b109df6-0fe9-4753-bbe0-eca2f81dece6?format=json&states=listing" "tx4afa772dd766474086595-006a291e62" "proxy-server 20" 0.0036 "-" 21 0
Jun 10 08:20:50 standalone proxy-server[128651]: 172.18.0.2 172.18.0.100 10/Jun/2026/08/20/50 GET /v1/AUTH_7f00912ffce942ea98eb279238f21346/gnocchi.8b109df6-0fe9-4753-bbe0-eca2f81dece6%3Fformat%3Djson%26states%3Dlisting HTTP/1.0 200 - python-swiftclient-3.11.1 gAAAAABqKR2KA6fE... - 2 - tx4afa772dd766474086595-006a291e62 - 0.0175 - - 1781079650.976804495 1781079650.994313478 0
Jun 10 08:20:51 standalone object-server[126708]: 172.20.0.100 - - [10/Jun/2026:08:20:51 +0000] "GET /d1/696/AUTH_7f00912ffce942ea98eb279238f21346/gnocchi.8b109df6-0fe9-4753-bbe0-eca2f81dece6/1780920000.0_mean_300.0_v3" 404 70 "GET http://172.18.0.2:8080/v1/AUTH_7f00912ffce942ea98eb279238f21346/gnocchi.8b109df6-0fe9-4753-bbe0-eca2f81dece6/1780920000.0_mean_300.0_v3" "txd29da7dfb08240459661f-006a291e62" "proxy-server 20" 0.0003 "-" 24 0
Jun 10 08:20:51 standalone proxy-server[128651]: 172.18.0.2 172.18.0.100 10/Jun/2026/08/20/51 GET /v1/AUTH_7f00912ffce942ea98eb279238f21346/gnocchi.8b109df6-0fe9-4753-bbe0-eca2f81dece6/1780920000.0_mean_300.0_v3 HTTP/1.0 404 - python-swiftclient-3.11.1 gAAAAABqKR2KA6fE... - 70 - txd29da7dfb08240459661f-006a291e62 - 0.0065 - - 1781079650.997239828 1781079651.003753424 0
Jun 10 08:20:51 standalone container-server[126466]: 172.20.0.100 - - [10/Jun/2026:08:20:51 +0000] "PUT /d1/904/AUTH_7f00912ffce942ea98eb279238f21346/gnocchi.8b109df6-0fe9-4753-bbe0-eca2f81dece6/1780920000.0_mean_300.0_v3" 201 - "PUT http://172.18.0.2:8080/d1/696/AUTH_7f00912ffce942ea98eb279238f21346/gnocchi.8b109df6-0fe9-4753-bbe0-eca2f81dece6/1780920000.0_mean_300.0_v3" "tx8c5e9e4d303640088c7f1-006a291e63" "object-server 24" 0.0006 "-" 22 0
Jun 10 08:20:51 standalone object-server[126708]: 172.20.0.100 - - [10/Jun/2026:08:20:51 +0000] "PUT /d1/696/AUTH_7f00912ffce942ea98eb279238f21346/gnocchi.8b109df6-0fe9-4753-bbe0-eca2f81dece6/1780920000.0_mean_300.0_v3" 201 - "PUT http://172.18.0.2:8080/v1/AUTH_7f00912ffce942ea98eb279238f21346/gnocchi.8b109df6-0fe9-4753-bbe0-eca2f81dece6/1780920000.0_mean_300.0_v3" "tx8c5e9e4d303640088c7f1-006a291e63" "proxy-server 20" 0.0081 "-" 24 0
Jun 10 08:20:51 standalone proxy-server[128651]: 172.18.0.2 172.18.0.100 10/Jun/2026/08/20/51 PUT /v1/AUTH_7f00912ffce942ea98eb279238f21346/gnocchi.8b109df6-0fe9-4753-bbe0-eca2f81dece6/1780920000.0_mean_300.0_v3 HTTP/1.0 201 - python-swiftclient-3.11.1 gAAAAABqKR2KA6fE... 16 - - tx8c5e9e4d303640088c7f1-006a291e63 - 0.0145 - - 1781079651.006047249 1781079651.020529747 0
Jun 10 08:20:51 standalone container-server[126464]: 172.20.0.100 - - [10/Jun/2026:08:20:51 +0000] "PUT /d1/904/AUTH_7f00912ffce942ea98eb279238f21346/gnocchi.8b109df6-0fe9-4753-bbe0-eca2f81dece6/none_v3" 201 - "PUT http://172.18.0.2:8080/d1/570/AUTH_7f00912ffce942ea98eb279238f21346/gnocchi.8b109df6-0fe9-4753-bbe0-eca2f81dece6/none_v3" "tx96e84fbced014be18e6ca-006a291e63" "object-server 23" 0.0009 "-" 21 0
Jun 10 08:20:51 standalone object-server[126707]: 172.20.0.100 - - [10/Jun/2026:08:20:51 +0000] "PUT /d1/570/AUTH_7f00912ffce942ea98eb279238f21346/gnocchi.8b109df6-0fe9-4753-bbe0-eca2f81dece6/none_v3" 201 - "PUT http://172.18.0.2:8080/v1/AUTH_7f00912ffce942ea98eb279238f21346/gnocchi.8b109df6-0fe9-4753-bbe0-eca2f81dece6/none_v3" "tx96e84fbced014be18e6ca-006a291e63" "proxy-server 20" 0.0119 "-" 23 0
Jun 10 08:20:51 standalone proxy-server[128651]: 172.18.0.2 172.18.0.100 10/Jun/2026/08/20/51 PUT /v1/AUTH_7f00912ffce942ea98eb279238f21346/gnocchi.8b109df6-0fe9-4753-bbe0-eca2f81dece6/none_v3 HTTP/1.0 201 - python-swiftclient-3.11.1 gAAAAABqKR2KA6fE... 22 - - tx96e84fbced014be18e6ca-006a291e63 - 0.0190 - - 1781079651.023840666 1781079651.042877674 0
Jun 10 08:20:51 standalone container-server[126469]: 172.20.0.100 - - [10/Jun/2026:08:20:51 +0000] "HEAD /d1/117/AUTH_7f00912ffce942ea98eb279238f21346/gnocchi.1c29ce07-c316-4e7e-9c4a-f149404523ea" 404 - "HEAD http://172.18.0.2:8080/v1/AUTH_7f00912ffce942ea98eb279238f21346/gnocchi.1c29ce07-c316-4e7e-9c4a-f149404523ea?format=json&states=listing" "txd3c17de266324fbebbfb0-006a291e63" "proxy-server 20" 0.0005 "-" 23 0
Jun 10 08:20:51 standalone object-server[126707]: 172.20.0.100 - - [10/Jun/2026:08:20:51 +0000] "GET /d1/23/AUTH_7f00912ffce942ea98eb279238f21346/gnocchi.1c29ce07-c316-4e7e-9c4a-f149404523ea/none_v3" 404 70 "GET http://172.18.0.2:8080/v1/AUTH_7f00912ffce942ea98eb279238f21346/gnocchi.1c29ce07-c316-4e7e-9c4a-f149404523ea/none_v3" "txd3c17de266324fbebbfb0-006a291e63" "proxy-server 20" 0.0005 "-" 23 0
Jun 10 08:20:51 standalone proxy-server[128651]: 172.18.0.2 172.18.0.100 10/Jun/2026/08/20/51 GET /v1/AUTH_7f00912ffce942ea98eb279238f21346/gnocchi.1c29ce07-c316-4e7e-9c4a-f149404523ea/none_v3 HTTP/1.0 404 - python-swiftclient-3.11.1 gAAAAABqKR2KA6fE... - 70 - txd3c17de266324fbebbfb0-006a291e63 - 0.0131 - - 1781079651.055319309 1781079651.068452835 0
Jun 10 08:20:51 standalone account-server[126448]: 172.20.0.100 - - [10/Jun/2026:08:20:51 +0000] "PUT /d1/300/AUTH_7f00912ffce942ea98eb279238f21346/gnocchi.1c29ce07-c316-4e7e-9c4a-f149404523ea" 201 - "PUT http://172.20.0.100:6001/d1/117/AUTH_7f00912ffce942ea98eb279238f21346/gnocchi.1c29ce07-c316-4e7e-9c4a-f149404523ea" "tx18130771b3914759a0667-006a291e63" "container-server 21" 0.0062 "-" 21 0
Jun 10 08:20:51 standalone container-server[126464]: 172.20.0.100 - - [10/Jun/2026:08:20:51 +0000] "PUT /d1/117/AUTH_7f00912ffce942ea98eb279238f21346/gnocchi.1c29ce07-c316-4e7e-9c4a-f149404523ea" 201 - "PUT http://172.18.0.2:8080/v1/AUTH_7f00912ffce942ea98eb279238f21346/gnocchi.1c29ce07-c316-4e7e-9c4a-f149404523ea" "tx18130771b3914759a0667-006a291e63" "proxy-server 20" 0.0199 "-" 21 0
Jun 10 08:20:51 standalone proxy-server[128651]: 172.18.0.2 172.18.0.100 10/Jun/2026/08/20/51 PUT /v1/AUTH_7f00912ffce942ea98eb279238f21346/gnocchi.1c29ce07-c316-4e7e-9c4a-f149404523ea HTTP/1.0 201 - python-swiftclient-3.11.1 gAAAAABqKR2KA6fE... - - - tx18130771b3914759a0667-006a291e63 - 0.0265 - - 1781079651.072131872 1781079651.098659754 0
Jun 10 08:20:51 standalone container-server[126469]: 172.20.0.100 - - [10/Jun/2026:08:20:51 +0000] "HEAD /d1/117/AUTH_7f00912ffce942ea98eb279238f21346/gnocchi.1c29ce07-c316-4e7e-9c4a-f149404523ea" 204 - "HEAD http://172.18.0.2:8080/v1/AUTH_7f00912ffce942ea98eb279238f21346/gnocchi.1c29ce07-c316-4e7e-9c4a-f149404523ea?format=json&states=listing" "tx0d759464e24c4fa4a70aa-006a291e63" "proxy-server 20" 0.0021 "-" 23 0
Jun 10 08:20:51 standalone proxy-server[128651]: - - 10/Jun/2026/08/20/51 HEAD /v1/AUTH_7f00912ffce942ea98eb279238f21346/gnocchi.1c29ce07-c316-4e7e-9c4a-f149404523ea%3Fformat%3Djson%26states%3Dlisting HTTP/1.0 204 - Swift - - - - tx0d759464e24c4fa4a70aa-006a291e63 - 0.0066 RL - 1781079651.104663849 1781079651.111282110 0
Jun 10 08:20:51 standalone container-server[126464]: 172.20.0.100 - - [10/Jun/2026:08:20:51 +0000] "GET /d1/117/AUTH_7f00912ffce942ea98eb279238f21346/gnocchi.1c29ce07-c316-4e7e-9c4a-f149404523ea" 200 2 "GET http://172.18.0.2:8080/v1/AUTH_7f00912ffce942ea98eb279238f21346/gnocchi.1c29ce07-c316-4e7e-9c4a-f149404523ea?format=json&states=listing" "tx0d759464e24c4fa4a70aa-006a291e63" "proxy-server 20" 0.0033 "-" 21 0
Jun 10 08:20:51 standalone proxy-server[128651]: 172.18.0.2 172.18.0.100 10/Jun/2026/08/20/51 GET /v1/AUTH_7f00912ffce942ea98eb279238f21346/gnocchi.1c29ce07-c316-4e7e-9c4a-f149404523ea%3Fformat%3Djson%26states%3Dlisting HTTP/1.0 200 - python-swiftclient-3.11.1 gAAAAABqKR2KA6fE... - 2 - tx0d759464e24c4fa4a70aa-006a291e63 - 0.0199 - - 1781079651.103365898 1781079651.123276711 0
Jun 10 08:20:51 standalone object-server[126707]: 172.20.0.100 - - [10/Jun/2026:08:20:51 +0000] "GET /d1/984/AUTH_7f00912ffce942ea98eb279238f21346/gnocchi.1c29ce07-c316-4e7e-9c4a-f149404523ea/1780920000.0_mean_300.0_v3" 404 70 "GET http://172.18.0.2:8080/v1/AUTH_7f00912ffce942ea98eb279238f21346/gnocchi.1c29ce07-c316-4e7e-9c4a-f149404523ea/1780920000.0_mean_300.0_v3" "txf859c74dd5de4523ac912-006a291e63" "proxy-server 20" 0.0006 "-" 23 0
Jun 10 08:20:51 standalone proxy-server[128651]: 172.18.0.2 172.18.0.100 10/Jun/2026/08/20/51 GET /v1/AUTH_7f00912ffce942ea98eb279238f21346/gnocchi.1c29ce07-c316-4e7e-9c4a-f149404523ea/1780920000.0_mean_300.0_v3 HTTP/1.0 404 - python-swiftclient-3.11.1 gAAAAABqKR2KA6fE... - 70 - txf859c74dd5de4523ac912-006a291e63 - 0.0084 - - 1781079651.128588915 1781079651.137000084 0
Jun 10 08:20:51 standalone container-server[126464]: 172.20.0.100 - - [10/Jun/2026:08:20:51 +0000] "PUT /d1/117/AUTH_7f00912ffce942ea98eb279238f21346/gnocchi.1c29ce07-c316-4e7e-9c4a-f149404523ea/1780920000.0_mean_300.0_v3" 201 - "PUT http://172.18.0.2:8080/d1/984/AUTH_7f00912ffce942ea98eb279238f21346/gnocchi.1c29ce07-c316-4e7e-9c4a-f149404523ea/1780920000.0_mean_300.0_v3" "tx701d4082f81f486799726-006a291e63" "object-server 25" 0.0008 "-" 21 0
Jun 10 08:20:51 standalone object-server[126714]: 172.20.0.100 - - [10/Jun/2026:08:20:51 +0000] "PUT /d1/984/AUTH_7f00912ffce942ea98eb279238f21346/gnocchi.1c29ce07-c316-4e7e-9c4a-f149404523ea/1780920000.0_mean_300.0_v3" 201 - "PUT http://172.18.0.2:8080/v1/AUTH_7f00912ffce942ea98eb279238f21346/gnocchi.1c29ce07-c316-4e7e-9c4a-f149404523ea/1780920000.0_mean_300.0_v3" "tx701d4082f81f486799726-006a291e63" "proxy-server 20" 0.0113 "-" 25 0
Jun 10 08:20:51 standalone proxy-server[128651]: 172.18.0.2 172.18.0.100 10/Jun/2026/08/20/51 PUT /v1/AUTH_7f00912ffce942ea98eb279238f21346/gnocchi.1c29ce07-c316-4e7e-9c4a-f149404523ea/1780920000.0_mean_300.0_v3 HTTP/1.0 201 - python-swiftclient-3.11.1 gAAAAABqKR2KA6fE... 16 - - tx701d4082f81f486799726-006a291e63 - 0.0194 - - 1781079651.141567469 1781079651.160950422 0
Jun 10 08:20:51 standalone container-server[126469]: 172.20.0.100 - - [10/Jun/2026:08:20:51 +0000] "PUT /d1/117/AUTH_7f00912ffce942ea98eb279238f21346/gnocchi.1c29ce07-c316-4e7e-9c4a-f149404523ea/none_v3" 201 - "PUT http://172.18.0.2:8080/d1/23/AUTH_7f00912ffce942ea98eb279238f21346/gnocchi.1c29ce07-c316-4e7e-9c4a-f149404523ea/none_v3" "tx96e2ec3a6db94f5e97f77-006a291e63" "object-server 23" 0.0008 "-" 23 0
Jun 10 08:20:51 standalone object-server[126707]: 172.20.0.100 - - [10/Jun/2026:08:20:51 +0000] "PUT /d1/23/AUTH_7f00912ffce942ea98eb279238f21346/gnocchi.1c29ce07-c316-4e7e-9c4a-f149404523ea/none_v3" 201 - "PUT http://172.18.0.2:8080/v1/AUTH_7f00912ffce942ea98eb279238f21346/gnocchi.1c29ce07-c316-4e7e-9c4a-f149404523ea/none_v3" "tx96e2ec3a6db94f5e97f77-006a291e63" "proxy-server 20" 0.0149 "-" 23 0
Jun 10 08:20:51 standalone proxy-server[128651]: 172.18.0.2 172.18.0.100 10/Jun/2026/08/20/51 PUT /v1/AUTH_7f00912ffce942ea98eb279238f21346/gnocchi.1c29ce07-c316-4e7e-9c4a-f149404523ea/none_v3 HTTP/1.0 201 - python-swiftclient-3.11.1 gAAAAABqKR2KA6fE... 22 - - tx96e2ec3a6db94f5e97f77-006a291e63 - 0.0225 - - 1781079651.165019035 1781079651.187475443 0
Jun 10 08:20:51 standalone container-server[126464]: 172.20.0.100 - - [10/Jun/2026:08:20:51 +0000] "HEAD /d1/294/AUTH_7f00912ffce942ea98eb279238f21346/gnocchi.be2bbeb3-507c-4f27-b5ff-8da54e73f30e" 404 - "HEAD http://172.18.0.2:8080/v1/AUTH_7f00912ffce942ea98eb279238f21346/gnocchi.be2bbeb3-507c-4f27-b5ff-8da54e73f30e?format=json&states=listing" "txfe67e56dbe3046b491393-006a291e63" "proxy-server 20" 0.0006 "-" 21 0
Jun 10 08:20:51 standalone object-server[126708]: 172.20.0.100 - - [10/Jun/2026:08:20:51 +0000] "GET /d1/592/AUTH_7f00912ffce942ea98eb279238f21346/gnocchi.be2bbeb3-507c-4f27-b5ff-8da54e73f30e/none_v3" 404 70 "GET http://172.18.0.2:8080/v1/AUTH_7f00912ffce942ea98eb279238f21346/gnocchi.be2bbeb3-507c-4f27-b5ff-8da54e73f30e/none_v3" "txfe67e56dbe3046b491393-006a291e63" "proxy-server 20" 0.0004 "-" 24 0
Jun 10 08:20:51 standalone proxy-server[128651]: 172.18.0.2 172.18.0.100 10/Jun/2026/08/20/51 GET /v1/AUTH_7f00912ffce942ea98eb279238f21346/gnocchi.be2bbeb3-507c-4f27-b5ff-8da54e73f30e/none_v3 HTTP/1.0 404 - python-swiftclient-3.11.1 gAAAAABqKR2KA6fE... - 70 - txfe67e56dbe3046b491393-006a291e63 - 0.0127 - - 1781079651.201101542 1781079651.213819504 0
Jun 10 08:20:51 standalone account-server[126440]: 172.20.0.100 - - [10/Jun/2026:08:20:51 +0000] "PUT /d1/300/AUTH_7f00912ffce942ea98eb279238f21346/gnocchi.be2bbeb3-507c-4f27-b5ff-8da54e73f30e" 201 - "PUT http://172.20.0.100:6001/d1/294/AUTH_7f00912ffce942ea98eb279238f21346/gnocchi.be2bbeb3-507c-4f27-b5ff-8da54e73f30e" "txea44dde52f084973a1748-006a291e63" "container-server 22" 0.0049 "-" 20 0
Jun 10 08:20:51 standalone container-server[126466]: 172.20.0.100 - - [10/Jun/2026:08:20:51 +0000] "PUT /d1/294/AUTH_7f00912ffce942ea98eb279238f21346/gnocchi.be2bbeb3-507c-4f27-b5ff-8da54e73f30e" 201 - "PUT http://172.18.0.2:8080/v1/AUTH_7f00912ffce942ea98eb279238f21346/gnocchi.be2bbeb3-507c-4f27-b5ff-8da54e73f30e" "txea44dde52f084973a1748-006a291e63" "proxy-server 20" 0.0169 "-" 22 0
Jun 10 08:20:51 standalone proxy-server[128651]: 172.18.0.2 172.18.0.100 10/Jun/2026/08/20/51 PUT /v1/AUTH_7f00912ffce942ea98eb279238f21346/gnocchi.be2bbeb3-507c-4f27-b5ff-8da54e73f30e HTTP/1.0 201 - python-swiftclient-3.11.1 gAAAAABqKR2KA6fE... - - - txea44dde52f084973a1748-006a291e63 - 0.0227 - - 1781079651.218069792 1781079651.240763903 0
Jun 10 08:20:51 standalone container-server[126454]: 172.20.0.100 - - [10/Jun/2026:08:20:51 +0000] "HEAD /d1/294/AUTH_7f00912ffce942ea98eb279238f21346/gnocchi.be2bbeb3-507c-4f27-b5ff-8da54e73f30e" 204 - "HEAD http://172.18.0.2:8080/v1/AUTH_7f00912ffce942ea98eb279238f21346/gnocchi.be2bbeb3-507c-4f27-b5ff-8da54e73f30e?format=json&states=listing" "tx55495089f43d4b0bad030-006a291e63" "proxy-server 20" 0.0022 "-" 20 0
Jun 10 08:20:51 standalone proxy-server[128651]: - - 10/Jun/2026/08/20/51 HEAD /v1/AUTH_7f00912ffce942ea98eb279238f21346/gnocchi.be2bbeb3-507c-4f27-b5ff-8da54e73f30e%3Fformat%3Djson%26states%3Dlisting HTTP/1.0 204 - Swift - - - - tx55495089f43d4b0bad030-006a291e63 - 0.0067 RL - 1781079651.246848106 1781079651.253524780 0
Jun 10 08:20:51 standalone container-server[126454]: 172.20.0.100 - - [10/Jun/2026:08:20:51 +0000] "GET /d1/294/AUTH_7f00912ffce942ea98eb279238f21346/gnocchi.be2bbeb3-507c-4f27-b5ff-8da54e73f30e" 200 2 "GET http://172.18.0.2:8080/v1/AUTH_7f00912ffce942ea98eb279238f21346/gnocchi.be2bbeb3-507c-4f27-b5ff-8da54e73f30e?format=json&states=listing" "tx55495089f43d4b0bad030-006a291e63" "proxy-server 20" 0.0039 "-" 20 0
Jun 10 08:20:51 standalone proxy-server[128651]: 172.18.0.2 172.18.0.100 10/Jun/2026/08/20/51 GET /v1/AUTH_7f00912ffce942ea98eb279238f21346/gnocchi.be2bbeb3-507c-4f27-b5ff-8da54e73f30e%3Fformat%3Djson%26states%3Dlisting HTTP/1.0 200 - python-swiftclient-3.11.1 gAAAAABqKR2KA6fE... - 2 - tx55495089f43d4b0bad030-006a291e63 - 0.0210 - - 1781079651.245531559 1781079651.266580105 0
Jun 10 08:20:51 standalone object-server[126706]: 172.20.0.100 - - [10/Jun/2026:08:20:51 +0000] "GET /d1/435/AUTH_7f00912ffce942ea98eb279238f21346/gnocchi.be2bbeb3-507c-4f27-b5ff-8da54e73f30e/1780920000.0_mean_300.0_v3" 404 70 "GET http://172.18.0.2:8080/v1/AUTH_7f00912ffce942ea98eb279238f21346/gnocchi.be2bbeb3-507c-4f27-b5ff-8da54e73f30e/1780920000.0_mean_300.0_v3" "txd4fa9aa143bd44b38dae3-006a291e63" "proxy-server 20" 0.0005 "-" 22 0
Jun 10 08:20:51 standalone proxy-server[128651]: 172.18.0.2 172.18.0.100 10/Jun/2026/08/20/51 GET /v1/AUTH_7f00912ffce942ea98eb279238f21346/gnocchi.be2bbeb3-507c-4f27-b5ff-8da54e73f30e/1780920000.0_mean_300.0_v3 HTTP/1.0 404 - python-swiftclient-3.11.1 gAAAAABqKR2KA6fE... - 70 - txd4fa9aa143bd44b38dae3-006a291e63 - 0.0073 - - 1781079651.272108078 1781079651.279448271 0
Jun 10 08:20:51 standalone container-server[126464]: 172.20.0.100 - - [10/Jun/2026:08:20:51 +0000] "PUT /d1/294/AUTH_7f00912ffce942ea98eb279238f21346/gnocchi.be2bbeb3-507c-4f27-b5ff-8da54e73f30e/1780920000.0_mean_300.0_v3" 201 - "PUT http://172.18.0.2:8080/d1/435/AUTH_7f00912ffce942ea98eb279238f21346/gnocchi.be2bbeb3-507c-4f27-b5ff-8da54e73f30e/1780920000.0_mean_300.0_v3" "tx2e8a935bee5440a9ad364-006a291e63" "object-server 22" 0.0011 "-" 21 0
Jun 10 08:20:51 standalone object-server[126706]: 172.20.0.100 - - [10/Jun/2026:08:20:51 +0000] "PUT /d1/435/AUTH_7f00912ffce942ea98eb279238f21346/gnocchi.be2bbeb3-507c-4f27-b5ff-8da54e73f30e/1780920000.0_mean_300.0_v3" 201 - "PUT http://172.18.0.2:8080/v1/AUTH_7f00912ffce942ea98eb279238f21346/gnocchi.be2bbeb3-507c-4f27-b5ff-8da54e73f30e/1780920000.0_mean_300.0_v3" "tx2e8a935bee5440a9ad364-006a291e63" "proxy-server 20" 0.0118 "-" 22 0
Jun 10 08:20:51 standalone proxy-server[128651]: 172.18.0.2 172.18.0.100 10/Jun/2026/08/20/51 PUT /v1/AUTH_7f00912ffce942ea98eb279238f21346/gnocchi.be2bbeb3-507c-4f27-b5ff-8da54e73f30e/1780920000.0_mean_300.0_v3 HTTP/1.0 201 - python-swiftclient-3.11.1 gAAAAABqKR2KA6fE... 16 - - tx2e8a935bee5440a9ad364-006a291e63 - 0.0195 - - 1781079651.283587217 1781079651.303068638 0
Jun 10 08:20:51 standalone container-server[126469]: 172.20.0.100 - - [10/Jun/2026:08:20:51 +0000] "PUT /d1/294/AUTH_7f00912ffce942ea98eb279238f21346/gnocchi.be2bbeb3-507c-4f27-b5ff-8da54e73f30e/none_v3" 201 - "PUT http://172.18.0.2:8080/d1/592/AUTH_7f00912ffce942ea98eb279238f21346/gnocchi.be2bbeb3-507c-4f27-b5ff-8da54e73f30e/none_v3" "tx60450af3d91446619c971-006a291e63" "object-server 25" 0.0009 "-" 23 0
Jun 10 08:20:51 standalone object-server[126714]: 172.20.0.100 - - [10/Jun/2026:08:20:51 +0000] "PUT /d1/592/AUTH_7f00912ffce942ea98eb279238f21346/gnocchi.be2bbeb3-507c-4f27-b5ff-8da54e73f30e/none_v3" 201 - "PUT http://172.18.0.2:8080/v1/AUTH_7f00912ffce942ea98eb279238f21346/gnocchi.be2bbeb3-507c-4f27-b5ff-8da54e73f30e/none_v3" "tx60450af3d91446619c971-006a291e63" "proxy-server 20" 0.0120 "-" 25 0
Jun 10 08:20:51 standalone proxy-server[128651]: 172.18.0.2 172.18.0.100 10/Jun/2026/08/20/51 PUT /v1/AUTH_7f00912ffce942ea98eb279238f21346/gnocchi.be2bbeb3-507c-4f27-b5ff-8da54e73f30e/none_v3 HTTP/1.0 201 - python-swiftclient-3.11.1 gAAAAABqKR2KA6fE... 22 - - tx60450af3d91446619c971-006a291e63 - 0.0226 - - 1781079651.309260368 1781079651.331865311 0
Jun 10 08:20:51 standalone container-server[126469]: 172.20.0.100 - - [10/Jun/2026:08:20:51 +0000] "HEAD /d1/978/AUTH_7f00912ffce942ea98eb279238f21346/gnocchi.f2a5573d-c094-4ac0-8a6c-8870ba17d6c8" 404 - "HEAD http://172.18.0.2:8080/v1/AUTH_7f00912ffce942ea98eb279238f21346/gnocchi.f2a5573d-c094-4ac0-8a6c-8870ba17d6c8?format=json&states=listing" "tx164d2fd4a6d94cb2b9936-006a291e63" "proxy-server 20" 0.0006 "-" 23 0
Jun 10 08:20:51 standalone object-server[126707]: 172.20.0.100 - - [10/Jun/2026:08:20:51 +0000] "GET /d1/158/AUTH_7f00912ffce942ea98eb279238f21346/gnocchi.f2a5573d-c094-4ac0-8a6c-8870ba17d6c8/none_v3" 404 70 "GET http://172.18.0.2:8080/v1/AUTH_7f00912ffce942ea98eb279238f21346/gnocchi.f2a5573d-c094-4ac0-8a6c-8870ba17d6c8/none_v3" "tx164d2fd4a6d94cb2b9936-006a291e63" "proxy-server 20" 0.0005 "-" 23 0
Jun 10 08:20:51 standalone proxy-server[128651]: 172.18.0.2 172.18.0.100 10/Jun/2026/08/20/51 GET /v1/AUTH_7f00912ffce942ea98eb279238f21346/gnocchi.f2a5573d-c094-4ac0-8a6c-8870ba17d6c8/none_v3 HTTP/1.0 404 - python-swiftclient-3.11.1 gAAAAABqKR2KA6fE... - 70 - tx164d2fd4a6d94cb2b9936-006a291e63 - 0.0140 - - 1781079651.346966505 1781079651.360959053 0
