Jun 10 08:20:47 standalone proxy-server[128651]: 172.18.0.2 172.18.0.100 10/Jun/2026/08/20/47 PUT /v1/AUTH_7f00912ffce942ea98eb279238f21346/gnocchi.949e20f3-36f1-4fdc-a603-41937236d661/none_v3 HTTP/1.0 201 - python-swiftclient-3.11.1 gAAAAABqKR2KA6fE... 22 - - txa19ac89e78074f92b3e5a-006a291e5f - 0.0136 - - 1781079647.362671375 1781079647.376248360 0
Jun 10 08:20:47 standalone container-server[126466]: 172.20.0.100 - - [10/Jun/2026:08:20:47 +0000] "HEAD /d1/810/AUTH_7f00912ffce942ea98eb279238f21346/gnocchi.e3c48161-7151-49b3-bbdb-f669474287d9" 404 - "HEAD http://172.18.0.2:8080/v1/AUTH_7f00912ffce942ea98eb279238f21346/gnocchi.e3c48161-7151-49b3-bbdb-f669474287d9?format=json&states=listing" "txe3148270ba7645d2914ae-006a291e5f" "proxy-server 20" 0.0005 "-" 22 0
Jun 10 08:20:47 standalone object-server[126708]: 172.20.0.100 - - [10/Jun/2026:08:20:47 +0000] "GET /d1/498/AUTH_7f00912ffce942ea98eb279238f21346/gnocchi.e3c48161-7151-49b3-bbdb-f669474287d9/none_v3" 404 70 "GET http://172.18.0.2:8080/v1/AUTH_7f00912ffce942ea98eb279238f21346/gnocchi.e3c48161-7151-49b3-bbdb-f669474287d9/none_v3" "txe3148270ba7645d2914ae-006a291e5f" "proxy-server 20" 0.0011 "-" 24 0
Jun 10 08:20:47 standalone proxy-server[128651]: 172.18.0.2 172.18.0.100 10/Jun/2026/08/20/47 GET /v1/AUTH_7f00912ffce942ea98eb279238f21346/gnocchi.e3c48161-7151-49b3-bbdb-f669474287d9/none_v3 HTTP/1.0 404 - python-swiftclient-3.11.1 gAAAAABqKR2KA6fE... - 70 - txe3148270ba7645d2914ae-006a291e5f - 0.0152 - - 1781079647.390212774 1781079647.405428648 0
Jun 10 08:20:47 standalone account-server[126448]: 172.20.0.100 - - [10/Jun/2026:08:20:47 +0000] "PUT /d1/300/AUTH_7f00912ffce942ea98eb279238f21346/gnocchi.e3c48161-7151-49b3-bbdb-f669474287d9" 201 - "PUT http://172.20.0.100:6001/d1/810/AUTH_7f00912ffce942ea98eb279238f21346/gnocchi.e3c48161-7151-49b3-bbdb-f669474287d9" "tx498a18a2a4674cf1b1066-006a291e5f" "container-server 20" 0.0049 "-" 21 0
Jun 10 08:20:47 standalone container-server[126454]: 172.20.0.100 - - [10/Jun/2026:08:20:47 +0000] "PUT /d1/810/AUTH_7f00912ffce942ea98eb279238f21346/gnocchi.e3c48161-7151-49b3-bbdb-f669474287d9" 201 - "PUT http://172.18.0.2:8080/v1/AUTH_7f00912ffce942ea98eb279238f21346/gnocchi.e3c48161-7151-49b3-bbdb-f669474287d9" "tx498a18a2a4674cf1b1066-006a291e5f" "proxy-server 20" 0.0162 "-" 20 0
Jun 10 08:20:47 standalone proxy-server[128651]: 172.18.0.2 172.18.0.100 10/Jun/2026/08/20/47 PUT /v1/AUTH_7f00912ffce942ea98eb279238f21346/gnocchi.e3c48161-7151-49b3-bbdb-f669474287d9 HTTP/1.0 201 - python-swiftclient-3.11.1 gAAAAABqKR2KA6fE... - - - tx498a18a2a4674cf1b1066-006a291e5f - 0.0213 - - 1781079647.409109831 1781079647.430412292 0
Jun 10 08:20:47 standalone container-server[126464]: 172.20.0.100 - - [10/Jun/2026:08:20:47 +0000] "HEAD /d1/810/AUTH_7f00912ffce942ea98eb279238f21346/gnocchi.e3c48161-7151-49b3-bbdb-f669474287d9" 204 - "HEAD http://172.18.0.2:8080/v1/AUTH_7f00912ffce942ea98eb279238f21346/gnocchi.e3c48161-7151-49b3-bbdb-f669474287d9?format=json&states=listing" "txcb7af58fbcd6467a9cfb0-006a291e5f" "proxy-server 20" 0.0015 "-" 21 0
Jun 10 08:20:47 standalone proxy-server[128651]: - - 10/Jun/2026/08/20/47 HEAD /v1/AUTH_7f00912ffce942ea98eb279238f21346/gnocchi.e3c48161-7151-49b3-bbdb-f669474287d9%3Fformat%3Djson%26states%3Dlisting HTTP/1.0 204 - Swift - - - - txcb7af58fbcd6467a9cfb0-006a291e5f - 0.0044 RL - 1781079647.435569048 1781079647.440003157 0
Jun 10 08:20:47 standalone container-server[126454]: 172.20.0.100 - - [10/Jun/2026:08:20:47 +0000] "GET /d1/810/AUTH_7f00912ffce942ea98eb279238f21346/gnocchi.e3c48161-7151-49b3-bbdb-f669474287d9" 200 2 "GET http://172.18.0.2:8080/v1/AUTH_7f00912ffce942ea98eb279238f21346/gnocchi.e3c48161-7151-49b3-bbdb-f669474287d9?format=json&states=listing" "txcb7af58fbcd6467a9cfb0-006a291e5f" "proxy-server 20" 0.0019 "-" 20 0
Jun 10 08:20:47 standalone proxy-server[128651]: 172.18.0.2 172.18.0.100 10/Jun/2026/08/20/47 GET /v1/AUTH_7f00912ffce942ea98eb279238f21346/gnocchi.e3c48161-7151-49b3-bbdb-f669474287d9%3Fformat%3Djson%26states%3Dlisting HTTP/1.0 200 - python-swiftclient-3.11.1 gAAAAABqKR2KA6fE... - 2 - txcb7af58fbcd6467a9cfb0-006a291e5f - 0.0158 - - 1781079647.434719086 1781079647.450500011 0
Jun 10 08:20:47 standalone object-server[126707]: 172.20.0.100 - - [10/Jun/2026:08:20:47 +0000] "GET /d1/731/AUTH_7f00912ffce942ea98eb279238f21346/gnocchi.e3c48161-7151-49b3-bbdb-f669474287d9/1780920000.0_mean_300.0_v3" 404 70 "GET http://172.18.0.2:8080/v1/AUTH_7f00912ffce942ea98eb279238f21346/gnocchi.e3c48161-7151-49b3-bbdb-f669474287d9/1780920000.0_mean_300.0_v3" "tx4172427fdaad41f7849c2-006a291e5f" "proxy-server 20" 0.0004 "-" 23 0
Jun 10 08:20:47 standalone proxy-server[128651]: 172.18.0.2 172.18.0.100 10/Jun/2026/08/20/47 GET /v1/AUTH_7f00912ffce942ea98eb279238f21346/gnocchi.e3c48161-7151-49b3-bbdb-f669474287d9/1780920000.0_mean_300.0_v3 HTTP/1.0 404 - python-swiftclient-3.11.1 gAAAAABqKR2KA6fE... - 70 - tx4172427fdaad41f7849c2-006a291e5f - 0.0067 - - 1781079647.454624653 1781079647.461370707 0
Jun 10 08:20:47 standalone container-server[126469]: 172.20.0.100 - - [10/Jun/2026:08:20:47 +0000] "PUT /d1/810/AUTH_7f00912ffce942ea98eb279238f21346/gnocchi.e3c48161-7151-49b3-bbdb-f669474287d9/1780920000.0_mean_300.0_v3" 201 - "PUT http://172.18.0.2:8080/d1/731/AUTH_7f00912ffce942ea98eb279238f21346/gnocchi.e3c48161-7151-49b3-bbdb-f669474287d9/1780920000.0_mean_300.0_v3" "txbb1d5b48c07f4f4a88b83-006a291e5f" "object-server 22" 0.0006 "-" 23 0
Jun 10 08:20:47 standalone object-server[126706]: 172.20.0.100 - - [10/Jun/2026:08:20:47 +0000] "PUT /d1/731/AUTH_7f00912ffce942ea98eb279238f21346/gnocchi.e3c48161-7151-49b3-bbdb-f669474287d9/1780920000.0_mean_300.0_v3" 201 - "PUT http://172.18.0.2:8080/v1/AUTH_7f00912ffce942ea98eb279238f21346/gnocchi.e3c48161-7151-49b3-bbdb-f669474287d9/1780920000.0_mean_300.0_v3" "txbb1d5b48c07f4f4a88b83-006a291e5f" "proxy-server 20" 0.0127 "-" 22 0
Jun 10 08:20:47 standalone proxy-server[128651]: 172.18.0.2 172.18.0.100 10/Jun/2026/08/20/47 PUT /v1/AUTH_7f00912ffce942ea98eb279238f21346/gnocchi.e3c48161-7151-49b3-bbdb-f669474287d9/1780920000.0_mean_300.0_v3 HTTP/1.0 201 - python-swiftclient-3.11.1 gAAAAABqKR2KA6fE... 16 - - txbb1d5b48c07f4f4a88b83-006a291e5f - 0.0206 - - 1781079647.464992762 1781079647.485639572 0
Jun 10 08:20:47 standalone container-server[126469]: 172.20.0.100 - - [10/Jun/2026:08:20:47 +0000] "PUT /d1/810/AUTH_7f00912ffce942ea98eb279238f21346/gnocchi.e3c48161-7151-49b3-bbdb-f669474287d9/none_v3" 201 - "PUT http://172.18.0.2:8080/d1/498/AUTH_7f00912ffce942ea98eb279238f21346/gnocchi.e3c48161-7151-49b3-bbdb-f669474287d9/none_v3" "tx81f727a72bc347778005e-006a291e5f" "object-server 24" 0.0003 "-" 23 0
Jun 10 08:20:47 standalone object-server[126708]: 172.20.0.100 - - [10/Jun/2026:08:20:47 +0000] "PUT /d1/498/AUTH_7f00912ffce942ea98eb279238f21346/gnocchi.e3c48161-7151-49b3-bbdb-f669474287d9/none_v3" 201 - "PUT http://172.18.0.2:8080/v1/AUTH_7f00912ffce942ea98eb279238f21346/gnocchi.e3c48161-7151-49b3-bbdb-f669474287d9/none_v3" "tx81f727a72bc347778005e-006a291e5f" "proxy-server 20" 0.0107 "-" 24 0
Jun 10 08:20:47 standalone proxy-server[128651]: 172.18.0.2 172.18.0.100 10/Jun/2026/08/20/47 PUT /v1/AUTH_7f00912ffce942ea98eb279238f21346/gnocchi.e3c48161-7151-49b3-bbdb-f669474287d9/none_v3 HTTP/1.0 201 - python-swiftclient-3.11.1 gAAAAABqKR2KA6fE... 22 - - tx81f727a72bc347778005e-006a291e5f - 0.0170 - - 1781079647.489064932 1781079647.506087542 0
Jun 10 08:20:47 standalone container-server[126454]: 172.20.0.100 - - [10/Jun/2026:08:20:47 +0000] "HEAD /d1/425/AUTH_7f00912ffce942ea98eb279238f21346/gnocchi.bb6d8de9-a75d-4e90-9292-815d87be68ec" 404 - "HEAD http://172.18.0.2:8080/v1/AUTH_7f00912ffce942ea98eb279238f21346/gnocchi.bb6d8de9-a75d-4e90-9292-815d87be68ec?format=json&states=listing" "tx9980fe2baa22480490e50-006a291e5f" "proxy-server 20" 0.0003 "-" 20 0
Jun 10 08:20:47 standalone object-server[126714]: 172.20.0.100 - - [10/Jun/2026:08:20:47 +0000] "GET /d1/198/AUTH_7f00912ffce942ea98eb279238f21346/gnocchi.bb6d8de9-a75d-4e90-9292-815d87be68ec/none_v3" 404 70 "GET http://172.18.0.2:8080/v1/AUTH_7f00912ffce942ea98eb279238f21346/gnocchi.bb6d8de9-a75d-4e90-9292-815d87be68ec/none_v3" "tx9980fe2baa22480490e50-006a291e5f" "proxy-server 20" 0.0003 "-" 25 0
Jun 10 08:20:47 standalone proxy-server[128651]: 172.18.0.2 172.18.0.100 10/Jun/2026/08/20/47 GET /v1/AUTH_7f00912ffce942ea98eb279238f21346/gnocchi.bb6d8de9-a75d-4e90-9292-815d87be68ec/none_v3 HTTP/1.0 404 - python-swiftclient-3.11.1 gAAAAABqKR2KA6fE... - 70 - tx9980fe2baa22480490e50-006a291e5f - 0.0119 - - 1781079647.520279646 1781079647.532177687 0
Jun 10 08:20:47 standalone account-server[126455]: 172.20.0.100 - - [10/Jun/2026:08:20:47 +0000] "PUT /d1/300/AUTH_7f00912ffce942ea98eb279238f21346/gnocchi.bb6d8de9-a75d-4e90-9292-815d87be68ec" 201 - "PUT http://172.20.0.100:6001/d1/425/AUTH_7f00912ffce942ea98eb279238f21346/gnocchi.bb6d8de9-a75d-4e90-9292-815d87be68ec" "tx99c13fc1fa8c476fb20e7-006a291e5f" "container-server 22" 0.0044 "-" 22 0
Jun 10 08:20:47 standalone container-server[126466]: 172.20.0.100 - - [10/Jun/2026:08:20:47 +0000] "PUT /d1/425/AUTH_7f00912ffce942ea98eb279238f21346/gnocchi.bb6d8de9-a75d-4e90-9292-815d87be68ec" 201 - "PUT http://172.18.0.2:8080/v1/AUTH_7f00912ffce942ea98eb279238f21346/gnocchi.bb6d8de9-a75d-4e90-9292-815d87be68ec" "tx99c13fc1fa8c476fb20e7-006a291e5f" "proxy-server 20" 0.0128 "-" 22 0
Jun 10 08:20:47 standalone proxy-server[128651]: 172.18.0.2 172.18.0.100 10/Jun/2026/08/20/47 PUT /v1/AUTH_7f00912ffce942ea98eb279238f21346/gnocchi.bb6d8de9-a75d-4e90-9292-815d87be68ec HTTP/1.0 201 - python-swiftclient-3.11.1 gAAAAABqKR2KA6fE... - - - tx99c13fc1fa8c476fb20e7-006a291e5f - 0.0196 - - 1781079647.535159826 1781079647.554771662 0
Jun 10 08:20:47 standalone container-server[126469]: 172.20.0.100 - - [10/Jun/2026:08:20:47 +0000] "HEAD /d1/425/AUTH_7f00912ffce942ea98eb279238f21346/gnocchi.bb6d8de9-a75d-4e90-9292-815d87be68ec" 204 - "HEAD http://172.18.0.2:8080/v1/AUTH_7f00912ffce942ea98eb279238f21346/gnocchi.bb6d8de9-a75d-4e90-9292-815d87be68ec?format=json&states=listing" "txa8be045d4ed74857a61aa-006a291e5f" "proxy-server 20" 0.0027 "-" 23 0
Jun 10 08:20:47 standalone proxy-server[128651]: - - 10/Jun/2026/08/20/47 HEAD /v1/AUTH_7f00912ffce942ea98eb279238f21346/gnocchi.bb6d8de9-a75d-4e90-9292-815d87be68ec%3Fformat%3Djson%26states%3Dlisting HTTP/1.0 204 - Swift - - - - txa8be045d4ed74857a61aa-006a291e5f - 0.0072 RL - 1781079647.561993122 1781079647.569232941 0
Jun 10 08:20:47 standalone container-server[126454]: 172.20.0.100 - - [10/Jun/2026:08:20:47 +0000] "GET /d1/425/AUTH_7f00912ffce942ea98eb279238f21346/gnocchi.bb6d8de9-a75d-4e90-9292-815d87be68ec" 200 2 "GET http://172.18.0.2:8080/v1/AUTH_7f00912ffce942ea98eb279238f21346/gnocchi.bb6d8de9-a75d-4e90-9292-815d87be68ec?format=json&states=listing" "txa8be045d4ed74857a61aa-006a291e5f" "proxy-server 20" 0.0056 "-" 20 0
Jun 10 08:20:47 standalone proxy-server[128651]: 172.18.0.2 172.18.0.100 10/Jun/2026/08/20/47 GET /v1/AUTH_7f00912ffce942ea98eb279238f21346/gnocchi.bb6d8de9-a75d-4e90-9292-815d87be68ec%3Fformat%3Djson%26states%3Dlisting HTTP/1.0 200 - python-swiftclient-3.11.1 gAAAAABqKR2KA6fE... - 2 - txa8be045d4ed74857a61aa-006a291e5f - 0.0255 - - 1781079647.560107470 1781079647.585561037 0
Jun 10 08:20:47 standalone object-server[126707]: 172.20.0.100 - - [10/Jun/2026:08:20:47 +0000] "GET /d1/1008/AUTH_7f00912ffce942ea98eb279238f21346/gnocchi.bb6d8de9-a75d-4e90-9292-815d87be68ec/1780920000.0_mean_300.0_v3" 404 70 "GET http://172.18.0.2:8080/v1/AUTH_7f00912ffce942ea98eb279238f21346/gnocchi.bb6d8de9-a75d-4e90-9292-815d87be68ec/1780920000.0_mean_300.0_v3" "txcc0cb5c3a8d54eb9be971-006a291e5f" "proxy-server 20" 0.0003 "-" 23 0
Jun 10 08:20:47 standalone proxy-server[128651]: 172.18.0.2 172.18.0.100 10/Jun/2026/08/20/47 GET /v1/AUTH_7f00912ffce942ea98eb279238f21346/gnocchi.bb6d8de9-a75d-4e90-9292-815d87be68ec/1780920000.0_mean_300.0_v3 HTTP/1.0 404 - python-swiftclient-3.11.1 gAAAAABqKR2KA6fE... - 70 - txcc0cb5c3a8d54eb9be971-006a291e5f - 0.0078 - - 1781079647.597556114 1781079647.605330944 0
Jun 10 08:20:47 standalone container-server[126464]: 172.20.0.100 - - [10/Jun/2026:08:20:47 +0000] "PUT /d1/425/AUTH_7f00912ffce942ea98eb279238f21346/gnocchi.bb6d8de9-a75d-4e90-9292-815d87be68ec/1780920000.0_mean_300.0_v3" 201 - "PUT http://172.18.0.2:8080/d1/1008/AUTH_7f00912ffce942ea98eb279238f21346/gnocchi.bb6d8de9-a75d-4e90-9292-815d87be68ec/1780920000.0_mean_300.0_v3" "txda67e22029324789b4c05-006a291e5f" "object-server 25" 0.0005 "-" 21 0
Jun 10 08:20:47 standalone object-server[126714]: 172.20.0.100 - - [10/Jun/2026:08:20:47 +0000] "PUT /d1/1008/AUTH_7f00912ffce942ea98eb279238f21346/gnocchi.bb6d8de9-a75d-4e90-9292-815d87be68ec/1780920000.0_mean_300.0_v3" 201 - "PUT http://172.18.0.2:8080/v1/AUTH_7f00912ffce942ea98eb279238f21346/gnocchi.bb6d8de9-a75d-4e90-9292-815d87be68ec/1780920000.0_mean_300.0_v3" "txda67e22029324789b4c05-006a291e5f" "proxy-server 20" 0.0074 "-" 25 0
Jun 10 08:20:47 standalone proxy-server[128651]: 172.18.0.2 172.18.0.100 10/Jun/2026/08/20/47 PUT /v1/AUTH_7f00912ffce942ea98eb279238f21346/gnocchi.bb6d8de9-a75d-4e90-9292-815d87be68ec/1780920000.0_mean_300.0_v3 HTTP/1.0 201 - python-swiftclient-3.11.1 gAAAAABqKR2KA6fE... 16 - - txda67e22029324789b4c05-006a291e5f - 0.0132 - - 1781079647.608586311 1781079647.621786356 0
Jun 10 08:20:47 standalone container-server[126469]: 172.20.0.100 - - [10/Jun/2026:08:20:47 +0000] "PUT /d1/425/AUTH_7f00912ffce942ea98eb279238f21346/gnocchi.bb6d8de9-a75d-4e90-9292-815d87be68ec/none_v3" 201 - "PUT http://172.18.0.2:8080/d1/198/AUTH_7f00912ffce942ea98eb279238f21346/gnocchi.bb6d8de9-a75d-4e90-9292-815d87be68ec/none_v3" "tx8ef4b3e1192c49258c0e5-006a291e5f" "object-server 24" 0.0009 "-" 23 0
Jun 10 08:20:47 standalone object-server[126708]: 172.20.0.100 - - [10/Jun/2026:08:20:47 +0000] "PUT /d1/198/AUTH_7f00912ffce942ea98eb279238f21346/gnocchi.bb6d8de9-a75d-4e90-9292-815d87be68ec/none_v3" 201 - "PUT http://172.18.0.2:8080/v1/AUTH_7f00912ffce942ea98eb279238f21346/gnocchi.bb6d8de9-a75d-4e90-9292-815d87be68ec/none_v3" "tx8ef4b3e1192c49258c0e5-006a291e5f" "proxy-server 20" 0.0093 "-" 24 0
Jun 10 08:20:47 standalone proxy-server[128651]: 172.18.0.2 172.18.0.100 10/Jun/2026/08/20/47 PUT /v1/AUTH_7f00912ffce942ea98eb279238f21346/gnocchi.bb6d8de9-a75d-4e90-9292-815d87be68ec/none_v3 HTTP/1.0 201 - python-swiftclient-3.11.1 gAAAAABqKR2KA6fE... 22 - - tx8ef4b3e1192c49258c0e5-006a291e5f - 0.0161 - - 1781079647.625080824 1781079647.641146421 0
Jun 10 08:20:47 standalone container-server[126464]: 172.20.0.100 - - [10/Jun/2026:08:20:47 +0000] "HEAD /d1/472/AUTH_7f00912ffce942ea98eb279238f21346/gnocchi.cefdd714-0e5f-46b2-8fb8-3c8302c97b1c" 404 - "HEAD http://172.18.0.2:8080/v1/AUTH_7f00912ffce942ea98eb279238f21346/gnocchi.cefdd714-0e5f-46b2-8fb8-3c8302c97b1c?format=json&states=listing" "tx7646d277b22748eabc117-006a291e5f" "proxy-server 20" 0.0005 "-" 21 0
Jun 10 08:20:47 standalone object-server[126708]: 172.20.0.100 - - [10/Jun/2026:08:20:47 +0000] "GET /d1/755/AUTH_7f00912ffce942ea98eb279238f21346/gnocchi.cefdd714-0e5f-46b2-8fb8-3c8302c97b1c/none_v3" 404 70 "GET http://172.18.0.2:8080/v1/AUTH_7f00912ffce942ea98eb279238f21346/gnocchi.cefdd714-0e5f-46b2-8fb8-3c8302c97b1c/none_v3" "tx7646d277b22748eabc117-006a291e5f" "proxy-server 20" 0.0003 "-" 24 0
Jun 10 08:20:47 standalone proxy-server[128651]: 172.18.0.2 172.18.0.100 10/Jun/2026/08/20/47 GET /v1/AUTH_7f00912ffce942ea98eb279238f21346/gnocchi.cefdd714-0e5f-46b2-8fb8-3c8302c97b1c/none_v3 HTTP/1.0 404 - python-swiftclient-3.11.1 gAAAAABqKR2KA6fE... - 70 - tx7646d277b22748eabc117-006a291e5f - 0.0159 - - 1781079647.652343750 1781079647.668256521 0
Jun 10 08:20:47 standalone account-server[126455]: 172.20.0.100 - - [10/Jun/2026:08:20:47 +0000] "PUT /d1/300/AUTH_7f00912ffce942ea98eb279238f21346/gnocchi.cefdd714-0e5f-46b2-8fb8-3c8302c97b1c" 201 - "PUT http://172.20.0.100:6001/d1/472/AUTH_7f00912ffce942ea98eb279238f21346/gnocchi.cefdd714-0e5f-46b2-8fb8-3c8302c97b1c" "tx4aa4779bc87d451f8b260-006a291e5f" "container-server 23" 0.0037 "-" 22 0
Jun 10 08:20:47 standalone container-server[126469]: 172.20.0.100 - - [10/Jun/2026:08:20:47 +0000] "PUT /d1/472/AUTH_7f00912ffce942ea98eb279238f21346/gnocchi.cefdd714-0e5f-46b2-8fb8-3c8302c97b1c" 201 - "PUT http://172.18.0.2:8080/v1/AUTH_7f00912ffce942ea98eb279238f21346/gnocchi.cefdd714-0e5f-46b2-8fb8-3c8302c97b1c" "tx4aa4779bc87d451f8b260-006a291e5f" "proxy-server 20" 0.0171 "-" 23 0
Jun 10 08:20:47 standalone proxy-server[128651]: 172.18.0.2 172.18.0.100 10/Jun/2026/08/20/47 PUT /v1/AUTH_7f00912ffce942ea98eb279238f21346/gnocchi.cefdd714-0e5f-46b2-8fb8-3c8302c97b1c HTTP/1.0 201 - python-swiftclient-3.11.1 gAAAAABqKR2KA6fE... - - - tx4aa4779bc87d451f8b260-006a291e5f - 0.0271 - - 1781079647.670869350 1781079647.697926760 0
Jun 10 08:20:47 standalone container-server[126454]: 172.20.0.100 - - [10/Jun/2026:08:20:47 +0000] "HEAD /d1/472/AUTH_7f00912ffce942ea98eb279238f21346/gnocchi.cefdd714-0e5f-46b2-8fb8-3c8302c97b1c" 204 - "HEAD http://172.18.0.2:8080/v1/AUTH_7f00912ffce942ea98eb279238f21346/gnocchi.cefdd714-0e5f-46b2-8fb8-3c8302c97b1c?format=json&states=listing" "tx3d13b94fb2d94482811e2-006a291e5f" "proxy-server 20" 0.0025 "-" 20 0
Jun 10 08:20:47 standalone proxy-server[128651]: - - 10/Jun/2026/08/20/47 HEAD /v1/AUTH_7f00912ffce942ea98eb279238f21346/gnocchi.cefdd714-0e5f-46b2-8fb8-3c8302c97b1c%3Fformat%3Djson%26states%3Dlisting HTTP/1.0 204 - Swift - - - - tx3d13b94fb2d94482811e2-006a291e5f - 0.0065 RL - 1781079647.703204870 1781079647.709728479 0
Jun 10 08:20:47 standalone container-server[126469]: 172.20.0.100 - - [10/Jun/2026:08:20:47 +0000] "GET /d1/472/AUTH_7f00912ffce942ea98eb279238f21346/gnocchi.cefdd714-0e5f-46b2-8fb8-3c8302c97b1c" 200 2 "GET http://172.18.0.2:8080/v1/AUTH_7f00912ffce942ea98eb279238f21346/gnocchi.cefdd714-0e5f-46b2-8fb8-3c8302c97b1c?format=json&states=listing" "tx3d13b94fb2d94482811e2-006a291e5f" "proxy-server 20" 0.0017 "-" 23 0
Jun 10 08:20:47 standalone proxy-server[128651]: 172.18.0.2 172.18.0.100 10/Jun/2026/08/20/47 GET /v1/AUTH_7f00912ffce942ea98eb279238f21346/gnocchi.cefdd714-0e5f-46b2-8fb8-3c8302c97b1c%3Fformat%3Djson%26states%3Dlisting HTTP/1.0 200 - python-swiftclient-3.11.1 gAAAAABqKR2KA6fE... - 2 - tx3d13b94fb2d94482811e2-006a291e5f - 0.0172 - - 1781079647.702023506 1781079647.719180107 0
Jun 10 08:20:47 standalone object-server[126714]: 172.20.0.100 - - [10/Jun/2026:08:20:47 +0000] "GET /d1/289/AUTH_7f00912ffce942ea98eb279238f21346/gnocchi.cefdd714-0e5f-46b2-8fb8-3c8302c97b1c/1780920000.0_mean_300.0_v3" 404 70 "GET http://172.18.0.2:8080/v1/AUTH_7f00912ffce942ea98eb279238f21346/gnocchi.cefdd714-0e5f-46b2-8fb8-3c8302c97b1c/1780920000.0_mean_300.0_v3" "tx9651087b741e4b46b3810-006a291e5f" "proxy-server 20" 0.0003 "-" 25 0
Jun 10 08:20:47 standalone proxy-server[128651]: 172.18.0.2 172.18.0.100 10/Jun/2026/08/20/47 GET /v1/AUTH_7f00912ffce942ea98eb279238f21346/gnocchi.cefdd714-0e5f-46b2-8fb8-3c8302c97b1c/1780920000.0_mean_300.0_v3 HTTP/1.0 404 - python-swiftclient-3.11.1 gAAAAABqKR2KA6fE... - 70 - tx9651087b741e4b46b3810-006a291e5f - 0.0064 - - 1781079647.723448038 1781079647.729829788 0
Jun 10 08:20:47 standalone container-server[126469]: 172.20.0.100 - - [10/Jun/2026:08:20:47 +0000] "PUT /d1/472/AUTH_7f00912ffce942ea98eb279238f21346/gnocchi.cefdd714-0e5f-46b2-8fb8-3c8302c97b1c/1780920000.0_mean_300.0_v3" 201 - "PUT http://172.18.0.2:8080/d1/289/AUTH_7f00912ffce942ea98eb279238f21346/gnocchi.cefdd714-0e5f-46b2-8fb8-3c8302c97b1c/1780920000.0_mean_300.0_v3" "txcf0914f14319490eac1b8-006a291e5f" "object-server 22" 0.0005 "-" 23 0
Jun 10 08:20:47 standalone object-server[126706]: 172.20.0.100 - - [10/Jun/2026:08:20:47 +0000] "PUT /d1/289/AUTH_7f00912ffce942ea98eb279238f21346/gnocchi.cefdd714-0e5f-46b2-8fb8-3c8302c97b1c/1780920000.0_mean_300.0_v3" 201 - "PUT http://172.18.0.2:8080/v1/AUTH_7f00912ffce942ea98eb279238f21346/gnocchi.cefdd714-0e5f-46b2-8fb8-3c8302c97b1c/1780920000.0_mean_300.0_v3" "txcf0914f14319490eac1b8-006a291e5f" "proxy-server 20" 0.0194 "-" 22 0
Jun 10 08:20:47 standalone proxy-server[128651]: 172.18.0.2 172.18.0.100 10/Jun/2026/08/20/47 PUT /v1/AUTH_7f00912ffce942ea98eb279238f21346/gnocchi.cefdd714-0e5f-46b2-8fb8-3c8302c97b1c/1780920000.0_mean_300.0_v3 HTTP/1.0 201 - python-swiftclient-3.11.1 gAAAAABqKR2KA6fE... 16 - - txcf0914f14319490eac1b8-006a291e5f - 0.0258 - - 1781079647.732964277 1781079647.758783579 0
Jun 10 08:20:47 standalone container-server[126464]: 172.20.0.100 - - [10/Jun/2026:08:20:47 +0000] "PUT /d1/472/AUTH_7f00912ffce942ea98eb279238f21346/gnocchi.cefdd714-0e5f-46b2-8fb8-3c8302c97b1c/none_v3" 201 - "PUT http://172.18.0.2:8080/d1/755/AUTH_7f00912ffce942ea98eb279238f21346/gnocchi.cefdd714-0e5f-46b2-8fb8-3c8302c97b1c/none_v3" "tx3a4c3e4e8dc74bf4854c4-006a291e5f" "object-server 24" 0.0005 "-" 21 0
Jun 10 08:20:47 standalone object-server[126708]: 172.20.0.100 - - [10/Jun/2026:08:20:47 +0000] "PUT /d1/755/AUTH_7f00912ffce942ea98eb279238f21346/gnocchi.cefdd714-0e5f-46b2-8fb8-3c8302c97b1c/none_v3" 201 - "PUT http://172.18.0.2:8080/v1/AUTH_7f00912ffce942ea98eb279238f21346/gnocchi.cefdd714-0e5f-46b2-8fb8-3c8302c97b1c/none_v3" "tx3a4c3e4e8dc74bf4854c4-006a291e5f" "proxy-server 20" 0.0072 "-" 24 0
Jun 10 08:20:47 standalone proxy-server[128651]: 172.18.0.2 172.18.0.100 10/Jun/2026/08/20/47 PUT /v1/AUTH_7f00912ffce942ea98eb279238f21346/gnocchi.cefdd714-0e5f-46b2-8fb8-3c8302c97b1c/none_v3 HTTP/1.0 201 - python-swiftclient-3.11.1 gAAAAABqKR2KA6fE... 22 - - tx3a4c3e4e8dc74bf4854c4-006a291e5f - 0.0121 - - 1781079647.761175394 1781079647.773308992 0
Jun 10 08:20:47 standalone container-server[126464]: 172.20.0.100 - - [10/Jun/2026:08:20:47 +0000] "HEAD /d1/263/AUTH_7f00912ffce942ea98eb279238f21346/gnocchi.ff011955-eaa1-4171-98fc-c5a14e940b81" 404 - "HEAD http://172.18.0.2:8080/v1/AUTH_7f00912ffce942ea98eb279238f21346/gnocchi.ff011955-eaa1-4171-98fc-c5a14e940b81?format=json&states=listing" "tx1c103ad98ec24f458a226-006a291e5f" "proxy-server 20" 0.0005 "-" 21 0
Jun 10 08:20:47 standalone object-server[126708]: 172.20.0.100 - - [10/Jun/2026:08:20:47 +0000] "GET /d1/919/AUTH_7f00912ffce942ea98eb279238f21346/gnocchi.ff011955-eaa1-4171-98fc-c5a14e940b81/none_v3" 404 70 "GET http://172.18.0.2:8080/v1/AUTH_7f00912ffce942ea98eb279238f21346/gnocchi.ff011955-eaa1-4171-98fc-c5a14e940b81/none_v3" "tx1c103ad98ec24f458a226-006a291e5f" "proxy-server 20" 0.0003 "-" 24 0
Jun 10 08:20:47 standalone proxy-server[128651]: 172.18.0.2 172.18.0.100 10/Jun/2026/08/20/47 GET /v1/AUTH_7f00912ffce942ea98eb279238f21346/gnocchi.ff011955-eaa1-4171-98fc-c5a14e940b81/none_v3 HTTP/1.0 404 - python-swiftclient-3.11.1 gAAAAABqKR2KA6fE... - 70 - tx1c103ad98ec24f458a226-006a291e5f - 0.0118 - - 1781079647.784183741 1781079647.796005964 0
Jun 10 08:20:47 standalone account-server[126440]: 172.20.0.100 - - [10/Jun/2026:08:20:47 +0000] "PUT /d1/300/AUTH_7f00912ffce942ea98eb279238f21346/gnocchi.ff011955-eaa1-4171-98fc-c5a14e940b81" 201 - "PUT http://172.20.0.100:6001/d1/263/AUTH_7f00912ffce942ea98eb279238f21346/gnocchi.ff011955-eaa1-4171-98fc-c5a14e940b81" "tx96ef12aebdf04cc08a58a-006a291e5f" "container-server 22" 0.0043 "-" 20 0
Jun 10 08:20:47 standalone container-server[126466]: 172.20.0.100 - - [10/Jun/2026:08:20:47 +0000] "PUT /d1/263/AUTH_7f00912ffce942ea98eb279238f21346/gnocchi.ff011955-eaa1-4171-98fc-c5a14e940b81" 201 - "PUT http://172.18.0.2:8080/v1/AUTH_7f00912ffce942ea98eb279238f21346/gnocchi.ff011955-eaa1-4171-98fc-c5a14e940b81" "tx96ef12aebdf04cc08a58a-006a291e5f" "proxy-server 20" 0.0129 "-" 22 0
Jun 10 08:20:47 standalone proxy-server[128651]: 172.18.0.2 172.18.0.100 10/Jun/2026/08/20/47 PUT /v1/AUTH_7f00912ffce942ea98eb279238f21346/gnocchi.ff011955-eaa1-4171-98fc-c5a14e940b81 HTTP/1.0 201 - python-swiftclient-3.11.1 gAAAAABqKR2KA6fE... - - - tx96ef12aebdf04cc08a58a-006a291e5f - 0.0192 - - 1781079647.799814224 1781079647.819040537 0
Jun 10 08:20:47 standalone container-server[126464]: 172.20.0.100 - - [10/Jun/2026:08:20:47 +0000] "HEAD /d1/263/AUTH_7f00912ffce942ea98eb279238f21346/gnocchi.ff011955-eaa1-4171-98fc-c5a14e940b81" 204 - "HEAD http://172.18.0.2:8080/v1/AUTH_7f00912ffce942ea98eb279238f21346/gnocchi.ff011955-eaa1-4171-98fc-c5a14e940b81?format=json&states=listing" "txc66edd8d7b934534821a9-006a291e5f" "proxy-server 20" 0.0024 "-" 21 0
Jun 10 08:20:47 standalone proxy-server[128651]: - - 10/Jun/2026/08/20/47 HEAD /v1/AUTH_7f00912ffce942ea98eb279238f21346/gnocchi.ff011955-eaa1-4171-98fc-c5a14e940b81%3Fformat%3Djson%26states%3Dlisting HTTP/1.0 204 - Swift - - - - txc66edd8d7b934534821a9-006a291e5f - 0.0082 RL - 1781079647.823131323 1781079647.831283092 0
Jun 10 08:20:47 standalone container-server[126469]: 172.20.0.100 - - [10/Jun/2026:08:20:47 +0000] "GET /d1/263/AUTH_7f00912ffce942ea98eb279238f21346/gnocchi.ff011955-eaa1-4171-98fc-c5a14e940b81" 200 2 "GET http://172.18.0.2:8080/v1/AUTH_7f00912ffce942ea98eb279238f21346/gnocchi.ff011955-eaa1-4171-98fc-c5a14e940b81?format=json&states=listing" "txc66edd8d7b934534821a9-006a291e5f" "proxy-server 20" 0.0018 "-" 23 0
Jun 10 08:20:47 standalone proxy-server[128651]: 172.18.0.2 172.18.0.100 10/Jun/2026/08/20/47 GET /v1/AUTH_7f00912ffce942ea98eb279238f21346/gnocchi.ff011955-eaa1-4171-98fc-c5a14e940b81%3Fformat%3Djson%26states%3Dlisting HTTP/1.0 200 - python-swiftclient-3.11.1 gAAAAABqKR2KA6fE... - 2 - txc66edd8d7b934534821a9-006a291e5f - 0.0171 - - 1781079647.822152138 1781079647.839249849 0
Jun 10 08:20:47 standalone object-server[126714]: 172.20.0.100 - - [10/Jun/2026:08:20:47 +0000] "GET /d1/775/AUTH_7f00912ffce942ea98eb279238f21346/gnocchi.ff011955-eaa1-4171-98fc-c5a14e940b81/1780920000.0_mean_300.0_v3" 404 70 "GET http://172.18.0.2:8080/v1/AUTH_7f00912ffce942ea98eb279238f21346/gnocchi.ff011955-eaa1-4171-98fc-c5a14e940b81/1780920000.0_mean_300.0_v3" "tx3ff2753c65404af3874eb-006a291e5f" "proxy-server 20" 0.0005 "-" 25 0
Jun 10 08:20:47 standalone proxy-server[128651]: 172.18.0.2 172.18.0.100 10/Jun/2026/08/20/47 GET /v1/AUTH_7f00912ffce942ea98eb279238f21346/gnocchi.ff011955-eaa1-4171-98fc-c5a14e940b81/1780920000.0_mean_300.0_v3 HTTP/1.0 404 - python-swiftclient-3.11.1 gAAAAABqKR2KA6fE... - 70 - tx3ff2753c65404af3874eb-006a291e5f - 0.0065 - - 1781079647.842409611 1781079647.848948717 0
Jun 10 08:20:47 standalone container-server[126464]: 172.20.0.100 - - [10/Jun/2026:08:20:47 +0000] "PUT /d1/263/AUTH_7f00912ffce942ea98eb279238f21346/gnocchi.ff011955-eaa1-4171-98fc-c5a14e940b81/1780920000.0_mean_300.0_v3" 201 - "PUT http://172.18.0.2:8080/d1/775/AUTH_7f00912ffce942ea98eb279238f21346/gnocchi.ff011955-eaa1-4171-98fc-c5a14e940b81/1780920000.0_mean_300.0_v3" "txdba36a6ee5a64343b9553-006a291e5f" "object-server 24" 0.0012 "-" 21 0
Jun 10 08:20:47 standalone object-server[126708]: 172.20.0.100 - - [10/Jun/2026:08:20:47 +0000] "PUT /d1/775/AUTH_7f00912ffce942ea98eb279238f21346/gnocchi.ff011955-eaa1-4171-98fc-c5a14e940b81/1780920000.0_mean_300.0_v3" 201 - "PUT http://172.18.0.2:8080/v1/AUTH_7f00912ffce942ea98eb279238f21346/gnocchi.ff011955-eaa1-4171-98fc-c5a14e940b81/1780920000.0_mean_300.0_v3" "txdba36a6ee5a64343b9553-006a291e5f" "proxy-server 20" 0.0093 "-" 24 0
Jun 10 08:20:47 standalone proxy-server[128651]: 172.18.0.2 172.18.0.100 10/Jun/2026/08/20/47 PUT /v1/AUTH_7f00912ffce942ea98eb279238f21346/gnocchi.ff011955-eaa1-4171-98fc-c5a14e940b81/1780920000.0_mean_300.0_v3 HTTP/1.0 201 - python-swiftclient-3.11.1 gAAAAABqKR2KA6fE... 16 - - txdba36a6ee5a64343b9553-006a291e5f - 0.0165 - - 1781079647.851111650 1781079647.867602110 0
Jun 10 08:20:47 standalone container-server[126464]: 172.20.0.100 - - [10/Jun/2026:08:20:47 +0000] "PUT /d1/263/AUTH_7f00912ffce942ea98eb279238f21346/gnocchi.ff011955-eaa1-4171-98fc-c5a14e940b81/none_v3" 201 - "PUT http://172.18.0.2:8080/d1/919/AUTH_7f00912ffce942ea98eb279238f21346/gnocchi.ff011955-eaa1-4171-98fc-c5a14e940b81/none_v3" "tx25dae6ba16e74c8e8fb68-006a291e5f" "object-server 23" 0.0004 "-" 21 0
Jun 10 08:20:47 standalone object-server[126707]: 172.20.0.100 - - [10/Jun/2026:08:20:47 +0000] "PUT /d1/919/AUTH_7f00912ffce942ea98eb279238f21346/gnocchi.ff011955-eaa1-4171-98fc-c5a14e940b81/none_v3" 201 - "PUT http://172.18.0.2:8080/v1/AUTH_7f00912ffce942ea98eb279238f21346/gnocchi.ff011955-eaa1-4171-98fc-c5a14e940b81/none_v3" "tx25dae6ba16e74c8e8fb68-006a291e5f" "proxy-server 20" 0.0102 "-" 23 0
Jun 10 08:20:47 standalone proxy-server[128651]: 172.18.0.2 172.18.0.100 10/Jun/2026/08/20/47 PUT /v1/AUTH_7f00912ffce942ea98eb279238f21346/gnocchi.ff011955-eaa1-4171-98fc-c5a14e940b81/none_v3 HTTP/1.0 201 - python-swiftclient-3.11.1 gAAAAABqKR2KA6fE... 22 - - tx25dae6ba16e74c8e8fb68-006a291e5f - 0.0152 - - 1781079647.869832754 1781079647.884994507 0
Jun 10 08:20:47 standalone container-server[126454]: 172.20.0.100 - - [10/Jun/2026:08:20:47 +0000] "HEAD /d1/516/AUTH_7f00912ffce942ea98eb279238f21346/gnocchi.2747c336-abc1-4149-bc61-2392e26c4289" 404 - "HEAD http://172.18.0.2:8080/v1/AUTH_7f00912ffce942ea98eb279238f21346/gnocchi.2747c336-abc1-4149-bc61-2392e26c4289?format=json&states=listing" "txf12ab196bf374f479c25d-006a291e5f" "proxy-server 20" 0.0004 "-" 20 0
Jun 10 08:20:47 standalone object-server[126706]: 172.20.0.100 - - [10/Jun/2026:08:20:47 +0000] "GET /d1/430/AUTH_7f00912ffce942ea98eb279238f21346/gnocchi.2747c336-abc1-4149-bc61-2392e26c4289/none_v3" 404 70 "GET http://172.18.0.2:8080/v1/AUTH_7f00912ffce942ea98eb279238f21346/gnocchi.2747c336-abc1-4149-bc61-2392e26c4289/none_v3" "txf12ab196bf374f479c25d-006a291e5f" "proxy-server 20" 0.0005 "-" 22 0
Jun 10 08:20:47 standalone proxy-server[128651]: 172.18.0.2 172.18.0.100 10/Jun/2026/08/20/47 GET /v1/AUTH_7f00912ffce942ea98eb279238f21346/gnocchi.2747c336-abc1-4149-bc61-2392e26c4289/none_v3 HTTP/1.0 404 - python-swiftclient-3.11.1 gAAAAABqKR2KA6fE... - 70 - txf12ab196bf374f479c25d-006a291e5f - 0.0143 - - 1781079647.900905132 1781079647.915254116 0
Jun 10 08:20:47 standalone account-server[126448]: 172.20.0.100 - - [10/Jun/2026:08:20:47 +0000] "PUT /d1/300/AUTH_7f00912ffce942ea98eb279238f21346/gnocchi.2747c336-abc1-4149-bc61-2392e26c4289" 201 - "PUT http://172.20.0.100:6001/d1/516/AUTH_7f00912ffce942ea98eb279238f21346/gnocchi.2747c336-abc1-4149-bc61-2392e26c4289" "txc5d800c0c75a4f2d95dc8-006a291e5f" "container-server 20" 0.0059 "-" 21 0
Jun 10 08:20:47 standalone container-server[126454]: 172.20.0.100 - - [10/Jun/2026:08:20:47 +0000] "PUT /d1/516/AUTH_7f00912ffce942ea98eb279238f21346/gnocchi.2747c336-abc1-4149-bc61-2392e26c4289" 201 - "PUT http://172.18.0.2:8080/v1/AUTH_7f00912ffce942ea98eb279238f21346/gnocchi.2747c336-abc1-4149-bc61-2392e26c4289" "txc5d800c0c75a4f2d95dc8-006a291e5f" "proxy-server 20" 0.0188 "-" 20 0
Jun 10 08:20:47 standalone proxy-server[128651]: 172.18.0.2 172.18.0.100 10/Jun/2026/08/20/47 PUT /v1/AUTH_7f00912ffce942ea98eb279238f21346/gnocchi.2747c336-abc1-4149-bc61-2392e26c4289 HTTP/1.0 201 - python-swiftclient-3.11.1 gAAAAABqKR2KA6fE... - - - txc5d800c0c75a4f2d95dc8-006a291e5f - 0.0265 - - 1781079647.919493914 1781079647.945966005 0
Jun 10 08:20:47 standalone container-server[126464]: 172.20.0.100 - - [10/Jun/2026:08:20:47 +0000] "HEAD /d1/846/AUTH_7f00912ffce942ea98eb279238f21346/gnocchi.ef854594-ddcc-4a4b-b9f8-c31087c4be09" 404 - "HEAD http://172.18.0.2:8080/v1/AUTH_7f00912ffce942ea98eb279238f21346/gnocchi.ef854594-ddcc-4a4b-b9f8-c31087c4be09?format=json&states=listing" "txfe94f300db1d48f0a66ba-006a291e5f" "proxy-server 20" 0.0006 "-" 21 0
Jun 10 08:20:47 standalone object-server[126714]: 172.20.0.100 - - [10/Jun/2026:08:20:47 +0000] "GET /d1/685/AUTH_7f00912ffce942ea98eb279238f21346/gnocchi.ef854594-ddcc-4a4b-b9f8-c31087c4be09/none_v3" 404 70 "GET http://172.18.0.2:8080/v1/AUTH_7f00912ffce942ea98eb279238f21346/gnocchi.ef854594-ddcc-4a4b-b9f8-c31087c4be09/none_v3" "txfe94f300db1d48f0a66ba-006a291e5f" "proxy-server 20" 0.0006 "-" 25 0
Jun 10 08:20:47 standalone proxy-server[128651]: 172.18.0.2 172.18.0.100 10/Jun/2026/08/20/47 GET /v1/AUTH_7f00912ffce942ea98eb279238f21346/gnocchi.ef854594-ddcc-4a4b-b9f8-c31087c4be09/none_v3 HTTP/1.0 404 - python-swiftclient-3.11.1 gAAAAABqKR2KA6fE... - 70 - txfe94f300db1d48f0a66ba-006a291e5f - 0.0148 - - 1781079647.949569702 1781079647.964335680 0
Jun 10 08:20:47 standalone account-server[126440]: 172.20.0.100 - - [10/Jun/2026:08:20:47 +0000] "PUT /d1/300/AUTH_7f00912ffce942ea98eb279238f21346/gnocchi.ef854594-ddcc-4a4b-b9f8-c31087c4be09" 201 - "PUT http://172.20.0.100:6001/d1/846/AUTH_7f00912ffce942ea98eb279238f21346/gnocchi.ef854594-ddcc-4a4b-b9f8-c31087c4be09" "tx61120ba6d16c40e79ca8a-006a291e5f" "container-server 23" 0.0058 "-" 20 0
Jun 10 08:20:47 standalone container-server[126469]: 172.20.0.100 - - [10/Jun/2026:08:20:47 +0000] "PUT /d1/846/AUTH_7f00912ffce942ea98eb279238f21346/gnocchi.ef854594-ddcc-4a4b-b9f8-c31087c4be09" 201 - "PUT http://172.18.0.2:8080/v1/AUTH_7f00912ffce942ea98eb279238f21346/gnocchi.ef854594-ddcc-4a4b-b9f8-c31087c4be09" "tx61120ba6d16c40e79ca8a-006a291e5f" "proxy-server 20" 0.0201 "-" 23 0
Jun 10 08:20:47 standalone proxy-server[128651]: 172.18.0.2 172.18.0.100 10/Jun/2026/08/20/47 PUT /v1/AUTH_7f00912ffce942ea98eb279238f21346/gnocchi.ef854594-ddcc-4a4b-b9f8-c31087c4be09 HTTP/1.0 201 - python-swiftclient-3.11.1 gAAAAABqKR2KA6fE... - - - tx61120ba6d16c40e79ca8a-006a291e5f - 0.0283 - - 1781079647.967359304 1781079647.995664358 0
Jun 10 08:20:48 standalone container-server[126469]: 172.20.0.100 - - [10/Jun/2026:08:20:48 +0000] "HEAD /d1/516/AUTH_7f00912ffce942ea98eb279238f21346/gnocchi.2747c336-abc1-4149-bc61-2392e26c4289" 204 - "HEAD http://172.18.0.2:8080/v1/AUTH_7f00912ffce942ea98eb279238f21346/gnocchi.2747c336-abc1-4149-bc61-2392e26c4289?format=json&states=listing" "txe995d389a9ea46209b108-006a291e60" "proxy-server 20" 0.0025 "-" 23 0
Jun 10 08:20:48 standalone proxy-server[128651]: - - 10/Jun/2026/08/20/48 HEAD /v1/AUTH_7f00912ffce942ea98eb279238f21346/gnocchi.2747c336-abc1-4149-bc61-2392e26c4289%3Fformat%3Djson%26states%3Dlisting HTTP/1.0 204 - Swift - - - - txe995d389a9ea46209b108-006a291e60 - 0.0071 RL - 1781079648.003947735 1781079648.011005163 0
Jun 10 08:20:48 standalone container-server[126454]: 172.20.0.100 - - [10/Jun/2026:08:20:48 +0000] "GET /d1/516/AUTH_7f00912ffce942ea98eb279238f21346/gnocchi.2747c336-abc1-4149-bc61-2392e26c4289" 200 2 "GET http://172.18.0.2:8080/v1/AUTH_7f00912ffce942ea98eb279238f21346/gnocchi.2747c336-abc1-4149-bc61-2392e26c4289?format=json&states=listing" "txe995d389a9ea46209b108-006a291e60" "proxy-server 20" 0.0036 "-" 20 0
Jun 10 08:20:48 standalone proxy-server[128651]: 172.18.0.2 172.18.0.100 10/Jun/2026/08/20/48 GET /v1/AUTH_7f00912ffce942ea98eb279238f21346/gnocchi.2747c336-abc1-4149-bc61-2392e26c4289%3Fformat%3Djson%26states%3Dlisting HTTP/1.0 200 - python-swiftclient-3.11.1 gAAAAABqKR2KA6fE... - 2 - txe995d389a9ea46209b108-006a291e60 - 0.0211 - - 1781079648.002236366 1781079648.023349762 0
Jun 10 08:20:48 standalone container-server[126464]: 172.20.0.100 - - [10/Jun/2026:08:20:48 +0000] "HEAD /d1/846/AUTH_7f00912ffce942ea98eb279238f21346/gnocchi.ef854594-ddcc-4a4b-b9f8-c31087c4be09" 204 - "HEAD http://172.18.0.2:8080/v1/AUTH_7f00912ffce942ea98eb279238f21346/gnocchi.ef854594-ddcc-4a4b-b9f8-c31087c4be09?format=json&states=listing" "txab1b91a845e04d4681131-006a291e60" "proxy-server 20" 0.0023 "-" 21 0
Jun 10 08:20:48 standalone proxy-server[128651]: - - 10/Jun/2026/08/20/48 HEAD /v1/AUTH_7f00912ffce942ea98eb279238f21346/gnocchi.ef854594-ddcc-4a4b-b9f8-c31087c4be09%3Fformat%3Djson%26states%3Dlisting HTTP/1.0 204 - Swift - - - - txab1b91a845e04d4681131-006a291e60 - 0.0069 RL - 1781079648.030887365 1781079648.037802696 0
Jun 10 08:20:48 standalone container-server[126464]: 172.20.0.100 - - [10/Jun/2026:08:20:48 +0000] "GET /d1/846/AUTH_7f00912ffce942ea98eb279238f21346/gnocchi.ef854594-ddcc-4a4b-b9f8-c31087c4be09" 200 2 "GET http://172.18.0.2:8080/v1/AUTH_7f00912ffce942ea98eb279238f21346/gnocchi.ef854594-ddcc-4a4b-b9f8-c31087c4be09?format=json&states=listing" "txab1b91a845e04d4681131-006a291e60" "proxy-server 20" 0.0031 "-" 21 0
Jun 10 08:20:48 standalone proxy-server[128651]: 172.18.0.2 172.18.0.100 10/Jun/2026/08/20/48 GET /v1/AUTH_7f00912ffce942ea98eb279238f21346/gnocchi.ef854594-ddcc-4a4b-b9f8-c31087c4be09%3Fformat%3Djson%26states%3Dlisting HTTP/1.0 200 - python-swiftclient-3.11.1 gAAAAABqKR2KA6fE... - 2 - txab1b91a845e04d4681131-006a291e60 - 0.0198 - - 1781079648.029320002 1781079648.049102306 0
Jun 10 08:20:48 standalone object-server[126714]: 172.20.0.100 - - [10/Jun/2026:08:20:48 +0000] "GET /d1/231/AUTH_7f00912ffce942ea98eb279238f21346/gnocchi.2747c336-abc1-4149-bc61-2392e26c4289/1780920000.0_mean_300.0_v3" 404 70 "GET http://172.18.0.2:8080/v1/AUTH_7f00912ffce942ea98eb279238f21346/gnocchi.2747c336-abc1-4149-bc61-2392e26c4289/1780920000.0_mean_300.0_v3" "txaf2cd7e5421b47e4a11d7-006a291e60" "proxy-server 20" 0.0003 "-" 25 0
Jun 10 08:20:48 standalone proxy-server[128651]: 172.18.0.2 172.18.0.100 10/Jun/2026/08/20/48 GET /v1/AUTH_7f00912ffce942ea98eb279238f21346/gnocchi.2747c336-abc1-4149-bc61-2392e26c4289/1780920000.0_mean_300.0_v3 HTTP/1.0 404 - python-swiftclient-3.11.1 gAAAAABqKR2KA6fE... - 70 - txaf2cd7e5421b47e4a11d7-006a291e60 - 0.0063 - - 1781079648.054225683 1781079648.060563087 0
Jun 10 08:20:48 standalone object-server[126708]: 172.20.0.100 - - [10/Jun/2026:08:20:48 +0000] "GET /d1/39/AUTH_7f00912ffce942ea98eb279238f21346/gnocchi.ef854594-ddcc-4a4b-b9f8-c31087c4be09/1780920000.0_mean_300.0_v3" 404 70 "GET http://172.18.0.2:8080/v1/AUTH_7f00912ffce942ea98eb279238f21346/gnocchi.ef854594-ddcc-4a4b-b9f8-c31087c4be09/1780920000.0_mean_300.0_v3" "tx672d127d4fc94b4d9c299-006a291e60" "proxy-server 20" 0.0007 "-" 24 0
Jun 10 08:20:48 standalone proxy-server[128651]: 172.18.0.2 172.18.0.100 10/Jun/2026/08/20/48 GET /v1/AUTH_7f00912ffce942ea98eb279238f21346/gnocchi.ef854594-ddcc-4a4b-b9f8-c31087c4be09/1780920000.0_mean_300.0_v3 HTTP/1.0 404 - python-swiftclient-3.11.1 gAAAAABqKR2KA6fE... - 70 - tx672d127d4fc94b4d9c299-006a291e60 - 0.0081 - - 1781079648.064218998 1781079648.072292566 0
Jun 10 08:20:48 standalone container-server[126466]: 172.20.0.100 - - [10/Jun/2026:08:20:48 +0000] "PUT /d1/516/AUTH_7f00912ffce942ea98eb279238f21346/gnocchi.2747c336-abc1-4149-bc61-2392e26c4289/1780920000.0_mean_300.0_v3" 201 - "PUT http://172.18.0.2:8080/d1/231/AUTH_7f00912ffce942ea98eb279238f21346/gnocchi.2747c336-abc1-4149-bc61-2392e26c4289/1780920000.0_mean_300.0_v3" "txce80ec639c3c43ad848b5-006a291e60" "object-server 24" 0.0015 "-" 22 0
Jun 10 08:20:48 standalone object-server[126708]: 172.20.0.100 - - [10/Jun/2026:08:20:48 +0000] "PUT /d1/231/AUTH_7f00912ffce942ea98eb279238f21346/gnocchi.2747c336-abc1-4149-bc61-2392e26c4289/1780920000.0_mean_300.0_v3" 201 - "PUT http://172.18.0.2:8080/v1/AUTH_7f00912ffce942ea98eb279238f21346/gnocchi.2747c336-abc1-4149-bc61-2392e26c4289/1780920000.0_mean_300.0_v3" "txce80ec639c3c43ad848b5-006a291e60" "proxy-server 20" 0.0139 "-" 24 0
Jun 10 08:20:48 standalone proxy-server[128651]: 172.18.0.2 172.18.0.100 10/Jun/2026/08/20/48 PUT /v1/AUTH_7f00912ffce942ea98eb279238f21346/gnocchi.2747c336-abc1-4149-bc61-2392e26c4289/1780920000.0_mean_300.0_v3 HTTP/1.0 201 - python-swiftclient-3.11.1 gAAAAABqKR2KA6fE... 16 - - txce80ec639c3c43ad848b5-006a291e60 - 0.0218 - - 1781079648.076484919 1781079648.098296165 0
Jun 10 08:20:48 standalone container-server[126469]: 172.20.0.100 - - [10/Jun/2026:08:20:48 +0000] "PUT /d1/846/AUTH_7f00912ffce942ea98eb279238f21346/gnocchi.ef854594-ddcc-4a4b-b9f8-c31087c4be09/1780920000.0_mean_300.0_v3" 201 - "PUT http://172.18.0.2:8080/d1/39/AUTH_7f00912ffce942ea98eb279238f21346/gnocchi.ef854594-ddcc-4a4b-b9f8-c31087c4be09/1780920000.0_mean_300.0_v3" "txcf4aad7f1fff4f798076a-006a291e60" "object-server 25" 0.0013 "-" 23 0
Jun 10 08:20:48 standalone object-server[126714]: 172.20.0.100 - - [10/Jun/2026:08:20:48 +0000] "PUT /d1/39/AUTH_7f00912ffce942ea98eb279238f21346/gnocchi.ef854594-ddcc-4a4b-b9f8-c31087c4be09/1780920000.0_mean_300.0_v3" 201 - "PUT http://172.18.0.2:8080/v1/AUTH_7f00912ffce942ea98eb279238f21346/gnocchi.ef854594-ddcc-4a4b-b9f8-c31087c4be09/1780920000.0_mean_300.0_v3" "txcf4aad7f1fff4f798076a-006a291e60" "proxy-server 20" 0.0116 "-" 25 0
Jun 10 08:20:48 standalone proxy-server[128651]: 172.18.0.2 172.18.0.100 10/Jun/2026/08/20/48 PUT /v1/AUTH_7f00912ffce942ea98eb279238f21346/gnocchi.ef854594-ddcc-4a4b-b9f8-c31087c4be09/1780920000.0_mean_300.0_v3 HTTP/1.0 201 - python-swiftclient-3.11.1 gAAAAABqKR2KA6fE... 16 - - txcf4aad7f1fff4f798076a-006a291e60 - 0.0185 - - 1781079648.102792501 1781079648.121333361 0
Jun 10 08:20:48 standalone container-server[126466]: 172.20.0.100 - - [10/Jun/2026:08:20:48 +0000] "PUT /d1/516/AUTH_7f00912ffce942ea98eb279238f21346/gnocchi.2747c336-abc1-4149-bc61-2392e26c4289/none_v3" 201 - "PUT http://172.18.0.2:8080/d1/430/AUTH_7f00912ffce942ea98eb279238f21346/gnocchi.2747c336-abc1-4149-bc61-2392e26c4289/none_v3" "txd77f075716d34d5d843a3-006a291e60" "object-server 25" 0.0008 "-" 22 0
Jun 10 08:20:48 standalone object-server[126714]: 172.20.0.100 - - [10/Jun/2026:08:20:48 +0000] "PUT /d1/430/AUTH_7f00912ffce942ea98eb279238f21346/gnocchi.2747c336-abc1-4149-bc61-2392e26c4289/none_v3" 201 - "PUT http://172.18.0.2:8080/v1/AUTH_7f00912ffce942ea98eb279238f21346/gnocchi.2747c336-abc1-4149-bc61-2392e26c4289/none_v3" "txd77f075716d34d5d843a3-006a291e60" "proxy-server 20" 0.0162 "-" 25 0
Jun 10 08:20:48 standalone proxy-server[128651]: 172.18.0.2 172.18.0.100 10/Jun/2026/08/20/48 PUT /v1/AUTH_7f00912ffce942ea98eb279238f21346/gnocchi.2747c336-abc1-4149-bc61-2392e26c4289/none_v3 HTTP/1.0 201 - python-swiftclient-3.11.1 gAAAAABqKR2KA6fE... 22 - - txd77f075716d34d5d843a3-006a291e60 - 0.0239 - - 1781079648.125186205 1781079648.149113655 0
Jun 10 08:20:48 standalone container-server[126469]: 172.20.0.100 - - [10/Jun/2026:08:20:48 +0000] "PUT /d1/846/AUTH_7f00912ffce942ea98eb279238f21346/gnocchi.ef854594-ddcc-4a4b-b9f8-c31087c4be09/none_v3" 201 - "PUT http://172.18.0.2:8080/d1/685/AUTH_7f00912ffce942ea98eb279238f21346/gnocchi.ef854594-ddcc-4a4b-b9f8-c31087c4be09/none_v3" "txd1444da7b4a744ae8be2b-006a291e60" "object-server 22" 0.0011 "-" 23 0
Jun 10 08:20:48 standalone object-server[126706]: 172.20.0.100 - - [10/Jun/2026:08:20:48 +0000] "PUT /d1/685/AUTH_7f00912ffce942ea98eb279238f21346/gnocchi.ef854594-ddcc-4a4b-b9f8-c31087c4be09/none_v3" 201 - "PUT http://172.18.0.2:8080/v1/AUTH_7f00912ffce942ea98eb279238f21346/gnocchi.ef854594-ddcc-4a4b-b9f8-c31087c4be09/none_v3" "txd1444da7b4a744ae8be2b-006a291e60" "proxy-server 20" 0.0119 "-" 22 0
Jun 10 08:20:48 standalone proxy-server[128651]: 172.18.0.2 172.18.0.100 10/Jun/2026/08/20/48 PUT /v1/AUTH_7f00912ffce942ea98eb279238f21346/gnocchi.ef854594-ddcc-4a4b-b9f8-c31087c4be09/none_v3 HTTP/1.0 201 - python-swiftclient-3.11.1 gAAAAABqKR2KA6fE... 22 - - txd1444da7b4a744ae8be2b-006a291e60 - 0.0210 - - 1781079648.153376102 1781079648.174411058 0
Jun 10 08:20:48 standalone container-server[126454]: 172.20.0.100 - - [10/Jun/2026:08:20:48 +0000] "HEAD /d1/233/AUTH_7f00912ffce942ea98eb279238f21346/gnocchi.fc113eb6-35ea-4dae-9c67-8eff4b576621" 404 - "HEAD http://172.18.0.2:8080/v1/AUTH_7f00912ffce942ea98eb279238f21346/gnocchi.fc113eb6-35ea-4dae-9c67-8eff4b576621?format=json&states=listing" "tx2bb16435291841809e43b-006a291e60" "proxy-server 20" 0.0006 "-" 20 0
Jun 10 08:20:48 standalone object-server[126707]: 172.20.0.100 - - [10/Jun/2026:08:20:48 +0000] "GET /d1/462/AUTH_7f00912ffce942ea98eb279238f21346/gnocchi.fc113eb6-35ea-4dae-9c67-8eff4b576621/none_v3" 404 70 "GET http://172.18.0.2:8080/v1/AUTH_7f00912ffce942ea98eb279238f21346/gnocchi.fc113eb6-35ea-4dae-9c67-8eff4b576621/none_v3" "tx2bb16435291841809e43b-006a291e60" "proxy-server 20" 0.0006 "-" 23 0
Jun 10 08:20:48 standalone proxy-server[128651]: 172.18.0.2 172.18.0.100 10/Jun/2026/08/20/48 GET /v1/AUTH_7f00912ffce942ea98eb279238f21346/gnocchi.fc113eb6-35ea-4dae-9c67-8eff4b576621/none_v3 HTTP/1.0 404 - python-swiftclient-3.11.1 gAAAAABqKR2KA6fE... - 70 - tx2bb16435291841809e43b-006a291e60 - 0.0150 - - 1781079648.188765764 1781079648.203787565 0
Jun 10 08:20:48 standalone account-server[126440]: 172.20.0.100 - - [10/Jun/2026:08:20:48 +0000] "PUT /d1/300/AUTH_7f00912ffce942ea98eb279238f21346/gnocchi.fc113eb6-35ea-4dae-9c67-8eff4b576621" 201 - "PUT http://172.20.0.100:6001/d1/233/AUTH_7f00912ffce942ea98eb279238f21346/gnocchi.fc113eb6-35ea-4dae-9c67-8eff4b576621" "tx79504b7b54bf46dea3a7f-006a291e60" "container-server 20" 0.0061 "-" 20 0
Jun 10 08:20:48 standalone container-server[126454]: 172.20.0.100 - - [10/Jun/2026:08:20:48 +0000] "PUT /d1/233/AUTH_7f00912ffce942ea98eb279238f21346/gnocchi.fc113eb6-35ea-4dae-9c67-8eff4b576621" 201 - "PUT http://172.18.0.2:8080/v1/AUTH_7f00912ffce942ea98eb279238f21346/gnocchi.fc113eb6-35ea-4dae-9c67-8eff4b576621" "tx79504b7b54bf46dea3a7f-006a291e60" "proxy-server 20" 0.0286 "-" 20 0
Jun 10 08:20:48 standalone proxy-server[128651]: 172.18.0.2 172.18.0.100 10/Jun/2026/08/20/48 PUT /v1/AUTH_7f00912ffce942ea98eb279238f21346/gnocchi.fc113eb6-35ea-4dae-9c67-8eff4b576621 HTTP/1.0 201 - python-swiftclient-3.11.1 gAAAAABqKR2KA6fE... - - - tx79504b7b54bf46dea3a7f-006a291e60 - 0.0353 - - 1781079648.207777500 1781079648.243114710 0
Jun 10 08:20:48 standalone container-server[126454]: 172.20.0.100 - - [10/Jun/2026:08:20:48 +0000] "HEAD /d1/233/AUTH_7f00912ffce942ea98eb279238f21346/gnocchi.fc113eb6-35ea-4dae-9c67-8eff4b576621" 204 - "HEAD http://172.18.0.2:8080/v1/AUTH_7f00912ffce942ea98eb279238f21346/gnocchi.fc113eb6-35ea-4dae-9c67-8eff4b576621?format=json&states=listing" "tx84df373c35674fb99041c-006a291e60" "proxy-server 20" 0.0027 "-" 20 0
Jun 10 08:20:48 standalone proxy-server[128651]: - - 10/Jun/2026/08/20/48 HEAD /v1/AUTH_7f00912ffce942ea98eb279238f21346/gnocchi.fc113eb6-35ea-4dae-9c67-8eff4b576621%3Fformat%3Djson%26states%3Dlisting HTTP/1.0 204 - Swift - - - - tx84df373c35674fb99041c-006a291e60 - 0.0081 RL - 1781079648.250085115 1781079648.258207798 0
Jun 10 08:20:48 standalone container-server[126464]: 172.20.0.100 - - [10/Jun/2026:08:20:48 +0000] "GET /d1/233/AUTH_7f00912ffce942ea98eb279238f21346/gnocchi.fc113eb6-35ea-4dae-9c67-8eff4b576621" 200 2 "GET http://172.18.0.2:8080/v1/AUTH_7f00912ffce942ea98eb279238f21346/gnocchi.fc113eb6-35ea-4dae-9c67-8eff4b576621?format=json&states=listing" "tx84df373c35674fb99041c-006a291e60" "proxy-server 20" 0.0042 "-" 21 0
Jun 10 08:20:48 standalone proxy-server[128651]: 172.18.0.2 172.18.0.100 10/Jun/2026/08/20/48 GET /v1/AUTH_7f00912ffce942ea98eb279238f21346/gnocchi.fc113eb6-35ea-4dae-9c67-8eff4b576621%3Fformat%3Djson%26states%3Dlisting HTTP/1.0 200 - python-swiftclient-3.11.1 gAAAAABqKR2KA6fE... - 2 - tx84df373c35674fb99041c-006a291e60 - 0.0233 - - 1781079648.248238087 1781079648.271572590 0
Jun 10 08:20:48 standalone object-server[126707]: 172.20.0.100 - - [10/Jun/2026:08:20:48 +0000] "GET /d1/563/AUTH_7f00912ffce942ea98eb279238f21346/gnocchi.fc113eb6-35ea-4dae-9c67-8eff4b576621/1780920000.0_mean_300.0_v3" 404 70 "GET http://172.18.0.2:8080/v1/AUTH_7f00912ffce942ea98eb279238f21346/gnocchi.fc113eb6-35ea-4dae-9c67-8eff4b576621/1780920000.0_mean_300.0_v3" "txa9af783e737f412eb3577-006a291e60" "proxy-server 20" 0.0004 "-" 23 0
Jun 10 08:20:48 standalone proxy-server[128651]: 172.18.0.2 172.18.0.100 10/Jun/2026/08/20/48 GET /v1/AUTH_7f00912ffce942ea98eb279238f21346/gnocchi.fc113eb6-35ea-4dae-9c67-8eff4b576621/1780920000.0_mean_300.0_v3 HTTP/1.0 404 - python-swiftclient-3.11.1 gAAAAABqKR2KA6fE... - 70 - txa9af783e737f412eb3577-006a291e60 - 0.0080 - - 1781079648.276787758 1781079648.284836769 0
Jun 10 08:20:48 standalone container-server[126466]: 172.20.0.100 - - [10/Jun/2026:08:20:48 +0000] "PUT /d1/233/AUTH_7f00912ffce942ea98eb279238f21346/gnocchi.fc113eb6-35ea-4dae-9c67-8eff4b576621/1780920000.0_mean_300.0_v3" 201 - "PUT http://172.18.0.2:8080/d1/563/AUTH_7f00912ffce942ea98eb279238f21346/gnocchi.fc113eb6-35ea-4dae-9c67-8eff4b576621/1780920000.0_mean_300.0_v3" "tx8477029476014ede9a095-006a291e60" "object-server 24" 0.0013 "-" 22 0
Jun 10 08:20:48 standalone object-server[126708]: 172.20.0.100 - - [10/Jun/2026:08:20:48 +0000] "PUT /d1/563/AUTH_7f00912ffce942ea98eb279238f21346/gnocchi.fc113eb6-35ea-4dae-9c67-8eff4b576621/1780920000.0_mean_300.0_v3" 201 - "PUT http://172.18.0.2:8080/v1/AUTH_7f00912ffce942ea98eb279238f21346/gnocchi.fc113eb6-35ea-4dae-9c67-8eff4b576621/1780920000.0_mean_300.0_v3" "tx8477029476014ede9a095-006a291e60" "proxy-server 20" 0.0134 "-" 24 0
Jun 10 08:20:48 standalone proxy-server[128651]: 172.18.0.2 172.18.0.100 10/Jun/2026/08/20/48 PUT /v1/AUTH_7f00912ffce942ea98eb279238f21346/gnocchi.fc113eb6-35ea-4dae-9c67-8eff4b576621/1780920000.0_mean_300.0_v3 HTTP/1.0 201 - python-swiftclient-3.11.1 gAAAAABqKR2KA6fE... 16 - - tx8477029476014ede9a095-006a291e60 - 0.0219 - - 1781079648.289230347 1781079648.311101198 0
Jun 10 08:20:48 standalone container-server[126466]: 172.20.0.100 - - [10/Jun/2026:08:20:48 +0000] "PUT /d1/233/AUTH_7f00912ffce942ea98eb279238f21346/gnocchi.fc113eb6-35ea-4dae-9c67-8eff4b576621/none_v3" 201 - "PUT http://172.18.0.2:8080/d1/462/AUTH_7f00912ffce942ea98eb279238f21346/gnocchi.fc113eb6-35ea-4dae-9c67-8eff4b576621/none_v3" "txda3011b58a51437ca7d3a-006a291e60" "object-server 25" 0.0006 "-" 22 0
Jun 10 08:20:48 standalone object-server[126714]: 172.20.0.100 - - [10/Jun/2026:08:20:48 +0000] "PUT /d1/462/AUTH_7f00912ffce942ea98eb279238f21346/gnocchi.fc113eb6-35ea-4dae-9c67-8eff4b576621/none_v3" 201 - "PUT http://172.18.0.2:8080/v1/AUTH_7f00912ffce942ea98eb279238f21346/gnocchi.fc113eb6-35ea-4dae-9c67-8eff4b576621/none_v3" "txda3011b58a51437ca7d3a-006a291e60" "proxy-server 20" 0.0120 "-" 25 0
Jun 10 08:20:48 standalone proxy-server[128651]: 172.18.0.2 172.18.0.100 10/Jun/2026/08/20/48 PUT /v1/AUTH_7f00912ffce942ea98eb279238f21346/gnocchi.fc113eb6-35ea-4dae-9c67-8eff4b576621/none_v3 HTTP/1.0 201 - python-swiftclient-3.11.1 gAAAAABqKR2KA6fE... 22 - - txda3011b58a51437ca7d3a-006a291e60 - 0.0230 - - 1781079648.315955639 1781079648.338924170 0
