Jun 10 08:19:03 standalone container-server[126454]: 172.20.0.100 - - [10/Jun/2026:08:19:03 +0000] "GET /d1/590/AUTH_7f00912ffce942ea98eb279238f21346/gnocchi.dae3175f-809c-4c49-9bb6-0d3a01d1f22f" 200 2 "GET http://172.18.0.2:8080/v1/AUTH_7f00912ffce942ea98eb279238f21346/gnocchi.dae3175f-809c-4c49-9bb6-0d3a01d1f22f?format=json&states=listing" "txfb22b17ca25f47ceaa9ee-006a291df7" "proxy-server 20" 0.0017 "-" 20 0
Jun 10 08:19:03 standalone proxy-server[128651]: 172.18.0.2 172.18.0.100 10/Jun/2026/08/19/03 GET /v1/AUTH_7f00912ffce942ea98eb279238f21346/gnocchi.dae3175f-809c-4c49-9bb6-0d3a01d1f22f%3Fformat%3Djson%26states%3Dlisting HTTP/1.0 200 - python-swiftclient-3.11.1 gAAAAABqKR2KA6fE... - 2 - txfb22b17ca25f47ceaa9ee-006a291df7 - 0.0108 - - 1781079543.931755304 1781079543.942515135 0
Jun 10 08:19:03 standalone object-server[126707]: 172.20.0.100 - - [10/Jun/2026:08:19:03 +0000] "GET /d1/28/AUTH_7f00912ffce942ea98eb279238f21346/gnocchi.dae3175f-809c-4c49-9bb6-0d3a01d1f22f/1780920000.0_mean_300.0_v3" 404 70 "GET http://172.18.0.2:8080/v1/AUTH_7f00912ffce942ea98eb279238f21346/gnocchi.dae3175f-809c-4c49-9bb6-0d3a01d1f22f/1780920000.0_mean_300.0_v3" "txb6f697ae14e346a6812ed-006a291df7" "proxy-server 20" 0.0004 "-" 23 0
Jun 10 08:19:03 standalone proxy-server[128651]: 172.18.0.2 172.18.0.100 10/Jun/2026/08/19/03 GET /v1/AUTH_7f00912ffce942ea98eb279238f21346/gnocchi.dae3175f-809c-4c49-9bb6-0d3a01d1f22f/1780920000.0_mean_300.0_v3 HTTP/1.0 404 - python-swiftclient-3.11.1 gAAAAABqKR2KA6fE... - 70 - txb6f697ae14e346a6812ed-006a291df7 - 0.0050 - - 1781079543.945732594 1781079543.950758219 0
Jun 10 08:19:03 standalone container-server[126464]: 172.20.0.100 - - [10/Jun/2026:08:19:03 +0000] "PUT /d1/590/AUTH_7f00912ffce942ea98eb279238f21346/gnocchi.dae3175f-809c-4c49-9bb6-0d3a01d1f22f/1780920000.0_mean_300.0_v3" 201 - "PUT http://172.18.0.2:8080/d1/28/AUTH_7f00912ffce942ea98eb279238f21346/gnocchi.dae3175f-809c-4c49-9bb6-0d3a01d1f22f/1780920000.0_mean_300.0_v3" "tx0c5878a2574245099b364-006a291df7" "object-server 25" 0.0007 "-" 21 0
Jun 10 08:19:03 standalone object-server[126714]: 172.20.0.100 - - [10/Jun/2026:08:19:03 +0000] "PUT /d1/28/AUTH_7f00912ffce942ea98eb279238f21346/gnocchi.dae3175f-809c-4c49-9bb6-0d3a01d1f22f/1780920000.0_mean_300.0_v3" 201 - "PUT http://172.18.0.2:8080/v1/AUTH_7f00912ffce942ea98eb279238f21346/gnocchi.dae3175f-809c-4c49-9bb6-0d3a01d1f22f/1780920000.0_mean_300.0_v3" "tx0c5878a2574245099b364-006a291df7" "proxy-server 20" 0.0104 "-" 25 0
Jun 10 08:19:03 standalone proxy-server[128651]: 172.18.0.2 172.18.0.100 10/Jun/2026/08/19/03 PUT /v1/AUTH_7f00912ffce942ea98eb279238f21346/gnocchi.dae3175f-809c-4c49-9bb6-0d3a01d1f22f/1780920000.0_mean_300.0_v3 HTTP/1.0 201 - python-swiftclient-3.11.1 gAAAAABqKR2KA6fE... 16 - - tx0c5878a2574245099b364-006a291df7 - 0.0151 - - 1781079543.953067780 1781079543.968120813 0
Jun 10 08:19:03 standalone container-server[126454]: 172.20.0.100 - - [10/Jun/2026:08:19:03 +0000] "PUT /d1/590/AUTH_7f00912ffce942ea98eb279238f21346/gnocchi.dae3175f-809c-4c49-9bb6-0d3a01d1f22f/none_v3" 201 - "PUT http://172.18.0.2:8080/d1/915/AUTH_7f00912ffce942ea98eb279238f21346/gnocchi.dae3175f-809c-4c49-9bb6-0d3a01d1f22f/none_v3" "tx61d7df81649943dcb2583-006a291df7" "object-server 24" 0.0006 "-" 20 0
Jun 10 08:19:03 standalone object-server[126708]: 172.20.0.100 - - [10/Jun/2026:08:19:03 +0000] "PUT /d1/915/AUTH_7f00912ffce942ea98eb279238f21346/gnocchi.dae3175f-809c-4c49-9bb6-0d3a01d1f22f/none_v3" 201 - "PUT http://172.18.0.2:8080/v1/AUTH_7f00912ffce942ea98eb279238f21346/gnocchi.dae3175f-809c-4c49-9bb6-0d3a01d1f22f/none_v3" "tx61d7df81649943dcb2583-006a291df7" "proxy-server 20" 0.0127 "-" 24 0
Jun 10 08:19:03 standalone proxy-server[128651]: 172.18.0.2 172.18.0.100 10/Jun/2026/08/19/03 PUT /v1/AUTH_7f00912ffce942ea98eb279238f21346/gnocchi.dae3175f-809c-4c49-9bb6-0d3a01d1f22f/none_v3 HTTP/1.0 201 - python-swiftclient-3.11.1 gAAAAABqKR2KA6fE... 22 - - tx61d7df81649943dcb2583-006a291df7 - 0.0185 - - 1781079543.970771313 1781079543.989244223 0
Jun 10 08:19:04 standalone object-server[126707]: 172.20.0.100 - - [10/Jun/2026:08:19:04 +0000] "GET /d1/915/AUTH_7f00912ffce942ea98eb279238f21346/gnocchi.dae3175f-809c-4c49-9bb6-0d3a01d1f22f/none_v3" 200 22 "GET http://172.18.0.2:8080/v1/AUTH_7f00912ffce942ea98eb279238f21346/gnocchi.dae3175f-809c-4c49-9bb6-0d3a01d1f22f/none_v3" "tx98dc0f6970d64d60b2f66-006a291df8" "proxy-server 20" 0.0011 "-" 23 0
Jun 10 08:19:04 standalone proxy-server[128651]: 172.18.0.2 172.18.0.100 10/Jun/2026/08/19/04 GET /v1/AUTH_7f00912ffce942ea98eb279238f21346/gnocchi.dae3175f-809c-4c49-9bb6-0d3a01d1f22f/none_v3 HTTP/1.0 200 - python-swiftclient-3.11.1 gAAAAABqKR2KA6fE... - 22 - tx98dc0f6970d64d60b2f66-006a291df8 - 0.0100 - - 1781079544.546171427 1781079544.556210756 0
Jun 10 08:19:04 standalone container-server[126464]: 172.20.0.100 - - [10/Jun/2026:08:19:04 +0000] "GET /d1/590/AUTH_7f00912ffce942ea98eb279238f21346/gnocchi.dae3175f-809c-4c49-9bb6-0d3a01d1f22f" 200 357 "GET http://172.18.0.2:8080/v1/AUTH_7f00912ffce942ea98eb279238f21346/gnocchi.dae3175f-809c-4c49-9bb6-0d3a01d1f22f?format=json&states=listing" "tx38419abd3e42482bbc59d-006a291df8" "proxy-server 20" 0.0105 "-" 21 0
Jun 10 08:19:04 standalone proxy-server[128651]: 172.18.0.2 172.18.0.100 10/Jun/2026/08/19/04 GET /v1/AUTH_7f00912ffce942ea98eb279238f21346/gnocchi.dae3175f-809c-4c49-9bb6-0d3a01d1f22f%3Fformat%3Djson%26states%3Dlisting HTTP/1.0 200 - python-swiftclient-3.11.1 gAAAAABqKR2KA6fE... - 357 - tx38419abd3e42482bbc59d-006a291df8 - 0.0178 - - 1781079544.560614586 1781079544.578455210 0
Jun 10 08:19:04 standalone container-server[126454]: 172.20.0.100 - - [10/Jun/2026:08:19:04 +0000] "GET /d1/590/AUTH_7f00912ffce942ea98eb279238f21346/gnocchi.dae3175f-809c-4c49-9bb6-0d3a01d1f22f" 200 2 "GET http://172.18.0.2:8080/v1/AUTH_7f00912ffce942ea98eb279238f21346/gnocchi.dae3175f-809c-4c49-9bb6-0d3a01d1f22f?format=json&marker=none_v3&states=listing" "tx532dabf23765449b8e1ce-006a291df8" "proxy-server 20" 0.0039 "-" 20 0
Jun 10 08:19:04 standalone proxy-server[128651]: 172.18.0.2 172.18.0.100 10/Jun/2026/08/19/04 GET /v1/AUTH_7f00912ffce942ea98eb279238f21346/gnocchi.dae3175f-809c-4c49-9bb6-0d3a01d1f22f%3Fformat%3Djson%26marker%3Dnone_v3%26states%3Dlisting HTTP/1.0 200 - python-swiftclient-3.11.1 gAAAAABqKR2KA6fE... - 2 - tx532dabf23765449b8e1ce-006a291df8 - 0.0116 - - 1781079544.581735134 1781079544.593331337 0
Jun 10 08:19:04 standalone object-server[126706]: 172.20.0.100 - - [10/Jun/2026:08:19:04 +0000] "GET /d1/28/AUTH_7f00912ffce942ea98eb279238f21346/gnocchi.dae3175f-809c-4c49-9bb6-0d3a01d1f22f/1780920000.0_mean_300.0_v3" 200 16 "GET http://172.18.0.2:8080/v1/AUTH_7f00912ffce942ea98eb279238f21346/gnocchi.dae3175f-809c-4c49-9bb6-0d3a01d1f22f/1780920000.0_mean_300.0_v3" "txd8b09376936b425bbbae2-006a291df8" "proxy-server 20" 0.0006 "-" 22 0
Jun 10 08:19:04 standalone proxy-server[128651]: 172.18.0.2 172.18.0.100 10/Jun/2026/08/19/04 GET /v1/AUTH_7f00912ffce942ea98eb279238f21346/gnocchi.dae3175f-809c-4c49-9bb6-0d3a01d1f22f/1780920000.0_mean_300.0_v3 HTTP/1.0 200 - python-swiftclient-3.11.1 gAAAAABqKR2KA6fE... - 16 - txd8b09376936b425bbbae2-006a291df8 - 0.0084 - - 1781079544.598089933 1781079544.606522322 0
Jun 10 08:19:04 standalone container-server[126466]: 172.20.0.100 - - [10/Jun/2026:08:19:04 +0000] "PUT /d1/590/AUTH_7f00912ffce942ea98eb279238f21346/gnocchi.dae3175f-809c-4c49-9bb6-0d3a01d1f22f/1780920000.0_mean_300.0_v3" 201 - "PUT http://172.18.0.2:8080/d1/28/AUTH_7f00912ffce942ea98eb279238f21346/gnocchi.dae3175f-809c-4c49-9bb6-0d3a01d1f22f/1780920000.0_mean_300.0_v3" "txcfe44305f97b4813a702a-006a291df8" "object-server 24" 0.0008 "-" 22 0
Jun 10 08:19:04 standalone object-server[126708]: 172.20.0.100 - - [10/Jun/2026:08:19:04 +0000] "PUT /d1/28/AUTH_7f00912ffce942ea98eb279238f21346/gnocchi.dae3175f-809c-4c49-9bb6-0d3a01d1f22f/1780920000.0_mean_300.0_v3" 201 - "PUT http://172.18.0.2:8080/v1/AUTH_7f00912ffce942ea98eb279238f21346/gnocchi.dae3175f-809c-4c49-9bb6-0d3a01d1f22f/1780920000.0_mean_300.0_v3" "txcfe44305f97b4813a702a-006a291df8" "proxy-server 20" 0.0099 "-" 24 0
Jun 10 08:19:04 standalone proxy-server[128651]: 172.18.0.2 172.18.0.100 10/Jun/2026/08/19/04 PUT /v1/AUTH_7f00912ffce942ea98eb279238f21346/gnocchi.dae3175f-809c-4c49-9bb6-0d3a01d1f22f/1780920000.0_mean_300.0_v3 HTTP/1.0 201 - python-swiftclient-3.11.1 gAAAAABqKR2KA6fE... 16 - - txcfe44305f97b4813a702a-006a291df8 - 0.0164 - - 1781079544.610530853 1781079544.626921654 0
Jun 10 08:19:04 standalone container-server[126454]: 172.20.0.100 - - [10/Jun/2026:08:19:04 +0000] "PUT /d1/590/AUTH_7f00912ffce942ea98eb279238f21346/gnocchi.dae3175f-809c-4c49-9bb6-0d3a01d1f22f/none_v3" 201 - "PUT http://172.18.0.2:8080/d1/915/AUTH_7f00912ffce942ea98eb279238f21346/gnocchi.dae3175f-809c-4c49-9bb6-0d3a01d1f22f/none_v3" "tx9965cd1e8cba40c3a2059-006a291df8" "object-server 23" 0.0007 "-" 20 0
Jun 10 08:19:04 standalone object-server[126707]: 172.20.0.100 - - [10/Jun/2026:08:19:04 +0000] "PUT /d1/915/AUTH_7f00912ffce942ea98eb279238f21346/gnocchi.dae3175f-809c-4c49-9bb6-0d3a01d1f22f/none_v3" 201 - "PUT http://172.18.0.2:8080/v1/AUTH_7f00912ffce942ea98eb279238f21346/gnocchi.dae3175f-809c-4c49-9bb6-0d3a01d1f22f/none_v3" "tx9965cd1e8cba40c3a2059-006a291df8" "proxy-server 20" 0.0127 "-" 23 0
Jun 10 08:19:04 standalone proxy-server[128651]: 172.18.0.2 172.18.0.100 10/Jun/2026/08/19/04 PUT /v1/AUTH_7f00912ffce942ea98eb279238f21346/gnocchi.dae3175f-809c-4c49-9bb6-0d3a01d1f22f/none_v3 HTTP/1.0 201 - python-swiftclient-3.11.1 gAAAAABqKR2KA6fE... 31 - - tx9965cd1e8cba40c3a2059-006a291df8 - 0.0172 - - 1781079544.630435467 1781079544.647627115 0
Jun 10 08:19:13 standalone object-server[126706]: 172.20.0.100 - - [10/Jun/2026:08:19:13 +0000] "GET /d1/649/AUTH_7f00912ffce942ea98eb279238f21346/gnocchi.313bb6ba-215d-4d78-9a22-e447c59d394c/none_v3" 200 32 "GET http://172.18.0.2:8080/v1/AUTH_7f00912ffce942ea98eb279238f21346/gnocchi.313bb6ba-215d-4d78-9a22-e447c59d394c/none_v3" "txb6faea690f62464a8e915-006a291e01" "proxy-server 20" 0.0011 "-" 22 0
Jun 10 08:19:13 standalone proxy-server[128651]: 172.18.0.2 172.18.0.100 10/Jun/2026/08/19/13 GET /v1/AUTH_7f00912ffce942ea98eb279238f21346/gnocchi.313bb6ba-215d-4d78-9a22-e447c59d394c/none_v3 HTTP/1.0 200 - python-swiftclient-3.11.1 gAAAAABqKR2KA6fE... - 32 - txb6faea690f62464a8e915-006a291e01 - 0.0080 - - 1781079553.321921349 1781079553.329884529 0
Jun 10 08:19:13 standalone container-server[126464]: 172.20.0.100 - - [10/Jun/2026:08:19:13 +0000] "GET /d1/757/AUTH_7f00912ffce942ea98eb279238f21346/gnocchi.313bb6ba-215d-4d78-9a22-e447c59d394c" 200 357 "GET http://172.18.0.2:8080/v1/AUTH_7f00912ffce942ea98eb279238f21346/gnocchi.313bb6ba-215d-4d78-9a22-e447c59d394c?format=json&states=listing" "txe4aa8f1f35c1459a8e601-006a291e01" "proxy-server 20" 0.0098 "-" 21 0
Jun 10 08:19:13 standalone proxy-server[128651]: 172.18.0.2 172.18.0.100 10/Jun/2026/08/19/13 GET /v1/AUTH_7f00912ffce942ea98eb279238f21346/gnocchi.313bb6ba-215d-4d78-9a22-e447c59d394c%3Fformat%3Djson%26states%3Dlisting HTTP/1.0 200 - python-swiftclient-3.11.1 gAAAAABqKR2KA6fE... - 357 - txe4aa8f1f35c1459a8e601-006a291e01 - 0.0159 - - 1781079553.334202290 1781079553.350135803 0
Jun 10 08:19:13 standalone container-server[126464]: 172.20.0.100 - - [10/Jun/2026:08:19:13 +0000] "GET /d1/757/AUTH_7f00912ffce942ea98eb279238f21346/gnocchi.313bb6ba-215d-4d78-9a22-e447c59d394c" 200 2 "GET http://172.18.0.2:8080/v1/AUTH_7f00912ffce942ea98eb279238f21346/gnocchi.313bb6ba-215d-4d78-9a22-e447c59d394c?format=json&marker=none_v3&states=listing" "tx8116a77115184999b194a-006a291e01" "proxy-server 20" 0.0036 "-" 21 0
Jun 10 08:19:13 standalone proxy-server[128651]: 172.18.0.2 172.18.0.100 10/Jun/2026/08/19/13 GET /v1/AUTH_7f00912ffce942ea98eb279238f21346/gnocchi.313bb6ba-215d-4d78-9a22-e447c59d394c%3Fformat%3Djson%26marker%3Dnone_v3%26states%3Dlisting HTTP/1.0 200 - python-swiftclient-3.11.1 gAAAAABqKR2KA6fE... - 2 - tx8116a77115184999b194a-006a291e01 - 0.0092 - - 1781079553.353703976 1781079553.362908840 0
Jun 10 08:19:13 standalone object-server[126706]: 172.20.0.100 - - [10/Jun/2026:08:19:13 +0000] "GET /d1/182/AUTH_7f00912ffce942ea98eb279238f21346/gnocchi.313bb6ba-215d-4d78-9a22-e447c59d394c/1780920000.0_mean_300.0_v3" 200 16 "GET http://172.18.0.2:8080/v1/AUTH_7f00912ffce942ea98eb279238f21346/gnocchi.313bb6ba-215d-4d78-9a22-e447c59d394c/1780920000.0_mean_300.0_v3" "txb2299162103e4037b6227-006a291e01" "proxy-server 20" 0.0012 "-" 22 0
Jun 10 08:19:13 standalone proxy-server[128651]: 172.18.0.2 172.18.0.100 10/Jun/2026/08/19/13 GET /v1/AUTH_7f00912ffce942ea98eb279238f21346/gnocchi.313bb6ba-215d-4d78-9a22-e447c59d394c/1780920000.0_mean_300.0_v3 HTTP/1.0 200 - python-swiftclient-3.11.1 gAAAAABqKR2KA6fE... - 16 - txb2299162103e4037b6227-006a291e01 - 0.0070 - - 1781079553.368044615 1781079553.375070810 0
Jun 10 08:19:13 standalone container-server[126466]: 172.20.0.100 - - [10/Jun/2026:08:19:13 +0000] "PUT /d1/757/AUTH_7f00912ffce942ea98eb279238f21346/gnocchi.313bb6ba-215d-4d78-9a22-e447c59d394c/1780920000.0_mean_300.0_v3" 201 - "PUT http://172.18.0.2:8080/d1/182/AUTH_7f00912ffce942ea98eb279238f21346/gnocchi.313bb6ba-215d-4d78-9a22-e447c59d394c/1780920000.0_mean_300.0_v3" "tx741a3178938e4eedaed63-006a291e01" "object-server 23" 0.0008 "-" 22 0
Jun 10 08:19:13 standalone object-server[126707]: 172.20.0.100 - - [10/Jun/2026:08:19:13 +0000] "PUT /d1/182/AUTH_7f00912ffce942ea98eb279238f21346/gnocchi.313bb6ba-215d-4d78-9a22-e447c59d394c/1780920000.0_mean_300.0_v3" 201 - "PUT http://172.18.0.2:8080/v1/AUTH_7f00912ffce942ea98eb279238f21346/gnocchi.313bb6ba-215d-4d78-9a22-e447c59d394c/1780920000.0_mean_300.0_v3" "tx741a3178938e4eedaed63-006a291e01" "proxy-server 20" 0.0156 "-" 23 0
Jun 10 08:19:13 standalone proxy-server[128651]: 172.18.0.2 172.18.0.100 10/Jun/2026/08/19/13 PUT /v1/AUTH_7f00912ffce942ea98eb279238f21346/gnocchi.313bb6ba-215d-4d78-9a22-e447c59d394c/1780920000.0_mean_300.0_v3 HTTP/1.0 201 - python-swiftclient-3.11.1 gAAAAABqKR2KA6fE... 16 - - tx741a3178938e4eedaed63-006a291e01 - 0.0233 - - 1781079553.379724503 1781079553.403010130 0
Jun 10 08:19:13 standalone container-server[126469]: 172.20.0.100 - - [10/Jun/2026:08:19:13 +0000] "PUT /d1/757/AUTH_7f00912ffce942ea98eb279238f21346/gnocchi.313bb6ba-215d-4d78-9a22-e447c59d394c/none_v3" 201 - "PUT http://172.18.0.2:8080/d1/649/AUTH_7f00912ffce942ea98eb279238f21346/gnocchi.313bb6ba-215d-4d78-9a22-e447c59d394c/none_v3" "tx6b154091901246ee84f03-006a291e01" "object-server 22" 0.0005 "-" 23 0
Jun 10 08:19:13 standalone object-server[126706]: 172.20.0.100 - - [10/Jun/2026:08:19:13 +0000] "PUT /d1/649/AUTH_7f00912ffce942ea98eb279238f21346/gnocchi.313bb6ba-215d-4d78-9a22-e447c59d394c/none_v3" 201 - "PUT http://172.18.0.2:8080/v1/AUTH_7f00912ffce942ea98eb279238f21346/gnocchi.313bb6ba-215d-4d78-9a22-e447c59d394c/none_v3" "tx6b154091901246ee84f03-006a291e01" "proxy-server 20" 0.0102 "-" 22 0
Jun 10 08:19:13 standalone proxy-server[128651]: 172.18.0.2 172.18.0.100 10/Jun/2026/08/19/13 PUT /v1/AUTH_7f00912ffce942ea98eb279238f21346/gnocchi.313bb6ba-215d-4d78-9a22-e447c59d394c/none_v3 HTTP/1.0 201 - python-swiftclient-3.11.1 gAAAAABqKR2KA6fE... 46 - - tx6b154091901246ee84f03-006a291e01 - 0.0155 - - 1781079553.407280922 1781079553.422777414 0
Jun 10 08:19:14 standalone account-server[126465]: 172.20.0.100 - - [10/Jun/2026:08:19:14 +0000] "HEAD /d1/300/AUTH_7f00912ffce942ea98eb279238f21346" 204 - "HEAD http://172.18.0.2:8080/v1/AUTH_7f00912ffce942ea98eb279238f21346?format=json" "tx9a5407390a9048398a5fa-006a291e02" "proxy-server 20" 0.0167 "-" 23 -
Jun 10 08:19:14 standalone proxy-server[128651]: - - 10/Jun/2026/08/19/14 HEAD /v1/AUTH_7f00912ffce942ea98eb279238f21346%3Fformat%3Djson HTTP/1.0 204 - Swift - - - - tx9a5407390a9048398a5fa-006a291e02 - 0.0247 RL - 1781079554.310645103 1781079554.335378885 -
Jun 10 08:19:14 standalone object-server[126714]: 172.20.0.100 - - [10/Jun/2026:08:19:14 +0000] "GET /d1/649/AUTH_7f00912ffce942ea98eb279238f21346/gnocchi.313bb6ba-215d-4d78-9a22-e447c59d394c/none_v3" 200 46 "GET http://172.18.0.2:8080/v1/AUTH_7f00912ffce942ea98eb279238f21346/gnocchi.313bb6ba-215d-4d78-9a22-e447c59d394c/none_v3" "tx9a5407390a9048398a5fa-006a291e02" "proxy-server 20" 0.0010 "-" 25 0
Jun 10 08:19:14 standalone proxy-server[128651]: 172.18.0.2 172.18.0.100 10/Jun/2026/08/19/14 GET /v1/AUTH_7f00912ffce942ea98eb279238f21346/gnocchi.313bb6ba-215d-4d78-9a22-e447c59d394c/none_v3 HTTP/1.0 200 - python-swiftclient-3.11.1 gAAAAABqKR2KA6fE... - 46 - tx9a5407390a9048398a5fa-006a291e02 - 0.0367 - - 1781079554.309883356 1781079554.346585035 0
Jun 10 08:19:14 standalone container-server[126469]: 172.20.0.100 - - [10/Jun/2026:08:19:14 +0000] "GET /d1/757/AUTH_7f00912ffce942ea98eb279238f21346/gnocchi.313bb6ba-215d-4d78-9a22-e447c59d394c" 200 357 "GET http://172.18.0.2:8080/v1/AUTH_7f00912ffce942ea98eb279238f21346/gnocchi.313bb6ba-215d-4d78-9a22-e447c59d394c?format=json&states=listing" "txfeffa3bc8352486b8833a-006a291e02" "proxy-server 20" 0.0098 "-" 23 0
Jun 10 08:19:14 standalone proxy-server[128651]: 172.18.0.2 172.18.0.100 10/Jun/2026/08/19/14 GET /v1/AUTH_7f00912ffce942ea98eb279238f21346/gnocchi.313bb6ba-215d-4d78-9a22-e447c59d394c%3Fformat%3Djson%26states%3Dlisting HTTP/1.0 200 - python-swiftclient-3.11.1 gAAAAABqKR2KA6fE... - 357 - txfeffa3bc8352486b8833a-006a291e02 - 0.0168 - - 1781079554.352732182 1781079554.369498730 0
Jun 10 08:19:14 standalone container-server[126464]: 172.20.0.100 - - [10/Jun/2026:08:19:14 +0000] "GET /d1/757/AUTH_7f00912ffce942ea98eb279238f21346/gnocchi.313bb6ba-215d-4d78-9a22-e447c59d394c" 200 2 "GET http://172.18.0.2:8080/v1/AUTH_7f00912ffce942ea98eb279238f21346/gnocchi.313bb6ba-215d-4d78-9a22-e447c59d394c?format=json&marker=none_v3&states=listing" "txf42e82272295400d8f60f-006a291e02" "proxy-server 20" 0.0026 "-" 21 0
Jun 10 08:19:14 standalone proxy-server[128651]: 172.18.0.2 172.18.0.100 10/Jun/2026/08/19/14 GET /v1/AUTH_7f00912ffce942ea98eb279238f21346/gnocchi.313bb6ba-215d-4d78-9a22-e447c59d394c%3Fformat%3Djson%26marker%3Dnone_v3%26states%3Dlisting HTTP/1.0 200 - python-swiftclient-3.11.1 gAAAAABqKR2KA6fE... - 2 - txf42e82272295400d8f60f-006a291e02 - 0.0081 - - 1781079554.372135401 1781079554.380218506 0
Jun 10 08:19:14 standalone object-server[126706]: 172.20.0.100 - - [10/Jun/2026:08:19:14 +0000] "GET /d1/182/AUTH_7f00912ffce942ea98eb279238f21346/gnocchi.313bb6ba-215d-4d78-9a22-e447c59d394c/1780920000.0_mean_300.0_v3" 200 16 "GET http://172.18.0.2:8080/v1/AUTH_7f00912ffce942ea98eb279238f21346/gnocchi.313bb6ba-215d-4d78-9a22-e447c59d394c/1780920000.0_mean_300.0_v3" "txb808da67499f4d6dbbec9-006a291e02" "proxy-server 20" 0.0006 "-" 22 0
Jun 10 08:19:14 standalone proxy-server[128651]: 172.18.0.2 172.18.0.100 10/Jun/2026/08/19/14 GET /v1/AUTH_7f00912ffce942ea98eb279238f21346/gnocchi.313bb6ba-215d-4d78-9a22-e447c59d394c/1780920000.0_mean_300.0_v3 HTTP/1.0 200 - python-swiftclient-3.11.1 gAAAAABqKR2KA6fE... - 16 - txb808da67499f4d6dbbec9-006a291e02 - 0.0059 - - 1781079554.382836342 1781079554.388719320 0
Jun 10 08:19:14 standalone container-server[126466]: 172.20.0.100 - - [10/Jun/2026:08:19:14 +0000] "PUT /d1/757/AUTH_7f00912ffce942ea98eb279238f21346/gnocchi.313bb6ba-215d-4d78-9a22-e447c59d394c/1780920000.0_mean_300.0_v3" 201 - "PUT http://172.18.0.2:8080/d1/182/AUTH_7f00912ffce942ea98eb279238f21346/gnocchi.313bb6ba-215d-4d78-9a22-e447c59d394c/1780920000.0_mean_300.0_v3" "tx84bfa7013fbf43b89abf6-006a291e02" "object-server 23" 0.0006 "-" 22 0
Jun 10 08:19:14 standalone object-server[126707]: 172.20.0.100 - - [10/Jun/2026:08:19:14 +0000] "PUT /d1/182/AUTH_7f00912ffce942ea98eb279238f21346/gnocchi.313bb6ba-215d-4d78-9a22-e447c59d394c/1780920000.0_mean_300.0_v3" 201 - "PUT http://172.18.0.2:8080/v1/AUTH_7f00912ffce942ea98eb279238f21346/gnocchi.313bb6ba-215d-4d78-9a22-e447c59d394c/1780920000.0_mean_300.0_v3" "tx84bfa7013fbf43b89abf6-006a291e02" "proxy-server 20" 0.0109 "-" 23 0
Jun 10 08:19:14 standalone proxy-server[128651]: 172.18.0.2 172.18.0.100 10/Jun/2026/08/19/14 PUT /v1/AUTH_7f00912ffce942ea98eb279238f21346/gnocchi.313bb6ba-215d-4d78-9a22-e447c59d394c/1780920000.0_mean_300.0_v3 HTTP/1.0 201 - python-swiftclient-3.11.1 gAAAAABqKR2KA6fE... 16 - - tx84bfa7013fbf43b89abf6-006a291e02 - 0.0175 - - 1781079554.393127203 1781079554.410664082 0
Jun 10 08:19:14 standalone container-server[126469]: 172.20.0.100 - - [10/Jun/2026:08:19:14 +0000] "PUT /d1/757/AUTH_7f00912ffce942ea98eb279238f21346/gnocchi.313bb6ba-215d-4d78-9a22-e447c59d394c/none_v3" 201 - "PUT http://172.18.0.2:8080/d1/649/AUTH_7f00912ffce942ea98eb279238f21346/gnocchi.313bb6ba-215d-4d78-9a22-e447c59d394c/none_v3" "txd29e287260ec4ead8170f-006a291e02" "object-server 22" 0.0005 "-" 23 0
Jun 10 08:19:14 standalone object-server[126706]: 172.20.0.100 - - [10/Jun/2026:08:19:14 +0000] "PUT /d1/649/AUTH_7f00912ffce942ea98eb279238f21346/gnocchi.313bb6ba-215d-4d78-9a22-e447c59d394c/none_v3" 201 - "PUT http://172.18.0.2:8080/v1/AUTH_7f00912ffce942ea98eb279238f21346/gnocchi.313bb6ba-215d-4d78-9a22-e447c59d394c/none_v3" "txd29e287260ec4ead8170f-006a291e02" "proxy-server 20" 0.0070 "-" 22 0
Jun 10 08:19:14 standalone proxy-server[128651]: 172.18.0.2 172.18.0.100 10/Jun/2026/08/19/14 PUT /v1/AUTH_7f00912ffce942ea98eb279238f21346/gnocchi.313bb6ba-215d-4d78-9a22-e447c59d394c/none_v3 HTTP/1.0 201 - python-swiftclient-3.11.1 gAAAAABqKR2KA6fE... 51 - - txd29e287260ec4ead8170f-006a291e02 - 0.0122 - - 1781079554.415130138 1781079554.427305222 0
Jun 10 08:19:14 standalone object-server[126707]: 172.20.0.100 - - [10/Jun/2026:08:19:14 +0000] "GET /d1/577/AUTH_7f00912ffce942ea98eb279238f21346/gnocchi.6bc5af26-4b6d-49ee-975d-a214142ccee7/none_v3" 200 22 "GET http://172.18.0.2:8080/v1/AUTH_7f00912ffce942ea98eb279238f21346/gnocchi.6bc5af26-4b6d-49ee-975d-a214142ccee7/none_v3" "txd0d19bd1ac9241b9a62ad-006a291e02" "proxy-server 20" 0.0013 "-" 23 0
Jun 10 08:19:14 standalone proxy-server[128651]: 172.18.0.2 172.18.0.100 10/Jun/2026/08/19/14 GET /v1/AUTH_7f00912ffce942ea98eb279238f21346/gnocchi.6bc5af26-4b6d-49ee-975d-a214142ccee7/none_v3 HTTP/1.0 200 - python-swiftclient-3.11.1 gAAAAABqKR2KA6fE... - 22 - txd0d19bd1ac9241b9a62ad-006a291e02 - 0.0078 - - 1781079554.442877293 1781079554.450629473 0
Jun 10 08:19:14 standalone container-server[126464]: 172.20.0.100 - - [10/Jun/2026:08:19:14 +0000] "GET /d1/858/AUTH_7f00912ffce942ea98eb279238f21346/gnocchi.6bc5af26-4b6d-49ee-975d-a214142ccee7" 200 357 "GET http://172.18.0.2:8080/v1/AUTH_7f00912ffce942ea98eb279238f21346/gnocchi.6bc5af26-4b6d-49ee-975d-a214142ccee7?format=json&states=listing" "tx73decec00bfb45eab3458-006a291e02" "proxy-server 20" 0.0089 "-" 21 0
Jun 10 08:19:14 standalone proxy-server[128651]: 172.18.0.2 172.18.0.100 10/Jun/2026/08/19/14 GET /v1/AUTH_7f00912ffce942ea98eb279238f21346/gnocchi.6bc5af26-4b6d-49ee-975d-a214142ccee7%3Fformat%3Djson%26states%3Dlisting HTTP/1.0 200 - python-swiftclient-3.11.1 gAAAAABqKR2KA6fE... - 357 - tx73decec00bfb45eab3458-006a291e02 - 0.0164 - - 1781079554.455578566 1781079554.471952677 0
Jun 10 08:19:14 standalone container-server[126454]: 172.20.0.100 - - [10/Jun/2026:08:19:14 +0000] "GET /d1/858/AUTH_7f00912ffce942ea98eb279238f21346/gnocchi.6bc5af26-4b6d-49ee-975d-a214142ccee7" 200 2 "GET http://172.18.0.2:8080/v1/AUTH_7f00912ffce942ea98eb279238f21346/gnocchi.6bc5af26-4b6d-49ee-975d-a214142ccee7?format=json&marker=none_v3&states=listing" "tx2329251b98fd46db929f6-006a291e02" "proxy-server 20" 0.0024 "-" 20 0
Jun 10 08:19:14 standalone proxy-server[128651]: 172.18.0.2 172.18.0.100 10/Jun/2026/08/19/14 GET /v1/AUTH_7f00912ffce942ea98eb279238f21346/gnocchi.6bc5af26-4b6d-49ee-975d-a214142ccee7%3Fformat%3Djson%26marker%3Dnone_v3%26states%3Dlisting HTTP/1.0 200 - python-swiftclient-3.11.1 gAAAAABqKR2KA6fE... - 2 - tx2329251b98fd46db929f6-006a291e02 - 0.0113 - - 1781079554.475523472 1781079554.486778021 0
Jun 10 08:19:14 standalone object-server[126708]: 172.20.0.100 - - [10/Jun/2026:08:19:14 +0000] "GET /d1/125/AUTH_7f00912ffce942ea98eb279238f21346/gnocchi.6bc5af26-4b6d-49ee-975d-a214142ccee7/1780920000.0_mean_300.0_v3" 200 16 "GET http://172.18.0.2:8080/v1/AUTH_7f00912ffce942ea98eb279238f21346/gnocchi.6bc5af26-4b6d-49ee-975d-a214142ccee7/1780920000.0_mean_300.0_v3" "txdaeb0879318343e3bbe5d-006a291e02" "proxy-server 20" 0.0011 "-" 24 0
Jun 10 08:19:14 standalone proxy-server[128651]: 172.18.0.2 172.18.0.100 10/Jun/2026/08/19/14 GET /v1/AUTH_7f00912ffce942ea98eb279238f21346/gnocchi.6bc5af26-4b6d-49ee-975d-a214142ccee7/1780920000.0_mean_300.0_v3 HTTP/1.0 200 - python-swiftclient-3.11.1 gAAAAABqKR2KA6fE... - 16 - txdaeb0879318343e3bbe5d-006a291e02 - 0.0101 - - 1781079554.491862059 1781079554.501953125 0
Jun 10 08:19:14 standalone container-server[126454]: 172.20.0.100 - - [10/Jun/2026:08:19:14 +0000] "PUT /d1/858/AUTH_7f00912ffce942ea98eb279238f21346/gnocchi.6bc5af26-4b6d-49ee-975d-a214142ccee7/1780920000.0_mean_300.0_v3" 201 - "PUT http://172.18.0.2:8080/d1/125/AUTH_7f00912ffce942ea98eb279238f21346/gnocchi.6bc5af26-4b6d-49ee-975d-a214142ccee7/1780920000.0_mean_300.0_v3" "txaa9d20e7dc2147fdaeea2-006a291e02" "object-server 23" 0.0006 "-" 20 0
Jun 10 08:19:14 standalone object-server[126707]: 172.20.0.100 - - [10/Jun/2026:08:19:14 +0000] "PUT /d1/125/AUTH_7f00912ffce942ea98eb279238f21346/gnocchi.6bc5af26-4b6d-49ee-975d-a214142ccee7/1780920000.0_mean_300.0_v3" 201 - "PUT http://172.18.0.2:8080/v1/AUTH_7f00912ffce942ea98eb279238f21346/gnocchi.6bc5af26-4b6d-49ee-975d-a214142ccee7/1780920000.0_mean_300.0_v3" "txaa9d20e7dc2147fdaeea2-006a291e02" "proxy-server 20" 0.0102 "-" 23 0
Jun 10 08:19:14 standalone proxy-server[128651]: 172.18.0.2 172.18.0.100 10/Jun/2026/08/19/14 PUT /v1/AUTH_7f00912ffce942ea98eb279238f21346/gnocchi.6bc5af26-4b6d-49ee-975d-a214142ccee7/1780920000.0_mean_300.0_v3 HTTP/1.0 201 - python-swiftclient-3.11.1 gAAAAABqKR2KA6fE... 16 - - txaa9d20e7dc2147fdaeea2-006a291e02 - 0.0182 - - 1781079554.505581617 1781079554.523809195 0
Jun 10 08:19:14 standalone container-server[126469]: 172.20.0.100 - - [10/Jun/2026:08:19:14 +0000] "PUT /d1/858/AUTH_7f00912ffce942ea98eb279238f21346/gnocchi.6bc5af26-4b6d-49ee-975d-a214142ccee7/none_v3" 201 - "PUT http://172.18.0.2:8080/d1/577/AUTH_7f00912ffce942ea98eb279238f21346/gnocchi.6bc5af26-4b6d-49ee-975d-a214142ccee7/none_v3" "tx8d9f9a6db6da41a2ae167-006a291e02" "object-server 24" 0.0008 "-" 23 0
Jun 10 08:19:14 standalone object-server[126708]: 172.20.0.100 - - [10/Jun/2026:08:19:14 +0000] "PUT /d1/577/AUTH_7f00912ffce942ea98eb279238f21346/gnocchi.6bc5af26-4b6d-49ee-975d-a214142ccee7/none_v3" 201 - "PUT http://172.18.0.2:8080/v1/AUTH_7f00912ffce942ea98eb279238f21346/gnocchi.6bc5af26-4b6d-49ee-975d-a214142ccee7/none_v3" "tx8d9f9a6db6da41a2ae167-006a291e02" "proxy-server 20" 0.0122 "-" 24 0
Jun 10 08:19:14 standalone proxy-server[128651]: 172.18.0.2 172.18.0.100 10/Jun/2026/08/19/14 PUT /v1/AUTH_7f00912ffce942ea98eb279238f21346/gnocchi.6bc5af26-4b6d-49ee-975d-a214142ccee7/none_v3 HTTP/1.0 201 - python-swiftclient-3.11.1 gAAAAABqKR2KA6fE... 32 - - tx8d9f9a6db6da41a2ae167-006a291e02 - 0.0206 - - 1781079554.527306080 1781079554.547928333 0
Jun 10 08:19:14 standalone object-server[126714]: 172.20.0.100 - - [10/Jun/2026:08:19:14 +0000] "GET /d1/71/AUTH_7f00912ffce942ea98eb279238f21346/gnocchi.1b0e04b6-874a-4712-9ef0-94af20939bdc/none_v3" 200 22 "GET http://172.18.0.2:8080/v1/AUTH_7f00912ffce942ea98eb279238f21346/gnocchi.1b0e04b6-874a-4712-9ef0-94af20939bdc/none_v3" "txcd328d5d7a1c4c16a6637-006a291e02" "proxy-server 20" 0.0011 "-" 25 0
Jun 10 08:19:14 standalone proxy-server[128651]: 172.18.0.2 172.18.0.100 10/Jun/2026/08/19/14 GET /v1/AUTH_7f00912ffce942ea98eb279238f21346/gnocchi.1b0e04b6-874a-4712-9ef0-94af20939bdc/none_v3 HTTP/1.0 200 - python-swiftclient-3.11.1 gAAAAABqKR2KA6fE... - 22 - txcd328d5d7a1c4c16a6637-006a291e02 - 0.0107 - - 1781079554.558260202 1781079554.568998814 0
Jun 10 08:19:14 standalone container-server[126454]: 172.20.0.100 - - [10/Jun/2026:08:19:14 +0000] "GET /d1/574/AUTH_7f00912ffce942ea98eb279238f21346/gnocchi.1b0e04b6-874a-4712-9ef0-94af20939bdc" 200 357 "GET http://172.18.0.2:8080/v1/AUTH_7f00912ffce942ea98eb279238f21346/gnocchi.1b0e04b6-874a-4712-9ef0-94af20939bdc?format=json&states=listing" "tx1c73657d773b4e0ba3096-006a291e02" "proxy-server 20" 0.0091 "-" 20 0
Jun 10 08:19:14 standalone proxy-server[128651]: 172.18.0.2 172.18.0.100 10/Jun/2026/08/19/14 GET /v1/AUTH_7f00912ffce942ea98eb279238f21346/gnocchi.1b0e04b6-874a-4712-9ef0-94af20939bdc%3Fformat%3Djson%26states%3Dlisting HTTP/1.0 200 - python-swiftclient-3.11.1 gAAAAABqKR2KA6fE... - 357 - tx1c73657d773b4e0ba3096-006a291e02 - 0.0185 - - 1781079554.572954893 1781079554.591497183 0
Jun 10 08:19:14 standalone container-server[126464]: 172.20.0.100 - - [10/Jun/2026:08:19:14 +0000] "GET /d1/574/AUTH_7f00912ffce942ea98eb279238f21346/gnocchi.1b0e04b6-874a-4712-9ef0-94af20939bdc" 200 2 "GET http://172.18.0.2:8080/v1/AUTH_7f00912ffce942ea98eb279238f21346/gnocchi.1b0e04b6-874a-4712-9ef0-94af20939bdc?format=json&marker=none_v3&states=listing" "txee6d7172ef864d83a57d6-006a291e02" "proxy-server 20" 0.0034 "-" 21 0
Jun 10 08:19:14 standalone proxy-server[128651]: 172.18.0.2 172.18.0.100 10/Jun/2026/08/19/14 GET /v1/AUTH_7f00912ffce942ea98eb279238f21346/gnocchi.1b0e04b6-874a-4712-9ef0-94af20939bdc%3Fformat%3Djson%26marker%3Dnone_v3%26states%3Dlisting HTTP/1.0 200 - python-swiftclient-3.11.1 gAAAAABqKR2KA6fE... - 2 - txee6d7172ef864d83a57d6-006a291e02 - 0.0128 - - 1781079554.595982313 1781079554.608813524 0
Jun 10 08:19:14 standalone object-server[126707]: 172.20.0.100 - - [10/Jun/2026:08:19:14 +0000] "GET /d1/522/AUTH_7f00912ffce942ea98eb279238f21346/gnocchi.1b0e04b6-874a-4712-9ef0-94af20939bdc/1780920000.0_mean_300.0_v3" 200 16 "GET http://172.18.0.2:8080/v1/AUTH_7f00912ffce942ea98eb279238f21346/gnocchi.1b0e04b6-874a-4712-9ef0-94af20939bdc/1780920000.0_mean_300.0_v3" "txe0f8fa4a64bc4c52a9967-006a291e02" "proxy-server 20" 0.0011 "-" 23 0
Jun 10 08:19:14 standalone proxy-server[128651]: 172.18.0.2 172.18.0.100 10/Jun/2026/08/19/14 GET /v1/AUTH_7f00912ffce942ea98eb279238f21346/gnocchi.1b0e04b6-874a-4712-9ef0-94af20939bdc/1780920000.0_mean_300.0_v3 HTTP/1.0 200 - python-swiftclient-3.11.1 gAAAAABqKR2KA6fE... - 16 - txe0f8fa4a64bc4c52a9967-006a291e02 - 0.0096 - - 1781079554.614323139 1781079554.623949289 0
Jun 10 08:19:14 standalone container-server[126464]: 172.20.0.100 - - [10/Jun/2026:08:19:14 +0000] "PUT /d1/574/AUTH_7f00912ffce942ea98eb279238f21346/gnocchi.1b0e04b6-874a-4712-9ef0-94af20939bdc/1780920000.0_mean_300.0_v3" 201 - "PUT http://172.18.0.2:8080/d1/522/AUTH_7f00912ffce942ea98eb279238f21346/gnocchi.1b0e04b6-874a-4712-9ef0-94af20939bdc/1780920000.0_mean_300.0_v3" "tx67bc294c43664ddabafa5-006a291e02" "object-server 22" 0.0009 "-" 21 0
Jun 10 08:19:14 standalone object-server[126706]: 172.20.0.100 - - [10/Jun/2026:08:19:14 +0000] "PUT /d1/522/AUTH_7f00912ffce942ea98eb279238f21346/gnocchi.1b0e04b6-874a-4712-9ef0-94af20939bdc/1780920000.0_mean_300.0_v3" 201 - "PUT http://172.18.0.2:8080/v1/AUTH_7f00912ffce942ea98eb279238f21346/gnocchi.1b0e04b6-874a-4712-9ef0-94af20939bdc/1780920000.0_mean_300.0_v3" "tx67bc294c43664ddabafa5-006a291e02" "proxy-server 20" 0.0121 "-" 22 0
Jun 10 08:19:14 standalone proxy-server[128651]: 172.18.0.2 172.18.0.100 10/Jun/2026/08/19/14 PUT /v1/AUTH_7f00912ffce942ea98eb279238f21346/gnocchi.1b0e04b6-874a-4712-9ef0-94af20939bdc/1780920000.0_mean_300.0_v3 HTTP/1.0 201 - python-swiftclient-3.11.1 gAAAAABqKR2KA6fE... 16 - - tx67bc294c43664ddabafa5-006a291e02 - 0.0205 - - 1781079554.630391359 1781079554.650856972 0
Jun 10 08:19:14 standalone container-server[126466]: 172.20.0.100 - - [10/Jun/2026:08:19:14 +0000] "PUT /d1/574/AUTH_7f00912ffce942ea98eb279238f21346/gnocchi.1b0e04b6-874a-4712-9ef0-94af20939bdc/none_v3" 201 - "PUT http://172.18.0.2:8080/d1/71/AUTH_7f00912ffce942ea98eb279238f21346/gnocchi.1b0e04b6-874a-4712-9ef0-94af20939bdc/none_v3" "txd203068e770c4e68ad7d6-006a291e02" "object-server 22" 0.0005 "-" 22 0
Jun 10 08:19:14 standalone object-server[126706]: 172.20.0.100 - - [10/Jun/2026:08:19:14 +0000] "PUT /d1/71/AUTH_7f00912ffce942ea98eb279238f21346/gnocchi.1b0e04b6-874a-4712-9ef0-94af20939bdc/none_v3" 201 - "PUT http://172.18.0.2:8080/v1/AUTH_7f00912ffce942ea98eb279238f21346/gnocchi.1b0e04b6-874a-4712-9ef0-94af20939bdc/none_v3" "txd203068e770c4e68ad7d6-006a291e02" "proxy-server 20" 0.0102 "-" 22 0
Jun 10 08:19:14 standalone proxy-server[128651]: 172.18.0.2 172.18.0.100 10/Jun/2026/08/19/14 PUT /v1/AUTH_7f00912ffce942ea98eb279238f21346/gnocchi.1b0e04b6-874a-4712-9ef0-94af20939bdc/none_v3 HTTP/1.0 201 - python-swiftclient-3.11.1 gAAAAABqKR2KA6fE... 32 - - txd203068e770c4e68ad7d6-006a291e02 - 0.0159 - - 1781079554.654875278 1781079554.670743465 0
Jun 10 08:19:14 standalone object-server[126714]: 172.20.0.100 - - [10/Jun/2026:08:19:14 +0000] "GET /d1/1013/AUTH_7f00912ffce942ea98eb279238f21346/gnocchi.27f658ff-0ada-4013-a74c-69e4abd1ea27/none_v3" 200 22 "GET http://172.18.0.2:8080/v1/AUTH_7f00912ffce942ea98eb279238f21346/gnocchi.27f658ff-0ada-4013-a74c-69e4abd1ea27/none_v3" "tx38258203980049c8a684d-006a291e02" "proxy-server 20" 0.0007 "-" 25 0
Jun 10 08:19:14 standalone proxy-server[128651]: 172.18.0.2 172.18.0.100 10/Jun/2026/08/19/14 GET /v1/AUTH_7f00912ffce942ea98eb279238f21346/gnocchi.27f658ff-0ada-4013-a74c-69e4abd1ea27/none_v3 HTTP/1.0 200 - python-swiftclient-3.11.1 gAAAAABqKR2KA6fE... - 22 - tx38258203980049c8a684d-006a291e02 - 0.0074 - - 1781079554.685734749 1781079554.693132877 0
Jun 10 08:19:14 standalone container-server[126464]: 172.20.0.100 - - [10/Jun/2026:08:19:14 +0000] "GET /d1/978/AUTH_7f00912ffce942ea98eb279238f21346/gnocchi.27f658ff-0ada-4013-a74c-69e4abd1ea27" 200 357 "GET http://172.18.0.2:8080/v1/AUTH_7f00912ffce942ea98eb279238f21346/gnocchi.27f658ff-0ada-4013-a74c-69e4abd1ea27?format=json&states=listing" "tx75f62af92d304edc87bfb-006a291e02" "proxy-server 20" 0.0092 "-" 21 0
Jun 10 08:19:14 standalone proxy-server[128651]: 172.18.0.2 172.18.0.100 10/Jun/2026/08/19/14 GET /v1/AUTH_7f00912ffce942ea98eb279238f21346/gnocchi.27f658ff-0ada-4013-a74c-69e4abd1ea27%3Fformat%3Djson%26states%3Dlisting HTTP/1.0 200 - python-swiftclient-3.11.1 gAAAAABqKR2KA6fE... - 357 - tx75f62af92d304edc87bfb-006a291e02 - 0.0184 - - 1781079554.698222637 1781079554.716635704 0
Jun 10 08:19:14 standalone container-server[126469]: 172.20.0.100 - - [10/Jun/2026:08:19:14 +0000] "GET /d1/978/AUTH_7f00912ffce942ea98eb279238f21346/gnocchi.27f658ff-0ada-4013-a74c-69e4abd1ea27" 200 2 "GET http://172.18.0.2:8080/v1/AUTH_7f00912ffce942ea98eb279238f21346/gnocchi.27f658ff-0ada-4013-a74c-69e4abd1ea27?format=json&marker=none_v3&states=listing" "tx335337e4934d49c1a3f1b-006a291e02" "proxy-server 20" 0.0036 "-" 23 0
Jun 10 08:19:14 standalone proxy-server[128651]: 172.18.0.2 172.18.0.100 10/Jun/2026/08/19/14 GET /v1/AUTH_7f00912ffce942ea98eb279238f21346/gnocchi.27f658ff-0ada-4013-a74c-69e4abd1ea27%3Fformat%3Djson%26marker%3Dnone_v3%26states%3Dlisting HTTP/1.0 200 - python-swiftclient-3.11.1 gAAAAABqKR2KA6fE... - 2 - tx335337e4934d49c1a3f1b-006a291e02 - 0.0108 - - 1781079554.720380306 1781079554.731171846 0
Jun 10 08:19:14 standalone object-server[126708]: 172.20.0.100 - - [10/Jun/2026:08:19:14 +0000] "GET /d1/863/AUTH_7f00912ffce942ea98eb279238f21346/gnocchi.27f658ff-0ada-4013-a74c-69e4abd1ea27/1780920000.0_mean_300.0_v3" 200 16 "GET http://172.18.0.2:8080/v1/AUTH_7f00912ffce942ea98eb279238f21346/gnocchi.27f658ff-0ada-4013-a74c-69e4abd1ea27/1780920000.0_mean_300.0_v3" "txf44da62040004dc683d99-006a291e02" "proxy-server 20" 0.0011 "-" 24 0
Jun 10 08:19:14 standalone proxy-server[128651]: 172.18.0.2 172.18.0.100 10/Jun/2026/08/19/14 GET /v1/AUTH_7f00912ffce942ea98eb279238f21346/gnocchi.27f658ff-0ada-4013-a74c-69e4abd1ea27/1780920000.0_mean_300.0_v3 HTTP/1.0 200 - python-swiftclient-3.11.1 gAAAAABqKR2KA6fE... - 16 - txf44da62040004dc683d99-006a291e02 - 0.0078 - - 1781079554.736280680 1781079554.744051933 0
Jun 10 08:19:14 standalone container-server[126469]: 172.20.0.100 - - [10/Jun/2026:08:19:14 +0000] "PUT /d1/978/AUTH_7f00912ffce942ea98eb279238f21346/gnocchi.27f658ff-0ada-4013-a74c-69e4abd1ea27/1780920000.0_mean_300.0_v3" 201 - "PUT http://172.18.0.2:8080/d1/863/AUTH_7f00912ffce942ea98eb279238f21346/gnocchi.27f658ff-0ada-4013-a74c-69e4abd1ea27/1780920000.0_mean_300.0_v3" "txd42713adfd22436abe236-006a291e02" "object-server 23" 0.0009 "-" 23 0
Jun 10 08:19:14 standalone object-server[126707]: 172.20.0.100 - - [10/Jun/2026:08:19:14 +0000] "PUT /d1/863/AUTH_7f00912ffce942ea98eb279238f21346/gnocchi.27f658ff-0ada-4013-a74c-69e4abd1ea27/1780920000.0_mean_300.0_v3" 201 - "PUT http://172.18.0.2:8080/v1/AUTH_7f00912ffce942ea98eb279238f21346/gnocchi.27f658ff-0ada-4013-a74c-69e4abd1ea27/1780920000.0_mean_300.0_v3" "txd42713adfd22436abe236-006a291e02" "proxy-server 20" 0.0498 "-" 23 0
Jun 10 08:19:14 standalone proxy-server[128651]: 172.18.0.2 172.18.0.100 10/Jun/2026/08/19/14 PUT /v1/AUTH_7f00912ffce942ea98eb279238f21346/gnocchi.27f658ff-0ada-4013-a74c-69e4abd1ea27/1780920000.0_mean_300.0_v3 HTTP/1.0 201 - python-swiftclient-3.11.1 gAAAAABqKR2KA6fE... 16 - - txd42713adfd22436abe236-006a291e02 - 0.0563 - - 1781079554.748074770 1781079554.804333925 0
Jun 10 08:19:14 standalone container-server[126464]: 172.20.0.100 - - [10/Jun/2026:08:19:14 +0000] "PUT /d1/978/AUTH_7f00912ffce942ea98eb279238f21346/gnocchi.27f658ff-0ada-4013-a74c-69e4abd1ea27/none_v3" 201 - "PUT http://172.18.0.2:8080/d1/1013/AUTH_7f00912ffce942ea98eb279238f21346/gnocchi.27f658ff-0ada-4013-a74c-69e4abd1ea27/none_v3" "tx2ec528d9b55d4254ab301-006a291e02" "object-server 22" 0.0007 "-" 21 0
Jun 10 08:19:14 standalone object-server[126706]: 172.20.0.100 - - [10/Jun/2026:08:19:14 +0000] "PUT /d1/1013/AUTH_7f00912ffce942ea98eb279238f21346/gnocchi.27f658ff-0ada-4013-a74c-69e4abd1ea27/none_v3" 201 - "PUT http://172.18.0.2:8080/v1/AUTH_7f00912ffce942ea98eb279238f21346/gnocchi.27f658ff-0ada-4013-a74c-69e4abd1ea27/none_v3" "tx2ec528d9b55d4254ab301-006a291e02" "proxy-server 20" 0.0157 "-" 22 0
Jun 10 08:19:14 standalone proxy-server[128651]: 172.18.0.2 172.18.0.100 10/Jun/2026/08/19/14 PUT /v1/AUTH_7f00912ffce942ea98eb279238f21346/gnocchi.27f658ff-0ada-4013-a74c-69e4abd1ea27/none_v3 HTTP/1.0 201 - python-swiftclient-3.11.1 gAAAAABqKR2KA6fE... 32 - - tx2ec528d9b55d4254ab301-006a291e02 - 0.0263 - - 1781079554.809036255 1781079554.835355043 0
Jun 10 08:19:14 standalone object-server[126708]: 172.20.0.100 - - [10/Jun/2026:08:19:14 +0000] "GET /d1/1017/AUTH_7f00912ffce942ea98eb279238f21346/gnocchi.298e623c-dba3-425b-a630-7adae4799dae/none_v3" 200 22 "GET http://172.18.0.2:8080/v1/AUTH_7f00912ffce942ea98eb279238f21346/gnocchi.298e623c-dba3-425b-a630-7adae4799dae/none_v3" "txf3c5efabc459400285f64-006a291e02" "proxy-server 20" 0.0010 "-" 24 0
Jun 10 08:19:14 standalone proxy-server[128651]: 172.18.0.2 172.18.0.100 10/Jun/2026/08/19/14 GET /v1/AUTH_7f00912ffce942ea98eb279238f21346/gnocchi.298e623c-dba3-425b-a630-7adae4799dae/none_v3 HTTP/1.0 200 - python-swiftclient-3.11.1 gAAAAABqKR2KA6fE... - 22 - txf3c5efabc459400285f64-006a291e02 - 0.0104 - - 1781079554.850523710 1781079554.860936403 0
Jun 10 08:19:14 standalone container-server[126454]: 172.20.0.100 - - [10/Jun/2026:08:19:14 +0000] "GET /d1/51/AUTH_7f00912ffce942ea98eb279238f21346/gnocchi.298e623c-dba3-425b-a630-7adae4799dae" 200 357 "GET http://172.18.0.2:8080/v1/AUTH_7f00912ffce942ea98eb279238f21346/gnocchi.298e623c-dba3-425b-a630-7adae4799dae?format=json&states=listing" "tx5aeef3b2a52e4b248d573-006a291e02" "proxy-server 20" 0.0112 "-" 20 0
Jun 10 08:19:14 standalone proxy-server[128651]: 172.18.0.2 172.18.0.100 10/Jun/2026/08/19/14 GET /v1/AUTH_7f00912ffce942ea98eb279238f21346/gnocchi.298e623c-dba3-425b-a630-7adae4799dae%3Fformat%3Djson%26states%3Dlisting HTTP/1.0 200 - python-swiftclient-3.11.1 gAAAAABqKR2KA6fE... - 357 - tx5aeef3b2a52e4b248d573-006a291e02 - 0.0217 - - 1781079554.866783142 1781079554.888456345 0
Jun 10 08:19:14 standalone container-server[126469]: 172.20.0.100 - - [10/Jun/2026:08:19:14 +0000] "GET /d1/51/AUTH_7f00912ffce942ea98eb279238f21346/gnocchi.298e623c-dba3-425b-a630-7adae4799dae" 200 2 "GET http://172.18.0.2:8080/v1/AUTH_7f00912ffce942ea98eb279238f21346/gnocchi.298e623c-dba3-425b-a630-7adae4799dae?format=json&marker=none_v3&states=listing" "txf585bb08de9645a78d0b2-006a291e02" "proxy-server 20" 0.0031 "-" 23 0
Jun 10 08:19:14 standalone proxy-server[128651]: 172.18.0.2 172.18.0.100 10/Jun/2026/08/19/14 GET /v1/AUTH_7f00912ffce942ea98eb279238f21346/gnocchi.298e623c-dba3-425b-a630-7adae4799dae%3Fformat%3Djson%26marker%3Dnone_v3%26states%3Dlisting HTTP/1.0 200 - python-swiftclient-3.11.1 gAAAAABqKR2KA6fE... - 2 - txf585bb08de9645a78d0b2-006a291e02 - 0.0124 - - 1781079554.893889904 1781079554.906255960 0
Jun 10 08:19:14 standalone object-server[126714]: 172.20.0.100 - - [10/Jun/2026:08:19:14 +0000] "GET /d1/799/AUTH_7f00912ffce942ea98eb279238f21346/gnocchi.298e623c-dba3-425b-a630-7adae4799dae/1780920000.0_mean_300.0_v3" 200 16 "GET http://172.18.0.2:8080/v1/AUTH_7f00912ffce942ea98eb279238f21346/gnocchi.298e623c-dba3-425b-a630-7adae4799dae/1780920000.0_mean_300.0_v3" "tx1f788de29c194a2fbc42b-006a291e02" "proxy-server 20" 0.0011 "-" 25 0
Jun 10 08:19:14 standalone proxy-server[128651]: 172.18.0.2 172.18.0.100 10/Jun/2026/08/19/14 GET /v1/AUTH_7f00912ffce942ea98eb279238f21346/gnocchi.298e623c-dba3-425b-a630-7adae4799dae/1780920000.0_mean_300.0_v3 HTTP/1.0 200 - python-swiftclient-3.11.1 gAAAAABqKR2KA6fE... - 16 - tx1f788de29c194a2fbc42b-006a291e02 - 0.0101 - - 1781079554.913484812 1781079554.923608541 0
Jun 10 08:19:14 standalone container-server[126454]: 172.20.0.100 - - [10/Jun/2026:08:19:14 +0000] "PUT /d1/51/AUTH_7f00912ffce942ea98eb279238f21346/gnocchi.298e623c-dba3-425b-a630-7adae4799dae/1780920000.0_mean_300.0_v3" 201 - "PUT http://172.18.0.2:8080/d1/799/AUTH_7f00912ffce942ea98eb279238f21346/gnocchi.298e623c-dba3-425b-a630-7adae4799dae/1780920000.0_mean_300.0_v3" "tx3670baa1124d433893aca-006a291e02" "object-server 23" 0.0008 "-" 20 0
Jun 10 08:19:14 standalone object-server[126707]: 172.20.0.100 - - [10/Jun/2026:08:19:14 +0000] "PUT /d1/799/AUTH_7f00912ffce942ea98eb279238f21346/gnocchi.298e623c-dba3-425b-a630-7adae4799dae/1780920000.0_mean_300.0_v3" 201 - "PUT http://172.18.0.2:8080/v1/AUTH_7f00912ffce942ea98eb279238f21346/gnocchi.298e623c-dba3-425b-a630-7adae4799dae/1780920000.0_mean_300.0_v3" "tx3670baa1124d433893aca-006a291e02" "proxy-server 20" 0.0145 "-" 23 0
Jun 10 08:19:14 standalone proxy-server[128651]: 172.18.0.2 172.18.0.100 10/Jun/2026/08/19/14 PUT /v1/AUTH_7f00912ffce942ea98eb279238f21346/gnocchi.298e623c-dba3-425b-a630-7adae4799dae/1780920000.0_mean_300.0_v3 HTTP/1.0 201 - python-swiftclient-3.11.1 gAAAAABqKR2KA6fE... 16 - - tx3670baa1124d433893aca-006a291e02 - 0.0260 - - 1781079554.929531336 1781079554.955526590 0
Jun 10 08:19:14 standalone container-server[126469]: 172.20.0.100 - - [10/Jun/2026:08:19:14 +0000] "PUT /d1/51/AUTH_7f00912ffce942ea98eb279238f21346/gnocchi.298e623c-dba3-425b-a630-7adae4799dae/none_v3" 201 - "PUT http://172.18.0.2:8080/d1/1017/AUTH_7f00912ffce942ea98eb279238f21346/gnocchi.298e623c-dba3-425b-a630-7adae4799dae/none_v3" "tx8c80252f3aad4da288db6-006a291e02" "object-server 25" 0.0007 "-" 23 0
Jun 10 08:19:14 standalone object-server[126714]: 172.20.0.100 - - [10/Jun/2026:08:19:14 +0000] "PUT /d1/1017/AUTH_7f00912ffce942ea98eb279238f21346/gnocchi.298e623c-dba3-425b-a630-7adae4799dae/none_v3" 201 - "PUT http://172.18.0.2:8080/v1/AUTH_7f00912ffce942ea98eb279238f21346/gnocchi.298e623c-dba3-425b-a630-7adae4799dae/none_v3" "tx8c80252f3aad4da288db6-006a291e02" "proxy-server 20" 0.0104 "-" 25 0
Jun 10 08:19:14 standalone proxy-server[128651]: 172.18.0.2 172.18.0.100 10/Jun/2026/08/19/14 PUT /v1/AUTH_7f00912ffce942ea98eb279238f21346/gnocchi.298e623c-dba3-425b-a630-7adae4799dae/none_v3 HTTP/1.0 201 - python-swiftclient-3.11.1 gAAAAABqKR2KA6fE... 32 - - tx8c80252f3aad4da288db6-006a291e02 - 0.0192 - - 1781079554.960197449 1781079554.979415894 0
Jun 10 08:19:17 standalone container-server[126466]: 172.20.0.100 - - [10/Jun/2026:08:19:17 +0000] "HEAD /d1/650/AUTH_7f00912ffce942ea98eb279238f21346/gnocchi.8a79ebfb-4762-4424-9ebf-220742220087" 404 - "HEAD http://172.18.0.2:8080/v1/AUTH_7f00912ffce942ea98eb279238f21346/gnocchi.8a79ebfb-4762-4424-9ebf-220742220087?format=json&states=listing" "tx9131cc8cc7204e6091471-006a291e05" "proxy-server 20" 0.0007 "-" 22 0
Jun 10 08:19:17 standalone object-server[126706]: 172.20.0.100 - - [10/Jun/2026:08:19:17 +0000] "GET /d1/144/AUTH_7f00912ffce942ea98eb279238f21346/gnocchi.8a79ebfb-4762-4424-9ebf-220742220087/none_v3" 404 70 "GET http://172.18.0.2:8080/v1/AUTH_7f00912ffce942ea98eb279238f21346/gnocchi.8a79ebfb-4762-4424-9ebf-220742220087/none_v3" "tx9131cc8cc7204e6091471-006a291e05" "proxy-server 20" 0.0007 "-" 22 0
Jun 10 08:19:17 standalone proxy-server[128651]: 172.18.0.2 172.18.0.100 10/Jun/2026/08/19/17 GET /v1/AUTH_7f00912ffce942ea98eb279238f21346/gnocchi.8a79ebfb-4762-4424-9ebf-220742220087/none_v3 HTTP/1.0 404 - python-swiftclient-3.11.1 gAAAAABqKR2KA6fE... - 70 - tx9131cc8cc7204e6091471-006a291e05 - 0.0115 - - 1781079557.729555130 1781079557.741093159 0
Jun 10 08:19:17 standalone account-server[126465]: 172.20.0.100 - - [10/Jun/2026:08:19:17 +0000] "PUT /d1/300/AUTH_7f00912ffce942ea98eb279238f21346/gnocchi.8a79ebfb-4762-4424-9ebf-220742220087" 201 - "PUT http://172.20.0.100:6001/d1/650/AUTH_7f00912ffce942ea98eb279238f21346/gnocchi.8a79ebfb-4762-4424-9ebf-220742220087" "tx2ffdc4bcddf84a76b22c4-006a291e05" "container-server 21" 0.0022 "-" 23 0
Jun 10 08:19:17 standalone container-server[126464]: 172.20.0.100 - - [10/Jun/2026:08:19:17 +0000] "PUT /d1/650/AUTH_7f00912ffce942ea98eb279238f21346/gnocchi.8a79ebfb-4762-4424-9ebf-220742220087" 201 - "PUT http://172.18.0.2:8080/v1/AUTH_7f00912ffce942ea98eb279238f21346/gnocchi.8a79ebfb-4762-4424-9ebf-220742220087" "tx2ffdc4bcddf84a76b22c4-006a291e05" "proxy-server 20" 0.0147 "-" 21 0
Jun 10 08:19:17 standalone proxy-server[128651]: 172.18.0.2 172.18.0.100 10/Jun/2026/08/19/17 PUT /v1/AUTH_7f00912ffce942ea98eb279238f21346/gnocchi.8a79ebfb-4762-4424-9ebf-220742220087 HTTP/1.0 201 - python-swiftclient-3.11.1 gAAAAABqKR2KA6fE... - - - tx2ffdc4bcddf84a76b22c4-006a291e05 - 0.0201 - - 1781079557.743894100 1781079557.764021397 0
Jun 10 08:19:17 standalone container-server[126469]: 172.20.0.100 - - [10/Jun/2026:08:19:17 +0000] "HEAD /d1/650/AUTH_7f00912ffce942ea98eb279238f21346/gnocchi.8a79ebfb-4762-4424-9ebf-220742220087" 204 - "HEAD http://172.18.0.2:8080/v1/AUTH_7f00912ffce942ea98eb279238f21346/gnocchi.8a79ebfb-4762-4424-9ebf-220742220087?format=json&states=listing" "tx18b5a4c7a79f415b85f26-006a291e05" "proxy-server 20" 0.0016 "-" 23 0
Jun 10 08:19:17 standalone proxy-server[128651]: - - 10/Jun/2026/08/19/17 HEAD /v1/AUTH_7f00912ffce942ea98eb279238f21346/gnocchi.8a79ebfb-4762-4424-9ebf-220742220087%3Fformat%3Djson%26states%3Dlisting HTTP/1.0 204 - Swift - - - - tx18b5a4c7a79f415b85f26-006a291e05 - 0.0051 RL - 1781079557.770129681 1781079557.775273561 0
Jun 10 08:19:17 standalone container-server[126454]: 172.20.0.100 - - [10/Jun/2026:08:19:17 +0000] "GET /d1/650/AUTH_7f00912ffce942ea98eb279238f21346/gnocchi.8a79ebfb-4762-4424-9ebf-220742220087" 200 2 "GET http://172.18.0.2:8080/v1/AUTH_7f00912ffce942ea98eb279238f21346/gnocchi.8a79ebfb-4762-4424-9ebf-220742220087?format=json&states=listing" "tx18b5a4c7a79f415b85f26-006a291e05" "proxy-server 20" 0.0019 "-" 20 0
Jun 10 08:19:17 standalone proxy-server[128651]: 172.18.0.2 172.18.0.100 10/Jun/2026/08/19/17 GET /v1/AUTH_7f00912ffce942ea98eb279238f21346/gnocchi.8a79ebfb-4762-4424-9ebf-220742220087%3Fformat%3Djson%26states%3Dlisting HTTP/1.0 200 - python-swiftclient-3.11.1 gAAAAABqKR2KA6fE... - 2 - tx18b5a4c7a79f415b85f26-006a291e05 - 0.0142 - - 1781079557.768964052 1781079557.783128738 0
Jun 10 08:19:17 standalone object-server[126707]: 172.20.0.100 - - [10/Jun/2026:08:19:17 +0000] "GET /d1/627/AUTH_7f00912ffce942ea98eb279238f21346/gnocchi.8a79ebfb-4762-4424-9ebf-220742220087/1780920000.0_mean_300.0_v3" 404 70 "GET http://172.18.0.2:8080/v1/AUTH_7f00912ffce942ea98eb279238f21346/gnocchi.8a79ebfb-4762-4424-9ebf-220742220087/1780920000.0_mean_300.0_v3" "tx0bd3607fda474af9a13d5-006a291e05" "proxy-server 20" 0.0005 "-" 23 0
Jun 10 08:19:17 standalone proxy-server[128651]: 172.18.0.2 172.18.0.100 10/Jun/2026/08/19/17 GET /v1/AUTH_7f00912ffce942ea98eb279238f21346/gnocchi.8a79ebfb-4762-4424-9ebf-220742220087/1780920000.0_mean_300.0_v3 HTTP/1.0 404 - python-swiftclient-3.11.1 gAAAAABqKR2KA6fE... - 70 - tx0bd3607fda474af9a13d5-006a291e05 - 0.0052 - - 1781079557.787770033 1781079557.793004036 0
Jun 10 08:19:17 standalone container-server[126469]: 172.20.0.100 - - [10/Jun/2026:08:19:17 +0000] "PUT /d1/650/AUTH_7f00912ffce942ea98eb279238f21346/gnocchi.8a79ebfb-4762-4424-9ebf-220742220087/1780920000.0_mean_300.0_v3" 201 - "PUT http://172.18.0.2:8080/d1/627/AUTH_7f00912ffce942ea98eb279238f21346/gnocchi.8a79ebfb-4762-4424-9ebf-220742220087/1780920000.0_mean_300.0_v3" "txa8b493d621df4e4e82b18-006a291e05" "object-server 22" 0.0006 "-" 23 0
Jun 10 08:19:17 standalone object-server[126706]: 172.20.0.100 - - [10/Jun/2026:08:19:17 +0000] "PUT /d1/627/AUTH_7f00912ffce942ea98eb279238f21346/gnocchi.8a79ebfb-4762-4424-9ebf-220742220087/1780920000.0_mean_300.0_v3" 201 - "PUT http://172.18.0.2:8080/v1/AUTH_7f00912ffce942ea98eb279238f21346/gnocchi.8a79ebfb-4762-4424-9ebf-220742220087/1780920000.0_mean_300.0_v3" "txa8b493d621df4e4e82b18-006a291e05" "proxy-server 20" 0.0087 "-" 22 0
Jun 10 08:19:17 standalone proxy-server[128651]: 172.18.0.2 172.18.0.100 10/Jun/2026/08/19/17 PUT /v1/AUTH_7f00912ffce942ea98eb279238f21346/gnocchi.8a79ebfb-4762-4424-9ebf-220742220087/1780920000.0_mean_300.0_v3 HTTP/1.0 201 - python-swiftclient-3.11.1 gAAAAABqKR2KA6fE... 16 - - txa8b493d621df4e4e82b18-006a291e05 - 0.0142 - - 1781079557.797213078 1781079557.811441183 0
