Jun 10 08:19:31 standalone object-server[126707]: 172.20.0.100 - - [10/Jun/2026:08:19:31 +0000] "PUT /d1/668/AUTH_7f00912ffce942ea98eb279238f21346/gnocchi.3a4752d8-236a-44c0-adf6-cc3b797eeb11/none_v3" 201 - "PUT http://172.18.0.2:8080/v1/AUTH_7f00912ffce942ea98eb279238f21346/gnocchi.3a4752d8-236a-44c0-adf6-cc3b797eeb11/none_v3" "tx3598229320424d1a9c090-006a291e13" "proxy-server 20" 0.0097 "-" 23 0
Jun 10 08:19:31 standalone proxy-server[128651]: 172.18.0.2 172.18.0.100 10/Jun/2026/08/19/31 PUT /v1/AUTH_7f00912ffce942ea98eb279238f21346/gnocchi.3a4752d8-236a-44c0-adf6-cc3b797eeb11/none_v3 HTTP/1.0 201 - python-swiftclient-3.11.1 gAAAAABqKR2KA6fE... 22 - - tx3598229320424d1a9c090-006a291e13 - 0.0153 - - 1781079571.744966984 1781079571.760298252 0
Jun 10 08:19:31 standalone container-server[126454]: 172.20.0.100 - - [10/Jun/2026:08:19:31 +0000] "HEAD /d1/856/AUTH_7f00912ffce942ea98eb279238f21346/gnocchi.3bec67d3-7442-4515-a0f3-ec2cb102e461" 404 - "HEAD http://172.18.0.2:8080/v1/AUTH_7f00912ffce942ea98eb279238f21346/gnocchi.3bec67d3-7442-4515-a0f3-ec2cb102e461?format=json&states=listing" "tx50d2bb77924d46a39ad0d-006a291e13" "proxy-server 20" 0.0003 "-" 20 0
Jun 10 08:19:31 standalone object-server[126706]: 172.20.0.100 - - [10/Jun/2026:08:19:31 +0000] "GET /d1/405/AUTH_7f00912ffce942ea98eb279238f21346/gnocchi.3bec67d3-7442-4515-a0f3-ec2cb102e461/none_v3" 404 70 "GET http://172.18.0.2:8080/v1/AUTH_7f00912ffce942ea98eb279238f21346/gnocchi.3bec67d3-7442-4515-a0f3-ec2cb102e461/none_v3" "tx50d2bb77924d46a39ad0d-006a291e13" "proxy-server 20" 0.0003 "-" 22 0
Jun 10 08:19:31 standalone proxy-server[128651]: 172.18.0.2 172.18.0.100 10/Jun/2026/08/19/31 GET /v1/AUTH_7f00912ffce942ea98eb279238f21346/gnocchi.3bec67d3-7442-4515-a0f3-ec2cb102e461/none_v3 HTTP/1.0 404 - python-swiftclient-3.11.1 gAAAAABqKR2KA6fE... - 70 - tx50d2bb77924d46a39ad0d-006a291e13 - 0.0187 - - 1781079571.781675100 1781079571.800367832 0
Jun 10 08:19:31 standalone account-server[126455]: 172.20.0.100 - - [10/Jun/2026:08:19:31 +0000] "PUT /d1/300/AUTH_7f00912ffce942ea98eb279238f21346/gnocchi.3bec67d3-7442-4515-a0f3-ec2cb102e461" 201 - "PUT http://172.20.0.100:6001/d1/856/AUTH_7f00912ffce942ea98eb279238f21346/gnocchi.3bec67d3-7442-4515-a0f3-ec2cb102e461" "tx683bc830dbd543f392668-006a291e13" "container-server 22" 0.0057 "-" 22 0
Jun 10 08:19:31 standalone container-server[126466]: 172.20.0.100 - - [10/Jun/2026:08:19:31 +0000] "PUT /d1/856/AUTH_7f00912ffce942ea98eb279238f21346/gnocchi.3bec67d3-7442-4515-a0f3-ec2cb102e461" 201 - "PUT http://172.18.0.2:8080/v1/AUTH_7f00912ffce942ea98eb279238f21346/gnocchi.3bec67d3-7442-4515-a0f3-ec2cb102e461" "tx683bc830dbd543f392668-006a291e13" "proxy-server 20" 0.0165 "-" 22 0
Jun 10 08:19:31 standalone proxy-server[128651]: 172.18.0.2 172.18.0.100 10/Jun/2026/08/19/31 PUT /v1/AUTH_7f00912ffce942ea98eb279238f21346/gnocchi.3bec67d3-7442-4515-a0f3-ec2cb102e461 HTTP/1.0 201 - python-swiftclient-3.11.1 gAAAAABqKR2KA6fE... - - - tx683bc830dbd543f392668-006a291e13 - 0.0263 - - 1781079571.803263187 1781079571.829599857 0
Jun 10 08:19:31 standalone container-server[126464]: 172.20.0.100 - - [10/Jun/2026:08:19:31 +0000] "HEAD /d1/856/AUTH_7f00912ffce942ea98eb279238f21346/gnocchi.3bec67d3-7442-4515-a0f3-ec2cb102e461" 204 - "HEAD http://172.18.0.2:8080/v1/AUTH_7f00912ffce942ea98eb279238f21346/gnocchi.3bec67d3-7442-4515-a0f3-ec2cb102e461?format=json&states=listing" "tx3a8094acb3c043629326a-006a291e13" "proxy-server 20" 0.0018 "-" 21 0
Jun 10 08:19:31 standalone proxy-server[128651]: - - 10/Jun/2026/08/19/31 HEAD /v1/AUTH_7f00912ffce942ea98eb279238f21346/gnocchi.3bec67d3-7442-4515-a0f3-ec2cb102e461%3Fformat%3Djson%26states%3Dlisting HTTP/1.0 204 - Swift - - - - tx3a8094acb3c043629326a-006a291e13 - 0.0052 RL - 1781079571.834092140 1781079571.839332104 0
Jun 10 08:19:31 standalone container-server[126469]: 172.20.0.100 - - [10/Jun/2026:08:19:31 +0000] "GET /d1/856/AUTH_7f00912ffce942ea98eb279238f21346/gnocchi.3bec67d3-7442-4515-a0f3-ec2cb102e461" 200 2 "GET http://172.18.0.2:8080/v1/AUTH_7f00912ffce942ea98eb279238f21346/gnocchi.3bec67d3-7442-4515-a0f3-ec2cb102e461?format=json&states=listing" "tx3a8094acb3c043629326a-006a291e13" "proxy-server 20" 0.0038 "-" 23 0
Jun 10 08:19:31 standalone proxy-server[128651]: 172.18.0.2 172.18.0.100 10/Jun/2026/08/19/31 GET /v1/AUTH_7f00912ffce942ea98eb279238f21346/gnocchi.3bec67d3-7442-4515-a0f3-ec2cb102e461%3Fformat%3Djson%26states%3Dlisting HTTP/1.0 200 - python-swiftclient-3.11.1 gAAAAABqKR2KA6fE... - 2 - tx3a8094acb3c043629326a-006a291e13 - 0.0187 - - 1781079571.833104372 1781079571.851754904 0
Jun 10 08:19:31 standalone object-server[126706]: 172.20.0.100 - - [10/Jun/2026:08:19:31 +0000] "GET /d1/260/AUTH_7f00912ffce942ea98eb279238f21346/gnocchi.3bec67d3-7442-4515-a0f3-ec2cb102e461/1780920000.0_mean_300.0_v3" 404 70 "GET http://172.18.0.2:8080/v1/AUTH_7f00912ffce942ea98eb279238f21346/gnocchi.3bec67d3-7442-4515-a0f3-ec2cb102e461/1780920000.0_mean_300.0_v3" "tx8bc378b006c845f1b3046-006a291e13" "proxy-server 20" 0.0004 "-" 22 0
Jun 10 08:19:31 standalone proxy-server[128651]: 172.18.0.2 172.18.0.100 10/Jun/2026/08/19/31 GET /v1/AUTH_7f00912ffce942ea98eb279238f21346/gnocchi.3bec67d3-7442-4515-a0f3-ec2cb102e461/1780920000.0_mean_300.0_v3 HTTP/1.0 404 - python-swiftclient-3.11.1 gAAAAABqKR2KA6fE... - 70 - tx8bc378b006c845f1b3046-006a291e13 - 0.0116 - - 1781079571.856080055 1781079571.867675543 0
Jun 10 08:19:31 standalone container-server[126454]: 172.20.0.100 - - [10/Jun/2026:08:19:31 +0000] "PUT /d1/856/AUTH_7f00912ffce942ea98eb279238f21346/gnocchi.3bec67d3-7442-4515-a0f3-ec2cb102e461/1780920000.0_mean_300.0_v3" 201 - "PUT http://172.18.0.2:8080/d1/260/AUTH_7f00912ffce942ea98eb279238f21346/gnocchi.3bec67d3-7442-4515-a0f3-ec2cb102e461/1780920000.0_mean_300.0_v3" "txdec0a5aee43b420995edb-006a291e13" "object-server 24" 0.0009 "-" 20 0
Jun 10 08:19:31 standalone object-server[126708]: 172.20.0.100 - - [10/Jun/2026:08:19:31 +0000] "PUT /d1/260/AUTH_7f00912ffce942ea98eb279238f21346/gnocchi.3bec67d3-7442-4515-a0f3-ec2cb102e461/1780920000.0_mean_300.0_v3" 201 - "PUT http://172.18.0.2:8080/v1/AUTH_7f00912ffce942ea98eb279238f21346/gnocchi.3bec67d3-7442-4515-a0f3-ec2cb102e461/1780920000.0_mean_300.0_v3" "txdec0a5aee43b420995edb-006a291e13" "proxy-server 20" 0.0137 "-" 24 0
Jun 10 08:19:31 standalone proxy-server[128651]: 172.18.0.2 172.18.0.100 10/Jun/2026/08/19/31 PUT /v1/AUTH_7f00912ffce942ea98eb279238f21346/gnocchi.3bec67d3-7442-4515-a0f3-ec2cb102e461/1780920000.0_mean_300.0_v3 HTTP/1.0 201 - python-swiftclient-3.11.1 gAAAAABqKR2KA6fE... 16 - - txdec0a5aee43b420995edb-006a291e13 - 0.0221 - - 1781079571.872512817 1781079571.894599199 0
Jun 10 08:19:31 standalone container-server[126454]: 172.20.0.100 - - [10/Jun/2026:08:19:31 +0000] "PUT /d1/856/AUTH_7f00912ffce942ea98eb279238f21346/gnocchi.3bec67d3-7442-4515-a0f3-ec2cb102e461/none_v3" 201 - "PUT http://172.18.0.2:8080/d1/405/AUTH_7f00912ffce942ea98eb279238f21346/gnocchi.3bec67d3-7442-4515-a0f3-ec2cb102e461/none_v3" "txac5b308a744b41fe944ca-006a291e13" "object-server 24" 0.0006 "-" 20 0
Jun 10 08:19:31 standalone object-server[126708]: 172.20.0.100 - - [10/Jun/2026:08:19:31 +0000] "PUT /d1/405/AUTH_7f00912ffce942ea98eb279238f21346/gnocchi.3bec67d3-7442-4515-a0f3-ec2cb102e461/none_v3" 201 - "PUT http://172.18.0.2:8080/v1/AUTH_7f00912ffce942ea98eb279238f21346/gnocchi.3bec67d3-7442-4515-a0f3-ec2cb102e461/none_v3" "txac5b308a744b41fe944ca-006a291e13" "proxy-server 20" 0.0123 "-" 24 0
Jun 10 08:19:31 standalone proxy-server[128651]: 172.18.0.2 172.18.0.100 10/Jun/2026/08/19/31 PUT /v1/AUTH_7f00912ffce942ea98eb279238f21346/gnocchi.3bec67d3-7442-4515-a0f3-ec2cb102e461/none_v3 HTTP/1.0 201 - python-swiftclient-3.11.1 gAAAAABqKR2KA6fE... 22 - - txac5b308a744b41fe944ca-006a291e13 - 0.0172 - - 1781079571.898319721 1781079571.915513515 0
Jun 10 08:19:31 standalone container-server[126469]: 172.20.0.100 - - [10/Jun/2026:08:19:31 +0000] "HEAD /d1/663/AUTH_7f00912ffce942ea98eb279238f21346/gnocchi.5c12216b-4fc7-4177-9777-ce53be89ce36" 404 - "HEAD http://172.18.0.2:8080/v1/AUTH_7f00912ffce942ea98eb279238f21346/gnocchi.5c12216b-4fc7-4177-9777-ce53be89ce36?format=json&states=listing" "tx74779f959c854ee9adf36-006a291e13" "proxy-server 20" 0.0003 "-" 23 0
Jun 10 08:19:31 standalone object-server[126707]: 172.20.0.100 - - [10/Jun/2026:08:19:31 +0000] "GET /d1/174/AUTH_7f00912ffce942ea98eb279238f21346/gnocchi.5c12216b-4fc7-4177-9777-ce53be89ce36/none_v3" 404 70 "GET http://172.18.0.2:8080/v1/AUTH_7f00912ffce942ea98eb279238f21346/gnocchi.5c12216b-4fc7-4177-9777-ce53be89ce36/none_v3" "tx74779f959c854ee9adf36-006a291e13" "proxy-server 20" 0.0003 "-" 23 0
Jun 10 08:19:31 standalone proxy-server[128651]: 172.18.0.2 172.18.0.100 10/Jun/2026/08/19/31 GET /v1/AUTH_7f00912ffce942ea98eb279238f21346/gnocchi.5c12216b-4fc7-4177-9777-ce53be89ce36/none_v3 HTTP/1.0 404 - python-swiftclient-3.11.1 gAAAAABqKR2KA6fE... - 70 - tx74779f959c854ee9adf36-006a291e13 - 0.0075 - - 1781079571.932615757 1781079571.940152884 0
Jun 10 08:19:31 standalone account-server[126440]: 172.20.0.100 - - [10/Jun/2026:08:19:31 +0000] "PUT /d1/300/AUTH_7f00912ffce942ea98eb279238f21346/gnocchi.5c12216b-4fc7-4177-9777-ce53be89ce36" 201 - "PUT http://172.20.0.100:6001/d1/663/AUTH_7f00912ffce942ea98eb279238f21346/gnocchi.5c12216b-4fc7-4177-9777-ce53be89ce36" "txf55802aaa83e44b8be408-006a291e13" "container-server 23" 0.0049 "-" 20 0
Jun 10 08:19:31 standalone container-server[126469]: 172.20.0.100 - - [10/Jun/2026:08:19:31 +0000] "PUT /d1/663/AUTH_7f00912ffce942ea98eb279238f21346/gnocchi.5c12216b-4fc7-4177-9777-ce53be89ce36" 201 - "PUT http://172.18.0.2:8080/v1/AUTH_7f00912ffce942ea98eb279238f21346/gnocchi.5c12216b-4fc7-4177-9777-ce53be89ce36" "txf55802aaa83e44b8be408-006a291e13" "proxy-server 20" 0.0131 "-" 23 0
Jun 10 08:19:31 standalone proxy-server[128651]: 172.18.0.2 172.18.0.100 10/Jun/2026/08/19/31 PUT /v1/AUTH_7f00912ffce942ea98eb279238f21346/gnocchi.5c12216b-4fc7-4177-9777-ce53be89ce36 HTTP/1.0 201 - python-swiftclient-3.11.1 gAAAAABqKR2KA6fE... - - - txf55802aaa83e44b8be408-006a291e13 - 0.0217 - - 1781079571.942930937 1781079571.964651346 0
Jun 10 08:19:31 standalone container-server[126466]: 172.20.0.100 - - [10/Jun/2026:08:19:31 +0000] "HEAD /d1/663/AUTH_7f00912ffce942ea98eb279238f21346/gnocchi.5c12216b-4fc7-4177-9777-ce53be89ce36" 204 - "HEAD http://172.18.0.2:8080/v1/AUTH_7f00912ffce942ea98eb279238f21346/gnocchi.5c12216b-4fc7-4177-9777-ce53be89ce36?format=json&states=listing" "tx929014b1b24944699ed17-006a291e13" "proxy-server 20" 0.0017 "-" 22 0
Jun 10 08:19:31 standalone proxy-server[128651]: - - 10/Jun/2026/08/19/31 HEAD /v1/AUTH_7f00912ffce942ea98eb279238f21346/gnocchi.5c12216b-4fc7-4177-9777-ce53be89ce36%3Fformat%3Djson%26states%3Dlisting HTTP/1.0 204 - Swift - - - - tx929014b1b24944699ed17-006a291e13 - 0.0048 RL - 1781079571.973121881 1781079571.977872849 0
Jun 10 08:19:31 standalone container-server[126454]: 172.20.0.100 - - [10/Jun/2026:08:19:31 +0000] "GET /d1/663/AUTH_7f00912ffce942ea98eb279238f21346/gnocchi.5c12216b-4fc7-4177-9777-ce53be89ce36" 200 2 "GET http://172.18.0.2:8080/v1/AUTH_7f00912ffce942ea98eb279238f21346/gnocchi.5c12216b-4fc7-4177-9777-ce53be89ce36?format=json&states=listing" "tx929014b1b24944699ed17-006a291e13" "proxy-server 20" 0.0037 "-" 20 0
Jun 10 08:19:31 standalone proxy-server[128651]: 172.18.0.2 172.18.0.100 10/Jun/2026/08/19/31 GET /v1/AUTH_7f00912ffce942ea98eb279238f21346/gnocchi.5c12216b-4fc7-4177-9777-ce53be89ce36%3Fformat%3Djson%26states%3Dlisting HTTP/1.0 200 - python-swiftclient-3.11.1 gAAAAABqKR2KA6fE... - 2 - tx929014b1b24944699ed17-006a291e13 - 0.0182 - - 1781079571.972067595 1781079571.990275383 0
Jun 10 08:19:31 standalone object-server[126706]: 172.20.0.100 - - [10/Jun/2026:08:19:31 +0000] "GET /d1/293/AUTH_7f00912ffce942ea98eb279238f21346/gnocchi.5c12216b-4fc7-4177-9777-ce53be89ce36/1780920000.0_mean_300.0_v3" 404 70 "GET http://172.18.0.2:8080/v1/AUTH_7f00912ffce942ea98eb279238f21346/gnocchi.5c12216b-4fc7-4177-9777-ce53be89ce36/1780920000.0_mean_300.0_v3" "tx5f57798d3a0a4550ba847-006a291e13" "proxy-server 20" 0.0003 "-" 22 0
Jun 10 08:19:32 standalone proxy-server[128651]: 172.18.0.2 172.18.0.100 10/Jun/2026/08/19/32 GET /v1/AUTH_7f00912ffce942ea98eb279238f21346/gnocchi.5c12216b-4fc7-4177-9777-ce53be89ce36/1780920000.0_mean_300.0_v3 HTTP/1.0 404 - python-swiftclient-3.11.1 gAAAAABqKR2KA6fE... - 70 - tx5f57798d3a0a4550ba847-006a291e13 - 0.0063 - - 1781079571.994050026 1781079572.000342131 0
Jun 10 08:19:32 standalone container-server[126466]: 172.20.0.100 - - [10/Jun/2026:08:19:32 +0000] "PUT /d1/663/AUTH_7f00912ffce942ea98eb279238f21346/gnocchi.5c12216b-4fc7-4177-9777-ce53be89ce36/1780920000.0_mean_300.0_v3" 201 - "PUT http://172.18.0.2:8080/d1/293/AUTH_7f00912ffce942ea98eb279238f21346/gnocchi.5c12216b-4fc7-4177-9777-ce53be89ce36/1780920000.0_mean_300.0_v3" "tx8a760a7f9e1e47e7b1a32-006a291e14" "object-server 22" 0.0005 "-" 22 0
Jun 10 08:19:32 standalone object-server[126706]: 172.20.0.100 - - [10/Jun/2026:08:19:32 +0000] "PUT /d1/293/AUTH_7f00912ffce942ea98eb279238f21346/gnocchi.5c12216b-4fc7-4177-9777-ce53be89ce36/1780920000.0_mean_300.0_v3" 201 - "PUT http://172.18.0.2:8080/v1/AUTH_7f00912ffce942ea98eb279238f21346/gnocchi.5c12216b-4fc7-4177-9777-ce53be89ce36/1780920000.0_mean_300.0_v3" "tx8a760a7f9e1e47e7b1a32-006a291e14" "proxy-server 20" 0.0082 "-" 22 0
Jun 10 08:19:32 standalone proxy-server[128651]: 172.18.0.2 172.18.0.100 10/Jun/2026/08/19/32 PUT /v1/AUTH_7f00912ffce942ea98eb279238f21346/gnocchi.5c12216b-4fc7-4177-9777-ce53be89ce36/1780920000.0_mean_300.0_v3 HTTP/1.0 201 - python-swiftclient-3.11.1 gAAAAABqKR2KA6fE... 16 - - tx8a760a7f9e1e47e7b1a32-006a291e14 - 0.0141 - - 1781079572.003222227 1781079572.017309427 0
Jun 10 08:19:32 standalone container-server[126466]: 172.20.0.100 - - [10/Jun/2026:08:19:32 +0000] "PUT /d1/663/AUTH_7f00912ffce942ea98eb279238f21346/gnocchi.5c12216b-4fc7-4177-9777-ce53be89ce36/none_v3" 201 - "PUT http://172.18.0.2:8080/d1/174/AUTH_7f00912ffce942ea98eb279238f21346/gnocchi.5c12216b-4fc7-4177-9777-ce53be89ce36/none_v3" "tx304f991b72334919a9888-006a291e14" "object-server 24" 0.0005 "-" 22 0
Jun 10 08:19:32 standalone object-server[126708]: 172.20.0.100 - - [10/Jun/2026:08:19:32 +0000] "PUT /d1/174/AUTH_7f00912ffce942ea98eb279238f21346/gnocchi.5c12216b-4fc7-4177-9777-ce53be89ce36/none_v3" 201 - "PUT http://172.18.0.2:8080/v1/AUTH_7f00912ffce942ea98eb279238f21346/gnocchi.5c12216b-4fc7-4177-9777-ce53be89ce36/none_v3" "tx304f991b72334919a9888-006a291e14" "proxy-server 20" 0.0087 "-" 24 0
Jun 10 08:19:32 standalone proxy-server[128651]: 172.18.0.2 172.18.0.100 10/Jun/2026/08/19/32 PUT /v1/AUTH_7f00912ffce942ea98eb279238f21346/gnocchi.5c12216b-4fc7-4177-9777-ce53be89ce36/none_v3 HTTP/1.0 201 - python-swiftclient-3.11.1 gAAAAABqKR2KA6fE... 22 - - tx304f991b72334919a9888-006a291e14 - 0.0159 - - 1781079572.020531178 1781079572.036399603 0
Jun 10 08:19:37 standalone container-server[126464]: 172.20.0.100 - - [10/Jun/2026:08:19:37 +0000] "HEAD /d1/591/AUTH_7f00912ffce942ea98eb279238f21346/gnocchi.0a6582af-fee2-49ee-b10a-7620ea92f7d4" 404 - "HEAD http://172.18.0.2:8080/v1/AUTH_7f00912ffce942ea98eb279238f21346/gnocchi.0a6582af-fee2-49ee-b10a-7620ea92f7d4?format=json&states=listing" "txe4273acf4766404596599-006a291e19" "proxy-server 20" 0.0004 "-" 21 0
Jun 10 08:19:37 standalone object-server[126707]: 172.20.0.100 - - [10/Jun/2026:08:19:37 +0000] "GET /d1/748/AUTH_7f00912ffce942ea98eb279238f21346/gnocchi.0a6582af-fee2-49ee-b10a-7620ea92f7d4/none_v3" 404 70 "GET http://172.18.0.2:8080/v1/AUTH_7f00912ffce942ea98eb279238f21346/gnocchi.0a6582af-fee2-49ee-b10a-7620ea92f7d4/none_v3" "txe4273acf4766404596599-006a291e19" "proxy-server 20" 0.0005 "-" 23 0
Jun 10 08:19:37 standalone proxy-server[128651]: 172.18.0.2 172.18.0.100 10/Jun/2026/08/19/37 GET /v1/AUTH_7f00912ffce942ea98eb279238f21346/gnocchi.0a6582af-fee2-49ee-b10a-7620ea92f7d4/none_v3 HTTP/1.0 404 - python-swiftclient-3.11.1 gAAAAABqKR2KA6fE... - 70 - txe4273acf4766404596599-006a291e19 - 0.0198 - - 1781079577.784301043 1781079577.804092646 0
Jun 10 08:19:37 standalone account-server[126465]: 172.20.0.100 - - [10/Jun/2026:08:19:37 +0000] "PUT /d1/300/AUTH_7f00912ffce942ea98eb279238f21346/gnocchi.0a6582af-fee2-49ee-b10a-7620ea92f7d4" 201 - "PUT http://172.20.0.100:6001/d1/591/AUTH_7f00912ffce942ea98eb279238f21346/gnocchi.0a6582af-fee2-49ee-b10a-7620ea92f7d4" "txf65194c1a85d488aadea9-006a291e19" "container-server 23" 0.0053 "-" 23 0
Jun 10 08:19:37 standalone container-server[126469]: 172.20.0.100 - - [10/Jun/2026:08:19:37 +0000] "PUT /d1/591/AUTH_7f00912ffce942ea98eb279238f21346/gnocchi.0a6582af-fee2-49ee-b10a-7620ea92f7d4" 201 - "PUT http://172.18.0.2:8080/v1/AUTH_7f00912ffce942ea98eb279238f21346/gnocchi.0a6582af-fee2-49ee-b10a-7620ea92f7d4" "txf65194c1a85d488aadea9-006a291e19" "proxy-server 20" 0.0144 "-" 23 0
Jun 10 08:19:37 standalone proxy-server[128651]: 172.18.0.2 172.18.0.100 10/Jun/2026/08/19/37 PUT /v1/AUTH_7f00912ffce942ea98eb279238f21346/gnocchi.0a6582af-fee2-49ee-b10a-7620ea92f7d4 HTTP/1.0 201 - python-swiftclient-3.11.1 gAAAAABqKR2KA6fE... - - - txf65194c1a85d488aadea9-006a291e19 - 0.0228 - - 1781079577.808566332 1781079577.831387281 0
Jun 10 08:19:37 standalone container-server[126466]: 172.20.0.100 - - [10/Jun/2026:08:19:37 +0000] "HEAD /d1/591/AUTH_7f00912ffce942ea98eb279238f21346/gnocchi.0a6582af-fee2-49ee-b10a-7620ea92f7d4" 204 - "HEAD http://172.18.0.2:8080/v1/AUTH_7f00912ffce942ea98eb279238f21346/gnocchi.0a6582af-fee2-49ee-b10a-7620ea92f7d4?format=json&states=listing" "tx7429c772c8fc43b0899e5-006a291e19" "proxy-server 20" 0.0013 "-" 22 0
Jun 10 08:19:37 standalone proxy-server[128651]: - - 10/Jun/2026/08/19/37 HEAD /v1/AUTH_7f00912ffce942ea98eb279238f21346/gnocchi.0a6582af-fee2-49ee-b10a-7620ea92f7d4%3Fformat%3Djson%26states%3Dlisting HTTP/1.0 204 - Swift - - - - tx7429c772c8fc43b0899e5-006a291e19 - 0.0054 RL - 1781079577.837746382 1781079577.843103647 0
Jun 10 08:19:37 standalone container-server[126464]: 172.20.0.100 - - [10/Jun/2026:08:19:37 +0000] "GET /d1/591/AUTH_7f00912ffce942ea98eb279238f21346/gnocchi.0a6582af-fee2-49ee-b10a-7620ea92f7d4" 200 2 "GET http://172.18.0.2:8080/v1/AUTH_7f00912ffce942ea98eb279238f21346/gnocchi.0a6582af-fee2-49ee-b10a-7620ea92f7d4?format=json&states=listing" "tx7429c772c8fc43b0899e5-006a291e19" "proxy-server 20" 0.0026 "-" 21 0
Jun 10 08:19:37 standalone proxy-server[128651]: 172.18.0.2 172.18.0.100 10/Jun/2026/08/19/37 GET /v1/AUTH_7f00912ffce942ea98eb279238f21346/gnocchi.0a6582af-fee2-49ee-b10a-7620ea92f7d4%3Fformat%3Djson%26states%3Dlisting HTTP/1.0 200 - python-swiftclient-3.11.1 gAAAAABqKR2KA6fE... - 2 - tx7429c772c8fc43b0899e5-006a291e19 - 0.0178 - - 1781079577.836175680 1781079577.853973389 0
Jun 10 08:19:37 standalone object-server[126706]: 172.20.0.100 - - [10/Jun/2026:08:19:37 +0000] "GET /d1/73/AUTH_7f00912ffce942ea98eb279238f21346/gnocchi.0a6582af-fee2-49ee-b10a-7620ea92f7d4/1780920000.0_mean_300.0_v3" 404 70 "GET http://172.18.0.2:8080/v1/AUTH_7f00912ffce942ea98eb279238f21346/gnocchi.0a6582af-fee2-49ee-b10a-7620ea92f7d4/1780920000.0_mean_300.0_v3" "txd758b0a93962408a98c3c-006a291e19" "proxy-server 20" 0.0005 "-" 22 0
Jun 10 08:19:37 standalone proxy-server[128651]: 172.18.0.2 172.18.0.100 10/Jun/2026/08/19/37 GET /v1/AUTH_7f00912ffce942ea98eb279238f21346/gnocchi.0a6582af-fee2-49ee-b10a-7620ea92f7d4/1780920000.0_mean_300.0_v3 HTTP/1.0 404 - python-swiftclient-3.11.1 gAAAAABqKR2KA6fE... - 70 - txd758b0a93962408a98c3c-006a291e19 - 0.0134 - - 1781079577.861077547 1781079577.874434233 0
Jun 10 08:19:37 standalone container-server[126454]: 172.20.0.100 - - [10/Jun/2026:08:19:37 +0000] "PUT /d1/591/AUTH_7f00912ffce942ea98eb279238f21346/gnocchi.0a6582af-fee2-49ee-b10a-7620ea92f7d4/1780920000.0_mean_300.0_v3" 201 - "PUT http://172.18.0.2:8080/d1/73/AUTH_7f00912ffce942ea98eb279238f21346/gnocchi.0a6582af-fee2-49ee-b10a-7620ea92f7d4/1780920000.0_mean_300.0_v3" "tx40db08b8236047d584d99-006a291e19" "object-server 24" 0.0007 "-" 20 0
Jun 10 08:19:37 standalone object-server[126708]: 172.20.0.100 - - [10/Jun/2026:08:19:37 +0000] "PUT /d1/73/AUTH_7f00912ffce942ea98eb279238f21346/gnocchi.0a6582af-fee2-49ee-b10a-7620ea92f7d4/1780920000.0_mean_300.0_v3" 201 - "PUT http://172.18.0.2:8080/v1/AUTH_7f00912ffce942ea98eb279238f21346/gnocchi.0a6582af-fee2-49ee-b10a-7620ea92f7d4/1780920000.0_mean_300.0_v3" "tx40db08b8236047d584d99-006a291e19" "proxy-server 20" 0.0112 "-" 24 0
Jun 10 08:19:37 standalone proxy-server[128651]: 172.18.0.2 172.18.0.100 10/Jun/2026/08/19/37 PUT /v1/AUTH_7f00912ffce942ea98eb279238f21346/gnocchi.0a6582af-fee2-49ee-b10a-7620ea92f7d4/1780920000.0_mean_300.0_v3 HTTP/1.0 201 - python-swiftclient-3.11.1 gAAAAABqKR2KA6fE... 16 - - tx40db08b8236047d584d99-006a291e19 - 0.0196 - - 1781079577.879435778 1781079577.899001837 0
Jun 10 08:19:37 standalone container-server[126469]: 172.20.0.100 - - [10/Jun/2026:08:19:37 +0000] "PUT /d1/591/AUTH_7f00912ffce942ea98eb279238f21346/gnocchi.0a6582af-fee2-49ee-b10a-7620ea92f7d4/none_v3" 201 - "PUT http://172.18.0.2:8080/d1/748/AUTH_7f00912ffce942ea98eb279238f21346/gnocchi.0a6582af-fee2-49ee-b10a-7620ea92f7d4/none_v3" "txd3dd3f2a21aa49a0ac004-006a291e19" "object-server 22" 0.0006 "-" 23 0
Jun 10 08:19:37 standalone object-server[126706]: 172.20.0.100 - - [10/Jun/2026:08:19:37 +0000] "PUT /d1/748/AUTH_7f00912ffce942ea98eb279238f21346/gnocchi.0a6582af-fee2-49ee-b10a-7620ea92f7d4/none_v3" 201 - "PUT http://172.18.0.2:8080/v1/AUTH_7f00912ffce942ea98eb279238f21346/gnocchi.0a6582af-fee2-49ee-b10a-7620ea92f7d4/none_v3" "txd3dd3f2a21aa49a0ac004-006a291e19" "proxy-server 20" 0.0128 "-" 22 0
Jun 10 08:19:37 standalone proxy-server[128651]: 172.18.0.2 172.18.0.100 10/Jun/2026/08/19/37 PUT /v1/AUTH_7f00912ffce942ea98eb279238f21346/gnocchi.0a6582af-fee2-49ee-b10a-7620ea92f7d4/none_v3 HTTP/1.0 201 - python-swiftclient-3.11.1 gAAAAABqKR2KA6fE... 22 - - txd3dd3f2a21aa49a0ac004-006a291e19 - 0.0378 - - 1781079577.902211666 1781079577.940060377 0
Jun 10 08:19:42 standalone object-server[126708]: 172.20.0.100 - - [10/Jun/2026:08:19:42 +0000] "GET /d1/748/AUTH_7f00912ffce942ea98eb279238f21346/gnocchi.0a6582af-fee2-49ee-b10a-7620ea92f7d4/none_v3" 200 22 "GET http://172.18.0.2:8080/v1/AUTH_7f00912ffce942ea98eb279238f21346/gnocchi.0a6582af-fee2-49ee-b10a-7620ea92f7d4/none_v3" "tx4f3fa7c27ff14479bbaf9-006a291e1e" "proxy-server 20" 0.0018 "-" 24 0
Jun 10 08:19:42 standalone proxy-server[128651]: 172.18.0.2 172.18.0.100 10/Jun/2026/08/19/42 GET /v1/AUTH_7f00912ffce942ea98eb279238f21346/gnocchi.0a6582af-fee2-49ee-b10a-7620ea92f7d4/none_v3 HTTP/1.0 200 - python-swiftclient-3.11.1 gAAAAABqKR2KA6fE... - 22 - tx4f3fa7c27ff14479bbaf9-006a291e1e - 0.0136 - - 1781079582.842398167 1781079582.856032848 0
Jun 10 08:19:42 standalone container-server[126454]: 172.20.0.100 - - [10/Jun/2026:08:19:42 +0000] "GET /d1/591/AUTH_7f00912ffce942ea98eb279238f21346/gnocchi.0a6582af-fee2-49ee-b10a-7620ea92f7d4" 200 357 "GET http://172.18.0.2:8080/v1/AUTH_7f00912ffce942ea98eb279238f21346/gnocchi.0a6582af-fee2-49ee-b10a-7620ea92f7d4?format=json&states=listing" "txf1354bbe32744d598860a-006a291e1e" "proxy-server 20" 0.0111 "-" 20 0
Jun 10 08:19:42 standalone proxy-server[128651]: 172.18.0.2 172.18.0.100 10/Jun/2026/08/19/42 GET /v1/AUTH_7f00912ffce942ea98eb279238f21346/gnocchi.0a6582af-fee2-49ee-b10a-7620ea92f7d4%3Fformat%3Djson%26states%3Dlisting HTTP/1.0 200 - python-swiftclient-3.11.1 gAAAAABqKR2KA6fE... - 357 - txf1354bbe32744d598860a-006a291e1e - 0.0257 - - 1781079582.863566160 1781079582.889311790 0
Jun 10 08:19:42 standalone container-server[126466]: 172.20.0.100 - - [10/Jun/2026:08:19:42 +0000] "GET /d1/591/AUTH_7f00912ffce942ea98eb279238f21346/gnocchi.0a6582af-fee2-49ee-b10a-7620ea92f7d4" 200 2 "GET http://172.18.0.2:8080/v1/AUTH_7f00912ffce942ea98eb279238f21346/gnocchi.0a6582af-fee2-49ee-b10a-7620ea92f7d4?format=json&marker=none_v3&states=listing" "tx244d16292ba3411f8d861-006a291e1e" "proxy-server 20" 0.0031 "-" 22 0
Jun 10 08:19:42 standalone proxy-server[128651]: 172.18.0.2 172.18.0.100 10/Jun/2026/08/19/42 GET /v1/AUTH_7f00912ffce942ea98eb279238f21346/gnocchi.0a6582af-fee2-49ee-b10a-7620ea92f7d4%3Fformat%3Djson%26marker%3Dnone_v3%26states%3Dlisting HTTP/1.0 200 - python-swiftclient-3.11.1 gAAAAABqKR2KA6fE... - 2 - tx244d16292ba3411f8d861-006a291e1e - 0.0171 - - 1781079582.894439459 1781079582.911489725 0
Jun 10 08:19:42 standalone object-server[126707]: 172.20.0.100 - - [10/Jun/2026:08:19:42 +0000] "GET /d1/73/AUTH_7f00912ffce942ea98eb279238f21346/gnocchi.0a6582af-fee2-49ee-b10a-7620ea92f7d4/1780920000.0_mean_300.0_v3" 200 16 "GET http://172.18.0.2:8080/v1/AUTH_7f00912ffce942ea98eb279238f21346/gnocchi.0a6582af-fee2-49ee-b10a-7620ea92f7d4/1780920000.0_mean_300.0_v3" "txa047db4a00ee41429a19f-006a291e1e" "proxy-server 20" 0.0008 "-" 23 0
Jun 10 08:19:42 standalone proxy-server[128651]: 172.18.0.2 172.18.0.100 10/Jun/2026/08/19/42 GET /v1/AUTH_7f00912ffce942ea98eb279238f21346/gnocchi.0a6582af-fee2-49ee-b10a-7620ea92f7d4/1780920000.0_mean_300.0_v3 HTTP/1.0 200 - python-swiftclient-3.11.1 gAAAAABqKR2KA6fE... - 16 - txa047db4a00ee41429a19f-006a291e1e - 0.0071 - - 1781079582.916319847 1781079582.923410416 0
Jun 10 08:19:42 standalone container-server[126469]: 172.20.0.100 - - [10/Jun/2026:08:19:42 +0000] "PUT /d1/591/AUTH_7f00912ffce942ea98eb279238f21346/gnocchi.0a6582af-fee2-49ee-b10a-7620ea92f7d4/1780920000.0_mean_300.0_v3" 201 - "PUT http://172.18.0.2:8080/d1/73/AUTH_7f00912ffce942ea98eb279238f21346/gnocchi.0a6582af-fee2-49ee-b10a-7620ea92f7d4/1780920000.0_mean_300.0_v3" "tx37ae0c39bdb04e5d9e658-006a291e1e" "object-server 25" 0.0006 "-" 23 0
Jun 10 08:19:42 standalone object-server[126714]: 172.20.0.100 - - [10/Jun/2026:08:19:42 +0000] "PUT /d1/73/AUTH_7f00912ffce942ea98eb279238f21346/gnocchi.0a6582af-fee2-49ee-b10a-7620ea92f7d4/1780920000.0_mean_300.0_v3" 201 - "PUT http://172.18.0.2:8080/v1/AUTH_7f00912ffce942ea98eb279238f21346/gnocchi.0a6582af-fee2-49ee-b10a-7620ea92f7d4/1780920000.0_mean_300.0_v3" "tx37ae0c39bdb04e5d9e658-006a291e1e" "proxy-server 20" 0.0096 "-" 25 0
Jun 10 08:19:42 standalone proxy-server[128651]: 172.18.0.2 172.18.0.100 10/Jun/2026/08/19/42 PUT /v1/AUTH_7f00912ffce942ea98eb279238f21346/gnocchi.0a6582af-fee2-49ee-b10a-7620ea92f7d4/1780920000.0_mean_300.0_v3 HTTP/1.0 201 - python-swiftclient-3.11.1 gAAAAABqKR2KA6fE... 16 - - tx37ae0c39bdb04e5d9e658-006a291e1e - 0.0144 - - 1781079582.926022053 1781079582.940453529 0
Jun 10 08:19:42 standalone container-server[126469]: 172.20.0.100 - - [10/Jun/2026:08:19:42 +0000] "PUT /d1/591/AUTH_7f00912ffce942ea98eb279238f21346/gnocchi.0a6582af-fee2-49ee-b10a-7620ea92f7d4/none_v3" 201 - "PUT http://172.18.0.2:8080/d1/748/AUTH_7f00912ffce942ea98eb279238f21346/gnocchi.0a6582af-fee2-49ee-b10a-7620ea92f7d4/none_v3" "tx6126224910bd427e97de0-006a291e1e" "object-server 22" 0.0005 "-" 23 0
Jun 10 08:19:42 standalone object-server[126706]: 172.20.0.100 - - [10/Jun/2026:08:19:42 +0000] "PUT /d1/748/AUTH_7f00912ffce942ea98eb279238f21346/gnocchi.0a6582af-fee2-49ee-b10a-7620ea92f7d4/none_v3" 201 - "PUT http://172.18.0.2:8080/v1/AUTH_7f00912ffce942ea98eb279238f21346/gnocchi.0a6582af-fee2-49ee-b10a-7620ea92f7d4/none_v3" "tx6126224910bd427e97de0-006a291e1e" "proxy-server 20" 0.0096 "-" 22 0
Jun 10 08:19:42 standalone proxy-server[128651]: 172.18.0.2 172.18.0.100 10/Jun/2026/08/19/42 PUT /v1/AUTH_7f00912ffce942ea98eb279238f21346/gnocchi.0a6582af-fee2-49ee-b10a-7620ea92f7d4/none_v3 HTTP/1.0 201 - python-swiftclient-3.11.1 gAAAAABqKR2KA6fE... 32 - - tx6126224910bd427e97de0-006a291e1e - 0.0160 - - 1781079582.943296671 1781079582.959287643 0
Jun 10 08:20:12 standalone account-server[126440]: 172.20.0.100 - - [10/Jun/2026:08:20:12 +0000] "HEAD /d1/619/.expiring_objects" 404 - "HEAD http://localhost/v1/.expiring_objects?format=json" "txffbb656ce2294b0dbf369-006a291e3c" "proxy-server 2" 0.0007 "-" 20 -
Jun 10 08:20:12 standalone object-expirer[126492]: Pass completed in 0s; 0 objects expired (txn: txffbb656ce2294b0dbf369-006a291e3c)
Jun 10 08:20:30 standalone account-server[126465]: 172.20.0.100 - - [10/Jun/2026:08:20:30 +0000] "HEAD /d1/619/.expiring_objects" 404 - "HEAD http://localhost/v1/.expiring_objects?format=json" "tx91365eec7a174fb39ce2c-006a291e4e" "proxy-server 2" 0.0009 "-" 23 -
Jun 10 08:20:30 standalone object-expirer[126492]: Pass completed in 0s; 0 objects expired (txn: tx91365eec7a174fb39ce2c-006a291e4e)
Jun 10 08:20:46 standalone account-server[126455]: 172.20.0.100 - - [10/Jun/2026:08:20:46 +0000] "HEAD /d1/300/AUTH_7f00912ffce942ea98eb279238f21346" 204 - "HEAD http://172.18.0.2:8080/v1/AUTH_7f00912ffce942ea98eb279238f21346?format=json" "tx91976d30bacf4259b3ca0-006a291e5e" "proxy-server 20" 0.0060 "-" 22 -
Jun 10 08:20:46 standalone proxy-server[128651]: - - 10/Jun/2026/08/20/46 HEAD /v1/AUTH_7f00912ffce942ea98eb279238f21346%3Fformat%3Djson HTTP/1.0 204 - Swift - - - - tx91976d30bacf4259b3ca0-006a291e5e - 0.0115 RL - 1781079646.923161745 1781079646.934615135 -
Jun 10 08:20:46 standalone container-server[126464]: 172.20.0.100 - - [10/Jun/2026:08:20:46 +0000] "HEAD /d1/431/AUTH_7f00912ffce942ea98eb279238f21346/gnocchi.af49ba99-9c4d-4cfb-acd8-d19eea985c52" 404 - "HEAD http://172.18.0.2:8080/v1/AUTH_7f00912ffce942ea98eb279238f21346/gnocchi.af49ba99-9c4d-4cfb-acd8-d19eea985c52?format=json&states=listing" "tx91976d30bacf4259b3ca0-006a291e5e" "proxy-server 20" 0.0007 "-" 21 0
Jun 10 08:20:46 standalone object-server[126714]: 172.20.0.100 - - [10/Jun/2026:08:20:46 +0000] "GET /d1/150/AUTH_7f00912ffce942ea98eb279238f21346/gnocchi.af49ba99-9c4d-4cfb-acd8-d19eea985c52/none_v3" 404 70 "GET http://172.18.0.2:8080/v1/AUTH_7f00912ffce942ea98eb279238f21346/gnocchi.af49ba99-9c4d-4cfb-acd8-d19eea985c52/none_v3" "tx91976d30bacf4259b3ca0-006a291e5e" "proxy-server 20" 0.0011 "-" 25 0
Jun 10 08:20:46 standalone proxy-server[128651]: 172.18.0.2 172.18.0.100 10/Jun/2026/08/20/46 GET /v1/AUTH_7f00912ffce942ea98eb279238f21346/gnocchi.af49ba99-9c4d-4cfb-acd8-d19eea985c52/none_v3 HTTP/1.0 404 - python-swiftclient-3.11.1 gAAAAABqKR2KA6fE... - 70 - tx91976d30bacf4259b3ca0-006a291e5e - 0.0256 - - 1781079646.921907425 1781079646.947537899 0
Jun 10 08:20:46 standalone account-server[126448]: 172.20.0.100 - - [10/Jun/2026:08:20:46 +0000] "PUT /d1/300/AUTH_7f00912ffce942ea98eb279238f21346/gnocchi.af49ba99-9c4d-4cfb-acd8-d19eea985c52" 201 - "PUT http://172.20.0.100:6001/d1/431/AUTH_7f00912ffce942ea98eb279238f21346/gnocchi.af49ba99-9c4d-4cfb-acd8-d19eea985c52" "tx8d69d36927e84f6aac9f8-006a291e5e" "container-server 20" 0.0017 "-" 21 0
Jun 10 08:20:46 standalone container-server[126454]: 172.20.0.100 - - [10/Jun/2026:08:20:46 +0000] "PUT /d1/431/AUTH_7f00912ffce942ea98eb279238f21346/gnocchi.af49ba99-9c4d-4cfb-acd8-d19eea985c52" 201 - "PUT http://172.18.0.2:8080/v1/AUTH_7f00912ffce942ea98eb279238f21346/gnocchi.af49ba99-9c4d-4cfb-acd8-d19eea985c52" "tx8d69d36927e84f6aac9f8-006a291e5e" "proxy-server 20" 0.0172 "-" 20 0
Jun 10 08:20:46 standalone proxy-server[128651]: 172.18.0.2 172.18.0.100 10/Jun/2026/08/20/46 PUT /v1/AUTH_7f00912ffce942ea98eb279238f21346/gnocchi.af49ba99-9c4d-4cfb-acd8-d19eea985c52 HTTP/1.0 201 - python-swiftclient-3.11.1 gAAAAABqKR2KA6fE... - - - tx8d69d36927e84f6aac9f8-006a291e5e - 0.0242 - - 1781079646.951454163 1781079646.975665569 0
Jun 10 08:20:46 standalone container-server[126454]: 172.20.0.100 - - [10/Jun/2026:08:20:46 +0000] "HEAD /d1/431/AUTH_7f00912ffce942ea98eb279238f21346/gnocchi.af49ba99-9c4d-4cfb-acd8-d19eea985c52" 204 - "HEAD http://172.18.0.2:8080/v1/AUTH_7f00912ffce942ea98eb279238f21346/gnocchi.af49ba99-9c4d-4cfb-acd8-d19eea985c52?format=json&states=listing" "txad956b5bce2a4cc1a7e4b-006a291e5e" "proxy-server 20" 0.0022 "-" 20 0
Jun 10 08:20:46 standalone proxy-server[128651]: - - 10/Jun/2026/08/20/46 HEAD /v1/AUTH_7f00912ffce942ea98eb279238f21346/gnocchi.af49ba99-9c4d-4cfb-acd8-d19eea985c52%3Fformat%3Djson%26states%3Dlisting HTTP/1.0 204 - Swift - - - - txad956b5bce2a4cc1a7e4b-006a291e5e - 0.0073 RL - 1781079646.982153893 1781079646.989441872 0
Jun 10 08:20:47 standalone container-server[126454]: 172.20.0.100 - - [10/Jun/2026:08:20:47 +0000] "GET /d1/431/AUTH_7f00912ffce942ea98eb279238f21346/gnocchi.af49ba99-9c4d-4cfb-acd8-d19eea985c52" 200 2 "GET http://172.18.0.2:8080/v1/AUTH_7f00912ffce942ea98eb279238f21346/gnocchi.af49ba99-9c4d-4cfb-acd8-d19eea985c52?format=json&states=listing" "txad956b5bce2a4cc1a7e4b-006a291e5e" "proxy-server 20" 0.0033 "-" 20 0
Jun 10 08:20:47 standalone proxy-server[128651]: 172.18.0.2 172.18.0.100 10/Jun/2026/08/20/47 GET /v1/AUTH_7f00912ffce942ea98eb279238f21346/gnocchi.af49ba99-9c4d-4cfb-acd8-d19eea985c52%3Fformat%3Djson%26states%3Dlisting HTTP/1.0 200 - python-swiftclient-3.11.1 gAAAAABqKR2KA6fE... - 2 - txad956b5bce2a4cc1a7e4b-006a291e5e - 0.0296 - - 1781079646.980136395 1781079647.009767771 0
Jun 10 08:20:47 standalone object-server[126706]: 172.20.0.100 - - [10/Jun/2026:08:20:47 +0000] "GET /d1/614/AUTH_7f00912ffce942ea98eb279238f21346/gnocchi.af49ba99-9c4d-4cfb-acd8-d19eea985c52/1780920000.0_mean_300.0_v3" 404 70 "GET http://172.18.0.2:8080/v1/AUTH_7f00912ffce942ea98eb279238f21346/gnocchi.af49ba99-9c4d-4cfb-acd8-d19eea985c52/1780920000.0_mean_300.0_v3" "tx29fee7e86108447dbcb6e-006a291e5f" "proxy-server 20" 0.0005 "-" 22 0
Jun 10 08:20:47 standalone proxy-server[128651]: 172.18.0.2 172.18.0.100 10/Jun/2026/08/20/47 GET /v1/AUTH_7f00912ffce942ea98eb279238f21346/gnocchi.af49ba99-9c4d-4cfb-acd8-d19eea985c52/1780920000.0_mean_300.0_v3 HTTP/1.0 404 - python-swiftclient-3.11.1 gAAAAABqKR2KA6fE... - 70 - tx29fee7e86108447dbcb6e-006a291e5f - 0.0113 - - 1781079647.023017406 1781079647.034331083 0
Jun 10 08:20:47 standalone container-server[126469]: 172.20.0.100 - - [10/Jun/2026:08:20:47 +0000] "PUT /d1/431/AUTH_7f00912ffce942ea98eb279238f21346/gnocchi.af49ba99-9c4d-4cfb-acd8-d19eea985c52/1780920000.0_mean_300.0_v3" 201 - "PUT http://172.18.0.2:8080/d1/614/AUTH_7f00912ffce942ea98eb279238f21346/gnocchi.af49ba99-9c4d-4cfb-acd8-d19eea985c52/1780920000.0_mean_300.0_v3" "tx2f3792283b6b446aa552b-006a291e5f" "object-server 25" 0.0006 "-" 23 0
Jun 10 08:20:47 standalone object-server[126714]: 172.20.0.100 - - [10/Jun/2026:08:20:47 +0000] "PUT /d1/614/AUTH_7f00912ffce942ea98eb279238f21346/gnocchi.af49ba99-9c4d-4cfb-acd8-d19eea985c52/1780920000.0_mean_300.0_v3" 201 - "PUT http://172.18.0.2:8080/v1/AUTH_7f00912ffce942ea98eb279238f21346/gnocchi.af49ba99-9c4d-4cfb-acd8-d19eea985c52/1780920000.0_mean_300.0_v3" "tx2f3792283b6b446aa552b-006a291e5f" "proxy-server 20" 0.0128 "-" 25 0
Jun 10 08:20:47 standalone proxy-server[128651]: 172.18.0.2 172.18.0.100 10/Jun/2026/08/20/47 PUT /v1/AUTH_7f00912ffce942ea98eb279238f21346/gnocchi.af49ba99-9c4d-4cfb-acd8-d19eea985c52/1780920000.0_mean_300.0_v3 HTTP/1.0 201 - python-swiftclient-3.11.1 gAAAAABqKR2KA6fE... 16 - - tx2f3792283b6b446aa552b-006a291e5f - 0.0216 - - 1781079647.037509918 1781079647.059095144 0
Jun 10 08:20:47 standalone container-server[126466]: 172.20.0.100 - - [10/Jun/2026:08:20:47 +0000] "PUT /d1/431/AUTH_7f00912ffce942ea98eb279238f21346/gnocchi.af49ba99-9c4d-4cfb-acd8-d19eea985c52/none_v3" 201 - "PUT http://172.18.0.2:8080/d1/150/AUTH_7f00912ffce942ea98eb279238f21346/gnocchi.af49ba99-9c4d-4cfb-acd8-d19eea985c52/none_v3" "tx314e88689b5f4a1cb541d-006a291e5f" "object-server 23" 0.0006 "-" 22 0
Jun 10 08:20:47 standalone object-server[126707]: 172.20.0.100 - - [10/Jun/2026:08:20:47 +0000] "PUT /d1/150/AUTH_7f00912ffce942ea98eb279238f21346/gnocchi.af49ba99-9c4d-4cfb-acd8-d19eea985c52/none_v3" 201 - "PUT http://172.18.0.2:8080/v1/AUTH_7f00912ffce942ea98eb279238f21346/gnocchi.af49ba99-9c4d-4cfb-acd8-d19eea985c52/none_v3" "tx314e88689b5f4a1cb541d-006a291e5f" "proxy-server 20" 0.0113 "-" 23 0
Jun 10 08:20:47 standalone proxy-server[128651]: 172.18.0.2 172.18.0.100 10/Jun/2026/08/20/47 PUT /v1/AUTH_7f00912ffce942ea98eb279238f21346/gnocchi.af49ba99-9c4d-4cfb-acd8-d19eea985c52/none_v3 HTTP/1.0 201 - python-swiftclient-3.11.1 gAAAAABqKR2KA6fE... 22 - - tx314e88689b5f4a1cb541d-006a291e5f - 0.0172 - - 1781079647.062319756 1781079647.079510927 0
Jun 10 08:20:47 standalone container-server[126466]: 172.20.0.100 - - [10/Jun/2026:08:20:47 +0000] "HEAD /d1/705/AUTH_7f00912ffce942ea98eb279238f21346/gnocchi.ff84bc24-a48c-40dd-becc-e9cf8126fc71" 404 - "HEAD http://172.18.0.2:8080/v1/AUTH_7f00912ffce942ea98eb279238f21346/gnocchi.ff84bc24-a48c-40dd-becc-e9cf8126fc71?format=json&states=listing" "tx7d0676ceb2954f96bf83d-006a291e5f" "proxy-server 20" 0.0004 "-" 22 0
Jun 10 08:20:47 standalone object-server[126714]: 172.20.0.100 - - [10/Jun/2026:08:20:47 +0000] "GET /d1/13/AUTH_7f00912ffce942ea98eb279238f21346/gnocchi.ff84bc24-a48c-40dd-becc-e9cf8126fc71/none_v3" 404 70 "GET http://172.18.0.2:8080/v1/AUTH_7f00912ffce942ea98eb279238f21346/gnocchi.ff84bc24-a48c-40dd-becc-e9cf8126fc71/none_v3" "tx7d0676ceb2954f96bf83d-006a291e5f" "proxy-server 20" 0.0003 "-" 25 0
Jun 10 08:20:47 standalone proxy-server[128651]: 172.18.0.2 172.18.0.100 10/Jun/2026/08/20/47 GET /v1/AUTH_7f00912ffce942ea98eb279238f21346/gnocchi.ff84bc24-a48c-40dd-becc-e9cf8126fc71/none_v3 HTTP/1.0 404 - python-swiftclient-3.11.1 gAAAAABqKR2KA6fE... - 70 - tx7d0676ceb2954f96bf83d-006a291e5f - 0.0202 - - 1781079647.129572392 1781079647.149734735 0
Jun 10 08:20:47 standalone account-server[126440]: 172.20.0.100 - - [10/Jun/2026:08:20:47 +0000] "PUT /d1/300/AUTH_7f00912ffce942ea98eb279238f21346/gnocchi.ff84bc24-a48c-40dd-becc-e9cf8126fc71" 201 - "PUT http://172.20.0.100:6001/d1/705/AUTH_7f00912ffce942ea98eb279238f21346/gnocchi.ff84bc24-a48c-40dd-becc-e9cf8126fc71" "tx0193709f6aab47989e22b-006a291e5f" "container-server 20" 0.0114 "-" 20 0
Jun 10 08:20:47 standalone container-server[126454]: 172.20.0.100 - - [10/Jun/2026:08:20:47 +0000] "PUT /d1/705/AUTH_7f00912ffce942ea98eb279238f21346/gnocchi.ff84bc24-a48c-40dd-becc-e9cf8126fc71" 201 - "PUT http://172.18.0.2:8080/v1/AUTH_7f00912ffce942ea98eb279238f21346/gnocchi.ff84bc24-a48c-40dd-becc-e9cf8126fc71" "tx0193709f6aab47989e22b-006a291e5f" "proxy-server 20" 0.0285 "-" 20 0
Jun 10 08:20:47 standalone proxy-server[128651]: 172.18.0.2 172.18.0.100 10/Jun/2026/08/20/47 PUT /v1/AUTH_7f00912ffce942ea98eb279238f21346/gnocchi.ff84bc24-a48c-40dd-becc-e9cf8126fc71 HTTP/1.0 201 - python-swiftclient-3.11.1 gAAAAABqKR2KA6fE... - - - tx0193709f6aab47989e22b-006a291e5f - 0.0385 - - 1781079647.152102232 1781079647.190610409 0
Jun 10 08:20:47 standalone container-server[126464]: 172.20.0.100 - - [10/Jun/2026:08:20:47 +0000] "HEAD /d1/705/AUTH_7f00912ffce942ea98eb279238f21346/gnocchi.ff84bc24-a48c-40dd-becc-e9cf8126fc71" 204 - "HEAD http://172.18.0.2:8080/v1/AUTH_7f00912ffce942ea98eb279238f21346/gnocchi.ff84bc24-a48c-40dd-becc-e9cf8126fc71?format=json&states=listing" "txe30f0db9ea034fe3812cc-006a291e5f" "proxy-server 20" 0.0012 "-" 21 0
Jun 10 08:20:47 standalone proxy-server[128651]: - - 10/Jun/2026/08/20/47 HEAD /v1/AUTH_7f00912ffce942ea98eb279238f21346/gnocchi.ff84bc24-a48c-40dd-becc-e9cf8126fc71%3Fformat%3Djson%26states%3Dlisting HTTP/1.0 204 - Swift - - - - txe30f0db9ea034fe3812cc-006a291e5f - 0.0053 RL - 1781079647.198768377 1781079647.204036951 0
Jun 10 08:20:47 standalone container-server[126469]: 172.20.0.100 - - [10/Jun/2026:08:20:47 +0000] "GET /d1/705/AUTH_7f00912ffce942ea98eb279238f21346/gnocchi.ff84bc24-a48c-40dd-becc-e9cf8126fc71" 200 2 "GET http://172.18.0.2:8080/v1/AUTH_7f00912ffce942ea98eb279238f21346/gnocchi.ff84bc24-a48c-40dd-becc-e9cf8126fc71?format=json&states=listing" "txe30f0db9ea034fe3812cc-006a291e5f" "proxy-server 20" 0.0019 "-" 23 0
Jun 10 08:20:47 standalone proxy-server[128651]: 172.18.0.2 172.18.0.100 10/Jun/2026/08/20/47 GET /v1/AUTH_7f00912ffce942ea98eb279238f21346/gnocchi.ff84bc24-a48c-40dd-becc-e9cf8126fc71%3Fformat%3Djson%26states%3Dlisting HTTP/1.0 200 - python-swiftclient-3.11.1 gAAAAABqKR2KA6fE... - 2 - txe30f0db9ea034fe3812cc-006a291e5f - 0.0134 - - 1781079647.197884321 1781079647.211287022 0
Jun 10 08:20:47 standalone object-server[126708]: 172.20.0.100 - - [10/Jun/2026:08:20:47 +0000] "GET /d1/879/AUTH_7f00912ffce942ea98eb279238f21346/gnocchi.ff84bc24-a48c-40dd-becc-e9cf8126fc71/1780920000.0_mean_300.0_v3" 404 70 "GET http://172.18.0.2:8080/v1/AUTH_7f00912ffce942ea98eb279238f21346/gnocchi.ff84bc24-a48c-40dd-becc-e9cf8126fc71/1780920000.0_mean_300.0_v3" "txad6ae15377f145ca9c462-006a291e5f" "proxy-server 20" 0.0004 "-" 24 0
Jun 10 08:20:47 standalone proxy-server[128651]: 172.18.0.2 172.18.0.100 10/Jun/2026/08/20/47 GET /v1/AUTH_7f00912ffce942ea98eb279238f21346/gnocchi.ff84bc24-a48c-40dd-becc-e9cf8126fc71/1780920000.0_mean_300.0_v3 HTTP/1.0 404 - python-swiftclient-3.11.1 gAAAAABqKR2KA6fE... - 70 - txad6ae15377f145ca9c462-006a291e5f - 0.0046 - - 1781079647.214761734 1781079647.219355345 0
Jun 10 08:20:47 standalone container-server[126454]: 172.20.0.100 - - [10/Jun/2026:08:20:47 +0000] "PUT /d1/705/AUTH_7f00912ffce942ea98eb279238f21346/gnocchi.ff84bc24-a48c-40dd-becc-e9cf8126fc71/1780920000.0_mean_300.0_v3" 201 - "PUT http://172.18.0.2:8080/d1/879/AUTH_7f00912ffce942ea98eb279238f21346/gnocchi.ff84bc24-a48c-40dd-becc-e9cf8126fc71/1780920000.0_mean_300.0_v3" "tx9c598323acbe46589936b-006a291e5f" "object-server 24" 0.0006 "-" 20 0
Jun 10 08:20:47 standalone object-server[126708]: 172.20.0.100 - - [10/Jun/2026:08:20:47 +0000] "PUT /d1/879/AUTH_7f00912ffce942ea98eb279238f21346/gnocchi.ff84bc24-a48c-40dd-becc-e9cf8126fc71/1780920000.0_mean_300.0_v3" 201 - "PUT http://172.18.0.2:8080/v1/AUTH_7f00912ffce942ea98eb279238f21346/gnocchi.ff84bc24-a48c-40dd-becc-e9cf8126fc71/1780920000.0_mean_300.0_v3" "tx9c598323acbe46589936b-006a291e5f" "proxy-server 20" 0.0136 "-" 24 0
Jun 10 08:20:47 standalone proxy-server[128651]: 172.18.0.2 172.18.0.100 10/Jun/2026/08/20/47 PUT /v1/AUTH_7f00912ffce942ea98eb279238f21346/gnocchi.ff84bc24-a48c-40dd-becc-e9cf8126fc71/1780920000.0_mean_300.0_v3 HTTP/1.0 201 - python-swiftclient-3.11.1 gAAAAABqKR2KA6fE... 16 - - tx9c598323acbe46589936b-006a291e5f - 0.0215 - - 1781079647.222825527 1781079647.244371414 0
Jun 10 08:20:47 standalone container-server[126454]: 172.20.0.100 - - [10/Jun/2026:08:20:47 +0000] "PUT /d1/705/AUTH_7f00912ffce942ea98eb279238f21346/gnocchi.ff84bc24-a48c-40dd-becc-e9cf8126fc71/none_v3" 201 - "PUT http://172.18.0.2:8080/d1/13/AUTH_7f00912ffce942ea98eb279238f21346/gnocchi.ff84bc24-a48c-40dd-becc-e9cf8126fc71/none_v3" "txaf3891380bc3406ba65f1-006a291e5f" "object-server 25" 0.0007 "-" 20 0
Jun 10 08:20:47 standalone object-server[126714]: 172.20.0.100 - - [10/Jun/2026:08:20:47 +0000] "PUT /d1/13/AUTH_7f00912ffce942ea98eb279238f21346/gnocchi.ff84bc24-a48c-40dd-becc-e9cf8126fc71/none_v3" 201 - "PUT http://172.18.0.2:8080/v1/AUTH_7f00912ffce942ea98eb279238f21346/gnocchi.ff84bc24-a48c-40dd-becc-e9cf8126fc71/none_v3" "txaf3891380bc3406ba65f1-006a291e5f" "proxy-server 20" 0.0083 "-" 25 0
Jun 10 08:20:47 standalone proxy-server[128651]: 172.18.0.2 172.18.0.100 10/Jun/2026/08/20/47 PUT /v1/AUTH_7f00912ffce942ea98eb279238f21346/gnocchi.ff84bc24-a48c-40dd-becc-e9cf8126fc71/none_v3 HTTP/1.0 201 - python-swiftclient-3.11.1 gAAAAABqKR2KA6fE... 22 - - txaf3891380bc3406ba65f1-006a291e5f - 0.0133 - - 1781079647.247258186 1781079647.260560274 0
Jun 10 08:20:47 standalone container-server[126464]: 172.20.0.100 - - [10/Jun/2026:08:20:47 +0000] "HEAD /d1/473/AUTH_7f00912ffce942ea98eb279238f21346/gnocchi.949e20f3-36f1-4fdc-a603-41937236d661" 404 - "HEAD http://172.18.0.2:8080/v1/AUTH_7f00912ffce942ea98eb279238f21346/gnocchi.949e20f3-36f1-4fdc-a603-41937236d661?format=json&states=listing" "tx521eb7764de64cd4840a6-006a291e5f" "proxy-server 20" 0.0003 "-" 21 0
Jun 10 08:20:47 standalone object-server[126707]: 172.20.0.100 - - [10/Jun/2026:08:20:47 +0000] "GET /d1/439/AUTH_7f00912ffce942ea98eb279238f21346/gnocchi.949e20f3-36f1-4fdc-a603-41937236d661/none_v3" 404 70 "GET http://172.18.0.2:8080/v1/AUTH_7f00912ffce942ea98eb279238f21346/gnocchi.949e20f3-36f1-4fdc-a603-41937236d661/none_v3" "tx521eb7764de64cd4840a6-006a291e5f" "proxy-server 20" 0.0003 "-" 23 0
Jun 10 08:20:47 standalone proxy-server[128651]: 172.18.0.2 172.18.0.100 10/Jun/2026/08/20/47 GET /v1/AUTH_7f00912ffce942ea98eb279238f21346/gnocchi.949e20f3-36f1-4fdc-a603-41937236d661/none_v3 HTTP/1.0 404 - python-swiftclient-3.11.1 gAAAAABqKR2KA6fE... - 70 - tx521eb7764de64cd4840a6-006a291e5f - 0.0086 - - 1781079647.275291681 1781079647.283864975 0
Jun 10 08:20:47 standalone account-server[126455]: 172.20.0.100 - - [10/Jun/2026:08:20:47 +0000] "PUT /d1/300/AUTH_7f00912ffce942ea98eb279238f21346/gnocchi.949e20f3-36f1-4fdc-a603-41937236d661" 201 - "PUT http://172.20.0.100:6001/d1/473/AUTH_7f00912ffce942ea98eb279238f21346/gnocchi.949e20f3-36f1-4fdc-a603-41937236d661" "txc3eee7c4fa3345639a06e-006a291e5f" "container-server 21" 0.0041 "-" 22 0
Jun 10 08:20:47 standalone container-server[126464]: 172.20.0.100 - - [10/Jun/2026:08:20:47 +0000] "PUT /d1/473/AUTH_7f00912ffce942ea98eb279238f21346/gnocchi.949e20f3-36f1-4fdc-a603-41937236d661" 201 - "PUT http://172.18.0.2:8080/v1/AUTH_7f00912ffce942ea98eb279238f21346/gnocchi.949e20f3-36f1-4fdc-a603-41937236d661" "txc3eee7c4fa3345639a06e-006a291e5f" "proxy-server 20" 0.0155 "-" 21 0
Jun 10 08:20:47 standalone proxy-server[128651]: 172.18.0.2 172.18.0.100 10/Jun/2026/08/20/47 PUT /v1/AUTH_7f00912ffce942ea98eb279238f21346/gnocchi.949e20f3-36f1-4fdc-a603-41937236d661 HTTP/1.0 201 - python-swiftclient-3.11.1 gAAAAABqKR2KA6fE... - - - txc3eee7c4fa3345639a06e-006a291e5f - 0.0235 - - 1781079647.286927223 1781079647.310420275 0
Jun 10 08:20:47 standalone container-server[126454]: 172.20.0.100 - - [10/Jun/2026:08:20:47 +0000] "HEAD /d1/473/AUTH_7f00912ffce942ea98eb279238f21346/gnocchi.949e20f3-36f1-4fdc-a603-41937236d661" 204 - "HEAD http://172.18.0.2:8080/v1/AUTH_7f00912ffce942ea98eb279238f21346/gnocchi.949e20f3-36f1-4fdc-a603-41937236d661?format=json&states=listing" "tx6563253f7a894b97a84ef-006a291e5f" "proxy-server 20" 0.0012 "-" 20 0
Jun 10 08:20:47 standalone proxy-server[128651]: - - 10/Jun/2026/08/20/47 HEAD /v1/AUTH_7f00912ffce942ea98eb279238f21346/gnocchi.949e20f3-36f1-4fdc-a603-41937236d661%3Fformat%3Djson%26states%3Dlisting HTTP/1.0 204 - Swift - - - - tx6563253f7a894b97a84ef-006a291e5f - 0.0054 RL - 1781079647.318323135 1781079647.323770761 0
Jun 10 08:20:47 standalone container-server[126466]: 172.20.0.100 - - [10/Jun/2026:08:20:47 +0000] "GET /d1/473/AUTH_7f00912ffce942ea98eb279238f21346/gnocchi.949e20f3-36f1-4fdc-a603-41937236d661" 200 2 "GET http://172.18.0.2:8080/v1/AUTH_7f00912ffce942ea98eb279238f21346/gnocchi.949e20f3-36f1-4fdc-a603-41937236d661?format=json&states=listing" "tx6563253f7a894b97a84ef-006a291e5f" "proxy-server 20" 0.0018 "-" 22 0
Jun 10 08:20:47 standalone proxy-server[128651]: 172.18.0.2 172.18.0.100 10/Jun/2026/08/20/47 GET /v1/AUTH_7f00912ffce942ea98eb279238f21346/gnocchi.949e20f3-36f1-4fdc-a603-41937236d661%3Fformat%3Djson%26states%3Dlisting HTTP/1.0 200 - python-swiftclient-3.11.1 gAAAAABqKR2KA6fE... - 2 - tx6563253f7a894b97a84ef-006a291e5f - 0.0140 - - 1781079647.316643238 1781079647.330617666 0
Jun 10 08:20:47 standalone object-server[126706]: 172.20.0.100 - - [10/Jun/2026:08:20:47 +0000] "GET /d1/509/AUTH_7f00912ffce942ea98eb279238f21346/gnocchi.949e20f3-36f1-4fdc-a603-41937236d661/1780920000.0_mean_300.0_v3" 404 70 "GET http://172.18.0.2:8080/v1/AUTH_7f00912ffce942ea98eb279238f21346/gnocchi.949e20f3-36f1-4fdc-a603-41937236d661/1780920000.0_mean_300.0_v3" "tx187580a01ed348fd89dfa-006a291e5f" "proxy-server 20" 0.0003 "-" 22 0
Jun 10 08:20:47 standalone proxy-server[128651]: 172.18.0.2 172.18.0.100 10/Jun/2026/08/20/47 GET /v1/AUTH_7f00912ffce942ea98eb279238f21346/gnocchi.949e20f3-36f1-4fdc-a603-41937236d661/1780920000.0_mean_300.0_v3 HTTP/1.0 404 - python-swiftclient-3.11.1 gAAAAABqKR2KA6fE... - 70 - tx187580a01ed348fd89dfa-006a291e5f - 0.0062 - - 1781079647.333520412 1781079647.339728355 0
Jun 10 08:20:47 standalone container-server[126466]: 172.20.0.100 - - [10/Jun/2026:08:20:47 +0000] "PUT /d1/473/AUTH_7f00912ffce942ea98eb279238f21346/gnocchi.949e20f3-36f1-4fdc-a603-41937236d661/1780920000.0_mean_300.0_v3" 201 - "PUT http://172.18.0.2:8080/d1/509/AUTH_7f00912ffce942ea98eb279238f21346/gnocchi.949e20f3-36f1-4fdc-a603-41937236d661/1780920000.0_mean_300.0_v3" "tx37d021bef9da40449f6b0-006a291e5f" "object-server 25" 0.0011 "-" 22 0
Jun 10 08:20:47 standalone object-server[126714]: 172.20.0.100 - - [10/Jun/2026:08:20:47 +0000] "PUT /d1/509/AUTH_7f00912ffce942ea98eb279238f21346/gnocchi.949e20f3-36f1-4fdc-a603-41937236d661/1780920000.0_mean_300.0_v3" 201 - "PUT http://172.18.0.2:8080/v1/AUTH_7f00912ffce942ea98eb279238f21346/gnocchi.949e20f3-36f1-4fdc-a603-41937236d661/1780920000.0_mean_300.0_v3" "tx37d021bef9da40449f6b0-006a291e5f" "proxy-server 20" 0.0135 "-" 25 0
Jun 10 08:20:47 standalone proxy-server[128651]: 172.18.0.2 172.18.0.100 10/Jun/2026/08/20/47 PUT /v1/AUTH_7f00912ffce942ea98eb279238f21346/gnocchi.949e20f3-36f1-4fdc-a603-41937236d661/1780920000.0_mean_300.0_v3 HTTP/1.0 201 - python-swiftclient-3.11.1 gAAAAABqKR2KA6fE... 16 - - tx37d021bef9da40449f6b0-006a291e5f - 0.0173 - - 1781079647.342812300 1781079647.360135078 0
Jun 10 08:20:47 standalone container-server[126454]: 172.20.0.100 - - [10/Jun/2026:08:20:47 +0000] "PUT /d1/473/AUTH_7f00912ffce942ea98eb279238f21346/gnocchi.949e20f3-36f1-4fdc-a603-41937236d661/none_v3" 201 - "PUT http://172.18.0.2:8080/d1/439/AUTH_7f00912ffce942ea98eb279238f21346/gnocchi.949e20f3-36f1-4fdc-a603-41937236d661/none_v3" "txa19ac89e78074f92b3e5a-006a291e5f" "object-server 25" 0.0004 "-" 20 0
Jun 10 08:20:47 standalone object-server[126714]: 172.20.0.100 - - [10/Jun/2026:08:20:47 +0000] "PUT /d1/439/AUTH_7f00912ffce942ea98eb279238f21346/gnocchi.949e20f3-36f1-4fdc-a603-41937236d661/none_v3" 201 - "PUT http://172.18.0.2:8080/v1/AUTH_7f00912ffce942ea98eb279238f21346/gnocchi.949e20f3-36f1-4fdc-a603-41937236d661/none_v3" "txa19ac89e78074f92b3e5a-006a291e5f" "proxy-server 20" 0.0093 "-" 25 0
