Jun 10 08:18:22 standalone object-server[126707]: 172.20.0.100 - - [10/Jun/2026:08:18:22 +0000] "PUT /d1/1017/AUTH_7f00912ffce942ea98eb279238f21346/gnocchi.298e623c-dba3-425b-a630-7adae4799dae/none_v3" 201 - "PUT http://172.18.0.2:8080/v1/AUTH_7f00912ffce942ea98eb279238f21346/gnocchi.298e623c-dba3-425b-a630-7adae4799dae/none_v3" "txf61ef6ecba14444db51b0-006a291dce" "proxy-server 20" 0.0121 "-" 23 0
Jun 10 08:18:22 standalone proxy-server[128651]: 172.18.0.2 172.18.0.100 10/Jun/2026/08/18/22 PUT /v1/AUTH_7f00912ffce942ea98eb279238f21346/gnocchi.298e623c-dba3-425b-a630-7adae4799dae/none_v3 HTTP/1.0 201 - python-swiftclient-3.11.1 gAAAAABqKR2KA6fE... 22 - - txf61ef6ecba14444db51b0-006a291dce - 0.0175 - - 1781079502.201672792 1781079502.219203234 0
Jun 10 08:18:22 standalone container-server[126464]: 172.20.0.100 - - [10/Jun/2026:08:18:22 +0000] "HEAD /d1/245/AUTH_7f00912ffce942ea98eb279238f21346/gnocchi.4c8e9017-1245-4aac-a2ab-d096fb8d11f7" 404 - "HEAD http://172.18.0.2:8080/v1/AUTH_7f00912ffce942ea98eb279238f21346/gnocchi.4c8e9017-1245-4aac-a2ab-d096fb8d11f7?format=json&states=listing" "tx5f8f69e8eaaa455f9cf1c-006a291dce" "proxy-server 20" 0.0005 "-" 21 0
Jun 10 08:18:22 standalone object-server[126706]: 172.20.0.100 - - [10/Jun/2026:08:18:22 +0000] "GET /d1/378/AUTH_7f00912ffce942ea98eb279238f21346/gnocchi.4c8e9017-1245-4aac-a2ab-d096fb8d11f7/none_v3" 404 70 "GET http://172.18.0.2:8080/v1/AUTH_7f00912ffce942ea98eb279238f21346/gnocchi.4c8e9017-1245-4aac-a2ab-d096fb8d11f7/none_v3" "tx5f8f69e8eaaa455f9cf1c-006a291dce" "proxy-server 20" 0.0002 "-" 22 0
Jun 10 08:18:22 standalone proxy-server[128651]: 172.18.0.2 172.18.0.100 10/Jun/2026/08/18/22 GET /v1/AUTH_7f00912ffce942ea98eb279238f21346/gnocchi.4c8e9017-1245-4aac-a2ab-d096fb8d11f7/none_v3 HTTP/1.0 404 - python-swiftclient-3.11.1 gAAAAABqKR2KA6fE... - 70 - tx5f8f69e8eaaa455f9cf1c-006a291dce - 0.0106 - - 1781079502.249673843 1781079502.260313749 0
Jun 10 08:18:22 standalone account-server[126440]: 172.20.0.100 - - [10/Jun/2026:08:18:22 +0000] "PUT /d1/300/AUTH_7f00912ffce942ea98eb279238f21346/gnocchi.4c8e9017-1245-4aac-a2ab-d096fb8d11f7" 201 - "PUT http://172.20.0.100:6001/d1/245/AUTH_7f00912ffce942ea98eb279238f21346/gnocchi.4c8e9017-1245-4aac-a2ab-d096fb8d11f7" "tx24bc161b80aa401cac712-006a291dce" "container-server 23" 0.0060 "-" 20 0
Jun 10 08:18:22 standalone container-server[126469]: 172.20.0.100 - - [10/Jun/2026:08:18:22 +0000] "PUT /d1/245/AUTH_7f00912ffce942ea98eb279238f21346/gnocchi.4c8e9017-1245-4aac-a2ab-d096fb8d11f7" 201 - "PUT http://172.18.0.2:8080/v1/AUTH_7f00912ffce942ea98eb279238f21346/gnocchi.4c8e9017-1245-4aac-a2ab-d096fb8d11f7" "tx24bc161b80aa401cac712-006a291dce" "proxy-server 20" 0.0173 "-" 23 0
Jun 10 08:18:22 standalone proxy-server[128651]: 172.18.0.2 172.18.0.100 10/Jun/2026/08/18/22 PUT /v1/AUTH_7f00912ffce942ea98eb279238f21346/gnocchi.4c8e9017-1245-4aac-a2ab-d096fb8d11f7 HTTP/1.0 201 - python-swiftclient-3.11.1 gAAAAABqKR2KA6fE... - - - tx24bc161b80aa401cac712-006a291dce - 0.0274 - - 1781079502.263835430 1781079502.291239738 0
Jun 10 08:18:22 standalone container-server[126469]: 172.20.0.100 - - [10/Jun/2026:08:18:22 +0000] "HEAD /d1/245/AUTH_7f00912ffce942ea98eb279238f21346/gnocchi.4c8e9017-1245-4aac-a2ab-d096fb8d11f7" 204 - "HEAD http://172.18.0.2:8080/v1/AUTH_7f00912ffce942ea98eb279238f21346/gnocchi.4c8e9017-1245-4aac-a2ab-d096fb8d11f7?format=json&states=listing" "tx3da3a4e115e64b02b6974-006a291dce" "proxy-server 20" 0.0012 "-" 23 0
Jun 10 08:18:22 standalone proxy-server[128651]: - - 10/Jun/2026/08/18/22 HEAD /v1/AUTH_7f00912ffce942ea98eb279238f21346/gnocchi.4c8e9017-1245-4aac-a2ab-d096fb8d11f7%3Fformat%3Djson%26states%3Dlisting HTTP/1.0 204 - Swift - - - - tx3da3a4e115e64b02b6974-006a291dce - 0.0063 RL - 1781079502.296812773 1781079502.303148031 0
Jun 10 08:18:22 standalone container-server[126464]: 172.20.0.100 - - [10/Jun/2026:08:18:22 +0000] "GET /d1/245/AUTH_7f00912ffce942ea98eb279238f21346/gnocchi.4c8e9017-1245-4aac-a2ab-d096fb8d11f7" 200 2 "GET http://172.18.0.2:8080/v1/AUTH_7f00912ffce942ea98eb279238f21346/gnocchi.4c8e9017-1245-4aac-a2ab-d096fb8d11f7?format=json&states=listing" "tx3da3a4e115e64b02b6974-006a291dce" "proxy-server 20" 0.0032 "-" 21 0
Jun 10 08:18:22 standalone proxy-server[128651]: 172.18.0.2 172.18.0.100 10/Jun/2026/08/18/22 GET /v1/AUTH_7f00912ffce942ea98eb279238f21346/gnocchi.4c8e9017-1245-4aac-a2ab-d096fb8d11f7%3Fformat%3Djson%26states%3Dlisting HTTP/1.0 200 - python-swiftclient-3.11.1 gAAAAABqKR2KA6fE... - 2 - tx3da3a4e115e64b02b6974-006a291dce - 0.0174 - - 1781079502.295792818 1781079502.313222408 0
Jun 10 08:18:22 standalone object-server[126707]: 172.20.0.100 - - [10/Jun/2026:08:18:22 +0000] "GET /d1/747/AUTH_7f00912ffce942ea98eb279238f21346/gnocchi.4c8e9017-1245-4aac-a2ab-d096fb8d11f7/1780920000.0_mean_300.0_v3" 404 70 "GET http://172.18.0.2:8080/v1/AUTH_7f00912ffce942ea98eb279238f21346/gnocchi.4c8e9017-1245-4aac-a2ab-d096fb8d11f7/1780920000.0_mean_300.0_v3" "tx862ad2f1e225462abf495-006a291dce" "proxy-server 20" 0.0041 "-" 23 0
Jun 10 08:18:22 standalone proxy-server[128651]: 172.18.0.2 172.18.0.100 10/Jun/2026/08/18/22 GET /v1/AUTH_7f00912ffce942ea98eb279238f21346/gnocchi.4c8e9017-1245-4aac-a2ab-d096fb8d11f7/1780920000.0_mean_300.0_v3 HTTP/1.0 404 - python-swiftclient-3.11.1 gAAAAABqKR2KA6fE... - 70 - tx862ad2f1e225462abf495-006a291dce - 0.0146 - - 1781079502.328269482 1781079502.342862844 0
Jun 10 08:18:22 standalone container-server[126464]: 172.20.0.100 - - [10/Jun/2026:08:18:22 +0000] "PUT /d1/245/AUTH_7f00912ffce942ea98eb279238f21346/gnocchi.4c8e9017-1245-4aac-a2ab-d096fb8d11f7/1780920000.0_mean_300.0_v3" 201 - "PUT http://172.18.0.2:8080/d1/747/AUTH_7f00912ffce942ea98eb279238f21346/gnocchi.4c8e9017-1245-4aac-a2ab-d096fb8d11f7/1780920000.0_mean_300.0_v3" "tx4e17a22c09bb489ca98be-006a291dce" "object-server 23" 0.0007 "-" 21 0
Jun 10 08:18:22 standalone object-server[126707]: 172.20.0.100 - - [10/Jun/2026:08:18:22 +0000] "PUT /d1/747/AUTH_7f00912ffce942ea98eb279238f21346/gnocchi.4c8e9017-1245-4aac-a2ab-d096fb8d11f7/1780920000.0_mean_300.0_v3" 201 - "PUT http://172.18.0.2:8080/v1/AUTH_7f00912ffce942ea98eb279238f21346/gnocchi.4c8e9017-1245-4aac-a2ab-d096fb8d11f7/1780920000.0_mean_300.0_v3" "tx4e17a22c09bb489ca98be-006a291dce" "proxy-server 20" 0.0176 "-" 23 0
Jun 10 08:18:22 standalone proxy-server[128651]: 172.18.0.2 172.18.0.100 10/Jun/2026/08/18/22 PUT /v1/AUTH_7f00912ffce942ea98eb279238f21346/gnocchi.4c8e9017-1245-4aac-a2ab-d096fb8d11f7/1780920000.0_mean_300.0_v3 HTTP/1.0 201 - python-swiftclient-3.11.1 gAAAAABqKR2KA6fE... 16 - - tx4e17a22c09bb489ca98be-006a291dce - 0.0261 - - 1781079502.351003885 1781079502.377134323 0
Jun 10 08:18:22 standalone container-server[126469]: 172.20.0.100 - - [10/Jun/2026:08:18:22 +0000] "PUT /d1/245/AUTH_7f00912ffce942ea98eb279238f21346/gnocchi.4c8e9017-1245-4aac-a2ab-d096fb8d11f7/none_v3" 201 - "PUT http://172.18.0.2:8080/d1/378/AUTH_7f00912ffce942ea98eb279238f21346/gnocchi.4c8e9017-1245-4aac-a2ab-d096fb8d11f7/none_v3" "tx451522776e9f4ad6a4201-006a291dce" "object-server 23" 0.0005 "-" 23 0
Jun 10 08:18:22 standalone object-server[126707]: 172.20.0.100 - - [10/Jun/2026:08:18:22 +0000] "PUT /d1/378/AUTH_7f00912ffce942ea98eb279238f21346/gnocchi.4c8e9017-1245-4aac-a2ab-d096fb8d11f7/none_v3" 201 - "PUT http://172.18.0.2:8080/v1/AUTH_7f00912ffce942ea98eb279238f21346/gnocchi.4c8e9017-1245-4aac-a2ab-d096fb8d11f7/none_v3" "tx451522776e9f4ad6a4201-006a291dce" "proxy-server 20" 0.0140 "-" 23 0
Jun 10 08:18:22 standalone proxy-server[128651]: 172.18.0.2 172.18.0.100 10/Jun/2026/08/18/22 PUT /v1/AUTH_7f00912ffce942ea98eb279238f21346/gnocchi.4c8e9017-1245-4aac-a2ab-d096fb8d11f7/none_v3 HTTP/1.0 201 - python-swiftclient-3.11.1 gAAAAABqKR2KA6fE... 22 - - tx451522776e9f4ad6a4201-006a291dce - 0.0210 - - 1781079502.379930735 1781079502.400900126 0
Jun 10 08:18:22 standalone container-server[126469]: 172.20.0.100 - - [10/Jun/2026:08:18:22 +0000] "HEAD /d1/978/AUTH_7f00912ffce942ea98eb279238f21346/gnocchi.27f658ff-0ada-4013-a74c-69e4abd1ea27" 404 - "HEAD http://172.18.0.2:8080/v1/AUTH_7f00912ffce942ea98eb279238f21346/gnocchi.27f658ff-0ada-4013-a74c-69e4abd1ea27?format=json&states=listing" "txaf70e5b987c04965a07bf-006a291dce" "proxy-server 20" 0.0003 "-" 23 0
Jun 10 08:18:22 standalone object-server[126707]: 172.20.0.100 - - [10/Jun/2026:08:18:22 +0000] "GET /d1/1013/AUTH_7f00912ffce942ea98eb279238f21346/gnocchi.27f658ff-0ada-4013-a74c-69e4abd1ea27/none_v3" 404 70 "GET http://172.18.0.2:8080/v1/AUTH_7f00912ffce942ea98eb279238f21346/gnocchi.27f658ff-0ada-4013-a74c-69e4abd1ea27/none_v3" "txaf70e5b987c04965a07bf-006a291dce" "proxy-server 20" 0.0005 "-" 23 0
Jun 10 08:18:22 standalone proxy-server[128651]: 172.18.0.2 172.18.0.100 10/Jun/2026/08/18/22 GET /v1/AUTH_7f00912ffce942ea98eb279238f21346/gnocchi.27f658ff-0ada-4013-a74c-69e4abd1ea27/none_v3 HTTP/1.0 404 - python-swiftclient-3.11.1 gAAAAABqKR2KA6fE... - 70 - txaf70e5b987c04965a07bf-006a291dce - 0.0113 - - 1781079502.410562277 1781079502.421867371 0
Jun 10 08:18:22 standalone account-server[126465]: 172.20.0.100 - - [10/Jun/2026:08:18:22 +0000] "PUT /d1/300/AUTH_7f00912ffce942ea98eb279238f21346/gnocchi.27f658ff-0ada-4013-a74c-69e4abd1ea27" 201 - "PUT http://172.20.0.100:6001/d1/978/AUTH_7f00912ffce942ea98eb279238f21346/gnocchi.27f658ff-0ada-4013-a74c-69e4abd1ea27" "tx0a70a29987c844c6bbe01-006a291dce" "container-server 23" 0.0043 "-" 23 0
Jun 10 08:18:22 standalone container-server[126469]: 172.20.0.100 - - [10/Jun/2026:08:18:22 +0000] "PUT /d1/978/AUTH_7f00912ffce942ea98eb279238f21346/gnocchi.27f658ff-0ada-4013-a74c-69e4abd1ea27" 201 - "PUT http://172.18.0.2:8080/v1/AUTH_7f00912ffce942ea98eb279238f21346/gnocchi.27f658ff-0ada-4013-a74c-69e4abd1ea27" "tx0a70a29987c844c6bbe01-006a291dce" "proxy-server 20" 0.0151 "-" 23 0
Jun 10 08:18:22 standalone proxy-server[128651]: 172.18.0.2 172.18.0.100 10/Jun/2026/08/18/22 PUT /v1/AUTH_7f00912ffce942ea98eb279238f21346/gnocchi.27f658ff-0ada-4013-a74c-69e4abd1ea27 HTTP/1.0 201 - python-swiftclient-3.11.1 gAAAAABqKR2KA6fE... - - - tx0a70a29987c844c6bbe01-006a291dce - 0.0215 - - 1781079502.425137758 1781079502.446588993 0
Jun 10 08:18:22 standalone container-server[126464]: 172.20.0.100 - - [10/Jun/2026:08:18:22 +0000] "HEAD /d1/978/AUTH_7f00912ffce942ea98eb279238f21346/gnocchi.27f658ff-0ada-4013-a74c-69e4abd1ea27" 204 - "HEAD http://172.18.0.2:8080/v1/AUTH_7f00912ffce942ea98eb279238f21346/gnocchi.27f658ff-0ada-4013-a74c-69e4abd1ea27?format=json&states=listing" "tx9af34c67f44d4ff4b968b-006a291dce" "proxy-server 20" 0.0023 "-" 21 0
Jun 10 08:18:22 standalone proxy-server[128651]: - - 10/Jun/2026/08/18/22 HEAD /v1/AUTH_7f00912ffce942ea98eb279238f21346/gnocchi.27f658ff-0ada-4013-a74c-69e4abd1ea27%3Fformat%3Djson%26states%3Dlisting HTTP/1.0 204 - Swift - - - - tx9af34c67f44d4ff4b968b-006a291dce - 0.0074 RL - 1781079502.452272654 1781079502.459639549 0
Jun 10 08:18:22 standalone container-server[126454]: 172.20.0.100 - - [10/Jun/2026:08:18:22 +0000] "GET /d1/978/AUTH_7f00912ffce942ea98eb279238f21346/gnocchi.27f658ff-0ada-4013-a74c-69e4abd1ea27" 200 2 "GET http://172.18.0.2:8080/v1/AUTH_7f00912ffce942ea98eb279238f21346/gnocchi.27f658ff-0ada-4013-a74c-69e4abd1ea27?format=json&states=listing" "tx9af34c67f44d4ff4b968b-006a291dce" "proxy-server 20" 0.0025 "-" 20 0
Jun 10 08:18:22 standalone proxy-server[128651]: 172.18.0.2 172.18.0.100 10/Jun/2026/08/18/22 GET /v1/AUTH_7f00912ffce942ea98eb279238f21346/gnocchi.27f658ff-0ada-4013-a74c-69e4abd1ea27%3Fformat%3Djson%26states%3Dlisting HTTP/1.0 200 - python-swiftclient-3.11.1 gAAAAABqKR2KA6fE... - 2 - tx9af34c67f44d4ff4b968b-006a291dce - 0.0236 - - 1781079502.450501204 1781079502.474085808 0
Jun 10 08:18:22 standalone object-server[126708]: 172.20.0.100 - - [10/Jun/2026:08:18:22 +0000] "GET /d1/863/AUTH_7f00912ffce942ea98eb279238f21346/gnocchi.27f658ff-0ada-4013-a74c-69e4abd1ea27/1780920000.0_mean_300.0_v3" 404 70 "GET http://172.18.0.2:8080/v1/AUTH_7f00912ffce942ea98eb279238f21346/gnocchi.27f658ff-0ada-4013-a74c-69e4abd1ea27/1780920000.0_mean_300.0_v3" "txceae76960eb74ef0bae03-006a291dce" "proxy-server 20" 0.0004 "-" 24 0
Jun 10 08:18:22 standalone proxy-server[128651]: 172.18.0.2 172.18.0.100 10/Jun/2026/08/18/22 GET /v1/AUTH_7f00912ffce942ea98eb279238f21346/gnocchi.27f658ff-0ada-4013-a74c-69e4abd1ea27/1780920000.0_mean_300.0_v3 HTTP/1.0 404 - python-swiftclient-3.11.1 gAAAAABqKR2KA6fE... - 70 - txceae76960eb74ef0bae03-006a291dce - 0.0095 - - 1781079502.478108406 1781079502.487579107 0
Jun 10 08:18:22 standalone container-server[126464]: 172.20.0.100 - - [10/Jun/2026:08:18:22 +0000] "PUT /d1/978/AUTH_7f00912ffce942ea98eb279238f21346/gnocchi.27f658ff-0ada-4013-a74c-69e4abd1ea27/1780920000.0_mean_300.0_v3" 201 - "PUT http://172.18.0.2:8080/d1/863/AUTH_7f00912ffce942ea98eb279238f21346/gnocchi.27f658ff-0ada-4013-a74c-69e4abd1ea27/1780920000.0_mean_300.0_v3" "tx1e19786a31444992b79f9-006a291dce" "object-server 22" 0.0007 "-" 21 0
Jun 10 08:18:22 standalone object-server[126706]: 172.20.0.100 - - [10/Jun/2026:08:18:22 +0000] "PUT /d1/863/AUTH_7f00912ffce942ea98eb279238f21346/gnocchi.27f658ff-0ada-4013-a74c-69e4abd1ea27/1780920000.0_mean_300.0_v3" 201 - "PUT http://172.18.0.2:8080/v1/AUTH_7f00912ffce942ea98eb279238f21346/gnocchi.27f658ff-0ada-4013-a74c-69e4abd1ea27/1780920000.0_mean_300.0_v3" "tx1e19786a31444992b79f9-006a291dce" "proxy-server 20" 0.0190 "-" 22 0
Jun 10 08:18:22 standalone proxy-server[128651]: 172.18.0.2 172.18.0.100 10/Jun/2026/08/18/22 PUT /v1/AUTH_7f00912ffce942ea98eb279238f21346/gnocchi.27f658ff-0ada-4013-a74c-69e4abd1ea27/1780920000.0_mean_300.0_v3 HTTP/1.0 201 - python-swiftclient-3.11.1 gAAAAABqKR2KA6fE... 16 - - tx1e19786a31444992b79f9-006a291dce - 0.0270 - - 1781079502.491760492 1781079502.518726110 0
Jun 10 08:18:22 standalone container-server[126469]: 172.20.0.100 - - [10/Jun/2026:08:18:22 +0000] "PUT /d1/978/AUTH_7f00912ffce942ea98eb279238f21346/gnocchi.27f658ff-0ada-4013-a74c-69e4abd1ea27/none_v3" 201 - "PUT http://172.18.0.2:8080/d1/1013/AUTH_7f00912ffce942ea98eb279238f21346/gnocchi.27f658ff-0ada-4013-a74c-69e4abd1ea27/none_v3" "tx9cfcb4a1e4d94be0b9b13-006a291dce" "object-server 22" 0.0010 "-" 23 0
Jun 10 08:18:22 standalone object-server[126706]: 172.20.0.100 - - [10/Jun/2026:08:18:22 +0000] "PUT /d1/1013/AUTH_7f00912ffce942ea98eb279238f21346/gnocchi.27f658ff-0ada-4013-a74c-69e4abd1ea27/none_v3" 201 - "PUT http://172.18.0.2:8080/v1/AUTH_7f00912ffce942ea98eb279238f21346/gnocchi.27f658ff-0ada-4013-a74c-69e4abd1ea27/none_v3" "tx9cfcb4a1e4d94be0b9b13-006a291dce" "proxy-server 20" 0.0175 "-" 22 0
Jun 10 08:18:22 standalone proxy-server[128651]: 172.18.0.2 172.18.0.100 10/Jun/2026/08/18/22 PUT /v1/AUTH_7f00912ffce942ea98eb279238f21346/gnocchi.27f658ff-0ada-4013-a74c-69e4abd1ea27/none_v3 HTTP/1.0 201 - python-swiftclient-3.11.1 gAAAAABqKR2KA6fE... 22 - - tx9cfcb4a1e4d94be0b9b13-006a291dce - 0.0227 - - 1781079502.522375584 1781079502.545101404 0
Jun 10 08:18:22 standalone container-server[126466]: 172.20.0.100 - - [10/Jun/2026:08:18:22 +0000] "HEAD /d1/858/AUTH_7f00912ffce942ea98eb279238f21346/gnocchi.6bc5af26-4b6d-49ee-975d-a214142ccee7" 404 - "HEAD http://172.18.0.2:8080/v1/AUTH_7f00912ffce942ea98eb279238f21346/gnocchi.6bc5af26-4b6d-49ee-975d-a214142ccee7?format=json&states=listing" "txb0c4dfb5864e410d8e6f0-006a291dce" "proxy-server 20" 0.0004 "-" 22 0
Jun 10 08:18:22 standalone object-server[126707]: 172.20.0.100 - - [10/Jun/2026:08:18:22 +0000] "GET /d1/577/AUTH_7f00912ffce942ea98eb279238f21346/gnocchi.6bc5af26-4b6d-49ee-975d-a214142ccee7/none_v3" 404 70 "GET http://172.18.0.2:8080/v1/AUTH_7f00912ffce942ea98eb279238f21346/gnocchi.6bc5af26-4b6d-49ee-975d-a214142ccee7/none_v3" "txb0c4dfb5864e410d8e6f0-006a291dce" "proxy-server 20" 0.0003 "-" 23 0
Jun 10 08:18:22 standalone proxy-server[128651]: 172.18.0.2 172.18.0.100 10/Jun/2026/08/18/22 GET /v1/AUTH_7f00912ffce942ea98eb279238f21346/gnocchi.6bc5af26-4b6d-49ee-975d-a214142ccee7/none_v3 HTTP/1.0 404 - python-swiftclient-3.11.1 gAAAAABqKR2KA6fE... - 70 - txb0c4dfb5864e410d8e6f0-006a291dce - 0.0096 - - 1781079502.559211731 1781079502.568823576 0
Jun 10 08:18:22 standalone account-server[126440]: 172.20.0.100 - - [10/Jun/2026:08:18:22 +0000] "PUT /d1/300/AUTH_7f00912ffce942ea98eb279238f21346/gnocchi.6bc5af26-4b6d-49ee-975d-a214142ccee7" 201 - "PUT http://172.20.0.100:6001/d1/858/AUTH_7f00912ffce942ea98eb279238f21346/gnocchi.6bc5af26-4b6d-49ee-975d-a214142ccee7" "txed0815adf74a439ead406-006a291dce" "container-server 21" 0.0060 "-" 20 0
Jun 10 08:18:22 standalone container-server[126464]: 172.20.0.100 - - [10/Jun/2026:08:18:22 +0000] "PUT /d1/858/AUTH_7f00912ffce942ea98eb279238f21346/gnocchi.6bc5af26-4b6d-49ee-975d-a214142ccee7" 201 - "PUT http://172.18.0.2:8080/v1/AUTH_7f00912ffce942ea98eb279238f21346/gnocchi.6bc5af26-4b6d-49ee-975d-a214142ccee7" "txed0815adf74a439ead406-006a291dce" "proxy-server 20" 0.0173 "-" 21 0
Jun 10 08:18:22 standalone proxy-server[128651]: 172.18.0.2 172.18.0.100 10/Jun/2026/08/18/22 PUT /v1/AUTH_7f00912ffce942ea98eb279238f21346/gnocchi.6bc5af26-4b6d-49ee-975d-a214142ccee7 HTTP/1.0 201 - python-swiftclient-3.11.1 gAAAAABqKR2KA6fE... - - - txed0815adf74a439ead406-006a291dce - 0.0250 - - 1781079502.571848631 1781079502.596859694 0
Jun 10 08:18:22 standalone container-server[126466]: 172.20.0.100 - - [10/Jun/2026:08:18:22 +0000] "HEAD /d1/858/AUTH_7f00912ffce942ea98eb279238f21346/gnocchi.6bc5af26-4b6d-49ee-975d-a214142ccee7" 204 - "HEAD http://172.18.0.2:8080/v1/AUTH_7f00912ffce942ea98eb279238f21346/gnocchi.6bc5af26-4b6d-49ee-975d-a214142ccee7?format=json&states=listing" "tx08adad6d0c9f426f8f59d-006a291dce" "proxy-server 20" 0.0017 "-" 22 0
Jun 10 08:18:22 standalone proxy-server[128651]: - - 10/Jun/2026/08/18/22 HEAD /v1/AUTH_7f00912ffce942ea98eb279238f21346/gnocchi.6bc5af26-4b6d-49ee-975d-a214142ccee7%3Fformat%3Djson%26states%3Dlisting HTTP/1.0 204 - Swift - - - - tx08adad6d0c9f426f8f59d-006a291dce - 0.0062 RL - 1781079502.602513075 1781079502.608680010 0
Jun 10 08:18:22 standalone container-server[126469]: 172.20.0.100 - - [10/Jun/2026:08:18:22 +0000] "GET /d1/858/AUTH_7f00912ffce942ea98eb279238f21346/gnocchi.6bc5af26-4b6d-49ee-975d-a214142ccee7" 200 2 "GET http://172.18.0.2:8080/v1/AUTH_7f00912ffce942ea98eb279238f21346/gnocchi.6bc5af26-4b6d-49ee-975d-a214142ccee7?format=json&states=listing" "tx08adad6d0c9f426f8f59d-006a291dce" "proxy-server 20" 0.0034 "-" 23 0
Jun 10 08:18:22 standalone proxy-server[128651]: 172.18.0.2 172.18.0.100 10/Jun/2026/08/18/22 GET /v1/AUTH_7f00912ffce942ea98eb279238f21346/gnocchi.6bc5af26-4b6d-49ee-975d-a214142ccee7%3Fformat%3Djson%26states%3Dlisting HTTP/1.0 200 - python-swiftclient-3.11.1 gAAAAABqKR2KA6fE... - 2 - tx08adad6d0c9f426f8f59d-006a291dce - 0.0194 - - 1781079502.601034641 1781079502.620405436 0
Jun 10 08:18:22 standalone object-server[126706]: 172.20.0.100 - - [10/Jun/2026:08:18:22 +0000] "GET /d1/125/AUTH_7f00912ffce942ea98eb279238f21346/gnocchi.6bc5af26-4b6d-49ee-975d-a214142ccee7/1780920000.0_mean_300.0_v3" 404 70 "GET http://172.18.0.2:8080/v1/AUTH_7f00912ffce942ea98eb279238f21346/gnocchi.6bc5af26-4b6d-49ee-975d-a214142ccee7/1780920000.0_mean_300.0_v3" "tx2bd0b9d5c26c4423bf016-006a291dce" "proxy-server 20" 0.0004 "-" 22 0
Jun 10 08:18:22 standalone proxy-server[128651]: 172.18.0.2 172.18.0.100 10/Jun/2026/08/18/22 GET /v1/AUTH_7f00912ffce942ea98eb279238f21346/gnocchi.6bc5af26-4b6d-49ee-975d-a214142ccee7/1780920000.0_mean_300.0_v3 HTTP/1.0 404 - python-swiftclient-3.11.1 gAAAAABqKR2KA6fE... - 70 - tx2bd0b9d5c26c4423bf016-006a291dce - 0.0103 - - 1781079502.626427889 1781079502.636739492 0
Jun 10 08:18:22 standalone container-server[126469]: 172.20.0.100 - - [10/Jun/2026:08:18:22 +0000] "PUT /d1/858/AUTH_7f00912ffce942ea98eb279238f21346/gnocchi.6bc5af26-4b6d-49ee-975d-a214142ccee7/1780920000.0_mean_300.0_v3" 201 - "PUT http://172.18.0.2:8080/d1/125/AUTH_7f00912ffce942ea98eb279238f21346/gnocchi.6bc5af26-4b6d-49ee-975d-a214142ccee7/1780920000.0_mean_300.0_v3" "tx9ac0797d790c4c4fbec95-006a291dce" "object-server 24" 0.0009 "-" 23 0
Jun 10 08:18:22 standalone object-server[126708]: 172.20.0.100 - - [10/Jun/2026:08:18:22 +0000] "PUT /d1/125/AUTH_7f00912ffce942ea98eb279238f21346/gnocchi.6bc5af26-4b6d-49ee-975d-a214142ccee7/1780920000.0_mean_300.0_v3" 201 - "PUT http://172.18.0.2:8080/v1/AUTH_7f00912ffce942ea98eb279238f21346/gnocchi.6bc5af26-4b6d-49ee-975d-a214142ccee7/1780920000.0_mean_300.0_v3" "tx9ac0797d790c4c4fbec95-006a291dce" "proxy-server 20" 0.0168 "-" 24 0
Jun 10 08:18:22 standalone proxy-server[128651]: 172.18.0.2 172.18.0.100 10/Jun/2026/08/18/22 PUT /v1/AUTH_7f00912ffce942ea98eb279238f21346/gnocchi.6bc5af26-4b6d-49ee-975d-a214142ccee7/1780920000.0_mean_300.0_v3 HTTP/1.0 201 - python-swiftclient-3.11.1 gAAAAABqKR2KA6fE... 16 - - tx9ac0797d790c4c4fbec95-006a291dce - 0.0246 - - 1781079502.640773296 1781079502.665370941 0
Jun 10 08:18:22 standalone container-server[126466]: 172.20.0.100 - - [10/Jun/2026:08:18:22 +0000] "PUT /d1/858/AUTH_7f00912ffce942ea98eb279238f21346/gnocchi.6bc5af26-4b6d-49ee-975d-a214142ccee7/none_v3" 201 - "PUT http://172.18.0.2:8080/d1/577/AUTH_7f00912ffce942ea98eb279238f21346/gnocchi.6bc5af26-4b6d-49ee-975d-a214142ccee7/none_v3" "tx03f10e7414c74cf5b246a-006a291dce" "object-server 23" 0.0007 "-" 22 0
Jun 10 08:18:22 standalone object-server[126707]: 172.20.0.100 - - [10/Jun/2026:08:18:22 +0000] "PUT /d1/577/AUTH_7f00912ffce942ea98eb279238f21346/gnocchi.6bc5af26-4b6d-49ee-975d-a214142ccee7/none_v3" 201 - "PUT http://172.18.0.2:8080/v1/AUTH_7f00912ffce942ea98eb279238f21346/gnocchi.6bc5af26-4b6d-49ee-975d-a214142ccee7/none_v3" "tx03f10e7414c74cf5b246a-006a291dce" "proxy-server 20" 0.0112 "-" 23 0
Jun 10 08:18:22 standalone proxy-server[128651]: 172.18.0.2 172.18.0.100 10/Jun/2026/08/18/22 PUT /v1/AUTH_7f00912ffce942ea98eb279238f21346/gnocchi.6bc5af26-4b6d-49ee-975d-a214142ccee7/none_v3 HTTP/1.0 201 - python-swiftclient-3.11.1 gAAAAABqKR2KA6fE... 22 - - tx03f10e7414c74cf5b246a-006a291dce - 0.0195 - - 1781079502.669019461 1781079502.688523293 0
Jun 10 08:18:47 standalone object-server[126548]: Begin object update sweep
Jun 10 08:18:47 standalone object-server[225956]: Object update sweep starting on /srv/node/d1 (pid: 14)
Jun 10 08:18:47 standalone object-server[225956]: Object update sweep completed on /srv/node/d1 in 0.00s seconds:, 0 successes, 0 failures, 0 quarantines, 0 unlinks, 0 errors, 0 redirects (pid: 14)
Jun 10 08:18:47 standalone object-server[225956]: Object update sweep of d1 completed: 0.00s, 0 successes, 0 failures, 0 quarantines, 0 unlinks, 0 errors, 0 redirects
Jun 10 08:18:47 standalone object-server[126548]: Object update sweep completed: 0.08s
Jun 10 08:18:49 standalone container-server[126454]: 172.20.0.100 - - [10/Jun/2026:08:18:49 +0000] "HEAD /d1/757/AUTH_7f00912ffce942ea98eb279238f21346/gnocchi.313bb6ba-215d-4d78-9a22-e447c59d394c" 404 - "HEAD http://172.18.0.2:8080/v1/AUTH_7f00912ffce942ea98eb279238f21346/gnocchi.313bb6ba-215d-4d78-9a22-e447c59d394c?format=json&states=listing" "tx5c471ab6e3254b21a676c-006a291de9" "proxy-server 20" 0.0006 "-" 20 0
Jun 10 08:18:49 standalone object-server[126708]: 172.20.0.100 - - [10/Jun/2026:08:18:49 +0000] "GET /d1/649/AUTH_7f00912ffce942ea98eb279238f21346/gnocchi.313bb6ba-215d-4d78-9a22-e447c59d394c/none_v3" 404 70 "GET http://172.18.0.2:8080/v1/AUTH_7f00912ffce942ea98eb279238f21346/gnocchi.313bb6ba-215d-4d78-9a22-e447c59d394c/none_v3" "tx5c471ab6e3254b21a676c-006a291de9" "proxy-server 20" 0.0005 "-" 24 0
Jun 10 08:18:49 standalone proxy-server[128651]: 172.18.0.2 172.18.0.100 10/Jun/2026/08/18/49 GET /v1/AUTH_7f00912ffce942ea98eb279238f21346/gnocchi.313bb6ba-215d-4d78-9a22-e447c59d394c/none_v3 HTTP/1.0 404 - python-swiftclient-3.11.1 gAAAAABqKR2KA6fE... - 70 - tx5c471ab6e3254b21a676c-006a291de9 - 0.0191 - - 1781079529.243355751 1781079529.262470007 0
Jun 10 08:18:49 standalone account-server[126448]: 172.20.0.100 - - [10/Jun/2026:08:18:49 +0000] "PUT /d1/300/AUTH_7f00912ffce942ea98eb279238f21346/gnocchi.313bb6ba-215d-4d78-9a22-e447c59d394c" 201 - "PUT http://172.20.0.100:6001/d1/757/AUTH_7f00912ffce942ea98eb279238f21346/gnocchi.313bb6ba-215d-4d78-9a22-e447c59d394c" "tx331c3572dfd549b68b7e1-006a291de9" "container-server 21" 0.0043 "-" 21 0
Jun 10 08:18:49 standalone container-server[126464]: 172.20.0.100 - - [10/Jun/2026:08:18:49 +0000] "PUT /d1/757/AUTH_7f00912ffce942ea98eb279238f21346/gnocchi.313bb6ba-215d-4d78-9a22-e447c59d394c" 201 - "PUT http://172.18.0.2:8080/v1/AUTH_7f00912ffce942ea98eb279238f21346/gnocchi.313bb6ba-215d-4d78-9a22-e447c59d394c" "tx331c3572dfd549b68b7e1-006a291de9" "proxy-server 20" 0.0382 "-" 21 0
Jun 10 08:18:49 standalone proxy-server[128651]: 172.18.0.2 172.18.0.100 10/Jun/2026/08/18/49 PUT /v1/AUTH_7f00912ffce942ea98eb279238f21346/gnocchi.313bb6ba-215d-4d78-9a22-e447c59d394c HTTP/1.0 201 - python-swiftclient-3.11.1 gAAAAABqKR2KA6fE... - - - tx331c3572dfd549b68b7e1-006a291de9 - 0.0485 - - 1781079529.269469738 1781079529.317971706 0
Jun 10 08:18:49 standalone container-server[126466]: 172.20.0.100 - - [10/Jun/2026:08:18:49 +0000] "HEAD /d1/757/AUTH_7f00912ffce942ea98eb279238f21346/gnocchi.313bb6ba-215d-4d78-9a22-e447c59d394c" 204 - "HEAD http://172.18.0.2:8080/v1/AUTH_7f00912ffce942ea98eb279238f21346/gnocchi.313bb6ba-215d-4d78-9a22-e447c59d394c?format=json&states=listing" "txa5a38c7b3ad34014b96eb-006a291de9" "proxy-server 20" 0.0023 "-" 22 0
Jun 10 08:18:49 standalone proxy-server[128651]: - - 10/Jun/2026/08/18/49 HEAD /v1/AUTH_7f00912ffce942ea98eb279238f21346/gnocchi.313bb6ba-215d-4d78-9a22-e447c59d394c%3Fformat%3Djson%26states%3Dlisting HTTP/1.0 204 - Swift - - - - txa5a38c7b3ad34014b96eb-006a291de9 - 0.0077 RL - 1781079529.326550007 1781079529.334254026 0
Jun 10 08:18:49 standalone container-server[126469]: 172.20.0.100 - - [10/Jun/2026:08:18:49 +0000] "GET /d1/757/AUTH_7f00912ffce942ea98eb279238f21346/gnocchi.313bb6ba-215d-4d78-9a22-e447c59d394c" 200 2 "GET http://172.18.0.2:8080/v1/AUTH_7f00912ffce942ea98eb279238f21346/gnocchi.313bb6ba-215d-4d78-9a22-e447c59d394c?format=json&states=listing" "txa5a38c7b3ad34014b96eb-006a291de9" "proxy-server 20" 0.0020 "-" 23 0
Jun 10 08:18:49 standalone proxy-server[128651]: 172.18.0.2 172.18.0.100 10/Jun/2026/08/18/49 GET /v1/AUTH_7f00912ffce942ea98eb279238f21346/gnocchi.313bb6ba-215d-4d78-9a22-e447c59d394c%3Fformat%3Djson%26states%3Dlisting HTTP/1.0 200 - python-swiftclient-3.11.1 gAAAAABqKR2KA6fE... - 2 - txa5a38c7b3ad34014b96eb-006a291de9 - 0.0204 - - 1781079529.324926376 1781079529.345305681 0
Jun 10 08:18:49 standalone object-server[126707]: 172.20.0.100 - - [10/Jun/2026:08:18:49 +0000] "GET /d1/182/AUTH_7f00912ffce942ea98eb279238f21346/gnocchi.313bb6ba-215d-4d78-9a22-e447c59d394c/1780920000.0_mean_300.0_v3" 404 70 "GET http://172.18.0.2:8080/v1/AUTH_7f00912ffce942ea98eb279238f21346/gnocchi.313bb6ba-215d-4d78-9a22-e447c59d394c/1780920000.0_mean_300.0_v3" "tx91a8e26aa8124990a4627-006a291de9" "proxy-server 20" 0.0005 "-" 23 0
Jun 10 08:18:49 standalone proxy-server[128651]: 172.18.0.2 172.18.0.100 10/Jun/2026/08/18/49 GET /v1/AUTH_7f00912ffce942ea98eb279238f21346/gnocchi.313bb6ba-215d-4d78-9a22-e447c59d394c/1780920000.0_mean_300.0_v3 HTTP/1.0 404 - python-swiftclient-3.11.1 gAAAAABqKR2KA6fE... - 70 - tx91a8e26aa8124990a4627-006a291de9 - 0.0084 - - 1781079529.348927259 1781079529.357279062 0
Jun 10 08:18:49 standalone container-server[126464]: 172.20.0.100 - - [10/Jun/2026:08:18:49 +0000] "PUT /d1/757/AUTH_7f00912ffce942ea98eb279238f21346/gnocchi.313bb6ba-215d-4d78-9a22-e447c59d394c/1780920000.0_mean_300.0_v3" 201 - "PUT http://172.18.0.2:8080/d1/182/AUTH_7f00912ffce942ea98eb279238f21346/gnocchi.313bb6ba-215d-4d78-9a22-e447c59d394c/1780920000.0_mean_300.0_v3" "txf8208fda39da496782181-006a291de9" "object-server 25" 0.0009 "-" 21 0
Jun 10 08:18:49 standalone object-server[126714]: 172.20.0.100 - - [10/Jun/2026:08:18:49 +0000] "PUT /d1/182/AUTH_7f00912ffce942ea98eb279238f21346/gnocchi.313bb6ba-215d-4d78-9a22-e447c59d394c/1780920000.0_mean_300.0_v3" 201 - "PUT http://172.18.0.2:8080/v1/AUTH_7f00912ffce942ea98eb279238f21346/gnocchi.313bb6ba-215d-4d78-9a22-e447c59d394c/1780920000.0_mean_300.0_v3" "txf8208fda39da496782181-006a291de9" "proxy-server 20" 0.0158 "-" 25 0
Jun 10 08:18:49 standalone proxy-server[128651]: 172.18.0.2 172.18.0.100 10/Jun/2026/08/18/49 PUT /v1/AUTH_7f00912ffce942ea98eb279238f21346/gnocchi.313bb6ba-215d-4d78-9a22-e447c59d394c/1780920000.0_mean_300.0_v3 HTTP/1.0 201 - python-swiftclient-3.11.1 gAAAAABqKR2KA6fE... 16 - - txf8208fda39da496782181-006a291de9 - 0.0291 - - 1781079529.360489368 1781079529.389549017 0
Jun 10 08:18:49 standalone container-server[126454]: 172.20.0.100 - - [10/Jun/2026:08:18:49 +0000] "PUT /d1/757/AUTH_7f00912ffce942ea98eb279238f21346/gnocchi.313bb6ba-215d-4d78-9a22-e447c59d394c/none_v3" 201 - "PUT http://172.18.0.2:8080/d1/649/AUTH_7f00912ffce942ea98eb279238f21346/gnocchi.313bb6ba-215d-4d78-9a22-e447c59d394c/none_v3" "tx48c0ba020f8b4a25a1747-006a291de9" "object-server 25" 0.0007 "-" 20 0
Jun 10 08:18:49 standalone object-server[126714]: 172.20.0.100 - - [10/Jun/2026:08:18:49 +0000] "PUT /d1/649/AUTH_7f00912ffce942ea98eb279238f21346/gnocchi.313bb6ba-215d-4d78-9a22-e447c59d394c/none_v3" 201 - "PUT http://172.18.0.2:8080/v1/AUTH_7f00912ffce942ea98eb279238f21346/gnocchi.313bb6ba-215d-4d78-9a22-e447c59d394c/none_v3" "tx48c0ba020f8b4a25a1747-006a291de9" "proxy-server 20" 0.0224 "-" 25 0
Jun 10 08:18:49 standalone proxy-server[128651]: 172.18.0.2 172.18.0.100 10/Jun/2026/08/18/49 PUT /v1/AUTH_7f00912ffce942ea98eb279238f21346/gnocchi.313bb6ba-215d-4d78-9a22-e447c59d394c/none_v3 HTTP/1.0 201 - python-swiftclient-3.11.1 gAAAAABqKR2KA6fE... 22 - - tx48c0ba020f8b4a25a1747-006a291de9 - 0.0375 - - 1781079529.393499851 1781079529.431030750 0
Jun 10 08:18:49 standalone object-server[126714]: 172.20.0.100 - - [10/Jun/2026:08:18:49 +0000] "GET /d1/486/AUTH_7f00912ffce942ea98eb279238f21346/gnocchi.960fd76c-301e-470f-946d-b68cff1674d8/none_v3" 200 22 "GET http://172.18.0.2:8080/v1/AUTH_7f00912ffce942ea98eb279238f21346/gnocchi.960fd76c-301e-470f-946d-b68cff1674d8/none_v3" "txfdfcc82b06e14231972fd-006a291de9" "proxy-server 20" 0.0012 "-" 25 0
Jun 10 08:18:49 standalone proxy-server[128651]: 172.18.0.2 172.18.0.100 10/Jun/2026/08/18/49 GET /v1/AUTH_7f00912ffce942ea98eb279238f21346/gnocchi.960fd76c-301e-470f-946d-b68cff1674d8/none_v3 HTTP/1.0 200 - python-swiftclient-3.11.1 gAAAAABqKR2KA6fE... - 22 - txfdfcc82b06e14231972fd-006a291de9 - 0.0109 - - 1781079529.477798462 1781079529.488721609 0
Jun 10 08:18:49 standalone container-server[126464]: 172.20.0.100 - - [10/Jun/2026:08:18:49 +0000] "GET /d1/796/AUTH_7f00912ffce942ea98eb279238f21346/gnocchi.960fd76c-301e-470f-946d-b68cff1674d8" 200 357 "GET http://172.18.0.2:8080/v1/AUTH_7f00912ffce942ea98eb279238f21346/gnocchi.960fd76c-301e-470f-946d-b68cff1674d8?format=json&states=listing" "tx3aca9a279aa14a109e9a5-006a291de9" "proxy-server 20" 0.0160 "-" 21 0
Jun 10 08:18:49 standalone proxy-server[128651]: 172.18.0.2 172.18.0.100 10/Jun/2026/08/18/49 GET /v1/AUTH_7f00912ffce942ea98eb279238f21346/gnocchi.960fd76c-301e-470f-946d-b68cff1674d8%3Fformat%3Djson%26states%3Dlisting HTTP/1.0 200 - python-swiftclient-3.11.1 gAAAAABqKR2KA6fE... - 357 - tx3aca9a279aa14a109e9a5-006a291de9 - 0.0256 - - 1781079529.496638060 1781079529.522188902 0
Jun 10 08:18:49 standalone container-server[126454]: 172.20.0.100 - - [10/Jun/2026:08:18:49 +0000] "GET /d1/796/AUTH_7f00912ffce942ea98eb279238f21346/gnocchi.960fd76c-301e-470f-946d-b68cff1674d8" 200 2 "GET http://172.18.0.2:8080/v1/AUTH_7f00912ffce942ea98eb279238f21346/gnocchi.960fd76c-301e-470f-946d-b68cff1674d8?format=json&marker=none_v3&states=listing" "txbdaf9a593a564615b3fcb-006a291de9" "proxy-server 20" 0.0025 "-" 20 0
Jun 10 08:18:49 standalone proxy-server[128651]: 172.18.0.2 172.18.0.100 10/Jun/2026/08/18/49 GET /v1/AUTH_7f00912ffce942ea98eb279238f21346/gnocchi.960fd76c-301e-470f-946d-b68cff1674d8%3Fformat%3Djson%26marker%3Dnone_v3%26states%3Dlisting HTTP/1.0 200 - python-swiftclient-3.11.1 gAAAAABqKR2KA6fE... - 2 - txbdaf9a593a564615b3fcb-006a291de9 - 0.0105 - - 1781079529.527512312 1781079529.538000107 0
Jun 10 08:18:49 standalone object-server[126707]: 172.20.0.100 - - [10/Jun/2026:08:18:49 +0000] "GET /d1/709/AUTH_7f00912ffce942ea98eb279238f21346/gnocchi.960fd76c-301e-470f-946d-b68cff1674d8/1780920000.0_mean_300.0_v3" 200 16 "GET http://172.18.0.2:8080/v1/AUTH_7f00912ffce942ea98eb279238f21346/gnocchi.960fd76c-301e-470f-946d-b68cff1674d8/1780920000.0_mean_300.0_v3" "tx79419750415348fcb42e1-006a291de9" "proxy-server 20" 0.0011 "-" 23 0
Jun 10 08:18:49 standalone proxy-server[128651]: 172.18.0.2 172.18.0.100 10/Jun/2026/08/18/49 GET /v1/AUTH_7f00912ffce942ea98eb279238f21346/gnocchi.960fd76c-301e-470f-946d-b68cff1674d8/1780920000.0_mean_300.0_v3 HTTP/1.0 200 - python-swiftclient-3.11.1 gAAAAABqKR2KA6fE... - 16 - tx79419750415348fcb42e1-006a291de9 - 0.0096 - - 1781079529.543315649 1781079529.552902937 0
Jun 10 08:18:49 standalone container-server[126464]: 172.20.0.100 - - [10/Jun/2026:08:18:49 +0000] "PUT /d1/796/AUTH_7f00912ffce942ea98eb279238f21346/gnocchi.960fd76c-301e-470f-946d-b68cff1674d8/1780920000.0_mean_300.0_v3" 201 - "PUT http://172.18.0.2:8080/d1/709/AUTH_7f00912ffce942ea98eb279238f21346/gnocchi.960fd76c-301e-470f-946d-b68cff1674d8/1780920000.0_mean_300.0_v3" "txcf0d95a3dc744ed2827d6-006a291de9" "object-server 25" 0.0008 "-" 21 0
Jun 10 08:18:49 standalone object-server[126714]: 172.20.0.100 - - [10/Jun/2026:08:18:49 +0000] "PUT /d1/709/AUTH_7f00912ffce942ea98eb279238f21346/gnocchi.960fd76c-301e-470f-946d-b68cff1674d8/1780920000.0_mean_300.0_v3" 201 - "PUT http://172.18.0.2:8080/v1/AUTH_7f00912ffce942ea98eb279238f21346/gnocchi.960fd76c-301e-470f-946d-b68cff1674d8/1780920000.0_mean_300.0_v3" "txcf0d95a3dc744ed2827d6-006a291de9" "proxy-server 20" 0.0346 "-" 25 0
Jun 10 08:18:49 standalone proxy-server[128651]: 172.18.0.2 172.18.0.100 10/Jun/2026/08/18/49 PUT /v1/AUTH_7f00912ffce942ea98eb279238f21346/gnocchi.960fd76c-301e-470f-946d-b68cff1674d8/1780920000.0_mean_300.0_v3 HTTP/1.0 201 - python-swiftclient-3.11.1 gAAAAABqKR2KA6fE... 16 - - txcf0d95a3dc744ed2827d6-006a291de9 - 0.0431 - - 1781079529.559645414 1781079529.602775574 0
Jun 10 08:18:49 standalone container-server[126466]: 172.20.0.100 - - [10/Jun/2026:08:18:49 +0000] "PUT /d1/796/AUTH_7f00912ffce942ea98eb279238f21346/gnocchi.960fd76c-301e-470f-946d-b68cff1674d8/none_v3" 201 - "PUT http://172.18.0.2:8080/d1/486/AUTH_7f00912ffce942ea98eb279238f21346/gnocchi.960fd76c-301e-470f-946d-b68cff1674d8/none_v3" "txb83363776bbd47759c8df-006a291de9" "object-server 24" 0.0006 "-" 22 0
Jun 10 08:18:49 standalone object-server[126708]: 172.20.0.100 - - [10/Jun/2026:08:18:49 +0000] "PUT /d1/486/AUTH_7f00912ffce942ea98eb279238f21346/gnocchi.960fd76c-301e-470f-946d-b68cff1674d8/none_v3" 201 - "PUT http://172.18.0.2:8080/v1/AUTH_7f00912ffce942ea98eb279238f21346/gnocchi.960fd76c-301e-470f-946d-b68cff1674d8/none_v3" "txb83363776bbd47759c8df-006a291de9" "proxy-server 20" 0.0117 "-" 24 0
Jun 10 08:18:49 standalone proxy-server[128651]: 172.18.0.2 172.18.0.100 10/Jun/2026/08/18/49 PUT /v1/AUTH_7f00912ffce942ea98eb279238f21346/gnocchi.960fd76c-301e-470f-946d-b68cff1674d8/none_v3 HTTP/1.0 201 - python-swiftclient-3.11.1 gAAAAABqKR2KA6fE... 33 - - txb83363776bbd47759c8df-006a291de9 - 0.0221 - - 1781079529.606977224 1781079529.629107714 0
Jun 10 08:18:49 standalone object-server[126706]: 172.20.0.100 - - [10/Jun/2026:08:18:49 +0000] "GET /d1/625/AUTH_7f00912ffce942ea98eb279238f21346/gnocchi.bd44ae69-65aa-489f-9251-a2db1af81edf/none_v3" 200 22 "GET http://172.18.0.2:8080/v1/AUTH_7f00912ffce942ea98eb279238f21346/gnocchi.bd44ae69-65aa-489f-9251-a2db1af81edf/none_v3" "txae59a6a0787c447699aa1-006a291de9" "proxy-server 20" 0.0009 "-" 22 0
Jun 10 08:18:49 standalone proxy-server[128651]: 172.18.0.2 172.18.0.100 10/Jun/2026/08/18/49 GET /v1/AUTH_7f00912ffce942ea98eb279238f21346/gnocchi.bd44ae69-65aa-489f-9251-a2db1af81edf/none_v3 HTTP/1.0 200 - python-swiftclient-3.11.1 gAAAAABqKR2KA6fE... - 22 - txae59a6a0787c447699aa1-006a291de9 - 0.0097 - - 1781079529.651323318 1781079529.661049843 0
Jun 10 08:18:49 standalone container-server[126454]: 172.20.0.100 - - [10/Jun/2026:08:18:49 +0000] "GET /d1/566/AUTH_7f00912ffce942ea98eb279238f21346/gnocchi.bd44ae69-65aa-489f-9251-a2db1af81edf" 200 357 "GET http://172.18.0.2:8080/v1/AUTH_7f00912ffce942ea98eb279238f21346/gnocchi.bd44ae69-65aa-489f-9251-a2db1af81edf?format=json&states=listing" "txdce7c88c46f146269c1ab-006a291de9" "proxy-server 20" 0.0192 "-" 20 0
Jun 10 08:18:49 standalone proxy-server[128651]: 172.18.0.2 172.18.0.100 10/Jun/2026/08/18/49 GET /v1/AUTH_7f00912ffce942ea98eb279238f21346/gnocchi.bd44ae69-65aa-489f-9251-a2db1af81edf%3Fformat%3Djson%26states%3Dlisting HTTP/1.0 200 - python-swiftclient-3.11.1 gAAAAABqKR2KA6fE... - 357 - txdce7c88c46f146269c1ab-006a291de9 - 0.0293 - - 1781079529.666841269 1781079529.696138859 0
Jun 10 08:18:49 standalone container-server[126469]: 172.20.0.100 - - [10/Jun/2026:08:18:49 +0000] "GET /d1/566/AUTH_7f00912ffce942ea98eb279238f21346/gnocchi.bd44ae69-65aa-489f-9251-a2db1af81edf" 200 2 "GET http://172.18.0.2:8080/v1/AUTH_7f00912ffce942ea98eb279238f21346/gnocchi.bd44ae69-65aa-489f-9251-a2db1af81edf?format=json&marker=none_v3&states=listing" "tx06a0f2b059ca4ef798313-006a291de9" "proxy-server 20" 0.0017 "-" 23 0
Jun 10 08:18:49 standalone proxy-server[128651]: 172.18.0.2 172.18.0.100 10/Jun/2026/08/18/49 GET /v1/AUTH_7f00912ffce942ea98eb279238f21346/gnocchi.bd44ae69-65aa-489f-9251-a2db1af81edf%3Fformat%3Djson%26marker%3Dnone_v3%26states%3Dlisting HTTP/1.0 200 - python-swiftclient-3.11.1 gAAAAABqKR2KA6fE... - 2 - tx06a0f2b059ca4ef798313-006a291de9 - 0.0099 - - 1781079529.700429201 1781079529.710338831 0
Jun 10 08:18:49 standalone object-server[126707]: 172.20.0.100 - - [10/Jun/2026:08:18:49 +0000] "GET /d1/474/AUTH_7f00912ffce942ea98eb279238f21346/gnocchi.bd44ae69-65aa-489f-9251-a2db1af81edf/1780920000.0_mean_300.0_v3" 200 16 "GET http://172.18.0.2:8080/v1/AUTH_7f00912ffce942ea98eb279238f21346/gnocchi.bd44ae69-65aa-489f-9251-a2db1af81edf/1780920000.0_mean_300.0_v3" "tx5f95331376f54cba8f847-006a291de9" "proxy-server 20" 0.0010 "-" 23 0
Jun 10 08:18:49 standalone proxy-server[128651]: 172.18.0.2 172.18.0.100 10/Jun/2026/08/18/49 GET /v1/AUTH_7f00912ffce942ea98eb279238f21346/gnocchi.bd44ae69-65aa-489f-9251-a2db1af81edf/1780920000.0_mean_300.0_v3 HTTP/1.0 200 - python-swiftclient-3.11.1 gAAAAABqKR2KA6fE... - 16 - tx5f95331376f54cba8f847-006a291de9 - 0.0114 - - 1781079529.718142748 1781079529.729578018 0
Jun 10 08:18:49 standalone container-server[126469]: 172.20.0.100 - - [10/Jun/2026:08:18:49 +0000] "PUT /d1/566/AUTH_7f00912ffce942ea98eb279238f21346/gnocchi.bd44ae69-65aa-489f-9251-a2db1af81edf/1780920000.0_mean_300.0_v3" 201 - "PUT http://172.18.0.2:8080/d1/474/AUTH_7f00912ffce942ea98eb279238f21346/gnocchi.bd44ae69-65aa-489f-9251-a2db1af81edf/1780920000.0_mean_300.0_v3" "txec406c6df63840619066d-006a291de9" "object-server 22" 0.0005 "-" 23 0
Jun 10 08:18:49 standalone object-server[126706]: 172.20.0.100 - - [10/Jun/2026:08:18:49 +0000] "PUT /d1/474/AUTH_7f00912ffce942ea98eb279238f21346/gnocchi.bd44ae69-65aa-489f-9251-a2db1af81edf/1780920000.0_mean_300.0_v3" 201 - "PUT http://172.18.0.2:8080/v1/AUTH_7f00912ffce942ea98eb279238f21346/gnocchi.bd44ae69-65aa-489f-9251-a2db1af81edf/1780920000.0_mean_300.0_v3" "txec406c6df63840619066d-006a291de9" "proxy-server 20" 0.0105 "-" 22 0
Jun 10 08:18:49 standalone proxy-server[128651]: 172.18.0.2 172.18.0.100 10/Jun/2026/08/18/49 PUT /v1/AUTH_7f00912ffce942ea98eb279238f21346/gnocchi.bd44ae69-65aa-489f-9251-a2db1af81edf/1780920000.0_mean_300.0_v3 HTTP/1.0 201 - python-swiftclient-3.11.1 gAAAAABqKR2KA6fE... 16 - - txec406c6df63840619066d-006a291de9 - 0.0202 - - 1781079529.736679316 1781079529.756856918 0
Jun 10 08:18:49 standalone container-server[126464]: 172.20.0.100 - - [10/Jun/2026:08:18:49 +0000] "PUT /d1/566/AUTH_7f00912ffce942ea98eb279238f21346/gnocchi.bd44ae69-65aa-489f-9251-a2db1af81edf/none_v3" 201 - "PUT http://172.18.0.2:8080/d1/625/AUTH_7f00912ffce942ea98eb279238f21346/gnocchi.bd44ae69-65aa-489f-9251-a2db1af81edf/none_v3" "txf87917f60a994bd194dd2-006a291de9" "object-server 22" 0.0011 "-" 21 0
Jun 10 08:18:49 standalone object-server[126706]: 172.20.0.100 - - [10/Jun/2026:08:18:49 +0000] "PUT /d1/625/AUTH_7f00912ffce942ea98eb279238f21346/gnocchi.bd44ae69-65aa-489f-9251-a2db1af81edf/none_v3" 201 - "PUT http://172.18.0.2:8080/v1/AUTH_7f00912ffce942ea98eb279238f21346/gnocchi.bd44ae69-65aa-489f-9251-a2db1af81edf/none_v3" "txf87917f60a994bd194dd2-006a291de9" "proxy-server 20" 0.0149 "-" 22 0
Jun 10 08:18:49 standalone proxy-server[128651]: 172.18.0.2 172.18.0.100 10/Jun/2026/08/18/49 PUT /v1/AUTH_7f00912ffce942ea98eb279238f21346/gnocchi.bd44ae69-65aa-489f-9251-a2db1af81edf/none_v3 HTTP/1.0 201 - python-swiftclient-3.11.1 gAAAAABqKR2KA6fE... 33 - - txf87917f60a994bd194dd2-006a291de9 - 0.0251 - - 1781079529.765435934 1781079529.790502548 0
Jun 10 08:18:53 standalone object-server[126706]: 172.20.0.100 - - [10/Jun/2026:08:18:53 +0000] "GET /d1/649/AUTH_7f00912ffce942ea98eb279238f21346/gnocchi.313bb6ba-215d-4d78-9a22-e447c59d394c/none_v3" 200 22 "GET http://172.18.0.2:8080/v1/AUTH_7f00912ffce942ea98eb279238f21346/gnocchi.313bb6ba-215d-4d78-9a22-e447c59d394c/none_v3" "tx2efd7f7c582749dba149f-006a291ded" "proxy-server 20" 0.0010 "-" 22 0
Jun 10 08:18:53 standalone proxy-server[128651]: 172.18.0.2 172.18.0.100 10/Jun/2026/08/18/53 GET /v1/AUTH_7f00912ffce942ea98eb279238f21346/gnocchi.313bb6ba-215d-4d78-9a22-e447c59d394c/none_v3 HTTP/1.0 200 - python-swiftclient-3.11.1 gAAAAABqKR2KA6fE... - 22 - tx2efd7f7c582749dba149f-006a291ded - 0.0064 - - 1781079533.726290464 1781079533.732674122 0
Jun 10 08:18:53 standalone container-server[126469]: 172.20.0.100 - - [10/Jun/2026:08:18:53 +0000] "GET /d1/757/AUTH_7f00912ffce942ea98eb279238f21346/gnocchi.313bb6ba-215d-4d78-9a22-e447c59d394c" 200 357 "GET http://172.18.0.2:8080/v1/AUTH_7f00912ffce942ea98eb279238f21346/gnocchi.313bb6ba-215d-4d78-9a22-e447c59d394c?format=json&states=listing" "tx1a468dbc97f24b7584e01-006a291ded" "proxy-server 20" 0.0128 "-" 23 0
Jun 10 08:18:53 standalone proxy-server[128651]: 172.18.0.2 172.18.0.100 10/Jun/2026/08/18/53 GET /v1/AUTH_7f00912ffce942ea98eb279238f21346/gnocchi.313bb6ba-215d-4d78-9a22-e447c59d394c%3Fformat%3Djson%26states%3Dlisting HTTP/1.0 200 - python-swiftclient-3.11.1 gAAAAABqKR2KA6fE... - 357 - tx1a468dbc97f24b7584e01-006a291ded - 0.0175 - - 1781079533.735802174 1781079533.753330946 0
Jun 10 08:18:53 standalone container-server[126464]: 172.20.0.100 - - [10/Jun/2026:08:18:53 +0000] "GET /d1/757/AUTH_7f00912ffce942ea98eb279238f21346/gnocchi.313bb6ba-215d-4d78-9a22-e447c59d394c" 200 2 "GET http://172.18.0.2:8080/v1/AUTH_7f00912ffce942ea98eb279238f21346/gnocchi.313bb6ba-215d-4d78-9a22-e447c59d394c?format=json&marker=none_v3&states=listing" "tx51c8ef04af1046499f5e9-006a291ded" "proxy-server 20" 0.0022 "-" 21 0
Jun 10 08:18:53 standalone proxy-server[128651]: 172.18.0.2 172.18.0.100 10/Jun/2026/08/18/53 GET /v1/AUTH_7f00912ffce942ea98eb279238f21346/gnocchi.313bb6ba-215d-4d78-9a22-e447c59d394c%3Fformat%3Djson%26marker%3Dnone_v3%26states%3Dlisting HTTP/1.0 200 - python-swiftclient-3.11.1 gAAAAABqKR2KA6fE... - 2 - tx51c8ef04af1046499f5e9-006a291ded - 0.0064 - - 1781079533.755646467 1781079533.762043238 0
Jun 10 08:18:53 standalone object-server[126714]: 172.20.0.100 - - [10/Jun/2026:08:18:53 +0000] "GET /d1/182/AUTH_7f00912ffce942ea98eb279238f21346/gnocchi.313bb6ba-215d-4d78-9a22-e447c59d394c/1780920000.0_mean_300.0_v3" 200 16 "GET http://172.18.0.2:8080/v1/AUTH_7f00912ffce942ea98eb279238f21346/gnocchi.313bb6ba-215d-4d78-9a22-e447c59d394c/1780920000.0_mean_300.0_v3" "tx91b2d797390840cbb63b3-006a291ded" "proxy-server 20" 0.0007 "-" 25 0
Jun 10 08:18:53 standalone proxy-server[128651]: 172.18.0.2 172.18.0.100 10/Jun/2026/08/18/53 GET /v1/AUTH_7f00912ffce942ea98eb279238f21346/gnocchi.313bb6ba-215d-4d78-9a22-e447c59d394c/1780920000.0_mean_300.0_v3 HTTP/1.0 200 - python-swiftclient-3.11.1 gAAAAABqKR2KA6fE... - 16 - tx91b2d797390840cbb63b3-006a291ded - 0.0046 - - 1781079533.764873505 1781079533.769471884 0
Jun 10 08:18:53 standalone container-server[126466]: 172.20.0.100 - - [10/Jun/2026:08:18:53 +0000] "PUT /d1/757/AUTH_7f00912ffce942ea98eb279238f21346/gnocchi.313bb6ba-215d-4d78-9a22-e447c59d394c/1780920000.0_mean_300.0_v3" 201 - "PUT http://172.18.0.2:8080/d1/182/AUTH_7f00912ffce942ea98eb279238f21346/gnocchi.313bb6ba-215d-4d78-9a22-e447c59d394c/1780920000.0_mean_300.0_v3" "tx42ae174fbbdf4a5db58cf-006a291ded" "object-server 23" 0.0005 "-" 22 0
Jun 10 08:18:53 standalone object-server[126707]: 172.20.0.100 - - [10/Jun/2026:08:18:53 +0000] "PUT /d1/182/AUTH_7f00912ffce942ea98eb279238f21346/gnocchi.313bb6ba-215d-4d78-9a22-e447c59d394c/1780920000.0_mean_300.0_v3" 201 - "PUT http://172.18.0.2:8080/v1/AUTH_7f00912ffce942ea98eb279238f21346/gnocchi.313bb6ba-215d-4d78-9a22-e447c59d394c/1780920000.0_mean_300.0_v3" "tx42ae174fbbdf4a5db58cf-006a291ded" "proxy-server 20" 0.0078 "-" 23 0
Jun 10 08:18:53 standalone proxy-server[128651]: 172.18.0.2 172.18.0.100 10/Jun/2026/08/18/53 PUT /v1/AUTH_7f00912ffce942ea98eb279238f21346/gnocchi.313bb6ba-215d-4d78-9a22-e447c59d394c/1780920000.0_mean_300.0_v3 HTTP/1.0 201 - python-swiftclient-3.11.1 gAAAAABqKR2KA6fE... 16 - - tx42ae174fbbdf4a5db58cf-006a291ded - 0.0114 - - 1781079533.771697760 1781079533.783091545 0
Jun 10 08:18:53 standalone container-server[126464]: 172.20.0.100 - - [10/Jun/2026:08:18:53 +0000] "PUT /d1/757/AUTH_7f00912ffce942ea98eb279238f21346/gnocchi.313bb6ba-215d-4d78-9a22-e447c59d394c/none_v3" 201 - "PUT http://172.18.0.2:8080/d1/649/AUTH_7f00912ffce942ea98eb279238f21346/gnocchi.313bb6ba-215d-4d78-9a22-e447c59d394c/none_v3" "tx47495f1d84814a949f273-006a291ded" "object-server 25" 0.0005 "-" 21 0
Jun 10 08:18:53 standalone object-server[126714]: 172.20.0.100 - - [10/Jun/2026:08:18:53 +0000] "PUT /d1/649/AUTH_7f00912ffce942ea98eb279238f21346/gnocchi.313bb6ba-215d-4d78-9a22-e447c59d394c/none_v3" 201 - "PUT http://172.18.0.2:8080/v1/AUTH_7f00912ffce942ea98eb279238f21346/gnocchi.313bb6ba-215d-4d78-9a22-e447c59d394c/none_v3" "tx47495f1d84814a949f273-006a291ded" "proxy-server 20" 0.0072 "-" 25 0
Jun 10 08:18:53 standalone proxy-server[128651]: 172.18.0.2 172.18.0.100 10/Jun/2026/08/18/53 PUT /v1/AUTH_7f00912ffce942ea98eb279238f21346/gnocchi.313bb6ba-215d-4d78-9a22-e447c59d394c/none_v3 HTTP/1.0 201 - python-swiftclient-3.11.1 gAAAAABqKR2KA6fE... 32 - - tx47495f1d84814a949f273-006a291ded - 0.0106 - - 1781079533.784986258 1781079533.795611382 0
Jun 10 08:18:57 standalone account-server[126455]: 172.20.0.100 - - [10/Jun/2026:08:18:57 +0000] "HEAD /d1/619/.expiring_objects" 404 - "HEAD http://localhost/v1/.expiring_objects?format=json" "tx80bbc65c43154a4c92f42-006a291df1" "proxy-server 2" 0.0007 "-" 22 -
Jun 10 08:18:57 standalone object-expirer[126492]: Pass completed in 0s; 0 objects expired (txn: tx80bbc65c43154a4c92f42-006a291df1)
Jun 10 08:19:03 standalone container-server[126454]: 172.20.0.100 - - [10/Jun/2026:08:19:03 +0000] "HEAD /d1/590/AUTH_7f00912ffce942ea98eb279238f21346/gnocchi.dae3175f-809c-4c49-9bb6-0d3a01d1f22f" 404 - "HEAD http://172.18.0.2:8080/v1/AUTH_7f00912ffce942ea98eb279238f21346/gnocchi.dae3175f-809c-4c49-9bb6-0d3a01d1f22f?format=json&states=listing" "tx0cb438ccea2f4227aa27b-006a291df7" "proxy-server 20" 0.0006 "-" 20 0
Jun 10 08:19:03 standalone object-server[126714]: 172.20.0.100 - - [10/Jun/2026:08:19:03 +0000] "GET /d1/915/AUTH_7f00912ffce942ea98eb279238f21346/gnocchi.dae3175f-809c-4c49-9bb6-0d3a01d1f22f/none_v3" 404 70 "GET http://172.18.0.2:8080/v1/AUTH_7f00912ffce942ea98eb279238f21346/gnocchi.dae3175f-809c-4c49-9bb6-0d3a01d1f22f/none_v3" "tx0cb438ccea2f4227aa27b-006a291df7" "proxy-server 20" 0.0007 "-" 25 0
Jun 10 08:19:03 standalone proxy-server[128651]: 172.18.0.2 172.18.0.100 10/Jun/2026/08/19/03 GET /v1/AUTH_7f00912ffce942ea98eb279238f21346/gnocchi.dae3175f-809c-4c49-9bb6-0d3a01d1f22f/none_v3 HTTP/1.0 404 - python-swiftclient-3.11.1 gAAAAABqKR2KA6fE... - 70 - tx0cb438ccea2f4227aa27b-006a291df7 - 0.0100 - - 1781079543.897440910 1781079543.907402039 0
Jun 10 08:19:03 standalone account-server[126448]: 172.20.0.100 - - [10/Jun/2026:08:19:03 +0000] "PUT /d1/300/AUTH_7f00912ffce942ea98eb279238f21346/gnocchi.dae3175f-809c-4c49-9bb6-0d3a01d1f22f" 201 - "PUT http://172.20.0.100:6001/d1/590/AUTH_7f00912ffce942ea98eb279238f21346/gnocchi.dae3175f-809c-4c49-9bb6-0d3a01d1f22f" "tx40ada88884fd48d2a754a-006a291df7" "container-server 20" 0.0061 "-" 21 0
Jun 10 08:19:03 standalone container-server[126454]: 172.20.0.100 - - [10/Jun/2026:08:19:03 +0000] "PUT /d1/590/AUTH_7f00912ffce942ea98eb279238f21346/gnocchi.dae3175f-809c-4c49-9bb6-0d3a01d1f22f" 201 - "PUT http://172.18.0.2:8080/v1/AUTH_7f00912ffce942ea98eb279238f21346/gnocchi.dae3175f-809c-4c49-9bb6-0d3a01d1f22f" "tx40ada88884fd48d2a754a-006a291df7" "proxy-server 20" 0.0151 "-" 20 0
Jun 10 08:19:03 standalone proxy-server[128651]: 172.18.0.2 172.18.0.100 10/Jun/2026/08/19/03 PUT /v1/AUTH_7f00912ffce942ea98eb279238f21346/gnocchi.dae3175f-809c-4c49-9bb6-0d3a01d1f22f HTTP/1.0 201 - python-swiftclient-3.11.1 gAAAAABqKR2KA6fE... - - - tx40ada88884fd48d2a754a-006a291df7 - 0.0188 - - 1781079543.910418034 1781079543.929251432 0
Jun 10 08:19:03 standalone container-server[126469]: 172.20.0.100 - - [10/Jun/2026:08:19:03 +0000] "HEAD /d1/590/AUTH_7f00912ffce942ea98eb279238f21346/gnocchi.dae3175f-809c-4c49-9bb6-0d3a01d1f22f" 204 - "HEAD http://172.18.0.2:8080/v1/AUTH_7f00912ffce942ea98eb279238f21346/gnocchi.dae3175f-809c-4c49-9bb6-0d3a01d1f22f?format=json&states=listing" "txfb22b17ca25f47ceaa9ee-006a291df7" "proxy-server 20" 0.0014 "-" 23 0
Jun 10 08:19:03 standalone proxy-server[128651]: - - 10/Jun/2026/08/19/03 HEAD /v1/AUTH_7f00912ffce942ea98eb279238f21346/gnocchi.dae3175f-809c-4c49-9bb6-0d3a01d1f22f%3Fformat%3Djson%26states%3Dlisting HTTP/1.0 204 - Swift - - - - txfb22b17ca25f47ceaa9ee-006a291df7 - 0.0039 RL - 1781079543.932478189 1781079543.936360121 0
