Jun 10 08:05:50 standalone container-server[126277]: Starting 2
Jun 10 08:05:50 standalone account-server[126137]: Started child 20 from parent 2
Jun 10 08:05:50 standalone container-server[126239]: Option allow_versions is deprecated. Configure the versioned_writes middleware in the proxy-server instead. This option will be ignored in a future release.
Jun 10 08:05:50 standalone account-server[126137]: Started child 21 from parent 2
Jun 10 08:05:50 standalone account-server[126137]: Started child 22 from parent 2
Jun 10 08:05:50 standalone container-server[126454]: Option allow_versions is deprecated. Configure the versioned_writes middleware in the proxy-server instead. This option will be ignored in a future release.
Jun 10 08:05:50 standalone container-server[126239]: Started child 20 from parent 2
Jun 10 08:05:50 standalone container-server[126464]: Option allow_versions is deprecated. Configure the versioned_writes middleware in the proxy-server instead. This option will be ignored in a future release.
Jun 10 08:05:50 standalone container-server[126239]: Started child 21 from parent 2
Jun 10 08:05:50 standalone container-server[126466]: Option allow_versions is deprecated. Configure the versioned_writes middleware in the proxy-server instead. This option will be ignored in a future release.
Jun 10 08:05:50 standalone container-server[126239]: Started child 22 from parent 2
Jun 10 08:05:50 standalone account-server[126137]: Started child 23 from parent 2
Jun 10 08:05:50 standalone container-server[126469]: Option allow_versions is deprecated. Configure the versioned_writes middleware in the proxy-server instead. This option will be ignored in a future release.
Jun 10 08:05:50 standalone container-server[126239]: Started child 23 from parent 2
Jun 10 08:05:50 standalone account-server[126175]: Starting 2
Jun 10 08:05:50 standalone object-expirer[126492]: Starting 2
Jun 10 08:05:50 standalone object-expirer[126492]: Option auto_create_account_prefix is deprecated. Configure auto_create_account_prefix under the swift-constraints section of swift.conf. This option will be ignored in a future release.
Jun 10 08:05:51 standalone object-server[126548]: Starting 2
Jun 10 08:05:51 standalone object-server[126535]: Started child 22 from parent 2
Jun 10 08:05:51 standalone object-server[126535]: Started child 23 from parent 2
Jun 10 08:05:51 standalone object-server[126535]: Started child 24 from parent 2
Jun 10 08:05:51 standalone object-server[126535]: Started child 25 from parent 2
Jun 10 08:05:54 standalone container-server[126277]: Begin container update sweep
Jun 10 08:05:54 standalone container-server[126277]: Container update sweep completed: 0.00s
Jun 10 08:05:57 standalone proxy-server[128292]: Starting Keystone auth_token middleware
Jun 10 08:05:57 standalone proxy-server[128292]: AuthToken middleware is set with keystone_authtoken.service_token_roles_required set to False. This is backwards compatible but deprecated behaviour. Please set this to True.
Jun 10 08:05:57 standalone proxy-server[128651]: Starting Keystone auth_token middleware
Jun 10 08:05:57 standalone proxy-server[128651]: STDERR: The option "bind_port" is not known to keystonemiddleware
Jun 10 08:05:57 standalone proxy-server[128651]: STDERR: The option "workers" is not known to keystonemiddleware
Jun 10 08:05:57 standalone proxy-server[128651]: STDERR: The option "user" is not known to keystonemiddleware
Jun 10 08:05:57 standalone proxy-server[128651]: STDERR: The option "bind_ip" is not known to keystonemiddleware
Jun 10 08:05:57 standalone proxy-server[128651]: STDERR: The option "log_name" is not known to keystonemiddleware
Jun 10 08:05:57 standalone proxy-server[128651]: STDERR: The option "log_facility" is not known to keystonemiddleware
Jun 10 08:05:57 standalone proxy-server[128651]: STDERR: The option "log_level" is not known to keystonemiddleware
Jun 10 08:05:57 standalone proxy-server[128651]: STDERR: The option "log_headers" is not known to keystonemiddleware
Jun 10 08:05:57 standalone proxy-server[128651]: STDERR: The option "log_address" is not known to keystonemiddleware
Jun 10 08:05:57 standalone proxy-server[128651]: STDERR: The option "project_name" is not known to keystonemiddleware
Jun 10 08:05:57 standalone proxy-server[128651]: STDERR: The option "username" is not known to keystonemiddleware
Jun 10 08:05:57 standalone proxy-server[128651]: STDERR: The option "password" is not known to keystonemiddleware
Jun 10 08:05:57 standalone proxy-server[128651]: STDERR: The option "auth_url" is not known to keystonemiddleware
Jun 10 08:05:57 standalone proxy-server[128651]: STDERR: The option "signing_dir" is not known to keystonemiddleware
Jun 10 08:05:57 standalone proxy-server[128651]: STDERR: The option "project_domain_id" is not known to keystonemiddleware
Jun 10 08:05:57 standalone proxy-server[128651]: STDERR: The option "user_domain_id" is not known to keystonemiddleware
Jun 10 08:05:57 standalone proxy-server[128651]: STDERR: The option "__name__" is not known to keystonemiddleware
Jun 10 08:05:57 standalone proxy-server[128651]: AuthToken middleware is set with keystone_authtoken.service_token_roles_required set to False. This is backwards compatible but deprecated behaviour. Please set this to True.
Jun 10 08:05:57 standalone proxy-server[128292]: Started child 20 from parent 2
Jun 10 08:08:47 standalone object-server[126548]: Begin object update sweep
Jun 10 08:08:47 standalone object-server[147440]: Object update sweep starting on /srv/node/d1 (pid: 11)
Jun 10 08:08:47 standalone object-server[147440]: Object update sweep completed on /srv/node/d1 in 0.00s seconds:, 0 successes, 0 failures, 0 quarantines, 0 unlinks, 0 errors, 0 redirects (pid: 11)
Jun 10 08:08:47 standalone object-server[147440]: Object update sweep of d1 completed: 0.00s, 0 successes, 0 failures, 0 quarantines, 0 unlinks, 0 errors, 0 redirects
Jun 10 08:08:47 standalone object-server[126548]: Object update sweep completed: 0.05s
Jun 10 08:09:08 standalone account-server[126448]: 172.20.0.100 - - [10/Jun/2026:08:09:08 +0000] "HEAD /d1/619/.expiring_objects" 404 - "HEAD http://localhost/v1/.expiring_objects?format=json" "txc765b148fd844b298861e-006a291ba4" "proxy-server 2" 0.0022 "-" 21 -
Jun 10 08:09:08 standalone object-expirer[126492]: Pass completed in 0s; 0 objects expired (txn: txc765b148fd844b298861e-006a291ba4)
Jun 10 08:10:09 standalone account-server[126175]: Devices pass completed: 0.00s
Jun 10 08:10:10 standalone account-server[126465]: 172.20.0.100 - - [10/Jun/2026:08:10:10 +0000] "HEAD /d1/619/.expiring_objects" 404 - "HEAD http://localhost/v1/.expiring_objects?format=json" "txd3ea48ed97c24b5bbb048-006a291be2" "proxy-server 2" 0.0019 "-" 23 -
Jun 10 08:10:10 standalone object-expirer[126492]: Pass completed in 0s; 0 objects expired (txn: txd3ea48ed97c24b5bbb048-006a291be2)
Jun 10 08:10:54 standalone container-server[126277]: Begin container update sweep
Jun 10 08:10:54 standalone container-server[126277]: Container update sweep completed: 0.00s
Jun 10 08:13:47 standalone object-server[126548]: Begin object update sweep
Jun 10 08:13:47 standalone object-server[188039]: Object update sweep starting on /srv/node/d1 (pid: 13)
Jun 10 08:13:47 standalone object-server[188039]: Object update sweep completed on /srv/node/d1 in 0.00s seconds:, 0 successes, 0 failures, 0 quarantines, 0 unlinks, 0 errors, 0 redirects (pid: 13)
Jun 10 08:13:47 standalone object-server[188039]: Object update sweep of d1 completed: 0.00s, 0 successes, 0 failures, 0 quarantines, 0 unlinks, 0 errors, 0 redirects
Jun 10 08:13:47 standalone object-server[126548]: Object update sweep completed: 0.10s
Jun 10 08:14:16 standalone account-server[126448]: 172.20.0.100 - - [10/Jun/2026:08:14:16 +0000] "HEAD /d1/619/.expiring_objects" 404 - "HEAD http://localhost/v1/.expiring_objects?format=json" "tx463bfbed29354d02a5d65-006a291cd8" "proxy-server 2" 0.0007 "-" 21 -
Jun 10 08:14:16 standalone object-expirer[126492]: Pass completed in 0s; 0 objects expired (txn: tx463bfbed29354d02a5d65-006a291cd8)
Jun 10 08:15:54 standalone container-server[126277]: Begin container update sweep
Jun 10 08:15:54 standalone container-server[126277]: Container update sweep completed: 0.00s
Jun 10 08:17:14 standalone account-server[126465]: 172.20.0.100 - - [10/Jun/2026:08:17:14 +0000] "HEAD /d1/300/AUTH_7f00912ffce942ea98eb279238f21346" 404 - "HEAD http://172.18.0.2:8080/v1/AUTH_7f00912ffce942ea98eb279238f21346?format=json" "tx48661e7e7ea649f695da4-006a291d8a" "proxy-server 20" 0.0005 "-" 23 -
Jun 10 08:17:14 standalone proxy-server[128651]: - - 10/Jun/2026/08/17/14 HEAD /v1/AUTH_7f00912ffce942ea98eb279238f21346%3Fformat%3Djson HTTP/1.0 200 - Swift - - - - tx48661e7e7ea649f695da4-006a291d8a - 0.0090 RL - 1781079434.014099121 1781079434.023096323 -
Jun 10 08:17:14 standalone object-server[126708]: 172.20.0.100 - - [10/Jun/2026:08:17:14 +0000] "GET /d1/423/AUTH_7f00912ffce942ea98eb279238f21346/gnocchi.720aa553-c1a9-4218-8e5d-d135768ea5cb/none_v3" 404 70 "GET http://172.18.0.2:8080/v1/AUTH_7f00912ffce942ea98eb279238f21346/gnocchi.720aa553-c1a9-4218-8e5d-d135768ea5cb/none_v3" "tx48661e7e7ea649f695da4-006a291d8a" "proxy-server 20" 0.0015 "-" 24 0
Jun 10 08:17:14 standalone proxy-server[128651]: 172.18.0.2 172.18.0.100 10/Jun/2026/08/17/14 GET /v1/AUTH_7f00912ffce942ea98eb279238f21346/gnocchi.720aa553-c1a9-4218-8e5d-d135768ea5cb/none_v3 HTTP/1.0 404 - python-swiftclient-3.11.1 gAAAAABqKR2KA6fE... - 70 - tx48661e7e7ea649f695da4-006a291d8a - 0.4142 - - 1781079434.011361122 1781079434.425537109 0
Jun 10 08:17:14 standalone account-server[126448]: 172.20.0.100 - - [10/Jun/2026:08:17:14 +0000] "PUT /d1/300/AUTH_7f00912ffce942ea98eb279238f21346" 201 - "-" "tx195edf7e78634812ae625-006a291d8a" "-" 0.0139 "-" 21 -
Jun 10 08:17:14 standalone proxy-server[128651]: autocreate account '/AUTH_7f00912ffce942ea98eb279238f21346' (txn: tx195edf7e78634812ae625-006a291d8a)
Jun 10 08:17:14 standalone account-server[126448]: 172.20.0.100 - - [10/Jun/2026:08:17:14 +0000] "HEAD /d1/300/AUTH_7f00912ffce942ea98eb279238f21346" 204 - "HEAD http://172.18.0.2:8080/v1/AUTH_7f00912ffce942ea98eb279238f21346?format=json" "tx195edf7e78634812ae625-006a291d8a" "proxy-server 20" 0.0011 "-" 21 -
Jun 10 08:17:14 standalone account-server[126440]: 172.20.0.100 - - [10/Jun/2026:08:17:14 +0000] "PUT /d1/300/AUTH_7f00912ffce942ea98eb279238f21346/gnocchi.720aa553-c1a9-4218-8e5d-d135768ea5cb" 201 - "PUT http://172.20.0.100:6001/d1/979/AUTH_7f00912ffce942ea98eb279238f21346/gnocchi.720aa553-c1a9-4218-8e5d-d135768ea5cb" "tx195edf7e78634812ae625-006a291d8a" "container-server 21" 0.0035 "-" 20 0
Jun 10 08:17:14 standalone container-server[126464]: 172.20.0.100 - - [10/Jun/2026:08:17:14 +0000] "PUT /d1/979/AUTH_7f00912ffce942ea98eb279238f21346/gnocchi.720aa553-c1a9-4218-8e5d-d135768ea5cb" 201 - "PUT http://172.18.0.2:8080/v1/AUTH_7f00912ffce942ea98eb279238f21346/gnocchi.720aa553-c1a9-4218-8e5d-d135768ea5cb" "tx195edf7e78634812ae625-006a291d8a" "proxy-server 20" 0.0218 "-" 21 0
Jun 10 08:17:14 standalone proxy-server[128651]: 172.18.0.2 172.18.0.100 10/Jun/2026/08/17/14 PUT /v1/AUTH_7f00912ffce942ea98eb279238f21346/gnocchi.720aa553-c1a9-4218-8e5d-d135768ea5cb HTTP/1.0 201 - python-swiftclient-3.11.1 gAAAAABqKR2KA6fE... - - - tx195edf7e78634812ae625-006a291d8a - 0.0500 - - 1781079434.430402756 1781079434.480388641 0
Jun 10 08:17:14 standalone container-server[126464]: 172.20.0.100 - - [10/Jun/2026:08:17:14 +0000] "HEAD /d1/979/AUTH_7f00912ffce942ea98eb279238f21346/gnocchi.720aa553-c1a9-4218-8e5d-d135768ea5cb" 204 - "HEAD http://172.18.0.2:8080/v1/AUTH_7f00912ffce942ea98eb279238f21346/gnocchi.720aa553-c1a9-4218-8e5d-d135768ea5cb?format=json&states=listing" "tx3d4a6d16bcee469a9c63c-006a291d8a" "proxy-server 20" 0.0028 "-" 21 0
Jun 10 08:17:14 standalone proxy-server[128651]: - - 10/Jun/2026/08/17/14 HEAD /v1/AUTH_7f00912ffce942ea98eb279238f21346/gnocchi.720aa553-c1a9-4218-8e5d-d135768ea5cb%3Fformat%3Djson%26states%3Dlisting HTTP/1.0 204 - Swift - - - - tx3d4a6d16bcee469a9c63c-006a291d8a - 0.0071 RL - 1781079434.485158920 1781079434.492244005 0
Jun 10 08:17:14 standalone container-server[126466]: 172.20.0.100 - - [10/Jun/2026:08:17:14 +0000] "GET /d1/979/AUTH_7f00912ffce942ea98eb279238f21346/gnocchi.720aa553-c1a9-4218-8e5d-d135768ea5cb" 200 2 "GET http://172.18.0.2:8080/v1/AUTH_7f00912ffce942ea98eb279238f21346/gnocchi.720aa553-c1a9-4218-8e5d-d135768ea5cb?format=json&states=listing" "tx3d4a6d16bcee469a9c63c-006a291d8a" "proxy-server 20" 0.0057 "-" 22 0
Jun 10 08:17:14 standalone proxy-server[128651]: 172.18.0.2 172.18.0.100 10/Jun/2026/08/17/14 GET /v1/AUTH_7f00912ffce942ea98eb279238f21346/gnocchi.720aa553-c1a9-4218-8e5d-d135768ea5cb%3Fformat%3Djson%26states%3Dlisting HTTP/1.0 200 - python-swiftclient-3.11.1 gAAAAABqKR2KA6fE... - 2 - tx3d4a6d16bcee469a9c63c-006a291d8a - 0.0228 - - 1781079434.484058142 1781079434.506856203 0
Jun 10 08:17:14 standalone object-server[126706]: 172.20.0.100 - - [10/Jun/2026:08:17:14 +0000] "GET /d1/397/AUTH_7f00912ffce942ea98eb279238f21346/gnocchi.720aa553-c1a9-4218-8e5d-d135768ea5cb/1780920000.0_mean_300.0_v3" 404 70 "GET http://172.18.0.2:8080/v1/AUTH_7f00912ffce942ea98eb279238f21346/gnocchi.720aa553-c1a9-4218-8e5d-d135768ea5cb/1780920000.0_mean_300.0_v3" "txe2115ae914b349b5aad7c-006a291d8a" "proxy-server 20" 0.0014 "-" 22 0
Jun 10 08:17:14 standalone proxy-server[128651]: 172.18.0.2 172.18.0.100 10/Jun/2026/08/17/14 GET /v1/AUTH_7f00912ffce942ea98eb279238f21346/gnocchi.720aa553-c1a9-4218-8e5d-d135768ea5cb/1780920000.0_mean_300.0_v3 HTTP/1.0 404 - python-swiftclient-3.11.1 gAAAAABqKR2KA6fE... - 70 - txe2115ae914b349b5aad7c-006a291d8a - 0.0093 - - 1781079434.513044834 1781079434.522306204 0
Jun 10 08:17:14 standalone container-server[126454]: 172.20.0.100 - - [10/Jun/2026:08:17:14 +0000] "PUT /d1/979/AUTH_7f00912ffce942ea98eb279238f21346/gnocchi.720aa553-c1a9-4218-8e5d-d135768ea5cb/1780920000.0_mean_300.0_v3" 201 - "PUT http://172.18.0.2:8080/d1/397/AUTH_7f00912ffce942ea98eb279238f21346/gnocchi.720aa553-c1a9-4218-8e5d-d135768ea5cb/1780920000.0_mean_300.0_v3" "txcb7071e45bdc4d329553d-006a291d8a" "object-server 23" 0.0020 "-" 20 0
Jun 10 08:17:14 standalone object-server[126707]: 172.20.0.100 - - [10/Jun/2026:08:17:14 +0000] "PUT /d1/397/AUTH_7f00912ffce942ea98eb279238f21346/gnocchi.720aa553-c1a9-4218-8e5d-d135768ea5cb/1780920000.0_mean_300.0_v3" 201 - "PUT http://172.18.0.2:8080/v1/AUTH_7f00912ffce942ea98eb279238f21346/gnocchi.720aa553-c1a9-4218-8e5d-d135768ea5cb/1780920000.0_mean_300.0_v3" "txcb7071e45bdc4d329553d-006a291d8a" "proxy-server 20" 0.0408 "-" 23 0
Jun 10 08:17:14 standalone proxy-server[128651]: 172.18.0.2 172.18.0.100 10/Jun/2026/08/17/14 PUT /v1/AUTH_7f00912ffce942ea98eb279238f21346/gnocchi.720aa553-c1a9-4218-8e5d-d135768ea5cb/1780920000.0_mean_300.0_v3 HTTP/1.0 201 - python-swiftclient-3.11.1 gAAAAABqKR2KA6fE... 16 - - txcb7071e45bdc4d329553d-006a291d8a - 0.0499 - - 1781079434.526399136 1781079434.576294899 0
Jun 10 08:17:14 standalone container-server[126464]: 172.20.0.100 - - [10/Jun/2026:08:17:14 +0000] "PUT /d1/979/AUTH_7f00912ffce942ea98eb279238f21346/gnocchi.720aa553-c1a9-4218-8e5d-d135768ea5cb/none_v3" 201 - "PUT http://172.18.0.2:8080/d1/423/AUTH_7f00912ffce942ea98eb279238f21346/gnocchi.720aa553-c1a9-4218-8e5d-d135768ea5cb/none_v3" "txd3dc877d63a74bc7aa4f3-006a291d8a" "object-server 22" 0.0008 "-" 21 0
Jun 10 08:17:14 standalone object-server[126706]: 172.20.0.100 - - [10/Jun/2026:08:17:14 +0000] "PUT /d1/423/AUTH_7f00912ffce942ea98eb279238f21346/gnocchi.720aa553-c1a9-4218-8e5d-d135768ea5cb/none_v3" 201 - "PUT http://172.18.0.2:8080/v1/AUTH_7f00912ffce942ea98eb279238f21346/gnocchi.720aa553-c1a9-4218-8e5d-d135768ea5cb/none_v3" "txd3dc877d63a74bc7aa4f3-006a291d8a" "proxy-server 20" 0.0332 "-" 22 0
Jun 10 08:17:14 standalone proxy-server[128651]: 172.18.0.2 172.18.0.100 10/Jun/2026/08/17/14 PUT /v1/AUTH_7f00912ffce942ea98eb279238f21346/gnocchi.720aa553-c1a9-4218-8e5d-d135768ea5cb/none_v3 HTTP/1.0 201 - python-swiftclient-3.11.1 gAAAAABqKR2KA6fE... 22 - - txd3dc877d63a74bc7aa4f3-006a291d8a - 0.0428 - - 1781079434.580546141 1781079434.623389959 0
Jun 10 08:17:43 standalone object-server[126708]: 172.20.0.100 - - [10/Jun/2026:08:17:43 +0000] "GET /d1/423/AUTH_7f00912ffce942ea98eb279238f21346/gnocchi.720aa553-c1a9-4218-8e5d-d135768ea5cb/none_v3" 200 22 "GET http://172.18.0.2:8080/v1/AUTH_7f00912ffce942ea98eb279238f21346/gnocchi.720aa553-c1a9-4218-8e5d-d135768ea5cb/none_v3" "txf29201d3cc7f4443a90af-006a291da7" "proxy-server 20" 0.0017 "-" 24 0
Jun 10 08:17:43 standalone proxy-server[128651]: 172.18.0.2 172.18.0.100 10/Jun/2026/08/17/43 GET /v1/AUTH_7f00912ffce942ea98eb279238f21346/gnocchi.720aa553-c1a9-4218-8e5d-d135768ea5cb/none_v3 HTTP/1.0 200 - python-swiftclient-3.11.1 gAAAAABqKR2KA6fE... - 22 - txf29201d3cc7f4443a90af-006a291da7 - 0.0160 - - 1781079463.710658073 1781079463.726619482 0
Jun 10 08:17:43 standalone container-server[126466]: 172.20.0.100 - - [10/Jun/2026:08:17:43 +0000] "GET /d1/979/AUTH_7f00912ffce942ea98eb279238f21346/gnocchi.720aa553-c1a9-4218-8e5d-d135768ea5cb" 200 357 "GET http://172.18.0.2:8080/v1/AUTH_7f00912ffce942ea98eb279238f21346/gnocchi.720aa553-c1a9-4218-8e5d-d135768ea5cb?format=json&states=listing" "tx8e8eddcd8a14488d9b272-006a291da7" "proxy-server 20" 0.0173 "-" 22 0
Jun 10 08:17:43 standalone proxy-server[128651]: 172.18.0.2 172.18.0.100 10/Jun/2026/08/17/43 GET /v1/AUTH_7f00912ffce942ea98eb279238f21346/gnocchi.720aa553-c1a9-4218-8e5d-d135768ea5cb%3Fformat%3Djson%26states%3Dlisting HTTP/1.0 200 - python-swiftclient-3.11.1 gAAAAABqKR2KA6fE... - 357 - tx8e8eddcd8a14488d9b272-006a291da7 - 0.0243 - - 1781079463.730187416 1781079463.754508734 0
Jun 10 08:17:43 standalone container-server[126464]: 172.20.0.100 - - [10/Jun/2026:08:17:43 +0000] "GET /d1/979/AUTH_7f00912ffce942ea98eb279238f21346/gnocchi.720aa553-c1a9-4218-8e5d-d135768ea5cb" 200 2 "GET http://172.18.0.2:8080/v1/AUTH_7f00912ffce942ea98eb279238f21346/gnocchi.720aa553-c1a9-4218-8e5d-d135768ea5cb?format=json&marker=none_v3&states=listing" "tx92076e3ea0524f908bafd-006a291da7" "proxy-server 20" 0.0080 "-" 21 0
Jun 10 08:17:43 standalone proxy-server[128651]: 172.18.0.2 172.18.0.100 10/Jun/2026/08/17/43 GET /v1/AUTH_7f00912ffce942ea98eb279238f21346/gnocchi.720aa553-c1a9-4218-8e5d-d135768ea5cb%3Fformat%3Djson%26marker%3Dnone_v3%26states%3Dlisting HTTP/1.0 200 - python-swiftclient-3.11.1 gAAAAABqKR2KA6fE... - 2 - tx92076e3ea0524f908bafd-006a291da7 - 0.0154 - - 1781079463.757287979 1781079463.772735834 0
Jun 10 08:17:43 standalone object-server[126707]: 172.20.0.100 - - [10/Jun/2026:08:17:43 +0000] "GET /d1/397/AUTH_7f00912ffce942ea98eb279238f21346/gnocchi.720aa553-c1a9-4218-8e5d-d135768ea5cb/1780920000.0_mean_300.0_v3" 200 16 "GET http://172.18.0.2:8080/v1/AUTH_7f00912ffce942ea98eb279238f21346/gnocchi.720aa553-c1a9-4218-8e5d-d135768ea5cb/1780920000.0_mean_300.0_v3" "txed772c99ea6f476893489-006a291da7" "proxy-server 20" 0.0011 "-" 23 0
Jun 10 08:17:43 standalone proxy-server[128651]: 172.18.0.2 172.18.0.100 10/Jun/2026/08/17/43 GET /v1/AUTH_7f00912ffce942ea98eb279238f21346/gnocchi.720aa553-c1a9-4218-8e5d-d135768ea5cb/1780920000.0_mean_300.0_v3 HTTP/1.0 200 - python-swiftclient-3.11.1 gAAAAABqKR2KA6fE... - 16 - txed772c99ea6f476893489-006a291da7 - 0.0066 - - 1781079463.775815964 1781079463.782401562 0
Jun 10 08:17:43 standalone container-server[126464]: 172.20.0.100 - - [10/Jun/2026:08:17:43 +0000] "PUT /d1/979/AUTH_7f00912ffce942ea98eb279238f21346/gnocchi.720aa553-c1a9-4218-8e5d-d135768ea5cb/1780920000.0_mean_300.0_v3" 201 - "PUT http://172.18.0.2:8080/d1/397/AUTH_7f00912ffce942ea98eb279238f21346/gnocchi.720aa553-c1a9-4218-8e5d-d135768ea5cb/1780920000.0_mean_300.0_v3" "tx6fde755ce1c747d0a694b-006a291da7" "object-server 23" 0.0016 "-" 21 0
Jun 10 08:17:43 standalone object-server[126707]: 172.20.0.100 - - [10/Jun/2026:08:17:43 +0000] "PUT /d1/397/AUTH_7f00912ffce942ea98eb279238f21346/gnocchi.720aa553-c1a9-4218-8e5d-d135768ea5cb/1780920000.0_mean_300.0_v3" 201 - "PUT http://172.18.0.2:8080/v1/AUTH_7f00912ffce942ea98eb279238f21346/gnocchi.720aa553-c1a9-4218-8e5d-d135768ea5cb/1780920000.0_mean_300.0_v3" "tx6fde755ce1c747d0a694b-006a291da7" "proxy-server 20" 0.0114 "-" 23 0
Jun 10 08:17:43 standalone proxy-server[128651]: 172.18.0.2 172.18.0.100 10/Jun/2026/08/17/43 PUT /v1/AUTH_7f00912ffce942ea98eb279238f21346/gnocchi.720aa553-c1a9-4218-8e5d-d135768ea5cb/1780920000.0_mean_300.0_v3 HTTP/1.0 201 - python-swiftclient-3.11.1 gAAAAABqKR2KA6fE... 16 - - tx6fde755ce1c747d0a694b-006a291da7 - 0.0165 - - 1781079463.784894943 1781079463.801364899 0
Jun 10 08:17:43 standalone container-server[126454]: 172.20.0.100 - - [10/Jun/2026:08:17:43 +0000] "PUT /d1/979/AUTH_7f00912ffce942ea98eb279238f21346/gnocchi.720aa553-c1a9-4218-8e5d-d135768ea5cb/none_v3" 201 - "PUT http://172.18.0.2:8080/d1/423/AUTH_7f00912ffce942ea98eb279238f21346/gnocchi.720aa553-c1a9-4218-8e5d-d135768ea5cb/none_v3" "txd24056d57fe04325931f8-006a291da7" "object-server 25" 0.0005 "-" 20 0
Jun 10 08:17:43 standalone object-server[126714]: 172.20.0.100 - - [10/Jun/2026:08:17:43 +0000] "PUT /d1/423/AUTH_7f00912ffce942ea98eb279238f21346/gnocchi.720aa553-c1a9-4218-8e5d-d135768ea5cb/none_v3" 201 - "PUT http://172.18.0.2:8080/v1/AUTH_7f00912ffce942ea98eb279238f21346/gnocchi.720aa553-c1a9-4218-8e5d-d135768ea5cb/none_v3" "txd24056d57fe04325931f8-006a291da7" "proxy-server 20" 0.0302 "-" 25 0
Jun 10 08:17:43 standalone proxy-server[128651]: 172.18.0.2 172.18.0.100 10/Jun/2026/08/17/43 PUT /v1/AUTH_7f00912ffce942ea98eb279238f21346/gnocchi.720aa553-c1a9-4218-8e5d-d135768ea5cb/none_v3 HTTP/1.0 201 - python-swiftclient-3.11.1 gAAAAABqKR2KA6fE... 32 - - txd24056d57fe04325931f8-006a291da7 - 0.0362 - - 1781079463.803739309 1781079463.839943409 0
Jun 10 08:18:14 standalone account-server[126465]: 172.20.0.100 - - [10/Jun/2026:08:18:14 +0000] "HEAD /d1/300/AUTH_7f00912ffce942ea98eb279238f21346" 204 - "HEAD http://172.18.0.2:8080/v1/AUTH_7f00912ffce942ea98eb279238f21346?format=json" "txd49c4f25a5194cac84b90-006a291dc6" "proxy-server 20" 0.0049 "-" 23 -
Jun 10 08:18:14 standalone proxy-server[128651]: - - 10/Jun/2026/08/18/14 HEAD /v1/AUTH_7f00912ffce942ea98eb279238f21346%3Fformat%3Djson HTTP/1.0 204 - Swift - - - - txd49c4f25a5194cac84b90-006a291dc6 - 0.0085 RL - 1781079494.209964752 1781079494.218474388 -
Jun 10 08:18:14 standalone container-server[126466]: 172.20.0.100 - - [10/Jun/2026:08:18:14 +0000] "HEAD /d1/796/AUTH_7f00912ffce942ea98eb279238f21346/gnocchi.960fd76c-301e-470f-946d-b68cff1674d8" 404 - "HEAD http://172.18.0.2:8080/v1/AUTH_7f00912ffce942ea98eb279238f21346/gnocchi.960fd76c-301e-470f-946d-b68cff1674d8?format=json&states=listing" "txd49c4f25a5194cac84b90-006a291dc6" "proxy-server 20" 0.0005 "-" 22 0
Jun 10 08:18:14 standalone object-server[126708]: 172.20.0.100 - - [10/Jun/2026:08:18:14 +0000] "GET /d1/486/AUTH_7f00912ffce942ea98eb279238f21346/gnocchi.960fd76c-301e-470f-946d-b68cff1674d8/none_v3" 404 70 "GET http://172.18.0.2:8080/v1/AUTH_7f00912ffce942ea98eb279238f21346/gnocchi.960fd76c-301e-470f-946d-b68cff1674d8/none_v3" "txd49c4f25a5194cac84b90-006a291dc6" "proxy-server 20" 0.0005 "-" 24 0
Jun 10 08:18:14 standalone proxy-server[128651]: 172.18.0.2 172.18.0.100 10/Jun/2026/08/18/14 GET /v1/AUTH_7f00912ffce942ea98eb279238f21346/gnocchi.960fd76c-301e-470f-946d-b68cff1674d8/none_v3 HTTP/1.0 404 - python-swiftclient-3.11.1 gAAAAABqKR2KA6fE... - 70 - txd49c4f25a5194cac84b90-006a291dc6 - 0.0172 - - 1781079494.209334850 1781079494.226485252 0
Jun 10 08:18:14 standalone account-server[126455]: 172.20.0.100 - - [10/Jun/2026:08:18:14 +0000] "PUT /d1/300/AUTH_7f00912ffce942ea98eb279238f21346/gnocchi.960fd76c-301e-470f-946d-b68cff1674d8" 201 - "PUT http://172.20.0.100:6001/d1/796/AUTH_7f00912ffce942ea98eb279238f21346/gnocchi.960fd76c-301e-470f-946d-b68cff1674d8" "tx5c5168a064db4eb59a584-006a291dc6" "container-server 23" 0.0019 "-" 22 0
Jun 10 08:18:14 standalone container-server[126469]: 172.20.0.100 - - [10/Jun/2026:08:18:14 +0000] "PUT /d1/796/AUTH_7f00912ffce942ea98eb279238f21346/gnocchi.960fd76c-301e-470f-946d-b68cff1674d8" 201 - "PUT http://172.18.0.2:8080/v1/AUTH_7f00912ffce942ea98eb279238f21346/gnocchi.960fd76c-301e-470f-946d-b68cff1674d8" "tx5c5168a064db4eb59a584-006a291dc6" "proxy-server 20" 0.0105 "-" 23 0
Jun 10 08:18:14 standalone proxy-server[128651]: 172.18.0.2 172.18.0.100 10/Jun/2026/08/18/14 PUT /v1/AUTH_7f00912ffce942ea98eb279238f21346/gnocchi.960fd76c-301e-470f-946d-b68cff1674d8 HTTP/1.0 201 - python-swiftclient-3.11.1 gAAAAABqKR2KA6fE... - - - tx5c5168a064db4eb59a584-006a291dc6 - 0.0140 - - 1781079494.228660583 1781079494.242612123 0
Jun 10 08:18:14 standalone container-server[126466]: 172.20.0.100 - - [10/Jun/2026:08:18:14 +0000] "HEAD /d1/796/AUTH_7f00912ffce942ea98eb279238f21346/gnocchi.960fd76c-301e-470f-946d-b68cff1674d8" 204 - "HEAD http://172.18.0.2:8080/v1/AUTH_7f00912ffce942ea98eb279238f21346/gnocchi.960fd76c-301e-470f-946d-b68cff1674d8?format=json&states=listing" "txfc4394937fa74e17af798-006a291dc6" "proxy-server 20" 0.0016 "-" 22 0
Jun 10 08:18:14 standalone proxy-server[128651]: - - 10/Jun/2026/08/18/14 HEAD /v1/AUTH_7f00912ffce942ea98eb279238f21346/gnocchi.960fd76c-301e-470f-946d-b68cff1674d8%3Fformat%3Djson%26states%3Dlisting HTTP/1.0 204 - Swift - - - - txfc4394937fa74e17af798-006a291dc6 - 0.0054 RL - 1781079494.246024132 1781079494.251379490 0
Jun 10 08:18:14 standalone container-server[126464]: 172.20.0.100 - - [10/Jun/2026:08:18:14 +0000] "GET /d1/796/AUTH_7f00912ffce942ea98eb279238f21346/gnocchi.960fd76c-301e-470f-946d-b68cff1674d8" 200 2 "GET http://172.18.0.2:8080/v1/AUTH_7f00912ffce942ea98eb279238f21346/gnocchi.960fd76c-301e-470f-946d-b68cff1674d8?format=json&states=listing" "txfc4394937fa74e17af798-006a291dc6" "proxy-server 20" 0.0019 "-" 21 0
Jun 10 08:18:14 standalone proxy-server[128651]: 172.18.0.2 172.18.0.100 10/Jun/2026/08/18/14 GET /v1/AUTH_7f00912ffce942ea98eb279238f21346/gnocchi.960fd76c-301e-470f-946d-b68cff1674d8%3Fformat%3Djson%26states%3Dlisting HTTP/1.0 200 - python-swiftclient-3.11.1 gAAAAABqKR2KA6fE... - 2 - txfc4394937fa74e17af798-006a291dc6 - 0.0142 - - 1781079494.245160818 1781079494.259322166 0
Jun 10 08:18:14 standalone object-server[126708]: 172.20.0.100 - - [10/Jun/2026:08:18:14 +0000] "GET /d1/709/AUTH_7f00912ffce942ea98eb279238f21346/gnocchi.960fd76c-301e-470f-946d-b68cff1674d8/1780920000.0_mean_300.0_v3" 404 70 "GET http://172.18.0.2:8080/v1/AUTH_7f00912ffce942ea98eb279238f21346/gnocchi.960fd76c-301e-470f-946d-b68cff1674d8/1780920000.0_mean_300.0_v3" "tx5931b92b42b44870af0d2-006a291dc6" "proxy-server 20" 0.0003 "-" 24 0
Jun 10 08:18:14 standalone proxy-server[128651]: 172.18.0.2 172.18.0.100 10/Jun/2026/08/18/14 GET /v1/AUTH_7f00912ffce942ea98eb279238f21346/gnocchi.960fd76c-301e-470f-946d-b68cff1674d8/1780920000.0_mean_300.0_v3 HTTP/1.0 404 - python-swiftclient-3.11.1 gAAAAABqKR2KA6fE... - 70 - tx5931b92b42b44870af0d2-006a291dc6 - 0.0042 - - 1781079494.263130665 1781079494.267316341 0
Jun 10 08:18:14 standalone container-server[126464]: 172.20.0.100 - - [10/Jun/2026:08:18:14 +0000] "PUT /d1/796/AUTH_7f00912ffce942ea98eb279238f21346/gnocchi.960fd76c-301e-470f-946d-b68cff1674d8/1780920000.0_mean_300.0_v3" 201 - "PUT http://172.18.0.2:8080/d1/709/AUTH_7f00912ffce942ea98eb279238f21346/gnocchi.960fd76c-301e-470f-946d-b68cff1674d8/1780920000.0_mean_300.0_v3" "txc405229af5874bc2be78a-006a291dc6" "object-server 24" 0.0005 "-" 21 0
Jun 10 08:18:14 standalone object-server[126708]: 172.20.0.100 - - [10/Jun/2026:08:18:14 +0000] "PUT /d1/709/AUTH_7f00912ffce942ea98eb279238f21346/gnocchi.960fd76c-301e-470f-946d-b68cff1674d8/1780920000.0_mean_300.0_v3" 201 - "PUT http://172.18.0.2:8080/v1/AUTH_7f00912ffce942ea98eb279238f21346/gnocchi.960fd76c-301e-470f-946d-b68cff1674d8/1780920000.0_mean_300.0_v3" "txc405229af5874bc2be78a-006a291dc6" "proxy-server 20" 0.0197 "-" 24 0
Jun 10 08:18:14 standalone proxy-server[128651]: 172.18.0.2 172.18.0.100 10/Jun/2026/08/18/14 PUT /v1/AUTH_7f00912ffce942ea98eb279238f21346/gnocchi.960fd76c-301e-470f-946d-b68cff1674d8/1780920000.0_mean_300.0_v3 HTTP/1.0 201 - python-swiftclient-3.11.1 gAAAAABqKR2KA6fE... 16 - - txc405229af5874bc2be78a-006a291dc6 - 0.0249 - - 1781079494.270384073 1781079494.295317173 0
Jun 10 08:18:14 standalone container-server[126464]: 172.20.0.100 - - [10/Jun/2026:08:18:14 +0000] "PUT /d1/796/AUTH_7f00912ffce942ea98eb279238f21346/gnocchi.960fd76c-301e-470f-946d-b68cff1674d8/none_v3" 201 - "PUT http://172.18.0.2:8080/d1/486/AUTH_7f00912ffce942ea98eb279238f21346/gnocchi.960fd76c-301e-470f-946d-b68cff1674d8/none_v3" "txa36e45af72a14a7e964b5-006a291dc6" "object-server 25" 0.0005 "-" 21 0
Jun 10 08:18:14 standalone object-server[126714]: 172.20.0.100 - - [10/Jun/2026:08:18:14 +0000] "PUT /d1/486/AUTH_7f00912ffce942ea98eb279238f21346/gnocchi.960fd76c-301e-470f-946d-b68cff1674d8/none_v3" 201 - "PUT http://172.18.0.2:8080/v1/AUTH_7f00912ffce942ea98eb279238f21346/gnocchi.960fd76c-301e-470f-946d-b68cff1674d8/none_v3" "txa36e45af72a14a7e964b5-006a291dc6" "proxy-server 20" 0.0080 "-" 25 0
Jun 10 08:18:14 standalone proxy-server[128651]: 172.18.0.2 172.18.0.100 10/Jun/2026/08/18/14 PUT /v1/AUTH_7f00912ffce942ea98eb279238f21346/gnocchi.960fd76c-301e-470f-946d-b68cff1674d8/none_v3 HTTP/1.0 201 - python-swiftclient-3.11.1 gAAAAABqKR2KA6fE... 22 - - txa36e45af72a14a7e964b5-006a291dc6 - 0.0133 - - 1781079494.298137426 1781079494.311411381 0
Jun 10 08:18:14 standalone container-server[126466]: 172.20.0.100 - - [10/Jun/2026:08:18:14 +0000] "HEAD /d1/566/AUTH_7f00912ffce942ea98eb279238f21346/gnocchi.bd44ae69-65aa-489f-9251-a2db1af81edf" 404 - "HEAD http://172.18.0.2:8080/v1/AUTH_7f00912ffce942ea98eb279238f21346/gnocchi.bd44ae69-65aa-489f-9251-a2db1af81edf?format=json&states=listing" "tx9d144caed95045999fc14-006a291dc6" "proxy-server 20" 0.0003 "-" 22 0
Jun 10 08:18:14 standalone object-server[126714]: 172.20.0.100 - - [10/Jun/2026:08:18:14 +0000] "GET /d1/625/AUTH_7f00912ffce942ea98eb279238f21346/gnocchi.bd44ae69-65aa-489f-9251-a2db1af81edf/none_v3" 404 70 "GET http://172.18.0.2:8080/v1/AUTH_7f00912ffce942ea98eb279238f21346/gnocchi.bd44ae69-65aa-489f-9251-a2db1af81edf/none_v3" "tx9d144caed95045999fc14-006a291dc6" "proxy-server 20" 0.0004 "-" 25 0
Jun 10 08:18:14 standalone proxy-server[128651]: 172.18.0.2 172.18.0.100 10/Jun/2026/08/18/14 GET /v1/AUTH_7f00912ffce942ea98eb279238f21346/gnocchi.bd44ae69-65aa-489f-9251-a2db1af81edf/none_v3 HTTP/1.0 404 - python-swiftclient-3.11.1 gAAAAABqKR2KA6fE... - 70 - tx9d144caed95045999fc14-006a291dc6 - 0.0088 - - 1781079494.318542242 1781079494.327371597 0
Jun 10 08:18:14 standalone account-server[126448]: 172.20.0.100 - - [10/Jun/2026:08:18:14 +0000] "PUT /d1/300/AUTH_7f00912ffce942ea98eb279238f21346/gnocchi.bd44ae69-65aa-489f-9251-a2db1af81edf" 201 - "PUT http://172.20.0.100:6001/d1/566/AUTH_7f00912ffce942ea98eb279238f21346/gnocchi.bd44ae69-65aa-489f-9251-a2db1af81edf" "tx8c194eefc2b9489492f3e-006a291dc6" "container-server 23" 0.0045 "-" 21 0
Jun 10 08:18:14 standalone container-server[126469]: 172.20.0.100 - - [10/Jun/2026:08:18:14 +0000] "PUT /d1/566/AUTH_7f00912ffce942ea98eb279238f21346/gnocchi.bd44ae69-65aa-489f-9251-a2db1af81edf" 201 - "PUT http://172.18.0.2:8080/v1/AUTH_7f00912ffce942ea98eb279238f21346/gnocchi.bd44ae69-65aa-489f-9251-a2db1af81edf" "tx8c194eefc2b9489492f3e-006a291dc6" "proxy-server 20" 0.0124 "-" 23 0
Jun 10 08:18:14 standalone proxy-server[128651]: 172.18.0.2 172.18.0.100 10/Jun/2026/08/18/14 PUT /v1/AUTH_7f00912ffce942ea98eb279238f21346/gnocchi.bd44ae69-65aa-489f-9251-a2db1af81edf HTTP/1.0 201 - python-swiftclient-3.11.1 gAAAAABqKR2KA6fE... - - - tx8c194eefc2b9489492f3e-006a291dc6 - 0.0202 - - 1781079494.329524755 1781079494.349751472 0
Jun 10 08:18:14 standalone container-server[126464]: 172.20.0.100 - - [10/Jun/2026:08:18:14 +0000] "HEAD /d1/566/AUTH_7f00912ffce942ea98eb279238f21346/gnocchi.bd44ae69-65aa-489f-9251-a2db1af81edf" 204 - "HEAD http://172.18.0.2:8080/v1/AUTH_7f00912ffce942ea98eb279238f21346/gnocchi.bd44ae69-65aa-489f-9251-a2db1af81edf?format=json&states=listing" "tx4a0c37fd893d4dd893bc2-006a291dc6" "proxy-server 20" 0.0013 "-" 21 0
Jun 10 08:18:14 standalone proxy-server[128651]: - - 10/Jun/2026/08/18/14 HEAD /v1/AUTH_7f00912ffce942ea98eb279238f21346/gnocchi.bd44ae69-65aa-489f-9251-a2db1af81edf%3Fformat%3Djson%26states%3Dlisting HTTP/1.0 204 - Swift - - - - tx4a0c37fd893d4dd893bc2-006a291dc6 - 0.0046 RL - 1781079494.354802370 1781079494.359410524 0
Jun 10 08:18:14 standalone container-server[126469]: 172.20.0.100 - - [10/Jun/2026:08:18:14 +0000] "GET /d1/566/AUTH_7f00912ffce942ea98eb279238f21346/gnocchi.bd44ae69-65aa-489f-9251-a2db1af81edf" 200 2 "GET http://172.18.0.2:8080/v1/AUTH_7f00912ffce942ea98eb279238f21346/gnocchi.bd44ae69-65aa-489f-9251-a2db1af81edf?format=json&states=listing" "tx4a0c37fd893d4dd893bc2-006a291dc6" "proxy-server 20" 0.0019 "-" 23 0
Jun 10 08:18:14 standalone proxy-server[128651]: 172.18.0.2 172.18.0.100 10/Jun/2026/08/18/14 GET /v1/AUTH_7f00912ffce942ea98eb279238f21346/gnocchi.bd44ae69-65aa-489f-9251-a2db1af81edf%3Fformat%3Djson%26states%3Dlisting HTTP/1.0 200 - python-swiftclient-3.11.1 gAAAAABqKR2KA6fE... - 2 - tx4a0c37fd893d4dd893bc2-006a291dc6 - 0.0536 - - 1781079494.353451014 1781079494.407063723 0
Jun 10 08:18:14 standalone object-server[126707]: 172.20.0.100 - - [10/Jun/2026:08:18:14 +0000] "GET /d1/474/AUTH_7f00912ffce942ea98eb279238f21346/gnocchi.bd44ae69-65aa-489f-9251-a2db1af81edf/1780920000.0_mean_300.0_v3" 404 70 "GET http://172.18.0.2:8080/v1/AUTH_7f00912ffce942ea98eb279238f21346/gnocchi.bd44ae69-65aa-489f-9251-a2db1af81edf/1780920000.0_mean_300.0_v3" "txe3e040b5722645a8b832a-006a291dc6" "proxy-server 20" 0.0005 "-" 23 0
Jun 10 08:18:14 standalone proxy-server[128651]: 172.18.0.2 172.18.0.100 10/Jun/2026/08/18/14 GET /v1/AUTH_7f00912ffce942ea98eb279238f21346/gnocchi.bd44ae69-65aa-489f-9251-a2db1af81edf/1780920000.0_mean_300.0_v3 HTTP/1.0 404 - python-swiftclient-3.11.1 gAAAAABqKR2KA6fE... - 70 - txe3e040b5722645a8b832a-006a291dc6 - 0.0080 - - 1781079494.411753654 1781079494.419778109 0
Jun 10 08:18:14 standalone container-server[126454]: 172.20.0.100 - - [10/Jun/2026:08:18:14 +0000] "PUT /d1/566/AUTH_7f00912ffce942ea98eb279238f21346/gnocchi.bd44ae69-65aa-489f-9251-a2db1af81edf/1780920000.0_mean_300.0_v3" 201 - "PUT http://172.18.0.2:8080/d1/474/AUTH_7f00912ffce942ea98eb279238f21346/gnocchi.bd44ae69-65aa-489f-9251-a2db1af81edf/1780920000.0_mean_300.0_v3" "tx2e2098b1860b4581a841c-006a291dc6" "object-server 22" 0.0005 "-" 20 0
Jun 10 08:18:14 standalone object-server[126706]: 172.20.0.100 - - [10/Jun/2026:08:18:14 +0000] "PUT /d1/474/AUTH_7f00912ffce942ea98eb279238f21346/gnocchi.bd44ae69-65aa-489f-9251-a2db1af81edf/1780920000.0_mean_300.0_v3" 201 - "PUT http://172.18.0.2:8080/v1/AUTH_7f00912ffce942ea98eb279238f21346/gnocchi.bd44ae69-65aa-489f-9251-a2db1af81edf/1780920000.0_mean_300.0_v3" "tx2e2098b1860b4581a841c-006a291dc6" "proxy-server 20" 0.0090 "-" 22 0
Jun 10 08:18:14 standalone proxy-server[128651]: 172.18.0.2 172.18.0.100 10/Jun/2026/08/18/14 PUT /v1/AUTH_7f00912ffce942ea98eb279238f21346/gnocchi.bd44ae69-65aa-489f-9251-a2db1af81edf/1780920000.0_mean_300.0_v3 HTTP/1.0 201 - python-swiftclient-3.11.1 gAAAAABqKR2KA6fE... 16 - - tx2e2098b1860b4581a841c-006a291dc6 - 0.0161 - - 1781079494.422890902 1781079494.438998461 0
Jun 10 08:18:14 standalone container-server[126464]: 172.20.0.100 - - [10/Jun/2026:08:18:14 +0000] "PUT /d1/566/AUTH_7f00912ffce942ea98eb279238f21346/gnocchi.bd44ae69-65aa-489f-9251-a2db1af81edf/none_v3" 201 - "PUT http://172.18.0.2:8080/d1/625/AUTH_7f00912ffce942ea98eb279238f21346/gnocchi.bd44ae69-65aa-489f-9251-a2db1af81edf/none_v3" "tx976d2289dce14e0690b21-006a291dc6" "object-server 25" 0.0004 "-" 21 0
Jun 10 08:18:14 standalone object-server[126714]: 172.20.0.100 - - [10/Jun/2026:08:18:14 +0000] "PUT /d1/625/AUTH_7f00912ffce942ea98eb279238f21346/gnocchi.bd44ae69-65aa-489f-9251-a2db1af81edf/none_v3" 201 - "PUT http://172.18.0.2:8080/v1/AUTH_7f00912ffce942ea98eb279238f21346/gnocchi.bd44ae69-65aa-489f-9251-a2db1af81edf/none_v3" "tx976d2289dce14e0690b21-006a291dc6" "proxy-server 20" 0.0087 "-" 25 0
Jun 10 08:18:14 standalone proxy-server[128651]: 172.18.0.2 172.18.0.100 10/Jun/2026/08/18/14 PUT /v1/AUTH_7f00912ffce942ea98eb279238f21346/gnocchi.bd44ae69-65aa-489f-9251-a2db1af81edf/none_v3 HTTP/1.0 201 - python-swiftclient-3.11.1 gAAAAABqKR2KA6fE... 22 - - tx976d2289dce14e0690b21-006a291dc6 - 0.0180 - - 1781079494.442384958 1781079494.460417032 0
Jun 10 08:18:21 standalone container-server[126464]: 172.20.0.100 - - [10/Jun/2026:08:18:21 +0000] "HEAD /d1/574/AUTH_7f00912ffce942ea98eb279238f21346/gnocchi.1b0e04b6-874a-4712-9ef0-94af20939bdc" 404 - "HEAD http://172.18.0.2:8080/v1/AUTH_7f00912ffce942ea98eb279238f21346/gnocchi.1b0e04b6-874a-4712-9ef0-94af20939bdc?format=json&states=listing" "tx4909200594fd453e95b37-006a291dcd" "proxy-server 20" 0.0006 "-" 21 0
Jun 10 08:18:21 standalone object-server[126714]: 172.20.0.100 - - [10/Jun/2026:08:18:21 +0000] "GET /d1/71/AUTH_7f00912ffce942ea98eb279238f21346/gnocchi.1b0e04b6-874a-4712-9ef0-94af20939bdc/none_v3" 404 70 "GET http://172.18.0.2:8080/v1/AUTH_7f00912ffce942ea98eb279238f21346/gnocchi.1b0e04b6-874a-4712-9ef0-94af20939bdc/none_v3" "tx4909200594fd453e95b37-006a291dcd" "proxy-server 20" 0.0004 "-" 25 0
Jun 10 08:18:21 standalone proxy-server[128651]: 172.18.0.2 172.18.0.100 10/Jun/2026/08/18/21 GET /v1/AUTH_7f00912ffce942ea98eb279238f21346/gnocchi.1b0e04b6-874a-4712-9ef0-94af20939bdc/none_v3 HTTP/1.0 404 - python-swiftclient-3.11.1 gAAAAABqKR2KA6fE... - 70 - tx4909200594fd453e95b37-006a291dcd - 0.0088 - - 1781079501.933962822 1781079501.942730188 0
Jun 10 08:18:21 standalone account-server[126440]: 172.20.0.100 - - [10/Jun/2026:08:18:21 +0000] "PUT /d1/300/AUTH_7f00912ffce942ea98eb279238f21346/gnocchi.1b0e04b6-874a-4712-9ef0-94af20939bdc" 201 - "PUT http://172.20.0.100:6001/d1/574/AUTH_7f00912ffce942ea98eb279238f21346/gnocchi.1b0e04b6-874a-4712-9ef0-94af20939bdc" "tx47049aa382ff4912826f0-006a291dcd" "container-server 21" 0.0052 "-" 20 0
Jun 10 08:18:21 standalone container-server[126464]: 172.20.0.100 - - [10/Jun/2026:08:18:21 +0000] "PUT /d1/574/AUTH_7f00912ffce942ea98eb279238f21346/gnocchi.1b0e04b6-874a-4712-9ef0-94af20939bdc" 201 - "PUT http://172.18.0.2:8080/v1/AUTH_7f00912ffce942ea98eb279238f21346/gnocchi.1b0e04b6-874a-4712-9ef0-94af20939bdc" "tx47049aa382ff4912826f0-006a291dcd" "proxy-server 20" 0.0156 "-" 21 0
Jun 10 08:18:21 standalone proxy-server[128651]: 172.18.0.2 172.18.0.100 10/Jun/2026/08/18/21 PUT /v1/AUTH_7f00912ffce942ea98eb279238f21346/gnocchi.1b0e04b6-874a-4712-9ef0-94af20939bdc HTTP/1.0 201 - python-swiftclient-3.11.1 gAAAAABqKR2KA6fE... - - - tx47049aa382ff4912826f0-006a291dcd - 0.0267 - - 1781079501.946340561 1781079501.973026037 0
Jun 10 08:18:21 standalone container-server[126454]: 172.20.0.100 - - [10/Jun/2026:08:18:21 +0000] "HEAD /d1/574/AUTH_7f00912ffce942ea98eb279238f21346/gnocchi.1b0e04b6-874a-4712-9ef0-94af20939bdc" 204 - "HEAD http://172.18.0.2:8080/v1/AUTH_7f00912ffce942ea98eb279238f21346/gnocchi.1b0e04b6-874a-4712-9ef0-94af20939bdc?format=json&states=listing" "tx73561d82baf14ddd94c4f-006a291dcd" "proxy-server 20" 0.0038 "-" 20 0
Jun 10 08:18:21 standalone proxy-server[128651]: - - 10/Jun/2026/08/18/21 HEAD /v1/AUTH_7f00912ffce942ea98eb279238f21346/gnocchi.1b0e04b6-874a-4712-9ef0-94af20939bdc%3Fformat%3Djson%26states%3Dlisting HTTP/1.0 204 - Swift - - - - tx73561d82baf14ddd94c4f-006a291dcd - 0.0082 RL - 1781079501.976636887 1781079501.984826326 0
Jun 10 08:18:21 standalone container-server[126466]: 172.20.0.100 - - [10/Jun/2026:08:18:21 +0000] "GET /d1/574/AUTH_7f00912ffce942ea98eb279238f21346/gnocchi.1b0e04b6-874a-4712-9ef0-94af20939bdc" 200 2 "GET http://172.18.0.2:8080/v1/AUTH_7f00912ffce942ea98eb279238f21346/gnocchi.1b0e04b6-874a-4712-9ef0-94af20939bdc?format=json&states=listing" "tx73561d82baf14ddd94c4f-006a291dcd" "proxy-server 20" 0.0030 "-" 22 0
Jun 10 08:18:21 standalone proxy-server[128651]: 172.18.0.2 172.18.0.100 10/Jun/2026/08/18/21 GET /v1/AUTH_7f00912ffce942ea98eb279238f21346/gnocchi.1b0e04b6-874a-4712-9ef0-94af20939bdc%3Fformat%3Djson%26states%3Dlisting HTTP/1.0 200 - python-swiftclient-3.11.1 gAAAAABqKR2KA6fE... - 2 - tx73561d82baf14ddd94c4f-006a291dcd - 0.0174 - - 1781079501.975765944 1781079501.993131876 0
Jun 10 08:18:22 standalone object-server[126706]: 172.20.0.100 - - [10/Jun/2026:08:18:21 +0000] "GET /d1/522/AUTH_7f00912ffce942ea98eb279238f21346/gnocchi.1b0e04b6-874a-4712-9ef0-94af20939bdc/1780920000.0_mean_300.0_v3" 404 70 "GET http://172.18.0.2:8080/v1/AUTH_7f00912ffce942ea98eb279238f21346/gnocchi.1b0e04b6-874a-4712-9ef0-94af20939bdc/1780920000.0_mean_300.0_v3" "txf7598e08fdc34a248cab7-006a291dcd" "proxy-server 20" 0.0004 "-" 22 0
Jun 10 08:18:22 standalone proxy-server[128651]: 172.18.0.2 172.18.0.100 10/Jun/2026/08/18/22 GET /v1/AUTH_7f00912ffce942ea98eb279238f21346/gnocchi.1b0e04b6-874a-4712-9ef0-94af20939bdc/1780920000.0_mean_300.0_v3 HTTP/1.0 404 - python-swiftclient-3.11.1 gAAAAABqKR2KA6fE... - 70 - txf7598e08fdc34a248cab7-006a291dcd - 0.0049 - - 1781079501.996152401 1781079502.001039028 0
Jun 10 08:18:22 standalone container-server[126466]: 172.20.0.100 - - [10/Jun/2026:08:18:22 +0000] "PUT /d1/574/AUTH_7f00912ffce942ea98eb279238f21346/gnocchi.1b0e04b6-874a-4712-9ef0-94af20939bdc/1780920000.0_mean_300.0_v3" 201 - "PUT http://172.18.0.2:8080/d1/522/AUTH_7f00912ffce942ea98eb279238f21346/gnocchi.1b0e04b6-874a-4712-9ef0-94af20939bdc/1780920000.0_mean_300.0_v3" "tx3400402adae84d8ea5a65-006a291dce" "object-server 25" 0.0008 "-" 22 0
Jun 10 08:18:22 standalone object-server[126714]: 172.20.0.100 - - [10/Jun/2026:08:18:22 +0000] "PUT /d1/522/AUTH_7f00912ffce942ea98eb279238f21346/gnocchi.1b0e04b6-874a-4712-9ef0-94af20939bdc/1780920000.0_mean_300.0_v3" 201 - "PUT http://172.18.0.2:8080/v1/AUTH_7f00912ffce942ea98eb279238f21346/gnocchi.1b0e04b6-874a-4712-9ef0-94af20939bdc/1780920000.0_mean_300.0_v3" "tx3400402adae84d8ea5a65-006a291dce" "proxy-server 20" 0.0177 "-" 25 0
Jun 10 08:18:22 standalone proxy-server[128651]: 172.18.0.2 172.18.0.100 10/Jun/2026/08/18/22 PUT /v1/AUTH_7f00912ffce942ea98eb279238f21346/gnocchi.1b0e04b6-874a-4712-9ef0-94af20939bdc/1780920000.0_mean_300.0_v3 HTTP/1.0 201 - python-swiftclient-3.11.1 gAAAAABqKR2KA6fE... 16 - - tx3400402adae84d8ea5a65-006a291dce - 0.0232 - - 1781079502.004183292 1781079502.027393103 0
Jun 10 08:18:22 standalone container-server[126454]: 172.20.0.100 - - [10/Jun/2026:08:18:22 +0000] "PUT /d1/574/AUTH_7f00912ffce942ea98eb279238f21346/gnocchi.1b0e04b6-874a-4712-9ef0-94af20939bdc/none_v3" 201 - "PUT http://172.18.0.2:8080/d1/71/AUTH_7f00912ffce942ea98eb279238f21346/gnocchi.1b0e04b6-874a-4712-9ef0-94af20939bdc/none_v3" "txf9708729565047b6b9d62-006a291dce" "object-server 22" 0.0007 "-" 20 0
Jun 10 08:18:22 standalone object-server[126706]: 172.20.0.100 - - [10/Jun/2026:08:18:22 +0000] "PUT /d1/71/AUTH_7f00912ffce942ea98eb279238f21346/gnocchi.1b0e04b6-874a-4712-9ef0-94af20939bdc/none_v3" 201 - "PUT http://172.18.0.2:8080/v1/AUTH_7f00912ffce942ea98eb279238f21346/gnocchi.1b0e04b6-874a-4712-9ef0-94af20939bdc/none_v3" "txf9708729565047b6b9d62-006a291dce" "proxy-server 20" 0.0130 "-" 22 0
Jun 10 08:18:22 standalone proxy-server[128651]: 172.18.0.2 172.18.0.100 10/Jun/2026/08/18/22 PUT /v1/AUTH_7f00912ffce942ea98eb279238f21346/gnocchi.1b0e04b6-874a-4712-9ef0-94af20939bdc/none_v3 HTTP/1.0 201 - python-swiftclient-3.11.1 gAAAAABqKR2KA6fE... 22 - - txf9708729565047b6b9d62-006a291dce - 0.0179 - - 1781079502.029877663 1781079502.047773838 0
Jun 10 08:18:22 standalone container-server[126464]: 172.20.0.100 - - [10/Jun/2026:08:18:22 +0000] "HEAD /d1/51/AUTH_7f00912ffce942ea98eb279238f21346/gnocchi.298e623c-dba3-425b-a630-7adae4799dae" 404 - "HEAD http://172.18.0.2:8080/v1/AUTH_7f00912ffce942ea98eb279238f21346/gnocchi.298e623c-dba3-425b-a630-7adae4799dae?format=json&states=listing" "tx003264721a4f40ec8830f-006a291dce" "proxy-server 20" 0.0004 "-" 21 0
Jun 10 08:18:22 standalone object-server[126706]: 172.20.0.100 - - [10/Jun/2026:08:18:22 +0000] "GET /d1/1017/AUTH_7f00912ffce942ea98eb279238f21346/gnocchi.298e623c-dba3-425b-a630-7adae4799dae/none_v3" 404 70 "GET http://172.18.0.2:8080/v1/AUTH_7f00912ffce942ea98eb279238f21346/gnocchi.298e623c-dba3-425b-a630-7adae4799dae/none_v3" "tx003264721a4f40ec8830f-006a291dce" "proxy-server 20" 0.0003 "-" 22 0
Jun 10 08:18:22 standalone proxy-server[128651]: 172.18.0.2 172.18.0.100 10/Jun/2026/08/18/22 GET /v1/AUTH_7f00912ffce942ea98eb279238f21346/gnocchi.298e623c-dba3-425b-a630-7adae4799dae/none_v3 HTTP/1.0 404 - python-swiftclient-3.11.1 gAAAAABqKR2KA6fE... - 70 - tx003264721a4f40ec8830f-006a291dce - 0.0110 - - 1781079502.057913780 1781079502.068868160 0
Jun 10 08:18:22 standalone account-server[126440]: 172.20.0.100 - - [10/Jun/2026:08:18:22 +0000] "PUT /d1/300/AUTH_7f00912ffce942ea98eb279238f21346/gnocchi.298e623c-dba3-425b-a630-7adae4799dae" 201 - "PUT http://172.20.0.100:6001/d1/51/AUTH_7f00912ffce942ea98eb279238f21346/gnocchi.298e623c-dba3-425b-a630-7adae4799dae" "tx6aa815bcd6bd422eb4d02-006a291dce" "container-server 20" 0.0068 "-" 20 0
Jun 10 08:18:22 standalone container-server[126454]: 172.20.0.100 - - [10/Jun/2026:08:18:22 +0000] "PUT /d1/51/AUTH_7f00912ffce942ea98eb279238f21346/gnocchi.298e623c-dba3-425b-a630-7adae4799dae" 201 - "PUT http://172.18.0.2:8080/v1/AUTH_7f00912ffce942ea98eb279238f21346/gnocchi.298e623c-dba3-425b-a630-7adae4799dae" "tx6aa815bcd6bd422eb4d02-006a291dce" "proxy-server 20" 0.0224 "-" 20 0
Jun 10 08:18:22 standalone proxy-server[128651]: 172.18.0.2 172.18.0.100 10/Jun/2026/08/18/22 PUT /v1/AUTH_7f00912ffce942ea98eb279238f21346/gnocchi.298e623c-dba3-425b-a630-7adae4799dae HTTP/1.0 201 - python-swiftclient-3.11.1 gAAAAABqKR2KA6fE... - - - tx6aa815bcd6bd422eb4d02-006a291dce - 0.0298 - - 1781079502.071272850 1781079502.101122379 0
Jun 10 08:18:22 standalone container-server[126466]: 172.20.0.100 - - [10/Jun/2026:08:18:22 +0000] "HEAD /d1/51/AUTH_7f00912ffce942ea98eb279238f21346/gnocchi.298e623c-dba3-425b-a630-7adae4799dae" 204 - "HEAD http://172.18.0.2:8080/v1/AUTH_7f00912ffce942ea98eb279238f21346/gnocchi.298e623c-dba3-425b-a630-7adae4799dae?format=json&states=listing" "txbf8277236f7143c0892d2-006a291dce" "proxy-server 20" 0.0011 "-" 22 0
Jun 10 08:18:22 standalone proxy-server[128651]: - - 10/Jun/2026/08/18/22 HEAD /v1/AUTH_7f00912ffce942ea98eb279238f21346/gnocchi.298e623c-dba3-425b-a630-7adae4799dae%3Fformat%3Djson%26states%3Dlisting HTTP/1.0 204 - Swift - - - - txbf8277236f7143c0892d2-006a291dce - 0.0049 RL - 1781079502.105268002 1781079502.110202551 0
Jun 10 08:18:22 standalone container-server[126466]: 172.20.0.100 - - [10/Jun/2026:08:18:22 +0000] "GET /d1/51/AUTH_7f00912ffce942ea98eb279238f21346/gnocchi.298e623c-dba3-425b-a630-7adae4799dae" 200 2 "GET http://172.18.0.2:8080/v1/AUTH_7f00912ffce942ea98eb279238f21346/gnocchi.298e623c-dba3-425b-a630-7adae4799dae?format=json&states=listing" "txbf8277236f7143c0892d2-006a291dce" "proxy-server 20" 0.0015 "-" 22 0
Jun 10 08:18:22 standalone proxy-server[128651]: 172.18.0.2 172.18.0.100 10/Jun/2026/08/18/22 GET /v1/AUTH_7f00912ffce942ea98eb279238f21346/gnocchi.298e623c-dba3-425b-a630-7adae4799dae%3Fformat%3Djson%26states%3Dlisting HTTP/1.0 200 - python-swiftclient-3.11.1 gAAAAABqKR2KA6fE... - 2 - txbf8277236f7143c0892d2-006a291dce - 0.0151 - - 1781079502.104340553 1781079502.119391203 0
Jun 10 08:18:22 standalone object-server[126708]: 172.20.0.100 - - [10/Jun/2026:08:18:22 +0000] "GET /d1/799/AUTH_7f00912ffce942ea98eb279238f21346/gnocchi.298e623c-dba3-425b-a630-7adae4799dae/1780920000.0_mean_300.0_v3" 404 70 "GET http://172.18.0.2:8080/v1/AUTH_7f00912ffce942ea98eb279238f21346/gnocchi.298e623c-dba3-425b-a630-7adae4799dae/1780920000.0_mean_300.0_v3" "txd29f662b07694f54a2ace-006a291dce" "proxy-server 20" 0.0006 "-" 24 0
Jun 10 08:18:22 standalone proxy-server[128651]: 172.18.0.2 172.18.0.100 10/Jun/2026/08/18/22 GET /v1/AUTH_7f00912ffce942ea98eb279238f21346/gnocchi.298e623c-dba3-425b-a630-7adae4799dae/1780920000.0_mean_300.0_v3 HTTP/1.0 404 - python-swiftclient-3.11.1 gAAAAABqKR2KA6fE... - 70 - txd29f662b07694f54a2ace-006a291dce - 0.0498 - - 1781079502.125345945 1781079502.175145388 0
Jun 10 08:18:22 standalone container-server[126466]: 172.20.0.100 - - [10/Jun/2026:08:18:22 +0000] "PUT /d1/51/AUTH_7f00912ffce942ea98eb279238f21346/gnocchi.298e623c-dba3-425b-a630-7adae4799dae/1780920000.0_mean_300.0_v3" 201 - "PUT http://172.18.0.2:8080/d1/799/AUTH_7f00912ffce942ea98eb279238f21346/gnocchi.298e623c-dba3-425b-a630-7adae4799dae/1780920000.0_mean_300.0_v3" "txc57138f3bba0476dbe07c-006a291dce" "object-server 22" 0.0008 "-" 22 0
Jun 10 08:18:22 standalone object-server[126706]: 172.20.0.100 - - [10/Jun/2026:08:18:22 +0000] "PUT /d1/799/AUTH_7f00912ffce942ea98eb279238f21346/gnocchi.298e623c-dba3-425b-a630-7adae4799dae/1780920000.0_mean_300.0_v3" 201 - "PUT http://172.18.0.2:8080/v1/AUTH_7f00912ffce942ea98eb279238f21346/gnocchi.298e623c-dba3-425b-a630-7adae4799dae/1780920000.0_mean_300.0_v3" "txc57138f3bba0476dbe07c-006a291dce" "proxy-server 20" 0.0144 "-" 22 0
Jun 10 08:18:22 standalone proxy-server[128651]: 172.18.0.2 172.18.0.100 10/Jun/2026/08/18/22 PUT /v1/AUTH_7f00912ffce942ea98eb279238f21346/gnocchi.298e623c-dba3-425b-a630-7adae4799dae/1780920000.0_mean_300.0_v3 HTTP/1.0 201 - python-swiftclient-3.11.1 gAAAAABqKR2KA6fE... 16 - - txc57138f3bba0476dbe07c-006a291dce - 0.0205 - - 1781079502.178838015 1781079502.199346542 0
Jun 10 08:18:22 standalone container-server[126464]: 172.20.0.100 - - [10/Jun/2026:08:18:22 +0000] "PUT /d1/51/AUTH_7f00912ffce942ea98eb279238f21346/gnocchi.298e623c-dba3-425b-a630-7adae4799dae/none_v3" 201 - "PUT http://172.18.0.2:8080/d1/1017/AUTH_7f00912ffce942ea98eb279238f21346/gnocchi.298e623c-dba3-425b-a630-7adae4799dae/none_v3" "txf61ef6ecba14444db51b0-006a291dce" "object-server 23" 0.0012 "-" 21 0
