Jun 11 16:09:49 standalone account-server[127962]: Started child 17 from parent 2
Jun 11 16:09:49 standalone account-server[127962]: Started child 18 from parent 2
Jun 11 16:09:49 standalone account-server[127962]: Started child 19 from parent 2
Jun 11 16:09:49 standalone account-server[127962]: Started child 22 from parent 2
Jun 11 16:09:49 standalone account-server[127990]: Starting 2
Jun 11 16:09:49 standalone container-server[128138]: Starting 2
Jun 11 16:09:49 standalone container-server[128078]: Option allow_versions is deprecated. Configure the versioned_writes middleware in the proxy-server instead. This option will be ignored in a future release.
Jun 11 16:09:49 standalone container-server[128341]: Option allow_versions is deprecated. Configure the versioned_writes middleware in the proxy-server instead. This option will be ignored in a future release.
Jun 11 16:09:50 standalone container-server[128078]: Started child 20 from parent 2
Jun 11 16:09:50 standalone container-server[128345]: Option allow_versions is deprecated. Configure the versioned_writes middleware in the proxy-server instead. This option will be ignored in a future release.
Jun 11 16:09:50 standalone container-server[128078]: Started child 21 from parent 2
Jun 11 16:09:50 standalone container-server[128353]: Option allow_versions is deprecated. Configure the versioned_writes middleware in the proxy-server instead. This option will be ignored in a future release.
Jun 11 16:09:50 standalone container-server[128078]: Started child 22 from parent 2
Jun 11 16:09:50 standalone container-server[128355]: Option allow_versions is deprecated. Configure the versioned_writes middleware in the proxy-server instead. This option will be ignored in a future release.
Jun 11 16:09:50 standalone container-server[128078]: Started child 23 from parent 2
Jun 11 16:09:50 standalone object-expirer[128321]: Starting 2
Jun 11 16:09:50 standalone object-expirer[128321]: Option auto_create_account_prefix is deprecated. Configure auto_create_account_prefix under the swift-constraints section of swift.conf. This option will be ignored in a future release.
Jun 11 16:09:50 standalone object-server[128388]: Starting 2
Jun 11 16:09:50 standalone object-server[128391]: Started child 22 from parent 2
Jun 11 16:09:50 standalone object-server[128391]: Started child 23 from parent 2
Jun 11 16:09:50 standalone object-server[128391]: Started child 24 from parent 2
Jun 11 16:09:50 standalone object-server[128391]: Started child 25 from parent 2
Jun 11 16:09:56 standalone proxy-server[129965]: Starting Keystone auth_token middleware
Jun 11 16:09:56 standalone proxy-server[129965]: AuthToken middleware is set with keystone_authtoken.service_token_roles_required set to False. This is backwards compatible but deprecated behaviour. Please set this to True.
Jun 11 16:09:57 standalone proxy-server[130186]: Starting Keystone auth_token middleware
Jun 11 16:09:57 standalone proxy-server[130186]: STDERR: The option "bind_port" is not known to keystonemiddleware
Jun 11 16:09:57 standalone proxy-server[130186]: STDERR: The option "workers" is not known to keystonemiddleware
Jun 11 16:09:57 standalone proxy-server[130186]: STDERR: The option "user" is not known to keystonemiddleware
Jun 11 16:09:57 standalone proxy-server[130186]: STDERR: The option "bind_ip" is not known to keystonemiddleware
Jun 11 16:09:57 standalone proxy-server[130186]: STDERR: The option "log_name" is not known to keystonemiddleware
Jun 11 16:09:57 standalone proxy-server[130186]: STDERR: The option "log_facility" is not known to keystonemiddleware
Jun 11 16:09:57 standalone proxy-server[130186]: STDERR: The option "log_level" is not known to keystonemiddleware
Jun 11 16:09:57 standalone proxy-server[130186]: STDERR: The option "log_headers" is not known to keystonemiddleware
Jun 11 16:09:57 standalone proxy-server[130186]: STDERR: The option "log_address" is not known to keystonemiddleware
Jun 11 16:09:57 standalone proxy-server[130186]: STDERR: The option "project_name" is not known to keystonemiddleware
Jun 11 16:09:57 standalone proxy-server[130186]: STDERR: The option "username" is not known to keystonemiddleware
Jun 11 16:09:57 standalone proxy-server[130186]: STDERR: The option "password" is not known to keystonemiddleware
Jun 11 16:09:57 standalone proxy-server[130186]: STDERR: The option "auth_url" is not known to keystonemiddleware
Jun 11 16:09:57 standalone proxy-server[130186]: STDERR: The option "signing_dir" is not known to keystonemiddleware
Jun 11 16:09:57 standalone proxy-server[130186]: STDERR: The option "project_domain_id" is not known to keystonemiddleware
Jun 11 16:09:57 standalone proxy-server[130186]: STDERR: The option "user_domain_id" is not known to keystonemiddleware
Jun 11 16:09:57 standalone proxy-server[130186]: STDERR: The option "__name__" is not known to keystonemiddleware
Jun 11 16:09:57 standalone proxy-server[130186]: AuthToken middleware is set with keystone_authtoken.service_token_roles_required set to False. This is backwards compatible but deprecated behaviour. Please set this to True.
Jun 11 16:09:57 standalone proxy-server[129965]: Started child 20 from parent 2
Jun 11 16:10:31 standalone account-server[127990]: Devices pass completed: 0.00s
Jun 11 16:10:33 standalone container-server[128138]: Begin container update sweep
Jun 11 16:10:33 standalone container-server[128138]: Container update sweep completed: 0.00s
Jun 11 16:11:04 standalone account-server[128121]: 172.20.0.100 - - [11/Jun/2026:16:11:04 +0000] "HEAD /d1/778/.expiring_objects" 404 - "HEAD http://localhost/v1/.expiring_objects?format=json" "txb377758ccbd94b6faa406-006a2ade18" "proxy-server 2" 0.0017 "-" 18 -
Jun 11 16:11:04 standalone object-expirer[128321]: Pass completed in 0s; 0 objects expired (txn: txb377758ccbd94b6faa406-006a2ade18)
Jun 11 16:14:45 standalone object-server[128388]: Begin object update sweep
Jun 11 16:14:45 standalone object-server[164518]: Object update sweep starting on /srv/node/d1 (pid: 12)
Jun 11 16:14:45 standalone object-server[164518]: Object update sweep completed on /srv/node/d1 in 0.00s seconds:, 0 successes, 0 failures, 0 quarantines, 0 unlinks, 0 errors, 0 redirects (pid: 12)
Jun 11 16:14:45 standalone object-server[164518]: Object update sweep of d1 completed: 0.00s, 0 successes, 0 failures, 0 quarantines, 0 unlinks, 0 errors, 0 redirects
Jun 11 16:14:46 standalone object-server[128388]: Object update sweep completed: 0.09s
Jun 11 16:15:23 standalone account-server[128131]: 172.20.0.100 - - [11/Jun/2026:16:15:23 +0000] "HEAD /d1/778/.expiring_objects" 404 - "HEAD http://localhost/v1/.expiring_objects?format=json" "txa7ba4dac7bd14775b249b-006a2adf1b" "proxy-server 2" 0.0015 "-" 19 -
Jun 11 16:15:23 standalone object-expirer[128321]: Pass completed in 0s; 0 objects expired (txn: txa7ba4dac7bd14775b249b-006a2adf1b)
Jun 11 16:15:33 standalone container-server[128138]: Begin container update sweep
Jun 11 16:15:33 standalone container-server[128138]: Container update sweep completed: 0.00s
Jun 11 16:15:59 standalone account-server[128111]: 172.20.0.100 - - [11/Jun/2026:16:15:59 +0000] "HEAD /d1/778/.expiring_objects" 404 - "HEAD http://localhost/v1/.expiring_objects?format=json" "txda043eca84a64b6fa7a4b-006a2adf3f" "proxy-server 2" 0.0014 "-" 17 -
Jun 11 16:15:59 standalone object-expirer[128321]: Pass completed in 0s; 0 objects expired (txn: txda043eca84a64b6fa7a4b-006a2adf3f)
Jun 11 16:19:46 standalone object-server[128388]: Begin object update sweep
Jun 11 16:19:46 standalone object-server[206666]: Object update sweep starting on /srv/node/d1 (pid: 13)
Jun 11 16:19:46 standalone object-server[206666]: Object update sweep completed on /srv/node/d1 in 0.00s seconds:, 0 successes, 0 failures, 0 quarantines, 0 unlinks, 0 errors, 0 redirects (pid: 13)
Jun 11 16:19:46 standalone object-server[206666]: Object update sweep of d1 completed: 0.00s, 0 successes, 0 failures, 0 quarantines, 0 unlinks, 0 errors, 0 redirects
Jun 11 16:19:46 standalone object-server[128388]: Object update sweep completed: 0.10s
Jun 11 16:20:00 standalone account-server[128145]: 172.20.0.100 - - [11/Jun/2026:16:20:00 +0000] "HEAD /d1/778/.expiring_objects" 404 - "HEAD http://localhost/v1/.expiring_objects?format=json" "txcb211d9b3b9d4c4180dd2-006a2ae030" "proxy-server 2" 0.0018 "-" 22 -
Jun 11 16:20:00 standalone object-expirer[128321]: Pass completed in 0s; 0 objects expired (txn: txcb211d9b3b9d4c4180dd2-006a2ae030)
Jun 11 16:20:33 standalone container-server[128138]: Begin container update sweep
Jun 11 16:20:33 standalone container-server[128138]: Container update sweep completed: 0.00s
Jun 11 16:21:32 standalone account-server[128145]: 172.20.0.100 - - [11/Jun/2026:16:21:32 +0000] "HEAD /d1/867/AUTH_883c67cb078941b4a3286569b11d2e67" 404 - "HEAD http://172.18.0.2:8080/v1/AUTH_883c67cb078941b4a3286569b11d2e67?format=json" "txdb4b1f0f42154b6bb693e-006a2ae08c" "proxy-server 20" 0.0006 "-" 22 -
Jun 11 16:21:32 standalone proxy-server[130186]: - - 11/Jun/2026/16/21/32 HEAD /v1/AUTH_883c67cb078941b4a3286569b11d2e67%3Fformat%3Djson HTTP/1.0 200 - Swift - - - - txdb4b1f0f42154b6bb693e-006a2ae08c - 0.0047 RL - 1781194892.259166002 1781194892.263887405 -
Jun 11 16:21:32 standalone object-server[128485]: 172.20.0.100 - - [11/Jun/2026:16:21:32 +0000] "GET /d1/854/AUTH_883c67cb078941b4a3286569b11d2e67/gnocchi.a9ad4062-5111-4fd7-874e-1303a61e6566/none_v3" 404 70 "GET http://172.18.0.2:8080/v1/AUTH_883c67cb078941b4a3286569b11d2e67/gnocchi.a9ad4062-5111-4fd7-874e-1303a61e6566/none_v3" "txdb4b1f0f42154b6bb693e-006a2ae08c" "proxy-server 20" 0.0014 "-" 23 0
Jun 11 16:21:32 standalone proxy-server[130186]: 172.18.0.2 172.18.0.100 11/Jun/2026/16/21/32 GET /v1/AUTH_883c67cb078941b4a3286569b11d2e67/gnocchi.a9ad4062-5111-4fd7-874e-1303a61e6566/none_v3 HTTP/1.0 404 - python-swiftclient-3.11.1 gAAAAABqKuCMWyb6... - 70 - txdb4b1f0f42154b6bb693e-006a2ae08c - 0.4160 - - 1781194892.256667852 1781194892.672681570 0
Jun 11 16:21:32 standalone account-server[128121]: 172.20.0.100 - - [11/Jun/2026:16:21:32 +0000] "PUT /d1/867/AUTH_883c67cb078941b4a3286569b11d2e67" 201 - "-" "txff081a629b9b4f81874bb-006a2ae08c" "-" 0.0169 "-" 18 -
Jun 11 16:21:32 standalone proxy-server[130186]: autocreate account '/AUTH_883c67cb078941b4a3286569b11d2e67' (txn: txff081a629b9b4f81874bb-006a2ae08c)
Jun 11 16:21:32 standalone account-server[128111]: 172.20.0.100 - - [11/Jun/2026:16:21:32 +0000] "HEAD /d1/867/AUTH_883c67cb078941b4a3286569b11d2e67" 204 - "HEAD http://172.18.0.2:8080/v1/AUTH_883c67cb078941b4a3286569b11d2e67?format=json" "txff081a629b9b4f81874bb-006a2ae08c" "proxy-server 20" 0.0017 "-" 17 -
Jun 11 16:21:32 standalone account-server[128145]: 172.20.0.100 - - [11/Jun/2026:16:21:32 +0000] "PUT /d1/867/AUTH_883c67cb078941b4a3286569b11d2e67/gnocchi.a9ad4062-5111-4fd7-874e-1303a61e6566" 201 - "PUT http://172.20.0.100:6001/d1/69/AUTH_883c67cb078941b4a3286569b11d2e67/gnocchi.a9ad4062-5111-4fd7-874e-1303a61e6566" "txff081a629b9b4f81874bb-006a2ae08c" "container-server 22" 0.0029 "-" 22 0
Jun 11 16:21:32 standalone container-server[128353]: 172.20.0.100 - - [11/Jun/2026:16:21:32 +0000] "PUT /d1/69/AUTH_883c67cb078941b4a3286569b11d2e67/gnocchi.a9ad4062-5111-4fd7-874e-1303a61e6566" 201 - "PUT http://172.18.0.2:8080/v1/AUTH_883c67cb078941b4a3286569b11d2e67/gnocchi.a9ad4062-5111-4fd7-874e-1303a61e6566" "txff081a629b9b4f81874bb-006a2ae08c" "proxy-server 20" 0.0153 "-" 22 0
Jun 11 16:21:32 standalone proxy-server[130186]: 172.18.0.2 172.18.0.100 11/Jun/2026/16/21/32 PUT /v1/AUTH_883c67cb078941b4a3286569b11d2e67/gnocchi.a9ad4062-5111-4fd7-874e-1303a61e6566 HTTP/1.0 201 - python-swiftclient-3.11.1 gAAAAABqKuCMWyb6... - - - txff081a629b9b4f81874bb-006a2ae08c - 0.0485 - - 1781194892.676116705 1781194892.724639893 0
Jun 11 16:21:32 standalone container-server[128353]: 172.20.0.100 - - [11/Jun/2026:16:21:32 +0000] "HEAD /d1/69/AUTH_883c67cb078941b4a3286569b11d2e67/gnocchi.a9ad4062-5111-4fd7-874e-1303a61e6566" 204 - "HEAD http://172.18.0.2:8080/v1/AUTH_883c67cb078941b4a3286569b11d2e67/gnocchi.a9ad4062-5111-4fd7-874e-1303a61e6566?format=json&states=listing" "txed30e96518cd44a98e3b8-006a2ae08c" "proxy-server 20" 0.0015 "-" 22 0
Jun 11 16:21:32 standalone proxy-server[130186]: - - 11/Jun/2026/16/21/32 HEAD /v1/AUTH_883c67cb078941b4a3286569b11d2e67/gnocchi.a9ad4062-5111-4fd7-874e-1303a61e6566%3Fformat%3Djson%26states%3Dlisting HTTP/1.0 204 - Swift - - - - txed30e96518cd44a98e3b8-006a2ae08c - 0.0044 RL - 1781194892.728861094 1781194892.733238697 0
Jun 11 16:21:32 standalone container-server[128341]: 172.20.0.100 - - [11/Jun/2026:16:21:32 +0000] "GET /d1/69/AUTH_883c67cb078941b4a3286569b11d2e67/gnocchi.a9ad4062-5111-4fd7-874e-1303a61e6566" 200 2 "GET http://172.18.0.2:8080/v1/AUTH_883c67cb078941b4a3286569b11d2e67/gnocchi.a9ad4062-5111-4fd7-874e-1303a61e6566?format=json&states=listing" "txed30e96518cd44a98e3b8-006a2ae08c" "proxy-server 20" 0.0034 "-" 20 0
Jun 11 16:21:32 standalone proxy-server[130186]: 172.18.0.2 172.18.0.100 11/Jun/2026/16/21/32 GET /v1/AUTH_883c67cb078941b4a3286569b11d2e67/gnocchi.a9ad4062-5111-4fd7-874e-1303a61e6566%3Fformat%3Djson%26states%3Dlisting HTTP/1.0 200 - python-swiftclient-3.11.1 gAAAAABqKuCMWyb6... - 2 - txed30e96518cd44a98e3b8-006a2ae08c - 0.0155 - - 1781194892.727576256 1781194892.743056297 0
Jun 11 16:21:32 standalone object-server[128487]: 172.20.0.100 - - [11/Jun/2026:16:21:32 +0000] "GET /d1/466/AUTH_883c67cb078941b4a3286569b11d2e67/gnocchi.a9ad4062-5111-4fd7-874e-1303a61e6566/1780920000.0_mean_300.0_v3" 404 70 "GET http://172.18.0.2:8080/v1/AUTH_883c67cb078941b4a3286569b11d2e67/gnocchi.a9ad4062-5111-4fd7-874e-1303a61e6566/1780920000.0_mean_300.0_v3" "tx02929654035d48d5aedd2-006a2ae08c" "proxy-server 20" 0.0013 "-" 25 0
Jun 11 16:21:32 standalone proxy-server[130186]: 172.18.0.2 172.18.0.100 11/Jun/2026/16/21/32 GET /v1/AUTH_883c67cb078941b4a3286569b11d2e67/gnocchi.a9ad4062-5111-4fd7-874e-1303a61e6566/1780920000.0_mean_300.0_v3 HTTP/1.0 404 - python-swiftclient-3.11.1 gAAAAABqKuCMWyb6... - 70 - tx02929654035d48d5aedd2-006a2ae08c - 0.0074 - - 1781194892.746730328 1781194892.754176617 0
Jun 11 16:21:32 standalone container-server[128355]: 172.20.0.100 - - [11/Jun/2026:16:21:32 +0000] "PUT /d1/69/AUTH_883c67cb078941b4a3286569b11d2e67/gnocchi.a9ad4062-5111-4fd7-874e-1303a61e6566/1780920000.0_mean_300.0_v3" 201 - "PUT http://172.18.0.2:8080/d1/466/AUTH_883c67cb078941b4a3286569b11d2e67/gnocchi.a9ad4062-5111-4fd7-874e-1303a61e6566/1780920000.0_mean_300.0_v3" "txeb3ec1a31c9841b7b6689-006a2ae08c" "object-server 23" 0.0014 "-" 23 0
Jun 11 16:21:32 standalone object-server[128485]: 172.20.0.100 - - [11/Jun/2026:16:21:32 +0000] "PUT /d1/466/AUTH_883c67cb078941b4a3286569b11d2e67/gnocchi.a9ad4062-5111-4fd7-874e-1303a61e6566/1780920000.0_mean_300.0_v3" 201 - "PUT http://172.18.0.2:8080/v1/AUTH_883c67cb078941b4a3286569b11d2e67/gnocchi.a9ad4062-5111-4fd7-874e-1303a61e6566/1780920000.0_mean_300.0_v3" "txeb3ec1a31c9841b7b6689-006a2ae08c" "proxy-server 20" 0.0408 "-" 23 0
Jun 11 16:21:32 standalone proxy-server[130186]: 172.18.0.2 172.18.0.100 11/Jun/2026/16/21/32 PUT /v1/AUTH_883c67cb078941b4a3286569b11d2e67/gnocchi.a9ad4062-5111-4fd7-874e-1303a61e6566/1780920000.0_mean_300.0_v3 HTTP/1.0 201 - python-swiftclient-3.11.1 gAAAAABqKuCMWyb6... 16 - - txeb3ec1a31c9841b7b6689-006a2ae08c - 0.0473 - - 1781194892.756459951 1781194892.803785324 0
Jun 11 16:21:32 standalone container-server[128341]: 172.20.0.100 - - [11/Jun/2026:16:21:32 +0000] "PUT /d1/69/AUTH_883c67cb078941b4a3286569b11d2e67/gnocchi.a9ad4062-5111-4fd7-874e-1303a61e6566/none_v3" 201 - "PUT http://172.18.0.2:8080/d1/854/AUTH_883c67cb078941b4a3286569b11d2e67/gnocchi.a9ad4062-5111-4fd7-874e-1303a61e6566/none_v3" "txb33d28c114404ae3810e4-006a2ae08c" "object-server 24" 0.0006 "-" 20 0
Jun 11 16:21:32 standalone object-server[128486]: 172.20.0.100 - - [11/Jun/2026:16:21:32 +0000] "PUT /d1/854/AUTH_883c67cb078941b4a3286569b11d2e67/gnocchi.a9ad4062-5111-4fd7-874e-1303a61e6566/none_v3" 201 - "PUT http://172.18.0.2:8080/v1/AUTH_883c67cb078941b4a3286569b11d2e67/gnocchi.a9ad4062-5111-4fd7-874e-1303a61e6566/none_v3" "txb33d28c114404ae3810e4-006a2ae08c" "proxy-server 20" 0.0270 "-" 24 0
Jun 11 16:21:32 standalone proxy-server[130186]: 172.18.0.2 172.18.0.100 11/Jun/2026/16/21/32 PUT /v1/AUTH_883c67cb078941b4a3286569b11d2e67/gnocchi.a9ad4062-5111-4fd7-874e-1303a61e6566/none_v3 HTTP/1.0 201 - python-swiftclient-3.11.1 gAAAAABqKuCMWyb6... 22 - - txb33d28c114404ae3810e4-006a2ae08c - 0.0335 - - 1781194892.806166887 1781194892.839627266 0
Jun 11 16:22:02 standalone object-server[128487]: 172.20.0.100 - - [11/Jun/2026:16:22:02 +0000] "GET /d1/854/AUTH_883c67cb078941b4a3286569b11d2e67/gnocchi.a9ad4062-5111-4fd7-874e-1303a61e6566/none_v3" 200 22 "GET http://172.18.0.2:8080/v1/AUTH_883c67cb078941b4a3286569b11d2e67/gnocchi.a9ad4062-5111-4fd7-874e-1303a61e6566/none_v3" "txbdb9a4997f9d414f98262-006a2ae0aa" "proxy-server 20" 0.0016 "-" 25 0
Jun 11 16:22:02 standalone proxy-server[130186]: 172.18.0.2 172.18.0.100 11/Jun/2026/16/22/02 GET /v1/AUTH_883c67cb078941b4a3286569b11d2e67/gnocchi.a9ad4062-5111-4fd7-874e-1303a61e6566/none_v3 HTTP/1.0 200 - python-swiftclient-3.11.1 gAAAAABqKuCMWyb6... - 22 - txbdb9a4997f9d414f98262-006a2ae0aa - 0.0206 - - 1781194922.017275333 1781194922.037898779 0
Jun 11 16:22:02 standalone container-server[128341]: 172.20.0.100 - - [11/Jun/2026:16:22:02 +0000] "GET /d1/69/AUTH_883c67cb078941b4a3286569b11d2e67/gnocchi.a9ad4062-5111-4fd7-874e-1303a61e6566" 200 357 "GET http://172.18.0.2:8080/v1/AUTH_883c67cb078941b4a3286569b11d2e67/gnocchi.a9ad4062-5111-4fd7-874e-1303a61e6566?format=json&states=listing" "tx9d7cd5b57f5b45559d36d-006a2ae0aa" "proxy-server 20" 0.0142 "-" 20 0
Jun 11 16:22:02 standalone proxy-server[130186]: 172.18.0.2 172.18.0.100 11/Jun/2026/16/22/02 GET /v1/AUTH_883c67cb078941b4a3286569b11d2e67/gnocchi.a9ad4062-5111-4fd7-874e-1303a61e6566%3Fformat%3Djson%26states%3Dlisting HTTP/1.0 200 - python-swiftclient-3.11.1 gAAAAABqKuCMWyb6... - 357 - tx9d7cd5b57f5b45559d36d-006a2ae0aa - 0.0211 - - 1781194922.042353868 1781194922.063422680 0
Jun 11 16:22:02 standalone container-server[128353]: 172.20.0.100 - - [11/Jun/2026:16:22:02 +0000] "GET /d1/69/AUTH_883c67cb078941b4a3286569b11d2e67/gnocchi.a9ad4062-5111-4fd7-874e-1303a61e6566" 200 2 "GET http://172.18.0.2:8080/v1/AUTH_883c67cb078941b4a3286569b11d2e67/gnocchi.a9ad4062-5111-4fd7-874e-1303a61e6566?format=json&marker=none_v3&states=listing" "tx4f9e06ca5479480792d43-006a2ae0aa" "proxy-server 20" 0.0026 "-" 22 0
Jun 11 16:22:02 standalone proxy-server[130186]: 172.18.0.2 172.18.0.100 11/Jun/2026/16/22/02 GET /v1/AUTH_883c67cb078941b4a3286569b11d2e67/gnocchi.a9ad4062-5111-4fd7-874e-1303a61e6566%3Fformat%3Djson%26marker%3Dnone_v3%26states%3Dlisting HTTP/1.0 200 - python-swiftclient-3.11.1 gAAAAABqKuCMWyb6... - 2 - tx4f9e06ca5479480792d43-006a2ae0aa - 0.0098 - - 1781194922.066502571 1781194922.076323032 0
Jun 11 16:22:02 standalone object-server[128484]: 172.20.0.100 - - [11/Jun/2026:16:22:02 +0000] "GET /d1/466/AUTH_883c67cb078941b4a3286569b11d2e67/gnocchi.a9ad4062-5111-4fd7-874e-1303a61e6566/1780920000.0_mean_300.0_v3" 200 16 "GET http://172.18.0.2:8080/v1/AUTH_883c67cb078941b4a3286569b11d2e67/gnocchi.a9ad4062-5111-4fd7-874e-1303a61e6566/1780920000.0_mean_300.0_v3" "tx0dcfed6e91604594864c4-006a2ae0aa" "proxy-server 20" 0.0021 "-" 22 0
Jun 11 16:22:02 standalone proxy-server[130186]: 172.18.0.2 172.18.0.100 11/Jun/2026/16/22/02 GET /v1/AUTH_883c67cb078941b4a3286569b11d2e67/gnocchi.a9ad4062-5111-4fd7-874e-1303a61e6566/1780920000.0_mean_300.0_v3 HTTP/1.0 200 - python-swiftclient-3.11.1 gAAAAABqKuCMWyb6... - 16 - tx0dcfed6e91604594864c4-006a2ae0aa - 0.0245 - - 1781194922.080069542 1781194922.104588509 0
Jun 11 16:22:02 standalone container-server[128353]: 172.20.0.100 - - [11/Jun/2026:16:22:02 +0000] "PUT /d1/69/AUTH_883c67cb078941b4a3286569b11d2e67/gnocchi.a9ad4062-5111-4fd7-874e-1303a61e6566/1780920000.0_mean_300.0_v3" 201 - "PUT http://172.18.0.2:8080/d1/466/AUTH_883c67cb078941b4a3286569b11d2e67/gnocchi.a9ad4062-5111-4fd7-874e-1303a61e6566/1780920000.0_mean_300.0_v3" "tx2321fb4d5e5d45a1a04f5-006a2ae0aa" "object-server 25" 0.0008 "-" 22 0
Jun 11 16:22:02 standalone object-server[128487]: 172.20.0.100 - - [11/Jun/2026:16:22:02 +0000] "PUT /d1/466/AUTH_883c67cb078941b4a3286569b11d2e67/gnocchi.a9ad4062-5111-4fd7-874e-1303a61e6566/1780920000.0_mean_300.0_v3" 201 - "PUT http://172.18.0.2:8080/v1/AUTH_883c67cb078941b4a3286569b11d2e67/gnocchi.a9ad4062-5111-4fd7-874e-1303a61e6566/1780920000.0_mean_300.0_v3" "tx2321fb4d5e5d45a1a04f5-006a2ae0aa" "proxy-server 20" 0.0189 "-" 25 0
Jun 11 16:22:02 standalone proxy-server[130186]: 172.18.0.2 172.18.0.100 11/Jun/2026/16/22/02 PUT /v1/AUTH_883c67cb078941b4a3286569b11d2e67/gnocchi.a9ad4062-5111-4fd7-874e-1303a61e6566/1780920000.0_mean_300.0_v3 HTTP/1.0 201 - python-swiftclient-3.11.1 gAAAAABqKuCMWyb6... 16 - - tx2321fb4d5e5d45a1a04f5-006a2ae0aa - 0.0280 - - 1781194922.114050150 1781194922.142001390 0
Jun 11 16:22:02 standalone container-server[128345]: 172.20.0.100 - - [11/Jun/2026:16:22:02 +0000] "PUT /d1/69/AUTH_883c67cb078941b4a3286569b11d2e67/gnocchi.a9ad4062-5111-4fd7-874e-1303a61e6566/none_v3" 201 - "PUT http://172.18.0.2:8080/d1/854/AUTH_883c67cb078941b4a3286569b11d2e67/gnocchi.a9ad4062-5111-4fd7-874e-1303a61e6566/none_v3" "txb06c44e0f3ba4adebe734-006a2ae0aa" "object-server 23" 0.0010 "-" 21 0
Jun 11 16:22:02 standalone object-server[128485]: 172.20.0.100 - - [11/Jun/2026:16:22:02 +0000] "PUT /d1/854/AUTH_883c67cb078941b4a3286569b11d2e67/gnocchi.a9ad4062-5111-4fd7-874e-1303a61e6566/none_v3" 201 - "PUT http://172.18.0.2:8080/v1/AUTH_883c67cb078941b4a3286569b11d2e67/gnocchi.a9ad4062-5111-4fd7-874e-1303a61e6566/none_v3" "txb06c44e0f3ba4adebe734-006a2ae0aa" "proxy-server 20" 0.0226 "-" 23 0
Jun 11 16:22:02 standalone proxy-server[130186]: 172.18.0.2 172.18.0.100 11/Jun/2026/16/22/02 PUT /v1/AUTH_883c67cb078941b4a3286569b11d2e67/gnocchi.a9ad4062-5111-4fd7-874e-1303a61e6566/none_v3 HTTP/1.0 201 - python-swiftclient-3.11.1 gAAAAABqKuCMWyb6... 32 - - txb06c44e0f3ba4adebe734-006a2ae0aa - 0.0299 - - 1781194922.144924879 1781194922.174874544 0
Jun 11 16:22:34 standalone account-server[128131]: 172.20.0.100 - - [11/Jun/2026:16:22:34 +0000] "HEAD /d1/867/AUTH_883c67cb078941b4a3286569b11d2e67" 204 - "HEAD http://172.18.0.2:8080/v1/AUTH_883c67cb078941b4a3286569b11d2e67?format=json" "txc62e969653c94e9689d87-006a2ae0ca" "proxy-server 20" 0.0123 "-" 19 -
Jun 11 16:22:34 standalone proxy-server[130186]: - - 11/Jun/2026/16/22/34 HEAD /v1/AUTH_883c67cb078941b4a3286569b11d2e67%3Fformat%3Djson HTTP/1.0 204 - Swift - - - - txc62e969653c94e9689d87-006a2ae0ca - 0.0194 RL - 1781194954.877491713 1781194954.896937132 -
Jun 11 16:22:34 standalone container-server[128355]: 172.20.0.100 - - [11/Jun/2026:16:22:34 +0000] "HEAD /d1/845/AUTH_883c67cb078941b4a3286569b11d2e67/gnocchi.99a3f87a-7581-4bcb-988b-02d31e455493" 404 - "HEAD http://172.18.0.2:8080/v1/AUTH_883c67cb078941b4a3286569b11d2e67/gnocchi.99a3f87a-7581-4bcb-988b-02d31e455493?format=json&states=listing" "txc62e969653c94e9689d87-006a2ae0ca" "proxy-server 20" 0.0010 "-" 23 0
Jun 11 16:22:34 standalone object-server[128484]: 172.20.0.100 - - [11/Jun/2026:16:22:34 +0000] "GET /d1/720/AUTH_883c67cb078941b4a3286569b11d2e67/gnocchi.99a3f87a-7581-4bcb-988b-02d31e455493/none_v3" 404 70 "GET http://172.18.0.2:8080/v1/AUTH_883c67cb078941b4a3286569b11d2e67/gnocchi.99a3f87a-7581-4bcb-988b-02d31e455493/none_v3" "txc62e969653c94e9689d87-006a2ae0ca" "proxy-server 20" 0.0006 "-" 22 0
Jun 11 16:22:34 standalone proxy-server[130186]: 172.18.0.2 172.18.0.100 11/Jun/2026/16/22/34 GET /v1/AUTH_883c67cb078941b4a3286569b11d2e67/gnocchi.99a3f87a-7581-4bcb-988b-02d31e455493/none_v3 HTTP/1.0 404 - python-swiftclient-3.11.1 gAAAAABqKuCMWyb6... - 70 - txc62e969653c94e9689d87-006a2ae0ca - 0.0355 - - 1781194954.876319885 1781194954.911824226 0
Jun 11 16:22:34 standalone account-server[128111]: 172.20.0.100 - - [11/Jun/2026:16:22:34 +0000] "PUT /d1/867/AUTH_883c67cb078941b4a3286569b11d2e67/gnocchi.99a3f87a-7581-4bcb-988b-02d31e455493" 201 - "PUT http://172.20.0.100:6001/d1/845/AUTH_883c67cb078941b4a3286569b11d2e67/gnocchi.99a3f87a-7581-4bcb-988b-02d31e455493" "tx8019e2dbf5434a769007d-006a2ae0ca" "container-server 22" 0.0012 "-" 17 0
Jun 11 16:22:34 standalone container-server[128353]: 172.20.0.100 - - [11/Jun/2026:16:22:34 +0000] "PUT /d1/845/AUTH_883c67cb078941b4a3286569b11d2e67/gnocchi.99a3f87a-7581-4bcb-988b-02d31e455493" 201 - "PUT http://172.18.0.2:8080/v1/AUTH_883c67cb078941b4a3286569b11d2e67/gnocchi.99a3f87a-7581-4bcb-988b-02d31e455493" "tx8019e2dbf5434a769007d-006a2ae0ca" "proxy-server 20" 0.0217 "-" 22 0
Jun 11 16:22:34 standalone proxy-server[130186]: 172.18.0.2 172.18.0.100 11/Jun/2026/16/22/34 PUT /v1/AUTH_883c67cb078941b4a3286569b11d2e67/gnocchi.99a3f87a-7581-4bcb-988b-02d31e455493 HTTP/1.0 201 - python-swiftclient-3.11.1 gAAAAABqKuCMWyb6... - - - tx8019e2dbf5434a769007d-006a2ae0ca - 0.0287 - - 1781194954.916959286 1781194954.945654631 0
Jun 11 16:22:34 standalone container-server[128341]: 172.20.0.100 - - [11/Jun/2026:16:22:34 +0000] "HEAD /d1/845/AUTH_883c67cb078941b4a3286569b11d2e67/gnocchi.99a3f87a-7581-4bcb-988b-02d31e455493" 204 - "HEAD http://172.18.0.2:8080/v1/AUTH_883c67cb078941b4a3286569b11d2e67/gnocchi.99a3f87a-7581-4bcb-988b-02d31e455493?format=json&states=listing" "tx5c3b07ecb3c1472592625-006a2ae0ca" "proxy-server 20" 0.0024 "-" 20 0
Jun 11 16:22:34 standalone proxy-server[130186]: - - 11/Jun/2026/16/22/34 HEAD /v1/AUTH_883c67cb078941b4a3286569b11d2e67/gnocchi.99a3f87a-7581-4bcb-988b-02d31e455493%3Fformat%3Djson%26states%3Dlisting HTTP/1.0 204 - Swift - - - - tx5c3b07ecb3c1472592625-006a2ae0ca - 0.0088 RL - 1781194954.952266455 1781194954.961089373 0
Jun 11 16:22:34 standalone container-server[128353]: 172.20.0.100 - - [11/Jun/2026:16:22:34 +0000] "GET /d1/845/AUTH_883c67cb078941b4a3286569b11d2e67/gnocchi.99a3f87a-7581-4bcb-988b-02d31e455493" 200 2 "GET http://172.18.0.2:8080/v1/AUTH_883c67cb078941b4a3286569b11d2e67/gnocchi.99a3f87a-7581-4bcb-988b-02d31e455493?format=json&states=listing" "tx5c3b07ecb3c1472592625-006a2ae0ca" "proxy-server 20" 0.0061 "-" 22 0
Jun 11 16:22:34 standalone proxy-server[130186]: 172.18.0.2 172.18.0.100 11/Jun/2026/16/22/34 GET /v1/AUTH_883c67cb078941b4a3286569b11d2e67/gnocchi.99a3f87a-7581-4bcb-988b-02d31e455493%3Fformat%3Djson%26states%3Dlisting HTTP/1.0 200 - python-swiftclient-3.11.1 gAAAAABqKuCMWyb6... - 2 - tx5c3b07ecb3c1472592625-006a2ae0ca - 0.0369 - - 1781194954.950881958 1781194954.987762690 0
Jun 11 16:22:35 standalone object-server[128484]: 172.20.0.100 - - [11/Jun/2026:16:22:34 +0000] "GET /d1/931/AUTH_883c67cb078941b4a3286569b11d2e67/gnocchi.99a3f87a-7581-4bcb-988b-02d31e455493/1780920000.0_mean_300.0_v3" 404 70 "GET http://172.18.0.2:8080/v1/AUTH_883c67cb078941b4a3286569b11d2e67/gnocchi.99a3f87a-7581-4bcb-988b-02d31e455493/1780920000.0_mean_300.0_v3" "tx2708502e94a64b0692081-006a2ae0ca" "proxy-server 20" 0.0003 "-" 22 0
Jun 11 16:22:35 standalone proxy-server[130186]: 172.18.0.2 172.18.0.100 11/Jun/2026/16/22/35 GET /v1/AUTH_883c67cb078941b4a3286569b11d2e67/gnocchi.99a3f87a-7581-4bcb-988b-02d31e455493/1780920000.0_mean_300.0_v3 HTTP/1.0 404 - python-swiftclient-3.11.1 gAAAAABqKuCMWyb6... - 70 - tx2708502e94a64b0692081-006a2ae0ca - 0.0082 - - 1781194954.993503809 1781194955.001678228 0
Jun 11 16:22:35 standalone container-server[128345]: 172.20.0.100 - - [11/Jun/2026:16:22:35 +0000] "PUT /d1/845/AUTH_883c67cb078941b4a3286569b11d2e67/gnocchi.99a3f87a-7581-4bcb-988b-02d31e455493/1780920000.0_mean_300.0_v3" 201 - "PUT http://172.18.0.2:8080/d1/931/AUTH_883c67cb078941b4a3286569b11d2e67/gnocchi.99a3f87a-7581-4bcb-988b-02d31e455493/1780920000.0_mean_300.0_v3" "txf68e492ffd2a4351ac989-006a2ae0cb" "object-server 22" 0.0009 "-" 21 0
Jun 11 16:22:35 standalone object-server[128484]: 172.20.0.100 - - [11/Jun/2026:16:22:35 +0000] "PUT /d1/931/AUTH_883c67cb078941b4a3286569b11d2e67/gnocchi.99a3f87a-7581-4bcb-988b-02d31e455493/1780920000.0_mean_300.0_v3" 201 - "PUT http://172.18.0.2:8080/v1/AUTH_883c67cb078941b4a3286569b11d2e67/gnocchi.99a3f87a-7581-4bcb-988b-02d31e455493/1780920000.0_mean_300.0_v3" "txf68e492ffd2a4351ac989-006a2ae0cb" "proxy-server 20" 0.0367 "-" 22 0
Jun 11 16:22:35 standalone proxy-server[130186]: 172.18.0.2 172.18.0.100 11/Jun/2026/16/22/35 PUT /v1/AUTH_883c67cb078941b4a3286569b11d2e67/gnocchi.99a3f87a-7581-4bcb-988b-02d31e455493/1780920000.0_mean_300.0_v3 HTTP/1.0 201 - python-swiftclient-3.11.1 gAAAAABqKuCMWyb6... 16 - - txf68e492ffd2a4351ac989-006a2ae0cb - 0.0454 - - 1781194955.006004810 1781194955.051387310 0
Jun 11 16:22:35 standalone container-server[128355]: 172.20.0.100 - - [11/Jun/2026:16:22:35 +0000] "PUT /d1/845/AUTH_883c67cb078941b4a3286569b11d2e67/gnocchi.99a3f87a-7581-4bcb-988b-02d31e455493/none_v3" 201 - "PUT http://172.18.0.2:8080/d1/720/AUTH_883c67cb078941b4a3286569b11d2e67/gnocchi.99a3f87a-7581-4bcb-988b-02d31e455493/none_v3" "tx41eb26e797724358a5a05-006a2ae0cb" "object-server 23" 0.0007 "-" 23 0
Jun 11 16:22:35 standalone object-server[128485]: 172.20.0.100 - - [11/Jun/2026:16:22:35 +0000] "PUT /d1/720/AUTH_883c67cb078941b4a3286569b11d2e67/gnocchi.99a3f87a-7581-4bcb-988b-02d31e455493/none_v3" 201 - "PUT http://172.18.0.2:8080/v1/AUTH_883c67cb078941b4a3286569b11d2e67/gnocchi.99a3f87a-7581-4bcb-988b-02d31e455493/none_v3" "tx41eb26e797724358a5a05-006a2ae0cb" "proxy-server 20" 0.0322 "-" 23 0
Jun 11 16:22:35 standalone proxy-server[130186]: 172.18.0.2 172.18.0.100 11/Jun/2026/16/22/35 PUT /v1/AUTH_883c67cb078941b4a3286569b11d2e67/gnocchi.99a3f87a-7581-4bcb-988b-02d31e455493/none_v3 HTTP/1.0 201 - python-swiftclient-3.11.1 gAAAAABqKuCMWyb6... 22 - - tx41eb26e797724358a5a05-006a2ae0cb - 0.0401 - - 1781194955.056026936 1781194955.096168518 0
Jun 11 16:22:35 standalone container-server[128355]: 172.20.0.100 - - [11/Jun/2026:16:22:35 +0000] "HEAD /d1/461/AUTH_883c67cb078941b4a3286569b11d2e67/gnocchi.0ddbd24e-c8a4-4599-b27e-6180a305567d" 404 - "HEAD http://172.18.0.2:8080/v1/AUTH_883c67cb078941b4a3286569b11d2e67/gnocchi.0ddbd24e-c8a4-4599-b27e-6180a305567d?format=json&states=listing" "txfd0273b7e6aa417a8a0c9-006a2ae0cb" "proxy-server 20" 0.0004 "-" 23 0
Jun 11 16:22:35 standalone object-server[128485]: 172.20.0.100 - - [11/Jun/2026:16:22:35 +0000] "GET /d1/975/AUTH_883c67cb078941b4a3286569b11d2e67/gnocchi.0ddbd24e-c8a4-4599-b27e-6180a305567d/none_v3" 404 70 "GET http://172.18.0.2:8080/v1/AUTH_883c67cb078941b4a3286569b11d2e67/gnocchi.0ddbd24e-c8a4-4599-b27e-6180a305567d/none_v3" "txfd0273b7e6aa417a8a0c9-006a2ae0cb" "proxy-server 20" 0.0005 "-" 23 0
Jun 11 16:22:35 standalone proxy-server[130186]: 172.18.0.2 172.18.0.100 11/Jun/2026/16/22/35 GET /v1/AUTH_883c67cb078941b4a3286569b11d2e67/gnocchi.0ddbd24e-c8a4-4599-b27e-6180a305567d/none_v3 HTTP/1.0 404 - python-swiftclient-3.11.1 gAAAAABqKuCMWyb6... - 70 - txfd0273b7e6aa417a8a0c9-006a2ae0cb - 0.0141 - - 1781194955.121886969 1781194955.135941982 0
Jun 11 16:22:35 standalone account-server[128111]: 172.20.0.100 - - [11/Jun/2026:16:22:35 +0000] "PUT /d1/867/AUTH_883c67cb078941b4a3286569b11d2e67/gnocchi.0ddbd24e-c8a4-4599-b27e-6180a305567d" 201 - "PUT http://172.20.0.100:6001/d1/461/AUTH_883c67cb078941b4a3286569b11d2e67/gnocchi.0ddbd24e-c8a4-4599-b27e-6180a305567d" "txdf42dd77b3aa45408be4d-006a2ae0cb" "container-server 20" 0.0075 "-" 17 0
Jun 11 16:22:35 standalone container-server[128341]: 172.20.0.100 - - [11/Jun/2026:16:22:35 +0000] "PUT /d1/461/AUTH_883c67cb078941b4a3286569b11d2e67/gnocchi.0ddbd24e-c8a4-4599-b27e-6180a305567d" 201 - "PUT http://172.18.0.2:8080/v1/AUTH_883c67cb078941b4a3286569b11d2e67/gnocchi.0ddbd24e-c8a4-4599-b27e-6180a305567d" "txdf42dd77b3aa45408be4d-006a2ae0cb" "proxy-server 20" 0.0263 "-" 20 0
Jun 11 16:22:35 standalone proxy-server[130186]: 172.18.0.2 172.18.0.100 11/Jun/2026/16/22/35 PUT /v1/AUTH_883c67cb078941b4a3286569b11d2e67/gnocchi.0ddbd24e-c8a4-4599-b27e-6180a305567d HTTP/1.0 201 - python-swiftclient-3.11.1 gAAAAABqKuCMWyb6... - - - txdf42dd77b3aa45408be4d-006a2ae0cb - 0.0437 - - 1781194955.140436172 1781194955.184165716 0
Jun 11 16:22:35 standalone container-server[128355]: 172.20.0.100 - - [11/Jun/2026:16:22:35 +0000] "HEAD /d1/461/AUTH_883c67cb078941b4a3286569b11d2e67/gnocchi.0ddbd24e-c8a4-4599-b27e-6180a305567d" 204 - "HEAD http://172.18.0.2:8080/v1/AUTH_883c67cb078941b4a3286569b11d2e67/gnocchi.0ddbd24e-c8a4-4599-b27e-6180a305567d?format=json&states=listing" "tx4208c91a839444138812f-006a2ae0cb" "proxy-server 20" 0.0023 "-" 23 0
Jun 11 16:22:35 standalone proxy-server[130186]: - - 11/Jun/2026/16/22/35 HEAD /v1/AUTH_883c67cb078941b4a3286569b11d2e67/gnocchi.0ddbd24e-c8a4-4599-b27e-6180a305567d%3Fformat%3Djson%26states%3Dlisting HTTP/1.0 204 - Swift - - - - tx4208c91a839444138812f-006a2ae0cb - 0.0078 RL - 1781194955.191637993 1781194955.199407578 0
Jun 11 16:22:35 standalone container-server[128341]: 172.20.0.100 - - [11/Jun/2026:16:22:35 +0000] "GET /d1/461/AUTH_883c67cb078941b4a3286569b11d2e67/gnocchi.0ddbd24e-c8a4-4599-b27e-6180a305567d" 200 2 "GET http://172.18.0.2:8080/v1/AUTH_883c67cb078941b4a3286569b11d2e67/gnocchi.0ddbd24e-c8a4-4599-b27e-6180a305567d?format=json&states=listing" "tx4208c91a839444138812f-006a2ae0cb" "proxy-server 20" 0.0020 "-" 20 0
Jun 11 16:22:35 standalone proxy-server[130186]: 172.18.0.2 172.18.0.100 11/Jun/2026/16/22/35 GET /v1/AUTH_883c67cb078941b4a3286569b11d2e67/gnocchi.0ddbd24e-c8a4-4599-b27e-6180a305567d%3Fformat%3Djson%26states%3Dlisting HTTP/1.0 200 - python-swiftclient-3.11.1 gAAAAABqKuCMWyb6... - 2 - tx4208c91a839444138812f-006a2ae0cb - 0.0210 - - 1781194955.188437939 1781194955.209460735 0
Jun 11 16:22:35 standalone object-server[128485]: 172.20.0.100 - - [11/Jun/2026:16:22:35 +0000] "GET /d1/588/AUTH_883c67cb078941b4a3286569b11d2e67/gnocchi.0ddbd24e-c8a4-4599-b27e-6180a305567d/1780920000.0_mean_300.0_v3" 404 70 "GET http://172.18.0.2:8080/v1/AUTH_883c67cb078941b4a3286569b11d2e67/gnocchi.0ddbd24e-c8a4-4599-b27e-6180a305567d/1780920000.0_mean_300.0_v3" "tx972446ada44e4b1d9a9cd-006a2ae0cb" "proxy-server 20" 0.0004 "-" 23 0
Jun 11 16:22:35 standalone proxy-server[130186]: 172.18.0.2 172.18.0.100 11/Jun/2026/16/22/35 GET /v1/AUTH_883c67cb078941b4a3286569b11d2e67/gnocchi.0ddbd24e-c8a4-4599-b27e-6180a305567d/1780920000.0_mean_300.0_v3 HTTP/1.0 404 - python-swiftclient-3.11.1 gAAAAABqKuCMWyb6... - 70 - tx972446ada44e4b1d9a9cd-006a2ae0cb - 0.0134 - - 1781194955.212990999 1781194955.226393461 0
Jun 11 16:22:35 standalone container-server[128355]: 172.20.0.100 - - [11/Jun/2026:16:22:35 +0000] "PUT /d1/461/AUTH_883c67cb078941b4a3286569b11d2e67/gnocchi.0ddbd24e-c8a4-4599-b27e-6180a305567d/1780920000.0_mean_300.0_v3" 201 - "PUT http://172.18.0.2:8080/d1/588/AUTH_883c67cb078941b4a3286569b11d2e67/gnocchi.0ddbd24e-c8a4-4599-b27e-6180a305567d/1780920000.0_mean_300.0_v3" "tx76dd5ddfeb7844a587b61-006a2ae0cb" "object-server 23" 0.0008 "-" 23 0
Jun 11 16:22:35 standalone object-server[128485]: 172.20.0.100 - - [11/Jun/2026:16:22:35 +0000] "PUT /d1/588/AUTH_883c67cb078941b4a3286569b11d2e67/gnocchi.0ddbd24e-c8a4-4599-b27e-6180a305567d/1780920000.0_mean_300.0_v3" 201 - "PUT http://172.18.0.2:8080/v1/AUTH_883c67cb078941b4a3286569b11d2e67/gnocchi.0ddbd24e-c8a4-4599-b27e-6180a305567d/1780920000.0_mean_300.0_v3" "tx76dd5ddfeb7844a587b61-006a2ae0cb" "proxy-server 20" 0.0201 "-" 23 0
Jun 11 16:22:35 standalone proxy-server[130186]: 172.18.0.2 172.18.0.100 11/Jun/2026/16/22/35 PUT /v1/AUTH_883c67cb078941b4a3286569b11d2e67/gnocchi.0ddbd24e-c8a4-4599-b27e-6180a305567d/1780920000.0_mean_300.0_v3 HTTP/1.0 201 - python-swiftclient-3.11.1 gAAAAABqKuCMWyb6... 16 - - tx76dd5ddfeb7844a587b61-006a2ae0cb - 0.0320 - - 1781194955.233226061 1781194955.265196085 0
Jun 11 16:22:35 standalone container-server[128355]: 172.20.0.100 - - [11/Jun/2026:16:22:35 +0000] "PUT /d1/461/AUTH_883c67cb078941b4a3286569b11d2e67/gnocchi.0ddbd24e-c8a4-4599-b27e-6180a305567d/none_v3" 201 - "PUT http://172.18.0.2:8080/d1/975/AUTH_883c67cb078941b4a3286569b11d2e67/gnocchi.0ddbd24e-c8a4-4599-b27e-6180a305567d/none_v3" "tx4f711594641248caa07d0-006a2ae0cb" "object-server 22" 0.0008 "-" 23 0
Jun 11 16:22:35 standalone object-server[128484]: 172.20.0.100 - - [11/Jun/2026:16:22:35 +0000] "PUT /d1/975/AUTH_883c67cb078941b4a3286569b11d2e67/gnocchi.0ddbd24e-c8a4-4599-b27e-6180a305567d/none_v3" 201 - "PUT http://172.18.0.2:8080/v1/AUTH_883c67cb078941b4a3286569b11d2e67/gnocchi.0ddbd24e-c8a4-4599-b27e-6180a305567d/none_v3" "tx4f711594641248caa07d0-006a2ae0cb" "proxy-server 20" 0.0165 "-" 22 0
Jun 11 16:22:35 standalone proxy-server[130186]: 172.18.0.2 172.18.0.100 11/Jun/2026/16/22/35 PUT /v1/AUTH_883c67cb078941b4a3286569b11d2e67/gnocchi.0ddbd24e-c8a4-4599-b27e-6180a305567d/none_v3 HTTP/1.0 201 - python-swiftclient-3.11.1 gAAAAABqKuCMWyb6... 22 - - tx4f711594641248caa07d0-006a2ae0cb - 0.0283 - - 1781194955.268748522 1781194955.297033310 0
Jun 11 16:22:43 standalone container-server[128345]: 172.20.0.100 - - [11/Jun/2026:16:22:43 +0000] "HEAD /d1/75/AUTH_883c67cb078941b4a3286569b11d2e67/gnocchi.387b76e7-3ddb-45fc-ab60-572f947fe09f" 404 - "HEAD http://172.18.0.2:8080/v1/AUTH_883c67cb078941b4a3286569b11d2e67/gnocchi.387b76e7-3ddb-45fc-ab60-572f947fe09f?format=json&states=listing" "tx4c7d334ef6814f95bfbb3-006a2ae0d3" "proxy-server 20" 0.0012 "-" 21 0
Jun 11 16:22:43 standalone object-server[128486]: 172.20.0.100 - - [11/Jun/2026:16:22:43 +0000] "GET /d1/22/AUTH_883c67cb078941b4a3286569b11d2e67/gnocchi.387b76e7-3ddb-45fc-ab60-572f947fe09f/none_v3" 404 70 "GET http://172.18.0.2:8080/v1/AUTH_883c67cb078941b4a3286569b11d2e67/gnocchi.387b76e7-3ddb-45fc-ab60-572f947fe09f/none_v3" "tx4c7d334ef6814f95bfbb3-006a2ae0d3" "proxy-server 20" 0.0012 "-" 24 0
Jun 11 16:22:43 standalone proxy-server[130186]: 172.18.0.2 172.18.0.100 11/Jun/2026/16/22/43 GET /v1/AUTH_883c67cb078941b4a3286569b11d2e67/gnocchi.387b76e7-3ddb-45fc-ab60-572f947fe09f/none_v3 HTTP/1.0 404 - python-swiftclient-3.11.1 gAAAAABqKuCMWyb6... - 70 - tx4c7d334ef6814f95bfbb3-006a2ae0d3 - 0.0203 - - 1781194963.674253941 1781194963.694507122 0
Jun 11 16:22:43 standalone account-server[128131]: 172.20.0.100 - - [11/Jun/2026:16:22:43 +0000] "PUT /d1/867/AUTH_883c67cb078941b4a3286569b11d2e67/gnocchi.387b76e7-3ddb-45fc-ab60-572f947fe09f" 201 - "PUT http://172.20.0.100:6001/d1/75/AUTH_883c67cb078941b4a3286569b11d2e67/gnocchi.387b76e7-3ddb-45fc-ab60-572f947fe09f" "txaa430b55b4a7453ea2695-006a2ae0d3" "container-server 20" 0.0053 "-" 19 0
Jun 11 16:22:43 standalone container-server[128341]: 172.20.0.100 - - [11/Jun/2026:16:22:43 +0000] "PUT /d1/75/AUTH_883c67cb078941b4a3286569b11d2e67/gnocchi.387b76e7-3ddb-45fc-ab60-572f947fe09f" 201 - "PUT http://172.18.0.2:8080/v1/AUTH_883c67cb078941b4a3286569b11d2e67/gnocchi.387b76e7-3ddb-45fc-ab60-572f947fe09f" "txaa430b55b4a7453ea2695-006a2ae0d3" "proxy-server 20" 0.0181 "-" 20 0
Jun 11 16:22:43 standalone proxy-server[130186]: 172.18.0.2 172.18.0.100 11/Jun/2026/16/22/43 PUT /v1/AUTH_883c67cb078941b4a3286569b11d2e67/gnocchi.387b76e7-3ddb-45fc-ab60-572f947fe09f HTTP/1.0 201 - python-swiftclient-3.11.1 gAAAAABqKuCMWyb6... - - - txaa430b55b4a7453ea2695-006a2ae0d3 - 0.0264 - - 1781194963.699105978 1781194963.725555658 0
Jun 11 16:22:43 standalone container-server[128345]: 172.20.0.100 - - [11/Jun/2026:16:22:43 +0000] "HEAD /d1/75/AUTH_883c67cb078941b4a3286569b11d2e67/gnocchi.387b76e7-3ddb-45fc-ab60-572f947fe09f" 204 - "HEAD http://172.18.0.2:8080/v1/AUTH_883c67cb078941b4a3286569b11d2e67/gnocchi.387b76e7-3ddb-45fc-ab60-572f947fe09f?format=json&states=listing" "tx46da3b94ff024f0e8465a-006a2ae0d3" "proxy-server 20" 0.0023 "-" 21 0
Jun 11 16:22:43 standalone proxy-server[130186]: - - 11/Jun/2026/16/22/43 HEAD /v1/AUTH_883c67cb078941b4a3286569b11d2e67/gnocchi.387b76e7-3ddb-45fc-ab60-572f947fe09f%3Fformat%3Djson%26states%3Dlisting HTTP/1.0 204 - Swift - - - - tx46da3b94ff024f0e8465a-006a2ae0d3 - 0.0079 RL - 1781194963.731949329 1781194963.739827156 0
Jun 11 16:22:43 standalone container-server[128353]: 172.20.0.100 - - [11/Jun/2026:16:22:43 +0000] "GET /d1/75/AUTH_883c67cb078941b4a3286569b11d2e67/gnocchi.387b76e7-3ddb-45fc-ab60-572f947fe09f" 200 2 "GET http://172.18.0.2:8080/v1/AUTH_883c67cb078941b4a3286569b11d2e67/gnocchi.387b76e7-3ddb-45fc-ab60-572f947fe09f?format=json&states=listing" "tx46da3b94ff024f0e8465a-006a2ae0d3" "proxy-server 20" 0.0018 "-" 22 0
Jun 11 16:22:43 standalone proxy-server[130186]: 172.18.0.2 172.18.0.100 11/Jun/2026/16/22/43 GET /v1/AUTH_883c67cb078941b4a3286569b11d2e67/gnocchi.387b76e7-3ddb-45fc-ab60-572f947fe09f%3Fformat%3Djson%26states%3Dlisting HTTP/1.0 200 - python-swiftclient-3.11.1 gAAAAABqKuCMWyb6... - 2 - tx46da3b94ff024f0e8465a-006a2ae0d3 - 0.0244 - - 1781194963.730279446 1781194963.754709244 0
Jun 11 16:22:43 standalone object-server[128485]: 172.20.0.100 - - [11/Jun/2026:16:22:43 +0000] "GET /d1/251/AUTH_883c67cb078941b4a3286569b11d2e67/gnocchi.387b76e7-3ddb-45fc-ab60-572f947fe09f/1780920000.0_mean_300.0_v3" 404 70 "GET http://172.18.0.2:8080/v1/AUTH_883c67cb078941b4a3286569b11d2e67/gnocchi.387b76e7-3ddb-45fc-ab60-572f947fe09f/1780920000.0_mean_300.0_v3" "txdbf9ae1980c44468b0aba-006a2ae0d3" "proxy-server 20" 0.0003 "-" 23 0
Jun 11 16:22:43 standalone proxy-server[130186]: 172.18.0.2 172.18.0.100 11/Jun/2026/16/22/43 GET /v1/AUTH_883c67cb078941b4a3286569b11d2e67/gnocchi.387b76e7-3ddb-45fc-ab60-572f947fe09f/1780920000.0_mean_300.0_v3 HTTP/1.0 404 - python-swiftclient-3.11.1 gAAAAABqKuCMWyb6... - 70 - txdbf9ae1980c44468b0aba-006a2ae0d3 - 0.0083 - - 1781194963.760063171 1781194963.768321276 0
Jun 11 16:22:43 standalone container-server[128341]: 172.20.0.100 - - [11/Jun/2026:16:22:43 +0000] "PUT /d1/75/AUTH_883c67cb078941b4a3286569b11d2e67/gnocchi.387b76e7-3ddb-45fc-ab60-572f947fe09f/1780920000.0_mean_300.0_v3" 201 - "PUT http://172.18.0.2:8080/d1/251/AUTH_883c67cb078941b4a3286569b11d2e67/gnocchi.387b76e7-3ddb-45fc-ab60-572f947fe09f/1780920000.0_mean_300.0_v3" "txbf06fbec39fb44cab90d3-006a2ae0d3" "object-server 25" 0.0011 "-" 20 0
Jun 11 16:22:43 standalone object-server[128487]: 172.20.0.100 - - [11/Jun/2026:16:22:43 +0000] "PUT /d1/251/AUTH_883c67cb078941b4a3286569b11d2e67/gnocchi.387b76e7-3ddb-45fc-ab60-572f947fe09f/1780920000.0_mean_300.0_v3" 201 - "PUT http://172.18.0.2:8080/v1/AUTH_883c67cb078941b4a3286569b11d2e67/gnocchi.387b76e7-3ddb-45fc-ab60-572f947fe09f/1780920000.0_mean_300.0_v3" "txbf06fbec39fb44cab90d3-006a2ae0d3" "proxy-server 20" 0.0123 "-" 25 0
Jun 11 16:22:43 standalone proxy-server[130186]: 172.18.0.2 172.18.0.100 11/Jun/2026/16/22/43 PUT /v1/AUTH_883c67cb078941b4a3286569b11d2e67/gnocchi.387b76e7-3ddb-45fc-ab60-572f947fe09f/1780920000.0_mean_300.0_v3 HTTP/1.0 201 - python-swiftclient-3.11.1 gAAAAABqKuCMWyb6... 16 - - txbf06fbec39fb44cab90d3-006a2ae0d3 - 0.0206 - - 1781194963.770895958 1781194963.791530609 0
Jun 11 16:22:43 standalone container-server[128341]: 172.20.0.100 - - [11/Jun/2026:16:22:43 +0000] "PUT /d1/75/AUTH_883c67cb078941b4a3286569b11d2e67/gnocchi.387b76e7-3ddb-45fc-ab60-572f947fe09f/none_v3" 201 - "PUT http://172.18.0.2:8080/d1/22/AUTH_883c67cb078941b4a3286569b11d2e67/gnocchi.387b76e7-3ddb-45fc-ab60-572f947fe09f/none_v3" "txe5f7824658864e9b89b79-006a2ae0d3" "object-server 24" 0.0006 "-" 20 0
Jun 11 16:22:43 standalone object-server[128486]: 172.20.0.100 - - [11/Jun/2026:16:22:43 +0000] "PUT /d1/22/AUTH_883c67cb078941b4a3286569b11d2e67/gnocchi.387b76e7-3ddb-45fc-ab60-572f947fe09f/none_v3" 201 - "PUT http://172.18.0.2:8080/v1/AUTH_883c67cb078941b4a3286569b11d2e67/gnocchi.387b76e7-3ddb-45fc-ab60-572f947fe09f/none_v3" "txe5f7824658864e9b89b79-006a2ae0d3" "proxy-server 20" 0.0137 "-" 24 0
Jun 11 16:22:43 standalone proxy-server[130186]: 172.18.0.2 172.18.0.100 11/Jun/2026/16/22/43 PUT /v1/AUTH_883c67cb078941b4a3286569b11d2e67/gnocchi.387b76e7-3ddb-45fc-ab60-572f947fe09f/none_v3 HTTP/1.0 201 - python-swiftclient-3.11.1 gAAAAABqKuCMWyb6... 22 - - txe5f7824658864e9b89b79-006a2ae0d3 - 0.0231 - - 1781194963.795413733 1781194963.818483829 0
Jun 11 16:22:43 standalone container-server[128345]: 172.20.0.100 - - [11/Jun/2026:16:22:43 +0000] "HEAD /d1/416/AUTH_883c67cb078941b4a3286569b11d2e67/gnocchi.a634f27e-a0bf-4abe-9882-36dd5f65e1d1" 404 - "HEAD http://172.18.0.2:8080/v1/AUTH_883c67cb078941b4a3286569b11d2e67/gnocchi.a634f27e-a0bf-4abe-9882-36dd5f65e1d1?format=json&states=listing" "tx915ea04ba9dd41dab3a22-006a2ae0d3" "proxy-server 20" 0.0004 "-" 21 0
Jun 11 16:22:43 standalone object-server[128485]: 172.20.0.100 - - [11/Jun/2026:16:22:43 +0000] "GET /d1/143/AUTH_883c67cb078941b4a3286569b11d2e67/gnocchi.a634f27e-a0bf-4abe-9882-36dd5f65e1d1/none_v3" 404 70 "GET http://172.18.0.2:8080/v1/AUTH_883c67cb078941b4a3286569b11d2e67/gnocchi.a634f27e-a0bf-4abe-9882-36dd5f65e1d1/none_v3" "tx915ea04ba9dd41dab3a22-006a2ae0d3" "proxy-server 20" 0.0003 "-" 23 0
Jun 11 16:22:43 standalone proxy-server[130186]: 172.18.0.2 172.18.0.100 11/Jun/2026/16/22/43 GET /v1/AUTH_883c67cb078941b4a3286569b11d2e67/gnocchi.a634f27e-a0bf-4abe-9882-36dd5f65e1d1/none_v3 HTTP/1.0 404 - python-swiftclient-3.11.1 gAAAAABqKuCMWyb6... - 70 - tx915ea04ba9dd41dab3a22-006a2ae0d3 - 0.0158 - - 1781194963.831589699 1781194963.847355604 0
Jun 11 16:22:43 standalone account-server[128145]: 172.20.0.100 - - [11/Jun/2026:16:22:43 +0000] "PUT /d1/867/AUTH_883c67cb078941b4a3286569b11d2e67/gnocchi.a634f27e-a0bf-4abe-9882-36dd5f65e1d1" 201 - "PUT http://172.20.0.100:6001/d1/416/AUTH_883c67cb078941b4a3286569b11d2e67/gnocchi.a634f27e-a0bf-4abe-9882-36dd5f65e1d1" "tx7de0db306cd34f9bac482-006a2ae0d3" "container-server 21" 0.0053 "-" 22 0
Jun 11 16:22:43 standalone container-server[128345]: 172.20.0.100 - - [11/Jun/2026:16:22:43 +0000] "PUT /d1/416/AUTH_883c67cb078941b4a3286569b11d2e67/gnocchi.a634f27e-a0bf-4abe-9882-36dd5f65e1d1" 201 - "PUT http://172.18.0.2:8080/v1/AUTH_883c67cb078941b4a3286569b11d2e67/gnocchi.a634f27e-a0bf-4abe-9882-36dd5f65e1d1" "tx7de0db306cd34f9bac482-006a2ae0d3" "proxy-server 20" 0.0176 "-" 21 0
Jun 11 16:22:43 standalone proxy-server[130186]: 172.18.0.2 172.18.0.100 11/Jun/2026/16/22/43 PUT /v1/AUTH_883c67cb078941b4a3286569b11d2e67/gnocchi.a634f27e-a0bf-4abe-9882-36dd5f65e1d1 HTTP/1.0 201 - python-swiftclient-3.11.1 gAAAAABqKuCMWyb6... - - - tx7de0db306cd34f9bac482-006a2ae0d3 - 0.0289 - - 1781194963.852381706 1781194963.881295204 0
Jun 11 16:22:43 standalone container-server[128345]: 172.20.0.100 - - [11/Jun/2026:16:22:43 +0000] "HEAD /d1/416/AUTH_883c67cb078941b4a3286569b11d2e67/gnocchi.a634f27e-a0bf-4abe-9882-36dd5f65e1d1" 204 - "HEAD http://172.18.0.2:8080/v1/AUTH_883c67cb078941b4a3286569b11d2e67/gnocchi.a634f27e-a0bf-4abe-9882-36dd5f65e1d1?format=json&states=listing" "txbe3a39c1c89e466a86394-006a2ae0d3" "proxy-server 20" 0.0014 "-" 21 0
Jun 11 16:22:43 standalone proxy-server[130186]: - - 11/Jun/2026/16/22/43 HEAD /v1/AUTH_883c67cb078941b4a3286569b11d2e67/gnocchi.a634f27e-a0bf-4abe-9882-36dd5f65e1d1%3Fformat%3Djson%26states%3Dlisting HTTP/1.0 204 - Swift - - - - txbe3a39c1c89e466a86394-006a2ae0d3 - 0.0173 RL - 1781194963.920404196 1781194963.937733412 0
Jun 11 16:22:43 standalone container-server[128355]: 172.20.0.100 - - [11/Jun/2026:16:22:43 +0000] "GET /d1/416/AUTH_883c67cb078941b4a3286569b11d2e67/gnocchi.a634f27e-a0bf-4abe-9882-36dd5f65e1d1" 200 2 "GET http://172.18.0.2:8080/v1/AUTH_883c67cb078941b4a3286569b11d2e67/gnocchi.a634f27e-a0bf-4abe-9882-36dd5f65e1d1?format=json&states=listing" "txbe3a39c1c89e466a86394-006a2ae0d3" "proxy-server 20" 0.0045 "-" 23 0
Jun 11 16:22:44 standalone proxy-server[130186]: 172.18.0.2 172.18.0.100 11/Jun/2026/16/22/44 GET /v1/AUTH_883c67cb078941b4a3286569b11d2e67/gnocchi.a634f27e-a0bf-4abe-9882-36dd5f65e1d1%3Fformat%3Djson%26states%3Dlisting HTTP/1.0 200 - python-swiftclient-3.11.1 gAAAAABqKuCMWyb6... - 2 - txbe3a39c1c89e466a86394-006a2ae0d3 - 0.1237 - - 1781194963.887623310 1781194964.011282921 0
Jun 11 16:22:44 standalone object-server[128487]: 172.20.0.100 - - [11/Jun/2026:16:22:44 +0000] "GET /d1/598/AUTH_883c67cb078941b4a3286569b11d2e67/gnocchi.a634f27e-a0bf-4abe-9882-36dd5f65e1d1/1780920000.0_mean_300.0_v3" 404 70 "GET http://172.18.0.2:8080/v1/AUTH_883c67cb078941b4a3286569b11d2e67/gnocchi.a634f27e-a0bf-4abe-9882-36dd5f65e1d1/1780920000.0_mean_300.0_v3" "txef727fdcbe2b41f3b930d-006a2ae0d4" "proxy-server 20" 0.0004 "-" 25 0
Jun 11 16:22:44 standalone proxy-server[130186]: 172.18.0.2 172.18.0.100 11/Jun/2026/16/22/44 GET /v1/AUTH_883c67cb078941b4a3286569b11d2e67/gnocchi.a634f27e-a0bf-4abe-9882-36dd5f65e1d1/1780920000.0_mean_300.0_v3 HTTP/1.0 404 - python-swiftclient-3.11.1 gAAAAABqKuCMWyb6... - 70 - txef727fdcbe2b41f3b930d-006a2ae0d4 - 0.0106 - - 1781194964.016700268 1781194964.027271271 0
Jun 11 16:22:44 standalone container-server[128353]: 172.20.0.100 - - [11/Jun/2026:16:22:44 +0000] "PUT /d1/416/AUTH_883c67cb078941b4a3286569b11d2e67/gnocchi.a634f27e-a0bf-4abe-9882-36dd5f65e1d1/1780920000.0_mean_300.0_v3" 201 - "PUT http://172.18.0.2:8080/d1/598/AUTH_883c67cb078941b4a3286569b11d2e67/gnocchi.a634f27e-a0bf-4abe-9882-36dd5f65e1d1/1780920000.0_mean_300.0_v3" "tx2b51687785e84418826a0-006a2ae0d4" "object-server 24" 0.0007 "-" 22 0
Jun 11 16:22:44 standalone object-server[128486]: 172.20.0.100 - - [11/Jun/2026:16:22:44 +0000] "PUT /d1/598/AUTH_883c67cb078941b4a3286569b11d2e67/gnocchi.a634f27e-a0bf-4abe-9882-36dd5f65e1d1/1780920000.0_mean_300.0_v3" 201 - "PUT http://172.18.0.2:8080/v1/AUTH_883c67cb078941b4a3286569b11d2e67/gnocchi.a634f27e-a0bf-4abe-9882-36dd5f65e1d1/1780920000.0_mean_300.0_v3" "tx2b51687785e84418826a0-006a2ae0d4" "proxy-server 20" 0.0113 "-" 24 0
Jun 11 16:22:44 standalone proxy-server[130186]: 172.18.0.2 172.18.0.100 11/Jun/2026/16/22/44 PUT /v1/AUTH_883c67cb078941b4a3286569b11d2e67/gnocchi.a634f27e-a0bf-4abe-9882-36dd5f65e1d1/1780920000.0_mean_300.0_v3 HTTP/1.0 201 - python-swiftclient-3.11.1 gAAAAABqKuCMWyb6... 16 - - tx2b51687785e84418826a0-006a2ae0d4 - 0.0194 - - 1781194964.030233383 1781194964.049639225 0
