Jun 11 16:22:44 standalone container-server[128355]: 172.20.0.100 - - [11/Jun/2026:16:22:44 +0000] "PUT /d1/416/AUTH_883c67cb078941b4a3286569b11d2e67/gnocchi.a634f27e-a0bf-4abe-9882-36dd5f65e1d1/none_v3" 201 - "PUT http://172.18.0.2:8080/d1/143/AUTH_883c67cb078941b4a3286569b11d2e67/gnocchi.a634f27e-a0bf-4abe-9882-36dd5f65e1d1/none_v3" "txe41ddbbb06e145be85561-006a2ae0d4" "object-server 24" 0.0010 "-" 23 0
Jun 11 16:22:44 standalone object-server[128486]: 172.20.0.100 - - [11/Jun/2026:16:22:44 +0000] "PUT /d1/143/AUTH_883c67cb078941b4a3286569b11d2e67/gnocchi.a634f27e-a0bf-4abe-9882-36dd5f65e1d1/none_v3" 201 - "PUT http://172.18.0.2:8080/v1/AUTH_883c67cb078941b4a3286569b11d2e67/gnocchi.a634f27e-a0bf-4abe-9882-36dd5f65e1d1/none_v3" "txe41ddbbb06e145be85561-006a2ae0d4" "proxy-server 20" 0.0187 "-" 24 0
Jun 11 16:22:44 standalone proxy-server[130186]: 172.18.0.2 172.18.0.100 11/Jun/2026/16/22/44 PUT /v1/AUTH_883c67cb078941b4a3286569b11d2e67/gnocchi.a634f27e-a0bf-4abe-9882-36dd5f65e1d1/none_v3 HTTP/1.0 201 - python-swiftclient-3.11.1 gAAAAABqKuCMWyb6... 22 - - txe41ddbbb06e145be85561-006a2ae0d4 - 0.0303 - - 1781194964.052433729 1781194964.082783699 0
Jun 11 16:22:44 standalone container-server[128341]: 172.20.0.100 - - [11/Jun/2026:16:22:44 +0000] "HEAD /d1/160/AUTH_883c67cb078941b4a3286569b11d2e67/gnocchi.4d1f3aa3-53e2-46cd-9575-69b169c579d8" 404 - "HEAD http://172.18.0.2:8080/v1/AUTH_883c67cb078941b4a3286569b11d2e67/gnocchi.4d1f3aa3-53e2-46cd-9575-69b169c579d8?format=json&states=listing" "txc6f741339cdf4fba9f6b0-006a2ae0d4" "proxy-server 20" 0.0004 "-" 20 0
Jun 11 16:22:44 standalone object-server[128485]: 172.20.0.100 - - [11/Jun/2026:16:22:44 +0000] "GET /d1/771/AUTH_883c67cb078941b4a3286569b11d2e67/gnocchi.4d1f3aa3-53e2-46cd-9575-69b169c579d8/none_v3" 404 70 "GET http://172.18.0.2:8080/v1/AUTH_883c67cb078941b4a3286569b11d2e67/gnocchi.4d1f3aa3-53e2-46cd-9575-69b169c579d8/none_v3" "txc6f741339cdf4fba9f6b0-006a2ae0d4" "proxy-server 20" 0.0003 "-" 23 0
Jun 11 16:22:44 standalone proxy-server[130186]: 172.18.0.2 172.18.0.100 11/Jun/2026/16/22/44 GET /v1/AUTH_883c67cb078941b4a3286569b11d2e67/gnocchi.4d1f3aa3-53e2-46cd-9575-69b169c579d8/none_v3 HTTP/1.0 404 - python-swiftclient-3.11.1 gAAAAABqKuCMWyb6... - 70 - txc6f741339cdf4fba9f6b0-006a2ae0d4 - 0.0108 - - 1781194964.104415894 1781194964.115225792 0
Jun 11 16:22:44 standalone account-server[128121]: 172.20.0.100 - - [11/Jun/2026:16:22:44 +0000] "PUT /d1/867/AUTH_883c67cb078941b4a3286569b11d2e67/gnocchi.4d1f3aa3-53e2-46cd-9575-69b169c579d8" 201 - "PUT http://172.20.0.100:6001/d1/160/AUTH_883c67cb078941b4a3286569b11d2e67/gnocchi.4d1f3aa3-53e2-46cd-9575-69b169c579d8" "tx43181feeb46e416ba8b53-006a2ae0d4" "container-server 23" 0.0060 "-" 18 0
Jun 11 16:22:44 standalone container-server[128355]: 172.20.0.100 - - [11/Jun/2026:16:22:44 +0000] "PUT /d1/160/AUTH_883c67cb078941b4a3286569b11d2e67/gnocchi.4d1f3aa3-53e2-46cd-9575-69b169c579d8" 201 - "PUT http://172.18.0.2:8080/v1/AUTH_883c67cb078941b4a3286569b11d2e67/gnocchi.4d1f3aa3-53e2-46cd-9575-69b169c579d8" "tx43181feeb46e416ba8b53-006a2ae0d4" "proxy-server 20" 0.0237 "-" 23 0
Jun 11 16:22:44 standalone proxy-server[130186]: 172.18.0.2 172.18.0.100 11/Jun/2026/16/22/44 PUT /v1/AUTH_883c67cb078941b4a3286569b11d2e67/gnocchi.4d1f3aa3-53e2-46cd-9575-69b169c579d8 HTTP/1.0 201 - python-swiftclient-3.11.1 gAAAAABqKuCMWyb6... - - - tx43181feeb46e416ba8b53-006a2ae0d4 - 0.0300 - - 1781194964.118980885 1781194964.148965836 0
Jun 11 16:22:44 standalone container-server[128341]: 172.20.0.100 - - [11/Jun/2026:16:22:44 +0000] "HEAD /d1/160/AUTH_883c67cb078941b4a3286569b11d2e67/gnocchi.4d1f3aa3-53e2-46cd-9575-69b169c579d8" 204 - "HEAD http://172.18.0.2:8080/v1/AUTH_883c67cb078941b4a3286569b11d2e67/gnocchi.4d1f3aa3-53e2-46cd-9575-69b169c579d8?format=json&states=listing" "tx9562b38aa19d4bcf95dfd-006a2ae0d4" "proxy-server 20" 0.0018 "-" 20 0
Jun 11 16:22:44 standalone proxy-server[130186]: - - 11/Jun/2026/16/22/44 HEAD /v1/AUTH_883c67cb078941b4a3286569b11d2e67/gnocchi.4d1f3aa3-53e2-46cd-9575-69b169c579d8%3Fformat%3Djson%26states%3Dlisting HTTP/1.0 204 - Swift - - - - tx9562b38aa19d4bcf95dfd-006a2ae0d4 - 0.0073 RL - 1781194964.156509638 1781194964.163776875 0
Jun 11 16:22:44 standalone container-server[128341]: 172.20.0.100 - - [11/Jun/2026:16:22:44 +0000] "GET /d1/160/AUTH_883c67cb078941b4a3286569b11d2e67/gnocchi.4d1f3aa3-53e2-46cd-9575-69b169c579d8" 200 2 "GET http://172.18.0.2:8080/v1/AUTH_883c67cb078941b4a3286569b11d2e67/gnocchi.4d1f3aa3-53e2-46cd-9575-69b169c579d8?format=json&states=listing" "tx9562b38aa19d4bcf95dfd-006a2ae0d4" "proxy-server 20" 0.0027 "-" 20 0
Jun 11 16:22:44 standalone proxy-server[130186]: 172.18.0.2 172.18.0.100 11/Jun/2026/16/22/44 GET /v1/AUTH_883c67cb078941b4a3286569b11d2e67/gnocchi.4d1f3aa3-53e2-46cd-9575-69b169c579d8%3Fformat%3Djson%26states%3Dlisting HTTP/1.0 200 - python-swiftclient-3.11.1 gAAAAABqKuCMWyb6... - 2 - tx9562b38aa19d4bcf95dfd-006a2ae0d4 - 0.0165 - - 1781194964.155034542 1781194964.171541691 0
Jun 11 16:22:44 standalone object-server[128486]: 172.20.0.100 - - [11/Jun/2026:16:22:44 +0000] "GET /d1/950/AUTH_883c67cb078941b4a3286569b11d2e67/gnocchi.4d1f3aa3-53e2-46cd-9575-69b169c579d8/1780920000.0_mean_300.0_v3" 404 70 "GET http://172.18.0.2:8080/v1/AUTH_883c67cb078941b4a3286569b11d2e67/gnocchi.4d1f3aa3-53e2-46cd-9575-69b169c579d8/1780920000.0_mean_300.0_v3" "tx6df96be05e0d4e24a9d35-006a2ae0d4" "proxy-server 20" 0.0004 "-" 24 0
Jun 11 16:22:44 standalone proxy-server[130186]: 172.18.0.2 172.18.0.100 11/Jun/2026/16/22/44 GET /v1/AUTH_883c67cb078941b4a3286569b11d2e67/gnocchi.4d1f3aa3-53e2-46cd-9575-69b169c579d8/1780920000.0_mean_300.0_v3 HTTP/1.0 404 - python-swiftclient-3.11.1 gAAAAABqKuCMWyb6... - 70 - tx6df96be05e0d4e24a9d35-006a2ae0d4 - 0.0053 - - 1781194964.175753117 1781194964.181014299 0
Jun 11 16:22:44 standalone container-server[128355]: 172.20.0.100 - - [11/Jun/2026:16:22:44 +0000] "PUT /d1/160/AUTH_883c67cb078941b4a3286569b11d2e67/gnocchi.4d1f3aa3-53e2-46cd-9575-69b169c579d8/1780920000.0_mean_300.0_v3" 201 - "PUT http://172.18.0.2:8080/d1/950/AUTH_883c67cb078941b4a3286569b11d2e67/gnocchi.4d1f3aa3-53e2-46cd-9575-69b169c579d8/1780920000.0_mean_300.0_v3" "tx3afdd3d3f03c417cbfbff-006a2ae0d4" "object-server 24" 0.0008 "-" 23 0
Jun 11 16:22:44 standalone object-server[128486]: 172.20.0.100 - - [11/Jun/2026:16:22:44 +0000] "PUT /d1/950/AUTH_883c67cb078941b4a3286569b11d2e67/gnocchi.4d1f3aa3-53e2-46cd-9575-69b169c579d8/1780920000.0_mean_300.0_v3" 201 - "PUT http://172.18.0.2:8080/v1/AUTH_883c67cb078941b4a3286569b11d2e67/gnocchi.4d1f3aa3-53e2-46cd-9575-69b169c579d8/1780920000.0_mean_300.0_v3" "tx3afdd3d3f03c417cbfbff-006a2ae0d4" "proxy-server 20" 0.0127 "-" 24 0
Jun 11 16:22:44 standalone proxy-server[130186]: 172.18.0.2 172.18.0.100 11/Jun/2026/16/22/44 PUT /v1/AUTH_883c67cb078941b4a3286569b11d2e67/gnocchi.4d1f3aa3-53e2-46cd-9575-69b169c579d8/1780920000.0_mean_300.0_v3 HTTP/1.0 201 - python-swiftclient-3.11.1 gAAAAABqKuCMWyb6... 16 - - tx3afdd3d3f03c417cbfbff-006a2ae0d4 - 0.0179 - - 1781194964.184051991 1781194964.201978207 0
Jun 11 16:22:44 standalone container-server[128345]: 172.20.0.100 - - [11/Jun/2026:16:22:44 +0000] "PUT /d1/160/AUTH_883c67cb078941b4a3286569b11d2e67/gnocchi.4d1f3aa3-53e2-46cd-9575-69b169c579d8/none_v3" 201 - "PUT http://172.18.0.2:8080/d1/771/AUTH_883c67cb078941b4a3286569b11d2e67/gnocchi.4d1f3aa3-53e2-46cd-9575-69b169c579d8/none_v3" "txe5a9aefae847433887fa8-006a2ae0d4" "object-server 22" 0.0012 "-" 21 0
Jun 11 16:22:44 standalone object-server[128484]: 172.20.0.100 - - [11/Jun/2026:16:22:44 +0000] "PUT /d1/771/AUTH_883c67cb078941b4a3286569b11d2e67/gnocchi.4d1f3aa3-53e2-46cd-9575-69b169c579d8/none_v3" 201 - "PUT http://172.18.0.2:8080/v1/AUTH_883c67cb078941b4a3286569b11d2e67/gnocchi.4d1f3aa3-53e2-46cd-9575-69b169c579d8/none_v3" "txe5a9aefae847433887fa8-006a2ae0d4" "proxy-server 20" 0.0125 "-" 22 0
Jun 11 16:22:44 standalone proxy-server[130186]: 172.18.0.2 172.18.0.100 11/Jun/2026/16/22/44 PUT /v1/AUTH_883c67cb078941b4a3286569b11d2e67/gnocchi.4d1f3aa3-53e2-46cd-9575-69b169c579d8/none_v3 HTTP/1.0 201 - python-swiftclient-3.11.1 gAAAAABqKuCMWyb6... 22 - - txe5a9aefae847433887fa8-006a2ae0d4 - 0.0176 - - 1781194964.204456091 1781194964.222021341 0
Jun 11 16:22:44 standalone container-server[128355]: 172.20.0.100 - - [11/Jun/2026:16:22:44 +0000] "HEAD /d1/619/AUTH_883c67cb078941b4a3286569b11d2e67/gnocchi.9987547a-9960-4196-a54a-8fac380a6f9e" 404 - "HEAD http://172.18.0.2:8080/v1/AUTH_883c67cb078941b4a3286569b11d2e67/gnocchi.9987547a-9960-4196-a54a-8fac380a6f9e?format=json&states=listing" "tx45346a6b86b940519ce5c-006a2ae0d4" "proxy-server 20" 0.0005 "-" 23 0
Jun 11 16:22:44 standalone object-server[128484]: 172.20.0.100 - - [11/Jun/2026:16:22:44 +0000] "GET /d1/569/AUTH_883c67cb078941b4a3286569b11d2e67/gnocchi.9987547a-9960-4196-a54a-8fac380a6f9e/none_v3" 404 70 "GET http://172.18.0.2:8080/v1/AUTH_883c67cb078941b4a3286569b11d2e67/gnocchi.9987547a-9960-4196-a54a-8fac380a6f9e/none_v3" "tx45346a6b86b940519ce5c-006a2ae0d4" "proxy-server 20" 0.0003 "-" 22 0
Jun 11 16:22:44 standalone proxy-server[130186]: 172.18.0.2 172.18.0.100 11/Jun/2026/16/22/44 GET /v1/AUTH_883c67cb078941b4a3286569b11d2e67/gnocchi.9987547a-9960-4196-a54a-8fac380a6f9e/none_v3 HTTP/1.0 404 - python-swiftclient-3.11.1 gAAAAABqKuCMWyb6... - 70 - tx45346a6b86b940519ce5c-006a2ae0d4 - 0.0113 - - 1781194964.239519835 1781194964.250860214 0
Jun 11 16:22:44 standalone account-server[128145]: 172.20.0.100 - - [11/Jun/2026:16:22:44 +0000] "PUT /d1/867/AUTH_883c67cb078941b4a3286569b11d2e67/gnocchi.9987547a-9960-4196-a54a-8fac380a6f9e" 201 - "PUT http://172.20.0.100:6001/d1/619/AUTH_883c67cb078941b4a3286569b11d2e67/gnocchi.9987547a-9960-4196-a54a-8fac380a6f9e" "txa70e28cffe4d4435bb87f-006a2ae0d4" "container-server 22" 0.0046 "-" 22 0
Jun 11 16:22:44 standalone container-server[128353]: 172.20.0.100 - - [11/Jun/2026:16:22:44 +0000] "PUT /d1/619/AUTH_883c67cb078941b4a3286569b11d2e67/gnocchi.9987547a-9960-4196-a54a-8fac380a6f9e" 201 - "PUT http://172.18.0.2:8080/v1/AUTH_883c67cb078941b4a3286569b11d2e67/gnocchi.9987547a-9960-4196-a54a-8fac380a6f9e" "txa70e28cffe4d4435bb87f-006a2ae0d4" "proxy-server 20" 0.0139 "-" 22 0
Jun 11 16:22:44 standalone proxy-server[130186]: 172.18.0.2 172.18.0.100 11/Jun/2026/16/22/44 PUT /v1/AUTH_883c67cb078941b4a3286569b11d2e67/gnocchi.9987547a-9960-4196-a54a-8fac380a6f9e HTTP/1.0 201 - python-swiftclient-3.11.1 gAAAAABqKuCMWyb6... - - - txa70e28cffe4d4435bb87f-006a2ae0d4 - 0.0196 - - 1781194964.258096218 1781194964.277672768 0
Jun 11 16:22:44 standalone container-server[128353]: 172.20.0.100 - - [11/Jun/2026:16:22:44 +0000] "HEAD /d1/619/AUTH_883c67cb078941b4a3286569b11d2e67/gnocchi.9987547a-9960-4196-a54a-8fac380a6f9e" 204 - "HEAD http://172.18.0.2:8080/v1/AUTH_883c67cb078941b4a3286569b11d2e67/gnocchi.9987547a-9960-4196-a54a-8fac380a6f9e?format=json&states=listing" "tx8d9e388ccea64c24b9863-006a2ae0d4" "proxy-server 20" 0.0009 "-" 22 0
Jun 11 16:22:44 standalone proxy-server[130186]: - - 11/Jun/2026/16/22/44 HEAD /v1/AUTH_883c67cb078941b4a3286569b11d2e67/gnocchi.9987547a-9960-4196-a54a-8fac380a6f9e%3Fformat%3Djson%26states%3Dlisting HTTP/1.0 204 - Swift - - - - tx8d9e388ccea64c24b9863-006a2ae0d4 - 0.0055 RL - 1781194964.281868696 1781194964.287400961 0
Jun 11 16:22:44 standalone container-server[128355]: 172.20.0.100 - - [11/Jun/2026:16:22:44 +0000] "GET /d1/619/AUTH_883c67cb078941b4a3286569b11d2e67/gnocchi.9987547a-9960-4196-a54a-8fac380a6f9e" 200 2 "GET http://172.18.0.2:8080/v1/AUTH_883c67cb078941b4a3286569b11d2e67/gnocchi.9987547a-9960-4196-a54a-8fac380a6f9e?format=json&states=listing" "tx8d9e388ccea64c24b9863-006a2ae0d4" "proxy-server 20" 0.0043 "-" 23 0
Jun 11 16:22:44 standalone proxy-server[130186]: 172.18.0.2 172.18.0.100 11/Jun/2026/16/22/44 GET /v1/AUTH_883c67cb078941b4a3286569b11d2e67/gnocchi.9987547a-9960-4196-a54a-8fac380a6f9e%3Fformat%3Djson%26states%3Dlisting HTTP/1.0 200 - python-swiftclient-3.11.1 gAAAAABqKuCMWyb6... - 2 - tx8d9e388ccea64c24b9863-006a2ae0d4 - 0.0200 - - 1781194964.280852318 1781194964.300845861 0
Jun 11 16:22:44 standalone object-server[128487]: 172.20.0.100 - - [11/Jun/2026:16:22:44 +0000] "GET /d1/905/AUTH_883c67cb078941b4a3286569b11d2e67/gnocchi.9987547a-9960-4196-a54a-8fac380a6f9e/1780920000.0_mean_300.0_v3" 404 70 "GET http://172.18.0.2:8080/v1/AUTH_883c67cb078941b4a3286569b11d2e67/gnocchi.9987547a-9960-4196-a54a-8fac380a6f9e/1780920000.0_mean_300.0_v3" "tx5ac2d8b9918042dda6b8e-006a2ae0d4" "proxy-server 20" 0.0004 "-" 25 0
Jun 11 16:22:44 standalone proxy-server[130186]: 172.18.0.2 172.18.0.100 11/Jun/2026/16/22/44 GET /v1/AUTH_883c67cb078941b4a3286569b11d2e67/gnocchi.9987547a-9960-4196-a54a-8fac380a6f9e/1780920000.0_mean_300.0_v3 HTTP/1.0 404 - python-swiftclient-3.11.1 gAAAAABqKuCMWyb6... - 70 - tx5ac2d8b9918042dda6b8e-006a2ae0d4 - 0.0061 - - 1781194964.305706263 1781194964.311855316 0
Jun 11 16:22:44 standalone container-server[128341]: 172.20.0.100 - - [11/Jun/2026:16:22:44 +0000] "PUT /d1/619/AUTH_883c67cb078941b4a3286569b11d2e67/gnocchi.9987547a-9960-4196-a54a-8fac380a6f9e/1780920000.0_mean_300.0_v3" 201 - "PUT http://172.18.0.2:8080/d1/905/AUTH_883c67cb078941b4a3286569b11d2e67/gnocchi.9987547a-9960-4196-a54a-8fac380a6f9e/1780920000.0_mean_300.0_v3" "tx3d8e972c5c5042ceaa04f-006a2ae0d4" "object-server 25" 0.0008 "-" 20 0
Jun 11 16:22:44 standalone object-server[128487]: 172.20.0.100 - - [11/Jun/2026:16:22:44 +0000] "PUT /d1/905/AUTH_883c67cb078941b4a3286569b11d2e67/gnocchi.9987547a-9960-4196-a54a-8fac380a6f9e/1780920000.0_mean_300.0_v3" 201 - "PUT http://172.18.0.2:8080/v1/AUTH_883c67cb078941b4a3286569b11d2e67/gnocchi.9987547a-9960-4196-a54a-8fac380a6f9e/1780920000.0_mean_300.0_v3" "tx3d8e972c5c5042ceaa04f-006a2ae0d4" "proxy-server 20" 0.0188 "-" 25 0
Jun 11 16:22:44 standalone proxy-server[130186]: 172.18.0.2 172.18.0.100 11/Jun/2026/16/22/44 PUT /v1/AUTH_883c67cb078941b4a3286569b11d2e67/gnocchi.9987547a-9960-4196-a54a-8fac380a6f9e/1780920000.0_mean_300.0_v3 HTTP/1.0 201 - python-swiftclient-3.11.1 gAAAAABqKuCMWyb6... 16 - - tx3d8e972c5c5042ceaa04f-006a2ae0d4 - 0.0237 - - 1781194964.315243959 1781194964.338983059 0
Jun 11 16:22:44 standalone container-server[128355]: 172.20.0.100 - - [11/Jun/2026:16:22:44 +0000] "PUT /d1/619/AUTH_883c67cb078941b4a3286569b11d2e67/gnocchi.9987547a-9960-4196-a54a-8fac380a6f9e/none_v3" 201 - "PUT http://172.18.0.2:8080/d1/569/AUTH_883c67cb078941b4a3286569b11d2e67/gnocchi.9987547a-9960-4196-a54a-8fac380a6f9e/none_v3" "tx305ce4b754294e9d8bdba-006a2ae0d4" "object-server 25" 0.0017 "-" 23 0
Jun 11 16:22:44 standalone object-server[128487]: 172.20.0.100 - - [11/Jun/2026:16:22:44 +0000] "PUT /d1/569/AUTH_883c67cb078941b4a3286569b11d2e67/gnocchi.9987547a-9960-4196-a54a-8fac380a6f9e/none_v3" 201 - "PUT http://172.18.0.2:8080/v1/AUTH_883c67cb078941b4a3286569b11d2e67/gnocchi.9987547a-9960-4196-a54a-8fac380a6f9e/none_v3" "tx305ce4b754294e9d8bdba-006a2ae0d4" "proxy-server 20" 0.0105 "-" 25 0
Jun 11 16:22:44 standalone proxy-server[130186]: 172.18.0.2 172.18.0.100 11/Jun/2026/16/22/44 PUT /v1/AUTH_883c67cb078941b4a3286569b11d2e67/gnocchi.9987547a-9960-4196-a54a-8fac380a6f9e/none_v3 HTTP/1.0 201 - python-swiftclient-3.11.1 gAAAAABqKuCMWyb6... 22 - - tx305ce4b754294e9d8bdba-006a2ae0d4 - 0.0150 - - 1781194964.341169834 1781194964.356190205 0
Jun 11 16:22:44 standalone container-server[128353]: 172.20.0.100 - - [11/Jun/2026:16:22:44 +0000] "HEAD /d1/36/AUTH_883c67cb078941b4a3286569b11d2e67/gnocchi.88f6a033-6fef-4069-9ac1-9926d8cc09aa" 404 - "HEAD http://172.18.0.2:8080/v1/AUTH_883c67cb078941b4a3286569b11d2e67/gnocchi.88f6a033-6fef-4069-9ac1-9926d8cc09aa?format=json&states=listing" "tx7413636f9a1d463597d42-006a2ae0d4" "proxy-server 20" 0.0004 "-" 22 0
Jun 11 16:22:44 standalone object-server[128486]: 172.20.0.100 - - [11/Jun/2026:16:22:44 +0000] "GET /d1/480/AUTH_883c67cb078941b4a3286569b11d2e67/gnocchi.88f6a033-6fef-4069-9ac1-9926d8cc09aa/none_v3" 404 70 "GET http://172.18.0.2:8080/v1/AUTH_883c67cb078941b4a3286569b11d2e67/gnocchi.88f6a033-6fef-4069-9ac1-9926d8cc09aa/none_v3" "tx7413636f9a1d463597d42-006a2ae0d4" "proxy-server 20" 0.0008 "-" 24 0
Jun 11 16:22:44 standalone proxy-server[130186]: 172.18.0.2 172.18.0.100 11/Jun/2026/16/22/44 GET /v1/AUTH_883c67cb078941b4a3286569b11d2e67/gnocchi.88f6a033-6fef-4069-9ac1-9926d8cc09aa/none_v3 HTTP/1.0 404 - python-swiftclient-3.11.1 gAAAAABqKuCMWyb6... - 70 - tx7413636f9a1d463597d42-006a2ae0d4 - 0.0113 - - 1781194964.368268728 1781194964.379578352 0
Jun 11 16:22:44 standalone account-server[128111]: 172.20.0.100 - - [11/Jun/2026:16:22:44 +0000] "PUT /d1/867/AUTH_883c67cb078941b4a3286569b11d2e67/gnocchi.88f6a033-6fef-4069-9ac1-9926d8cc09aa" 201 - "PUT http://172.20.0.100:6001/d1/36/AUTH_883c67cb078941b4a3286569b11d2e67/gnocchi.88f6a033-6fef-4069-9ac1-9926d8cc09aa" "tx412f31082e14452ca2f92-006a2ae0d4" "container-server 22" 0.0103 "-" 17 0
Jun 11 16:22:44 standalone container-server[128353]: 172.20.0.100 - - [11/Jun/2026:16:22:44 +0000] "PUT /d1/36/AUTH_883c67cb078941b4a3286569b11d2e67/gnocchi.88f6a033-6fef-4069-9ac1-9926d8cc09aa" 201 - "PUT http://172.18.0.2:8080/v1/AUTH_883c67cb078941b4a3286569b11d2e67/gnocchi.88f6a033-6fef-4069-9ac1-9926d8cc09aa" "tx412f31082e14452ca2f92-006a2ae0d4" "proxy-server 20" 0.0193 "-" 22 0
Jun 11 16:22:44 standalone proxy-server[130186]: 172.18.0.2 172.18.0.100 11/Jun/2026/16/22/44 PUT /v1/AUTH_883c67cb078941b4a3286569b11d2e67/gnocchi.88f6a033-6fef-4069-9ac1-9926d8cc09aa HTTP/1.0 201 - python-swiftclient-3.11.1 gAAAAABqKuCMWyb6... - - - tx412f31082e14452ca2f92-006a2ae0d4 - 0.0234 - - 1781194964.381878853 1781194964.405253410 0
Jun 11 16:22:44 standalone container-server[128355]: 172.20.0.100 - - [11/Jun/2026:16:22:44 +0000] "HEAD /d1/36/AUTH_883c67cb078941b4a3286569b11d2e67/gnocchi.88f6a033-6fef-4069-9ac1-9926d8cc09aa" 204 - "HEAD http://172.18.0.2:8080/v1/AUTH_883c67cb078941b4a3286569b11d2e67/gnocchi.88f6a033-6fef-4069-9ac1-9926d8cc09aa?format=json&states=listing" "txc86d8dbd41a74bb9a202a-006a2ae0d4" "proxy-server 20" 0.0025 "-" 23 0
Jun 11 16:22:44 standalone proxy-server[130186]: - - 11/Jun/2026/16/22/44 HEAD /v1/AUTH_883c67cb078941b4a3286569b11d2e67/gnocchi.88f6a033-6fef-4069-9ac1-9926d8cc09aa%3Fformat%3Djson%26states%3Dlisting HTTP/1.0 204 - Swift - - - - txc86d8dbd41a74bb9a202a-006a2ae0d4 - 0.0061 RL - 1781194964.408842325 1781194964.414940834 0
Jun 11 16:22:44 standalone container-server[128355]: 172.20.0.100 - - [11/Jun/2026:16:22:44 +0000] "GET /d1/36/AUTH_883c67cb078941b4a3286569b11d2e67/gnocchi.88f6a033-6fef-4069-9ac1-9926d8cc09aa" 200 2 "GET http://172.18.0.2:8080/v1/AUTH_883c67cb078941b4a3286569b11d2e67/gnocchi.88f6a033-6fef-4069-9ac1-9926d8cc09aa?format=json&states=listing" "txc86d8dbd41a74bb9a202a-006a2ae0d4" "proxy-server 20" 0.0052 "-" 23 0
Jun 11 16:22:44 standalone proxy-server[130186]: 172.18.0.2 172.18.0.100 11/Jun/2026/16/22/44 GET /v1/AUTH_883c67cb078941b4a3286569b11d2e67/gnocchi.88f6a033-6fef-4069-9ac1-9926d8cc09aa%3Fformat%3Djson%26states%3Dlisting HTTP/1.0 200 - python-swiftclient-3.11.1 gAAAAABqKuCMWyb6... - 2 - txc86d8dbd41a74bb9a202a-006a2ae0d4 - 0.0185 - - 1781194964.407816410 1781194964.426326036 0
Jun 11 16:22:44 standalone object-server[128484]: 172.20.0.100 - - [11/Jun/2026:16:22:44 +0000] "GET /d1/767/AUTH_883c67cb078941b4a3286569b11d2e67/gnocchi.88f6a033-6fef-4069-9ac1-9926d8cc09aa/1780920000.0_mean_300.0_v3" 404 70 "GET http://172.18.0.2:8080/v1/AUTH_883c67cb078941b4a3286569b11d2e67/gnocchi.88f6a033-6fef-4069-9ac1-9926d8cc09aa/1780920000.0_mean_300.0_v3" "tx6d2365b79b8a4709b0d0e-006a2ae0d4" "proxy-server 20" 0.0005 "-" 22 0
Jun 11 16:22:44 standalone proxy-server[130186]: 172.18.0.2 172.18.0.100 11/Jun/2026/16/22/44 GET /v1/AUTH_883c67cb078941b4a3286569b11d2e67/gnocchi.88f6a033-6fef-4069-9ac1-9926d8cc09aa/1780920000.0_mean_300.0_v3 HTTP/1.0 404 - python-swiftclient-3.11.1 gAAAAABqKuCMWyb6... - 70 - tx6d2365b79b8a4709b0d0e-006a2ae0d4 - 0.0047 - - 1781194964.428406954 1781194964.433156013 0
Jun 11 16:22:44 standalone container-server[128353]: 172.20.0.100 - - [11/Jun/2026:16:22:44 +0000] "PUT /d1/36/AUTH_883c67cb078941b4a3286569b11d2e67/gnocchi.88f6a033-6fef-4069-9ac1-9926d8cc09aa/1780920000.0_mean_300.0_v3" 201 - "PUT http://172.18.0.2:8080/d1/767/AUTH_883c67cb078941b4a3286569b11d2e67/gnocchi.88f6a033-6fef-4069-9ac1-9926d8cc09aa/1780920000.0_mean_300.0_v3" "tx0e7ee5ea46c147e6a7220-006a2ae0d4" "object-server 25" 0.0005 "-" 22 0
Jun 11 16:22:44 standalone object-server[128487]: 172.20.0.100 - - [11/Jun/2026:16:22:44 +0000] "PUT /d1/767/AUTH_883c67cb078941b4a3286569b11d2e67/gnocchi.88f6a033-6fef-4069-9ac1-9926d8cc09aa/1780920000.0_mean_300.0_v3" 201 - "PUT http://172.18.0.2:8080/v1/AUTH_883c67cb078941b4a3286569b11d2e67/gnocchi.88f6a033-6fef-4069-9ac1-9926d8cc09aa/1780920000.0_mean_300.0_v3" "tx0e7ee5ea46c147e6a7220-006a2ae0d4" "proxy-server 20" 0.0110 "-" 25 0
Jun 11 16:22:44 standalone proxy-server[130186]: 172.18.0.2 172.18.0.100 11/Jun/2026/16/22/44 PUT /v1/AUTH_883c67cb078941b4a3286569b11d2e67/gnocchi.88f6a033-6fef-4069-9ac1-9926d8cc09aa/1780920000.0_mean_300.0_v3 HTTP/1.0 201 - python-swiftclient-3.11.1 gAAAAABqKuCMWyb6... 16 - - tx0e7ee5ea46c147e6a7220-006a2ae0d4 - 0.0161 - - 1781194964.435359716 1781194964.451494694 0
Jun 11 16:22:44 standalone container-server[128341]: 172.20.0.100 - - [11/Jun/2026:16:22:44 +0000] "PUT /d1/36/AUTH_883c67cb078941b4a3286569b11d2e67/gnocchi.88f6a033-6fef-4069-9ac1-9926d8cc09aa/none_v3" 201 - "PUT http://172.18.0.2:8080/d1/480/AUTH_883c67cb078941b4a3286569b11d2e67/gnocchi.88f6a033-6fef-4069-9ac1-9926d8cc09aa/none_v3" "tx74e6460a09b9454899522-006a2ae0d4" "object-server 24" 0.0013 "-" 20 0
Jun 11 16:22:44 standalone object-server[128486]: 172.20.0.100 - - [11/Jun/2026:16:22:44 +0000] "PUT /d1/480/AUTH_883c67cb078941b4a3286569b11d2e67/gnocchi.88f6a033-6fef-4069-9ac1-9926d8cc09aa/none_v3" 201 - "PUT http://172.18.0.2:8080/v1/AUTH_883c67cb078941b4a3286569b11d2e67/gnocchi.88f6a033-6fef-4069-9ac1-9926d8cc09aa/none_v3" "tx74e6460a09b9454899522-006a2ae0d4" "proxy-server 20" 0.0225 "-" 24 0
Jun 11 16:22:44 standalone proxy-server[130186]: 172.18.0.2 172.18.0.100 11/Jun/2026/16/22/44 PUT /v1/AUTH_883c67cb078941b4a3286569b11d2e67/gnocchi.88f6a033-6fef-4069-9ac1-9926d8cc09aa/none_v3 HTTP/1.0 201 - python-swiftclient-3.11.1 gAAAAABqKuCMWyb6... 22 - - tx74e6460a09b9454899522-006a2ae0d4 - 0.0307 - - 1781194964.454916239 1781194964.485585213 0
Jun 11 16:23:14 standalone container-server[128341]: 172.20.0.100 - - [11/Jun/2026:16:23:14 +0000] "HEAD /d1/516/AUTH_883c67cb078941b4a3286569b11d2e67/gnocchi.ade82006-c9af-4cfe-bb69-060912cb6060" 404 - "HEAD http://172.18.0.2:8080/v1/AUTH_883c67cb078941b4a3286569b11d2e67/gnocchi.ade82006-c9af-4cfe-bb69-060912cb6060?format=json&states=listing" "tx3cf34d293ded4d6d80f27-006a2ae0f2" "proxy-server 20" 0.0008 "-" 20 0
Jun 11 16:23:14 standalone object-server[128487]: 172.20.0.100 - - [11/Jun/2026:16:23:14 +0000] "GET /d1/236/AUTH_883c67cb078941b4a3286569b11d2e67/gnocchi.ade82006-c9af-4cfe-bb69-060912cb6060/none_v3" 404 70 "GET http://172.18.0.2:8080/v1/AUTH_883c67cb078941b4a3286569b11d2e67/gnocchi.ade82006-c9af-4cfe-bb69-060912cb6060/none_v3" "tx3cf34d293ded4d6d80f27-006a2ae0f2" "proxy-server 20" 0.0008 "-" 25 0
Jun 11 16:23:14 standalone proxy-server[130186]: 172.18.0.2 172.18.0.100 11/Jun/2026/16/23/14 GET /v1/AUTH_883c67cb078941b4a3286569b11d2e67/gnocchi.ade82006-c9af-4cfe-bb69-060912cb6060/none_v3 HTTP/1.0 404 - python-swiftclient-3.11.1 gAAAAABqKuCMWyb6... - 70 - tx3cf34d293ded4d6d80f27-006a2ae0f2 - 0.0158 - - 1781194994.669177294 1781194994.685004950 0
Jun 11 16:23:14 standalone account-server[128145]: 172.20.0.100 - - [11/Jun/2026:16:23:14 +0000] "PUT /d1/867/AUTH_883c67cb078941b4a3286569b11d2e67/gnocchi.ade82006-c9af-4cfe-bb69-060912cb6060" 201 - "PUT http://172.20.0.100:6001/d1/516/AUTH_883c67cb078941b4a3286569b11d2e67/gnocchi.ade82006-c9af-4cfe-bb69-060912cb6060" "tx8cfebbae8e8a471193056-006a2ae0f2" "container-server 21" 0.0052 "-" 22 0
Jun 11 16:23:14 standalone container-server[128345]: 172.20.0.100 - - [11/Jun/2026:16:23:14 +0000] "PUT /d1/516/AUTH_883c67cb078941b4a3286569b11d2e67/gnocchi.ade82006-c9af-4cfe-bb69-060912cb6060" 201 - "PUT http://172.18.0.2:8080/v1/AUTH_883c67cb078941b4a3286569b11d2e67/gnocchi.ade82006-c9af-4cfe-bb69-060912cb6060" "tx8cfebbae8e8a471193056-006a2ae0f2" "proxy-server 20" 0.0148 "-" 21 0
Jun 11 16:23:14 standalone proxy-server[130186]: 172.18.0.2 172.18.0.100 11/Jun/2026/16/23/14 PUT /v1/AUTH_883c67cb078941b4a3286569b11d2e67/gnocchi.ade82006-c9af-4cfe-bb69-060912cb6060 HTTP/1.0 201 - python-swiftclient-3.11.1 gAAAAABqKuCMWyb6... - - - tx8cfebbae8e8a471193056-006a2ae0f2 - 0.0228 - - 1781194994.688900709 1781194994.711664677 0
Jun 11 16:23:14 standalone container-server[128353]: 172.20.0.100 - - [11/Jun/2026:16:23:14 +0000] "HEAD /d1/516/AUTH_883c67cb078941b4a3286569b11d2e67/gnocchi.ade82006-c9af-4cfe-bb69-060912cb6060" 204 - "HEAD http://172.18.0.2:8080/v1/AUTH_883c67cb078941b4a3286569b11d2e67/gnocchi.ade82006-c9af-4cfe-bb69-060912cb6060?format=json&states=listing" "txaccb620cf4a143a5b672a-006a2ae0f2" "proxy-server 20" 0.0025 "-" 22 0
Jun 11 16:23:14 standalone proxy-server[130186]: - - 11/Jun/2026/16/23/14 HEAD /v1/AUTH_883c67cb078941b4a3286569b11d2e67/gnocchi.ade82006-c9af-4cfe-bb69-060912cb6060%3Fformat%3Djson%26states%3Dlisting HTTP/1.0 204 - Swift - - - - txaccb620cf4a143a5b672a-006a2ae0f2 - 0.0075 RL - 1781194994.716965675 1781194994.724482775 0
Jun 11 16:23:14 standalone container-server[128341]: 172.20.0.100 - - [11/Jun/2026:16:23:14 +0000] "GET /d1/516/AUTH_883c67cb078941b4a3286569b11d2e67/gnocchi.ade82006-c9af-4cfe-bb69-060912cb6060" 200 2 "GET http://172.18.0.2:8080/v1/AUTH_883c67cb078941b4a3286569b11d2e67/gnocchi.ade82006-c9af-4cfe-bb69-060912cb6060?format=json&states=listing" "txaccb620cf4a143a5b672a-006a2ae0f2" "proxy-server 20" 0.0020 "-" 20 0
Jun 11 16:23:14 standalone proxy-server[130186]: 172.18.0.2 172.18.0.100 11/Jun/2026/16/23/14 GET /v1/AUTH_883c67cb078941b4a3286569b11d2e67/gnocchi.ade82006-c9af-4cfe-bb69-060912cb6060%3Fformat%3Djson%26states%3Dlisting HTTP/1.0 200 - python-swiftclient-3.11.1 gAAAAABqKuCMWyb6... - 2 - txaccb620cf4a143a5b672a-006a2ae0f2 - 0.0218 - - 1781194994.715446234 1781194994.737223625 0
Jun 11 16:23:14 standalone object-server[128487]: 172.20.0.100 - - [11/Jun/2026:16:23:14 +0000] "GET /d1/976/AUTH_883c67cb078941b4a3286569b11d2e67/gnocchi.ade82006-c9af-4cfe-bb69-060912cb6060/1780920000.0_mean_300.0_v3" 404 70 "GET http://172.18.0.2:8080/v1/AUTH_883c67cb078941b4a3286569b11d2e67/gnocchi.ade82006-c9af-4cfe-bb69-060912cb6060/1780920000.0_mean_300.0_v3" "tx36e2ff777ad5400aae2c7-006a2ae0f2" "proxy-server 20" 0.0005 "-" 25 0
Jun 11 16:23:14 standalone proxy-server[130186]: 172.18.0.2 172.18.0.100 11/Jun/2026/16/23/14 GET /v1/AUTH_883c67cb078941b4a3286569b11d2e67/gnocchi.ade82006-c9af-4cfe-bb69-060912cb6060/1780920000.0_mean_300.0_v3 HTTP/1.0 404 - python-swiftclient-3.11.1 gAAAAABqKuCMWyb6... - 70 - tx36e2ff777ad5400aae2c7-006a2ae0f2 - 0.0058 - - 1781194994.742706060 1781194994.748524189 0
Jun 11 16:23:14 standalone container-server[128353]: 172.20.0.100 - - [11/Jun/2026:16:23:14 +0000] "PUT /d1/516/AUTH_883c67cb078941b4a3286569b11d2e67/gnocchi.ade82006-c9af-4cfe-bb69-060912cb6060/1780920000.0_mean_300.0_v3" 201 - "PUT http://172.18.0.2:8080/d1/976/AUTH_883c67cb078941b4a3286569b11d2e67/gnocchi.ade82006-c9af-4cfe-bb69-060912cb6060/1780920000.0_mean_300.0_v3" "txfdac125a949c41459b128-006a2ae0f2" "object-server 24" 0.0008 "-" 22 0
Jun 11 16:23:14 standalone object-server[128486]: 172.20.0.100 - - [11/Jun/2026:16:23:14 +0000] "PUT /d1/976/AUTH_883c67cb078941b4a3286569b11d2e67/gnocchi.ade82006-c9af-4cfe-bb69-060912cb6060/1780920000.0_mean_300.0_v3" 201 - "PUT http://172.18.0.2:8080/v1/AUTH_883c67cb078941b4a3286569b11d2e67/gnocchi.ade82006-c9af-4cfe-bb69-060912cb6060/1780920000.0_mean_300.0_v3" "txfdac125a949c41459b128-006a2ae0f2" "proxy-server 20" 0.0099 "-" 24 0
Jun 11 16:23:14 standalone proxy-server[130186]: 172.18.0.2 172.18.0.100 11/Jun/2026/16/23/14 PUT /v1/AUTH_883c67cb078941b4a3286569b11d2e67/gnocchi.ade82006-c9af-4cfe-bb69-060912cb6060/1780920000.0_mean_300.0_v3 HTTP/1.0 201 - python-swiftclient-3.11.1 gAAAAABqKuCMWyb6... 16 - - txfdac125a949c41459b128-006a2ae0f2 - 0.0146 - - 1781194994.752559423 1781194994.767195940 0
Jun 11 16:23:14 standalone container-server[128355]: 172.20.0.100 - - [11/Jun/2026:16:23:14 +0000] "PUT /d1/516/AUTH_883c67cb078941b4a3286569b11d2e67/gnocchi.ade82006-c9af-4cfe-bb69-060912cb6060/none_v3" 201 - "PUT http://172.18.0.2:8080/d1/236/AUTH_883c67cb078941b4a3286569b11d2e67/gnocchi.ade82006-c9af-4cfe-bb69-060912cb6060/none_v3" "txd6fa67ff14be4439a1381-006a2ae0f2" "object-server 25" 0.0006 "-" 23 0
Jun 11 16:23:14 standalone object-server[128487]: 172.20.0.100 - - [11/Jun/2026:16:23:14 +0000] "PUT /d1/236/AUTH_883c67cb078941b4a3286569b11d2e67/gnocchi.ade82006-c9af-4cfe-bb69-060912cb6060/none_v3" 201 - "PUT http://172.18.0.2:8080/v1/AUTH_883c67cb078941b4a3286569b11d2e67/gnocchi.ade82006-c9af-4cfe-bb69-060912cb6060/none_v3" "txd6fa67ff14be4439a1381-006a2ae0f2" "proxy-server 20" 0.0125 "-" 25 0
Jun 11 16:23:14 standalone proxy-server[130186]: 172.18.0.2 172.18.0.100 11/Jun/2026/16/23/14 PUT /v1/AUTH_883c67cb078941b4a3286569b11d2e67/gnocchi.ade82006-c9af-4cfe-bb69-060912cb6060/none_v3 HTTP/1.0 201 - python-swiftclient-3.11.1 gAAAAABqKuCMWyb6... 22 - - txd6fa67ff14be4439a1381-006a2ae0f2 - 0.0166 - - 1781194994.770428896 1781194994.787021637 0
Jun 11 16:23:14 standalone object-server[128484]: 172.20.0.100 - - [11/Jun/2026:16:23:14 +0000] "GET /d1/720/AUTH_883c67cb078941b4a3286569b11d2e67/gnocchi.99a3f87a-7581-4bcb-988b-02d31e455493/none_v3" 200 22 "GET http://172.18.0.2:8080/v1/AUTH_883c67cb078941b4a3286569b11d2e67/gnocchi.99a3f87a-7581-4bcb-988b-02d31e455493/none_v3" "txccf0771ecd9548949df8e-006a2ae0f2" "proxy-server 20" 0.0009 "-" 22 0
Jun 11 16:23:14 standalone proxy-server[130186]: 172.18.0.2 172.18.0.100 11/Jun/2026/16/23/14 GET /v1/AUTH_883c67cb078941b4a3286569b11d2e67/gnocchi.99a3f87a-7581-4bcb-988b-02d31e455493/none_v3 HTTP/1.0 200 - python-swiftclient-3.11.1 gAAAAABqKuCMWyb6... - 22 - txccf0771ecd9548949df8e-006a2ae0f2 - 0.0099 - - 1781194994.953556299 1781194994.963466644 0
Jun 11 16:23:15 standalone container-server[128353]: 172.20.0.100 - - [11/Jun/2026:16:23:15 +0000] "GET /d1/845/AUTH_883c67cb078941b4a3286569b11d2e67/gnocchi.99a3f87a-7581-4bcb-988b-02d31e455493" 200 357 "GET http://172.18.0.2:8080/v1/AUTH_883c67cb078941b4a3286569b11d2e67/gnocchi.99a3f87a-7581-4bcb-988b-02d31e455493?format=json&states=listing" "tx25ce711297b6480782382-006a2ae0f2" "proxy-server 20" 0.0444 "-" 22 0
Jun 11 16:23:15 standalone proxy-server[130186]: 172.18.0.2 172.18.0.100 11/Jun/2026/16/23/15 GET /v1/AUTH_883c67cb078941b4a3286569b11d2e67/gnocchi.99a3f87a-7581-4bcb-988b-02d31e455493%3Fformat%3Djson%26states%3Dlisting HTTP/1.0 200 - python-swiftclient-3.11.1 gAAAAABqKuCMWyb6... - 357 - tx25ce711297b6480782382-006a2ae0f2 - 0.0547 - - 1781194994.969408989 1781194995.024102211 0
Jun 11 16:23:15 standalone container-server[128353]: 172.20.0.100 - - [11/Jun/2026:16:23:15 +0000] "GET /d1/845/AUTH_883c67cb078941b4a3286569b11d2e67/gnocchi.99a3f87a-7581-4bcb-988b-02d31e455493" 200 2 "GET http://172.18.0.2:8080/v1/AUTH_883c67cb078941b4a3286569b11d2e67/gnocchi.99a3f87a-7581-4bcb-988b-02d31e455493?format=json&marker=none_v3&states=listing" "tx2bc43236dbb646be83b76-006a2ae0f3" "proxy-server 20" 0.0033 "-" 22 0
Jun 11 16:23:15 standalone proxy-server[130186]: 172.18.0.2 172.18.0.100 11/Jun/2026/16/23/15 GET /v1/AUTH_883c67cb078941b4a3286569b11d2e67/gnocchi.99a3f87a-7581-4bcb-988b-02d31e455493%3Fformat%3Djson%26marker%3Dnone_v3%26states%3Dlisting HTTP/1.0 200 - python-swiftclient-3.11.1 gAAAAABqKuCMWyb6... - 2 - tx2bc43236dbb646be83b76-006a2ae0f3 - 0.0123 - - 1781194995.028508902 1781194995.040827036 0
Jun 11 16:23:15 standalone object-server[128484]: 172.20.0.100 - - [11/Jun/2026:16:23:15 +0000] "GET /d1/931/AUTH_883c67cb078941b4a3286569b11d2e67/gnocchi.99a3f87a-7581-4bcb-988b-02d31e455493/1780920000.0_mean_300.0_v3" 200 16 "GET http://172.18.0.2:8080/v1/AUTH_883c67cb078941b4a3286569b11d2e67/gnocchi.99a3f87a-7581-4bcb-988b-02d31e455493/1780920000.0_mean_300.0_v3" "txab0835895d8248daa8e67-006a2ae0f3" "proxy-server 20" 0.0007 "-" 22 0
Jun 11 16:23:15 standalone proxy-server[130186]: 172.18.0.2 172.18.0.100 11/Jun/2026/16/23/15 GET /v1/AUTH_883c67cb078941b4a3286569b11d2e67/gnocchi.99a3f87a-7581-4bcb-988b-02d31e455493/1780920000.0_mean_300.0_v3 HTTP/1.0 200 - python-swiftclient-3.11.1 gAAAAABqKuCMWyb6... - 16 - txab0835895d8248daa8e67-006a2ae0f3 - 0.0080 - - 1781194995.045811892 1781194995.053771973 0
Jun 11 16:23:15 standalone container-server[128345]: 172.20.0.100 - - [11/Jun/2026:16:23:15 +0000] "PUT /d1/845/AUTH_883c67cb078941b4a3286569b11d2e67/gnocchi.99a3f87a-7581-4bcb-988b-02d31e455493/1780920000.0_mean_300.0_v3" 201 - "PUT http://172.18.0.2:8080/d1/931/AUTH_883c67cb078941b4a3286569b11d2e67/gnocchi.99a3f87a-7581-4bcb-988b-02d31e455493/1780920000.0_mean_300.0_v3" "tx164ffba45e544ef284a59-006a2ae0f3" "object-server 24" 0.0009 "-" 21 0
Jun 11 16:23:15 standalone object-server[128486]: 172.20.0.100 - - [11/Jun/2026:16:23:15 +0000] "PUT /d1/931/AUTH_883c67cb078941b4a3286569b11d2e67/gnocchi.99a3f87a-7581-4bcb-988b-02d31e455493/1780920000.0_mean_300.0_v3" 201 - "PUT http://172.18.0.2:8080/v1/AUTH_883c67cb078941b4a3286569b11d2e67/gnocchi.99a3f87a-7581-4bcb-988b-02d31e455493/1780920000.0_mean_300.0_v3" "tx164ffba45e544ef284a59-006a2ae0f3" "proxy-server 20" 0.0132 "-" 24 0
Jun 11 16:23:15 standalone proxy-server[130186]: 172.18.0.2 172.18.0.100 11/Jun/2026/16/23/15 PUT /v1/AUTH_883c67cb078941b4a3286569b11d2e67/gnocchi.99a3f87a-7581-4bcb-988b-02d31e455493/1780920000.0_mean_300.0_v3 HTTP/1.0 201 - python-swiftclient-3.11.1 gAAAAABqKuCMWyb6... 16 - - tx164ffba45e544ef284a59-006a2ae0f3 - 0.0253 - - 1781194995.057600737 1781194995.082911491 0
Jun 11 16:23:15 standalone container-server[128353]: 172.20.0.100 - - [11/Jun/2026:16:23:15 +0000] "PUT /d1/845/AUTH_883c67cb078941b4a3286569b11d2e67/gnocchi.99a3f87a-7581-4bcb-988b-02d31e455493/none_v3" 201 - "PUT http://172.18.0.2:8080/d1/720/AUTH_883c67cb078941b4a3286569b11d2e67/gnocchi.99a3f87a-7581-4bcb-988b-02d31e455493/none_v3" "txca8761e19db744c29b33c-006a2ae0f3" "object-server 24" 0.0007 "-" 22 0
Jun 11 16:23:15 standalone object-server[128486]: 172.20.0.100 - - [11/Jun/2026:16:23:15 +0000] "PUT /d1/720/AUTH_883c67cb078941b4a3286569b11d2e67/gnocchi.99a3f87a-7581-4bcb-988b-02d31e455493/none_v3" 201 - "PUT http://172.18.0.2:8080/v1/AUTH_883c67cb078941b4a3286569b11d2e67/gnocchi.99a3f87a-7581-4bcb-988b-02d31e455493/none_v3" "txca8761e19db744c29b33c-006a2ae0f3" "proxy-server 20" 0.0154 "-" 24 0
Jun 11 16:23:15 standalone proxy-server[130186]: 172.18.0.2 172.18.0.100 11/Jun/2026/16/23/15 PUT /v1/AUTH_883c67cb078941b4a3286569b11d2e67/gnocchi.99a3f87a-7581-4bcb-988b-02d31e455493/none_v3 HTTP/1.0 201 - python-swiftclient-3.11.1 gAAAAABqKuCMWyb6... 33 - - txca8761e19db744c29b33c-006a2ae0f3 - 0.0263 - - 1781194995.088814735 1781194995.115113974 0
Jun 11 16:23:15 standalone object-server[128485]: 172.20.0.100 - - [11/Jun/2026:16:23:15 +0000] "GET /d1/975/AUTH_883c67cb078941b4a3286569b11d2e67/gnocchi.0ddbd24e-c8a4-4599-b27e-6180a305567d/none_v3" 200 22 "GET http://172.18.0.2:8080/v1/AUTH_883c67cb078941b4a3286569b11d2e67/gnocchi.0ddbd24e-c8a4-4599-b27e-6180a305567d/none_v3" "tx34e2020b806643fe88d5a-006a2ae0f3" "proxy-server 20" 0.0013 "-" 23 0
Jun 11 16:23:15 standalone proxy-server[130186]: 172.18.0.2 172.18.0.100 11/Jun/2026/16/23/15 GET /v1/AUTH_883c67cb078941b4a3286569b11d2e67/gnocchi.0ddbd24e-c8a4-4599-b27e-6180a305567d/none_v3 HTTP/1.0 200 - python-swiftclient-3.11.1 gAAAAABqKuCMWyb6... - 22 - tx34e2020b806643fe88d5a-006a2ae0f3 - 0.0105 - - 1781194995.128587723 1781194995.139119625 0
Jun 11 16:23:15 standalone container-server[128345]: 172.20.0.100 - - [11/Jun/2026:16:23:15 +0000] "GET /d1/461/AUTH_883c67cb078941b4a3286569b11d2e67/gnocchi.0ddbd24e-c8a4-4599-b27e-6180a305567d" 200 357 "GET http://172.18.0.2:8080/v1/AUTH_883c67cb078941b4a3286569b11d2e67/gnocchi.0ddbd24e-c8a4-4599-b27e-6180a305567d?format=json&states=listing" "tx290d1de98b034a64a7b9b-006a2ae0f3" "proxy-server 20" 0.0179 "-" 21 0
Jun 11 16:23:15 standalone proxy-server[130186]: 172.18.0.2 172.18.0.100 11/Jun/2026/16/23/15 GET /v1/AUTH_883c67cb078941b4a3286569b11d2e67/gnocchi.0ddbd24e-c8a4-4599-b27e-6180a305567d%3Fformat%3Djson%26states%3Dlisting HTTP/1.0 200 - python-swiftclient-3.11.1 gAAAAABqKuCMWyb6... - 357 - tx290d1de98b034a64a7b9b-006a2ae0f3 - 0.0271 - - 1781194995.143619776 1781194995.170710802 0
Jun 11 16:23:15 standalone container-server[128355]: 172.20.0.100 - - [11/Jun/2026:16:23:15 +0000] "GET /d1/461/AUTH_883c67cb078941b4a3286569b11d2e67/gnocchi.0ddbd24e-c8a4-4599-b27e-6180a305567d" 200 2 "GET http://172.18.0.2:8080/v1/AUTH_883c67cb078941b4a3286569b11d2e67/gnocchi.0ddbd24e-c8a4-4599-b27e-6180a305567d?format=json&marker=none_v3&states=listing" "tx2ad4ead15b2f4db28823d-006a2ae0f3" "proxy-server 20" 0.0042 "-" 23 0
Jun 11 16:23:15 standalone proxy-server[130186]: 172.18.0.2 172.18.0.100 11/Jun/2026/16/23/15 GET /v1/AUTH_883c67cb078941b4a3286569b11d2e67/gnocchi.0ddbd24e-c8a4-4599-b27e-6180a305567d%3Fformat%3Djson%26marker%3Dnone_v3%26states%3Dlisting HTTP/1.0 200 - python-swiftclient-3.11.1 gAAAAABqKuCMWyb6... - 2 - tx2ad4ead15b2f4db28823d-006a2ae0f3 - 0.0139 - - 1781194995.175675392 1781194995.189554453 0
Jun 11 16:23:15 standalone object-server[128486]: 172.20.0.100 - - [11/Jun/2026:16:23:15 +0000] "GET /d1/588/AUTH_883c67cb078941b4a3286569b11d2e67/gnocchi.0ddbd24e-c8a4-4599-b27e-6180a305567d/1780920000.0_mean_300.0_v3" 200 16 "GET http://172.18.0.2:8080/v1/AUTH_883c67cb078941b4a3286569b11d2e67/gnocchi.0ddbd24e-c8a4-4599-b27e-6180a305567d/1780920000.0_mean_300.0_v3" "txcf16c33803d44c29b15b4-006a2ae0f3" "proxy-server 20" 0.0016 "-" 24 0
Jun 11 16:23:15 standalone proxy-server[130186]: 172.18.0.2 172.18.0.100 11/Jun/2026/16/23/15 GET /v1/AUTH_883c67cb078941b4a3286569b11d2e67/gnocchi.0ddbd24e-c8a4-4599-b27e-6180a305567d/1780920000.0_mean_300.0_v3 HTTP/1.0 200 - python-swiftclient-3.11.1 gAAAAABqKuCMWyb6... - 16 - txcf16c33803d44c29b15b4-006a2ae0f3 - 0.0113 - - 1781194995.194610119 1781194995.205904484 0
Jun 11 16:23:15 standalone container-server[128345]: 172.20.0.100 - - [11/Jun/2026:16:23:15 +0000] "PUT /d1/461/AUTH_883c67cb078941b4a3286569b11d2e67/gnocchi.0ddbd24e-c8a4-4599-b27e-6180a305567d/1780920000.0_mean_300.0_v3" 201 - "PUT http://172.18.0.2:8080/d1/588/AUTH_883c67cb078941b4a3286569b11d2e67/gnocchi.0ddbd24e-c8a4-4599-b27e-6180a305567d/1780920000.0_mean_300.0_v3" "tx55876aec3d364d97b9bb6-006a2ae0f3" "object-server 25" 0.0010 "-" 21 0
Jun 11 16:23:15 standalone object-server[128487]: 172.20.0.100 - - [11/Jun/2026:16:23:15 +0000] "PUT /d1/588/AUTH_883c67cb078941b4a3286569b11d2e67/gnocchi.0ddbd24e-c8a4-4599-b27e-6180a305567d/1780920000.0_mean_300.0_v3" 201 - "PUT http://172.18.0.2:8080/v1/AUTH_883c67cb078941b4a3286569b11d2e67/gnocchi.0ddbd24e-c8a4-4599-b27e-6180a305567d/1780920000.0_mean_300.0_v3" "tx55876aec3d364d97b9bb6-006a2ae0f3" "proxy-server 20" 0.0123 "-" 25 0
Jun 11 16:23:15 standalone proxy-server[130186]: 172.18.0.2 172.18.0.100 11/Jun/2026/16/23/15 PUT /v1/AUTH_883c67cb078941b4a3286569b11d2e67/gnocchi.0ddbd24e-c8a4-4599-b27e-6180a305567d/1780920000.0_mean_300.0_v3 HTTP/1.0 201 - python-swiftclient-3.11.1 gAAAAABqKuCMWyb6... 16 - - tx55876aec3d364d97b9bb6-006a2ae0f3 - 0.0198 - - 1781194995.210059404 1781194995.229900599 0
Jun 11 16:23:15 standalone container-server[128341]: 172.20.0.100 - - [11/Jun/2026:16:23:15 +0000] "PUT /d1/461/AUTH_883c67cb078941b4a3286569b11d2e67/gnocchi.0ddbd24e-c8a4-4599-b27e-6180a305567d/none_v3" 201 - "PUT http://172.18.0.2:8080/d1/975/AUTH_883c67cb078941b4a3286569b11d2e67/gnocchi.0ddbd24e-c8a4-4599-b27e-6180a305567d/none_v3" "txbc0e7adaf21c4d99b4511-006a2ae0f3" "object-server 22" 0.0008 "-" 20 0
Jun 11 16:23:15 standalone object-server[128484]: 172.20.0.100 - - [11/Jun/2026:16:23:15 +0000] "PUT /d1/975/AUTH_883c67cb078941b4a3286569b11d2e67/gnocchi.0ddbd24e-c8a4-4599-b27e-6180a305567d/none_v3" 201 - "PUT http://172.18.0.2:8080/v1/AUTH_883c67cb078941b4a3286569b11d2e67/gnocchi.0ddbd24e-c8a4-4599-b27e-6180a305567d/none_v3" "txbc0e7adaf21c4d99b4511-006a2ae0f3" "proxy-server 20" 0.0120 "-" 22 0
Jun 11 16:23:15 standalone proxy-server[130186]: 172.18.0.2 172.18.0.100 11/Jun/2026/16/23/15 PUT /v1/AUTH_883c67cb078941b4a3286569b11d2e67/gnocchi.0ddbd24e-c8a4-4599-b27e-6180a305567d/none_v3 HTTP/1.0 201 - python-swiftclient-3.11.1 gAAAAABqKuCMWyb6... 33 - - txbc0e7adaf21c4d99b4511-006a2ae0f3 - 0.0195 - - 1781194995.233596325 1781194995.253117323 0
Jun 11 16:23:19 standalone object-server[128485]: 172.20.0.100 - - [11/Jun/2026:16:23:19 +0000] "GET /d1/236/AUTH_883c67cb078941b4a3286569b11d2e67/gnocchi.ade82006-c9af-4cfe-bb69-060912cb6060/none_v3" 200 22 "GET http://172.18.0.2:8080/v1/AUTH_883c67cb078941b4a3286569b11d2e67/gnocchi.ade82006-c9af-4cfe-bb69-060912cb6060/none_v3" "txca316497ea1544a8bd859-006a2ae0f7" "proxy-server 20" 0.0014 "-" 23 0
Jun 11 16:23:19 standalone proxy-server[130186]: 172.18.0.2 172.18.0.100 11/Jun/2026/16/23/19 GET /v1/AUTH_883c67cb078941b4a3286569b11d2e67/gnocchi.ade82006-c9af-4cfe-bb69-060912cb6060/none_v3 HTTP/1.0 200 - python-swiftclient-3.11.1 gAAAAABqKuCMWyb6... - 22 - txca316497ea1544a8bd859-006a2ae0f7 - 0.0088 - - 1781194999.152033567 1781194999.160832882 0
Jun 11 16:23:19 standalone container-server[128355]: 172.20.0.100 - - [11/Jun/2026:16:23:19 +0000] "GET /d1/516/AUTH_883c67cb078941b4a3286569b11d2e67/gnocchi.ade82006-c9af-4cfe-bb69-060912cb6060" 200 357 "GET http://172.18.0.2:8080/v1/AUTH_883c67cb078941b4a3286569b11d2e67/gnocchi.ade82006-c9af-4cfe-bb69-060912cb6060?format=json&states=listing" "txc50ab56e0a1f4f4fbb6c1-006a2ae0f7" "proxy-server 20" 0.0187 "-" 23 0
Jun 11 16:23:19 standalone proxy-server[130186]: 172.18.0.2 172.18.0.100 11/Jun/2026/16/23/19 GET /v1/AUTH_883c67cb078941b4a3286569b11d2e67/gnocchi.ade82006-c9af-4cfe-bb69-060912cb6060%3Fformat%3Djson%26states%3Dlisting HTTP/1.0 200 - python-swiftclient-3.11.1 gAAAAABqKuCMWyb6... - 357 - txc50ab56e0a1f4f4fbb6c1-006a2ae0f7 - 0.0253 - - 1781194999.164203167 1781194999.189464331 0
Jun 11 16:23:19 standalone container-server[128353]: 172.20.0.100 - - [11/Jun/2026:16:23:19 +0000] "GET /d1/516/AUTH_883c67cb078941b4a3286569b11d2e67/gnocchi.ade82006-c9af-4cfe-bb69-060912cb6060" 200 2 "GET http://172.18.0.2:8080/v1/AUTH_883c67cb078941b4a3286569b11d2e67/gnocchi.ade82006-c9af-4cfe-bb69-060912cb6060?format=json&marker=none_v3&states=listing" "txeedda70ff06d41bc9cf47-006a2ae0f7" "proxy-server 20" 0.0019 "-" 22 0
Jun 11 16:23:19 standalone proxy-server[130186]: 172.18.0.2 172.18.0.100 11/Jun/2026/16/23/19 GET /v1/AUTH_883c67cb078941b4a3286569b11d2e67/gnocchi.ade82006-c9af-4cfe-bb69-060912cb6060%3Fformat%3Djson%26marker%3Dnone_v3%26states%3Dlisting HTTP/1.0 200 - python-swiftclient-3.11.1 gAAAAABqKuCMWyb6... - 2 - txeedda70ff06d41bc9cf47-006a2ae0f7 - 0.0064 - - 1781194999.192262888 1781194999.198702812 0
Jun 11 16:23:19 standalone object-server[128486]: 172.20.0.100 - - [11/Jun/2026:16:23:19 +0000] "GET /d1/976/AUTH_883c67cb078941b4a3286569b11d2e67/gnocchi.ade82006-c9af-4cfe-bb69-060912cb6060/1780920000.0_mean_300.0_v3" 200 16 "GET http://172.18.0.2:8080/v1/AUTH_883c67cb078941b4a3286569b11d2e67/gnocchi.ade82006-c9af-4cfe-bb69-060912cb6060/1780920000.0_mean_300.0_v3" "tx09f96f27b6b94c92ad1c4-006a2ae0f7" "proxy-server 20" 0.0010 "-" 24 0
Jun 11 16:23:19 standalone proxy-server[130186]: 172.18.0.2 172.18.0.100 11/Jun/2026/16/23/19 GET /v1/AUTH_883c67cb078941b4a3286569b11d2e67/gnocchi.ade82006-c9af-4cfe-bb69-060912cb6060/1780920000.0_mean_300.0_v3 HTTP/1.0 200 - python-swiftclient-3.11.1 gAAAAABqKuCMWyb6... - 16 - tx09f96f27b6b94c92ad1c4-006a2ae0f7 - 0.0062 - - 1781194999.201764584 1781194999.207984924 0
Jun 11 16:23:19 standalone container-server[128353]: 172.20.0.100 - - [11/Jun/2026:16:23:19 +0000] "PUT /d1/516/AUTH_883c67cb078941b4a3286569b11d2e67/gnocchi.ade82006-c9af-4cfe-bb69-060912cb6060/1780920000.0_mean_300.0_v3" 201 - "PUT http://172.18.0.2:8080/d1/976/AUTH_883c67cb078941b4a3286569b11d2e67/gnocchi.ade82006-c9af-4cfe-bb69-060912cb6060/1780920000.0_mean_300.0_v3" "tx6d8894004d214a31be2db-006a2ae0f7" "object-server 22" 0.0004 "-" 22 0
Jun 11 16:23:19 standalone object-server[128484]: 172.20.0.100 - - [11/Jun/2026:16:23:19 +0000] "PUT /d1/976/AUTH_883c67cb078941b4a3286569b11d2e67/gnocchi.ade82006-c9af-4cfe-bb69-060912cb6060/1780920000.0_mean_300.0_v3" 201 - "PUT http://172.18.0.2:8080/v1/AUTH_883c67cb078941b4a3286569b11d2e67/gnocchi.ade82006-c9af-4cfe-bb69-060912cb6060/1780920000.0_mean_300.0_v3" "tx6d8894004d214a31be2db-006a2ae0f7" "proxy-server 20" 0.0092 "-" 22 0
Jun 11 16:23:19 standalone proxy-server[130186]: 172.18.0.2 172.18.0.100 11/Jun/2026/16/23/19 PUT /v1/AUTH_883c67cb078941b4a3286569b11d2e67/gnocchi.ade82006-c9af-4cfe-bb69-060912cb6060/1780920000.0_mean_300.0_v3 HTTP/1.0 201 - python-swiftclient-3.11.1 gAAAAABqKuCMWyb6... 16 - - tx6d8894004d214a31be2db-006a2ae0f7 - 0.0134 - - 1781194999.210372686 1781194999.223732948 0
Jun 11 16:23:19 standalone container-server[128341]: 172.20.0.100 - - [11/Jun/2026:16:23:19 +0000] "PUT /d1/516/AUTH_883c67cb078941b4a3286569b11d2e67/gnocchi.ade82006-c9af-4cfe-bb69-060912cb6060/none_v3" 201 - "PUT http://172.18.0.2:8080/d1/236/AUTH_883c67cb078941b4a3286569b11d2e67/gnocchi.ade82006-c9af-4cfe-bb69-060912cb6060/none_v3" "tx5c048fb39df643f591bb7-006a2ae0f7" "object-server 25" 0.0006 "-" 20 0
Jun 11 16:23:19 standalone object-server[128487]: 172.20.0.100 - - [11/Jun/2026:16:23:19 +0000] "PUT /d1/236/AUTH_883c67cb078941b4a3286569b11d2e67/gnocchi.ade82006-c9af-4cfe-bb69-060912cb6060/none_v3" 201 - "PUT http://172.18.0.2:8080/v1/AUTH_883c67cb078941b4a3286569b11d2e67/gnocchi.ade82006-c9af-4cfe-bb69-060912cb6060/none_v3" "tx5c048fb39df643f591bb7-006a2ae0f7" "proxy-server 20" 0.0116 "-" 25 0
Jun 11 16:23:19 standalone proxy-server[130186]: 172.18.0.2 172.18.0.100 11/Jun/2026/16/23/19 PUT /v1/AUTH_883c67cb078941b4a3286569b11d2e67/gnocchi.ade82006-c9af-4cfe-bb69-060912cb6060/none_v3 HTTP/1.0 201 - python-swiftclient-3.11.1 gAAAAABqKuCMWyb6... 32 - - tx5c048fb39df643f591bb7-006a2ae0f7 - 0.0163 - - 1781194999.225769997 1781194999.242087364 0
Jun 11 16:23:21 standalone account-server[128111]: 172.20.0.100 - - [11/Jun/2026:16:23:21 +0000] "HEAD /d1/778/.expiring_objects" 404 - "HEAD http://localhost/v1/.expiring_objects?format=json" "txef9c2c9d23224984be70d-006a2ae0f9" "proxy-server 2" 0.0009 "-" 17 -
Jun 11 16:23:21 standalone object-expirer[128321]: Pass completed in 0s; 0 objects expired (txn: txef9c2c9d23224984be70d-006a2ae0f9)
Jun 11 16:23:30 standalone container-server[128353]: 172.20.0.100 - - [11/Jun/2026:16:23:30 +0000] "HEAD /d1/704/AUTH_883c67cb078941b4a3286569b11d2e67/gnocchi.c0ff009c-7f0e-43d1-9835-9026a6916532" 404 - "HEAD http://172.18.0.2:8080/v1/AUTH_883c67cb078941b4a3286569b11d2e67/gnocchi.c0ff009c-7f0e-43d1-9835-9026a6916532?format=json&states=listing" "tx02784a7d46cc4fa29706a-006a2ae102" "proxy-server 20" 0.0007 "-" 22 0
Jun 11 16:23:30 standalone object-server[128486]: 172.20.0.100 - - [11/Jun/2026:16:23:30 +0000] "GET /d1/686/AUTH_883c67cb078941b4a3286569b11d2e67/gnocchi.c0ff009c-7f0e-43d1-9835-9026a6916532/none_v3" 404 70 "GET http://172.18.0.2:8080/v1/AUTH_883c67cb078941b4a3286569b11d2e67/gnocchi.c0ff009c-7f0e-43d1-9835-9026a6916532/none_v3" "tx02784a7d46cc4fa29706a-006a2ae102" "proxy-server 20" 0.0008 "-" 24 0
Jun 11 16:23:30 standalone proxy-server[130186]: 172.18.0.2 172.18.0.100 11/Jun/2026/16/23/30 GET /v1/AUTH_883c67cb078941b4a3286569b11d2e67/gnocchi.c0ff009c-7f0e-43d1-9835-9026a6916532/none_v3 HTTP/1.0 404 - python-swiftclient-3.11.1 gAAAAABqKuCMWyb6... - 70 - tx02784a7d46cc4fa29706a-006a2ae102 - 0.0170 - - 1781195010.034003973 1781195010.051000595 0
Jun 11 16:23:30 standalone account-server[128111]: 172.20.0.100 - - [11/Jun/2026:16:23:30 +0000] "PUT /d1/867/AUTH_883c67cb078941b4a3286569b11d2e67/gnocchi.c0ff009c-7f0e-43d1-9835-9026a6916532" 201 - "PUT http://172.20.0.100:6001/d1/704/AUTH_883c67cb078941b4a3286569b11d2e67/gnocchi.c0ff009c-7f0e-43d1-9835-9026a6916532" "tx3303faaa52d74e7ca106a-006a2ae102" "container-server 23" 0.0071 "-" 17 0
Jun 11 16:23:30 standalone container-server[128355]: 172.20.0.100 - - [11/Jun/2026:16:23:30 +0000] "PUT /d1/704/AUTH_883c67cb078941b4a3286569b11d2e67/gnocchi.c0ff009c-7f0e-43d1-9835-9026a6916532" 201 - "PUT http://172.18.0.2:8080/v1/AUTH_883c67cb078941b4a3286569b11d2e67/gnocchi.c0ff009c-7f0e-43d1-9835-9026a6916532" "tx3303faaa52d74e7ca106a-006a2ae102" "proxy-server 20" 0.0224 "-" 23 0
Jun 11 16:23:30 standalone proxy-server[130186]: 172.18.0.2 172.18.0.100 11/Jun/2026/16/23/30 PUT /v1/AUTH_883c67cb078941b4a3286569b11d2e67/gnocchi.c0ff009c-7f0e-43d1-9835-9026a6916532 HTTP/1.0 201 - python-swiftclient-3.11.1 gAAAAABqKuCMWyb6... - - - tx3303faaa52d74e7ca106a-006a2ae102 - 0.0300 - - 1781195010.055565834 1781195010.085606813 0
Jun 11 16:23:30 standalone container-server[128353]: 172.20.0.100 - - [11/Jun/2026:16:23:30 +0000] "HEAD /d1/704/AUTH_883c67cb078941b4a3286569b11d2e67/gnocchi.c0ff009c-7f0e-43d1-9835-9026a6916532" 204 - "HEAD http://172.18.0.2:8080/v1/AUTH_883c67cb078941b4a3286569b11d2e67/gnocchi.c0ff009c-7f0e-43d1-9835-9026a6916532?format=json&states=listing" "tx5029807b8137406aa9a10-006a2ae102" "proxy-server 20" 0.0021 "-" 22 0
Jun 11 16:23:30 standalone proxy-server[130186]: - - 11/Jun/2026/16/23/30 HEAD /v1/AUTH_883c67cb078941b4a3286569b11d2e67/gnocchi.c0ff009c-7f0e-43d1-9835-9026a6916532%3Fformat%3Djson%26states%3Dlisting HTTP/1.0 204 - Swift - - - - tx5029807b8137406aa9a10-006a2ae102 - 0.0068 RL - 1781195010.091995239 1781195010.098801613 0
