Jun 11 16:23:59 standalone object-server[128485]: 172.20.0.100 - - [11/Jun/2026:16:23:59 +0000] "PUT /d1/332/AUTH_883c67cb078941b4a3286569b11d2e67/gnocchi.02736f4b-5363-4290-b9d2-18e529d1ba06/none_v3" 201 - "PUT http://172.18.0.2:8080/v1/AUTH_883c67cb078941b4a3286569b11d2e67/gnocchi.02736f4b-5363-4290-b9d2-18e529d1ba06/none_v3" "txdf87c3030683463882f86-006a2ae11f" "proxy-server 20" 0.0132 "-" 23 0
Jun 11 16:23:59 standalone proxy-server[130186]: 172.18.0.2 172.18.0.100 11/Jun/2026/16/23/59 PUT /v1/AUTH_883c67cb078941b4a3286569b11d2e67/gnocchi.02736f4b-5363-4290-b9d2-18e529d1ba06/none_v3 HTTP/1.0 201 - python-swiftclient-3.11.1 gAAAAABqKuCMWyb6... 22 - - txdf87c3030683463882f86-006a2ae11f - 0.0228 - - 1781195039.590918303 1781195039.613680840 0
Jun 11 16:23:59 standalone container-server[128355]: 172.20.0.100 - - [11/Jun/2026:16:23:59 +0000] "HEAD /d1/886/AUTH_883c67cb078941b4a3286569b11d2e67/gnocchi.0abc52ad-c6db-47fb-aba6-de8eb5e029a9" 404 - "HEAD http://172.18.0.2:8080/v1/AUTH_883c67cb078941b4a3286569b11d2e67/gnocchi.0abc52ad-c6db-47fb-aba6-de8eb5e029a9?format=json&states=listing" "txde10459e5b8e494aa89d6-006a2ae11f" "proxy-server 20" 0.0005 "-" 23 0
Jun 11 16:23:59 standalone object-server[128486]: 172.20.0.100 - - [11/Jun/2026:16:23:59 +0000] "GET /d1/806/AUTH_883c67cb078941b4a3286569b11d2e67/gnocchi.0abc52ad-c6db-47fb-aba6-de8eb5e029a9/none_v3" 404 70 "GET http://172.18.0.2:8080/v1/AUTH_883c67cb078941b4a3286569b11d2e67/gnocchi.0abc52ad-c6db-47fb-aba6-de8eb5e029a9/none_v3" "txde10459e5b8e494aa89d6-006a2ae11f" "proxy-server 20" 0.0008 "-" 24 0
Jun 11 16:23:59 standalone proxy-server[130186]: 172.18.0.2 172.18.0.100 11/Jun/2026/16/23/59 GET /v1/AUTH_883c67cb078941b4a3286569b11d2e67/gnocchi.0abc52ad-c6db-47fb-aba6-de8eb5e029a9/none_v3 HTTP/1.0 404 - python-swiftclient-3.11.1 gAAAAABqKuCMWyb6... - 70 - txde10459e5b8e494aa89d6-006a2ae11f - 0.0204 - - 1781195039.635644197 1781195039.656048536 0
Jun 11 16:23:59 standalone account-server[128131]: 172.20.0.100 - - [11/Jun/2026:16:23:59 +0000] "PUT /d1/867/AUTH_883c67cb078941b4a3286569b11d2e67/gnocchi.0abc52ad-c6db-47fb-aba6-de8eb5e029a9" 201 - "PUT http://172.20.0.100:6001/d1/886/AUTH_883c67cb078941b4a3286569b11d2e67/gnocchi.0abc52ad-c6db-47fb-aba6-de8eb5e029a9" "txca9b4cd9124c4a46b8504-006a2ae11f" "container-server 21" 0.0052 "-" 19 0
Jun 11 16:23:59 standalone container-server[128345]: 172.20.0.100 - - [11/Jun/2026:16:23:59 +0000] "PUT /d1/886/AUTH_883c67cb078941b4a3286569b11d2e67/gnocchi.0abc52ad-c6db-47fb-aba6-de8eb5e029a9" 201 - "PUT http://172.18.0.2:8080/v1/AUTH_883c67cb078941b4a3286569b11d2e67/gnocchi.0abc52ad-c6db-47fb-aba6-de8eb5e029a9" "txca9b4cd9124c4a46b8504-006a2ae11f" "proxy-server 20" 0.0240 "-" 21 0
Jun 11 16:23:59 standalone proxy-server[130186]: 172.18.0.2 172.18.0.100 11/Jun/2026/16/23/59 PUT /v1/AUTH_883c67cb078941b4a3286569b11d2e67/gnocchi.0abc52ad-c6db-47fb-aba6-de8eb5e029a9 HTTP/1.0 201 - python-swiftclient-3.11.1 gAAAAABqKuCMWyb6... - - - txca9b4cd9124c4a46b8504-006a2ae11f - 0.0337 - - 1781195039.661374569 1781195039.695114136 0
Jun 11 16:23:59 standalone container-server[128345]: 172.20.0.100 - - [11/Jun/2026:16:23:59 +0000] "HEAD /d1/886/AUTH_883c67cb078941b4a3286569b11d2e67/gnocchi.0abc52ad-c6db-47fb-aba6-de8eb5e029a9" 204 - "HEAD http://172.18.0.2:8080/v1/AUTH_883c67cb078941b4a3286569b11d2e67/gnocchi.0abc52ad-c6db-47fb-aba6-de8eb5e029a9?format=json&states=listing" "txaa02eb13007b4acba3135-006a2ae11f" "proxy-server 20" 0.0012 "-" 21 0
Jun 11 16:23:59 standalone proxy-server[130186]: - - 11/Jun/2026/16/23/59 HEAD /v1/AUTH_883c67cb078941b4a3286569b11d2e67/gnocchi.0abc52ad-c6db-47fb-aba6-de8eb5e029a9%3Fformat%3Djson%26states%3Dlisting HTTP/1.0 204 - Swift - - - - txaa02eb13007b4acba3135-006a2ae11f - 0.0067 RL - 1781195039.701886415 1781195039.708559990 0
Jun 11 16:23:59 standalone container-server[128355]: 172.20.0.100 - - [11/Jun/2026:16:23:59 +0000] "GET /d1/886/AUTH_883c67cb078941b4a3286569b11d2e67/gnocchi.0abc52ad-c6db-47fb-aba6-de8eb5e029a9" 200 2 "GET http://172.18.0.2:8080/v1/AUTH_883c67cb078941b4a3286569b11d2e67/gnocchi.0abc52ad-c6db-47fb-aba6-de8eb5e029a9?format=json&states=listing" "txaa02eb13007b4acba3135-006a2ae11f" "proxy-server 20" 0.0024 "-" 23 0
Jun 11 16:23:59 standalone proxy-server[130186]: 172.18.0.2 172.18.0.100 11/Jun/2026/16/23/59 GET /v1/AUTH_883c67cb078941b4a3286569b11d2e67/gnocchi.0abc52ad-c6db-47fb-aba6-de8eb5e029a9%3Fformat%3Djson%26states%3Dlisting HTTP/1.0 200 - python-swiftclient-3.11.1 gAAAAABqKuCMWyb6... - 2 - txaa02eb13007b4acba3135-006a2ae11f - 0.0310 - - 1781195039.699647188 1781195039.730691433 0
Jun 11 16:23:59 standalone object-server[128484]: 172.20.0.100 - - [11/Jun/2026:16:23:59 +0000] "GET /d1/848/AUTH_883c67cb078941b4a3286569b11d2e67/gnocchi.0abc52ad-c6db-47fb-aba6-de8eb5e029a9/1780920000.0_mean_300.0_v3" 404 70 "GET http://172.18.0.2:8080/v1/AUTH_883c67cb078941b4a3286569b11d2e67/gnocchi.0abc52ad-c6db-47fb-aba6-de8eb5e029a9/1780920000.0_mean_300.0_v3" "tx453d8a7641c9445eb0bf5-006a2ae11f" "proxy-server 20" 0.0005 "-" 22 0
Jun 11 16:23:59 standalone proxy-server[130186]: 172.18.0.2 172.18.0.100 11/Jun/2026/16/23/59 GET /v1/AUTH_883c67cb078941b4a3286569b11d2e67/gnocchi.0abc52ad-c6db-47fb-aba6-de8eb5e029a9/1780920000.0_mean_300.0_v3 HTTP/1.0 404 - python-swiftclient-3.11.1 gAAAAABqKuCMWyb6... - 70 - tx453d8a7641c9445eb0bf5-006a2ae11f - 0.0131 - - 1781195039.738442183 1781195039.751577139 0
Jun 11 16:23:59 standalone container-server[128341]: 172.20.0.100 - - [11/Jun/2026:16:23:59 +0000] "PUT /d1/886/AUTH_883c67cb078941b4a3286569b11d2e67/gnocchi.0abc52ad-c6db-47fb-aba6-de8eb5e029a9/1780920000.0_mean_300.0_v3" 201 - "PUT http://172.18.0.2:8080/d1/848/AUTH_883c67cb078941b4a3286569b11d2e67/gnocchi.0abc52ad-c6db-47fb-aba6-de8eb5e029a9/1780920000.0_mean_300.0_v3" "tx3c260d4a5bc642ccbdee2-006a2ae11f" "object-server 22" 0.0011 "-" 20 0
Jun 11 16:23:59 standalone object-server[128484]: 172.20.0.100 - - [11/Jun/2026:16:23:59 +0000] "PUT /d1/848/AUTH_883c67cb078941b4a3286569b11d2e67/gnocchi.0abc52ad-c6db-47fb-aba6-de8eb5e029a9/1780920000.0_mean_300.0_v3" 201 - "PUT http://172.18.0.2:8080/v1/AUTH_883c67cb078941b4a3286569b11d2e67/gnocchi.0abc52ad-c6db-47fb-aba6-de8eb5e029a9/1780920000.0_mean_300.0_v3" "tx3c260d4a5bc642ccbdee2-006a2ae11f" "proxy-server 20" 0.0146 "-" 22 0
Jun 11 16:23:59 standalone proxy-server[130186]: 172.18.0.2 172.18.0.100 11/Jun/2026/16/23/59 PUT /v1/AUTH_883c67cb078941b4a3286569b11d2e67/gnocchi.0abc52ad-c6db-47fb-aba6-de8eb5e029a9/1780920000.0_mean_300.0_v3 HTTP/1.0 201 - python-swiftclient-3.11.1 gAAAAABqKuCMWyb6... 16 - - tx3c260d4a5bc642ccbdee2-006a2ae11f - 0.0294 - - 1781195039.757511616 1781195039.786952734 0
Jun 11 16:23:59 standalone container-server[128345]: 172.20.0.100 - - [11/Jun/2026:16:23:59 +0000] "PUT /d1/886/AUTH_883c67cb078941b4a3286569b11d2e67/gnocchi.0abc52ad-c6db-47fb-aba6-de8eb5e029a9/none_v3" 201 - "PUT http://172.18.0.2:8080/d1/806/AUTH_883c67cb078941b4a3286569b11d2e67/gnocchi.0abc52ad-c6db-47fb-aba6-de8eb5e029a9/none_v3" "tx5219e8d0d4ae4df192717-006a2ae11f" "object-server 24" 0.0010 "-" 21 0
Jun 11 16:23:59 standalone object-server[128486]: 172.20.0.100 - - [11/Jun/2026:16:23:59 +0000] "PUT /d1/806/AUTH_883c67cb078941b4a3286569b11d2e67/gnocchi.0abc52ad-c6db-47fb-aba6-de8eb5e029a9/none_v3" 201 - "PUT http://172.18.0.2:8080/v1/AUTH_883c67cb078941b4a3286569b11d2e67/gnocchi.0abc52ad-c6db-47fb-aba6-de8eb5e029a9/none_v3" "tx5219e8d0d4ae4df192717-006a2ae11f" "proxy-server 20" 0.0154 "-" 24 0
Jun 11 16:23:59 standalone proxy-server[130186]: 172.18.0.2 172.18.0.100 11/Jun/2026/16/23/59 PUT /v1/AUTH_883c67cb078941b4a3286569b11d2e67/gnocchi.0abc52ad-c6db-47fb-aba6-de8eb5e029a9/none_v3 HTTP/1.0 201 - python-swiftclient-3.11.1 gAAAAABqKuCMWyb6... 22 - - tx5219e8d0d4ae4df192717-006a2ae11f - 0.0280 - - 1781195039.791752338 1781195039.819787741 0
Jun 11 16:23:59 standalone container-server[128341]: 172.20.0.100 - - [11/Jun/2026:16:23:59 +0000] "HEAD /d1/321/AUTH_883c67cb078941b4a3286569b11d2e67/gnocchi.6e7a37b6-73d6-4774-b1d5-8c2d2cc30d5a" 404 - "HEAD http://172.18.0.2:8080/v1/AUTH_883c67cb078941b4a3286569b11d2e67/gnocchi.6e7a37b6-73d6-4774-b1d5-8c2d2cc30d5a?format=json&states=listing" "txf6a16524cf6b4e85826cd-006a2ae11f" "proxy-server 20" 0.0005 "-" 20 0
Jun 11 16:23:59 standalone object-server[128484]: 172.20.0.100 - - [11/Jun/2026:16:23:59 +0000] "GET /d1/514/AUTH_883c67cb078941b4a3286569b11d2e67/gnocchi.6e7a37b6-73d6-4774-b1d5-8c2d2cc30d5a/none_v3" 404 70 "GET http://172.18.0.2:8080/v1/AUTH_883c67cb078941b4a3286569b11d2e67/gnocchi.6e7a37b6-73d6-4774-b1d5-8c2d2cc30d5a/none_v3" "txf6a16524cf6b4e85826cd-006a2ae11f" "proxy-server 20" 0.0005 "-" 22 0
Jun 11 16:23:59 standalone proxy-server[130186]: 172.18.0.2 172.18.0.100 11/Jun/2026/16/23/59 GET /v1/AUTH_883c67cb078941b4a3286569b11d2e67/gnocchi.6e7a37b6-73d6-4774-b1d5-8c2d2cc30d5a/none_v3 HTTP/1.0 404 - python-swiftclient-3.11.1 gAAAAABqKuCMWyb6... - 70 - txf6a16524cf6b4e85826cd-006a2ae11f - 0.0150 - - 1781195039.839858294 1781195039.854902506 0
Jun 11 16:23:59 standalone account-server[128131]: 172.20.0.100 - - [11/Jun/2026:16:23:59 +0000] "PUT /d1/867/AUTH_883c67cb078941b4a3286569b11d2e67/gnocchi.6e7a37b6-73d6-4774-b1d5-8c2d2cc30d5a" 201 - "PUT http://172.20.0.100:6001/d1/321/AUTH_883c67cb078941b4a3286569b11d2e67/gnocchi.6e7a37b6-73d6-4774-b1d5-8c2d2cc30d5a" "tx7835b1e6afba459fb1e79-006a2ae11f" "container-server 23" 0.0053 "-" 19 0
Jun 11 16:23:59 standalone container-server[128355]: 172.20.0.100 - - [11/Jun/2026:16:23:59 +0000] "PUT /d1/321/AUTH_883c67cb078941b4a3286569b11d2e67/gnocchi.6e7a37b6-73d6-4774-b1d5-8c2d2cc30d5a" 201 - "PUT http://172.18.0.2:8080/v1/AUTH_883c67cb078941b4a3286569b11d2e67/gnocchi.6e7a37b6-73d6-4774-b1d5-8c2d2cc30d5a" "tx7835b1e6afba459fb1e79-006a2ae11f" "proxy-server 20" 0.0196 "-" 23 0
Jun 11 16:23:59 standalone proxy-server[130186]: 172.18.0.2 172.18.0.100 11/Jun/2026/16/23/59 PUT /v1/AUTH_883c67cb078941b4a3286569b11d2e67/gnocchi.6e7a37b6-73d6-4774-b1d5-8c2d2cc30d5a HTTP/1.0 201 - python-swiftclient-3.11.1 gAAAAABqKuCMWyb6... - - - tx7835b1e6afba459fb1e79-006a2ae11f - 0.0283 - - 1781195039.861687183 1781195039.890027046 0
Jun 11 16:23:59 standalone container-server[128341]: 172.20.0.100 - - [11/Jun/2026:16:23:59 +0000] "HEAD /d1/321/AUTH_883c67cb078941b4a3286569b11d2e67/gnocchi.6e7a37b6-73d6-4774-b1d5-8c2d2cc30d5a" 204 - "HEAD http://172.18.0.2:8080/v1/AUTH_883c67cb078941b4a3286569b11d2e67/gnocchi.6e7a37b6-73d6-4774-b1d5-8c2d2cc30d5a?format=json&states=listing" "txc30564ac5aa04c43a731f-006a2ae11f" "proxy-server 20" 0.0021 "-" 20 0
Jun 11 16:23:59 standalone proxy-server[130186]: - - 11/Jun/2026/16/23/59 HEAD /v1/AUTH_883c67cb078941b4a3286569b11d2e67/gnocchi.6e7a37b6-73d6-4774-b1d5-8c2d2cc30d5a%3Fformat%3Djson%26states%3Dlisting HTTP/1.0 204 - Swift - - - - txc30564ac5aa04c43a731f-006a2ae11f - 0.0074 RL - 1781195039.898207903 1781195039.905623436 0
Jun 11 16:23:59 standalone container-server[128341]: 172.20.0.100 - - [11/Jun/2026:16:23:59 +0000] "GET /d1/321/AUTH_883c67cb078941b4a3286569b11d2e67/gnocchi.6e7a37b6-73d6-4774-b1d5-8c2d2cc30d5a" 200 2 "GET http://172.18.0.2:8080/v1/AUTH_883c67cb078941b4a3286569b11d2e67/gnocchi.6e7a37b6-73d6-4774-b1d5-8c2d2cc30d5a?format=json&states=listing" "txc30564ac5aa04c43a731f-006a2ae11f" "proxy-server 20" 0.0033 "-" 20 0
Jun 11 16:23:59 standalone proxy-server[130186]: 172.18.0.2 172.18.0.100 11/Jun/2026/16/23/59 GET /v1/AUTH_883c67cb078941b4a3286569b11d2e67/gnocchi.6e7a37b6-73d6-4774-b1d5-8c2d2cc30d5a%3Fformat%3Djson%26states%3Dlisting HTTP/1.0 200 - python-swiftclient-3.11.1 gAAAAABqKuCMWyb6... - 2 - txc30564ac5aa04c43a731f-006a2ae11f - 0.0232 - - 1781195039.896081686 1781195039.919271946 0
Jun 11 16:23:59 standalone object-server[128487]: 172.20.0.100 - - [11/Jun/2026:16:23:59 +0000] "GET /d1/10/AUTH_883c67cb078941b4a3286569b11d2e67/gnocchi.6e7a37b6-73d6-4774-b1d5-8c2d2cc30d5a/1780920000.0_mean_300.0_v3" 404 70 "GET http://172.18.0.2:8080/v1/AUTH_883c67cb078941b4a3286569b11d2e67/gnocchi.6e7a37b6-73d6-4774-b1d5-8c2d2cc30d5a/1780920000.0_mean_300.0_v3" "txf0f73b2347634c0491fed-006a2ae11f" "proxy-server 20" 0.0019 "-" 25 0
Jun 11 16:23:59 standalone proxy-server[130186]: 172.18.0.2 172.18.0.100 11/Jun/2026/16/23/59 GET /v1/AUTH_883c67cb078941b4a3286569b11d2e67/gnocchi.6e7a37b6-73d6-4774-b1d5-8c2d2cc30d5a/1780920000.0_mean_300.0_v3 HTTP/1.0 404 - python-swiftclient-3.11.1 gAAAAABqKuCMWyb6... - 70 - txf0f73b2347634c0491fed-006a2ae11f - 0.0212 - - 1781195039.925712824 1781195039.946959734 0
Jun 11 16:23:59 standalone container-server[128345]: 172.20.0.100 - - [11/Jun/2026:16:23:59 +0000] "PUT /d1/321/AUTH_883c67cb078941b4a3286569b11d2e67/gnocchi.6e7a37b6-73d6-4774-b1d5-8c2d2cc30d5a/1780920000.0_mean_300.0_v3" 201 - "PUT http://172.18.0.2:8080/d1/10/AUTH_883c67cb078941b4a3286569b11d2e67/gnocchi.6e7a37b6-73d6-4774-b1d5-8c2d2cc30d5a/1780920000.0_mean_300.0_v3" "tx37ccc838d23f4a37a36eb-006a2ae11f" "object-server 23" 0.0013 "-" 21 0
Jun 11 16:23:59 standalone object-server[128485]: 172.20.0.100 - - [11/Jun/2026:16:23:59 +0000] "PUT /d1/10/AUTH_883c67cb078941b4a3286569b11d2e67/gnocchi.6e7a37b6-73d6-4774-b1d5-8c2d2cc30d5a/1780920000.0_mean_300.0_v3" 201 - "PUT http://172.18.0.2:8080/v1/AUTH_883c67cb078941b4a3286569b11d2e67/gnocchi.6e7a37b6-73d6-4774-b1d5-8c2d2cc30d5a/1780920000.0_mean_300.0_v3" "tx37ccc838d23f4a37a36eb-006a2ae11f" "proxy-server 20" 0.0176 "-" 23 0
Jun 11 16:23:59 standalone proxy-server[130186]: 172.18.0.2 172.18.0.100 11/Jun/2026/16/23/59 PUT /v1/AUTH_883c67cb078941b4a3286569b11d2e67/gnocchi.6e7a37b6-73d6-4774-b1d5-8c2d2cc30d5a/1780920000.0_mean_300.0_v3 HTTP/1.0 201 - python-swiftclient-3.11.1 gAAAAABqKuCMWyb6... 16 - - tx37ccc838d23f4a37a36eb-006a2ae11f - 0.0303 - - 1781195039.954646349 1781195039.984991550 0
Jun 11 16:24:00 standalone container-server[128345]: 172.20.0.100 - - [11/Jun/2026:16:24:00 +0000] "PUT /d1/321/AUTH_883c67cb078941b4a3286569b11d2e67/gnocchi.6e7a37b6-73d6-4774-b1d5-8c2d2cc30d5a/none_v3" 201 - "PUT http://172.18.0.2:8080/d1/514/AUTH_883c67cb078941b4a3286569b11d2e67/gnocchi.6e7a37b6-73d6-4774-b1d5-8c2d2cc30d5a/none_v3" "tx336edb921abb452180991-006a2ae11f" "object-server 22" 0.0015 "-" 21 0
Jun 11 16:24:00 standalone object-server[128484]: 172.20.0.100 - - [11/Jun/2026:16:24:00 +0000] "PUT /d1/514/AUTH_883c67cb078941b4a3286569b11d2e67/gnocchi.6e7a37b6-73d6-4774-b1d5-8c2d2cc30d5a/none_v3" 201 - "PUT http://172.18.0.2:8080/v1/AUTH_883c67cb078941b4a3286569b11d2e67/gnocchi.6e7a37b6-73d6-4774-b1d5-8c2d2cc30d5a/none_v3" "tx336edb921abb452180991-006a2ae11f" "proxy-server 20" 0.0169 "-" 22 0
Jun 11 16:24:00 standalone proxy-server[130186]: 172.18.0.2 172.18.0.100 11/Jun/2026/16/24/00 PUT /v1/AUTH_883c67cb078941b4a3286569b11d2e67/gnocchi.6e7a37b6-73d6-4774-b1d5-8c2d2cc30d5a/none_v3 HTTP/1.0 201 - python-swiftclient-3.11.1 gAAAAABqKuCMWyb6... 22 - - tx336edb921abb452180991-006a2ae11f - 0.0328 - - 1781195039.993763924 1781195040.026529551 0
Jun 11 16:24:10 standalone container-server[128345]: 172.20.0.100 - - [11/Jun/2026:16:24:10 +0000] "HEAD /d1/576/AUTH_883c67cb078941b4a3286569b11d2e67/gnocchi.5603a1b2-13d6-474c-924a-1e1172c30bd8" 404 - "HEAD http://172.18.0.2:8080/v1/AUTH_883c67cb078941b4a3286569b11d2e67/gnocchi.5603a1b2-13d6-474c-924a-1e1172c30bd8?format=json&states=listing" "tx5453350fbabd4b25b5d0c-006a2ae12a" "proxy-server 20" 0.0007 "-" 21 0
Jun 11 16:24:10 standalone object-server[128485]: 172.20.0.100 - - [11/Jun/2026:16:24:10 +0000] "GET /d1/662/AUTH_883c67cb078941b4a3286569b11d2e67/gnocchi.5603a1b2-13d6-474c-924a-1e1172c30bd8/none_v3" 404 70 "GET http://172.18.0.2:8080/v1/AUTH_883c67cb078941b4a3286569b11d2e67/gnocchi.5603a1b2-13d6-474c-924a-1e1172c30bd8/none_v3" "tx5453350fbabd4b25b5d0c-006a2ae12a" "proxy-server 20" 0.0009 "-" 23 0
Jun 11 16:24:10 standalone proxy-server[130186]: 172.18.0.2 172.18.0.100 11/Jun/2026/16/24/10 GET /v1/AUTH_883c67cb078941b4a3286569b11d2e67/gnocchi.5603a1b2-13d6-474c-924a-1e1172c30bd8/none_v3 HTTP/1.0 404 - python-swiftclient-3.11.1 gAAAAABqKuCMWyb6... - 70 - tx5453350fbabd4b25b5d0c-006a2ae12a - 0.0153 - - 1781195050.497432470 1781195050.512773037 0
Jun 11 16:24:10 standalone account-server[128111]: 172.20.0.100 - - [11/Jun/2026:16:24:10 +0000] "PUT /d1/867/AUTH_883c67cb078941b4a3286569b11d2e67/gnocchi.5603a1b2-13d6-474c-924a-1e1172c30bd8" 201 - "PUT http://172.20.0.100:6001/d1/576/AUTH_883c67cb078941b4a3286569b11d2e67/gnocchi.5603a1b2-13d6-474c-924a-1e1172c30bd8" "tx86dc29ba5c2e45ed95c18-006a2ae12a" "container-server 22" 0.0052 "-" 17 0
Jun 11 16:24:10 standalone container-server[128353]: 172.20.0.100 - - [11/Jun/2026:16:24:10 +0000] "PUT /d1/576/AUTH_883c67cb078941b4a3286569b11d2e67/gnocchi.5603a1b2-13d6-474c-924a-1e1172c30bd8" 201 - "PUT http://172.18.0.2:8080/v1/AUTH_883c67cb078941b4a3286569b11d2e67/gnocchi.5603a1b2-13d6-474c-924a-1e1172c30bd8" "tx86dc29ba5c2e45ed95c18-006a2ae12a" "proxy-server 20" 0.0182 "-" 22 0
Jun 11 16:24:10 standalone proxy-server[130186]: 172.18.0.2 172.18.0.100 11/Jun/2026/16/24/10 PUT /v1/AUTH_883c67cb078941b4a3286569b11d2e67/gnocchi.5603a1b2-13d6-474c-924a-1e1172c30bd8 HTTP/1.0 201 - python-swiftclient-3.11.1 gAAAAABqKuCMWyb6... - - - tx86dc29ba5c2e45ed95c18-006a2ae12a - 0.0235 - - 1781195050.515013218 1781195050.538545609 0
Jun 11 16:24:10 standalone container-server[128341]: 172.20.0.100 - - [11/Jun/2026:16:24:10 +0000] "HEAD /d1/576/AUTH_883c67cb078941b4a3286569b11d2e67/gnocchi.5603a1b2-13d6-474c-924a-1e1172c30bd8" 204 - "HEAD http://172.18.0.2:8080/v1/AUTH_883c67cb078941b4a3286569b11d2e67/gnocchi.5603a1b2-13d6-474c-924a-1e1172c30bd8?format=json&states=listing" "txd5bfcf9b7fdf42daaed88-006a2ae12a" "proxy-server 20" 0.0027 "-" 20 0
Jun 11 16:24:10 standalone proxy-server[130186]: - - 11/Jun/2026/16/24/10 HEAD /v1/AUTH_883c67cb078941b4a3286569b11d2e67/gnocchi.5603a1b2-13d6-474c-924a-1e1172c30bd8%3Fformat%3Djson%26states%3Dlisting HTTP/1.0 204 - Swift - - - - txd5bfcf9b7fdf42daaed88-006a2ae12a - 0.0069 RL - 1781195050.543208599 1781195050.550064564 0
Jun 11 16:24:10 standalone container-server[128345]: 172.20.0.100 - - [11/Jun/2026:16:24:10 +0000] "GET /d1/576/AUTH_883c67cb078941b4a3286569b11d2e67/gnocchi.5603a1b2-13d6-474c-924a-1e1172c30bd8" 200 2 "GET http://172.18.0.2:8080/v1/AUTH_883c67cb078941b4a3286569b11d2e67/gnocchi.5603a1b2-13d6-474c-924a-1e1172c30bd8?format=json&states=listing" "txd5bfcf9b7fdf42daaed88-006a2ae12a" "proxy-server 20" 0.0021 "-" 21 0
Jun 11 16:24:10 standalone proxy-server[130186]: 172.18.0.2 172.18.0.100 11/Jun/2026/16/24/10 GET /v1/AUTH_883c67cb078941b4a3286569b11d2e67/gnocchi.5603a1b2-13d6-474c-924a-1e1172c30bd8%3Fformat%3Djson%26states%3Dlisting HTTP/1.0 200 - python-swiftclient-3.11.1 gAAAAABqKuCMWyb6... - 2 - txd5bfcf9b7fdf42daaed88-006a2ae12a - 0.0155 - - 1781195050.540976524 1781195050.556517839 0
Jun 11 16:24:10 standalone object-server[128486]: 172.20.0.100 - - [11/Jun/2026:16:24:10 +0000] "GET /d1/690/AUTH_883c67cb078941b4a3286569b11d2e67/gnocchi.5603a1b2-13d6-474c-924a-1e1172c30bd8/1780920000.0_mean_300.0_v3" 404 70 "GET http://172.18.0.2:8080/v1/AUTH_883c67cb078941b4a3286569b11d2e67/gnocchi.5603a1b2-13d6-474c-924a-1e1172c30bd8/1780920000.0_mean_300.0_v3" "tx21e515d4f4ae4e92a5c45-006a2ae12a" "proxy-server 20" 0.0006 "-" 24 0
Jun 11 16:24:10 standalone proxy-server[130186]: 172.18.0.2 172.18.0.100 11/Jun/2026/16/24/10 GET /v1/AUTH_883c67cb078941b4a3286569b11d2e67/gnocchi.5603a1b2-13d6-474c-924a-1e1172c30bd8/1780920000.0_mean_300.0_v3 HTTP/1.0 404 - python-swiftclient-3.11.1 gAAAAABqKuCMWyb6... - 70 - tx21e515d4f4ae4e92a5c45-006a2ae12a - 0.0046 - - 1781195050.559247255 1781195050.563807487 0
Jun 11 16:24:10 standalone container-server[128355]: 172.20.0.100 - - [11/Jun/2026:16:24:10 +0000] "PUT /d1/576/AUTH_883c67cb078941b4a3286569b11d2e67/gnocchi.5603a1b2-13d6-474c-924a-1e1172c30bd8/1780920000.0_mean_300.0_v3" 201 - "PUT http://172.18.0.2:8080/d1/690/AUTH_883c67cb078941b4a3286569b11d2e67/gnocchi.5603a1b2-13d6-474c-924a-1e1172c30bd8/1780920000.0_mean_300.0_v3" "txd0af3dfaaab74061abb76-006a2ae12a" "object-server 25" 0.0010 "-" 23 0
Jun 11 16:24:10 standalone object-server[128487]: 172.20.0.100 - - [11/Jun/2026:16:24:10 +0000] "PUT /d1/690/AUTH_883c67cb078941b4a3286569b11d2e67/gnocchi.5603a1b2-13d6-474c-924a-1e1172c30bd8/1780920000.0_mean_300.0_v3" 201 - "PUT http://172.18.0.2:8080/v1/AUTH_883c67cb078941b4a3286569b11d2e67/gnocchi.5603a1b2-13d6-474c-924a-1e1172c30bd8/1780920000.0_mean_300.0_v3" "txd0af3dfaaab74061abb76-006a2ae12a" "proxy-server 20" 0.0126 "-" 25 0
Jun 11 16:24:10 standalone proxy-server[130186]: 172.18.0.2 172.18.0.100 11/Jun/2026/16/24/10 PUT /v1/AUTH_883c67cb078941b4a3286569b11d2e67/gnocchi.5603a1b2-13d6-474c-924a-1e1172c30bd8/1780920000.0_mean_300.0_v3 HTTP/1.0 201 - python-swiftclient-3.11.1 gAAAAABqKuCMWyb6... 16 - - txd0af3dfaaab74061abb76-006a2ae12a - 0.0176 - - 1781195050.565817356 1781195050.583435774 0
Jun 11 16:24:10 standalone container-server[128353]: 172.20.0.100 - - [11/Jun/2026:16:24:10 +0000] "PUT /d1/576/AUTH_883c67cb078941b4a3286569b11d2e67/gnocchi.5603a1b2-13d6-474c-924a-1e1172c30bd8/none_v3" 201 - "PUT http://172.18.0.2:8080/d1/662/AUTH_883c67cb078941b4a3286569b11d2e67/gnocchi.5603a1b2-13d6-474c-924a-1e1172c30bd8/none_v3" "txb52bae15bce94f0c87e27-006a2ae12a" "object-server 23" 0.0006 "-" 22 0
Jun 11 16:24:10 standalone object-server[128485]: 172.20.0.100 - - [11/Jun/2026:16:24:10 +0000] "PUT /d1/662/AUTH_883c67cb078941b4a3286569b11d2e67/gnocchi.5603a1b2-13d6-474c-924a-1e1172c30bd8/none_v3" 201 - "PUT http://172.18.0.2:8080/v1/AUTH_883c67cb078941b4a3286569b11d2e67/gnocchi.5603a1b2-13d6-474c-924a-1e1172c30bd8/none_v3" "txb52bae15bce94f0c87e27-006a2ae12a" "proxy-server 20" 0.0123 "-" 23 0
Jun 11 16:24:10 standalone proxy-server[130186]: 172.18.0.2 172.18.0.100 11/Jun/2026/16/24/10 PUT /v1/AUTH_883c67cb078941b4a3286569b11d2e67/gnocchi.5603a1b2-13d6-474c-924a-1e1172c30bd8/none_v3 HTTP/1.0 201 - python-swiftclient-3.11.1 gAAAAABqKuCMWyb6... 22 - - txb52bae15bce94f0c87e27-006a2ae12a - 0.0172 - - 1781195050.585330248 1781195050.602487564 0
Jun 11 16:24:16 standalone object-server[128487]: 172.20.0.100 - - [11/Jun/2026:16:24:16 +0000] "GET /d1/662/AUTH_883c67cb078941b4a3286569b11d2e67/gnocchi.5603a1b2-13d6-474c-924a-1e1172c30bd8/none_v3" 200 22 "GET http://172.18.0.2:8080/v1/AUTH_883c67cb078941b4a3286569b11d2e67/gnocchi.5603a1b2-13d6-474c-924a-1e1172c30bd8/none_v3" "txbb478ca2003d46d7be58c-006a2ae130" "proxy-server 20" 0.0018 "-" 25 0
Jun 11 16:24:16 standalone proxy-server[130186]: 172.18.0.2 172.18.0.100 11/Jun/2026/16/24/16 GET /v1/AUTH_883c67cb078941b4a3286569b11d2e67/gnocchi.5603a1b2-13d6-474c-924a-1e1172c30bd8/none_v3 HTTP/1.0 200 - python-swiftclient-3.11.1 gAAAAABqKuCMWyb6... - 22 - txbb478ca2003d46d7be58c-006a2ae130 - 0.0119 - - 1781195056.230967283 1781195056.242824554 0
Jun 11 16:24:16 standalone container-server[128341]: 172.20.0.100 - - [11/Jun/2026:16:24:16 +0000] "GET /d1/576/AUTH_883c67cb078941b4a3286569b11d2e67/gnocchi.5603a1b2-13d6-474c-924a-1e1172c30bd8" 200 357 "GET http://172.18.0.2:8080/v1/AUTH_883c67cb078941b4a3286569b11d2e67/gnocchi.5603a1b2-13d6-474c-924a-1e1172c30bd8?format=json&states=listing" "tx5cfb65850cac42d6bd700-006a2ae130" "proxy-server 20" 0.0140 "-" 20 0
Jun 11 16:24:16 standalone proxy-server[130186]: 172.18.0.2 172.18.0.100 11/Jun/2026/16/24/16 GET /v1/AUTH_883c67cb078941b4a3286569b11d2e67/gnocchi.5603a1b2-13d6-474c-924a-1e1172c30bd8%3Fformat%3Djson%26states%3Dlisting HTTP/1.0 200 - python-swiftclient-3.11.1 gAAAAABqKuCMWyb6... - 357 - tx5cfb65850cac42d6bd700-006a2ae130 - 0.0265 - - 1781195056.248441935 1781195056.274945974 0
Jun 11 16:24:16 standalone container-server[128345]: 172.20.0.100 - - [11/Jun/2026:16:24:16 +0000] "GET /d1/576/AUTH_883c67cb078941b4a3286569b11d2e67/gnocchi.5603a1b2-13d6-474c-924a-1e1172c30bd8" 200 2 "GET http://172.18.0.2:8080/v1/AUTH_883c67cb078941b4a3286569b11d2e67/gnocchi.5603a1b2-13d6-474c-924a-1e1172c30bd8?format=json&marker=none_v3&states=listing" "tx04ff774be6a042769a2f2-006a2ae130" "proxy-server 20" 0.0042 "-" 21 0
Jun 11 16:24:16 standalone proxy-server[130186]: 172.18.0.2 172.18.0.100 11/Jun/2026/16/24/16 GET /v1/AUTH_883c67cb078941b4a3286569b11d2e67/gnocchi.5603a1b2-13d6-474c-924a-1e1172c30bd8%3Fformat%3Djson%26marker%3Dnone_v3%26states%3Dlisting HTTP/1.0 200 - python-swiftclient-3.11.1 gAAAAABqKuCMWyb6... - 2 - tx04ff774be6a042769a2f2-006a2ae130 - 0.0160 - - 1781195056.279676676 1781195056.295636892 0
Jun 11 16:24:16 standalone object-server[128487]: 172.20.0.100 - - [11/Jun/2026:16:24:16 +0000] "GET /d1/690/AUTH_883c67cb078941b4a3286569b11d2e67/gnocchi.5603a1b2-13d6-474c-924a-1e1172c30bd8/1780920000.0_mean_300.0_v3" 200 16 "GET http://172.18.0.2:8080/v1/AUTH_883c67cb078941b4a3286569b11d2e67/gnocchi.5603a1b2-13d6-474c-924a-1e1172c30bd8/1780920000.0_mean_300.0_v3" "txd20557d7ed6646cea3ae0-006a2ae130" "proxy-server 20" 0.0011 "-" 25 0
Jun 11 16:24:16 standalone proxy-server[130186]: 172.18.0.2 172.18.0.100 11/Jun/2026/16/24/16 GET /v1/AUTH_883c67cb078941b4a3286569b11d2e67/gnocchi.5603a1b2-13d6-474c-924a-1e1172c30bd8/1780920000.0_mean_300.0_v3 HTTP/1.0 200 - python-swiftclient-3.11.1 gAAAAABqKuCMWyb6... - 16 - txd20557d7ed6646cea3ae0-006a2ae130 - 0.0107 - - 1781195056.301077843 1781195056.311825514 0
Jun 11 16:24:16 standalone container-server[128353]: 172.20.0.100 - - [11/Jun/2026:16:24:16 +0000] "PUT /d1/576/AUTH_883c67cb078941b4a3286569b11d2e67/gnocchi.5603a1b2-13d6-474c-924a-1e1172c30bd8/1780920000.0_mean_300.0_v3" 201 - "PUT http://172.18.0.2:8080/d1/690/AUTH_883c67cb078941b4a3286569b11d2e67/gnocchi.5603a1b2-13d6-474c-924a-1e1172c30bd8/1780920000.0_mean_300.0_v3" "tx968fc58bae074cac8db90-006a2ae130" "object-server 24" 0.0011 "-" 22 0
Jun 11 16:24:16 standalone object-server[128486]: 172.20.0.100 - - [11/Jun/2026:16:24:16 +0000] "PUT /d1/690/AUTH_883c67cb078941b4a3286569b11d2e67/gnocchi.5603a1b2-13d6-474c-924a-1e1172c30bd8/1780920000.0_mean_300.0_v3" 201 - "PUT http://172.18.0.2:8080/v1/AUTH_883c67cb078941b4a3286569b11d2e67/gnocchi.5603a1b2-13d6-474c-924a-1e1172c30bd8/1780920000.0_mean_300.0_v3" "tx968fc58bae074cac8db90-006a2ae130" "proxy-server 20" 0.0139 "-" 24 0
Jun 11 16:24:16 standalone proxy-server[130186]: 172.18.0.2 172.18.0.100 11/Jun/2026/16/24/16 PUT /v1/AUTH_883c67cb078941b4a3286569b11d2e67/gnocchi.5603a1b2-13d6-474c-924a-1e1172c30bd8/1780920000.0_mean_300.0_v3 HTTP/1.0 201 - python-swiftclient-3.11.1 gAAAAABqKuCMWyb6... 16 - - tx968fc58bae074cac8db90-006a2ae130 - 0.0219 - - 1781195056.317068100 1781195056.338944912 0
Jun 11 16:24:16 standalone container-server[128355]: 172.20.0.100 - - [11/Jun/2026:16:24:16 +0000] "PUT /d1/576/AUTH_883c67cb078941b4a3286569b11d2e67/gnocchi.5603a1b2-13d6-474c-924a-1e1172c30bd8/none_v3" 201 - "PUT http://172.18.0.2:8080/d1/662/AUTH_883c67cb078941b4a3286569b11d2e67/gnocchi.5603a1b2-13d6-474c-924a-1e1172c30bd8/none_v3" "txb402bd57164e48899f009-006a2ae130" "object-server 25" 0.0009 "-" 23 0
Jun 11 16:24:16 standalone object-server[128487]: 172.20.0.100 - - [11/Jun/2026:16:24:16 +0000] "PUT /d1/662/AUTH_883c67cb078941b4a3286569b11d2e67/gnocchi.5603a1b2-13d6-474c-924a-1e1172c30bd8/none_v3" 201 - "PUT http://172.18.0.2:8080/v1/AUTH_883c67cb078941b4a3286569b11d2e67/gnocchi.5603a1b2-13d6-474c-924a-1e1172c30bd8/none_v3" "txb402bd57164e48899f009-006a2ae130" "proxy-server 20" 0.0136 "-" 25 0
Jun 11 16:24:16 standalone proxy-server[130186]: 172.18.0.2 172.18.0.100 11/Jun/2026/16/24/16 PUT /v1/AUTH_883c67cb078941b4a3286569b11d2e67/gnocchi.5603a1b2-13d6-474c-924a-1e1172c30bd8/none_v3 HTTP/1.0 201 - python-swiftclient-3.11.1 gAAAAABqKuCMWyb6... 32 - - txb402bd57164e48899f009-006a2ae130 - 0.0208 - - 1781195056.342763424 1781195056.363549471 0
Jun 11 16:24:46 standalone object-server[128388]: Begin object update sweep
Jun 11 16:24:46 standalone object-server[241328]: Object update sweep starting on /srv/node/d1 (pid: 14)
Jun 11 16:24:46 standalone object-server[241328]: Object update sweep completed on /srv/node/d1 in 0.00s seconds:, 0 successes, 0 failures, 0 quarantines, 0 unlinks, 0 errors, 0 redirects (pid: 14)
Jun 11 16:24:46 standalone object-server[241328]: Object update sweep of d1 completed: 0.00s, 0 successes, 0 failures, 0 quarantines, 0 unlinks, 0 errors, 0 redirects
Jun 11 16:24:46 standalone object-server[128388]: Object update sweep completed: 0.11s
Jun 11 16:24:46 standalone account-server[128121]: 172.20.0.100 - - [11/Jun/2026:16:24:46 +0000] "HEAD /d1/867/AUTH_883c67cb078941b4a3286569b11d2e67" 204 - "HEAD http://172.18.0.2:8080/v1/AUTH_883c67cb078941b4a3286569b11d2e67?format=json" "txf2c515c0c51b4451b2701-006a2ae14e" "proxy-server 20" 0.0048 "-" 18 -
Jun 11 16:24:46 standalone proxy-server[130186]: - - 11/Jun/2026/16/24/46 HEAD /v1/AUTH_883c67cb078941b4a3286569b11d2e67%3Fformat%3Djson HTTP/1.0 204 - Swift - - - - txf2c515c0c51b4451b2701-006a2ae14e - 0.0108 RL - 1781195086.288219213 1781195086.299041748 -
Jun 11 16:24:46 standalone container-server[128345]: 172.20.0.100 - - [11/Jun/2026:16:24:46 +0000] "HEAD /d1/854/AUTH_883c67cb078941b4a3286569b11d2e67/gnocchi.8df12b18-fbaf-409d-838d-acab9d2f5dc8" 404 - "HEAD http://172.18.0.2:8080/v1/AUTH_883c67cb078941b4a3286569b11d2e67/gnocchi.8df12b18-fbaf-409d-838d-acab9d2f5dc8?format=json&states=listing" "txf2c515c0c51b4451b2701-006a2ae14e" "proxy-server 20" 0.0008 "-" 21 0
Jun 11 16:24:46 standalone object-server[128484]: 172.20.0.100 - - [11/Jun/2026:16:24:46 +0000] "GET /d1/615/AUTH_883c67cb078941b4a3286569b11d2e67/gnocchi.8df12b18-fbaf-409d-838d-acab9d2f5dc8/none_v3" 404 70 "GET http://172.18.0.2:8080/v1/AUTH_883c67cb078941b4a3286569b11d2e67/gnocchi.8df12b18-fbaf-409d-838d-acab9d2f5dc8/none_v3" "txf2c515c0c51b4451b2701-006a2ae14e" "proxy-server 20" 0.0006 "-" 22 0
Jun 11 16:24:46 standalone proxy-server[130186]: 172.18.0.2 172.18.0.100 11/Jun/2026/16/24/46 GET /v1/AUTH_883c67cb078941b4a3286569b11d2e67/gnocchi.8df12b18-fbaf-409d-838d-acab9d2f5dc8/none_v3 HTTP/1.0 404 - python-swiftclient-3.11.1 gAAAAABqKuCMWyb6... - 70 - txf2c515c0c51b4451b2701-006a2ae14e - 0.0278 - - 1781195086.286818027 1781195086.314616203 0
Jun 11 16:24:46 standalone account-server[128121]: 172.20.0.100 - - [11/Jun/2026:16:24:46 +0000] "PUT /d1/867/AUTH_883c67cb078941b4a3286569b11d2e67/gnocchi.8df12b18-fbaf-409d-838d-acab9d2f5dc8" 201 - "PUT http://172.20.0.100:6001/d1/854/AUTH_883c67cb078941b4a3286569b11d2e67/gnocchi.8df12b18-fbaf-409d-838d-acab9d2f5dc8" "txe0111e2beb63488a91c17-006a2ae14e" "container-server 23" 0.0011 "-" 18 0
Jun 11 16:24:46 standalone container-server[128355]: 172.20.0.100 - - [11/Jun/2026:16:24:46 +0000] "PUT /d1/854/AUTH_883c67cb078941b4a3286569b11d2e67/gnocchi.8df12b18-fbaf-409d-838d-acab9d2f5dc8" 201 - "PUT http://172.18.0.2:8080/v1/AUTH_883c67cb078941b4a3286569b11d2e67/gnocchi.8df12b18-fbaf-409d-838d-acab9d2f5dc8" "txe0111e2beb63488a91c17-006a2ae14e" "proxy-server 20" 0.0173 "-" 23 0
Jun 11 16:24:46 standalone proxy-server[130186]: 172.18.0.2 172.18.0.100 11/Jun/2026/16/24/46 PUT /v1/AUTH_883c67cb078941b4a3286569b11d2e67/gnocchi.8df12b18-fbaf-409d-838d-acab9d2f5dc8 HTTP/1.0 201 - python-swiftclient-3.11.1 gAAAAABqKuCMWyb6... - - - txe0111e2beb63488a91c17-006a2ae14e - 0.0256 - - 1781195086.320839882 1781195086.346396923 0
Jun 11 16:24:46 standalone container-server[128355]: 172.20.0.100 - - [11/Jun/2026:16:24:46 +0000] "HEAD /d1/854/AUTH_883c67cb078941b4a3286569b11d2e67/gnocchi.8df12b18-fbaf-409d-838d-acab9d2f5dc8" 204 - "HEAD http://172.18.0.2:8080/v1/AUTH_883c67cb078941b4a3286569b11d2e67/gnocchi.8df12b18-fbaf-409d-838d-acab9d2f5dc8?format=json&states=listing" "txba92580f5982413b9d30e-006a2ae14e" "proxy-server 20" 0.0025 "-" 23 0
Jun 11 16:24:46 standalone proxy-server[130186]: - - 11/Jun/2026/16/24/46 HEAD /v1/AUTH_883c67cb078941b4a3286569b11d2e67/gnocchi.8df12b18-fbaf-409d-838d-acab9d2f5dc8%3Fformat%3Djson%26states%3Dlisting HTTP/1.0 204 - Swift - - - - txba92580f5982413b9d30e-006a2ae14e - 0.0071 RL - 1781195086.355262995 1781195086.362342358 0
Jun 11 16:24:46 standalone container-server[128341]: 172.20.0.100 - - [11/Jun/2026:16:24:46 +0000] "GET /d1/854/AUTH_883c67cb078941b4a3286569b11d2e67/gnocchi.8df12b18-fbaf-409d-838d-acab9d2f5dc8" 200 2 "GET http://172.18.0.2:8080/v1/AUTH_883c67cb078941b4a3286569b11d2e67/gnocchi.8df12b18-fbaf-409d-838d-acab9d2f5dc8?format=json&states=listing" "txba92580f5982413b9d30e-006a2ae14e" "proxy-server 20" 0.0023 "-" 20 0
Jun 11 16:24:46 standalone proxy-server[130186]: 172.18.0.2 172.18.0.100 11/Jun/2026/16/24/46 GET /v1/AUTH_883c67cb078941b4a3286569b11d2e67/gnocchi.8df12b18-fbaf-409d-838d-acab9d2f5dc8%3Fformat%3Djson%26states%3Dlisting HTTP/1.0 200 - python-swiftclient-3.11.1 gAAAAABqKuCMWyb6... - 2 - txba92580f5982413b9d30e-006a2ae14e - 0.0190 - - 1781195086.353108168 1781195086.372096300 0
Jun 11 16:24:46 standalone object-server[128484]: 172.20.0.100 - - [11/Jun/2026:16:24:46 +0000] "GET /d1/101/AUTH_883c67cb078941b4a3286569b11d2e67/gnocchi.8df12b18-fbaf-409d-838d-acab9d2f5dc8/1780920000.0_mean_300.0_v3" 404 70 "GET http://172.18.0.2:8080/v1/AUTH_883c67cb078941b4a3286569b11d2e67/gnocchi.8df12b18-fbaf-409d-838d-acab9d2f5dc8/1780920000.0_mean_300.0_v3" "txf9c00aa052b54264b6424-006a2ae14e" "proxy-server 20" 0.0004 "-" 22 0
Jun 11 16:24:46 standalone proxy-server[130186]: 172.18.0.2 172.18.0.100 11/Jun/2026/16/24/46 GET /v1/AUTH_883c67cb078941b4a3286569b11d2e67/gnocchi.8df12b18-fbaf-409d-838d-acab9d2f5dc8/1780920000.0_mean_300.0_v3 HTTP/1.0 404 - python-swiftclient-3.11.1 gAAAAABqKuCMWyb6... - 70 - txf9c00aa052b54264b6424-006a2ae14e - 0.0101 - - 1781195086.376203537 1781195086.386323214 0
Jun 11 16:24:46 standalone container-server[128345]: 172.20.0.100 - - [11/Jun/2026:16:24:46 +0000] "PUT /d1/854/AUTH_883c67cb078941b4a3286569b11d2e67/gnocchi.8df12b18-fbaf-409d-838d-acab9d2f5dc8/1780920000.0_mean_300.0_v3" 201 - "PUT http://172.18.0.2:8080/d1/101/AUTH_883c67cb078941b4a3286569b11d2e67/gnocchi.8df12b18-fbaf-409d-838d-acab9d2f5dc8/1780920000.0_mean_300.0_v3" "tx79e68a5fe8794e37a7ae0-006a2ae14e" "object-server 23" 0.0006 "-" 21 0
Jun 11 16:24:46 standalone object-server[128485]: 172.20.0.100 - - [11/Jun/2026:16:24:46 +0000] "PUT /d1/101/AUTH_883c67cb078941b4a3286569b11d2e67/gnocchi.8df12b18-fbaf-409d-838d-acab9d2f5dc8/1780920000.0_mean_300.0_v3" 201 - "PUT http://172.18.0.2:8080/v1/AUTH_883c67cb078941b4a3286569b11d2e67/gnocchi.8df12b18-fbaf-409d-838d-acab9d2f5dc8/1780920000.0_mean_300.0_v3" "tx79e68a5fe8794e37a7ae0-006a2ae14e" "proxy-server 20" 0.0104 "-" 23 0
Jun 11 16:24:46 standalone proxy-server[130186]: 172.18.0.2 172.18.0.100 11/Jun/2026/16/24/46 PUT /v1/AUTH_883c67cb078941b4a3286569b11d2e67/gnocchi.8df12b18-fbaf-409d-838d-acab9d2f5dc8/1780920000.0_mean_300.0_v3 HTTP/1.0 201 - python-swiftclient-3.11.1 gAAAAABqKuCMWyb6... 16 - - tx79e68a5fe8794e37a7ae0-006a2ae14e - 0.0204 - - 1781195086.393097878 1781195086.413462162 0
Jun 11 16:24:46 standalone container-server[128353]: 172.20.0.100 - - [11/Jun/2026:16:24:46 +0000] "PUT /d1/854/AUTH_883c67cb078941b4a3286569b11d2e67/gnocchi.8df12b18-fbaf-409d-838d-acab9d2f5dc8/none_v3" 201 - "PUT http://172.18.0.2:8080/d1/615/AUTH_883c67cb078941b4a3286569b11d2e67/gnocchi.8df12b18-fbaf-409d-838d-acab9d2f5dc8/none_v3" "txeb9e560fc9294612a0d4c-006a2ae14e" "object-server 24" 0.0005 "-" 22 0
Jun 11 16:24:46 standalone object-server[128486]: 172.20.0.100 - - [11/Jun/2026:16:24:46 +0000] "PUT /d1/615/AUTH_883c67cb078941b4a3286569b11d2e67/gnocchi.8df12b18-fbaf-409d-838d-acab9d2f5dc8/none_v3" 201 - "PUT http://172.18.0.2:8080/v1/AUTH_883c67cb078941b4a3286569b11d2e67/gnocchi.8df12b18-fbaf-409d-838d-acab9d2f5dc8/none_v3" "txeb9e560fc9294612a0d4c-006a2ae14e" "proxy-server 20" 0.0092 "-" 24 0
Jun 11 16:24:46 standalone proxy-server[130186]: 172.18.0.2 172.18.0.100 11/Jun/2026/16/24/46 PUT /v1/AUTH_883c67cb078941b4a3286569b11d2e67/gnocchi.8df12b18-fbaf-409d-838d-acab9d2f5dc8/none_v3 HTTP/1.0 201 - python-swiftclient-3.11.1 gAAAAABqKuCMWyb6... 22 - - txeb9e560fc9294612a0d4c-006a2ae14e - 0.0158 - - 1781195086.417526245 1781195086.433300972 0
Jun 11 16:24:46 standalone container-server[128355]: 172.20.0.100 - - [11/Jun/2026:16:24:46 +0000] "HEAD /d1/495/AUTH_883c67cb078941b4a3286569b11d2e67/gnocchi.9716af55-6882-4c4c-ac62-7a2b84e89172" 404 - "HEAD http://172.18.0.2:8080/v1/AUTH_883c67cb078941b4a3286569b11d2e67/gnocchi.9716af55-6882-4c4c-ac62-7a2b84e89172?format=json&states=listing" "txde2c777db615417793066-006a2ae14e" "proxy-server 20" 0.0005 "-" 23 0
Jun 11 16:24:46 standalone object-server[128487]: 172.20.0.100 - - [11/Jun/2026:16:24:46 +0000] "GET /d1/711/AUTH_883c67cb078941b4a3286569b11d2e67/gnocchi.9716af55-6882-4c4c-ac62-7a2b84e89172/none_v3" 404 70 "GET http://172.18.0.2:8080/v1/AUTH_883c67cb078941b4a3286569b11d2e67/gnocchi.9716af55-6882-4c4c-ac62-7a2b84e89172/none_v3" "txde2c777db615417793066-006a2ae14e" "proxy-server 20" 0.0004 "-" 25 0
Jun 11 16:24:46 standalone proxy-server[130186]: 172.18.0.2 172.18.0.100 11/Jun/2026/16/24/46 GET /v1/AUTH_883c67cb078941b4a3286569b11d2e67/gnocchi.9716af55-6882-4c4c-ac62-7a2b84e89172/none_v3 HTTP/1.0 404 - python-swiftclient-3.11.1 gAAAAABqKuCMWyb6... - 70 - txde2c777db615417793066-006a2ae14e - 0.0150 - - 1781195086.443539143 1781195086.458557129 0
Jun 11 16:24:46 standalone account-server[128111]: 172.20.0.100 - - [11/Jun/2026:16:24:46 +0000] "PUT /d1/867/AUTH_883c67cb078941b4a3286569b11d2e67/gnocchi.9716af55-6882-4c4c-ac62-7a2b84e89172" 201 - "PUT http://172.20.0.100:6001/d1/495/AUTH_883c67cb078941b4a3286569b11d2e67/gnocchi.9716af55-6882-4c4c-ac62-7a2b84e89172" "txf0846f0d5828492590b52-006a2ae14e" "container-server 22" 0.0042 "-" 17 0
Jun 11 16:24:46 standalone container-server[128353]: 172.20.0.100 - - [11/Jun/2026:16:24:46 +0000] "PUT /d1/495/AUTH_883c67cb078941b4a3286569b11d2e67/gnocchi.9716af55-6882-4c4c-ac62-7a2b84e89172" 201 - "PUT http://172.18.0.2:8080/v1/AUTH_883c67cb078941b4a3286569b11d2e67/gnocchi.9716af55-6882-4c4c-ac62-7a2b84e89172" "txf0846f0d5828492590b52-006a2ae14e" "proxy-server 20" 0.0132 "-" 22 0
Jun 11 16:24:46 standalone proxy-server[130186]: 172.18.0.2 172.18.0.100 11/Jun/2026/16/24/46 PUT /v1/AUTH_883c67cb078941b4a3286569b11d2e67/gnocchi.9716af55-6882-4c4c-ac62-7a2b84e89172 HTTP/1.0 201 - python-swiftclient-3.11.1 gAAAAABqKuCMWyb6... - - - txf0846f0d5828492590b52-006a2ae14e - 0.0252 - - 1781195086.461018801 1781195086.486221552 0
Jun 11 16:24:46 standalone container-server[128353]: 172.20.0.100 - - [11/Jun/2026:16:24:46 +0000] "HEAD /d1/495/AUTH_883c67cb078941b4a3286569b11d2e67/gnocchi.9716af55-6882-4c4c-ac62-7a2b84e89172" 204 - "HEAD http://172.18.0.2:8080/v1/AUTH_883c67cb078941b4a3286569b11d2e67/gnocchi.9716af55-6882-4c4c-ac62-7a2b84e89172?format=json&states=listing" "tx7634ec33d3c541429ac4f-006a2ae14e" "proxy-server 20" 0.0011 "-" 22 0
Jun 11 16:24:46 standalone proxy-server[130186]: - - 11/Jun/2026/16/24/46 HEAD /v1/AUTH_883c67cb078941b4a3286569b11d2e67/gnocchi.9716af55-6882-4c4c-ac62-7a2b84e89172%3Fformat%3Djson%26states%3Dlisting HTTP/1.0 204 - Swift - - - - tx7634ec33d3c541429ac4f-006a2ae14e - 0.0065 RL - 1781195086.493887901 1781195086.500409365 0
Jun 11 16:24:46 standalone container-server[128353]: 172.20.0.100 - - [11/Jun/2026:16:24:46 +0000] "GET /d1/495/AUTH_883c67cb078941b4a3286569b11d2e67/gnocchi.9716af55-6882-4c4c-ac62-7a2b84e89172" 200 2 "GET http://172.18.0.2:8080/v1/AUTH_883c67cb078941b4a3286569b11d2e67/gnocchi.9716af55-6882-4c4c-ac62-7a2b84e89172?format=json&states=listing" "tx7634ec33d3c541429ac4f-006a2ae14e" "proxy-server 20" 0.0022 "-" 22 0
Jun 11 16:24:46 standalone proxy-server[130186]: 172.18.0.2 172.18.0.100 11/Jun/2026/16/24/46 GET /v1/AUTH_883c67cb078941b4a3286569b11d2e67/gnocchi.9716af55-6882-4c4c-ac62-7a2b84e89172%3Fformat%3Djson%26states%3Dlisting HTTP/1.0 200 - python-swiftclient-3.11.1 gAAAAABqKuCMWyb6... - 2 - tx7634ec33d3c541429ac4f-006a2ae14e - 0.0209 - - 1781195086.490988731 1781195086.511872530 0
Jun 11 16:24:46 standalone object-server[128487]: 172.20.0.100 - - [11/Jun/2026:16:24:46 +0000] "GET /d1/706/AUTH_883c67cb078941b4a3286569b11d2e67/gnocchi.9716af55-6882-4c4c-ac62-7a2b84e89172/1780920000.0_mean_300.0_v3" 404 70 "GET http://172.18.0.2:8080/v1/AUTH_883c67cb078941b4a3286569b11d2e67/gnocchi.9716af55-6882-4c4c-ac62-7a2b84e89172/1780920000.0_mean_300.0_v3" "tx7f65bbcdf2db4223a806c-006a2ae14e" "proxy-server 20" 0.0004 "-" 25 0
Jun 11 16:24:46 standalone proxy-server[130186]: 172.18.0.2 172.18.0.100 11/Jun/2026/16/24/46 GET /v1/AUTH_883c67cb078941b4a3286569b11d2e67/gnocchi.9716af55-6882-4c4c-ac62-7a2b84e89172/1780920000.0_mean_300.0_v3 HTTP/1.0 404 - python-swiftclient-3.11.1 gAAAAABqKuCMWyb6... - 70 - tx7f65bbcdf2db4223a806c-006a2ae14e - 0.0088 - - 1781195086.515552521 1781195086.524352789 0
Jun 11 16:24:46 standalone container-server[128345]: 172.20.0.100 - - [11/Jun/2026:16:24:46 +0000] "PUT /d1/495/AUTH_883c67cb078941b4a3286569b11d2e67/gnocchi.9716af55-6882-4c4c-ac62-7a2b84e89172/1780920000.0_mean_300.0_v3" 201 - "PUT http://172.18.0.2:8080/d1/706/AUTH_883c67cb078941b4a3286569b11d2e67/gnocchi.9716af55-6882-4c4c-ac62-7a2b84e89172/1780920000.0_mean_300.0_v3" "tx06cedcaf28614a1f9d45a-006a2ae14e" "object-server 23" 0.0006 "-" 21 0
Jun 11 16:24:46 standalone object-server[128485]: 172.20.0.100 - - [11/Jun/2026:16:24:46 +0000] "PUT /d1/706/AUTH_883c67cb078941b4a3286569b11d2e67/gnocchi.9716af55-6882-4c4c-ac62-7a2b84e89172/1780920000.0_mean_300.0_v3" 201 - "PUT http://172.18.0.2:8080/v1/AUTH_883c67cb078941b4a3286569b11d2e67/gnocchi.9716af55-6882-4c4c-ac62-7a2b84e89172/1780920000.0_mean_300.0_v3" "tx06cedcaf28614a1f9d45a-006a2ae14e" "proxy-server 20" 0.0096 "-" 23 0
Jun 11 16:24:46 standalone proxy-server[130186]: 172.18.0.2 172.18.0.100 11/Jun/2026/16/24/46 PUT /v1/AUTH_883c67cb078941b4a3286569b11d2e67/gnocchi.9716af55-6882-4c4c-ac62-7a2b84e89172/1780920000.0_mean_300.0_v3 HTTP/1.0 201 - python-swiftclient-3.11.1 gAAAAABqKuCMWyb6... 16 - - tx06cedcaf28614a1f9d45a-006a2ae14e - 0.0153 - - 1781195086.527454376 1781195086.542761326 0
Jun 11 16:24:46 standalone container-server[128353]: 172.20.0.100 - - [11/Jun/2026:16:24:46 +0000] "PUT /d1/495/AUTH_883c67cb078941b4a3286569b11d2e67/gnocchi.9716af55-6882-4c4c-ac62-7a2b84e89172/none_v3" 201 - "PUT http://172.18.0.2:8080/d1/711/AUTH_883c67cb078941b4a3286569b11d2e67/gnocchi.9716af55-6882-4c4c-ac62-7a2b84e89172/none_v3" "tx5cf19e775bda4906a161e-006a2ae14e" "object-server 23" 0.0006 "-" 22 0
Jun 11 16:24:46 standalone object-server[128485]: 172.20.0.100 - - [11/Jun/2026:16:24:46 +0000] "PUT /d1/711/AUTH_883c67cb078941b4a3286569b11d2e67/gnocchi.9716af55-6882-4c4c-ac62-7a2b84e89172/none_v3" 201 - "PUT http://172.18.0.2:8080/v1/AUTH_883c67cb078941b4a3286569b11d2e67/gnocchi.9716af55-6882-4c4c-ac62-7a2b84e89172/none_v3" "tx5cf19e775bda4906a161e-006a2ae14e" "proxy-server 20" 0.0079 "-" 23 0
Jun 11 16:24:46 standalone proxy-server[130186]: 172.18.0.2 172.18.0.100 11/Jun/2026/16/24/46 PUT /v1/AUTH_883c67cb078941b4a3286569b11d2e67/gnocchi.9716af55-6882-4c4c-ac62-7a2b84e89172/none_v3 HTTP/1.0 201 - python-swiftclient-3.11.1 gAAAAABqKuCMWyb6... 22 - - tx5cf19e775bda4906a161e-006a2ae14e - 0.0131 - - 1781195086.544956684 1781195086.558036566 0
Jun 11 16:24:46 standalone container-server[128345]: 172.20.0.100 - - [11/Jun/2026:16:24:46 +0000] "HEAD /d1/273/AUTH_883c67cb078941b4a3286569b11d2e67/gnocchi.d072abfb-1fa1-4e68-9381-5460c47d27d0" 404 - "HEAD http://172.18.0.2:8080/v1/AUTH_883c67cb078941b4a3286569b11d2e67/gnocchi.d072abfb-1fa1-4e68-9381-5460c47d27d0?format=json&states=listing" "tx6301cfcac9d54d2cbcb13-006a2ae14e" "proxy-server 20" 0.0004 "-" 21 0
Jun 11 16:24:46 standalone object-server[128486]: 172.20.0.100 - - [11/Jun/2026:16:24:46 +0000] "GET /d1/212/AUTH_883c67cb078941b4a3286569b11d2e67/gnocchi.d072abfb-1fa1-4e68-9381-5460c47d27d0/none_v3" 404 70 "GET http://172.18.0.2:8080/v1/AUTH_883c67cb078941b4a3286569b11d2e67/gnocchi.d072abfb-1fa1-4e68-9381-5460c47d27d0/none_v3" "tx6301cfcac9d54d2cbcb13-006a2ae14e" "proxy-server 20" 0.0004 "-" 24 0
Jun 11 16:24:46 standalone proxy-server[130186]: 172.18.0.2 172.18.0.100 11/Jun/2026/16/24/46 GET /v1/AUTH_883c67cb078941b4a3286569b11d2e67/gnocchi.d072abfb-1fa1-4e68-9381-5460c47d27d0/none_v3 HTTP/1.0 404 - python-swiftclient-3.11.1 gAAAAABqKuCMWyb6... - 70 - tx6301cfcac9d54d2cbcb13-006a2ae14e - 0.0115 - - 1781195086.570671320 1781195086.582177639 0
Jun 11 16:24:46 standalone account-server[128145]: 172.20.0.100 - - [11/Jun/2026:16:24:46 +0000] "PUT /d1/867/AUTH_883c67cb078941b4a3286569b11d2e67/gnocchi.d072abfb-1fa1-4e68-9381-5460c47d27d0" 201 - "PUT http://172.20.0.100:6001/d1/273/AUTH_883c67cb078941b4a3286569b11d2e67/gnocchi.d072abfb-1fa1-4e68-9381-5460c47d27d0" "txa17e594955de4442adfa6-006a2ae14e" "container-server 22" 0.0049 "-" 22 0
Jun 11 16:24:46 standalone container-server[128353]: 172.20.0.100 - - [11/Jun/2026:16:24:46 +0000] "PUT /d1/273/AUTH_883c67cb078941b4a3286569b11d2e67/gnocchi.d072abfb-1fa1-4e68-9381-5460c47d27d0" 201 - "PUT http://172.18.0.2:8080/v1/AUTH_883c67cb078941b4a3286569b11d2e67/gnocchi.d072abfb-1fa1-4e68-9381-5460c47d27d0" "txa17e594955de4442adfa6-006a2ae14e" "proxy-server 20" 0.0137 "-" 22 0
Jun 11 16:24:46 standalone proxy-server[130186]: 172.18.0.2 172.18.0.100 11/Jun/2026/16/24/46 PUT /v1/AUTH_883c67cb078941b4a3286569b11d2e67/gnocchi.d072abfb-1fa1-4e68-9381-5460c47d27d0 HTTP/1.0 201 - python-swiftclient-3.11.1 gAAAAABqKuCMWyb6... - - - txa17e594955de4442adfa6-006a2ae14e - 0.0176 - - 1781195086.584170103 1781195086.601810455 0
Jun 11 16:24:46 standalone container-server[128353]: 172.20.0.100 - - [11/Jun/2026:16:24:46 +0000] "HEAD /d1/273/AUTH_883c67cb078941b4a3286569b11d2e67/gnocchi.d072abfb-1fa1-4e68-9381-5460c47d27d0" 204 - "HEAD http://172.18.0.2:8080/v1/AUTH_883c67cb078941b4a3286569b11d2e67/gnocchi.d072abfb-1fa1-4e68-9381-5460c47d27d0?format=json&states=listing" "tx3ce25b8fd41149a19996f-006a2ae14e" "proxy-server 20" 0.0011 "-" 22 0
Jun 11 16:24:46 standalone proxy-server[130186]: - - 11/Jun/2026/16/24/46 HEAD /v1/AUTH_883c67cb078941b4a3286569b11d2e67/gnocchi.d072abfb-1fa1-4e68-9381-5460c47d27d0%3Fformat%3Djson%26states%3Dlisting HTTP/1.0 204 - Swift - - - - tx3ce25b8fd41149a19996f-006a2ae14e - 0.0039 RL - 1781195086.607079506 1781195086.611001015 0
Jun 11 16:24:46 standalone container-server[128355]: 172.20.0.100 - - [11/Jun/2026:16:24:46 +0000] "GET /d1/273/AUTH_883c67cb078941b4a3286569b11d2e67/gnocchi.d072abfb-1fa1-4e68-9381-5460c47d27d0" 200 2 "GET http://172.18.0.2:8080/v1/AUTH_883c67cb078941b4a3286569b11d2e67/gnocchi.d072abfb-1fa1-4e68-9381-5460c47d27d0?format=json&states=listing" "tx3ce25b8fd41149a19996f-006a2ae14e" "proxy-server 20" 0.0024 "-" 23 0
Jun 11 16:24:46 standalone proxy-server[130186]: 172.18.0.2 172.18.0.100 11/Jun/2026/16/24/46 GET /v1/AUTH_883c67cb078941b4a3286569b11d2e67/gnocchi.d072abfb-1fa1-4e68-9381-5460c47d27d0%3Fformat%3Djson%26states%3Dlisting HTTP/1.0 200 - python-swiftclient-3.11.1 gAAAAABqKuCMWyb6... - 2 - tx3ce25b8fd41149a19996f-006a2ae14e - 0.0117 - - 1781195086.606307745 1781195086.618006229 0
Jun 11 16:24:46 standalone object-server[128487]: 172.20.0.100 - - [11/Jun/2026:16:24:46 +0000] "GET /d1/963/AUTH_883c67cb078941b4a3286569b11d2e67/gnocchi.d072abfb-1fa1-4e68-9381-5460c47d27d0/1780920000.0_mean_300.0_v3" 404 70 "GET http://172.18.0.2:8080/v1/AUTH_883c67cb078941b4a3286569b11d2e67/gnocchi.d072abfb-1fa1-4e68-9381-5460c47d27d0/1780920000.0_mean_300.0_v3" "tx38dd856fd31e43d988b34-006a2ae14e" "proxy-server 20" 0.0004 "-" 25 0
Jun 11 16:24:46 standalone proxy-server[130186]: 172.18.0.2 172.18.0.100 11/Jun/2026/16/24/46 GET /v1/AUTH_883c67cb078941b4a3286569b11d2e67/gnocchi.d072abfb-1fa1-4e68-9381-5460c47d27d0/1780920000.0_mean_300.0_v3 HTTP/1.0 404 - python-swiftclient-3.11.1 gAAAAABqKuCMWyb6... - 70 - tx38dd856fd31e43d988b34-006a2ae14e - 0.0042 - - 1781195086.620219231 1781195086.624373913 0
Jun 11 16:24:46 standalone container-server[128341]: 172.20.0.100 - - [11/Jun/2026:16:24:46 +0000] "PUT /d1/273/AUTH_883c67cb078941b4a3286569b11d2e67/gnocchi.d072abfb-1fa1-4e68-9381-5460c47d27d0/1780920000.0_mean_300.0_v3" 201 - "PUT http://172.18.0.2:8080/d1/963/AUTH_883c67cb078941b4a3286569b11d2e67/gnocchi.d072abfb-1fa1-4e68-9381-5460c47d27d0/1780920000.0_mean_300.0_v3" "tx7e97b917f0d04cf8bc6f0-006a2ae14e" "object-server 22" 0.0007 "-" 20 0
Jun 11 16:24:46 standalone object-server[128484]: 172.20.0.100 - - [11/Jun/2026:16:24:46 +0000] "PUT /d1/963/AUTH_883c67cb078941b4a3286569b11d2e67/gnocchi.d072abfb-1fa1-4e68-9381-5460c47d27d0/1780920000.0_mean_300.0_v3" 201 - "PUT http://172.18.0.2:8080/v1/AUTH_883c67cb078941b4a3286569b11d2e67/gnocchi.d072abfb-1fa1-4e68-9381-5460c47d27d0/1780920000.0_mean_300.0_v3" "tx7e97b917f0d04cf8bc6f0-006a2ae14e" "proxy-server 20" 0.0082 "-" 22 0
Jun 11 16:24:46 standalone proxy-server[130186]: 172.18.0.2 172.18.0.100 11/Jun/2026/16/24/46 PUT /v1/AUTH_883c67cb078941b4a3286569b11d2e67/gnocchi.d072abfb-1fa1-4e68-9381-5460c47d27d0/1780920000.0_mean_300.0_v3 HTTP/1.0 201 - python-swiftclient-3.11.1 gAAAAABqKuCMWyb6... 16 - - tx7e97b917f0d04cf8bc6f0-006a2ae14e - 0.0122 - - 1781195086.626137018 1781195086.638349771 0
Jun 11 16:24:46 standalone container-server[128355]: 172.20.0.100 - - [11/Jun/2026:16:24:46 +0000] "PUT /d1/273/AUTH_883c67cb078941b4a3286569b11d2e67/gnocchi.d072abfb-1fa1-4e68-9381-5460c47d27d0/none_v3" 201 - "PUT http://172.18.0.2:8080/d1/212/AUTH_883c67cb078941b4a3286569b11d2e67/gnocchi.d072abfb-1fa1-4e68-9381-5460c47d27d0/none_v3" "tx9596205eb9934c65a915e-006a2ae14e" "object-server 24" 0.0005 "-" 23 0
Jun 11 16:24:46 standalone object-server[128486]: 172.20.0.100 - - [11/Jun/2026:16:24:46 +0000] "PUT /d1/212/AUTH_883c67cb078941b4a3286569b11d2e67/gnocchi.d072abfb-1fa1-4e68-9381-5460c47d27d0/none_v3" 201 - "PUT http://172.18.0.2:8080/v1/AUTH_883c67cb078941b4a3286569b11d2e67/gnocchi.d072abfb-1fa1-4e68-9381-5460c47d27d0/none_v3" "tx9596205eb9934c65a915e-006a2ae14e" "proxy-server 20" 0.0075 "-" 24 0
Jun 11 16:24:46 standalone proxy-server[130186]: 172.18.0.2 172.18.0.100 11/Jun/2026/16/24/46 PUT /v1/AUTH_883c67cb078941b4a3286569b11d2e67/gnocchi.d072abfb-1fa1-4e68-9381-5460c47d27d0/none_v3 HTTP/1.0 201 - python-swiftclient-3.11.1 gAAAAABqKuCMWyb6... 22 - - tx9596205eb9934c65a915e-006a2ae14e - 0.0113 - - 1781195086.640891790 1781195086.652231932 0
