Jun 11 16:23:30 standalone container-server[128345]: 172.20.0.100 - - [11/Jun/2026:16:23:30 +0000] "GET /d1/704/AUTH_883c67cb078941b4a3286569b11d2e67/gnocchi.c0ff009c-7f0e-43d1-9835-9026a6916532" 200 2 "GET http://172.18.0.2:8080/v1/AUTH_883c67cb078941b4a3286569b11d2e67/gnocchi.c0ff009c-7f0e-43d1-9835-9026a6916532?format=json&states=listing" "tx5029807b8137406aa9a10-006a2ae102" "proxy-server 20" 0.0038 "-" 21 0
Jun 11 16:23:30 standalone proxy-server[130186]: 172.18.0.2 172.18.0.100 11/Jun/2026/16/23/30 GET /v1/AUTH_883c67cb078941b4a3286569b11d2e67/gnocchi.c0ff009c-7f0e-43d1-9835-9026a6916532%3Fformat%3Djson%26states%3Dlisting HTTP/1.0 200 - python-swiftclient-3.11.1 gAAAAABqKuCMWyb6... - 2 - tx5029807b8137406aa9a10-006a2ae102 - 0.0207 - - 1781195010.090613604 1781195010.111302137 0
Jun 11 16:23:30 standalone object-server[128486]: 172.20.0.100 - - [11/Jun/2026:16:23:30 +0000] "GET /d1/265/AUTH_883c67cb078941b4a3286569b11d2e67/gnocchi.c0ff009c-7f0e-43d1-9835-9026a6916532/1780920000.0_mean_300.0_v3" 404 70 "GET http://172.18.0.2:8080/v1/AUTH_883c67cb078941b4a3286569b11d2e67/gnocchi.c0ff009c-7f0e-43d1-9835-9026a6916532/1780920000.0_mean_300.0_v3" "tx767a84bcd7a44b31814f5-006a2ae102" "proxy-server 20" 0.0007 "-" 24 0
Jun 11 16:23:30 standalone proxy-server[130186]: 172.18.0.2 172.18.0.100 11/Jun/2026/16/23/30 GET /v1/AUTH_883c67cb078941b4a3286569b11d2e67/gnocchi.c0ff009c-7f0e-43d1-9835-9026a6916532/1780920000.0_mean_300.0_v3 HTTP/1.0 404 - python-swiftclient-3.11.1 gAAAAABqKuCMWyb6... - 70 - tx767a84bcd7a44b31814f5-006a2ae102 - 0.0085 - - 1781195010.116402626 1781195010.124894381 0
Jun 11 16:23:30 standalone container-server[128345]: 172.20.0.100 - - [11/Jun/2026:16:23:30 +0000] "PUT /d1/704/AUTH_883c67cb078941b4a3286569b11d2e67/gnocchi.c0ff009c-7f0e-43d1-9835-9026a6916532/1780920000.0_mean_300.0_v3" 201 - "PUT http://172.18.0.2:8080/d1/265/AUTH_883c67cb078941b4a3286569b11d2e67/gnocchi.c0ff009c-7f0e-43d1-9835-9026a6916532/1780920000.0_mean_300.0_v3" "tx78fd087fef0a442abfb61-006a2ae102" "object-server 25" 0.0012 "-" 21 0
Jun 11 16:23:30 standalone object-server[128487]: 172.20.0.100 - - [11/Jun/2026:16:23:30 +0000] "PUT /d1/265/AUTH_883c67cb078941b4a3286569b11d2e67/gnocchi.c0ff009c-7f0e-43d1-9835-9026a6916532/1780920000.0_mean_300.0_v3" 201 - "PUT http://172.18.0.2:8080/v1/AUTH_883c67cb078941b4a3286569b11d2e67/gnocchi.c0ff009c-7f0e-43d1-9835-9026a6916532/1780920000.0_mean_300.0_v3" "tx78fd087fef0a442abfb61-006a2ae102" "proxy-server 20" 0.0180 "-" 25 0
Jun 11 16:23:30 standalone proxy-server[130186]: 172.18.0.2 172.18.0.100 11/Jun/2026/16/23/30 PUT /v1/AUTH_883c67cb078941b4a3286569b11d2e67/gnocchi.c0ff009c-7f0e-43d1-9835-9026a6916532/1780920000.0_mean_300.0_v3 HTTP/1.0 201 - python-swiftclient-3.11.1 gAAAAABqKuCMWyb6... 16 - - tx78fd087fef0a442abfb61-006a2ae102 - 0.0262 - - 1781195010.129227877 1781195010.155378342 0
Jun 11 16:23:30 standalone container-server[128345]: 172.20.0.100 - - [11/Jun/2026:16:23:30 +0000] "PUT /d1/704/AUTH_883c67cb078941b4a3286569b11d2e67/gnocchi.c0ff009c-7f0e-43d1-9835-9026a6916532/none_v3" 201 - "PUT http://172.18.0.2:8080/d1/686/AUTH_883c67cb078941b4a3286569b11d2e67/gnocchi.c0ff009c-7f0e-43d1-9835-9026a6916532/none_v3" "tx4a01327706314a528670e-006a2ae102" "object-server 23" 0.0013 "-" 21 0
Jun 11 16:23:30 standalone object-server[128485]: 172.20.0.100 - - [11/Jun/2026:16:23:30 +0000] "PUT /d1/686/AUTH_883c67cb078941b4a3286569b11d2e67/gnocchi.c0ff009c-7f0e-43d1-9835-9026a6916532/none_v3" 201 - "PUT http://172.18.0.2:8080/v1/AUTH_883c67cb078941b4a3286569b11d2e67/gnocchi.c0ff009c-7f0e-43d1-9835-9026a6916532/none_v3" "tx4a01327706314a528670e-006a2ae102" "proxy-server 20" 0.0134 "-" 23 0
Jun 11 16:23:30 standalone proxy-server[130186]: 172.18.0.2 172.18.0.100 11/Jun/2026/16/23/30 PUT /v1/AUTH_883c67cb078941b4a3286569b11d2e67/gnocchi.c0ff009c-7f0e-43d1-9835-9026a6916532/none_v3 HTTP/1.0 201 - python-swiftclient-3.11.1 gAAAAABqKuCMWyb6... 22 - - tx4a01327706314a528670e-006a2ae102 - 0.0237 - - 1781195010.162247896 1781195010.185937881 0
Jun 11 16:23:30 standalone object-server[128486]: 172.20.0.100 - - [11/Jun/2026:16:23:30 +0000] "GET /d1/686/AUTH_883c67cb078941b4a3286569b11d2e67/gnocchi.c0ff009c-7f0e-43d1-9835-9026a6916532/none_v3" 200 22 "GET http://172.18.0.2:8080/v1/AUTH_883c67cb078941b4a3286569b11d2e67/gnocchi.c0ff009c-7f0e-43d1-9835-9026a6916532/none_v3" "tx53a9c10812524e3b818a7-006a2ae102" "proxy-server 20" 0.0012 "-" 24 0
Jun 11 16:23:30 standalone proxy-server[130186]: 172.18.0.2 172.18.0.100 11/Jun/2026/16/23/30 GET /v1/AUTH_883c67cb078941b4a3286569b11d2e67/gnocchi.c0ff009c-7f0e-43d1-9835-9026a6916532/none_v3 HTTP/1.0 200 - python-swiftclient-3.11.1 gAAAAABqKuCMWyb6... - 22 - tx53a9c10812524e3b818a7-006a2ae102 - 0.0100 - - 1781195010.920392275 1781195010.930353403 0
Jun 11 16:23:30 standalone container-server[128341]: 172.20.0.100 - - [11/Jun/2026:16:23:30 +0000] "GET /d1/704/AUTH_883c67cb078941b4a3286569b11d2e67/gnocchi.c0ff009c-7f0e-43d1-9835-9026a6916532" 200 357 "GET http://172.18.0.2:8080/v1/AUTH_883c67cb078941b4a3286569b11d2e67/gnocchi.c0ff009c-7f0e-43d1-9835-9026a6916532?format=json&states=listing" "txedcea214e899404eb4f61-006a2ae102" "proxy-server 20" 0.0086 "-" 20 0
Jun 11 16:23:30 standalone proxy-server[130186]: 172.18.0.2 172.18.0.100 11/Jun/2026/16/23/30 GET /v1/AUTH_883c67cb078941b4a3286569b11d2e67/gnocchi.c0ff009c-7f0e-43d1-9835-9026a6916532%3Fformat%3Djson%26states%3Dlisting HTTP/1.0 200 - python-swiftclient-3.11.1 gAAAAABqKuCMWyb6... - 357 - txedcea214e899404eb4f61-006a2ae102 - 0.0163 - - 1781195010.934020042 1781195010.950342417 0
Jun 11 16:23:30 standalone container-server[128353]: 172.20.0.100 - - [11/Jun/2026:16:23:30 +0000] "GET /d1/704/AUTH_883c67cb078941b4a3286569b11d2e67/gnocchi.c0ff009c-7f0e-43d1-9835-9026a6916532" 200 2 "GET http://172.18.0.2:8080/v1/AUTH_883c67cb078941b4a3286569b11d2e67/gnocchi.c0ff009c-7f0e-43d1-9835-9026a6916532?format=json&marker=none_v3&states=listing" "tx4460cfccf5ad46c580866-006a2ae102" "proxy-server 20" 0.0038 "-" 22 0
Jun 11 16:23:30 standalone proxy-server[130186]: 172.18.0.2 172.18.0.100 11/Jun/2026/16/23/30 GET /v1/AUTH_883c67cb078941b4a3286569b11d2e67/gnocchi.c0ff009c-7f0e-43d1-9835-9026a6916532%3Fformat%3Djson%26marker%3Dnone_v3%26states%3Dlisting HTTP/1.0 200 - python-swiftclient-3.11.1 gAAAAABqKuCMWyb6... - 2 - tx4460cfccf5ad46c580866-006a2ae102 - 0.0125 - - 1781195010.953102350 1781195010.965638876 0
Jun 11 16:23:30 standalone object-server[128486]: 172.20.0.100 - - [11/Jun/2026:16:23:30 +0000] "GET /d1/265/AUTH_883c67cb078941b4a3286569b11d2e67/gnocchi.c0ff009c-7f0e-43d1-9835-9026a6916532/1780920000.0_mean_300.0_v3" 200 16 "GET http://172.18.0.2:8080/v1/AUTH_883c67cb078941b4a3286569b11d2e67/gnocchi.c0ff009c-7f0e-43d1-9835-9026a6916532/1780920000.0_mean_300.0_v3" "txb3a44296f8414ebca5430-006a2ae102" "proxy-server 20" 0.0025 "-" 24 0
Jun 11 16:23:30 standalone proxy-server[130186]: 172.18.0.2 172.18.0.100 11/Jun/2026/16/23/30 GET /v1/AUTH_883c67cb078941b4a3286569b11d2e67/gnocchi.c0ff009c-7f0e-43d1-9835-9026a6916532/1780920000.0_mean_300.0_v3 HTTP/1.0 200 - python-swiftclient-3.11.1 gAAAAABqKuCMWyb6... - 16 - txb3a44296f8414ebca5430-006a2ae102 - 0.0094 - - 1781195010.968942404 1781195010.978350163 0
Jun 11 16:23:31 standalone container-server[128355]: 172.20.0.100 - - [11/Jun/2026:16:23:31 +0000] "PUT /d1/704/AUTH_883c67cb078941b4a3286569b11d2e67/gnocchi.c0ff009c-7f0e-43d1-9835-9026a6916532/1780920000.0_mean_300.0_v3" 201 - "PUT http://172.18.0.2:8080/d1/265/AUTH_883c67cb078941b4a3286569b11d2e67/gnocchi.c0ff009c-7f0e-43d1-9835-9026a6916532/1780920000.0_mean_300.0_v3" "txde966c57c25641a4a7714-006a2ae102" "object-server 23" 0.0007 "-" 23 0
Jun 11 16:23:31 standalone object-server[128485]: 172.20.0.100 - - [11/Jun/2026:16:23:31 +0000] "PUT /d1/265/AUTH_883c67cb078941b4a3286569b11d2e67/gnocchi.c0ff009c-7f0e-43d1-9835-9026a6916532/1780920000.0_mean_300.0_v3" 201 - "PUT http://172.18.0.2:8080/v1/AUTH_883c67cb078941b4a3286569b11d2e67/gnocchi.c0ff009c-7f0e-43d1-9835-9026a6916532/1780920000.0_mean_300.0_v3" "txde966c57c25641a4a7714-006a2ae102" "proxy-server 20" 0.0104 "-" 23 0
Jun 11 16:23:31 standalone proxy-server[130186]: 172.18.0.2 172.18.0.100 11/Jun/2026/16/23/31 PUT /v1/AUTH_883c67cb078941b4a3286569b11d2e67/gnocchi.c0ff009c-7f0e-43d1-9835-9026a6916532/1780920000.0_mean_300.0_v3 HTTP/1.0 201 - python-swiftclient-3.11.1 gAAAAABqKuCMWyb6... 16 - - txde966c57c25641a4a7714-006a2ae102 - 0.0172 - - 1781195010.986119509 1781195011.003339052 0
Jun 11 16:23:31 standalone container-server[128341]: 172.20.0.100 - - [11/Jun/2026:16:23:31 +0000] "PUT /d1/704/AUTH_883c67cb078941b4a3286569b11d2e67/gnocchi.c0ff009c-7f0e-43d1-9835-9026a6916532/none_v3" 201 - "PUT http://172.18.0.2:8080/d1/686/AUTH_883c67cb078941b4a3286569b11d2e67/gnocchi.c0ff009c-7f0e-43d1-9835-9026a6916532/none_v3" "txeaab4ee4b45842f6908c8-006a2ae103" "object-server 25" 0.0007 "-" 20 0
Jun 11 16:23:31 standalone object-server[128487]: 172.20.0.100 - - [11/Jun/2026:16:23:31 +0000] "PUT /d1/686/AUTH_883c67cb078941b4a3286569b11d2e67/gnocchi.c0ff009c-7f0e-43d1-9835-9026a6916532/none_v3" 201 - "PUT http://172.18.0.2:8080/v1/AUTH_883c67cb078941b4a3286569b11d2e67/gnocchi.c0ff009c-7f0e-43d1-9835-9026a6916532/none_v3" "txeaab4ee4b45842f6908c8-006a2ae103" "proxy-server 20" 0.0109 "-" 25 0
Jun 11 16:23:31 standalone proxy-server[130186]: 172.18.0.2 172.18.0.100 11/Jun/2026/16/23/31 PUT /v1/AUTH_883c67cb078941b4a3286569b11d2e67/gnocchi.c0ff009c-7f0e-43d1-9835-9026a6916532/none_v3 HTTP/1.0 201 - python-swiftclient-3.11.1 gAAAAABqKuCMWyb6... 31 - - txeaab4ee4b45842f6908c8-006a2ae103 - 0.0177 - - 1781195011.007217646 1781195011.024934292 0
Jun 11 16:23:40 standalone account-server[128121]: 172.20.0.100 - - [11/Jun/2026:16:23:40 +0000] "HEAD /d1/867/AUTH_883c67cb078941b4a3286569b11d2e67" 204 - "HEAD http://172.18.0.2:8080/v1/AUTH_883c67cb078941b4a3286569b11d2e67?format=json" "txf37b68e047764033a8124-006a2ae10c" "proxy-server 20" 0.0095 "-" 18 -
Jun 11 16:23:40 standalone proxy-server[130186]: - - 11/Jun/2026/16/23/40 HEAD /v1/AUTH_883c67cb078941b4a3286569b11d2e67%3Fformat%3Djson HTTP/1.0 204 - Swift - - - - txf37b68e047764033a8124-006a2ae10c - 0.0164 RL - 1781195020.007563114 1781195020.024006128 -
Jun 11 16:23:40 standalone object-server[128486]: 172.20.0.100 - - [11/Jun/2026:16:23:40 +0000] "GET /d1/236/AUTH_883c67cb078941b4a3286569b11d2e67/gnocchi.ade82006-c9af-4cfe-bb69-060912cb6060/none_v3" 200 32 "GET http://172.18.0.2:8080/v1/AUTH_883c67cb078941b4a3286569b11d2e67/gnocchi.ade82006-c9af-4cfe-bb69-060912cb6060/none_v3" "txf37b68e047764033a8124-006a2ae10c" "proxy-server 20" 0.0011 "-" 24 0
Jun 11 16:23:40 standalone proxy-server[130186]: 172.18.0.2 172.18.0.100 11/Jun/2026/16/23/40 GET /v1/AUTH_883c67cb078941b4a3286569b11d2e67/gnocchi.ade82006-c9af-4cfe-bb69-060912cb6060/none_v3 HTTP/1.0 200 - python-swiftclient-3.11.1 gAAAAABqKuCMWyb6... - 32 - txf37b68e047764033a8124-006a2ae10c - 0.0309 - - 1781195020.006320238 1781195020.037256718 0
Jun 11 16:23:40 standalone container-server[128353]: 172.20.0.100 - - [11/Jun/2026:16:23:40 +0000] "GET /d1/516/AUTH_883c67cb078941b4a3286569b11d2e67/gnocchi.ade82006-c9af-4cfe-bb69-060912cb6060" 200 357 "GET http://172.18.0.2:8080/v1/AUTH_883c67cb078941b4a3286569b11d2e67/gnocchi.ade82006-c9af-4cfe-bb69-060912cb6060?format=json&states=listing" "tx0922998caf4d484aabe3e-006a2ae10c" "proxy-server 20" 0.0110 "-" 22 0
Jun 11 16:23:40 standalone proxy-server[130186]: 172.18.0.2 172.18.0.100 11/Jun/2026/16/23/40 GET /v1/AUTH_883c67cb078941b4a3286569b11d2e67/gnocchi.ade82006-c9af-4cfe-bb69-060912cb6060%3Fformat%3Djson%26states%3Dlisting HTTP/1.0 200 - python-swiftclient-3.11.1 gAAAAABqKuCMWyb6... - 357 - tx0922998caf4d484aabe3e-006a2ae10c - 0.0204 - - 1781195020.042038202 1781195020.062426567 0
Jun 11 16:23:40 standalone container-server[128353]: 172.20.0.100 - - [11/Jun/2026:16:23:40 +0000] "GET /d1/516/AUTH_883c67cb078941b4a3286569b11d2e67/gnocchi.ade82006-c9af-4cfe-bb69-060912cb6060" 200 2 "GET http://172.18.0.2:8080/v1/AUTH_883c67cb078941b4a3286569b11d2e67/gnocchi.ade82006-c9af-4cfe-bb69-060912cb6060?format=json&marker=none_v3&states=listing" "tx02a8b27dca274ad893fab-006a2ae10c" "proxy-server 20" 0.0033 "-" 22 0
Jun 11 16:23:40 standalone proxy-server[130186]: 172.18.0.2 172.18.0.100 11/Jun/2026/16/23/40 GET /v1/AUTH_883c67cb078941b4a3286569b11d2e67/gnocchi.ade82006-c9af-4cfe-bb69-060912cb6060%3Fformat%3Djson%26marker%3Dnone_v3%26states%3Dlisting HTTP/1.0 200 - python-swiftclient-3.11.1 gAAAAABqKuCMWyb6... - 2 - tx02a8b27dca274ad893fab-006a2ae10c - 0.0120 - - 1781195020.068595648 1781195020.080589771 0
Jun 11 16:23:40 standalone object-server[128484]: 172.20.0.100 - - [11/Jun/2026:16:23:40 +0000] "GET /d1/976/AUTH_883c67cb078941b4a3286569b11d2e67/gnocchi.ade82006-c9af-4cfe-bb69-060912cb6060/1780920000.0_mean_300.0_v3" 200 16 "GET http://172.18.0.2:8080/v1/AUTH_883c67cb078941b4a3286569b11d2e67/gnocchi.ade82006-c9af-4cfe-bb69-060912cb6060/1780920000.0_mean_300.0_v3" "txb3de90189b304b55aeeb6-006a2ae10c" "proxy-server 20" 0.0009 "-" 22 0
Jun 11 16:23:40 standalone proxy-server[130186]: 172.18.0.2 172.18.0.100 11/Jun/2026/16/23/40 GET /v1/AUTH_883c67cb078941b4a3286569b11d2e67/gnocchi.ade82006-c9af-4cfe-bb69-060912cb6060/1780920000.0_mean_300.0_v3 HTTP/1.0 200 - python-swiftclient-3.11.1 gAAAAABqKuCMWyb6... - 16 - txb3de90189b304b55aeeb6-006a2ae10c - 0.0084 - - 1781195020.084196568 1781195020.092644691 0
Jun 11 16:23:40 standalone container-server[128345]: 172.20.0.100 - - [11/Jun/2026:16:23:40 +0000] "PUT /d1/516/AUTH_883c67cb078941b4a3286569b11d2e67/gnocchi.ade82006-c9af-4cfe-bb69-060912cb6060/1780920000.0_mean_300.0_v3" 201 - "PUT http://172.18.0.2:8080/d1/976/AUTH_883c67cb078941b4a3286569b11d2e67/gnocchi.ade82006-c9af-4cfe-bb69-060912cb6060/1780920000.0_mean_300.0_v3" "txd0275ed19c494737a7b23-006a2ae10c" "object-server 22" 0.0009 "-" 21 0
Jun 11 16:23:40 standalone object-server[128484]: 172.20.0.100 - - [11/Jun/2026:16:23:40 +0000] "PUT /d1/976/AUTH_883c67cb078941b4a3286569b11d2e67/gnocchi.ade82006-c9af-4cfe-bb69-060912cb6060/1780920000.0_mean_300.0_v3" 201 - "PUT http://172.18.0.2:8080/v1/AUTH_883c67cb078941b4a3286569b11d2e67/gnocchi.ade82006-c9af-4cfe-bb69-060912cb6060/1780920000.0_mean_300.0_v3" "txd0275ed19c494737a7b23-006a2ae10c" "proxy-server 20" 0.0118 "-" 22 0
Jun 11 16:23:40 standalone proxy-server[130186]: 172.18.0.2 172.18.0.100 11/Jun/2026/16/23/40 PUT /v1/AUTH_883c67cb078941b4a3286569b11d2e67/gnocchi.ade82006-c9af-4cfe-bb69-060912cb6060/1780920000.0_mean_300.0_v3 HTTP/1.0 201 - python-swiftclient-3.11.1 gAAAAABqKuCMWyb6... 16 - - txd0275ed19c494737a7b23-006a2ae10c - 0.0186 - - 1781195020.095667124 1781195020.114220858 0
Jun 11 16:23:40 standalone container-server[128345]: 172.20.0.100 - - [11/Jun/2026:16:23:40 +0000] "PUT /d1/516/AUTH_883c67cb078941b4a3286569b11d2e67/gnocchi.ade82006-c9af-4cfe-bb69-060912cb6060/none_v3" 201 - "PUT http://172.18.0.2:8080/d1/236/AUTH_883c67cb078941b4a3286569b11d2e67/gnocchi.ade82006-c9af-4cfe-bb69-060912cb6060/none_v3" "tx1b35312920d9497f8e4b0-006a2ae10c" "object-server 25" 0.0006 "-" 21 0
Jun 11 16:23:40 standalone object-server[128487]: 172.20.0.100 - - [11/Jun/2026:16:23:40 +0000] "PUT /d1/236/AUTH_883c67cb078941b4a3286569b11d2e67/gnocchi.ade82006-c9af-4cfe-bb69-060912cb6060/none_v3" 201 - "PUT http://172.18.0.2:8080/v1/AUTH_883c67cb078941b4a3286569b11d2e67/gnocchi.ade82006-c9af-4cfe-bb69-060912cb6060/none_v3" "tx1b35312920d9497f8e4b0-006a2ae10c" "proxy-server 20" 0.0117 "-" 25 0
Jun 11 16:23:40 standalone proxy-server[130186]: 172.18.0.2 172.18.0.100 11/Jun/2026/16/23/40 PUT /v1/AUTH_883c67cb078941b4a3286569b11d2e67/gnocchi.ade82006-c9af-4cfe-bb69-060912cb6060/none_v3 HTTP/1.0 201 - python-swiftclient-3.11.1 gAAAAABqKuCMWyb6... 46 - - tx1b35312920d9497f8e4b0-006a2ae10c - 0.0202 - - 1781195020.117144346 1781195020.137385368 0
Jun 11 16:23:41 standalone object-server[128486]: 172.20.0.100 - - [11/Jun/2026:16:23:41 +0000] "GET /d1/236/AUTH_883c67cb078941b4a3286569b11d2e67/gnocchi.ade82006-c9af-4cfe-bb69-060912cb6060/none_v3" 200 46 "GET http://172.18.0.2:8080/v1/AUTH_883c67cb078941b4a3286569b11d2e67/gnocchi.ade82006-c9af-4cfe-bb69-060912cb6060/none_v3" "txb44501f2fa7742d09e29c-006a2ae10d" "proxy-server 20" 0.0015 "-" 24 0
Jun 11 16:23:41 standalone proxy-server[130186]: 172.18.0.2 172.18.0.100 11/Jun/2026/16/23/41 GET /v1/AUTH_883c67cb078941b4a3286569b11d2e67/gnocchi.ade82006-c9af-4cfe-bb69-060912cb6060/none_v3 HTTP/1.0 200 - python-swiftclient-3.11.1 gAAAAABqKuCMWyb6... - 46 - txb44501f2fa7742d09e29c-006a2ae10d - 0.0098 - - 1781195021.056180000 1781195021.065952301 0
Jun 11 16:23:41 standalone container-server[128353]: 172.20.0.100 - - [11/Jun/2026:16:23:41 +0000] "GET /d1/516/AUTH_883c67cb078941b4a3286569b11d2e67/gnocchi.ade82006-c9af-4cfe-bb69-060912cb6060" 200 357 "GET http://172.18.0.2:8080/v1/AUTH_883c67cb078941b4a3286569b11d2e67/gnocchi.ade82006-c9af-4cfe-bb69-060912cb6060?format=json&states=listing" "txed73d60b26a74a6cb85c7-006a2ae10d" "proxy-server 20" 0.0096 "-" 22 0
Jun 11 16:23:41 standalone proxy-server[130186]: 172.18.0.2 172.18.0.100 11/Jun/2026/16/23/41 GET /v1/AUTH_883c67cb078941b4a3286569b11d2e67/gnocchi.ade82006-c9af-4cfe-bb69-060912cb6060%3Fformat%3Djson%26states%3Dlisting HTTP/1.0 200 - python-swiftclient-3.11.1 gAAAAABqKuCMWyb6... - 357 - txed73d60b26a74a6cb85c7-006a2ae10d - 0.0158 - - 1781195021.069430113 1781195021.085203648 0
Jun 11 16:23:41 standalone container-server[128353]: 172.20.0.100 - - [11/Jun/2026:16:23:41 +0000] "GET /d1/516/AUTH_883c67cb078941b4a3286569b11d2e67/gnocchi.ade82006-c9af-4cfe-bb69-060912cb6060" 200 2 "GET http://172.18.0.2:8080/v1/AUTH_883c67cb078941b4a3286569b11d2e67/gnocchi.ade82006-c9af-4cfe-bb69-060912cb6060?format=json&marker=none_v3&states=listing" "tx5eb882671b884cf9b4f4c-006a2ae10d" "proxy-server 20" 0.0032 "-" 22 0
Jun 11 16:23:41 standalone proxy-server[130186]: 172.18.0.2 172.18.0.100 11/Jun/2026/16/23/41 GET /v1/AUTH_883c67cb078941b4a3286569b11d2e67/gnocchi.ade82006-c9af-4cfe-bb69-060912cb6060%3Fformat%3Djson%26marker%3Dnone_v3%26states%3Dlisting HTTP/1.0 200 - python-swiftclient-3.11.1 gAAAAABqKuCMWyb6... - 2 - tx5eb882671b884cf9b4f4c-006a2ae10d - 0.0083 - - 1781195021.087394238 1781195021.095685482 0
Jun 11 16:23:41 standalone object-server[128485]: 172.20.0.100 - - [11/Jun/2026:16:23:41 +0000] "GET /d1/976/AUTH_883c67cb078941b4a3286569b11d2e67/gnocchi.ade82006-c9af-4cfe-bb69-060912cb6060/1780920000.0_mean_300.0_v3" 200 16 "GET http://172.18.0.2:8080/v1/AUTH_883c67cb078941b4a3286569b11d2e67/gnocchi.ade82006-c9af-4cfe-bb69-060912cb6060/1780920000.0_mean_300.0_v3" "tx81438f4bfda940df9f63a-006a2ae10d" "proxy-server 20" 0.0008 "-" 23 0
Jun 11 16:23:41 standalone proxy-server[130186]: 172.18.0.2 172.18.0.100 11/Jun/2026/16/23/41 GET /v1/AUTH_883c67cb078941b4a3286569b11d2e67/gnocchi.ade82006-c9af-4cfe-bb69-060912cb6060/1780920000.0_mean_300.0_v3 HTTP/1.0 200 - python-swiftclient-3.11.1 gAAAAABqKuCMWyb6... - 16 - tx81438f4bfda940df9f63a-006a2ae10d - 0.0061 - - 1781195021.101370573 1781195021.107430458 0
Jun 11 16:23:41 standalone container-server[128355]: 172.20.0.100 - - [11/Jun/2026:16:23:41 +0000] "PUT /d1/516/AUTH_883c67cb078941b4a3286569b11d2e67/gnocchi.ade82006-c9af-4cfe-bb69-060912cb6060/1780920000.0_mean_300.0_v3" 201 - "PUT http://172.18.0.2:8080/d1/976/AUTH_883c67cb078941b4a3286569b11d2e67/gnocchi.ade82006-c9af-4cfe-bb69-060912cb6060/1780920000.0_mean_300.0_v3" "txb12e2bf5b3454844a16ba-006a2ae10d" "object-server 22" 0.0008 "-" 23 0
Jun 11 16:23:41 standalone object-server[128484]: 172.20.0.100 - - [11/Jun/2026:16:23:41 +0000] "PUT /d1/976/AUTH_883c67cb078941b4a3286569b11d2e67/gnocchi.ade82006-c9af-4cfe-bb69-060912cb6060/1780920000.0_mean_300.0_v3" 201 - "PUT http://172.18.0.2:8080/v1/AUTH_883c67cb078941b4a3286569b11d2e67/gnocchi.ade82006-c9af-4cfe-bb69-060912cb6060/1780920000.0_mean_300.0_v3" "txb12e2bf5b3454844a16ba-006a2ae10d" "proxy-server 20" 0.0125 "-" 22 0
Jun 11 16:23:41 standalone proxy-server[130186]: 172.18.0.2 172.18.0.100 11/Jun/2026/16/23/41 PUT /v1/AUTH_883c67cb078941b4a3286569b11d2e67/gnocchi.ade82006-c9af-4cfe-bb69-060912cb6060/1780920000.0_mean_300.0_v3 HTTP/1.0 201 - python-swiftclient-3.11.1 gAAAAABqKuCMWyb6... 16 - - txb12e2bf5b3454844a16ba-006a2ae10d - 0.0179 - - 1781195021.111769199 1781195021.129701376 0
Jun 11 16:23:41 standalone container-server[128353]: 172.20.0.100 - - [11/Jun/2026:16:23:41 +0000] "PUT /d1/516/AUTH_883c67cb078941b4a3286569b11d2e67/gnocchi.ade82006-c9af-4cfe-bb69-060912cb6060/none_v3" 201 - "PUT http://172.18.0.2:8080/d1/236/AUTH_883c67cb078941b4a3286569b11d2e67/gnocchi.ade82006-c9af-4cfe-bb69-060912cb6060/none_v3" "txc7b953cd844f40eba6c0f-006a2ae10d" "object-server 25" 0.0011 "-" 22 0
Jun 11 16:23:41 standalone object-server[128487]: 172.20.0.100 - - [11/Jun/2026:16:23:41 +0000] "PUT /d1/236/AUTH_883c67cb078941b4a3286569b11d2e67/gnocchi.ade82006-c9af-4cfe-bb69-060912cb6060/none_v3" 201 - "PUT http://172.18.0.2:8080/v1/AUTH_883c67cb078941b4a3286569b11d2e67/gnocchi.ade82006-c9af-4cfe-bb69-060912cb6060/none_v3" "txc7b953cd844f40eba6c0f-006a2ae10d" "proxy-server 20" 0.0124 "-" 25 0
Jun 11 16:23:41 standalone proxy-server[130186]: 172.18.0.2 172.18.0.100 11/Jun/2026/16/23/41 PUT /v1/AUTH_883c67cb078941b4a3286569b11d2e67/gnocchi.ade82006-c9af-4cfe-bb69-060912cb6060/none_v3 HTTP/1.0 201 - python-swiftclient-3.11.1 gAAAAABqKuCMWyb6... 51 - - txc7b953cd844f40eba6c0f-006a2ae10d - 0.0170 - - 1781195021.132885933 1781195021.149890423 0
Jun 11 16:23:41 standalone object-server[128487]: 172.20.0.100 - - [11/Jun/2026:16:23:41 +0000] "GET /d1/771/AUTH_883c67cb078941b4a3286569b11d2e67/gnocchi.4d1f3aa3-53e2-46cd-9575-69b169c579d8/none_v3" 200 22 "GET http://172.18.0.2:8080/v1/AUTH_883c67cb078941b4a3286569b11d2e67/gnocchi.4d1f3aa3-53e2-46cd-9575-69b169c579d8/none_v3" "tx7af131d97f74486db1854-006a2ae10d" "proxy-server 20" 0.0007 "-" 25 0
Jun 11 16:23:41 standalone proxy-server[130186]: 172.18.0.2 172.18.0.100 11/Jun/2026/16/23/41 GET /v1/AUTH_883c67cb078941b4a3286569b11d2e67/gnocchi.4d1f3aa3-53e2-46cd-9575-69b169c579d8/none_v3 HTTP/1.0 200 - python-swiftclient-3.11.1 gAAAAABqKuCMWyb6... - 22 - tx7af131d97f74486db1854-006a2ae10d - 0.0050 - - 1781195021.163195610 1781195021.168149948 0
Jun 11 16:23:41 standalone container-server[128345]: 172.20.0.100 - - [11/Jun/2026:16:23:41 +0000] "GET /d1/160/AUTH_883c67cb078941b4a3286569b11d2e67/gnocchi.4d1f3aa3-53e2-46cd-9575-69b169c579d8" 200 357 "GET http://172.18.0.2:8080/v1/AUTH_883c67cb078941b4a3286569b11d2e67/gnocchi.4d1f3aa3-53e2-46cd-9575-69b169c579d8?format=json&states=listing" "tx72cd289c615b4d259b4d0-006a2ae10d" "proxy-server 20" 0.0093 "-" 21 0
Jun 11 16:23:41 standalone proxy-server[130186]: 172.18.0.2 172.18.0.100 11/Jun/2026/16/23/41 GET /v1/AUTH_883c67cb078941b4a3286569b11d2e67/gnocchi.4d1f3aa3-53e2-46cd-9575-69b169c579d8%3Fformat%3Djson%26states%3Dlisting HTTP/1.0 200 - python-swiftclient-3.11.1 gAAAAABqKuCMWyb6... - 357 - tx72cd289c615b4d259b4d0-006a2ae10d - 0.0146 - - 1781195021.172012806 1781195021.186635017 0
Jun 11 16:23:41 standalone container-server[128355]: 172.20.0.100 - - [11/Jun/2026:16:23:41 +0000] "GET /d1/160/AUTH_883c67cb078941b4a3286569b11d2e67/gnocchi.4d1f3aa3-53e2-46cd-9575-69b169c579d8" 200 2 "GET http://172.18.0.2:8080/v1/AUTH_883c67cb078941b4a3286569b11d2e67/gnocchi.4d1f3aa3-53e2-46cd-9575-69b169c579d8?format=json&marker=none_v3&states=listing" "txa3a672832d184293a12cc-006a2ae10d" "proxy-server 20" 0.0028 "-" 23 0
Jun 11 16:23:41 standalone proxy-server[130186]: 172.18.0.2 172.18.0.100 11/Jun/2026/16/23/41 GET /v1/AUTH_883c67cb078941b4a3286569b11d2e67/gnocchi.4d1f3aa3-53e2-46cd-9575-69b169c579d8%3Fformat%3Djson%26marker%3Dnone_v3%26states%3Dlisting HTTP/1.0 200 - python-swiftclient-3.11.1 gAAAAABqKuCMWyb6... - 2 - txa3a672832d184293a12cc-006a2ae10d - 0.0075 - - 1781195021.190794468 1781195021.198300362 0
Jun 11 16:23:41 standalone object-server[128486]: 172.20.0.100 - - [11/Jun/2026:16:23:41 +0000] "GET /d1/950/AUTH_883c67cb078941b4a3286569b11d2e67/gnocchi.4d1f3aa3-53e2-46cd-9575-69b169c579d8/1780920000.0_mean_300.0_v3" 200 16 "GET http://172.18.0.2:8080/v1/AUTH_883c67cb078941b4a3286569b11d2e67/gnocchi.4d1f3aa3-53e2-46cd-9575-69b169c579d8/1780920000.0_mean_300.0_v3" "txd1a65754ba974022a3666-006a2ae10d" "proxy-server 20" 0.0012 "-" 24 0
Jun 11 16:23:41 standalone proxy-server[130186]: 172.18.0.2 172.18.0.100 11/Jun/2026/16/23/41 GET /v1/AUTH_883c67cb078941b4a3286569b11d2e67/gnocchi.4d1f3aa3-53e2-46cd-9575-69b169c579d8/1780920000.0_mean_300.0_v3 HTTP/1.0 200 - python-swiftclient-3.11.1 gAAAAABqKuCMWyb6... - 16 - txd1a65754ba974022a3666-006a2ae10d - 0.0064 - - 1781195021.203406334 1781195021.209759235 0
Jun 11 16:23:41 standalone container-server[128345]: 172.20.0.100 - - [11/Jun/2026:16:23:41 +0000] "PUT /d1/160/AUTH_883c67cb078941b4a3286569b11d2e67/gnocchi.4d1f3aa3-53e2-46cd-9575-69b169c579d8/1780920000.0_mean_300.0_v3" 201 - "PUT http://172.18.0.2:8080/d1/950/AUTH_883c67cb078941b4a3286569b11d2e67/gnocchi.4d1f3aa3-53e2-46cd-9575-69b169c579d8/1780920000.0_mean_300.0_v3" "txd611320dda574648a3ff4-006a2ae10d" "object-server 24" 0.0006 "-" 21 0
Jun 11 16:23:41 standalone object-server[128486]: 172.20.0.100 - - [11/Jun/2026:16:23:41 +0000] "PUT /d1/950/AUTH_883c67cb078941b4a3286569b11d2e67/gnocchi.4d1f3aa3-53e2-46cd-9575-69b169c579d8/1780920000.0_mean_300.0_v3" 201 - "PUT http://172.18.0.2:8080/v1/AUTH_883c67cb078941b4a3286569b11d2e67/gnocchi.4d1f3aa3-53e2-46cd-9575-69b169c579d8/1780920000.0_mean_300.0_v3" "txd611320dda574648a3ff4-006a2ae10d" "proxy-server 20" 0.0096 "-" 24 0
Jun 11 16:23:41 standalone proxy-server[130186]: 172.18.0.2 172.18.0.100 11/Jun/2026/16/23/41 PUT /v1/AUTH_883c67cb078941b4a3286569b11d2e67/gnocchi.4d1f3aa3-53e2-46cd-9575-69b169c579d8/1780920000.0_mean_300.0_v3 HTTP/1.0 201 - python-swiftclient-3.11.1 gAAAAABqKuCMWyb6... 16 - - txd611320dda574648a3ff4-006a2ae10d - 0.0143 - - 1781195021.214046240 1781195021.228313446 0
Jun 11 16:23:41 standalone container-server[128341]: 172.20.0.100 - - [11/Jun/2026:16:23:41 +0000] "PUT /d1/160/AUTH_883c67cb078941b4a3286569b11d2e67/gnocchi.4d1f3aa3-53e2-46cd-9575-69b169c579d8/none_v3" 201 - "PUT http://172.18.0.2:8080/d1/771/AUTH_883c67cb078941b4a3286569b11d2e67/gnocchi.4d1f3aa3-53e2-46cd-9575-69b169c579d8/none_v3" "txf01d49e7268847dd863d9-006a2ae10d" "object-server 22" 0.0020 "-" 20 0
Jun 11 16:23:41 standalone object-server[128484]: 172.20.0.100 - - [11/Jun/2026:16:23:41 +0000] "PUT /d1/771/AUTH_883c67cb078941b4a3286569b11d2e67/gnocchi.4d1f3aa3-53e2-46cd-9575-69b169c579d8/none_v3" 201 - "PUT http://172.18.0.2:8080/v1/AUTH_883c67cb078941b4a3286569b11d2e67/gnocchi.4d1f3aa3-53e2-46cd-9575-69b169c579d8/none_v3" "txf01d49e7268847dd863d9-006a2ae10d" "proxy-server 20" 0.0126 "-" 22 0
Jun 11 16:23:41 standalone proxy-server[130186]: 172.18.0.2 172.18.0.100 11/Jun/2026/16/23/41 PUT /v1/AUTH_883c67cb078941b4a3286569b11d2e67/gnocchi.4d1f3aa3-53e2-46cd-9575-69b169c579d8/none_v3 HTTP/1.0 201 - python-swiftclient-3.11.1 gAAAAABqKuCMWyb6... 32 - - txf01d49e7268847dd863d9-006a2ae10d - 0.0179 - - 1781195021.231501818 1781195021.249439716 0
Jun 11 16:23:41 standalone object-server[128486]: 172.20.0.100 - - [11/Jun/2026:16:23:41 +0000] "GET /d1/22/AUTH_883c67cb078941b4a3286569b11d2e67/gnocchi.387b76e7-3ddb-45fc-ab60-572f947fe09f/none_v3" 200 22 "GET http://172.18.0.2:8080/v1/AUTH_883c67cb078941b4a3286569b11d2e67/gnocchi.387b76e7-3ddb-45fc-ab60-572f947fe09f/none_v3" "tx405c3732727a46bdb560c-006a2ae10d" "proxy-server 20" 0.0008 "-" 24 0
Jun 11 16:23:41 standalone proxy-server[130186]: 172.18.0.2 172.18.0.100 11/Jun/2026/16/23/41 GET /v1/AUTH_883c67cb078941b4a3286569b11d2e67/gnocchi.387b76e7-3ddb-45fc-ab60-572f947fe09f/none_v3 HTTP/1.0 200 - python-swiftclient-3.11.1 gAAAAABqKuCMWyb6... - 22 - tx405c3732727a46bdb560c-006a2ae10d - 0.0069 - - 1781195021.263661623 1781195021.270576239 0
Jun 11 16:23:41 standalone container-server[128353]: 172.20.0.100 - - [11/Jun/2026:16:23:41 +0000] "GET /d1/75/AUTH_883c67cb078941b4a3286569b11d2e67/gnocchi.387b76e7-3ddb-45fc-ab60-572f947fe09f" 200 357 "GET http://172.18.0.2:8080/v1/AUTH_883c67cb078941b4a3286569b11d2e67/gnocchi.387b76e7-3ddb-45fc-ab60-572f947fe09f?format=json&states=listing" "tx0d3966f09613470d9fb94-006a2ae10d" "proxy-server 20" 0.0102 "-" 22 0
Jun 11 16:23:41 standalone proxy-server[130186]: 172.18.0.2 172.18.0.100 11/Jun/2026/16/23/41 GET /v1/AUTH_883c67cb078941b4a3286569b11d2e67/gnocchi.387b76e7-3ddb-45fc-ab60-572f947fe09f%3Fformat%3Djson%26states%3Dlisting HTTP/1.0 200 - python-swiftclient-3.11.1 gAAAAABqKuCMWyb6... - 357 - tx0d3966f09613470d9fb94-006a2ae10d - 0.0166 - - 1781195021.302395344 1781195021.318952084 0
Jun 11 16:23:41 standalone container-server[128341]: 172.20.0.100 - - [11/Jun/2026:16:23:41 +0000] "GET /d1/75/AUTH_883c67cb078941b4a3286569b11d2e67/gnocchi.387b76e7-3ddb-45fc-ab60-572f947fe09f" 200 2 "GET http://172.18.0.2:8080/v1/AUTH_883c67cb078941b4a3286569b11d2e67/gnocchi.387b76e7-3ddb-45fc-ab60-572f947fe09f?format=json&marker=none_v3&states=listing" "tx0ffaf61bc9894ec5a754e-006a2ae10d" "proxy-server 20" 0.0034 "-" 20 0
Jun 11 16:23:41 standalone proxy-server[130186]: 172.18.0.2 172.18.0.100 11/Jun/2026/16/23/41 GET /v1/AUTH_883c67cb078941b4a3286569b11d2e67/gnocchi.387b76e7-3ddb-45fc-ab60-572f947fe09f%3Fformat%3Djson%26marker%3Dnone_v3%26states%3Dlisting HTTP/1.0 200 - python-swiftclient-3.11.1 gAAAAABqKuCMWyb6... - 2 - tx0ffaf61bc9894ec5a754e-006a2ae10d - 0.0217 - - 1781195021.333348751 1781195021.355047703 0
Jun 11 16:23:41 standalone object-server[128486]: 172.20.0.100 - - [11/Jun/2026:16:23:41 +0000] "GET /d1/251/AUTH_883c67cb078941b4a3286569b11d2e67/gnocchi.387b76e7-3ddb-45fc-ab60-572f947fe09f/1780920000.0_mean_300.0_v3" 200 16 "GET http://172.18.0.2:8080/v1/AUTH_883c67cb078941b4a3286569b11d2e67/gnocchi.387b76e7-3ddb-45fc-ab60-572f947fe09f/1780920000.0_mean_300.0_v3" "tx8b980a4203cb49fa9cc3a-006a2ae10d" "proxy-server 20" 0.0011 "-" 24 0
Jun 11 16:23:41 standalone proxy-server[130186]: 172.18.0.2 172.18.0.100 11/Jun/2026/16/23/41 GET /v1/AUTH_883c67cb078941b4a3286569b11d2e67/gnocchi.387b76e7-3ddb-45fc-ab60-572f947fe09f/1780920000.0_mean_300.0_v3 HTTP/1.0 200 - python-swiftclient-3.11.1 gAAAAABqKuCMWyb6... - 16 - tx8b980a4203cb49fa9cc3a-006a2ae10d - 0.0105 - - 1781195021.364966154 1781195021.375418901 0
Jun 11 16:23:41 standalone container-server[128355]: 172.20.0.100 - - [11/Jun/2026:16:23:41 +0000] "PUT /d1/75/AUTH_883c67cb078941b4a3286569b11d2e67/gnocchi.387b76e7-3ddb-45fc-ab60-572f947fe09f/1780920000.0_mean_300.0_v3" 201 - "PUT http://172.18.0.2:8080/d1/251/AUTH_883c67cb078941b4a3286569b11d2e67/gnocchi.387b76e7-3ddb-45fc-ab60-572f947fe09f/1780920000.0_mean_300.0_v3" "tx1546f4353b0f49c3970ee-006a2ae10d" "object-server 22" 0.0021 "-" 23 0
Jun 11 16:23:41 standalone object-server[128484]: 172.20.0.100 - - [11/Jun/2026:16:23:41 +0000] "PUT /d1/251/AUTH_883c67cb078941b4a3286569b11d2e67/gnocchi.387b76e7-3ddb-45fc-ab60-572f947fe09f/1780920000.0_mean_300.0_v3" 201 - "PUT http://172.18.0.2:8080/v1/AUTH_883c67cb078941b4a3286569b11d2e67/gnocchi.387b76e7-3ddb-45fc-ab60-572f947fe09f/1780920000.0_mean_300.0_v3" "tx1546f4353b0f49c3970ee-006a2ae10d" "proxy-server 20" 0.0133 "-" 22 0
Jun 11 16:23:41 standalone proxy-server[130186]: 172.18.0.2 172.18.0.100 11/Jun/2026/16/23/41 PUT /v1/AUTH_883c67cb078941b4a3286569b11d2e67/gnocchi.387b76e7-3ddb-45fc-ab60-572f947fe09f/1780920000.0_mean_300.0_v3 HTTP/1.0 201 - python-swiftclient-3.11.1 gAAAAABqKuCMWyb6... 16 - - tx1546f4353b0f49c3970ee-006a2ae10d - 0.0198 - - 1781195021.380556822 1781195021.400403976 0
Jun 11 16:23:41 standalone container-server[128345]: 172.20.0.100 - - [11/Jun/2026:16:23:41 +0000] "PUT /d1/75/AUTH_883c67cb078941b4a3286569b11d2e67/gnocchi.387b76e7-3ddb-45fc-ab60-572f947fe09f/none_v3" 201 - "PUT http://172.18.0.2:8080/d1/22/AUTH_883c67cb078941b4a3286569b11d2e67/gnocchi.387b76e7-3ddb-45fc-ab60-572f947fe09f/none_v3" "tx7f5e9ff7e61647c1b6487-006a2ae10d" "object-server 24" 0.0009 "-" 21 0
Jun 11 16:23:41 standalone object-server[128486]: 172.20.0.100 - - [11/Jun/2026:16:23:41 +0000] "PUT /d1/22/AUTH_883c67cb078941b4a3286569b11d2e67/gnocchi.387b76e7-3ddb-45fc-ab60-572f947fe09f/none_v3" 201 - "PUT http://172.18.0.2:8080/v1/AUTH_883c67cb078941b4a3286569b11d2e67/gnocchi.387b76e7-3ddb-45fc-ab60-572f947fe09f/none_v3" "tx7f5e9ff7e61647c1b6487-006a2ae10d" "proxy-server 20" 0.0123 "-" 24 0
Jun 11 16:23:41 standalone proxy-server[130186]: 172.18.0.2 172.18.0.100 11/Jun/2026/16/23/41 PUT /v1/AUTH_883c67cb078941b4a3286569b11d2e67/gnocchi.387b76e7-3ddb-45fc-ab60-572f947fe09f/none_v3 HTTP/1.0 201 - python-swiftclient-3.11.1 gAAAAABqKuCMWyb6... 32 - - tx7f5e9ff7e61647c1b6487-006a2ae10d - 0.0228 - - 1781195021.403524399 1781195021.426345825 0
Jun 11 16:23:41 standalone object-server[128486]: 172.20.0.100 - - [11/Jun/2026:16:23:41 +0000] "GET /d1/143/AUTH_883c67cb078941b4a3286569b11d2e67/gnocchi.a634f27e-a0bf-4abe-9882-36dd5f65e1d1/none_v3" 200 22 "GET http://172.18.0.2:8080/v1/AUTH_883c67cb078941b4a3286569b11d2e67/gnocchi.a634f27e-a0bf-4abe-9882-36dd5f65e1d1/none_v3" "tx775829f24bbc40adb499f-006a2ae10d" "proxy-server 20" 0.0009 "-" 24 0
Jun 11 16:23:41 standalone proxy-server[130186]: 172.18.0.2 172.18.0.100 11/Jun/2026/16/23/41 GET /v1/AUTH_883c67cb078941b4a3286569b11d2e67/gnocchi.a634f27e-a0bf-4abe-9882-36dd5f65e1d1/none_v3 HTTP/1.0 200 - python-swiftclient-3.11.1 gAAAAABqKuCMWyb6... - 22 - tx775829f24bbc40adb499f-006a2ae10d - 0.0174 - - 1781195021.435206175 1781195021.452606201 0
Jun 11 16:23:41 standalone container-server[128345]: 172.20.0.100 - - [11/Jun/2026:16:23:41 +0000] "GET /d1/416/AUTH_883c67cb078941b4a3286569b11d2e67/gnocchi.a634f27e-a0bf-4abe-9882-36dd5f65e1d1" 200 357 "GET http://172.18.0.2:8080/v1/AUTH_883c67cb078941b4a3286569b11d2e67/gnocchi.a634f27e-a0bf-4abe-9882-36dd5f65e1d1?format=json&states=listing" "txb9dc956e13234f0793339-006a2ae10d" "proxy-server 20" 0.0207 "-" 21 0
Jun 11 16:23:41 standalone proxy-server[130186]: 172.18.0.2 172.18.0.100 11/Jun/2026/16/23/41 GET /v1/AUTH_883c67cb078941b4a3286569b11d2e67/gnocchi.a634f27e-a0bf-4abe-9882-36dd5f65e1d1%3Fformat%3Djson%26states%3Dlisting HTTP/1.0 200 - python-swiftclient-3.11.1 gAAAAABqKuCMWyb6... - 357 - txb9dc956e13234f0793339-006a2ae10d - 0.0329 - - 1781195021.456485033 1781195021.489393473 0
Jun 11 16:23:41 standalone container-server[128353]: 172.20.0.100 - - [11/Jun/2026:16:23:41 +0000] "GET /d1/416/AUTH_883c67cb078941b4a3286569b11d2e67/gnocchi.a634f27e-a0bf-4abe-9882-36dd5f65e1d1" 200 2 "GET http://172.18.0.2:8080/v1/AUTH_883c67cb078941b4a3286569b11d2e67/gnocchi.a634f27e-a0bf-4abe-9882-36dd5f65e1d1?format=json&marker=none_v3&states=listing" "tx5e4ca0450477435791343-006a2ae10d" "proxy-server 20" 0.0038 "-" 22 0
Jun 11 16:23:41 standalone proxy-server[130186]: 172.18.0.2 172.18.0.100 11/Jun/2026/16/23/41 GET /v1/AUTH_883c67cb078941b4a3286569b11d2e67/gnocchi.a634f27e-a0bf-4abe-9882-36dd5f65e1d1%3Fformat%3Djson%26marker%3Dnone_v3%26states%3Dlisting HTTP/1.0 200 - python-swiftclient-3.11.1 gAAAAABqKuCMWyb6... - 2 - tx5e4ca0450477435791343-006a2ae10d - 0.0167 - - 1781195021.498489380 1781195021.515194654 0
Jun 11 16:23:41 standalone object-server[128484]: 172.20.0.100 - - [11/Jun/2026:16:23:41 +0000] "GET /d1/598/AUTH_883c67cb078941b4a3286569b11d2e67/gnocchi.a634f27e-a0bf-4abe-9882-36dd5f65e1d1/1780920000.0_mean_300.0_v3" 200 16 "GET http://172.18.0.2:8080/v1/AUTH_883c67cb078941b4a3286569b11d2e67/gnocchi.a634f27e-a0bf-4abe-9882-36dd5f65e1d1/1780920000.0_mean_300.0_v3" "tx233c0b8e74154931941f3-006a2ae10d" "proxy-server 20" 0.0012 "-" 22 0
Jun 11 16:23:41 standalone proxy-server[130186]: 172.18.0.2 172.18.0.100 11/Jun/2026/16/23/41 GET /v1/AUTH_883c67cb078941b4a3286569b11d2e67/gnocchi.a634f27e-a0bf-4abe-9882-36dd5f65e1d1/1780920000.0_mean_300.0_v3 HTTP/1.0 200 - python-swiftclient-3.11.1 gAAAAABqKuCMWyb6... - 16 - tx233c0b8e74154931941f3-006a2ae10d - 0.0112 - - 1781195021.520479441 1781195021.531656742 0
Jun 11 16:23:41 standalone container-server[128353]: 172.20.0.100 - - [11/Jun/2026:16:23:41 +0000] "PUT /d1/416/AUTH_883c67cb078941b4a3286569b11d2e67/gnocchi.a634f27e-a0bf-4abe-9882-36dd5f65e1d1/1780920000.0_mean_300.0_v3" 201 - "PUT http://172.18.0.2:8080/d1/598/AUTH_883c67cb078941b4a3286569b11d2e67/gnocchi.a634f27e-a0bf-4abe-9882-36dd5f65e1d1/1780920000.0_mean_300.0_v3" "txa063e472a72a4b62a0bb9-006a2ae10d" "object-server 24" 0.0008 "-" 22 0
Jun 11 16:23:41 standalone object-server[128486]: 172.20.0.100 - - [11/Jun/2026:16:23:41 +0000] "PUT /d1/598/AUTH_883c67cb078941b4a3286569b11d2e67/gnocchi.a634f27e-a0bf-4abe-9882-36dd5f65e1d1/1780920000.0_mean_300.0_v3" 201 - "PUT http://172.18.0.2:8080/v1/AUTH_883c67cb078941b4a3286569b11d2e67/gnocchi.a634f27e-a0bf-4abe-9882-36dd5f65e1d1/1780920000.0_mean_300.0_v3" "txa063e472a72a4b62a0bb9-006a2ae10d" "proxy-server 20" 0.0163 "-" 24 0
Jun 11 16:23:41 standalone proxy-server[130186]: 172.18.0.2 172.18.0.100 11/Jun/2026/16/23/41 PUT /v1/AUTH_883c67cb078941b4a3286569b11d2e67/gnocchi.a634f27e-a0bf-4abe-9882-36dd5f65e1d1/1780920000.0_mean_300.0_v3 HTTP/1.0 201 - python-swiftclient-3.11.1 gAAAAABqKuCMWyb6... 16 - - txa063e472a72a4b62a0bb9-006a2ae10d - 0.0291 - - 1781195021.534734011 1781195021.563827991 0
Jun 11 16:23:41 standalone container-server[128341]: 172.20.0.100 - - [11/Jun/2026:16:23:41 +0000] "PUT /d1/416/AUTH_883c67cb078941b4a3286569b11d2e67/gnocchi.a634f27e-a0bf-4abe-9882-36dd5f65e1d1/none_v3" 201 - "PUT http://172.18.0.2:8080/d1/143/AUTH_883c67cb078941b4a3286569b11d2e67/gnocchi.a634f27e-a0bf-4abe-9882-36dd5f65e1d1/none_v3" "tx2bde8caf230f4f0a91262-006a2ae10d" "object-server 24" 0.0007 "-" 20 0
Jun 11 16:23:41 standalone object-server[128486]: 172.20.0.100 - - [11/Jun/2026:16:23:41 +0000] "PUT /d1/143/AUTH_883c67cb078941b4a3286569b11d2e67/gnocchi.a634f27e-a0bf-4abe-9882-36dd5f65e1d1/none_v3" 201 - "PUT http://172.18.0.2:8080/v1/AUTH_883c67cb078941b4a3286569b11d2e67/gnocchi.a634f27e-a0bf-4abe-9882-36dd5f65e1d1/none_v3" "tx2bde8caf230f4f0a91262-006a2ae10d" "proxy-server 20" 0.0100 "-" 24 0
Jun 11 16:23:41 standalone proxy-server[130186]: 172.18.0.2 172.18.0.100 11/Jun/2026/16/23/41 PUT /v1/AUTH_883c67cb078941b4a3286569b11d2e67/gnocchi.a634f27e-a0bf-4abe-9882-36dd5f65e1d1/none_v3 HTTP/1.0 201 - python-swiftclient-3.11.1 gAAAAABqKuCMWyb6... 32 - - tx2bde8caf230f4f0a91262-006a2ae10d - 0.0190 - - 1781195021.568560123 1781195021.587544680 0
Jun 11 16:23:41 standalone object-server[128484]: 172.20.0.100 - - [11/Jun/2026:16:23:41 +0000] "GET /d1/480/AUTH_883c67cb078941b4a3286569b11d2e67/gnocchi.88f6a033-6fef-4069-9ac1-9926d8cc09aa/none_v3" 200 22 "GET http://172.18.0.2:8080/v1/AUTH_883c67cb078941b4a3286569b11d2e67/gnocchi.88f6a033-6fef-4069-9ac1-9926d8cc09aa/none_v3" "tx51e83757b95f4ef3a9efc-006a2ae10d" "proxy-server 20" 0.0010 "-" 22 0
Jun 11 16:23:41 standalone proxy-server[130186]: 172.18.0.2 172.18.0.100 11/Jun/2026/16/23/41 GET /v1/AUTH_883c67cb078941b4a3286569b11d2e67/gnocchi.88f6a033-6fef-4069-9ac1-9926d8cc09aa/none_v3 HTTP/1.0 200 - python-swiftclient-3.11.1 gAAAAABqKuCMWyb6... - 22 - tx51e83757b95f4ef3a9efc-006a2ae10d - 0.0092 - - 1781195021.612554312 1781195021.621792555 0
Jun 11 16:23:41 standalone container-server[128355]: 172.20.0.100 - - [11/Jun/2026:16:23:41 +0000] "GET /d1/36/AUTH_883c67cb078941b4a3286569b11d2e67/gnocchi.88f6a033-6fef-4069-9ac1-9926d8cc09aa" 200 357 "GET http://172.18.0.2:8080/v1/AUTH_883c67cb078941b4a3286569b11d2e67/gnocchi.88f6a033-6fef-4069-9ac1-9926d8cc09aa?format=json&states=listing" "txfb5614fc514244ffbc884-006a2ae10d" "proxy-server 20" 0.0161 "-" 23 0
Jun 11 16:23:41 standalone proxy-server[130186]: 172.18.0.2 172.18.0.100 11/Jun/2026/16/23/41 GET /v1/AUTH_883c67cb078941b4a3286569b11d2e67/gnocchi.88f6a033-6fef-4069-9ac1-9926d8cc09aa%3Fformat%3Djson%26states%3Dlisting HTTP/1.0 200 - python-swiftclient-3.11.1 gAAAAABqKuCMWyb6... - 357 - txfb5614fc514244ffbc884-006a2ae10d - 0.0250 - - 1781195021.626394033 1781195021.651390791 0
Jun 11 16:23:41 standalone container-server[128355]: 172.20.0.100 - - [11/Jun/2026:16:23:41 +0000] "GET /d1/36/AUTH_883c67cb078941b4a3286569b11d2e67/gnocchi.88f6a033-6fef-4069-9ac1-9926d8cc09aa" 200 2 "GET http://172.18.0.2:8080/v1/AUTH_883c67cb078941b4a3286569b11d2e67/gnocchi.88f6a033-6fef-4069-9ac1-9926d8cc09aa?format=json&marker=none_v3&states=listing" "txa43fe2f67f1c452d8449c-006a2ae10d" "proxy-server 20" 0.0016 "-" 23 0
Jun 11 16:23:41 standalone proxy-server[130186]: 172.18.0.2 172.18.0.100 11/Jun/2026/16/23/41 GET /v1/AUTH_883c67cb078941b4a3286569b11d2e67/gnocchi.88f6a033-6fef-4069-9ac1-9926d8cc09aa%3Fformat%3Djson%26marker%3Dnone_v3%26states%3Dlisting HTTP/1.0 200 - python-swiftclient-3.11.1 gAAAAABqKuCMWyb6... - 2 - txa43fe2f67f1c452d8449c-006a2ae10d - 0.0071 - - 1781195021.654482126 1781195021.661534309 0
Jun 11 16:23:41 standalone object-server[128486]: 172.20.0.100 - - [11/Jun/2026:16:23:41 +0000] "GET /d1/767/AUTH_883c67cb078941b4a3286569b11d2e67/gnocchi.88f6a033-6fef-4069-9ac1-9926d8cc09aa/1780920000.0_mean_300.0_v3" 200 16 "GET http://172.18.0.2:8080/v1/AUTH_883c67cb078941b4a3286569b11d2e67/gnocchi.88f6a033-6fef-4069-9ac1-9926d8cc09aa/1780920000.0_mean_300.0_v3" "tx5390b835aa354696ac43f-006a2ae10d" "proxy-server 20" 0.0008 "-" 24 0
Jun 11 16:23:41 standalone proxy-server[130186]: 172.18.0.2 172.18.0.100 11/Jun/2026/16/23/41 GET /v1/AUTH_883c67cb078941b4a3286569b11d2e67/gnocchi.88f6a033-6fef-4069-9ac1-9926d8cc09aa/1780920000.0_mean_300.0_v3 HTTP/1.0 200 - python-swiftclient-3.11.1 gAAAAABqKuCMWyb6... - 16 - tx5390b835aa354696ac43f-006a2ae10d - 0.0099 - - 1781195021.664354563 1781195021.674241304 0
Jun 11 16:23:41 standalone container-server[128345]: 172.20.0.100 - - [11/Jun/2026:16:23:41 +0000] "PUT /d1/36/AUTH_883c67cb078941b4a3286569b11d2e67/gnocchi.88f6a033-6fef-4069-9ac1-9926d8cc09aa/1780920000.0_mean_300.0_v3" 201 - "PUT http://172.18.0.2:8080/d1/767/AUTH_883c67cb078941b4a3286569b11d2e67/gnocchi.88f6a033-6fef-4069-9ac1-9926d8cc09aa/1780920000.0_mean_300.0_v3" "tx1b3d7171ebcc492f87014-006a2ae10d" "object-server 22" 0.0006 "-" 21 0
Jun 11 16:23:41 standalone object-server[128484]: 172.20.0.100 - - [11/Jun/2026:16:23:41 +0000] "PUT /d1/767/AUTH_883c67cb078941b4a3286569b11d2e67/gnocchi.88f6a033-6fef-4069-9ac1-9926d8cc09aa/1780920000.0_mean_300.0_v3" 201 - "PUT http://172.18.0.2:8080/v1/AUTH_883c67cb078941b4a3286569b11d2e67/gnocchi.88f6a033-6fef-4069-9ac1-9926d8cc09aa/1780920000.0_mean_300.0_v3" "tx1b3d7171ebcc492f87014-006a2ae10d" "proxy-server 20" 0.0151 "-" 22 0
Jun 11 16:23:41 standalone proxy-server[130186]: 172.18.0.2 172.18.0.100 11/Jun/2026/16/23/41 PUT /v1/AUTH_883c67cb078941b4a3286569b11d2e67/gnocchi.88f6a033-6fef-4069-9ac1-9926d8cc09aa/1780920000.0_mean_300.0_v3 HTTP/1.0 201 - python-swiftclient-3.11.1 gAAAAABqKuCMWyb6... 16 - - tx1b3d7171ebcc492f87014-006a2ae10d - 0.0219 - - 1781195021.676360607 1781195021.698274136 0
Jun 11 16:23:41 standalone container-server[128341]: 172.20.0.100 - - [11/Jun/2026:16:23:41 +0000] "PUT /d1/36/AUTH_883c67cb078941b4a3286569b11d2e67/gnocchi.88f6a033-6fef-4069-9ac1-9926d8cc09aa/none_v3" 201 - "PUT http://172.18.0.2:8080/d1/480/AUTH_883c67cb078941b4a3286569b11d2e67/gnocchi.88f6a033-6fef-4069-9ac1-9926d8cc09aa/none_v3" "tx126d612c3b364752acd00-006a2ae10d" "object-server 22" 0.0009 "-" 20 0
Jun 11 16:23:41 standalone object-server[128484]: 172.20.0.100 - - [11/Jun/2026:16:23:41 +0000] "PUT /d1/480/AUTH_883c67cb078941b4a3286569b11d2e67/gnocchi.88f6a033-6fef-4069-9ac1-9926d8cc09aa/none_v3" 201 - "PUT http://172.18.0.2:8080/v1/AUTH_883c67cb078941b4a3286569b11d2e67/gnocchi.88f6a033-6fef-4069-9ac1-9926d8cc09aa/none_v3" "tx126d612c3b364752acd00-006a2ae10d" "proxy-server 20" 0.0111 "-" 22 0
Jun 11 16:23:41 standalone proxy-server[130186]: 172.18.0.2 172.18.0.100 11/Jun/2026/16/23/41 PUT /v1/AUTH_883c67cb078941b4a3286569b11d2e67/gnocchi.88f6a033-6fef-4069-9ac1-9926d8cc09aa/none_v3 HTTP/1.0 201 - python-swiftclient-3.11.1 gAAAAABqKuCMWyb6... 32 - - tx126d612c3b364752acd00-006a2ae10d - 0.0194 - - 1781195021.701990366 1781195021.721360922 0
Jun 11 16:23:44 standalone container-server[128341]: 172.20.0.100 - - [11/Jun/2026:16:23:44 +0000] "HEAD /d1/721/AUTH_883c67cb078941b4a3286569b11d2e67/gnocchi.8ef20172-8e2c-4088-aa5c-e55c2d4843ca" 404 - "HEAD http://172.18.0.2:8080/v1/AUTH_883c67cb078941b4a3286569b11d2e67/gnocchi.8ef20172-8e2c-4088-aa5c-e55c2d4843ca?format=json&states=listing" "txbcf9ade8a1c1443c87372-006a2ae110" "proxy-server 20" 0.0008 "-" 20 0
Jun 11 16:23:44 standalone object-server[128484]: 172.20.0.100 - - [11/Jun/2026:16:23:44 +0000] "GET /d1/434/AUTH_883c67cb078941b4a3286569b11d2e67/gnocchi.8ef20172-8e2c-4088-aa5c-e55c2d4843ca/none_v3" 404 70 "GET http://172.18.0.2:8080/v1/AUTH_883c67cb078941b4a3286569b11d2e67/gnocchi.8ef20172-8e2c-4088-aa5c-e55c2d4843ca/none_v3" "txbcf9ade8a1c1443c87372-006a2ae110" "proxy-server 20" 0.0009 "-" 22 0
Jun 11 16:23:44 standalone proxy-server[130186]: 172.18.0.2 172.18.0.100 11/Jun/2026/16/23/44 GET /v1/AUTH_883c67cb078941b4a3286569b11d2e67/gnocchi.8ef20172-8e2c-4088-aa5c-e55c2d4843ca/none_v3 HTTP/1.0 404 - python-swiftclient-3.11.1 gAAAAABqKuCMWyb6... - 70 - txbcf9ade8a1c1443c87372-006a2ae110 - 0.0123 - - 1781195024.943143845 1781195024.955456972 0
Jun 11 16:23:44 standalone account-server[128131]: 172.20.0.100 - - [11/Jun/2026:16:23:44 +0000] "PUT /d1/867/AUTH_883c67cb078941b4a3286569b11d2e67/gnocchi.8ef20172-8e2c-4088-aa5c-e55c2d4843ca" 201 - "PUT http://172.20.0.100:6001/d1/721/AUTH_883c67cb078941b4a3286569b11d2e67/gnocchi.8ef20172-8e2c-4088-aa5c-e55c2d4843ca" "txa1f24028276f4bb3919e7-006a2ae110" "container-server 22" 0.0019 "-" 19 0
Jun 11 16:23:44 standalone container-server[128353]: 172.20.0.100 - - [11/Jun/2026:16:23:44 +0000] "PUT /d1/721/AUTH_883c67cb078941b4a3286569b11d2e67/gnocchi.8ef20172-8e2c-4088-aa5c-e55c2d4843ca" 201 - "PUT http://172.18.0.2:8080/v1/AUTH_883c67cb078941b4a3286569b11d2e67/gnocchi.8ef20172-8e2c-4088-aa5c-e55c2d4843ca" "txa1f24028276f4bb3919e7-006a2ae110" "proxy-server 20" 0.0140 "-" 22 0
Jun 11 16:23:44 standalone proxy-server[130186]: 172.18.0.2 172.18.0.100 11/Jun/2026/16/23/44 PUT /v1/AUTH_883c67cb078941b4a3286569b11d2e67/gnocchi.8ef20172-8e2c-4088-aa5c-e55c2d4843ca HTTP/1.0 201 - python-swiftclient-3.11.1 gAAAAABqKuCMWyb6... - - - txa1f24028276f4bb3919e7-006a2ae110 - 0.0184 - - 1781195024.958515882 1781195024.976920128 0
Jun 11 16:23:44 standalone container-server[128345]: 172.20.0.100 - - [11/Jun/2026:16:23:44 +0000] "HEAD /d1/721/AUTH_883c67cb078941b4a3286569b11d2e67/gnocchi.8ef20172-8e2c-4088-aa5c-e55c2d4843ca" 204 - "HEAD http://172.18.0.2:8080/v1/AUTH_883c67cb078941b4a3286569b11d2e67/gnocchi.8ef20172-8e2c-4088-aa5c-e55c2d4843ca?format=json&states=listing" "tx8818c346cf1d4c1fb2052-006a2ae110" "proxy-server 20" 0.0013 "-" 21 0
Jun 11 16:23:44 standalone proxy-server[130186]: - - 11/Jun/2026/16/23/44 HEAD /v1/AUTH_883c67cb078941b4a3286569b11d2e67/gnocchi.8ef20172-8e2c-4088-aa5c-e55c2d4843ca%3Fformat%3Djson%26states%3Dlisting HTTP/1.0 204 - Swift - - - - tx8818c346cf1d4c1fb2052-006a2ae110 - 0.0045 RL - 1781195024.980408430 1781195024.984863281 0
Jun 11 16:23:44 standalone container-server[128341]: 172.20.0.100 - - [11/Jun/2026:16:23:44 +0000] "GET /d1/721/AUTH_883c67cb078941b4a3286569b11d2e67/gnocchi.8ef20172-8e2c-4088-aa5c-e55c2d4843ca" 200 2 "GET http://172.18.0.2:8080/v1/AUTH_883c67cb078941b4a3286569b11d2e67/gnocchi.8ef20172-8e2c-4088-aa5c-e55c2d4843ca?format=json&states=listing" "tx8818c346cf1d4c1fb2052-006a2ae110" "proxy-server 20" 0.0021 "-" 20 0
Jun 11 16:23:44 standalone proxy-server[130186]: 172.18.0.2 172.18.0.100 11/Jun/2026/16/23/44 GET /v1/AUTH_883c67cb078941b4a3286569b11d2e67/gnocchi.8ef20172-8e2c-4088-aa5c-e55c2d4843ca%3Fformat%3Djson%26states%3Dlisting HTTP/1.0 200 - python-swiftclient-3.11.1 gAAAAABqKuCMWyb6... - 2 - tx8818c346cf1d4c1fb2052-006a2ae110 - 0.0145 - - 1781195024.979546070 1781195024.994058132 0
Jun 11 16:23:45 standalone object-server[128486]: 172.20.0.100 - - [11/Jun/2026:16:23:45 +0000] "GET /d1/394/AUTH_883c67cb078941b4a3286569b11d2e67/gnocchi.8ef20172-8e2c-4088-aa5c-e55c2d4843ca/1780920000.0_mean_300.0_v3" 404 70 "GET http://172.18.0.2:8080/v1/AUTH_883c67cb078941b4a3286569b11d2e67/gnocchi.8ef20172-8e2c-4088-aa5c-e55c2d4843ca/1780920000.0_mean_300.0_v3" "tx9e3e58aa498644debb0aa-006a2ae110" "proxy-server 20" 0.0005 "-" 24 0
Jun 11 16:23:45 standalone proxy-server[130186]: 172.18.0.2 172.18.0.100 11/Jun/2026/16/23/45 GET /v1/AUTH_883c67cb078941b4a3286569b11d2e67/gnocchi.8ef20172-8e2c-4088-aa5c-e55c2d4843ca/1780920000.0_mean_300.0_v3 HTTP/1.0 404 - python-swiftclient-3.11.1 gAAAAABqKuCMWyb6... - 70 - tx9e3e58aa498644debb0aa-006a2ae110 - 0.0095 - - 1781195024.998831511 1781195025.008343458 0
Jun 11 16:23:45 standalone container-server[128355]: 172.20.0.100 - - [11/Jun/2026:16:23:45 +0000] "PUT /d1/721/AUTH_883c67cb078941b4a3286569b11d2e67/gnocchi.8ef20172-8e2c-4088-aa5c-e55c2d4843ca/1780920000.0_mean_300.0_v3" 201 - "PUT http://172.18.0.2:8080/d1/394/AUTH_883c67cb078941b4a3286569b11d2e67/gnocchi.8ef20172-8e2c-4088-aa5c-e55c2d4843ca/1780920000.0_mean_300.0_v3" "tx4c95a40115cd45948d741-006a2ae111" "object-server 23" 0.0008 "-" 23 0
Jun 11 16:23:45 standalone object-server[128485]: 172.20.0.100 - - [11/Jun/2026:16:23:45 +0000] "PUT /d1/394/AUTH_883c67cb078941b4a3286569b11d2e67/gnocchi.8ef20172-8e2c-4088-aa5c-e55c2d4843ca/1780920000.0_mean_300.0_v3" 201 - "PUT http://172.18.0.2:8080/v1/AUTH_883c67cb078941b4a3286569b11d2e67/gnocchi.8ef20172-8e2c-4088-aa5c-e55c2d4843ca/1780920000.0_mean_300.0_v3" "tx4c95a40115cd45948d741-006a2ae111" "proxy-server 20" 0.0127 "-" 23 0
Jun 11 16:23:45 standalone proxy-server[130186]: 172.18.0.2 172.18.0.100 11/Jun/2026/16/23/45 PUT /v1/AUTH_883c67cb078941b4a3286569b11d2e67/gnocchi.8ef20172-8e2c-4088-aa5c-e55c2d4843ca/1780920000.0_mean_300.0_v3 HTTP/1.0 201 - python-swiftclient-3.11.1 gAAAAABqKuCMWyb6... 16 - - tx4c95a40115cd45948d741-006a2ae111 - 0.0238 - - 1781195025.012329102 1781195025.036148310 0
