Jun 14 09:37:55 standalone container-server[127447]: 172.20.0.100 - - [14/Jun/2026:09:37:55 +0000] "PUT /d1/111/AUTH_a9a47695f86f49b68ac9b1e01c782c0c/gnocchi.d3e3693f-b497-40e2-aecc-36a287163c1d/none_v3" 201 - "PUT http://172.18.0.2:8080/d1/165/AUTH_a9a47695f86f49b68ac9b1e01c782c0c/gnocchi.d3e3693f-b497-40e2-aecc-36a287163c1d/none_v3" "tx6951147d28b84afc9a989-006a2e7673" "object-server 23" 0.0008 "-" 21 0
Jun 14 09:37:55 standalone object-server[127687]: 172.20.0.100 - - [14/Jun/2026:09:37:55 +0000] "PUT /d1/165/AUTH_a9a47695f86f49b68ac9b1e01c782c0c/gnocchi.d3e3693f-b497-40e2-aecc-36a287163c1d/none_v3" 201 - "PUT http://172.18.0.2:8080/v1/AUTH_a9a47695f86f49b68ac9b1e01c782c0c/gnocchi.d3e3693f-b497-40e2-aecc-36a287163c1d/none_v3" "tx6951147d28b84afc9a989-006a2e7673" "proxy-server 20" 0.0191 "-" 23 0
Jun 14 09:37:55 standalone proxy-server[129724]: 172.18.0.2 172.18.0.100 14/Jun/2026/09/37/55 PUT /v1/AUTH_a9a47695f86f49b68ac9b1e01c782c0c/gnocchi.d3e3693f-b497-40e2-aecc-36a287163c1d/none_v3 HTTP/1.0 201 - python-swiftclient-3.11.1 gAAAAABqLnWpTmF8... 22 - - tx6951147d28b84afc9a989-006a2e7673 - 0.0276 - - 1781429875.810645342 1781429875.838207722 0
Jun 14 09:37:55 standalone container-server[127449]: 172.20.0.100 - - [14/Jun/2026:09:37:55 +0000] "HEAD /d1/974/AUTH_a9a47695f86f49b68ac9b1e01c782c0c/gnocchi.a7ff7f93-406d-441d-8f00-75af873af0f2" 404 - "HEAD http://172.18.0.2:8080/v1/AUTH_a9a47695f86f49b68ac9b1e01c782c0c/gnocchi.a7ff7f93-406d-441d-8f00-75af873af0f2?format=json&states=listing" "txb2bb10fdd3384e06a31e9-006a2e7673" "proxy-server 20" 0.0007 "-" 22 0
Jun 14 09:37:55 standalone object-server[127687]: 172.20.0.100 - - [14/Jun/2026:09:37:55 +0000] "GET /d1/743/AUTH_a9a47695f86f49b68ac9b1e01c782c0c/gnocchi.a7ff7f93-406d-441d-8f00-75af873af0f2/none_v3" 404 70 "GET http://172.18.0.2:8080/v1/AUTH_a9a47695f86f49b68ac9b1e01c782c0c/gnocchi.a7ff7f93-406d-441d-8f00-75af873af0f2/none_v3" "txb2bb10fdd3384e06a31e9-006a2e7673" "proxy-server 20" 0.0005 "-" 23 0
Jun 14 09:37:55 standalone proxy-server[129724]: 172.18.0.2 172.18.0.100 14/Jun/2026/09/37/55 GET /v1/AUTH_a9a47695f86f49b68ac9b1e01c782c0c/gnocchi.a7ff7f93-406d-441d-8f00-75af873af0f2/none_v3 HTTP/1.0 404 - python-swiftclient-3.11.1 gAAAAABqLnWpTmF8... - 70 - txb2bb10fdd3384e06a31e9-006a2e7673 - 0.0126 - - 1781429875.872574568 1781429875.885145903 0
Jun 14 09:37:55 standalone account-server[127310]: 172.20.0.100 - - [14/Jun/2026:09:37:55 +0000] "PUT /d1/186/AUTH_a9a47695f86f49b68ac9b1e01c782c0c/gnocchi.a7ff7f93-406d-441d-8f00-75af873af0f2" 201 - "PUT http://172.20.0.100:6001/d1/974/AUTH_a9a47695f86f49b68ac9b1e01c782c0c/gnocchi.a7ff7f93-406d-441d-8f00-75af873af0f2" "tx91209b9cab4642c3b1b92-006a2e7673" "container-server 21" 0.0074 "-" 23 0
Jun 14 09:37:55 standalone container-server[127447]: 172.20.0.100 - - [14/Jun/2026:09:37:55 +0000] "PUT /d1/974/AUTH_a9a47695f86f49b68ac9b1e01c782c0c/gnocchi.a7ff7f93-406d-441d-8f00-75af873af0f2" 201 - "PUT http://172.18.0.2:8080/v1/AUTH_a9a47695f86f49b68ac9b1e01c782c0c/gnocchi.a7ff7f93-406d-441d-8f00-75af873af0f2" "tx91209b9cab4642c3b1b92-006a2e7673" "proxy-server 20" 0.0186 "-" 21 0
Jun 14 09:37:55 standalone proxy-server[129724]: 172.18.0.2 172.18.0.100 14/Jun/2026/09/37/55 PUT /v1/AUTH_a9a47695f86f49b68ac9b1e01c782c0c/gnocchi.a7ff7f93-406d-441d-8f00-75af873af0f2 HTTP/1.0 201 - python-swiftclient-3.11.1 gAAAAABqLnWpTmF8... - - - tx91209b9cab4642c3b1b92-006a2e7673 - 0.0244 - - 1781429875.889757633 1781429875.914126158 0
Jun 14 09:37:55 standalone container-server[127445]: 172.20.0.100 - - [14/Jun/2026:09:37:55 +0000] "HEAD /d1/974/AUTH_a9a47695f86f49b68ac9b1e01c782c0c/gnocchi.a7ff7f93-406d-441d-8f00-75af873af0f2" 204 - "HEAD http://172.18.0.2:8080/v1/AUTH_a9a47695f86f49b68ac9b1e01c782c0c/gnocchi.a7ff7f93-406d-441d-8f00-75af873af0f2?format=json&states=listing" "txa6fc9d8051dd4d5b85220-006a2e7673" "proxy-server 20" 0.0019 "-" 20 0
Jun 14 09:37:55 standalone proxy-server[129724]: - - 14/Jun/2026/09/37/55 HEAD /v1/AUTH_a9a47695f86f49b68ac9b1e01c782c0c/gnocchi.a7ff7f93-406d-441d-8f00-75af873af0f2%3Fformat%3Djson%26states%3Dlisting HTTP/1.0 204 - Swift - - - - txa6fc9d8051dd4d5b85220-006a2e7673 - 0.0067 RL - 1781429875.918758631 1781429875.925458670 0
Jun 14 09:37:55 standalone container-server[127452]: 172.20.0.100 - - [14/Jun/2026:09:37:55 +0000] "GET /d1/974/AUTH_a9a47695f86f49b68ac9b1e01c782c0c/gnocchi.a7ff7f93-406d-441d-8f00-75af873af0f2" 200 2 "GET http://172.18.0.2:8080/v1/AUTH_a9a47695f86f49b68ac9b1e01c782c0c/gnocchi.a7ff7f93-406d-441d-8f00-75af873af0f2?format=json&states=listing" "txa6fc9d8051dd4d5b85220-006a2e7673" "proxy-server 20" 0.0028 "-" 23 0
Jun 14 09:37:55 standalone proxy-server[129724]: 172.18.0.2 172.18.0.100 14/Jun/2026/09/37/55 GET /v1/AUTH_a9a47695f86f49b68ac9b1e01c782c0c/gnocchi.a7ff7f93-406d-441d-8f00-75af873af0f2%3Fformat%3Djson%26states%3Dlisting HTTP/1.0 200 - python-swiftclient-3.11.1 gAAAAABqLnWpTmF8... - 2 - txa6fc9d8051dd4d5b85220-006a2e7673 - 0.0168 - - 1781429875.917783737 1781429875.934595346 0
Jun 14 09:37:55 standalone object-server[127690]: 172.20.0.100 - - [14/Jun/2026:09:37:55 +0000] "GET /d1/313/AUTH_a9a47695f86f49b68ac9b1e01c782c0c/gnocchi.a7ff7f93-406d-441d-8f00-75af873af0f2/1780920000.0_mean_300.0_v3" 404 70 "GET http://172.18.0.2:8080/v1/AUTH_a9a47695f86f49b68ac9b1e01c782c0c/gnocchi.a7ff7f93-406d-441d-8f00-75af873af0f2/1780920000.0_mean_300.0_v3" "tx8db10d0084a4478f9f7f4-006a2e7673" "proxy-server 20" 0.0005 "-" 24 0
Jun 14 09:37:55 standalone proxy-server[129724]: 172.18.0.2 172.18.0.100 14/Jun/2026/09/37/55 GET /v1/AUTH_a9a47695f86f49b68ac9b1e01c782c0c/gnocchi.a7ff7f93-406d-441d-8f00-75af873af0f2/1780920000.0_mean_300.0_v3 HTTP/1.0 404 - python-swiftclient-3.11.1 gAAAAABqLnWpTmF8... - 70 - tx8db10d0084a4478f9f7f4-006a2e7673 - 0.0075 - - 1781429875.940489769 1781429875.948021412 0
Jun 14 09:37:55 standalone container-server[127445]: 172.20.0.100 - - [14/Jun/2026:09:37:55 +0000] "PUT /d1/974/AUTH_a9a47695f86f49b68ac9b1e01c782c0c/gnocchi.a7ff7f93-406d-441d-8f00-75af873af0f2/1780920000.0_mean_300.0_v3" 201 - "PUT http://172.18.0.2:8080/d1/313/AUTH_a9a47695f86f49b68ac9b1e01c782c0c/gnocchi.a7ff7f93-406d-441d-8f00-75af873af0f2/1780920000.0_mean_300.0_v3" "txfec31d8cf0ed439ab6dd7-006a2e7673" "object-server 24" 0.0007 "-" 20 0
Jun 14 09:37:55 standalone object-server[127690]: 172.20.0.100 - - [14/Jun/2026:09:37:55 +0000] "PUT /d1/313/AUTH_a9a47695f86f49b68ac9b1e01c782c0c/gnocchi.a7ff7f93-406d-441d-8f00-75af873af0f2/1780920000.0_mean_300.0_v3" 201 - "PUT http://172.18.0.2:8080/v1/AUTH_a9a47695f86f49b68ac9b1e01c782c0c/gnocchi.a7ff7f93-406d-441d-8f00-75af873af0f2/1780920000.0_mean_300.0_v3" "txfec31d8cf0ed439ab6dd7-006a2e7673" "proxy-server 20" 0.0097 "-" 24 0
Jun 14 09:37:55 standalone proxy-server[129724]: 172.18.0.2 172.18.0.100 14/Jun/2026/09/37/55 PUT /v1/AUTH_a9a47695f86f49b68ac9b1e01c782c0c/gnocchi.a7ff7f93-406d-441d-8f00-75af873af0f2/1780920000.0_mean_300.0_v3 HTTP/1.0 201 - python-swiftclient-3.11.1 gAAAAABqLnWpTmF8... 16 - - txfec31d8cf0ed439ab6dd7-006a2e7673 - 0.0142 - - 1781429875.950700760 1781429875.964907169 0
Jun 14 09:37:55 standalone container-server[127452]: 172.20.0.100 - - [14/Jun/2026:09:37:55 +0000] "PUT /d1/974/AUTH_a9a47695f86f49b68ac9b1e01c782c0c/gnocchi.a7ff7f93-406d-441d-8f00-75af873af0f2/none_v3" 201 - "PUT http://172.18.0.2:8080/d1/743/AUTH_a9a47695f86f49b68ac9b1e01c782c0c/gnocchi.a7ff7f93-406d-441d-8f00-75af873af0f2/none_v3" "tx4076501b304a4c6390c33-006a2e7673" "object-server 23" 0.0006 "-" 23 0
Jun 14 09:37:55 standalone object-server[127687]: 172.20.0.100 - - [14/Jun/2026:09:37:55 +0000] "PUT /d1/743/AUTH_a9a47695f86f49b68ac9b1e01c782c0c/gnocchi.a7ff7f93-406d-441d-8f00-75af873af0f2/none_v3" 201 - "PUT http://172.18.0.2:8080/v1/AUTH_a9a47695f86f49b68ac9b1e01c782c0c/gnocchi.a7ff7f93-406d-441d-8f00-75af873af0f2/none_v3" "tx4076501b304a4c6390c33-006a2e7673" "proxy-server 20" 0.0100 "-" 23 0
Jun 14 09:37:55 standalone proxy-server[129724]: 172.18.0.2 172.18.0.100 14/Jun/2026/09/37/55 PUT /v1/AUTH_a9a47695f86f49b68ac9b1e01c782c0c/gnocchi.a7ff7f93-406d-441d-8f00-75af873af0f2/none_v3 HTTP/1.0 201 - python-swiftclient-3.11.1 gAAAAABqLnWpTmF8... 22 - - tx4076501b304a4c6390c33-006a2e7673 - 0.0142 - - 1781429875.967986584 1781429875.982226133 0
Jun 14 09:37:56 standalone container-server[127447]: 172.20.0.100 - - [14/Jun/2026:09:37:56 +0000] "HEAD /d1/141/AUTH_a9a47695f86f49b68ac9b1e01c782c0c/gnocchi.fc5482e7-c912-49df-800e-66bf96fab3e3" 404 - "HEAD http://172.18.0.2:8080/v1/AUTH_a9a47695f86f49b68ac9b1e01c782c0c/gnocchi.fc5482e7-c912-49df-800e-66bf96fab3e3?format=json&states=listing" "txe1c3f621bb8342e39c6f6-006a2e7673" "proxy-server 20" 0.0005 "-" 21 0
Jun 14 09:37:56 standalone object-server[127680]: 172.20.0.100 - - [14/Jun/2026:09:37:56 +0000] "GET /d1/716/AUTH_a9a47695f86f49b68ac9b1e01c782c0c/gnocchi.fc5482e7-c912-49df-800e-66bf96fab3e3/none_v3" 404 70 "GET http://172.18.0.2:8080/v1/AUTH_a9a47695f86f49b68ac9b1e01c782c0c/gnocchi.fc5482e7-c912-49df-800e-66bf96fab3e3/none_v3" "txe1c3f621bb8342e39c6f6-006a2e7673" "proxy-server 20" 0.0006 "-" 22 0
Jun 14 09:37:56 standalone proxy-server[129724]: 172.18.0.2 172.18.0.100 14/Jun/2026/09/37/56 GET /v1/AUTH_a9a47695f86f49b68ac9b1e01c782c0c/gnocchi.fc5482e7-c912-49df-800e-66bf96fab3e3/none_v3 HTTP/1.0 404 - python-swiftclient-3.11.1 gAAAAABqLnWpTmF8... - 70 - txe1c3f621bb8342e39c6f6-006a2e7673 - 0.0130 - - 1781429875.997396231 1781429876.010440111 0
Jun 14 09:37:56 standalone account-server[127310]: 172.20.0.100 - - [14/Jun/2026:09:37:56 +0000] "PUT /d1/186/AUTH_a9a47695f86f49b68ac9b1e01c782c0c/gnocchi.fc5482e7-c912-49df-800e-66bf96fab3e3" 201 - "PUT http://172.20.0.100:6001/d1/141/AUTH_a9a47695f86f49b68ac9b1e01c782c0c/gnocchi.fc5482e7-c912-49df-800e-66bf96fab3e3" "tx5d542f472dc640e3ba7c4-006a2e7674" "container-server 21" 0.0055 "-" 23 0
Jun 14 09:37:56 standalone container-server[127447]: 172.20.0.100 - - [14/Jun/2026:09:37:56 +0000] "PUT /d1/141/AUTH_a9a47695f86f49b68ac9b1e01c782c0c/gnocchi.fc5482e7-c912-49df-800e-66bf96fab3e3" 201 - "PUT http://172.18.0.2:8080/v1/AUTH_a9a47695f86f49b68ac9b1e01c782c0c/gnocchi.fc5482e7-c912-49df-800e-66bf96fab3e3" "tx5d542f472dc640e3ba7c4-006a2e7674" "proxy-server 20" 0.0200 "-" 21 0
Jun 14 09:37:56 standalone proxy-server[129724]: 172.18.0.2 172.18.0.100 14/Jun/2026/09/37/56 PUT /v1/AUTH_a9a47695f86f49b68ac9b1e01c782c0c/gnocchi.fc5482e7-c912-49df-800e-66bf96fab3e3 HTTP/1.0 201 - python-swiftclient-3.11.1 gAAAAABqLnWpTmF8... - - - tx5d542f472dc640e3ba7c4-006a2e7674 - 0.0251 - - 1781429876.013225555 1781429876.038297892 0
Jun 14 09:37:56 standalone container-server[127449]: 172.20.0.100 - - [14/Jun/2026:09:37:56 +0000] "HEAD /d1/141/AUTH_a9a47695f86f49b68ac9b1e01c782c0c/gnocchi.fc5482e7-c912-49df-800e-66bf96fab3e3" 204 - "HEAD http://172.18.0.2:8080/v1/AUTH_a9a47695f86f49b68ac9b1e01c782c0c/gnocchi.fc5482e7-c912-49df-800e-66bf96fab3e3?format=json&states=listing" "txfb4d06346ab84b09a3715-006a2e7674" "proxy-server 20" 0.0016 "-" 22 0
Jun 14 09:37:56 standalone proxy-server[129724]: - - 14/Jun/2026/09/37/56 HEAD /v1/AUTH_a9a47695f86f49b68ac9b1e01c782c0c/gnocchi.fc5482e7-c912-49df-800e-66bf96fab3e3%3Fformat%3Djson%26states%3Dlisting HTTP/1.0 204 - Swift - - - - txfb4d06346ab84b09a3715-006a2e7674 - 0.0059 RL - 1781429876.046655655 1781429876.052549839 0
Jun 14 09:37:56 standalone container-server[127449]: 172.20.0.100 - - [14/Jun/2026:09:37:56 +0000] "GET /d1/141/AUTH_a9a47695f86f49b68ac9b1e01c782c0c/gnocchi.fc5482e7-c912-49df-800e-66bf96fab3e3" 200 2 "GET http://172.18.0.2:8080/v1/AUTH_a9a47695f86f49b68ac9b1e01c782c0c/gnocchi.fc5482e7-c912-49df-800e-66bf96fab3e3?format=json&states=listing" "txfb4d06346ab84b09a3715-006a2e7674" "proxy-server 20" 0.0016 "-" 22 0
Jun 14 09:37:56 standalone proxy-server[129724]: 172.18.0.2 172.18.0.100 14/Jun/2026/09/37/56 GET /v1/AUTH_a9a47695f86f49b68ac9b1e01c782c0c/gnocchi.fc5482e7-c912-49df-800e-66bf96fab3e3%3Fformat%3Djson%26states%3Dlisting HTTP/1.0 200 - python-swiftclient-3.11.1 gAAAAABqLnWpTmF8... - 2 - txfb4d06346ab84b09a3715-006a2e7674 - 0.0142 - - 1781429876.045537472 1781429876.059731483 0
Jun 14 09:37:56 standalone object-server[127680]: 172.20.0.100 - - [14/Jun/2026:09:37:56 +0000] "GET /d1/942/AUTH_a9a47695f86f49b68ac9b1e01c782c0c/gnocchi.fc5482e7-c912-49df-800e-66bf96fab3e3/1780920000.0_mean_300.0_v3" 404 70 "GET http://172.18.0.2:8080/v1/AUTH_a9a47695f86f49b68ac9b1e01c782c0c/gnocchi.fc5482e7-c912-49df-800e-66bf96fab3e3/1780920000.0_mean_300.0_v3" "tx0da8f0b940884d6ea4244-006a2e7674" "proxy-server 20" 0.0004 "-" 22 0
Jun 14 09:37:56 standalone proxy-server[129724]: 172.18.0.2 172.18.0.100 14/Jun/2026/09/37/56 GET /v1/AUTH_a9a47695f86f49b68ac9b1e01c782c0c/gnocchi.fc5482e7-c912-49df-800e-66bf96fab3e3/1780920000.0_mean_300.0_v3 HTTP/1.0 404 - python-swiftclient-3.11.1 gAAAAABqLnWpTmF8... - 70 - tx0da8f0b940884d6ea4244-006a2e7674 - 0.0049 - - 1781429876.064459801 1781429876.069348812 0
Jun 14 09:37:56 standalone container-server[127452]: 172.20.0.100 - - [14/Jun/2026:09:37:56 +0000] "PUT /d1/141/AUTH_a9a47695f86f49b68ac9b1e01c782c0c/gnocchi.fc5482e7-c912-49df-800e-66bf96fab3e3/1780920000.0_mean_300.0_v3" 201 - "PUT http://172.18.0.2:8080/d1/942/AUTH_a9a47695f86f49b68ac9b1e01c782c0c/gnocchi.fc5482e7-c912-49df-800e-66bf96fab3e3/1780920000.0_mean_300.0_v3" "txf69d882d71f8468ea7f2f-006a2e7674" "object-server 23" 0.0010 "-" 23 0
Jun 14 09:37:56 standalone object-server[127687]: 172.20.0.100 - - [14/Jun/2026:09:37:56 +0000] "PUT /d1/942/AUTH_a9a47695f86f49b68ac9b1e01c782c0c/gnocchi.fc5482e7-c912-49df-800e-66bf96fab3e3/1780920000.0_mean_300.0_v3" 201 - "PUT http://172.18.0.2:8080/v1/AUTH_a9a47695f86f49b68ac9b1e01c782c0c/gnocchi.fc5482e7-c912-49df-800e-66bf96fab3e3/1780920000.0_mean_300.0_v3" "txf69d882d71f8468ea7f2f-006a2e7674" "proxy-server 20" 0.0120 "-" 23 0
Jun 14 09:37:56 standalone proxy-server[129724]: 172.18.0.2 172.18.0.100 14/Jun/2026/09/37/56 PUT /v1/AUTH_a9a47695f86f49b68ac9b1e01c782c0c/gnocchi.fc5482e7-c912-49df-800e-66bf96fab3e3/1780920000.0_mean_300.0_v3 HTTP/1.0 201 - python-swiftclient-3.11.1 gAAAAABqLnWpTmF8... 16 - - txf69d882d71f8468ea7f2f-006a2e7674 - 0.0196 - - 1781429876.076106071 1781429876.095674038 0
Jun 14 09:37:56 standalone container-server[127447]: 172.20.0.100 - - [14/Jun/2026:09:37:56 +0000] "PUT /d1/141/AUTH_a9a47695f86f49b68ac9b1e01c782c0c/gnocchi.fc5482e7-c912-49df-800e-66bf96fab3e3/none_v3" 201 - "PUT http://172.18.0.2:8080/d1/716/AUTH_a9a47695f86f49b68ac9b1e01c782c0c/gnocchi.fc5482e7-c912-49df-800e-66bf96fab3e3/none_v3" "tx9bdddc1f2d6e479580b72-006a2e7674" "object-server 24" 0.0011 "-" 21 0
Jun 14 09:37:56 standalone object-server[127690]: 172.20.0.100 - - [14/Jun/2026:09:37:56 +0000] "PUT /d1/716/AUTH_a9a47695f86f49b68ac9b1e01c782c0c/gnocchi.fc5482e7-c912-49df-800e-66bf96fab3e3/none_v3" 201 - "PUT http://172.18.0.2:8080/v1/AUTH_a9a47695f86f49b68ac9b1e01c782c0c/gnocchi.fc5482e7-c912-49df-800e-66bf96fab3e3/none_v3" "tx9bdddc1f2d6e479580b72-006a2e7674" "proxy-server 20" 0.0177 "-" 24 0
Jun 14 09:37:56 standalone proxy-server[129724]: 172.18.0.2 172.18.0.100 14/Jun/2026/09/37/56 PUT /v1/AUTH_a9a47695f86f49b68ac9b1e01c782c0c/gnocchi.fc5482e7-c912-49df-800e-66bf96fab3e3/none_v3 HTTP/1.0 201 - python-swiftclient-3.11.1 gAAAAABqLnWpTmF8... 22 - - tx9bdddc1f2d6e479580b72-006a2e7674 - 0.0249 - - 1781429876.099259853 1781429876.124174118 0
Jun 14 09:37:56 standalone container-server[127445]: 172.20.0.100 - - [14/Jun/2026:09:37:56 +0000] "HEAD /d1/526/AUTH_a9a47695f86f49b68ac9b1e01c782c0c/gnocchi.c953fdf0-09a3-4fa2-af81-bc2bd9fd1c7d" 404 - "HEAD http://172.18.0.2:8080/v1/AUTH_a9a47695f86f49b68ac9b1e01c782c0c/gnocchi.c953fdf0-09a3-4fa2-af81-bc2bd9fd1c7d?format=json&states=listing" "tx18f0565e9faa45c4bbb42-006a2e7674" "proxy-server 20" 0.0006 "-" 20 0
Jun 14 09:37:56 standalone object-server[127690]: 172.20.0.100 - - [14/Jun/2026:09:37:56 +0000] "GET /d1/1017/AUTH_a9a47695f86f49b68ac9b1e01c782c0c/gnocchi.c953fdf0-09a3-4fa2-af81-bc2bd9fd1c7d/none_v3" 404 70 "GET http://172.18.0.2:8080/v1/AUTH_a9a47695f86f49b68ac9b1e01c782c0c/gnocchi.c953fdf0-09a3-4fa2-af81-bc2bd9fd1c7d/none_v3" "tx18f0565e9faa45c4bbb42-006a2e7674" "proxy-server 20" 0.0008 "-" 24 0
Jun 14 09:37:56 standalone proxy-server[129724]: 172.18.0.2 172.18.0.100 14/Jun/2026/09/37/56 GET /v1/AUTH_a9a47695f86f49b68ac9b1e01c782c0c/gnocchi.c953fdf0-09a3-4fa2-af81-bc2bd9fd1c7d/none_v3 HTTP/1.0 404 - python-swiftclient-3.11.1 gAAAAABqLnWpTmF8... - 70 - tx18f0565e9faa45c4bbb42-006a2e7674 - 0.0106 - - 1781429876.138642788 1781429876.149281740 0
Jun 14 09:37:56 standalone account-server[127306]: 172.20.0.100 - - [14/Jun/2026:09:37:56 +0000] "PUT /d1/186/AUTH_a9a47695f86f49b68ac9b1e01c782c0c/gnocchi.c953fdf0-09a3-4fa2-af81-bc2bd9fd1c7d" 201 - "PUT http://172.20.0.100:6001/d1/526/AUTH_a9a47695f86f49b68ac9b1e01c782c0c/gnocchi.c953fdf0-09a3-4fa2-af81-bc2bd9fd1c7d" "tx735123c81cf4450b9a5a4-006a2e7674" "container-server 21" 0.0051 "-" 22 0
Jun 14 09:37:56 standalone container-server[127447]: 172.20.0.100 - - [14/Jun/2026:09:37:56 +0000] "PUT /d1/526/AUTH_a9a47695f86f49b68ac9b1e01c782c0c/gnocchi.c953fdf0-09a3-4fa2-af81-bc2bd9fd1c7d" 201 - "PUT http://172.18.0.2:8080/v1/AUTH_a9a47695f86f49b68ac9b1e01c782c0c/gnocchi.c953fdf0-09a3-4fa2-af81-bc2bd9fd1c7d" "tx735123c81cf4450b9a5a4-006a2e7674" "proxy-server 20" 0.0163 "-" 21 0
Jun 14 09:37:56 standalone proxy-server[129724]: 172.18.0.2 172.18.0.100 14/Jun/2026/09/37/56 PUT /v1/AUTH_a9a47695f86f49b68ac9b1e01c782c0c/gnocchi.c953fdf0-09a3-4fa2-af81-bc2bd9fd1c7d HTTP/1.0 201 - python-swiftclient-3.11.1 gAAAAABqLnWpTmF8... - - - tx735123c81cf4450b9a5a4-006a2e7674 - 0.0216 - - 1781429876.151338816 1781429876.172911644 0
Jun 14 09:37:56 standalone container-server[127445]: 172.20.0.100 - - [14/Jun/2026:09:37:56 +0000] "HEAD /d1/526/AUTH_a9a47695f86f49b68ac9b1e01c782c0c/gnocchi.c953fdf0-09a3-4fa2-af81-bc2bd9fd1c7d" 204 - "HEAD http://172.18.0.2:8080/v1/AUTH_a9a47695f86f49b68ac9b1e01c782c0c/gnocchi.c953fdf0-09a3-4fa2-af81-bc2bd9fd1c7d?format=json&states=listing" "tx7a3dc1493aa74489bf1d1-006a2e7674" "proxy-server 20" 0.0028 "-" 20 0
Jun 14 09:37:56 standalone proxy-server[129724]: - - 14/Jun/2026/09/37/56 HEAD /v1/AUTH_a9a47695f86f49b68ac9b1e01c782c0c/gnocchi.c953fdf0-09a3-4fa2-af81-bc2bd9fd1c7d%3Fformat%3Djson%26states%3Dlisting HTTP/1.0 204 - Swift - - - - tx7a3dc1493aa74489bf1d1-006a2e7674 - 0.0064 RL - 1781429876.177571297 1781429876.183924913 0
Jun 14 09:37:56 standalone container-server[127447]: 172.20.0.100 - - [14/Jun/2026:09:37:56 +0000] "GET /d1/526/AUTH_a9a47695f86f49b68ac9b1e01c782c0c/gnocchi.c953fdf0-09a3-4fa2-af81-bc2bd9fd1c7d" 200 2 "GET http://172.18.0.2:8080/v1/AUTH_a9a47695f86f49b68ac9b1e01c782c0c/gnocchi.c953fdf0-09a3-4fa2-af81-bc2bd9fd1c7d?format=json&states=listing" "tx7a3dc1493aa74489bf1d1-006a2e7674" "proxy-server 20" 0.0020 "-" 21 0
Jun 14 09:37:56 standalone proxy-server[129724]: 172.18.0.2 172.18.0.100 14/Jun/2026/09/37/56 GET /v1/AUTH_a9a47695f86f49b68ac9b1e01c782c0c/gnocchi.c953fdf0-09a3-4fa2-af81-bc2bd9fd1c7d%3Fformat%3Djson%26states%3Dlisting HTTP/1.0 200 - python-swiftclient-3.11.1 gAAAAABqLnWpTmF8... - 2 - tx7a3dc1493aa74489bf1d1-006a2e7674 - 0.0143 - - 1781429876.176529646 1781429876.190840006 0
Jun 14 09:37:56 standalone object-server[127680]: 172.20.0.100 - - [14/Jun/2026:09:37:56 +0000] "GET /d1/780/AUTH_a9a47695f86f49b68ac9b1e01c782c0c/gnocchi.c953fdf0-09a3-4fa2-af81-bc2bd9fd1c7d/1780920000.0_mean_300.0_v3" 404 70 "GET http://172.18.0.2:8080/v1/AUTH_a9a47695f86f49b68ac9b1e01c782c0c/gnocchi.c953fdf0-09a3-4fa2-af81-bc2bd9fd1c7d/1780920000.0_mean_300.0_v3" "tx52b9bc9ce5504540b6680-006a2e7674" "proxy-server 20" 0.0005 "-" 22 0
Jun 14 09:37:56 standalone proxy-server[129724]: 172.18.0.2 172.18.0.100 14/Jun/2026/09/37/56 GET /v1/AUTH_a9a47695f86f49b68ac9b1e01c782c0c/gnocchi.c953fdf0-09a3-4fa2-af81-bc2bd9fd1c7d/1780920000.0_mean_300.0_v3 HTTP/1.0 404 - python-swiftclient-3.11.1 gAAAAABqLnWpTmF8... - 70 - tx52b9bc9ce5504540b6680-006a2e7674 - 0.0048 - - 1781429876.196698189 1781429876.201518297 0
Jun 14 09:37:56 standalone container-server[127449]: 172.20.0.100 - - [14/Jun/2026:09:37:56 +0000] "PUT /d1/526/AUTH_a9a47695f86f49b68ac9b1e01c782c0c/gnocchi.c953fdf0-09a3-4fa2-af81-bc2bd9fd1c7d/1780920000.0_mean_300.0_v3" 201 - "PUT http://172.18.0.2:8080/d1/780/AUTH_a9a47695f86f49b68ac9b1e01c782c0c/gnocchi.c953fdf0-09a3-4fa2-af81-bc2bd9fd1c7d/1780920000.0_mean_300.0_v3" "tx13f7353d2eba4e84a9636-006a2e7674" "object-server 23" 0.0008 "-" 22 0
Jun 14 09:37:56 standalone object-server[127687]: 172.20.0.100 - - [14/Jun/2026:09:37:56 +0000] "PUT /d1/780/AUTH_a9a47695f86f49b68ac9b1e01c782c0c/gnocchi.c953fdf0-09a3-4fa2-af81-bc2bd9fd1c7d/1780920000.0_mean_300.0_v3" 201 - "PUT http://172.18.0.2:8080/v1/AUTH_a9a47695f86f49b68ac9b1e01c782c0c/gnocchi.c953fdf0-09a3-4fa2-af81-bc2bd9fd1c7d/1780920000.0_mean_300.0_v3" "tx13f7353d2eba4e84a9636-006a2e7674" "proxy-server 20" 0.0110 "-" 23 0
Jun 14 09:37:56 standalone proxy-server[129724]: 172.18.0.2 172.18.0.100 14/Jun/2026/09/37/56 PUT /v1/AUTH_a9a47695f86f49b68ac9b1e01c782c0c/gnocchi.c953fdf0-09a3-4fa2-af81-bc2bd9fd1c7d/1780920000.0_mean_300.0_v3 HTTP/1.0 201 - python-swiftclient-3.11.1 gAAAAABqLnWpTmF8... 16 - - tx13f7353d2eba4e84a9636-006a2e7674 - 0.0162 - - 1781429876.205870628 1781429876.222051620 0
Jun 14 09:37:56 standalone container-server[127445]: 172.20.0.100 - - [14/Jun/2026:09:37:56 +0000] "PUT /d1/526/AUTH_a9a47695f86f49b68ac9b1e01c782c0c/gnocchi.c953fdf0-09a3-4fa2-af81-bc2bd9fd1c7d/none_v3" 201 - "PUT http://172.18.0.2:8080/d1/1017/AUTH_a9a47695f86f49b68ac9b1e01c782c0c/gnocchi.c953fdf0-09a3-4fa2-af81-bc2bd9fd1c7d/none_v3" "txc8d5eb6a44644c59a8abb-006a2e7674" "object-server 24" 0.0006 "-" 20 0
Jun 14 09:37:56 standalone object-server[127690]: 172.20.0.100 - - [14/Jun/2026:09:37:56 +0000] "PUT /d1/1017/AUTH_a9a47695f86f49b68ac9b1e01c782c0c/gnocchi.c953fdf0-09a3-4fa2-af81-bc2bd9fd1c7d/none_v3" 201 - "PUT http://172.18.0.2:8080/v1/AUTH_a9a47695f86f49b68ac9b1e01c782c0c/gnocchi.c953fdf0-09a3-4fa2-af81-bc2bd9fd1c7d/none_v3" "txc8d5eb6a44644c59a8abb-006a2e7674" "proxy-server 20" 0.0088 "-" 24 0
Jun 14 09:37:56 standalone proxy-server[129724]: 172.18.0.2 172.18.0.100 14/Jun/2026/09/37/56 PUT /v1/AUTH_a9a47695f86f49b68ac9b1e01c782c0c/gnocchi.c953fdf0-09a3-4fa2-af81-bc2bd9fd1c7d/none_v3 HTTP/1.0 201 - python-swiftclient-3.11.1 gAAAAABqLnWpTmF8... 22 - - txc8d5eb6a44644c59a8abb-006a2e7674 - 0.0239 - - 1781429876.228386164 1781429876.252246857 0
Jun 14 09:37:56 standalone container-server[127447]: 172.20.0.100 - - [14/Jun/2026:09:37:56 +0000] "HEAD /d1/656/AUTH_a9a47695f86f49b68ac9b1e01c782c0c/gnocchi.84945bb5-77a4-4628-b18b-aa359b2279d2" 404 - "HEAD http://172.18.0.2:8080/v1/AUTH_a9a47695f86f49b68ac9b1e01c782c0c/gnocchi.84945bb5-77a4-4628-b18b-aa359b2279d2?format=json&states=listing" "tx6a3fa6e143bb4e5dabd8d-006a2e7674" "proxy-server 20" 0.0005 "-" 21 0
Jun 14 09:37:56 standalone object-server[127687]: 172.20.0.100 - - [14/Jun/2026:09:37:56 +0000] "GET /d1/900/AUTH_a9a47695f86f49b68ac9b1e01c782c0c/gnocchi.84945bb5-77a4-4628-b18b-aa359b2279d2/none_v3" 404 70 "GET http://172.18.0.2:8080/v1/AUTH_a9a47695f86f49b68ac9b1e01c782c0c/gnocchi.84945bb5-77a4-4628-b18b-aa359b2279d2/none_v3" "tx6a3fa6e143bb4e5dabd8d-006a2e7674" "proxy-server 20" 0.0005 "-" 23 0
Jun 14 09:37:56 standalone proxy-server[129724]: 172.18.0.2 172.18.0.100 14/Jun/2026/09/37/56 GET /v1/AUTH_a9a47695f86f49b68ac9b1e01c782c0c/gnocchi.84945bb5-77a4-4628-b18b-aa359b2279d2/none_v3 HTTP/1.0 404 - python-swiftclient-3.11.1 gAAAAABqLnWpTmF8... - 70 - tx6a3fa6e143bb4e5dabd8d-006a2e7674 - 0.0097 - - 1781429876.277927399 1781429876.287630081 0
Jun 14 09:37:56 standalone account-server[127306]: 172.20.0.100 - - [14/Jun/2026:09:37:56 +0000] "PUT /d1/186/AUTH_a9a47695f86f49b68ac9b1e01c782c0c/gnocchi.84945bb5-77a4-4628-b18b-aa359b2279d2" 201 - "PUT http://172.20.0.100:6001/d1/656/AUTH_a9a47695f86f49b68ac9b1e01c782c0c/gnocchi.84945bb5-77a4-4628-b18b-aa359b2279d2" "tx1ba29daa53b94d818e18b-006a2e7674" "container-server 23" 0.0068 "-" 22 0
Jun 14 09:37:56 standalone container-server[127452]: 172.20.0.100 - - [14/Jun/2026:09:37:56 +0000] "PUT /d1/656/AUTH_a9a47695f86f49b68ac9b1e01c782c0c/gnocchi.84945bb5-77a4-4628-b18b-aa359b2279d2" 201 - "PUT http://172.18.0.2:8080/v1/AUTH_a9a47695f86f49b68ac9b1e01c782c0c/gnocchi.84945bb5-77a4-4628-b18b-aa359b2279d2" "tx1ba29daa53b94d818e18b-006a2e7674" "proxy-server 20" 0.0195 "-" 23 0
Jun 14 09:37:56 standalone proxy-server[129724]: 172.18.0.2 172.18.0.100 14/Jun/2026/09/37/56 PUT /v1/AUTH_a9a47695f86f49b68ac9b1e01c782c0c/gnocchi.84945bb5-77a4-4628-b18b-aa359b2279d2 HTTP/1.0 201 - python-swiftclient-3.11.1 gAAAAABqLnWpTmF8... - - - tx1ba29daa53b94d818e18b-006a2e7674 - 0.0236 - - 1781429876.290282965 1781429876.313846350 0
Jun 14 09:37:56 standalone container-server[127452]: 172.20.0.100 - - [14/Jun/2026:09:37:56 +0000] "HEAD /d1/656/AUTH_a9a47695f86f49b68ac9b1e01c782c0c/gnocchi.84945bb5-77a4-4628-b18b-aa359b2279d2" 204 - "HEAD http://172.18.0.2:8080/v1/AUTH_a9a47695f86f49b68ac9b1e01c782c0c/gnocchi.84945bb5-77a4-4628-b18b-aa359b2279d2?format=json&states=listing" "txbb982579a13546a784c84-006a2e7674" "proxy-server 20" 0.0019 "-" 23 0
Jun 14 09:37:56 standalone proxy-server[129724]: - - 14/Jun/2026/09/37/56 HEAD /v1/AUTH_a9a47695f86f49b68ac9b1e01c782c0c/gnocchi.84945bb5-77a4-4628-b18b-aa359b2279d2%3Fformat%3Djson%26states%3Dlisting HTTP/1.0 204 - Swift - - - - txbb982579a13546a784c84-006a2e7674 - 0.0056 RL - 1781429876.319429636 1781429876.324983597 0
Jun 14 09:37:56 standalone container-server[127447]: 172.20.0.100 - - [14/Jun/2026:09:37:56 +0000] "GET /d1/656/AUTH_a9a47695f86f49b68ac9b1e01c782c0c/gnocchi.84945bb5-77a4-4628-b18b-aa359b2279d2" 200 2 "GET http://172.18.0.2:8080/v1/AUTH_a9a47695f86f49b68ac9b1e01c782c0c/gnocchi.84945bb5-77a4-4628-b18b-aa359b2279d2?format=json&states=listing" "txbb982579a13546a784c84-006a2e7674" "proxy-server 20" 0.0028 "-" 21 0
Jun 14 09:37:56 standalone proxy-server[129724]: 172.18.0.2 172.18.0.100 14/Jun/2026/09/37/56 GET /v1/AUTH_a9a47695f86f49b68ac9b1e01c782c0c/gnocchi.84945bb5-77a4-4628-b18b-aa359b2279d2%3Fformat%3Djson%26states%3Dlisting HTTP/1.0 200 - python-swiftclient-3.11.1 gAAAAABqLnWpTmF8... - 2 - txbb982579a13546a784c84-006a2e7674 - 0.0172 - - 1781429876.317420959 1781429876.334645748 0
Jun 14 09:37:56 standalone object-server[127690]: 172.20.0.100 - - [14/Jun/2026:09:37:56 +0000] "GET /d1/488/AUTH_a9a47695f86f49b68ac9b1e01c782c0c/gnocchi.84945bb5-77a4-4628-b18b-aa359b2279d2/1780920000.0_mean_300.0_v3" 404 70 "GET http://172.18.0.2:8080/v1/AUTH_a9a47695f86f49b68ac9b1e01c782c0c/gnocchi.84945bb5-77a4-4628-b18b-aa359b2279d2/1780920000.0_mean_300.0_v3" "tx92b90b3f590a471bb2799-006a2e7674" "proxy-server 20" 0.0005 "-" 24 0
Jun 14 09:37:56 standalone proxy-server[129724]: 172.18.0.2 172.18.0.100 14/Jun/2026/09/37/56 GET /v1/AUTH_a9a47695f86f49b68ac9b1e01c782c0c/gnocchi.84945bb5-77a4-4628-b18b-aa359b2279d2/1780920000.0_mean_300.0_v3 HTTP/1.0 404 - python-swiftclient-3.11.1 gAAAAABqLnWpTmF8... - 70 - tx92b90b3f590a471bb2799-006a2e7674 - 0.0058 - - 1781429876.338646889 1781429876.344459057 0
Jun 14 09:37:56 standalone container-server[127452]: 172.20.0.100 - - [14/Jun/2026:09:37:56 +0000] "PUT /d1/656/AUTH_a9a47695f86f49b68ac9b1e01c782c0c/gnocchi.84945bb5-77a4-4628-b18b-aa359b2279d2/1780920000.0_mean_300.0_v3" 201 - "PUT http://172.18.0.2:8080/d1/488/AUTH_a9a47695f86f49b68ac9b1e01c782c0c/gnocchi.84945bb5-77a4-4628-b18b-aa359b2279d2/1780920000.0_mean_300.0_v3" "tx1da13f14c76a4d69886de-006a2e7674" "object-server 24" 0.0008 "-" 23 0
Jun 14 09:37:56 standalone object-server[127690]: 172.20.0.100 - - [14/Jun/2026:09:37:56 +0000] "PUT /d1/488/AUTH_a9a47695f86f49b68ac9b1e01c782c0c/gnocchi.84945bb5-77a4-4628-b18b-aa359b2279d2/1780920000.0_mean_300.0_v3" 201 - "PUT http://172.18.0.2:8080/v1/AUTH_a9a47695f86f49b68ac9b1e01c782c0c/gnocchi.84945bb5-77a4-4628-b18b-aa359b2279d2/1780920000.0_mean_300.0_v3" "tx1da13f14c76a4d69886de-006a2e7674" "proxy-server 20" 0.0111 "-" 24 0
Jun 14 09:37:56 standalone proxy-server[129724]: 172.18.0.2 172.18.0.100 14/Jun/2026/09/37/56 PUT /v1/AUTH_a9a47695f86f49b68ac9b1e01c782c0c/gnocchi.84945bb5-77a4-4628-b18b-aa359b2279d2/1780920000.0_mean_300.0_v3 HTTP/1.0 201 - python-swiftclient-3.11.1 gAAAAABqLnWpTmF8... 16 - - tx1da13f14c76a4d69886de-006a2e7674 - 0.0155 - - 1781429876.347191811 1781429876.362728596 0
Jun 14 09:37:56 standalone container-server[127447]: 172.20.0.100 - - [14/Jun/2026:09:37:56 +0000] "PUT /d1/656/AUTH_a9a47695f86f49b68ac9b1e01c782c0c/gnocchi.84945bb5-77a4-4628-b18b-aa359b2279d2/none_v3" 201 - "PUT http://172.18.0.2:8080/d1/900/AUTH_a9a47695f86f49b68ac9b1e01c782c0c/gnocchi.84945bb5-77a4-4628-b18b-aa359b2279d2/none_v3" "tx0e5670fabc22465ca525e-006a2e7674" "object-server 24" 0.0009 "-" 21 0
Jun 14 09:37:56 standalone object-server[127690]: 172.20.0.100 - - [14/Jun/2026:09:37:56 +0000] "PUT /d1/900/AUTH_a9a47695f86f49b68ac9b1e01c782c0c/gnocchi.84945bb5-77a4-4628-b18b-aa359b2279d2/none_v3" 201 - "PUT http://172.18.0.2:8080/v1/AUTH_a9a47695f86f49b68ac9b1e01c782c0c/gnocchi.84945bb5-77a4-4628-b18b-aa359b2279d2/none_v3" "tx0e5670fabc22465ca525e-006a2e7674" "proxy-server 20" 0.0123 "-" 24 0
Jun 14 09:37:56 standalone proxy-server[129724]: 172.18.0.2 172.18.0.100 14/Jun/2026/09/37/56 PUT /v1/AUTH_a9a47695f86f49b68ac9b1e01c782c0c/gnocchi.84945bb5-77a4-4628-b18b-aa359b2279d2/none_v3 HTTP/1.0 201 - python-swiftclient-3.11.1 gAAAAABqLnWpTmF8... 22 - - tx0e5670fabc22465ca525e-006a2e7674 - 0.0221 - - 1781429876.366637468 1781429876.388695240 0
Jun 14 09:37:56 standalone container-server[127449]: 172.20.0.100 - - [14/Jun/2026:09:37:56 +0000] "HEAD /d1/800/AUTH_a9a47695f86f49b68ac9b1e01c782c0c/gnocchi.271ca524-3ce7-425a-ac98-7cc7afcf6d5b" 404 - "HEAD http://172.18.0.2:8080/v1/AUTH_a9a47695f86f49b68ac9b1e01c782c0c/gnocchi.271ca524-3ce7-425a-ac98-7cc7afcf6d5b?format=json&states=listing" "txb46f19f532364be994796-006a2e7674" "proxy-server 20" 0.0006 "-" 22 0
Jun 14 09:37:56 standalone object-server[127690]: 172.20.0.100 - - [14/Jun/2026:09:37:56 +0000] "GET /d1/487/AUTH_a9a47695f86f49b68ac9b1e01c782c0c/gnocchi.271ca524-3ce7-425a-ac98-7cc7afcf6d5b/none_v3" 404 70 "GET http://172.18.0.2:8080/v1/AUTH_a9a47695f86f49b68ac9b1e01c782c0c/gnocchi.271ca524-3ce7-425a-ac98-7cc7afcf6d5b/none_v3" "txb46f19f532364be994796-006a2e7674" "proxy-server 20" 0.0006 "-" 24 0
Jun 14 09:37:56 standalone proxy-server[129724]: 172.18.0.2 172.18.0.100 14/Jun/2026/09/37/56 GET /v1/AUTH_a9a47695f86f49b68ac9b1e01c782c0c/gnocchi.271ca524-3ce7-425a-ac98-7cc7afcf6d5b/none_v3 HTTP/1.0 404 - python-swiftclient-3.11.1 gAAAAABqLnWpTmF8... - 70 - txb46f19f532364be994796-006a2e7674 - 0.0138 - - 1781429876.403289318 1781429876.417120218 0
Jun 14 09:37:56 standalone account-server[127310]: 172.20.0.100 - - [14/Jun/2026:09:37:56 +0000] "PUT /d1/186/AUTH_a9a47695f86f49b68ac9b1e01c782c0c/gnocchi.271ca524-3ce7-425a-ac98-7cc7afcf6d5b" 201 - "PUT http://172.20.0.100:6001/d1/800/AUTH_a9a47695f86f49b68ac9b1e01c782c0c/gnocchi.271ca524-3ce7-425a-ac98-7cc7afcf6d5b" "tx5b3127f4b818455c99053-006a2e7674" "container-server 21" 0.0068 "-" 23 0
Jun 14 09:37:56 standalone container-server[127447]: 172.20.0.100 - - [14/Jun/2026:09:37:56 +0000] "PUT /d1/800/AUTH_a9a47695f86f49b68ac9b1e01c782c0c/gnocchi.271ca524-3ce7-425a-ac98-7cc7afcf6d5b" 201 - "PUT http://172.18.0.2:8080/v1/AUTH_a9a47695f86f49b68ac9b1e01c782c0c/gnocchi.271ca524-3ce7-425a-ac98-7cc7afcf6d5b" "tx5b3127f4b818455c99053-006a2e7674" "proxy-server 20" 0.0214 "-" 21 0
Jun 14 09:37:56 standalone proxy-server[129724]: 172.18.0.2 172.18.0.100 14/Jun/2026/09/37/56 PUT /v1/AUTH_a9a47695f86f49b68ac9b1e01c782c0c/gnocchi.271ca524-3ce7-425a-ac98-7cc7afcf6d5b HTTP/1.0 201 - python-swiftclient-3.11.1 gAAAAABqLnWpTmF8... - - - tx5b3127f4b818455c99053-006a2e7674 - 0.0290 - - 1781429876.420210838 1781429876.449241638 0
Jun 14 09:37:56 standalone container-server[127452]: 172.20.0.100 - - [14/Jun/2026:09:37:56 +0000] "HEAD /d1/800/AUTH_a9a47695f86f49b68ac9b1e01c782c0c/gnocchi.271ca524-3ce7-425a-ac98-7cc7afcf6d5b" 204 - "HEAD http://172.18.0.2:8080/v1/AUTH_a9a47695f86f49b68ac9b1e01c782c0c/gnocchi.271ca524-3ce7-425a-ac98-7cc7afcf6d5b?format=json&states=listing" "txc6a1ab7a0c96497ab2907-006a2e7674" "proxy-server 20" 0.0025 "-" 23 0
Jun 14 09:37:56 standalone proxy-server[129724]: - - 14/Jun/2026/09/37/56 HEAD /v1/AUTH_a9a47695f86f49b68ac9b1e01c782c0c/gnocchi.271ca524-3ce7-425a-ac98-7cc7afcf6d5b%3Fformat%3Djson%26states%3Dlisting HTTP/1.0 204 - Swift - - - - txc6a1ab7a0c96497ab2907-006a2e7674 - 0.0090 RL - 1781429876.455132961 1781429876.464143515 0
Jun 14 09:37:56 standalone container-server[127445]: 172.20.0.100 - - [14/Jun/2026:09:37:56 +0000] "GET /d1/800/AUTH_a9a47695f86f49b68ac9b1e01c782c0c/gnocchi.271ca524-3ce7-425a-ac98-7cc7afcf6d5b" 200 2 "GET http://172.18.0.2:8080/v1/AUTH_a9a47695f86f49b68ac9b1e01c782c0c/gnocchi.271ca524-3ce7-425a-ac98-7cc7afcf6d5b?format=json&states=listing" "txc6a1ab7a0c96497ab2907-006a2e7674" "proxy-server 20" 0.0038 "-" 20 0
Jun 14 09:37:56 standalone proxy-server[129724]: 172.18.0.2 172.18.0.100 14/Jun/2026/09/37/56 GET /v1/AUTH_a9a47695f86f49b68ac9b1e01c782c0c/gnocchi.271ca524-3ce7-425a-ac98-7cc7afcf6d5b%3Fformat%3Djson%26states%3Dlisting HTTP/1.0 200 - python-swiftclient-3.11.1 gAAAAABqLnWpTmF8... - 2 - txc6a1ab7a0c96497ab2907-006a2e7674 - 0.0207 - - 1781429876.453913927 1781429876.474592686 0
Jun 14 09:37:56 standalone object-server[127680]: 172.20.0.100 - - [14/Jun/2026:09:37:56 +0000] "GET /d1/433/AUTH_a9a47695f86f49b68ac9b1e01c782c0c/gnocchi.271ca524-3ce7-425a-ac98-7cc7afcf6d5b/1780920000.0_mean_300.0_v3" 404 70 "GET http://172.18.0.2:8080/v1/AUTH_a9a47695f86f49b68ac9b1e01c782c0c/gnocchi.271ca524-3ce7-425a-ac98-7cc7afcf6d5b/1780920000.0_mean_300.0_v3" "txba5d9e4127f943228a57d-006a2e7674" "proxy-server 20" 0.0008 "-" 22 0
Jun 14 09:37:56 standalone proxy-server[129724]: 172.18.0.2 172.18.0.100 14/Jun/2026/09/37/56 GET /v1/AUTH_a9a47695f86f49b68ac9b1e01c782c0c/gnocchi.271ca524-3ce7-425a-ac98-7cc7afcf6d5b/1780920000.0_mean_300.0_v3 HTTP/1.0 404 - python-swiftclient-3.11.1 gAAAAABqLnWpTmF8... - 70 - txba5d9e4127f943228a57d-006a2e7674 - 0.0071 - - 1781429876.478945494 1781429876.485997915 0
Jun 14 09:37:56 standalone container-server[127447]: 172.20.0.100 - - [14/Jun/2026:09:37:56 +0000] "PUT /d1/800/AUTH_a9a47695f86f49b68ac9b1e01c782c0c/gnocchi.271ca524-3ce7-425a-ac98-7cc7afcf6d5b/1780920000.0_mean_300.0_v3" 201 - "PUT http://172.18.0.2:8080/d1/433/AUTH_a9a47695f86f49b68ac9b1e01c782c0c/gnocchi.271ca524-3ce7-425a-ac98-7cc7afcf6d5b/1780920000.0_mean_300.0_v3" "txd1ffec2d04c0498991384-006a2e7674" "object-server 25" 0.0010 "-" 21 0
Jun 14 09:37:56 standalone object-server[127701]: 172.20.0.100 - - [14/Jun/2026:09:37:56 +0000] "PUT /d1/433/AUTH_a9a47695f86f49b68ac9b1e01c782c0c/gnocchi.271ca524-3ce7-425a-ac98-7cc7afcf6d5b/1780920000.0_mean_300.0_v3" 201 - "PUT http://172.18.0.2:8080/v1/AUTH_a9a47695f86f49b68ac9b1e01c782c0c/gnocchi.271ca524-3ce7-425a-ac98-7cc7afcf6d5b/1780920000.0_mean_300.0_v3" "txd1ffec2d04c0498991384-006a2e7674" "proxy-server 20" 0.0112 "-" 25 0
Jun 14 09:37:56 standalone proxy-server[129724]: 172.18.0.2 172.18.0.100 14/Jun/2026/09/37/56 PUT /v1/AUTH_a9a47695f86f49b68ac9b1e01c782c0c/gnocchi.271ca524-3ce7-425a-ac98-7cc7afcf6d5b/1780920000.0_mean_300.0_v3 HTTP/1.0 201 - python-swiftclient-3.11.1 gAAAAABqLnWpTmF8... 16 - - txd1ffec2d04c0498991384-006a2e7674 - 0.0166 - - 1781429876.489061832 1781429876.505698442 0
Jun 14 09:37:56 standalone container-server[127447]: 172.20.0.100 - - [14/Jun/2026:09:37:56 +0000] "PUT /d1/800/AUTH_a9a47695f86f49b68ac9b1e01c782c0c/gnocchi.271ca524-3ce7-425a-ac98-7cc7afcf6d5b/none_v3" 201 - "PUT http://172.18.0.2:8080/d1/487/AUTH_a9a47695f86f49b68ac9b1e01c782c0c/gnocchi.271ca524-3ce7-425a-ac98-7cc7afcf6d5b/none_v3" "tx91026b13af9146d8abd34-006a2e7674" "object-server 22" 0.0008 "-" 21 0
Jun 14 09:37:56 standalone object-server[127680]: 172.20.0.100 - - [14/Jun/2026:09:37:56 +0000] "PUT /d1/487/AUTH_a9a47695f86f49b68ac9b1e01c782c0c/gnocchi.271ca524-3ce7-425a-ac98-7cc7afcf6d5b/none_v3" 201 - "PUT http://172.18.0.2:8080/v1/AUTH_a9a47695f86f49b68ac9b1e01c782c0c/gnocchi.271ca524-3ce7-425a-ac98-7cc7afcf6d5b/none_v3" "tx91026b13af9146d8abd34-006a2e7674" "proxy-server 20" 0.0111 "-" 22 0
Jun 14 09:37:56 standalone proxy-server[129724]: 172.18.0.2 172.18.0.100 14/Jun/2026/09/37/56 PUT /v1/AUTH_a9a47695f86f49b68ac9b1e01c782c0c/gnocchi.271ca524-3ce7-425a-ac98-7cc7afcf6d5b/none_v3 HTTP/1.0 201 - python-swiftclient-3.11.1 gAAAAABqLnWpTmF8... 22 - - tx91026b13af9146d8abd34-006a2e7674 - 0.0170 - - 1781429876.508324862 1781429876.525302410 0
Jun 14 09:37:56 standalone container-server[127445]: 172.20.0.100 - - [14/Jun/2026:09:37:56 +0000] "HEAD /d1/702/AUTH_a9a47695f86f49b68ac9b1e01c782c0c/gnocchi.dc67dccb-54f2-44a6-8a01-fc67e92dfec8" 404 - "HEAD http://172.18.0.2:8080/v1/AUTH_a9a47695f86f49b68ac9b1e01c782c0c/gnocchi.dc67dccb-54f2-44a6-8a01-fc67e92dfec8?format=json&states=listing" "tx094e04107d1d4b01a8ede-006a2e7674" "proxy-server 20" 0.0008 "-" 20 0
Jun 14 09:37:56 standalone object-server[127680]: 172.20.0.100 - - [14/Jun/2026:09:37:56 +0000] "GET /d1/381/AUTH_a9a47695f86f49b68ac9b1e01c782c0c/gnocchi.dc67dccb-54f2-44a6-8a01-fc67e92dfec8/none_v3" 404 70 "GET http://172.18.0.2:8080/v1/AUTH_a9a47695f86f49b68ac9b1e01c782c0c/gnocchi.dc67dccb-54f2-44a6-8a01-fc67e92dfec8/none_v3" "tx094e04107d1d4b01a8ede-006a2e7674" "proxy-server 20" 0.0005 "-" 22 0
Jun 14 09:37:56 standalone proxy-server[129724]: 172.18.0.2 172.18.0.100 14/Jun/2026/09/37/56 GET /v1/AUTH_a9a47695f86f49b68ac9b1e01c782c0c/gnocchi.dc67dccb-54f2-44a6-8a01-fc67e92dfec8/none_v3 HTTP/1.0 404 - python-swiftclient-3.11.1 gAAAAABqLnWpTmF8... - 70 - tx094e04107d1d4b01a8ede-006a2e7674 - 0.0127 - - 1781429876.538769245 1781429876.551469803 0
Jun 14 09:37:56 standalone account-server[127310]: 172.20.0.100 - - [14/Jun/2026:09:37:56 +0000] "PUT /d1/186/AUTH_a9a47695f86f49b68ac9b1e01c782c0c/gnocchi.dc67dccb-54f2-44a6-8a01-fc67e92dfec8" 201 - "PUT http://172.20.0.100:6001/d1/702/AUTH_a9a47695f86f49b68ac9b1e01c782c0c/gnocchi.dc67dccb-54f2-44a6-8a01-fc67e92dfec8" "tx8ed7582107a344e69f771-006a2e7674" "container-server 23" 0.0057 "-" 23 0
Jun 14 09:37:56 standalone container-server[127452]: 172.20.0.100 - - [14/Jun/2026:09:37:56 +0000] "PUT /d1/702/AUTH_a9a47695f86f49b68ac9b1e01c782c0c/gnocchi.dc67dccb-54f2-44a6-8a01-fc67e92dfec8" 201 - "PUT http://172.18.0.2:8080/v1/AUTH_a9a47695f86f49b68ac9b1e01c782c0c/gnocchi.dc67dccb-54f2-44a6-8a01-fc67e92dfec8" "tx8ed7582107a344e69f771-006a2e7674" "proxy-server 20" 0.0249 "-" 23 0
Jun 14 09:37:56 standalone proxy-server[129724]: 172.18.0.2 172.18.0.100 14/Jun/2026/09/37/56 PUT /v1/AUTH_a9a47695f86f49b68ac9b1e01c782c0c/gnocchi.dc67dccb-54f2-44a6-8a01-fc67e92dfec8 HTTP/1.0 201 - python-swiftclient-3.11.1 gAAAAABqLnWpTmF8... - - - tx8ed7582107a344e69f771-006a2e7674 - 0.0324 - - 1781429876.554973125 1781429876.587401867 0
Jun 14 09:37:56 standalone container-server[127452]: 172.20.0.100 - - [14/Jun/2026:09:37:56 +0000] "HEAD /d1/702/AUTH_a9a47695f86f49b68ac9b1e01c782c0c/gnocchi.dc67dccb-54f2-44a6-8a01-fc67e92dfec8" 204 - "HEAD http://172.18.0.2:8080/v1/AUTH_a9a47695f86f49b68ac9b1e01c782c0c/gnocchi.dc67dccb-54f2-44a6-8a01-fc67e92dfec8?format=json&states=listing" "tx4bc0db4893c94ab086926-006a2e7674" "proxy-server 20" 0.0027 "-" 23 0
Jun 14 09:37:56 standalone proxy-server[129724]: - - 14/Jun/2026/09/37/56 HEAD /v1/AUTH_a9a47695f86f49b68ac9b1e01c782c0c/gnocchi.dc67dccb-54f2-44a6-8a01-fc67e92dfec8%3Fformat%3Djson%26states%3Dlisting HTTP/1.0 204 - Swift - - - - tx4bc0db4893c94ab086926-006a2e7674 - 0.0087 RL - 1781429876.594706774 1781429876.603429794 0
Jun 14 09:37:56 standalone container-server[127452]: 172.20.0.100 - - [14/Jun/2026:09:37:56 +0000] "GET /d1/702/AUTH_a9a47695f86f49b68ac9b1e01c782c0c/gnocchi.dc67dccb-54f2-44a6-8a01-fc67e92dfec8" 200 2 "GET http://172.18.0.2:8080/v1/AUTH_a9a47695f86f49b68ac9b1e01c782c0c/gnocchi.dc67dccb-54f2-44a6-8a01-fc67e92dfec8?format=json&states=listing" "tx4bc0db4893c94ab086926-006a2e7674" "proxy-server 20" 0.0028 "-" 23 0
Jun 14 09:37:56 standalone proxy-server[129724]: 172.18.0.2 172.18.0.100 14/Jun/2026/09/37/56 GET /v1/AUTH_a9a47695f86f49b68ac9b1e01c782c0c/gnocchi.dc67dccb-54f2-44a6-8a01-fc67e92dfec8%3Fformat%3Djson%26states%3Dlisting HTTP/1.0 200 - python-swiftclient-3.11.1 gAAAAABqLnWpTmF8... - 2 - tx4bc0db4893c94ab086926-006a2e7674 - 0.0240 - - 1781429876.592398882 1781429876.616437674 0
Jun 14 09:37:56 standalone object-server[127701]: 172.20.0.100 - - [14/Jun/2026:09:37:56 +0000] "GET /d1/394/AUTH_a9a47695f86f49b68ac9b1e01c782c0c/gnocchi.dc67dccb-54f2-44a6-8a01-fc67e92dfec8/1780920000.0_mean_300.0_v3" 404 70 "GET http://172.18.0.2:8080/v1/AUTH_a9a47695f86f49b68ac9b1e01c782c0c/gnocchi.dc67dccb-54f2-44a6-8a01-fc67e92dfec8/1780920000.0_mean_300.0_v3" "tx14b1e2fc241a468fbce2f-006a2e7674" "proxy-server 20" 0.0004 "-" 25 0
Jun 14 09:37:56 standalone proxy-server[129724]: 172.18.0.2 172.18.0.100 14/Jun/2026/09/37/56 GET /v1/AUTH_a9a47695f86f49b68ac9b1e01c782c0c/gnocchi.dc67dccb-54f2-44a6-8a01-fc67e92dfec8/1780920000.0_mean_300.0_v3 HTTP/1.0 404 - python-swiftclient-3.11.1 gAAAAABqLnWpTmF8... - 70 - tx14b1e2fc241a468fbce2f-006a2e7674 - 0.0074 - - 1781429876.621992350 1781429876.629401684 0
Jun 14 09:37:56 standalone container-server[127445]: 172.20.0.100 - - [14/Jun/2026:09:37:56 +0000] "PUT /d1/702/AUTH_a9a47695f86f49b68ac9b1e01c782c0c/gnocchi.dc67dccb-54f2-44a6-8a01-fc67e92dfec8/1780920000.0_mean_300.0_v3" 201 - "PUT http://172.18.0.2:8080/d1/394/AUTH_a9a47695f86f49b68ac9b1e01c782c0c/gnocchi.dc67dccb-54f2-44a6-8a01-fc67e92dfec8/1780920000.0_mean_300.0_v3" "txdf2c53dad2e149bfaa897-006a2e7674" "object-server 24" 0.0017 "-" 20 0
Jun 14 09:37:56 standalone object-server[127690]: 172.20.0.100 - - [14/Jun/2026:09:37:56 +0000] "PUT /d1/394/AUTH_a9a47695f86f49b68ac9b1e01c782c0c/gnocchi.dc67dccb-54f2-44a6-8a01-fc67e92dfec8/1780920000.0_mean_300.0_v3" 201 - "PUT http://172.18.0.2:8080/v1/AUTH_a9a47695f86f49b68ac9b1e01c782c0c/gnocchi.dc67dccb-54f2-44a6-8a01-fc67e92dfec8/1780920000.0_mean_300.0_v3" "txdf2c53dad2e149bfaa897-006a2e7674" "proxy-server 20" 0.0132 "-" 24 0
Jun 14 09:37:56 standalone proxy-server[129724]: 172.18.0.2 172.18.0.100 14/Jun/2026/09/37/56 PUT /v1/AUTH_a9a47695f86f49b68ac9b1e01c782c0c/gnocchi.dc67dccb-54f2-44a6-8a01-fc67e92dfec8/1780920000.0_mean_300.0_v3 HTTP/1.0 201 - python-swiftclient-3.11.1 gAAAAABqLnWpTmF8... 16 - - txdf2c53dad2e149bfaa897-006a2e7674 - 0.0208 - - 1781429876.634024143 1781429876.654840469 0
Jun 14 09:37:56 standalone container-server[127452]: 172.20.0.100 - - [14/Jun/2026:09:37:56 +0000] "PUT /d1/702/AUTH_a9a47695f86f49b68ac9b1e01c782c0c/gnocchi.dc67dccb-54f2-44a6-8a01-fc67e92dfec8/none_v3" 201 - "PUT http://172.18.0.2:8080/d1/381/AUTH_a9a47695f86f49b68ac9b1e01c782c0c/gnocchi.dc67dccb-54f2-44a6-8a01-fc67e92dfec8/none_v3" "tx9d52cb42ad0f440fbb3a7-006a2e7674" "object-server 23" 0.0007 "-" 23 0
Jun 14 09:37:56 standalone object-server[127687]: 172.20.0.100 - - [14/Jun/2026:09:37:56 +0000] "PUT /d1/381/AUTH_a9a47695f86f49b68ac9b1e01c782c0c/gnocchi.dc67dccb-54f2-44a6-8a01-fc67e92dfec8/none_v3" 201 - "PUT http://172.18.0.2:8080/v1/AUTH_a9a47695f86f49b68ac9b1e01c782c0c/gnocchi.dc67dccb-54f2-44a6-8a01-fc67e92dfec8/none_v3" "tx9d52cb42ad0f440fbb3a7-006a2e7674" "proxy-server 20" 0.0129 "-" 23 0
Jun 14 09:37:56 standalone proxy-server[129724]: 172.18.0.2 172.18.0.100 14/Jun/2026/09/37/56 PUT /v1/AUTH_a9a47695f86f49b68ac9b1e01c782c0c/gnocchi.dc67dccb-54f2-44a6-8a01-fc67e92dfec8/none_v3 HTTP/1.0 201 - python-swiftclient-3.11.1 gAAAAABqLnWpTmF8... 22 - - tx9d52cb42ad0f440fbb3a7-006a2e7674 - 0.0219 - - 1781429876.660058975 1781429876.681973934 0
Jun 14 09:37:56 standalone container-server[127449]: 172.20.0.100 - - [14/Jun/2026:09:37:56 +0000] "HEAD /d1/801/AUTH_a9a47695f86f49b68ac9b1e01c782c0c/gnocchi.0072690d-26d1-41f5-a721-0a85e559c4be" 404 - "HEAD http://172.18.0.2:8080/v1/AUTH_a9a47695f86f49b68ac9b1e01c782c0c/gnocchi.0072690d-26d1-41f5-a721-0a85e559c4be?format=json&states=listing" "txc728b3c5dac2412c97601-006a2e7674" "proxy-server 20" 0.0006 "-" 22 0
Jun 14 09:37:56 standalone object-server[127687]: 172.20.0.100 - - [14/Jun/2026:09:37:56 +0000] "GET /d1/764/AUTH_a9a47695f86f49b68ac9b1e01c782c0c/gnocchi.0072690d-26d1-41f5-a721-0a85e559c4be/none_v3" 404 70 "GET http://172.18.0.2:8080/v1/AUTH_a9a47695f86f49b68ac9b1e01c782c0c/gnocchi.0072690d-26d1-41f5-a721-0a85e559c4be/none_v3" "txc728b3c5dac2412c97601-006a2e7674" "proxy-server 20" 0.0006 "-" 23 0
Jun 14 09:37:56 standalone proxy-server[129724]: 172.18.0.2 172.18.0.100 14/Jun/2026/09/37/56 GET /v1/AUTH_a9a47695f86f49b68ac9b1e01c782c0c/gnocchi.0072690d-26d1-41f5-a721-0a85e559c4be/none_v3 HTTP/1.0 404 - python-swiftclient-3.11.1 gAAAAABqLnWpTmF8... - 70 - txc728b3c5dac2412c97601-006a2e7674 - 0.0134 - - 1781429876.703127146 1781429876.716486692 0
Jun 14 09:37:56 standalone account-server[127310]: 172.20.0.100 - - [14/Jun/2026:09:37:56 +0000] "PUT /d1/186/AUTH_a9a47695f86f49b68ac9b1e01c782c0c/gnocchi.0072690d-26d1-41f5-a721-0a85e559c4be" 201 - "PUT http://172.20.0.100:6001/d1/801/AUTH_a9a47695f86f49b68ac9b1e01c782c0c/gnocchi.0072690d-26d1-41f5-a721-0a85e559c4be" "txb555de0955f54a3597258-006a2e7674" "container-server 21" 0.0045 "-" 23 0
Jun 14 09:37:56 standalone container-server[127447]: 172.20.0.100 - - [14/Jun/2026:09:37:56 +0000] "PUT /d1/801/AUTH_a9a47695f86f49b68ac9b1e01c782c0c/gnocchi.0072690d-26d1-41f5-a721-0a85e559c4be" 201 - "PUT http://172.18.0.2:8080/v1/AUTH_a9a47695f86f49b68ac9b1e01c782c0c/gnocchi.0072690d-26d1-41f5-a721-0a85e559c4be" "txb555de0955f54a3597258-006a2e7674" "proxy-server 20" 0.0178 "-" 21 0
Jun 14 09:37:56 standalone proxy-server[129724]: 172.18.0.2 172.18.0.100 14/Jun/2026/09/37/56 PUT /v1/AUTH_a9a47695f86f49b68ac9b1e01c782c0c/gnocchi.0072690d-26d1-41f5-a721-0a85e559c4be HTTP/1.0 201 - python-swiftclient-3.11.1 gAAAAABqLnWpTmF8... - - - txb555de0955f54a3597258-006a2e7674 - 0.0266 - - 1781429876.720578909 1781429876.747192860 0
Jun 14 09:37:56 standalone container-server[127452]: 172.20.0.100 - - [14/Jun/2026:09:37:56 +0000] "HEAD /d1/801/AUTH_a9a47695f86f49b68ac9b1e01c782c0c/gnocchi.0072690d-26d1-41f5-a721-0a85e559c4be" 204 - "HEAD http://172.18.0.2:8080/v1/AUTH_a9a47695f86f49b68ac9b1e01c782c0c/gnocchi.0072690d-26d1-41f5-a721-0a85e559c4be?format=json&states=listing" "tx499508c16c83431e85cd2-006a2e7674" "proxy-server 20" 0.0022 "-" 23 0
Jun 14 09:37:56 standalone proxy-server[129724]: - - 14/Jun/2026/09/37/56 HEAD /v1/AUTH_a9a47695f86f49b68ac9b1e01c782c0c/gnocchi.0072690d-26d1-41f5-a721-0a85e559c4be%3Fformat%3Djson%26states%3Dlisting HTTP/1.0 204 - Swift - - - - tx499508c16c83431e85cd2-006a2e7674 - 0.0078 RL - 1781429876.753080130 1781429876.760855913 0
Jun 14 09:37:56 standalone container-server[127445]: 172.20.0.100 - - [14/Jun/2026:09:37:56 +0000] "GET /d1/801/AUTH_a9a47695f86f49b68ac9b1e01c782c0c/gnocchi.0072690d-26d1-41f5-a721-0a85e559c4be" 200 2 "GET http://172.18.0.2:8080/v1/AUTH_a9a47695f86f49b68ac9b1e01c782c0c/gnocchi.0072690d-26d1-41f5-a721-0a85e559c4be?format=json&states=listing" "tx499508c16c83431e85cd2-006a2e7674" "proxy-server 20" 0.0026 "-" 20 0
Jun 14 09:37:56 standalone proxy-server[129724]: 172.18.0.2 172.18.0.100 14/Jun/2026/09/37/56 GET /v1/AUTH_a9a47695f86f49b68ac9b1e01c782c0c/gnocchi.0072690d-26d1-41f5-a721-0a85e559c4be%3Fformat%3Djson%26states%3Dlisting HTTP/1.0 200 - python-swiftclient-3.11.1 gAAAAABqLnWpTmF8... - 2 - tx499508c16c83431e85cd2-006a2e7674 - 0.0207 - - 1781429876.751474142 1781429876.772193432 0
Jun 14 09:37:56 standalone object-server[127687]: 172.20.0.100 - - [14/Jun/2026:09:37:56 +0000] "GET /d1/323/AUTH_a9a47695f86f49b68ac9b1e01c782c0c/gnocchi.0072690d-26d1-41f5-a721-0a85e559c4be/1780920000.0_mean_300.0_v3" 404 70 "GET http://172.18.0.2:8080/v1/AUTH_a9a47695f86f49b68ac9b1e01c782c0c/gnocchi.0072690d-26d1-41f5-a721-0a85e559c4be/1780920000.0_mean_300.0_v3" "tx728f3b79165444ff98b5e-006a2e7674" "proxy-server 20" 0.0004 "-" 23 0
Jun 14 09:37:56 standalone proxy-server[129724]: 172.18.0.2 172.18.0.100 14/Jun/2026/09/37/56 GET /v1/AUTH_a9a47695f86f49b68ac9b1e01c782c0c/gnocchi.0072690d-26d1-41f5-a721-0a85e559c4be/1780920000.0_mean_300.0_v3 HTTP/1.0 404 - python-swiftclient-3.11.1 gAAAAABqLnWpTmF8... - 70 - tx728f3b79165444ff98b5e-006a2e7674 - 0.0077 - - 1781429876.777048588 1781429876.784779310 0
Jun 14 09:37:56 standalone container-server[127449]: 172.20.0.100 - - [14/Jun/2026:09:37:56 +0000] "PUT /d1/801/AUTH_a9a47695f86f49b68ac9b1e01c782c0c/gnocchi.0072690d-26d1-41f5-a721-0a85e559c4be/1780920000.0_mean_300.0_v3" 201 - "PUT http://172.18.0.2:8080/d1/323/AUTH_a9a47695f86f49b68ac9b1e01c782c0c/gnocchi.0072690d-26d1-41f5-a721-0a85e559c4be/1780920000.0_mean_300.0_v3" "tx4b7fa706eb8343dfa4182-006a2e7674" "object-server 25" 0.0017 "-" 22 0
Jun 14 09:37:56 standalone object-server[127701]: 172.20.0.100 - - [14/Jun/2026:09:37:56 +0000] "PUT /d1/323/AUTH_a9a47695f86f49b68ac9b1e01c782c0c/gnocchi.0072690d-26d1-41f5-a721-0a85e559c4be/1780920000.0_mean_300.0_v3" 201 - "PUT http://172.18.0.2:8080/v1/AUTH_a9a47695f86f49b68ac9b1e01c782c0c/gnocchi.0072690d-26d1-41f5-a721-0a85e559c4be/1780920000.0_mean_300.0_v3" "tx4b7fa706eb8343dfa4182-006a2e7674" "proxy-server 20" 0.0131 "-" 25 0
Jun 14 09:37:56 standalone proxy-server[129724]: 172.18.0.2 172.18.0.100 14/Jun/2026/09/37/56 PUT /v1/AUTH_a9a47695f86f49b68ac9b1e01c782c0c/gnocchi.0072690d-26d1-41f5-a721-0a85e559c4be/1780920000.0_mean_300.0_v3 HTTP/1.0 201 - python-swiftclient-3.11.1 gAAAAABqLnWpTmF8... 16 - - tx4b7fa706eb8343dfa4182-006a2e7674 - 0.0198 - - 1781429876.789097786 1781429876.808921337 0
Jun 14 09:37:56 standalone container-server[127445]: 172.20.0.100 - - [14/Jun/2026:09:37:56 +0000] "PUT /d1/801/AUTH_a9a47695f86f49b68ac9b1e01c782c0c/gnocchi.0072690d-26d1-41f5-a721-0a85e559c4be/none_v3" 201 - "PUT http://172.18.0.2:8080/d1/764/AUTH_a9a47695f86f49b68ac9b1e01c782c0c/gnocchi.0072690d-26d1-41f5-a721-0a85e559c4be/none_v3" "tx3bb1841762344989bec16-006a2e7674" "object-server 22" 0.0011 "-" 20 0
