Jun 14 09:37:54 standalone proxy-server[129724]: 172.18.0.2 172.18.0.100 14/Jun/2026/09/37/54 PUT /v1/AUTH_a9a47695f86f49b68ac9b1e01c782c0c/gnocchi.fae4981c-c69a-43b6-a837-bd670d8fb4b3/1780920000.0_mean_300.0_v3 HTTP/1.0 201 - python-swiftclient-3.11.1 gAAAAABqLnWpTmF8... 16 - - txe1f49f5577d8482a88159-006a2e7672 - 0.0255 - - 1781429874.582111835 1781429874.607613087 0
Jun 14 09:37:54 standalone container-server[127449]: 172.20.0.100 - - [14/Jun/2026:09:37:54 +0000] "PUT /d1/183/AUTH_a9a47695f86f49b68ac9b1e01c782c0c/gnocchi.fae4981c-c69a-43b6-a837-bd670d8fb4b3/none_v3" 201 - "PUT http://172.18.0.2:8080/d1/919/AUTH_a9a47695f86f49b68ac9b1e01c782c0c/gnocchi.fae4981c-c69a-43b6-a837-bd670d8fb4b3/none_v3" "tx7385e67b60454f15b9c18-006a2e7672" "object-server 23" 0.0011 "-" 22 0
Jun 14 09:37:54 standalone object-server[127687]: 172.20.0.100 - - [14/Jun/2026:09:37:54 +0000] "PUT /d1/919/AUTH_a9a47695f86f49b68ac9b1e01c782c0c/gnocchi.fae4981c-c69a-43b6-a837-bd670d8fb4b3/none_v3" 201 - "PUT http://172.18.0.2:8080/v1/AUTH_a9a47695f86f49b68ac9b1e01c782c0c/gnocchi.fae4981c-c69a-43b6-a837-bd670d8fb4b3/none_v3" "tx7385e67b60454f15b9c18-006a2e7672" "proxy-server 20" 0.0158 "-" 23 0
Jun 14 09:37:54 standalone proxy-server[129724]: 172.18.0.2 172.18.0.100 14/Jun/2026/09/37/54 PUT /v1/AUTH_a9a47695f86f49b68ac9b1e01c782c0c/gnocchi.fae4981c-c69a-43b6-a837-bd670d8fb4b3/none_v3 HTTP/1.0 201 - python-swiftclient-3.11.1 gAAAAABqLnWpTmF8... 22 - - tx7385e67b60454f15b9c18-006a2e7672 - 0.0272 - - 1781429874.613457203 1781429874.640628576 0
Jun 14 09:37:54 standalone container-server[127449]: 172.20.0.100 - - [14/Jun/2026:09:37:54 +0000] "HEAD /d1/365/AUTH_a9a47695f86f49b68ac9b1e01c782c0c/gnocchi.ee643396-7f87-4f90-895f-9ce24492b77c" 404 - "HEAD http://172.18.0.2:8080/v1/AUTH_a9a47695f86f49b68ac9b1e01c782c0c/gnocchi.ee643396-7f87-4f90-895f-9ce24492b77c?format=json&states=listing" "tx2bfbd0058984453a88097-006a2e7672" "proxy-server 20" 0.0007 "-" 22 0
Jun 14 09:37:54 standalone object-server[127680]: 172.20.0.100 - - [14/Jun/2026:09:37:54 +0000] "GET /d1/597/AUTH_a9a47695f86f49b68ac9b1e01c782c0c/gnocchi.ee643396-7f87-4f90-895f-9ce24492b77c/none_v3" 404 70 "GET http://172.18.0.2:8080/v1/AUTH_a9a47695f86f49b68ac9b1e01c782c0c/gnocchi.ee643396-7f87-4f90-895f-9ce24492b77c/none_v3" "tx2bfbd0058984453a88097-006a2e7672" "proxy-server 20" 0.0006 "-" 22 0
Jun 14 09:37:54 standalone proxy-server[129724]: 172.18.0.2 172.18.0.100 14/Jun/2026/09/37/54 GET /v1/AUTH_a9a47695f86f49b68ac9b1e01c782c0c/gnocchi.ee643396-7f87-4f90-895f-9ce24492b77c/none_v3 HTTP/1.0 404 - python-swiftclient-3.11.1 gAAAAABqLnWpTmF8... - 70 - tx2bfbd0058984453a88097-006a2e7672 - 0.0149 - - 1781429874.661703110 1781429874.676565170 0
Jun 14 09:37:54 standalone account-server[127293]: 172.20.0.100 - - [14/Jun/2026:09:37:54 +0000] "PUT /d1/186/AUTH_a9a47695f86f49b68ac9b1e01c782c0c/gnocchi.ee643396-7f87-4f90-895f-9ce24492b77c" 201 - "PUT http://172.20.0.100:6001/d1/365/AUTH_a9a47695f86f49b68ac9b1e01c782c0c/gnocchi.ee643396-7f87-4f90-895f-9ce24492b77c" "tx2418e3eb44614fd0a7cca-006a2e7672" "container-server 22" 0.0069 "-" 20 0
Jun 14 09:37:54 standalone container-server[127449]: 172.20.0.100 - - [14/Jun/2026:09:37:54 +0000] "PUT /d1/365/AUTH_a9a47695f86f49b68ac9b1e01c782c0c/gnocchi.ee643396-7f87-4f90-895f-9ce24492b77c" 201 - "PUT http://172.18.0.2:8080/v1/AUTH_a9a47695f86f49b68ac9b1e01c782c0c/gnocchi.ee643396-7f87-4f90-895f-9ce24492b77c" "tx2418e3eb44614fd0a7cca-006a2e7672" "proxy-server 20" 0.0223 "-" 22 0
Jun 14 09:37:54 standalone proxy-server[129724]: 172.18.0.2 172.18.0.100 14/Jun/2026/09/37/54 PUT /v1/AUTH_a9a47695f86f49b68ac9b1e01c782c0c/gnocchi.ee643396-7f87-4f90-895f-9ce24492b77c HTTP/1.0 201 - python-swiftclient-3.11.1 gAAAAABqLnWpTmF8... - - - tx2418e3eb44614fd0a7cca-006a2e7672 - 0.0297 - - 1781429874.680822849 1781429874.710487604 0
Jun 14 09:37:54 standalone container-server[127452]: 172.20.0.100 - - [14/Jun/2026:09:37:54 +0000] "HEAD /d1/365/AUTH_a9a47695f86f49b68ac9b1e01c782c0c/gnocchi.ee643396-7f87-4f90-895f-9ce24492b77c" 204 - "HEAD http://172.18.0.2:8080/v1/AUTH_a9a47695f86f49b68ac9b1e01c782c0c/gnocchi.ee643396-7f87-4f90-895f-9ce24492b77c?format=json&states=listing" "tx689b7c095168467e8611f-006a2e7672" "proxy-server 20" 0.0026 "-" 23 0
Jun 14 09:37:54 standalone proxy-server[129724]: - - 14/Jun/2026/09/37/54 HEAD /v1/AUTH_a9a47695f86f49b68ac9b1e01c782c0c/gnocchi.ee643396-7f87-4f90-895f-9ce24492b77c%3Fformat%3Djson%26states%3Dlisting HTTP/1.0 204 - Swift - - - - tx689b7c095168467e8611f-006a2e7672 - 0.0084 RL - 1781429874.718218565 1781429874.726575613 0
Jun 14 09:37:54 standalone container-server[127449]: 172.20.0.100 - - [14/Jun/2026:09:37:54 +0000] "GET /d1/365/AUTH_a9a47695f86f49b68ac9b1e01c782c0c/gnocchi.ee643396-7f87-4f90-895f-9ce24492b77c" 200 2 "GET http://172.18.0.2:8080/v1/AUTH_a9a47695f86f49b68ac9b1e01c782c0c/gnocchi.ee643396-7f87-4f90-895f-9ce24492b77c?format=json&states=listing" "tx689b7c095168467e8611f-006a2e7672" "proxy-server 20" 0.0042 "-" 22 0
Jun 14 09:37:54 standalone proxy-server[129724]: 172.18.0.2 172.18.0.100 14/Jun/2026/09/37/54 GET /v1/AUTH_a9a47695f86f49b68ac9b1e01c782c0c/gnocchi.ee643396-7f87-4f90-895f-9ce24492b77c%3Fformat%3Djson%26states%3Dlisting HTTP/1.0 200 - python-swiftclient-3.11.1 gAAAAABqLnWpTmF8... - 2 - tx689b7c095168467e8611f-006a2e7672 - 0.0236 - - 1781429874.716509581 1781429874.740067244 0
Jun 14 09:37:54 standalone object-server[127701]: 172.20.0.100 - - [14/Jun/2026:09:37:54 +0000] "GET /d1/827/AUTH_a9a47695f86f49b68ac9b1e01c782c0c/gnocchi.ee643396-7f87-4f90-895f-9ce24492b77c/1780920000.0_mean_300.0_v3" 404 70 "GET http://172.18.0.2:8080/v1/AUTH_a9a47695f86f49b68ac9b1e01c782c0c/gnocchi.ee643396-7f87-4f90-895f-9ce24492b77c/1780920000.0_mean_300.0_v3" "tx6869140e8048493aa4e07-006a2e7672" "proxy-server 20" 0.0006 "-" 25 0
Jun 14 09:37:54 standalone proxy-server[129724]: 172.18.0.2 172.18.0.100 14/Jun/2026/09/37/54 GET /v1/AUTH_a9a47695f86f49b68ac9b1e01c782c0c/gnocchi.ee643396-7f87-4f90-895f-9ce24492b77c/1780920000.0_mean_300.0_v3 HTTP/1.0 404 - python-swiftclient-3.11.1 gAAAAABqLnWpTmF8... - 70 - tx6869140e8048493aa4e07-006a2e7672 - 0.0094 - - 1781429874.746665239 1781429874.756114006 0
Jun 14 09:37:54 standalone container-server[127447]: 172.20.0.100 - - [14/Jun/2026:09:37:54 +0000] "PUT /d1/365/AUTH_a9a47695f86f49b68ac9b1e01c782c0c/gnocchi.ee643396-7f87-4f90-895f-9ce24492b77c/1780920000.0_mean_300.0_v3" 201 - "PUT http://172.18.0.2:8080/d1/827/AUTH_a9a47695f86f49b68ac9b1e01c782c0c/gnocchi.ee643396-7f87-4f90-895f-9ce24492b77c/1780920000.0_mean_300.0_v3" "tx9d47e9101c724eef90ebc-006a2e7672" "object-server 23" 0.0009 "-" 21 0
Jun 14 09:37:54 standalone object-server[127687]: 172.20.0.100 - - [14/Jun/2026:09:37:54 +0000] "PUT /d1/827/AUTH_a9a47695f86f49b68ac9b1e01c782c0c/gnocchi.ee643396-7f87-4f90-895f-9ce24492b77c/1780920000.0_mean_300.0_v3" 201 - "PUT http://172.18.0.2:8080/v1/AUTH_a9a47695f86f49b68ac9b1e01c782c0c/gnocchi.ee643396-7f87-4f90-895f-9ce24492b77c/1780920000.0_mean_300.0_v3" "tx9d47e9101c724eef90ebc-006a2e7672" "proxy-server 20" 0.0135 "-" 23 0
Jun 14 09:37:54 standalone proxy-server[129724]: 172.18.0.2 172.18.0.100 14/Jun/2026/09/37/54 PUT /v1/AUTH_a9a47695f86f49b68ac9b1e01c782c0c/gnocchi.ee643396-7f87-4f90-895f-9ce24492b77c/1780920000.0_mean_300.0_v3 HTTP/1.0 201 - python-swiftclient-3.11.1 gAAAAABqLnWpTmF8... 16 - - tx9d47e9101c724eef90ebc-006a2e7672 - 0.0246 - - 1781429874.761505127 1781429874.786128998 0
Jun 14 09:37:54 standalone container-server[127445]: 172.20.0.100 - - [14/Jun/2026:09:37:54 +0000] "PUT /d1/365/AUTH_a9a47695f86f49b68ac9b1e01c782c0c/gnocchi.ee643396-7f87-4f90-895f-9ce24492b77c/none_v3" 201 - "PUT http://172.18.0.2:8080/d1/597/AUTH_a9a47695f86f49b68ac9b1e01c782c0c/gnocchi.ee643396-7f87-4f90-895f-9ce24492b77c/none_v3" "tx3821ef4cb73642ffa32ad-006a2e7672" "object-server 24" 0.0009 "-" 20 0
Jun 14 09:37:54 standalone object-server[127690]: 172.20.0.100 - - [14/Jun/2026:09:37:54 +0000] "PUT /d1/597/AUTH_a9a47695f86f49b68ac9b1e01c782c0c/gnocchi.ee643396-7f87-4f90-895f-9ce24492b77c/none_v3" 201 - "PUT http://172.18.0.2:8080/v1/AUTH_a9a47695f86f49b68ac9b1e01c782c0c/gnocchi.ee643396-7f87-4f90-895f-9ce24492b77c/none_v3" "tx3821ef4cb73642ffa32ad-006a2e7672" "proxy-server 20" 0.0156 "-" 24 0
Jun 14 09:37:54 standalone proxy-server[129724]: 172.18.0.2 172.18.0.100 14/Jun/2026/09/37/54 PUT /v1/AUTH_a9a47695f86f49b68ac9b1e01c782c0c/gnocchi.ee643396-7f87-4f90-895f-9ce24492b77c/none_v3 HTTP/1.0 201 - python-swiftclient-3.11.1 gAAAAABqLnWpTmF8... 22 - - tx3821ef4cb73642ffa32ad-006a2e7672 - 0.0258 - - 1781429874.790300369 1781429874.816078186 0
Jun 14 09:37:54 standalone container-server[127449]: 172.20.0.100 - - [14/Jun/2026:09:37:54 +0000] "HEAD /d1/275/AUTH_a9a47695f86f49b68ac9b1e01c782c0c/gnocchi.7aa4948a-16df-4574-a836-2f257020ca86" 404 - "HEAD http://172.18.0.2:8080/v1/AUTH_a9a47695f86f49b68ac9b1e01c782c0c/gnocchi.7aa4948a-16df-4574-a836-2f257020ca86?format=json&states=listing" "txa6d3599ce5ae488ca1404-006a2e7672" "proxy-server 20" 0.0009 "-" 22 0
Jun 14 09:37:54 standalone object-server[127680]: 172.20.0.100 - - [14/Jun/2026:09:37:54 +0000] "GET /d1/658/AUTH_a9a47695f86f49b68ac9b1e01c782c0c/gnocchi.7aa4948a-16df-4574-a836-2f257020ca86/none_v3" 404 70 "GET http://172.18.0.2:8080/v1/AUTH_a9a47695f86f49b68ac9b1e01c782c0c/gnocchi.7aa4948a-16df-4574-a836-2f257020ca86/none_v3" "txa6d3599ce5ae488ca1404-006a2e7672" "proxy-server 20" 0.0010 "-" 22 0
Jun 14 09:37:54 standalone proxy-server[129724]: 172.18.0.2 172.18.0.100 14/Jun/2026/09/37/54 GET /v1/AUTH_a9a47695f86f49b68ac9b1e01c782c0c/gnocchi.7aa4948a-16df-4574-a836-2f257020ca86/none_v3 HTTP/1.0 404 - python-swiftclient-3.11.1 gAAAAABqLnWpTmF8... - 70 - txa6d3599ce5ae488ca1404-006a2e7672 - 0.0189 - - 1781429874.829671621 1781429874.848616123 0
Jun 14 09:37:54 standalone account-server[127293]: 172.20.0.100 - - [14/Jun/2026:09:37:54 +0000] "PUT /d1/186/AUTH_a9a47695f86f49b68ac9b1e01c782c0c/gnocchi.7aa4948a-16df-4574-a836-2f257020ca86" 201 - "PUT http://172.20.0.100:6001/d1/275/AUTH_a9a47695f86f49b68ac9b1e01c782c0c/gnocchi.7aa4948a-16df-4574-a836-2f257020ca86" "tx8d56f3cbc2ab41139c31f-006a2e7672" "container-server 21" 0.0062 "-" 20 0
Jun 14 09:37:54 standalone container-server[127447]: 172.20.0.100 - - [14/Jun/2026:09:37:54 +0000] "PUT /d1/275/AUTH_a9a47695f86f49b68ac9b1e01c782c0c/gnocchi.7aa4948a-16df-4574-a836-2f257020ca86" 201 - "PUT http://172.18.0.2:8080/v1/AUTH_a9a47695f86f49b68ac9b1e01c782c0c/gnocchi.7aa4948a-16df-4574-a836-2f257020ca86" "tx8d56f3cbc2ab41139c31f-006a2e7672" "proxy-server 20" 0.0229 "-" 21 0
Jun 14 09:37:54 standalone proxy-server[129724]: 172.18.0.2 172.18.0.100 14/Jun/2026/09/37/54 PUT /v1/AUTH_a9a47695f86f49b68ac9b1e01c782c0c/gnocchi.7aa4948a-16df-4574-a836-2f257020ca86 HTTP/1.0 201 - python-swiftclient-3.11.1 gAAAAABqLnWpTmF8... - - - tx8d56f3cbc2ab41139c31f-006a2e7672 - 0.0311 - - 1781429874.852352142 1781429874.883460522 0
Jun 14 09:37:54 standalone container-server[127445]: 172.20.0.100 - - [14/Jun/2026:09:37:54 +0000] "HEAD /d1/275/AUTH_a9a47695f86f49b68ac9b1e01c782c0c/gnocchi.7aa4948a-16df-4574-a836-2f257020ca86" 204 - "HEAD http://172.18.0.2:8080/v1/AUTH_a9a47695f86f49b68ac9b1e01c782c0c/gnocchi.7aa4948a-16df-4574-a836-2f257020ca86?format=json&states=listing" "tx8fadbd318c9f4452b0e49-006a2e7672" "proxy-server 20" 0.0030 "-" 20 0
Jun 14 09:37:54 standalone proxy-server[129724]: - - 14/Jun/2026/09/37/54 HEAD /v1/AUTH_a9a47695f86f49b68ac9b1e01c782c0c/gnocchi.7aa4948a-16df-4574-a836-2f257020ca86%3Fformat%3Djson%26states%3Dlisting HTTP/1.0 204 - Swift - - - - tx8fadbd318c9f4452b0e49-006a2e7672 - 0.0100 RL - 1781429874.890055418 1781429874.900087595 0
Jun 14 09:37:54 standalone container-server[127447]: 172.20.0.100 - - [14/Jun/2026:09:37:54 +0000] "GET /d1/275/AUTH_a9a47695f86f49b68ac9b1e01c782c0c/gnocchi.7aa4948a-16df-4574-a836-2f257020ca86" 200 2 "GET http://172.18.0.2:8080/v1/AUTH_a9a47695f86f49b68ac9b1e01c782c0c/gnocchi.7aa4948a-16df-4574-a836-2f257020ca86?format=json&states=listing" "tx8fadbd318c9f4452b0e49-006a2e7672" "proxy-server 20" 0.0022 "-" 21 0
Jun 14 09:37:54 standalone proxy-server[129724]: 172.18.0.2 172.18.0.100 14/Jun/2026/09/37/54 GET /v1/AUTH_a9a47695f86f49b68ac9b1e01c782c0c/gnocchi.7aa4948a-16df-4574-a836-2f257020ca86%3Fformat%3Djson%26states%3Dlisting HTTP/1.0 200 - python-swiftclient-3.11.1 gAAAAABqLnWpTmF8... - 2 - tx8fadbd318c9f4452b0e49-006a2e7672 - 0.0241 - - 1781429874.888211012 1781429874.912275791 0
Jun 14 09:37:54 standalone object-server[127687]: 172.20.0.100 - - [14/Jun/2026:09:37:54 +0000] "GET /d1/759/AUTH_a9a47695f86f49b68ac9b1e01c782c0c/gnocchi.7aa4948a-16df-4574-a836-2f257020ca86/1780920000.0_mean_300.0_v3" 404 70 "GET http://172.18.0.2:8080/v1/AUTH_a9a47695f86f49b68ac9b1e01c782c0c/gnocchi.7aa4948a-16df-4574-a836-2f257020ca86/1780920000.0_mean_300.0_v3" "txec3bb59775a94359be07c-006a2e7672" "proxy-server 20" 0.0007 "-" 23 0
Jun 14 09:37:54 standalone proxy-server[129724]: 172.18.0.2 172.18.0.100 14/Jun/2026/09/37/54 GET /v1/AUTH_a9a47695f86f49b68ac9b1e01c782c0c/gnocchi.7aa4948a-16df-4574-a836-2f257020ca86/1780920000.0_mean_300.0_v3 HTTP/1.0 404 - python-swiftclient-3.11.1 gAAAAABqLnWpTmF8... - 70 - txec3bb59775a94359be07c-006a2e7672 - 0.0097 - - 1781429874.917652845 1781429874.927386045 0
Jun 14 09:37:54 standalone container-server[127445]: 172.20.0.100 - - [14/Jun/2026:09:37:54 +0000] "PUT /d1/275/AUTH_a9a47695f86f49b68ac9b1e01c782c0c/gnocchi.7aa4948a-16df-4574-a836-2f257020ca86/1780920000.0_mean_300.0_v3" 201 - "PUT http://172.18.0.2:8080/d1/759/AUTH_a9a47695f86f49b68ac9b1e01c782c0c/gnocchi.7aa4948a-16df-4574-a836-2f257020ca86/1780920000.0_mean_300.0_v3" "tx6e5d215f57274d868f94e-006a2e7672" "object-server 23" 0.0011 "-" 20 0
Jun 14 09:37:54 standalone object-server[127687]: 172.20.0.100 - - [14/Jun/2026:09:37:54 +0000] "PUT /d1/759/AUTH_a9a47695f86f49b68ac9b1e01c782c0c/gnocchi.7aa4948a-16df-4574-a836-2f257020ca86/1780920000.0_mean_300.0_v3" 201 - "PUT http://172.18.0.2:8080/v1/AUTH_a9a47695f86f49b68ac9b1e01c782c0c/gnocchi.7aa4948a-16df-4574-a836-2f257020ca86/1780920000.0_mean_300.0_v3" "tx6e5d215f57274d868f94e-006a2e7672" "proxy-server 20" 0.0153 "-" 23 0
Jun 14 09:37:54 standalone proxy-server[129724]: 172.18.0.2 172.18.0.100 14/Jun/2026/09/37/54 PUT /v1/AUTH_a9a47695f86f49b68ac9b1e01c782c0c/gnocchi.7aa4948a-16df-4574-a836-2f257020ca86/1780920000.0_mean_300.0_v3 HTTP/1.0 201 - python-swiftclient-3.11.1 gAAAAABqLnWpTmF8... 16 - - tx6e5d215f57274d868f94e-006a2e7672 - 0.0244 - - 1781429874.931863546 1781429874.956279993 0
Jun 14 09:37:54 standalone container-server[127452]: 172.20.0.100 - - [14/Jun/2026:09:37:54 +0000] "PUT /d1/275/AUTH_a9a47695f86f49b68ac9b1e01c782c0c/gnocchi.7aa4948a-16df-4574-a836-2f257020ca86/none_v3" 201 - "PUT http://172.18.0.2:8080/d1/658/AUTH_a9a47695f86f49b68ac9b1e01c782c0c/gnocchi.7aa4948a-16df-4574-a836-2f257020ca86/none_v3" "tx178d4b7d830741c4bb678-006a2e7672" "object-server 25" 0.0012 "-" 23 0
Jun 14 09:37:54 standalone object-server[127701]: 172.20.0.100 - - [14/Jun/2026:09:37:54 +0000] "PUT /d1/658/AUTH_a9a47695f86f49b68ac9b1e01c782c0c/gnocchi.7aa4948a-16df-4574-a836-2f257020ca86/none_v3" 201 - "PUT http://172.18.0.2:8080/v1/AUTH_a9a47695f86f49b68ac9b1e01c782c0c/gnocchi.7aa4948a-16df-4574-a836-2f257020ca86/none_v3" "tx178d4b7d830741c4bb678-006a2e7672" "proxy-server 20" 0.0129 "-" 25 0
Jun 14 09:37:54 standalone proxy-server[129724]: 172.18.0.2 172.18.0.100 14/Jun/2026/09/37/54 PUT /v1/AUTH_a9a47695f86f49b68ac9b1e01c782c0c/gnocchi.7aa4948a-16df-4574-a836-2f257020ca86/none_v3 HTTP/1.0 201 - python-swiftclient-3.11.1 gAAAAABqLnWpTmF8... 22 - - tx178d4b7d830741c4bb678-006a2e7672 - 0.0212 - - 1781429874.960414648 1781429874.981615782 0
Jun 14 09:37:55 standalone container-server[127445]: 172.20.0.100 - - [14/Jun/2026:09:37:55 +0000] "HEAD /d1/849/AUTH_a9a47695f86f49b68ac9b1e01c782c0c/gnocchi.540ce35f-341c-4759-875a-351c843698ee" 404 - "HEAD http://172.18.0.2:8080/v1/AUTH_a9a47695f86f49b68ac9b1e01c782c0c/gnocchi.540ce35f-341c-4759-875a-351c843698ee?format=json&states=listing" "txec182fdaf1914ac8989c4-006a2e7672" "proxy-server 20" 0.0008 "-" 20 0
Jun 14 09:37:55 standalone object-server[127690]: 172.20.0.100 - - [14/Jun/2026:09:37:55 +0000] "GET /d1/388/AUTH_a9a47695f86f49b68ac9b1e01c782c0c/gnocchi.540ce35f-341c-4759-875a-351c843698ee/none_v3" 404 70 "GET http://172.18.0.2:8080/v1/AUTH_a9a47695f86f49b68ac9b1e01c782c0c/gnocchi.540ce35f-341c-4759-875a-351c843698ee/none_v3" "txec182fdaf1914ac8989c4-006a2e7672" "proxy-server 20" 0.0006 "-" 24 0
Jun 14 09:37:55 standalone proxy-server[129724]: 172.18.0.2 172.18.0.100 14/Jun/2026/09/37/55 GET /v1/AUTH_a9a47695f86f49b68ac9b1e01c782c0c/gnocchi.540ce35f-341c-4759-875a-351c843698ee/none_v3 HTTP/1.0 404 - python-swiftclient-3.11.1 gAAAAABqLnWpTmF8... - 70 - txec182fdaf1914ac8989c4-006a2e7672 - 0.0147 - - 1781429874.997511625 1781429875.012176752 0
Jun 14 09:37:55 standalone account-server[127310]: 172.20.0.100 - - [14/Jun/2026:09:37:55 +0000] "PUT /d1/186/AUTH_a9a47695f86f49b68ac9b1e01c782c0c/gnocchi.540ce35f-341c-4759-875a-351c843698ee" 201 - "PUT http://172.20.0.100:6001/d1/849/AUTH_a9a47695f86f49b68ac9b1e01c782c0c/gnocchi.540ce35f-341c-4759-875a-351c843698ee" "txdb09ad066c3d49f6b7b52-006a2e7673" "container-server 23" 0.0071 "-" 23 0
Jun 14 09:37:55 standalone container-server[127452]: 172.20.0.100 - - [14/Jun/2026:09:37:55 +0000] "PUT /d1/849/AUTH_a9a47695f86f49b68ac9b1e01c782c0c/gnocchi.540ce35f-341c-4759-875a-351c843698ee" 201 - "PUT http://172.18.0.2:8080/v1/AUTH_a9a47695f86f49b68ac9b1e01c782c0c/gnocchi.540ce35f-341c-4759-875a-351c843698ee" "txdb09ad066c3d49f6b7b52-006a2e7673" "proxy-server 20" 0.0248 "-" 23 0
Jun 14 09:37:55 standalone proxy-server[129724]: 172.18.0.2 172.18.0.100 14/Jun/2026/09/37/55 PUT /v1/AUTH_a9a47695f86f49b68ac9b1e01c782c0c/gnocchi.540ce35f-341c-4759-875a-351c843698ee HTTP/1.0 201 - python-swiftclient-3.11.1 gAAAAABqLnWpTmF8... - - - txdb09ad066c3d49f6b7b52-006a2e7673 - 0.0322 - - 1781429875.015712976 1781429875.047869205 0
Jun 14 09:37:55 standalone container-server[127449]: 172.20.0.100 - - [14/Jun/2026:09:37:55 +0000] "HEAD /d1/849/AUTH_a9a47695f86f49b68ac9b1e01c782c0c/gnocchi.540ce35f-341c-4759-875a-351c843698ee" 204 - "HEAD http://172.18.0.2:8080/v1/AUTH_a9a47695f86f49b68ac9b1e01c782c0c/gnocchi.540ce35f-341c-4759-875a-351c843698ee?format=json&states=listing" "tx6d6ca5ec29fb4bc3886dd-006a2e7673" "proxy-server 20" 0.0026 "-" 22 0
Jun 14 09:37:55 standalone proxy-server[129724]: - - 14/Jun/2026/09/37/55 HEAD /v1/AUTH_a9a47695f86f49b68ac9b1e01c782c0c/gnocchi.540ce35f-341c-4759-875a-351c843698ee%3Fformat%3Djson%26states%3Dlisting HTTP/1.0 204 - Swift - - - - tx6d6ca5ec29fb4bc3886dd-006a2e7673 - 0.0097 RL - 1781429875.054485559 1781429875.064200401 0
Jun 14 09:37:55 standalone container-server[127449]: 172.20.0.100 - - [14/Jun/2026:09:37:55 +0000] "GET /d1/849/AUTH_a9a47695f86f49b68ac9b1e01c782c0c/gnocchi.540ce35f-341c-4759-875a-351c843698ee" 200 2 "GET http://172.18.0.2:8080/v1/AUTH_a9a47695f86f49b68ac9b1e01c782c0c/gnocchi.540ce35f-341c-4759-875a-351c843698ee?format=json&states=listing" "tx6d6ca5ec29fb4bc3886dd-006a2e7673" "proxy-server 20" 0.0038 "-" 22 0
Jun 14 09:37:55 standalone proxy-server[129724]: 172.18.0.2 172.18.0.100 14/Jun/2026/09/37/55 GET /v1/AUTH_a9a47695f86f49b68ac9b1e01c782c0c/gnocchi.540ce35f-341c-4759-875a-351c843698ee%3Fformat%3Djson%26states%3Dlisting HTTP/1.0 200 - python-swiftclient-3.11.1 gAAAAABqLnWpTmF8... - 2 - tx6d6ca5ec29fb4bc3886dd-006a2e7673 - 0.0246 - - 1781429875.053187370 1781429875.077827930 0
Jun 14 09:37:55 standalone object-server[127690]: 172.20.0.100 - - [14/Jun/2026:09:37:55 +0000] "GET /d1/194/AUTH_a9a47695f86f49b68ac9b1e01c782c0c/gnocchi.540ce35f-341c-4759-875a-351c843698ee/1780920000.0_mean_300.0_v3" 404 70 "GET http://172.18.0.2:8080/v1/AUTH_a9a47695f86f49b68ac9b1e01c782c0c/gnocchi.540ce35f-341c-4759-875a-351c843698ee/1780920000.0_mean_300.0_v3" "txe7436ba65efa438aac31d-006a2e7673" "proxy-server 20" 0.0006 "-" 24 0
Jun 14 09:37:55 standalone proxy-server[129724]: 172.18.0.2 172.18.0.100 14/Jun/2026/09/37/55 GET /v1/AUTH_a9a47695f86f49b68ac9b1e01c782c0c/gnocchi.540ce35f-341c-4759-875a-351c843698ee/1780920000.0_mean_300.0_v3 HTTP/1.0 404 - python-swiftclient-3.11.1 gAAAAABqLnWpTmF8... - 70 - txe7436ba65efa438aac31d-006a2e7673 - 0.0094 - - 1781429875.089341164 1781429875.098717451 0
Jun 14 09:37:55 standalone container-server[127452]: 172.20.0.100 - - [14/Jun/2026:09:37:55 +0000] "PUT /d1/849/AUTH_a9a47695f86f49b68ac9b1e01c782c0c/gnocchi.540ce35f-341c-4759-875a-351c843698ee/1780920000.0_mean_300.0_v3" 201 - "PUT http://172.18.0.2:8080/d1/194/AUTH_a9a47695f86f49b68ac9b1e01c782c0c/gnocchi.540ce35f-341c-4759-875a-351c843698ee/1780920000.0_mean_300.0_v3" "tx7a3d70436a654935b7058-006a2e7673" "object-server 25" 0.0010 "-" 23 0
Jun 14 09:37:55 standalone object-server[127701]: 172.20.0.100 - - [14/Jun/2026:09:37:55 +0000] "PUT /d1/194/AUTH_a9a47695f86f49b68ac9b1e01c782c0c/gnocchi.540ce35f-341c-4759-875a-351c843698ee/1780920000.0_mean_300.0_v3" 201 - "PUT http://172.18.0.2:8080/v1/AUTH_a9a47695f86f49b68ac9b1e01c782c0c/gnocchi.540ce35f-341c-4759-875a-351c843698ee/1780920000.0_mean_300.0_v3" "tx7a3d70436a654935b7058-006a2e7673" "proxy-server 20" 0.0128 "-" 25 0
Jun 14 09:37:55 standalone proxy-server[129724]: 172.18.0.2 172.18.0.100 14/Jun/2026/09/37/55 PUT /v1/AUTH_a9a47695f86f49b68ac9b1e01c782c0c/gnocchi.540ce35f-341c-4759-875a-351c843698ee/1780920000.0_mean_300.0_v3 HTTP/1.0 201 - python-swiftclient-3.11.1 gAAAAABqLnWpTmF8... 16 - - tx7a3d70436a654935b7058-006a2e7673 - 0.0221 - - 1781429875.102940559 1781429875.125042915 0
Jun 14 09:37:55 standalone container-server[127447]: 172.20.0.100 - - [14/Jun/2026:09:37:55 +0000] "PUT /d1/849/AUTH_a9a47695f86f49b68ac9b1e01c782c0c/gnocchi.540ce35f-341c-4759-875a-351c843698ee/none_v3" 201 - "PUT http://172.18.0.2:8080/d1/388/AUTH_a9a47695f86f49b68ac9b1e01c782c0c/gnocchi.540ce35f-341c-4759-875a-351c843698ee/none_v3" "txd8cbc979d83847b082c8f-006a2e7673" "object-server 25" 0.0012 "-" 21 0
Jun 14 09:37:55 standalone object-server[127701]: 172.20.0.100 - - [14/Jun/2026:09:37:55 +0000] "PUT /d1/388/AUTH_a9a47695f86f49b68ac9b1e01c782c0c/gnocchi.540ce35f-341c-4759-875a-351c843698ee/none_v3" 201 - "PUT http://172.18.0.2:8080/v1/AUTH_a9a47695f86f49b68ac9b1e01c782c0c/gnocchi.540ce35f-341c-4759-875a-351c843698ee/none_v3" "txd8cbc979d83847b082c8f-006a2e7673" "proxy-server 20" 0.0150 "-" 25 0
Jun 14 09:37:55 standalone proxy-server[129724]: 172.18.0.2 172.18.0.100 14/Jun/2026/09/37/55 PUT /v1/AUTH_a9a47695f86f49b68ac9b1e01c782c0c/gnocchi.540ce35f-341c-4759-875a-351c843698ee/none_v3 HTTP/1.0 201 - python-swiftclient-3.11.1 gAAAAABqLnWpTmF8... 22 - - txd8cbc979d83847b082c8f-006a2e7673 - 0.0241 - - 1781429875.129201174 1781429875.153263330 0
Jun 14 09:37:55 standalone container-server[127447]: 172.20.0.100 - - [14/Jun/2026:09:37:55 +0000] "HEAD /d1/1020/AUTH_a9a47695f86f49b68ac9b1e01c782c0c/gnocchi.93a35f08-f6ac-4bff-ae6a-8085571ea1cc" 404 - "HEAD http://172.18.0.2:8080/v1/AUTH_a9a47695f86f49b68ac9b1e01c782c0c/gnocchi.93a35f08-f6ac-4bff-ae6a-8085571ea1cc?format=json&states=listing" "txde2b8775c59248208596c-006a2e7673" "proxy-server 20" 0.0007 "-" 21 0
Jun 14 09:37:55 standalone object-server[127680]: 172.20.0.100 - - [14/Jun/2026:09:37:55 +0000] "GET /d1/807/AUTH_a9a47695f86f49b68ac9b1e01c782c0c/gnocchi.93a35f08-f6ac-4bff-ae6a-8085571ea1cc/none_v3" 404 70 "GET http://172.18.0.2:8080/v1/AUTH_a9a47695f86f49b68ac9b1e01c782c0c/gnocchi.93a35f08-f6ac-4bff-ae6a-8085571ea1cc/none_v3" "txde2b8775c59248208596c-006a2e7673" "proxy-server 20" 0.0005 "-" 22 0
Jun 14 09:37:55 standalone proxy-server[129724]: 172.18.0.2 172.18.0.100 14/Jun/2026/09/37/55 GET /v1/AUTH_a9a47695f86f49b68ac9b1e01c782c0c/gnocchi.93a35f08-f6ac-4bff-ae6a-8085571ea1cc/none_v3 HTTP/1.0 404 - python-swiftclient-3.11.1 gAAAAABqLnWpTmF8... - 70 - txde2b8775c59248208596c-006a2e7673 - 0.0165 - - 1781429875.172037840 1781429875.188524961 0
Jun 14 09:37:55 standalone account-server[127306]: 172.20.0.100 - - [14/Jun/2026:09:37:55 +0000] "PUT /d1/186/AUTH_a9a47695f86f49b68ac9b1e01c782c0c/gnocchi.93a35f08-f6ac-4bff-ae6a-8085571ea1cc" 201 - "PUT http://172.20.0.100:6001/d1/1020/AUTH_a9a47695f86f49b68ac9b1e01c782c0c/gnocchi.93a35f08-f6ac-4bff-ae6a-8085571ea1cc" "txfee4d4173ce24d3999ace-006a2e7673" "container-server 22" 0.0062 "-" 22 0
Jun 14 09:37:55 standalone container-server[127449]: 172.20.0.100 - - [14/Jun/2026:09:37:55 +0000] "PUT /d1/1020/AUTH_a9a47695f86f49b68ac9b1e01c782c0c/gnocchi.93a35f08-f6ac-4bff-ae6a-8085571ea1cc" 201 - "PUT http://172.18.0.2:8080/v1/AUTH_a9a47695f86f49b68ac9b1e01c782c0c/gnocchi.93a35f08-f6ac-4bff-ae6a-8085571ea1cc" "txfee4d4173ce24d3999ace-006a2e7673" "proxy-server 20" 0.0215 "-" 22 0
Jun 14 09:37:55 standalone proxy-server[129724]: 172.18.0.2 172.18.0.100 14/Jun/2026/09/37/55 PUT /v1/AUTH_a9a47695f86f49b68ac9b1e01c782c0c/gnocchi.93a35f08-f6ac-4bff-ae6a-8085571ea1cc HTTP/1.0 201 - python-swiftclient-3.11.1 gAAAAABqLnWpTmF8... - - - txfee4d4173ce24d3999ace-006a2e7673 - 0.0298 - - 1781429875.193141222 1781429875.222894192 0
Jun 14 09:37:55 standalone container-server[127449]: 172.20.0.100 - - [14/Jun/2026:09:37:55 +0000] "HEAD /d1/1020/AUTH_a9a47695f86f49b68ac9b1e01c782c0c/gnocchi.93a35f08-f6ac-4bff-ae6a-8085571ea1cc" 204 - "HEAD http://172.18.0.2:8080/v1/AUTH_a9a47695f86f49b68ac9b1e01c782c0c/gnocchi.93a35f08-f6ac-4bff-ae6a-8085571ea1cc?format=json&states=listing" "tx8b9dc8e7430045f5a24e2-006a2e7673" "proxy-server 20" 0.0023 "-" 22 0
Jun 14 09:37:55 standalone proxy-server[129724]: - - 14/Jun/2026/09/37/55 HEAD /v1/AUTH_a9a47695f86f49b68ac9b1e01c782c0c/gnocchi.93a35f08-f6ac-4bff-ae6a-8085571ea1cc%3Fformat%3Djson%26states%3Dlisting HTTP/1.0 204 - Swift - - - - tx8b9dc8e7430045f5a24e2-006a2e7673 - 0.0072 RL - 1781429875.230327368 1781429875.237556696 0
Jun 14 09:37:55 standalone container-server[127445]: 172.20.0.100 - - [14/Jun/2026:09:37:55 +0000] "GET /d1/1020/AUTH_a9a47695f86f49b68ac9b1e01c782c0c/gnocchi.93a35f08-f6ac-4bff-ae6a-8085571ea1cc" 200 2 "GET http://172.18.0.2:8080/v1/AUTH_a9a47695f86f49b68ac9b1e01c782c0c/gnocchi.93a35f08-f6ac-4bff-ae6a-8085571ea1cc?format=json&states=listing" "tx8b9dc8e7430045f5a24e2-006a2e7673" "proxy-server 20" 0.0019 "-" 20 0
Jun 14 09:37:55 standalone proxy-server[129724]: 172.18.0.2 172.18.0.100 14/Jun/2026/09/37/55 GET /v1/AUTH_a9a47695f86f49b68ac9b1e01c782c0c/gnocchi.93a35f08-f6ac-4bff-ae6a-8085571ea1cc%3Fformat%3Djson%26states%3Dlisting HTTP/1.0 200 - python-swiftclient-3.11.1 gAAAAABqLnWpTmF8... - 2 - tx8b9dc8e7430045f5a24e2-006a2e7673 - 0.0199 - - 1781429875.228635550 1781429875.248579979 0
Jun 14 09:37:55 standalone object-server[127701]: 172.20.0.100 - - [14/Jun/2026:09:37:55 +0000] "GET /d1/505/AUTH_a9a47695f86f49b68ac9b1e01c782c0c/gnocchi.93a35f08-f6ac-4bff-ae6a-8085571ea1cc/1780920000.0_mean_300.0_v3" 404 70 "GET http://172.18.0.2:8080/v1/AUTH_a9a47695f86f49b68ac9b1e01c782c0c/gnocchi.93a35f08-f6ac-4bff-ae6a-8085571ea1cc/1780920000.0_mean_300.0_v3" "tx58c1a29da3824ac0a4b49-006a2e7673" "proxy-server 20" 0.0006 "-" 25 0
Jun 14 09:37:55 standalone proxy-server[129724]: 172.18.0.2 172.18.0.100 14/Jun/2026/09/37/55 GET /v1/AUTH_a9a47695f86f49b68ac9b1e01c782c0c/gnocchi.93a35f08-f6ac-4bff-ae6a-8085571ea1cc/1780920000.0_mean_300.0_v3 HTTP/1.0 404 - python-swiftclient-3.11.1 gAAAAABqLnWpTmF8... - 70 - tx58c1a29da3824ac0a4b49-006a2e7673 - 0.0067 - - 1781429875.253842831 1781429875.260497332 0
Jun 14 09:37:55 standalone container-server[127449]: 172.20.0.100 - - [14/Jun/2026:09:37:55 +0000] "PUT /d1/1020/AUTH_a9a47695f86f49b68ac9b1e01c782c0c/gnocchi.93a35f08-f6ac-4bff-ae6a-8085571ea1cc/1780920000.0_mean_300.0_v3" 201 - "PUT http://172.18.0.2:8080/d1/505/AUTH_a9a47695f86f49b68ac9b1e01c782c0c/gnocchi.93a35f08-f6ac-4bff-ae6a-8085571ea1cc/1780920000.0_mean_300.0_v3" "tx5944dadbdade435484045-006a2e7673" "object-server 23" 0.0007 "-" 22 0
Jun 14 09:37:55 standalone object-server[127687]: 172.20.0.100 - - [14/Jun/2026:09:37:55 +0000] "PUT /d1/505/AUTH_a9a47695f86f49b68ac9b1e01c782c0c/gnocchi.93a35f08-f6ac-4bff-ae6a-8085571ea1cc/1780920000.0_mean_300.0_v3" 201 - "PUT http://172.18.0.2:8080/v1/AUTH_a9a47695f86f49b68ac9b1e01c782c0c/gnocchi.93a35f08-f6ac-4bff-ae6a-8085571ea1cc/1780920000.0_mean_300.0_v3" "tx5944dadbdade435484045-006a2e7673" "proxy-server 20" 0.0198 "-" 23 0
Jun 14 09:37:55 standalone proxy-server[129724]: 172.18.0.2 172.18.0.100 14/Jun/2026/09/37/55 PUT /v1/AUTH_a9a47695f86f49b68ac9b1e01c782c0c/gnocchi.93a35f08-f6ac-4bff-ae6a-8085571ea1cc/1780920000.0_mean_300.0_v3 HTTP/1.0 201 - python-swiftclient-3.11.1 gAAAAABqLnWpTmF8... 16 - - tx5944dadbdade435484045-006a2e7673 - 0.0258 - - 1781429875.263915062 1781429875.289672613 0
Jun 14 09:37:55 standalone container-server[127447]: 172.20.0.100 - - [14/Jun/2026:09:37:55 +0000] "PUT /d1/1020/AUTH_a9a47695f86f49b68ac9b1e01c782c0c/gnocchi.93a35f08-f6ac-4bff-ae6a-8085571ea1cc/none_v3" 201 - "PUT http://172.18.0.2:8080/d1/807/AUTH_a9a47695f86f49b68ac9b1e01c782c0c/gnocchi.93a35f08-f6ac-4bff-ae6a-8085571ea1cc/none_v3" "txfbd2c0f0fb704d9499215-006a2e7673" "object-server 25" 0.0010 "-" 21 0
Jun 14 09:37:55 standalone object-server[127701]: 172.20.0.100 - - [14/Jun/2026:09:37:55 +0000] "PUT /d1/807/AUTH_a9a47695f86f49b68ac9b1e01c782c0c/gnocchi.93a35f08-f6ac-4bff-ae6a-8085571ea1cc/none_v3" 201 - "PUT http://172.18.0.2:8080/v1/AUTH_a9a47695f86f49b68ac9b1e01c782c0c/gnocchi.93a35f08-f6ac-4bff-ae6a-8085571ea1cc/none_v3" "txfbd2c0f0fb704d9499215-006a2e7673" "proxy-server 20" 0.0142 "-" 25 0
Jun 14 09:37:55 standalone proxy-server[129724]: 172.18.0.2 172.18.0.100 14/Jun/2026/09/37/55 PUT /v1/AUTH_a9a47695f86f49b68ac9b1e01c782c0c/gnocchi.93a35f08-f6ac-4bff-ae6a-8085571ea1cc/none_v3 HTTP/1.0 201 - python-swiftclient-3.11.1 gAAAAABqLnWpTmF8... 22 - - txfbd2c0f0fb704d9499215-006a2e7673 - 0.0204 - - 1781429875.293911457 1781429875.314263582 0
Jun 14 09:37:55 standalone container-server[127445]: 172.20.0.100 - - [14/Jun/2026:09:37:55 +0000] "HEAD /d1/210/AUTH_a9a47695f86f49b68ac9b1e01c782c0c/gnocchi.05a1cc17-07d0-4f0f-a76d-f1b99050d532" 404 - "HEAD http://172.18.0.2:8080/v1/AUTH_a9a47695f86f49b68ac9b1e01c782c0c/gnocchi.05a1cc17-07d0-4f0f-a76d-f1b99050d532?format=json&states=listing" "tx90d0f33c5bee436ba0508-006a2e7673" "proxy-server 20" 0.0006 "-" 20 0
Jun 14 09:37:55 standalone object-server[127690]: 172.20.0.100 - - [14/Jun/2026:09:37:55 +0000] "GET /d1/236/AUTH_a9a47695f86f49b68ac9b1e01c782c0c/gnocchi.05a1cc17-07d0-4f0f-a76d-f1b99050d532/none_v3" 404 70 "GET http://172.18.0.2:8080/v1/AUTH_a9a47695f86f49b68ac9b1e01c782c0c/gnocchi.05a1cc17-07d0-4f0f-a76d-f1b99050d532/none_v3" "tx90d0f33c5bee436ba0508-006a2e7673" "proxy-server 20" 0.0007 "-" 24 0
Jun 14 09:37:55 standalone proxy-server[129724]: 172.18.0.2 172.18.0.100 14/Jun/2026/09/37/55 GET /v1/AUTH_a9a47695f86f49b68ac9b1e01c782c0c/gnocchi.05a1cc17-07d0-4f0f-a76d-f1b99050d532/none_v3 HTTP/1.0 404 - python-swiftclient-3.11.1 gAAAAABqLnWpTmF8... - 70 - tx90d0f33c5bee436ba0508-006a2e7673 - 0.0107 - - 1781429875.329647541 1781429875.340347767 0
Jun 14 09:37:55 standalone account-server[127306]: 172.20.0.100 - - [14/Jun/2026:09:37:55 +0000] "PUT /d1/186/AUTH_a9a47695f86f49b68ac9b1e01c782c0c/gnocchi.05a1cc17-07d0-4f0f-a76d-f1b99050d532" 201 - "PUT http://172.20.0.100:6001/d1/210/AUTH_a9a47695f86f49b68ac9b1e01c782c0c/gnocchi.05a1cc17-07d0-4f0f-a76d-f1b99050d532" "tx6a7e3b56ead24289865ef-006a2e7673" "container-server 23" 0.0061 "-" 22 0
Jun 14 09:37:55 standalone container-server[127452]: 172.20.0.100 - - [14/Jun/2026:09:37:55 +0000] "PUT /d1/210/AUTH_a9a47695f86f49b68ac9b1e01c782c0c/gnocchi.05a1cc17-07d0-4f0f-a76d-f1b99050d532" 201 - "PUT http://172.18.0.2:8080/v1/AUTH_a9a47695f86f49b68ac9b1e01c782c0c/gnocchi.05a1cc17-07d0-4f0f-a76d-f1b99050d532" "tx6a7e3b56ead24289865ef-006a2e7673" "proxy-server 20" 0.0197 "-" 23 0
Jun 14 09:37:55 standalone proxy-server[129724]: 172.18.0.2 172.18.0.100 14/Jun/2026/09/37/55 PUT /v1/AUTH_a9a47695f86f49b68ac9b1e01c782c0c/gnocchi.05a1cc17-07d0-4f0f-a76d-f1b99050d532 HTTP/1.0 201 - python-swiftclient-3.11.1 gAAAAABqLnWpTmF8... - - - tx6a7e3b56ead24289865ef-006a2e7673 - 0.0248 - - 1781429875.344358444 1781429875.369188309 0
Jun 14 09:37:55 standalone container-server[127452]: 172.20.0.100 - - [14/Jun/2026:09:37:55 +0000] "HEAD /d1/210/AUTH_a9a47695f86f49b68ac9b1e01c782c0c/gnocchi.05a1cc17-07d0-4f0f-a76d-f1b99050d532" 204 - "HEAD http://172.18.0.2:8080/v1/AUTH_a9a47695f86f49b68ac9b1e01c782c0c/gnocchi.05a1cc17-07d0-4f0f-a76d-f1b99050d532?format=json&states=listing" "tx03e696f3aa07455099dfb-006a2e7673" "proxy-server 20" 0.0019 "-" 23 0
Jun 14 09:37:55 standalone proxy-server[129724]: - - 14/Jun/2026/09/37/55 HEAD /v1/AUTH_a9a47695f86f49b68ac9b1e01c782c0c/gnocchi.05a1cc17-07d0-4f0f-a76d-f1b99050d532%3Fformat%3Djson%26states%3Dlisting HTTP/1.0 204 - Swift - - - - tx03e696f3aa07455099dfb-006a2e7673 - 0.0052 RL - 1781429875.375390768 1781429875.380541325 0
Jun 14 09:37:55 standalone container-server[127449]: 172.20.0.100 - - [14/Jun/2026:09:37:55 +0000] "GET /d1/210/AUTH_a9a47695f86f49b68ac9b1e01c782c0c/gnocchi.05a1cc17-07d0-4f0f-a76d-f1b99050d532" 200 2 "GET http://172.18.0.2:8080/v1/AUTH_a9a47695f86f49b68ac9b1e01c782c0c/gnocchi.05a1cc17-07d0-4f0f-a76d-f1b99050d532?format=json&states=listing" "tx03e696f3aa07455099dfb-006a2e7673" "proxy-server 20" 0.0023 "-" 22 0
Jun 14 09:37:55 standalone proxy-server[129724]: 172.18.0.2 172.18.0.100 14/Jun/2026/09/37/55 GET /v1/AUTH_a9a47695f86f49b68ac9b1e01c782c0c/gnocchi.05a1cc17-07d0-4f0f-a76d-f1b99050d532%3Fformat%3Djson%26states%3Dlisting HTTP/1.0 200 - python-swiftclient-3.11.1 gAAAAABqLnWpTmF8... - 2 - tx03e696f3aa07455099dfb-006a2e7673 - 0.0159 - - 1781429875.374413013 1781429875.390291691 0
Jun 14 09:37:55 standalone object-server[127680]: 172.20.0.100 - - [14/Jun/2026:09:37:55 +0000] "GET /d1/908/AUTH_a9a47695f86f49b68ac9b1e01c782c0c/gnocchi.05a1cc17-07d0-4f0f-a76d-f1b99050d532/1780920000.0_mean_300.0_v3" 404 70 "GET http://172.18.0.2:8080/v1/AUTH_a9a47695f86f49b68ac9b1e01c782c0c/gnocchi.05a1cc17-07d0-4f0f-a76d-f1b99050d532/1780920000.0_mean_300.0_v3" "txdf4157a2ea3a40e28c894-006a2e7673" "proxy-server 20" 0.0006 "-" 22 0
Jun 14 09:37:55 standalone proxy-server[129724]: 172.18.0.2 172.18.0.100 14/Jun/2026/09/37/55 GET /v1/AUTH_a9a47695f86f49b68ac9b1e01c782c0c/gnocchi.05a1cc17-07d0-4f0f-a76d-f1b99050d532/1780920000.0_mean_300.0_v3 HTTP/1.0 404 - python-swiftclient-3.11.1 gAAAAABqLnWpTmF8... - 70 - txdf4157a2ea3a40e28c894-006a2e7673 - 0.0173 - - 1781429875.395763397 1781429875.413038492 0
Jun 14 09:37:55 standalone container-server[127445]: 172.20.0.100 - - [14/Jun/2026:09:37:55 +0000] "PUT /d1/210/AUTH_a9a47695f86f49b68ac9b1e01c782c0c/gnocchi.05a1cc17-07d0-4f0f-a76d-f1b99050d532/1780920000.0_mean_300.0_v3" 201 - "PUT http://172.18.0.2:8080/d1/908/AUTH_a9a47695f86f49b68ac9b1e01c782c0c/gnocchi.05a1cc17-07d0-4f0f-a76d-f1b99050d532/1780920000.0_mean_300.0_v3" "txbc93d69d25db4aa2bdfd6-006a2e7673" "object-server 25" 0.0007 "-" 20 0
Jun 14 09:37:55 standalone object-server[127701]: 172.20.0.100 - - [14/Jun/2026:09:37:55 +0000] "PUT /d1/908/AUTH_a9a47695f86f49b68ac9b1e01c782c0c/gnocchi.05a1cc17-07d0-4f0f-a76d-f1b99050d532/1780920000.0_mean_300.0_v3" 201 - "PUT http://172.18.0.2:8080/v1/AUTH_a9a47695f86f49b68ac9b1e01c782c0c/gnocchi.05a1cc17-07d0-4f0f-a76d-f1b99050d532/1780920000.0_mean_300.0_v3" "txbc93d69d25db4aa2bdfd6-006a2e7673" "proxy-server 20" 0.0131 "-" 25 0
Jun 14 09:37:55 standalone proxy-server[129724]: 172.18.0.2 172.18.0.100 14/Jun/2026/09/37/55 PUT /v1/AUTH_a9a47695f86f49b68ac9b1e01c782c0c/gnocchi.05a1cc17-07d0-4f0f-a76d-f1b99050d532/1780920000.0_mean_300.0_v3 HTTP/1.0 201 - python-swiftclient-3.11.1 gAAAAABqLnWpTmF8... 16 - - txbc93d69d25db4aa2bdfd6-006a2e7673 - 0.0230 - - 1781429875.418473959 1781429875.441479921 0
Jun 14 09:37:55 standalone container-server[127452]: 172.20.0.100 - - [14/Jun/2026:09:37:55 +0000] "PUT /d1/210/AUTH_a9a47695f86f49b68ac9b1e01c782c0c/gnocchi.05a1cc17-07d0-4f0f-a76d-f1b99050d532/none_v3" 201 - "PUT http://172.18.0.2:8080/d1/236/AUTH_a9a47695f86f49b68ac9b1e01c782c0c/gnocchi.05a1cc17-07d0-4f0f-a76d-f1b99050d532/none_v3" "txbf6431b407534cec820fc-006a2e7673" "object-server 25" 0.0008 "-" 23 0
Jun 14 09:37:55 standalone object-server[127701]: 172.20.0.100 - - [14/Jun/2026:09:37:55 +0000] "PUT /d1/236/AUTH_a9a47695f86f49b68ac9b1e01c782c0c/gnocchi.05a1cc17-07d0-4f0f-a76d-f1b99050d532/none_v3" 201 - "PUT http://172.18.0.2:8080/v1/AUTH_a9a47695f86f49b68ac9b1e01c782c0c/gnocchi.05a1cc17-07d0-4f0f-a76d-f1b99050d532/none_v3" "txbf6431b407534cec820fc-006a2e7673" "proxy-server 20" 0.0102 "-" 25 0
Jun 14 09:37:55 standalone proxy-server[129724]: 172.18.0.2 172.18.0.100 14/Jun/2026/09/37/55 PUT /v1/AUTH_a9a47695f86f49b68ac9b1e01c782c0c/gnocchi.05a1cc17-07d0-4f0f-a76d-f1b99050d532/none_v3 HTTP/1.0 201 - python-swiftclient-3.11.1 gAAAAABqLnWpTmF8... 22 - - txbf6431b407534cec820fc-006a2e7673 - 0.0171 - - 1781429875.446622133 1781429875.463672638 0
Jun 14 09:37:55 standalone container-server[127447]: 172.20.0.100 - - [14/Jun/2026:09:37:55 +0000] "HEAD /d1/389/AUTH_a9a47695f86f49b68ac9b1e01c782c0c/gnocchi.1a5d567d-10da-4008-a8a3-66fab73d2b10" 404 - "HEAD http://172.18.0.2:8080/v1/AUTH_a9a47695f86f49b68ac9b1e01c782c0c/gnocchi.1a5d567d-10da-4008-a8a3-66fab73d2b10?format=json&states=listing" "tx8c17706a6b4c4b62be0fa-006a2e7673" "proxy-server 20" 0.0008 "-" 21 0
Jun 14 09:37:55 standalone object-server[127690]: 172.20.0.100 - - [14/Jun/2026:09:37:55 +0000] "GET /d1/641/AUTH_a9a47695f86f49b68ac9b1e01c782c0c/gnocchi.1a5d567d-10da-4008-a8a3-66fab73d2b10/none_v3" 404 70 "GET http://172.18.0.2:8080/v1/AUTH_a9a47695f86f49b68ac9b1e01c782c0c/gnocchi.1a5d567d-10da-4008-a8a3-66fab73d2b10/none_v3" "tx8c17706a6b4c4b62be0fa-006a2e7673" "proxy-server 20" 0.0007 "-" 24 0
Jun 14 09:37:55 standalone proxy-server[129724]: 172.18.0.2 172.18.0.100 14/Jun/2026/09/37/55 GET /v1/AUTH_a9a47695f86f49b68ac9b1e01c782c0c/gnocchi.1a5d567d-10da-4008-a8a3-66fab73d2b10/none_v3 HTTP/1.0 404 - python-swiftclient-3.11.1 gAAAAABqLnWpTmF8... - 70 - tx8c17706a6b4c4b62be0fa-006a2e7673 - 0.0150 - - 1781429875.479071856 1781429875.494021893 0
Jun 14 09:37:55 standalone account-server[127293]: 172.20.0.100 - - [14/Jun/2026:09:37:55 +0000] "PUT /d1/186/AUTH_a9a47695f86f49b68ac9b1e01c782c0c/gnocchi.1a5d567d-10da-4008-a8a3-66fab73d2b10" 201 - "PUT http://172.20.0.100:6001/d1/389/AUTH_a9a47695f86f49b68ac9b1e01c782c0c/gnocchi.1a5d567d-10da-4008-a8a3-66fab73d2b10" "tx71d291348cc14720944a9-006a2e7673" "container-server 20" 0.0075 "-" 20 0
Jun 14 09:37:55 standalone container-server[127445]: 172.20.0.100 - - [14/Jun/2026:09:37:55 +0000] "PUT /d1/389/AUTH_a9a47695f86f49b68ac9b1e01c782c0c/gnocchi.1a5d567d-10da-4008-a8a3-66fab73d2b10" 201 - "PUT http://172.18.0.2:8080/v1/AUTH_a9a47695f86f49b68ac9b1e01c782c0c/gnocchi.1a5d567d-10da-4008-a8a3-66fab73d2b10" "tx71d291348cc14720944a9-006a2e7673" "proxy-server 20" 0.0186 "-" 20 0
Jun 14 09:37:55 standalone proxy-server[129724]: 172.18.0.2 172.18.0.100 14/Jun/2026/09/37/55 PUT /v1/AUTH_a9a47695f86f49b68ac9b1e01c782c0c/gnocchi.1a5d567d-10da-4008-a8a3-66fab73d2b10 HTTP/1.0 201 - python-swiftclient-3.11.1 gAAAAABqLnWpTmF8... - - - tx71d291348cc14720944a9-006a2e7673 - 0.0256 - - 1781429875.498042822 1781429875.523690462 0
Jun 14 09:37:55 standalone container-server[127449]: 172.20.0.100 - - [14/Jun/2026:09:37:55 +0000] "HEAD /d1/389/AUTH_a9a47695f86f49b68ac9b1e01c782c0c/gnocchi.1a5d567d-10da-4008-a8a3-66fab73d2b10" 204 - "HEAD http://172.18.0.2:8080/v1/AUTH_a9a47695f86f49b68ac9b1e01c782c0c/gnocchi.1a5d567d-10da-4008-a8a3-66fab73d2b10?format=json&states=listing" "txad3bab7be18a4f108d3e8-006a2e7673" "proxy-server 20" 0.0016 "-" 22 0
Jun 14 09:37:55 standalone proxy-server[129724]: - - 14/Jun/2026/09/37/55 HEAD /v1/AUTH_a9a47695f86f49b68ac9b1e01c782c0c/gnocchi.1a5d567d-10da-4008-a8a3-66fab73d2b10%3Fformat%3Djson%26states%3Dlisting HTTP/1.0 204 - Swift - - - - txad3bab7be18a4f108d3e8-006a2e7673 - 0.0064 RL - 1781429875.531085730 1781429875.537487030 0
Jun 14 09:37:55 standalone container-server[127449]: 172.20.0.100 - - [14/Jun/2026:09:37:55 +0000] "GET /d1/389/AUTH_a9a47695f86f49b68ac9b1e01c782c0c/gnocchi.1a5d567d-10da-4008-a8a3-66fab73d2b10" 200 2 "GET http://172.18.0.2:8080/v1/AUTH_a9a47695f86f49b68ac9b1e01c782c0c/gnocchi.1a5d567d-10da-4008-a8a3-66fab73d2b10?format=json&states=listing" "txad3bab7be18a4f108d3e8-006a2e7673" "proxy-server 20" 0.0015 "-" 22 0
Jun 14 09:37:55 standalone proxy-server[129724]: 172.18.0.2 172.18.0.100 14/Jun/2026/09/37/55 GET /v1/AUTH_a9a47695f86f49b68ac9b1e01c782c0c/gnocchi.1a5d567d-10da-4008-a8a3-66fab73d2b10%3Fformat%3Djson%26states%3Dlisting HTTP/1.0 200 - python-swiftclient-3.11.1 gAAAAABqLnWpTmF8... - 2 - txad3bab7be18a4f108d3e8-006a2e7673 - 0.0186 - - 1781429875.529138803 1781429875.547773600 0
Jun 14 09:37:55 standalone object-server[127680]: 172.20.0.100 - - [14/Jun/2026:09:37:55 +0000] "GET /d1/78/AUTH_a9a47695f86f49b68ac9b1e01c782c0c/gnocchi.1a5d567d-10da-4008-a8a3-66fab73d2b10/1780920000.0_mean_300.0_v3" 404 70 "GET http://172.18.0.2:8080/v1/AUTH_a9a47695f86f49b68ac9b1e01c782c0c/gnocchi.1a5d567d-10da-4008-a8a3-66fab73d2b10/1780920000.0_mean_300.0_v3" "tx645c14b691b845f4aa4a8-006a2e7673" "proxy-server 20" 0.0008 "-" 22 0
Jun 14 09:37:55 standalone proxy-server[129724]: 172.18.0.2 172.18.0.100 14/Jun/2026/09/37/55 GET /v1/AUTH_a9a47695f86f49b68ac9b1e01c782c0c/gnocchi.1a5d567d-10da-4008-a8a3-66fab73d2b10/1780920000.0_mean_300.0_v3 HTTP/1.0 404 - python-swiftclient-3.11.1 gAAAAABqLnWpTmF8... - 70 - tx645c14b691b845f4aa4a8-006a2e7673 - 0.0112 - - 1781429875.561832190 1781429875.573044777 0
Jun 14 09:37:55 standalone container-server[127447]: 172.20.0.100 - - [14/Jun/2026:09:37:55 +0000] "PUT /d1/389/AUTH_a9a47695f86f49b68ac9b1e01c782c0c/gnocchi.1a5d567d-10da-4008-a8a3-66fab73d2b10/1780920000.0_mean_300.0_v3" 201 - "PUT http://172.18.0.2:8080/d1/78/AUTH_a9a47695f86f49b68ac9b1e01c782c0c/gnocchi.1a5d567d-10da-4008-a8a3-66fab73d2b10/1780920000.0_mean_300.0_v3" "tx816380cc5be148a28462e-006a2e7673" "object-server 25" 0.0012 "-" 21 0
Jun 14 09:37:55 standalone object-server[127701]: 172.20.0.100 - - [14/Jun/2026:09:37:55 +0000] "PUT /d1/78/AUTH_a9a47695f86f49b68ac9b1e01c782c0c/gnocchi.1a5d567d-10da-4008-a8a3-66fab73d2b10/1780920000.0_mean_300.0_v3" 201 - "PUT http://172.18.0.2:8080/v1/AUTH_a9a47695f86f49b68ac9b1e01c782c0c/gnocchi.1a5d567d-10da-4008-a8a3-66fab73d2b10/1780920000.0_mean_300.0_v3" "tx816380cc5be148a28462e-006a2e7673" "proxy-server 20" 0.0175 "-" 25 0
Jun 14 09:37:55 standalone proxy-server[129724]: 172.18.0.2 172.18.0.100 14/Jun/2026/09/37/55 PUT /v1/AUTH_a9a47695f86f49b68ac9b1e01c782c0c/gnocchi.1a5d567d-10da-4008-a8a3-66fab73d2b10/1780920000.0_mean_300.0_v3 HTTP/1.0 201 - python-swiftclient-3.11.1 gAAAAABqLnWpTmF8... 16 - - tx816380cc5be148a28462e-006a2e7673 - 0.0296 - - 1781429875.583319664 1781429875.612870455 0
Jun 14 09:37:55 standalone container-server[127449]: 172.20.0.100 - - [14/Jun/2026:09:37:55 +0000] "PUT /d1/389/AUTH_a9a47695f86f49b68ac9b1e01c782c0c/gnocchi.1a5d567d-10da-4008-a8a3-66fab73d2b10/none_v3" 201 - "PUT http://172.18.0.2:8080/d1/641/AUTH_a9a47695f86f49b68ac9b1e01c782c0c/gnocchi.1a5d567d-10da-4008-a8a3-66fab73d2b10/none_v3" "tx22b525c0c5ca4a5d80fe9-006a2e7673" "object-server 25" 0.0007 "-" 22 0
Jun 14 09:37:55 standalone object-server[127701]: 172.20.0.100 - - [14/Jun/2026:09:37:55 +0000] "PUT /d1/641/AUTH_a9a47695f86f49b68ac9b1e01c782c0c/gnocchi.1a5d567d-10da-4008-a8a3-66fab73d2b10/none_v3" 201 - "PUT http://172.18.0.2:8080/v1/AUTH_a9a47695f86f49b68ac9b1e01c782c0c/gnocchi.1a5d567d-10da-4008-a8a3-66fab73d2b10/none_v3" "tx22b525c0c5ca4a5d80fe9-006a2e7673" "proxy-server 20" 0.0118 "-" 25 0
Jun 14 09:37:55 standalone proxy-server[129724]: 172.18.0.2 172.18.0.100 14/Jun/2026/09/37/55 PUT /v1/AUTH_a9a47695f86f49b68ac9b1e01c782c0c/gnocchi.1a5d567d-10da-4008-a8a3-66fab73d2b10/none_v3 HTTP/1.0 201 - python-swiftclient-3.11.1 gAAAAABqLnWpTmF8... 22 - - tx22b525c0c5ca4a5d80fe9-006a2e7673 - 0.0245 - - 1781429875.618047714 1781429875.642527819 0
Jun 14 09:37:55 standalone container-server[127449]: 172.20.0.100 - - [14/Jun/2026:09:37:55 +0000] "HEAD /d1/111/AUTH_a9a47695f86f49b68ac9b1e01c782c0c/gnocchi.d3e3693f-b497-40e2-aecc-36a287163c1d" 404 - "HEAD http://172.18.0.2:8080/v1/AUTH_a9a47695f86f49b68ac9b1e01c782c0c/gnocchi.d3e3693f-b497-40e2-aecc-36a287163c1d?format=json&states=listing" "tx0c92a861f3654e7b866d3-006a2e7673" "proxy-server 20" 0.0005 "-" 22 0
Jun 14 09:37:55 standalone object-server[127690]: 172.20.0.100 - - [14/Jun/2026:09:37:55 +0000] "GET /d1/165/AUTH_a9a47695f86f49b68ac9b1e01c782c0c/gnocchi.d3e3693f-b497-40e2-aecc-36a287163c1d/none_v3" 404 70 "GET http://172.18.0.2:8080/v1/AUTH_a9a47695f86f49b68ac9b1e01c782c0c/gnocchi.d3e3693f-b497-40e2-aecc-36a287163c1d/none_v3" "tx0c92a861f3654e7b866d3-006a2e7673" "proxy-server 20" 0.0005 "-" 24 0
Jun 14 09:37:55 standalone proxy-server[129724]: 172.18.0.2 172.18.0.100 14/Jun/2026/09/37/55 GET /v1/AUTH_a9a47695f86f49b68ac9b1e01c782c0c/gnocchi.d3e3693f-b497-40e2-aecc-36a287163c1d/none_v3 HTTP/1.0 404 - python-swiftclient-3.11.1 gAAAAABqLnWpTmF8... - 70 - tx0c92a861f3654e7b866d3-006a2e7673 - 0.0166 - - 1781429875.654436350 1781429875.671026230 0
Jun 14 09:37:55 standalone account-server[127293]: 172.20.0.100 - - [14/Jun/2026:09:37:55 +0000] "PUT /d1/186/AUTH_a9a47695f86f49b68ac9b1e01c782c0c/gnocchi.d3e3693f-b497-40e2-aecc-36a287163c1d" 201 - "PUT http://172.20.0.100:6001/d1/111/AUTH_a9a47695f86f49b68ac9b1e01c782c0c/gnocchi.d3e3693f-b497-40e2-aecc-36a287163c1d" "tx6085cee7e5574caa8c067-006a2e7673" "container-server 23" 0.0096 "-" 20 0
Jun 14 09:37:55 standalone container-server[127452]: 172.20.0.100 - - [14/Jun/2026:09:37:55 +0000] "PUT /d1/111/AUTH_a9a47695f86f49b68ac9b1e01c782c0c/gnocchi.d3e3693f-b497-40e2-aecc-36a287163c1d" 201 - "PUT http://172.18.0.2:8080/v1/AUTH_a9a47695f86f49b68ac9b1e01c782c0c/gnocchi.d3e3693f-b497-40e2-aecc-36a287163c1d" "tx6085cee7e5574caa8c067-006a2e7673" "proxy-server 20" 0.0384 "-" 23 0
Jun 14 09:37:55 standalone proxy-server[129724]: 172.18.0.2 172.18.0.100 14/Jun/2026/09/37/55 PUT /v1/AUTH_a9a47695f86f49b68ac9b1e01c782c0c/gnocchi.d3e3693f-b497-40e2-aecc-36a287163c1d HTTP/1.0 201 - python-swiftclient-3.11.1 gAAAAABqLnWpTmF8... - - - tx6085cee7e5574caa8c067-006a2e7673 - 0.0492 - - 1781429875.674933672 1781429875.724178314 0
Jun 14 09:37:55 standalone container-server[127445]: 172.20.0.100 - - [14/Jun/2026:09:37:55 +0000] "HEAD /d1/111/AUTH_a9a47695f86f49b68ac9b1e01c782c0c/gnocchi.d3e3693f-b497-40e2-aecc-36a287163c1d" 204 - "HEAD http://172.18.0.2:8080/v1/AUTH_a9a47695f86f49b68ac9b1e01c782c0c/gnocchi.d3e3693f-b497-40e2-aecc-36a287163c1d?format=json&states=listing" "tx977b9f01fe924ce5a63c8-006a2e7673" "proxy-server 20" 0.0015 "-" 20 0
Jun 14 09:37:55 standalone proxy-server[129724]: - - 14/Jun/2026/09/37/55 HEAD /v1/AUTH_a9a47695f86f49b68ac9b1e01c782c0c/gnocchi.d3e3693f-b497-40e2-aecc-36a287163c1d%3Fformat%3Djson%26states%3Dlisting HTTP/1.0 204 - Swift - - - - tx977b9f01fe924ce5a63c8-006a2e7673 - 0.0057 RL - 1781429875.740049601 1781429875.745732546 0
Jun 14 09:37:55 standalone container-server[127452]: 172.20.0.100 - - [14/Jun/2026:09:37:55 +0000] "GET /d1/111/AUTH_a9a47695f86f49b68ac9b1e01c782c0c/gnocchi.d3e3693f-b497-40e2-aecc-36a287163c1d" 200 2 "GET http://172.18.0.2:8080/v1/AUTH_a9a47695f86f49b68ac9b1e01c782c0c/gnocchi.d3e3693f-b497-40e2-aecc-36a287163c1d?format=json&states=listing" "tx977b9f01fe924ce5a63c8-006a2e7673" "proxy-server 20" 0.0025 "-" 23 0
Jun 14 09:37:55 standalone proxy-server[129724]: 172.18.0.2 172.18.0.100 14/Jun/2026/09/37/55 GET /v1/AUTH_a9a47695f86f49b68ac9b1e01c782c0c/gnocchi.d3e3693f-b497-40e2-aecc-36a287163c1d%3Fformat%3Djson%26states%3Dlisting HTTP/1.0 200 - python-swiftclient-3.11.1 gAAAAABqLnWpTmF8... - 2 - tx977b9f01fe924ce5a63c8-006a2e7673 - 0.0156 - - 1781429875.738472223 1781429875.754105330 0
Jun 14 09:37:55 standalone object-server[127690]: 172.20.0.100 - - [14/Jun/2026:09:37:55 +0000] "GET /d1/960/AUTH_a9a47695f86f49b68ac9b1e01c782c0c/gnocchi.d3e3693f-b497-40e2-aecc-36a287163c1d/1780920000.0_mean_300.0_v3" 404 70 "GET http://172.18.0.2:8080/v1/AUTH_a9a47695f86f49b68ac9b1e01c782c0c/gnocchi.d3e3693f-b497-40e2-aecc-36a287163c1d/1780920000.0_mean_300.0_v3" "tx503d1ef2f0664d2c84da1-006a2e7673" "proxy-server 20" 0.0005 "-" 24 0
Jun 14 09:37:55 standalone proxy-server[129724]: 172.18.0.2 172.18.0.100 14/Jun/2026/09/37/55 GET /v1/AUTH_a9a47695f86f49b68ac9b1e01c782c0c/gnocchi.d3e3693f-b497-40e2-aecc-36a287163c1d/1780920000.0_mean_300.0_v3 HTTP/1.0 404 - python-swiftclient-3.11.1 gAAAAABqLnWpTmF8... - 70 - tx503d1ef2f0664d2c84da1-006a2e7673 - 0.0089 - - 1781429875.762281418 1781429875.771142006 0
Jun 14 09:37:55 standalone container-server[127447]: 172.20.0.100 - - [14/Jun/2026:09:37:55 +0000] "PUT /d1/111/AUTH_a9a47695f86f49b68ac9b1e01c782c0c/gnocchi.d3e3693f-b497-40e2-aecc-36a287163c1d/1780920000.0_mean_300.0_v3" 201 - "PUT http://172.18.0.2:8080/d1/960/AUTH_a9a47695f86f49b68ac9b1e01c782c0c/gnocchi.d3e3693f-b497-40e2-aecc-36a287163c1d/1780920000.0_mean_300.0_v3" "txa817d7c89fa64380a5208-006a2e7673" "object-server 22" 0.0008 "-" 21 0
Jun 14 09:37:55 standalone object-server[127680]: 172.20.0.100 - - [14/Jun/2026:09:37:55 +0000] "PUT /d1/960/AUTH_a9a47695f86f49b68ac9b1e01c782c0c/gnocchi.d3e3693f-b497-40e2-aecc-36a287163c1d/1780920000.0_mean_300.0_v3" 201 - "PUT http://172.18.0.2:8080/v1/AUTH_a9a47695f86f49b68ac9b1e01c782c0c/gnocchi.d3e3693f-b497-40e2-aecc-36a287163c1d/1780920000.0_mean_300.0_v3" "txa817d7c89fa64380a5208-006a2e7673" "proxy-server 20" 0.0231 "-" 22 0
Jun 14 09:37:55 standalone proxy-server[129724]: 172.18.0.2 172.18.0.100 14/Jun/2026/09/37/55 PUT /v1/AUTH_a9a47695f86f49b68ac9b1e01c782c0c/gnocchi.d3e3693f-b497-40e2-aecc-36a287163c1d/1780920000.0_mean_300.0_v3 HTTP/1.0 201 - python-swiftclient-3.11.1 gAAAAABqLnWpTmF8... 16 - - txa817d7c89fa64380a5208-006a2e7673 - 0.0305 - - 1781429875.776203632 1781429875.806680918 0
