Jun 14 09:37:52 standalone container-server[127445]: 172.20.0.100 - - [14/Jun/2026:09:37:52 +0000] "PUT /d1/221/AUTH_a9a47695f86f49b68ac9b1e01c782c0c/gnocchi.4120e332-c75f-40ca-8894-8416fe3a2446/1780920000.0_mean_300.0_v3" 201 - "PUT http://172.18.0.2:8080/d1/755/AUTH_a9a47695f86f49b68ac9b1e01c782c0c/gnocchi.4120e332-c75f-40ca-8894-8416fe3a2446/1780920000.0_mean_300.0_v3" "txa0b7117b79e64e98ad080-006a2e7670" "object-server 25" 0.0010 "-" 20 0
Jun 14 09:37:52 standalone object-server[127701]: 172.20.0.100 - - [14/Jun/2026:09:37:52 +0000] "PUT /d1/755/AUTH_a9a47695f86f49b68ac9b1e01c782c0c/gnocchi.4120e332-c75f-40ca-8894-8416fe3a2446/1780920000.0_mean_300.0_v3" 201 - "PUT http://172.18.0.2:8080/v1/AUTH_a9a47695f86f49b68ac9b1e01c782c0c/gnocchi.4120e332-c75f-40ca-8894-8416fe3a2446/1780920000.0_mean_300.0_v3" "txa0b7117b79e64e98ad080-006a2e7670" "proxy-server 20" 0.0147 "-" 25 0
Jun 14 09:37:52 standalone proxy-server[129724]: 172.18.0.2 172.18.0.100 14/Jun/2026/09/37/52 PUT /v1/AUTH_a9a47695f86f49b68ac9b1e01c782c0c/gnocchi.4120e332-c75f-40ca-8894-8416fe3a2446/1780920000.0_mean_300.0_v3 HTTP/1.0 201 - python-swiftclient-3.11.1 gAAAAABqLnWpTmF8... 16 - - txa0b7117b79e64e98ad080-006a2e7670 - 0.0216 - - 1781429872.436122894 1781429872.457730293 0
Jun 14 09:37:52 standalone container-server[127447]: 172.20.0.100 - - [14/Jun/2026:09:37:52 +0000] "PUT /d1/221/AUTH_a9a47695f86f49b68ac9b1e01c782c0c/gnocchi.4120e332-c75f-40ca-8894-8416fe3a2446/none_v3" 201 - "PUT http://172.18.0.2:8080/d1/634/AUTH_a9a47695f86f49b68ac9b1e01c782c0c/gnocchi.4120e332-c75f-40ca-8894-8416fe3a2446/none_v3" "tx62db3c84ce2d41e981c7c-006a2e7670" "object-server 23" 0.0010 "-" 21 0
Jun 14 09:37:52 standalone object-server[127687]: 172.20.0.100 - - [14/Jun/2026:09:37:52 +0000] "PUT /d1/634/AUTH_a9a47695f86f49b68ac9b1e01c782c0c/gnocchi.4120e332-c75f-40ca-8894-8416fe3a2446/none_v3" 201 - "PUT http://172.18.0.2:8080/v1/AUTH_a9a47695f86f49b68ac9b1e01c782c0c/gnocchi.4120e332-c75f-40ca-8894-8416fe3a2446/none_v3" "tx62db3c84ce2d41e981c7c-006a2e7670" "proxy-server 20" 0.0152 "-" 23 0
Jun 14 09:37:52 standalone proxy-server[129724]: 172.18.0.2 172.18.0.100 14/Jun/2026/09/37/52 PUT /v1/AUTH_a9a47695f86f49b68ac9b1e01c782c0c/gnocchi.4120e332-c75f-40ca-8894-8416fe3a2446/none_v3 HTTP/1.0 201 - python-swiftclient-3.11.1 gAAAAABqLnWpTmF8... 22 - - tx62db3c84ce2d41e981c7c-006a2e7670 - 0.0217 - - 1781429872.462720156 1781429872.484423399 0
Jun 14 09:37:52 standalone container-server[127445]: 172.20.0.100 - - [14/Jun/2026:09:37:52 +0000] "HEAD /d1/345/AUTH_a9a47695f86f49b68ac9b1e01c782c0c/gnocchi.78585b99-979d-43f7-82bb-32193e6f5681" 404 - "HEAD http://172.18.0.2:8080/v1/AUTH_a9a47695f86f49b68ac9b1e01c782c0c/gnocchi.78585b99-979d-43f7-82bb-32193e6f5681?format=json&states=listing" "txfd8c1440205749eab3992-006a2e7670" "proxy-server 20" 0.0006 "-" 20 0
Jun 14 09:37:52 standalone object-server[127701]: 172.20.0.100 - - [14/Jun/2026:09:37:52 +0000] "GET /d1/414/AUTH_a9a47695f86f49b68ac9b1e01c782c0c/gnocchi.78585b99-979d-43f7-82bb-32193e6f5681/none_v3" 404 70 "GET http://172.18.0.2:8080/v1/AUTH_a9a47695f86f49b68ac9b1e01c782c0c/gnocchi.78585b99-979d-43f7-82bb-32193e6f5681/none_v3" "txfd8c1440205749eab3992-006a2e7670" "proxy-server 20" 0.0007 "-" 25 0
Jun 14 09:37:52 standalone proxy-server[129724]: 172.18.0.2 172.18.0.100 14/Jun/2026/09/37/52 GET /v1/AUTH_a9a47695f86f49b68ac9b1e01c782c0c/gnocchi.78585b99-979d-43f7-82bb-32193e6f5681/none_v3 HTTP/1.0 404 - python-swiftclient-3.11.1 gAAAAABqLnWpTmF8... - 70 - txfd8c1440205749eab3992-006a2e7670 - 0.0114 - - 1781429872.500916481 1781429872.512330770 0
Jun 14 09:37:52 standalone account-server[127300]: 172.20.0.100 - - [14/Jun/2026:09:37:52 +0000] "PUT /d1/186/AUTH_a9a47695f86f49b68ac9b1e01c782c0c/gnocchi.78585b99-979d-43f7-82bb-32193e6f5681" 201 - "PUT http://172.20.0.100:6001/d1/345/AUTH_a9a47695f86f49b68ac9b1e01c782c0c/gnocchi.78585b99-979d-43f7-82bb-32193e6f5681" "tx457a7d98b8ad4cafbf443-006a2e7670" "container-server 23" 0.0067 "-" 21 0
Jun 14 09:37:52 standalone container-server[127452]: 172.20.0.100 - - [14/Jun/2026:09:37:52 +0000] "PUT /d1/345/AUTH_a9a47695f86f49b68ac9b1e01c782c0c/gnocchi.78585b99-979d-43f7-82bb-32193e6f5681" 201 - "PUT http://172.18.0.2:8080/v1/AUTH_a9a47695f86f49b68ac9b1e01c782c0c/gnocchi.78585b99-979d-43f7-82bb-32193e6f5681" "tx457a7d98b8ad4cafbf443-006a2e7670" "proxy-server 20" 0.0231 "-" 23 0
Jun 14 09:37:52 standalone proxy-server[129724]: 172.18.0.2 172.18.0.100 14/Jun/2026/09/37/52 PUT /v1/AUTH_a9a47695f86f49b68ac9b1e01c782c0c/gnocchi.78585b99-979d-43f7-82bb-32193e6f5681 HTTP/1.0 201 - python-swiftclient-3.11.1 gAAAAABqLnWpTmF8... - - - tx457a7d98b8ad4cafbf443-006a2e7670 - 0.0286 - - 1781429872.516473532 1781429872.545116663 0
Jun 14 09:37:52 standalone container-server[127449]: 172.20.0.100 - - [14/Jun/2026:09:37:52 +0000] "HEAD /d1/345/AUTH_a9a47695f86f49b68ac9b1e01c782c0c/gnocchi.78585b99-979d-43f7-82bb-32193e6f5681" 204 - "HEAD http://172.18.0.2:8080/v1/AUTH_a9a47695f86f49b68ac9b1e01c782c0c/gnocchi.78585b99-979d-43f7-82bb-32193e6f5681?format=json&states=listing" "txc4b60e25ec85438e8fd2c-006a2e7670" "proxy-server 20" 0.0025 "-" 22 0
Jun 14 09:37:52 standalone proxy-server[129724]: - - 14/Jun/2026/09/37/52 HEAD /v1/AUTH_a9a47695f86f49b68ac9b1e01c782c0c/gnocchi.78585b99-979d-43f7-82bb-32193e6f5681%3Fformat%3Djson%26states%3Dlisting HTTP/1.0 204 - Swift - - - - txc4b60e25ec85438e8fd2c-006a2e7670 - 0.0063 RL - 1781429872.550299644 1781429872.556614399 0
Jun 14 09:37:52 standalone container-server[127447]: 172.20.0.100 - - [14/Jun/2026:09:37:52 +0000] "GET /d1/345/AUTH_a9a47695f86f49b68ac9b1e01c782c0c/gnocchi.78585b99-979d-43f7-82bb-32193e6f5681" 200 2 "GET http://172.18.0.2:8080/v1/AUTH_a9a47695f86f49b68ac9b1e01c782c0c/gnocchi.78585b99-979d-43f7-82bb-32193e6f5681?format=json&states=listing" "txc4b60e25ec85438e8fd2c-006a2e7670" "proxy-server 20" 0.0038 "-" 21 0
Jun 14 09:37:52 standalone proxy-server[129724]: 172.18.0.2 172.18.0.100 14/Jun/2026/09/37/52 GET /v1/AUTH_a9a47695f86f49b68ac9b1e01c782c0c/gnocchi.78585b99-979d-43f7-82bb-32193e6f5681%3Fformat%3Djson%26states%3Dlisting HTTP/1.0 200 - python-swiftclient-3.11.1 gAAAAABqLnWpTmF8... - 2 - txc4b60e25ec85438e8fd2c-006a2e7670 - 0.0179 - - 1781429872.549143553 1781429872.567073584 0
Jun 14 09:37:52 standalone object-server[127687]: 172.20.0.100 - - [14/Jun/2026:09:37:52 +0000] "GET /d1/768/AUTH_a9a47695f86f49b68ac9b1e01c782c0c/gnocchi.78585b99-979d-43f7-82bb-32193e6f5681/1780920000.0_mean_300.0_v3" 404 70 "GET http://172.18.0.2:8080/v1/AUTH_a9a47695f86f49b68ac9b1e01c782c0c/gnocchi.78585b99-979d-43f7-82bb-32193e6f5681/1780920000.0_mean_300.0_v3" "tx616e9e26422f4178bd6cb-006a2e7670" "proxy-server 20" 0.0006 "-" 23 0
Jun 14 09:37:52 standalone proxy-server[129724]: 172.18.0.2 172.18.0.100 14/Jun/2026/09/37/52 GET /v1/AUTH_a9a47695f86f49b68ac9b1e01c782c0c/gnocchi.78585b99-979d-43f7-82bb-32193e6f5681/1780920000.0_mean_300.0_v3 HTTP/1.0 404 - python-swiftclient-3.11.1 gAAAAABqLnWpTmF8... - 70 - tx616e9e26422f4178bd6cb-006a2e7670 - 0.0062 - - 1781429872.571048975 1781429872.577257633 0
Jun 14 09:37:52 standalone container-server[127452]: 172.20.0.100 - - [14/Jun/2026:09:37:52 +0000] "PUT /d1/345/AUTH_a9a47695f86f49b68ac9b1e01c782c0c/gnocchi.78585b99-979d-43f7-82bb-32193e6f5681/1780920000.0_mean_300.0_v3" 201 - "PUT http://172.18.0.2:8080/d1/768/AUTH_a9a47695f86f49b68ac9b1e01c782c0c/gnocchi.78585b99-979d-43f7-82bb-32193e6f5681/1780920000.0_mean_300.0_v3" "tx8cc9ee2c3502468ba924e-006a2e7670" "object-server 24" 0.0007 "-" 23 0
Jun 14 09:37:52 standalone object-server[127690]: 172.20.0.100 - - [14/Jun/2026:09:37:52 +0000] "PUT /d1/768/AUTH_a9a47695f86f49b68ac9b1e01c782c0c/gnocchi.78585b99-979d-43f7-82bb-32193e6f5681/1780920000.0_mean_300.0_v3" 201 - "PUT http://172.18.0.2:8080/v1/AUTH_a9a47695f86f49b68ac9b1e01c782c0c/gnocchi.78585b99-979d-43f7-82bb-32193e6f5681/1780920000.0_mean_300.0_v3" "tx8cc9ee2c3502468ba924e-006a2e7670" "proxy-server 20" 0.0103 "-" 24 0
Jun 14 09:37:52 standalone proxy-server[129724]: 172.18.0.2 172.18.0.100 14/Jun/2026/09/37/52 PUT /v1/AUTH_a9a47695f86f49b68ac9b1e01c782c0c/gnocchi.78585b99-979d-43f7-82bb-32193e6f5681/1780920000.0_mean_300.0_v3 HTTP/1.0 201 - python-swiftclient-3.11.1 gAAAAABqLnWpTmF8... 16 - - tx8cc9ee2c3502468ba924e-006a2e7670 - 0.0161 - - 1781429872.583108902 1781429872.599178553 0
Jun 14 09:37:52 standalone container-server[127449]: 172.20.0.100 - - [14/Jun/2026:09:37:52 +0000] "PUT /d1/345/AUTH_a9a47695f86f49b68ac9b1e01c782c0c/gnocchi.78585b99-979d-43f7-82bb-32193e6f5681/none_v3" 201 - "PUT http://172.18.0.2:8080/d1/414/AUTH_a9a47695f86f49b68ac9b1e01c782c0c/gnocchi.78585b99-979d-43f7-82bb-32193e6f5681/none_v3" "tx3817122b1226406a90a8b-006a2e7670" "object-server 22" 0.0013 "-" 22 0
Jun 14 09:37:52 standalone object-server[127680]: 172.20.0.100 - - [14/Jun/2026:09:37:52 +0000] "PUT /d1/414/AUTH_a9a47695f86f49b68ac9b1e01c782c0c/gnocchi.78585b99-979d-43f7-82bb-32193e6f5681/none_v3" 201 - "PUT http://172.18.0.2:8080/v1/AUTH_a9a47695f86f49b68ac9b1e01c782c0c/gnocchi.78585b99-979d-43f7-82bb-32193e6f5681/none_v3" "tx3817122b1226406a90a8b-006a2e7670" "proxy-server 20" 0.0157 "-" 22 0
Jun 14 09:37:52 standalone proxy-server[129724]: 172.18.0.2 172.18.0.100 14/Jun/2026/09/37/52 PUT /v1/AUTH_a9a47695f86f49b68ac9b1e01c782c0c/gnocchi.78585b99-979d-43f7-82bb-32193e6f5681/none_v3 HTTP/1.0 201 - python-swiftclient-3.11.1 gAAAAABqLnWpTmF8... 22 - - tx3817122b1226406a90a8b-006a2e7670 - 0.0233 - - 1781429872.605154037 1781429872.628409624 0
Jun 14 09:37:52 standalone container-server[127452]: 172.20.0.100 - - [14/Jun/2026:09:37:52 +0000] "HEAD /d1/229/AUTH_a9a47695f86f49b68ac9b1e01c782c0c/gnocchi.33a2cd43-8e8e-436f-ad67-eccdc5ea171e" 404 - "HEAD http://172.18.0.2:8080/v1/AUTH_a9a47695f86f49b68ac9b1e01c782c0c/gnocchi.33a2cd43-8e8e-436f-ad67-eccdc5ea171e?format=json&states=listing" "tx86a4ed1ca43746bc99298-006a2e7670" "proxy-server 20" 0.0004 "-" 23 0
Jun 14 09:37:52 standalone object-server[127690]: 172.20.0.100 - - [14/Jun/2026:09:37:52 +0000] "GET /d1/794/AUTH_a9a47695f86f49b68ac9b1e01c782c0c/gnocchi.33a2cd43-8e8e-436f-ad67-eccdc5ea171e/none_v3" 404 70 "GET http://172.18.0.2:8080/v1/AUTH_a9a47695f86f49b68ac9b1e01c782c0c/gnocchi.33a2cd43-8e8e-436f-ad67-eccdc5ea171e/none_v3" "tx86a4ed1ca43746bc99298-006a2e7670" "proxy-server 20" 0.0003 "-" 24 0
Jun 14 09:37:52 standalone proxy-server[129724]: 172.18.0.2 172.18.0.100 14/Jun/2026/09/37/52 GET /v1/AUTH_a9a47695f86f49b68ac9b1e01c782c0c/gnocchi.33a2cd43-8e8e-436f-ad67-eccdc5ea171e/none_v3 HTTP/1.0 404 - python-swiftclient-3.11.1 gAAAAABqLnWpTmF8... - 70 - tx86a4ed1ca43746bc99298-006a2e7670 - 0.0100 - - 1781429872.643746138 1781429872.653779745 0
Jun 14 09:37:52 standalone account-server[127300]: 172.20.0.100 - - [14/Jun/2026:09:37:52 +0000] "PUT /d1/186/AUTH_a9a47695f86f49b68ac9b1e01c782c0c/gnocchi.33a2cd43-8e8e-436f-ad67-eccdc5ea171e" 201 - "PUT http://172.20.0.100:6001/d1/229/AUTH_a9a47695f86f49b68ac9b1e01c782c0c/gnocchi.33a2cd43-8e8e-436f-ad67-eccdc5ea171e" "tx71ed3289757f46df8b3ab-006a2e7670" "container-server 21" 0.0063 "-" 21 0
Jun 14 09:37:52 standalone container-server[127447]: 172.20.0.100 - - [14/Jun/2026:09:37:52 +0000] "PUT /d1/229/AUTH_a9a47695f86f49b68ac9b1e01c782c0c/gnocchi.33a2cd43-8e8e-436f-ad67-eccdc5ea171e" 201 - "PUT http://172.18.0.2:8080/v1/AUTH_a9a47695f86f49b68ac9b1e01c782c0c/gnocchi.33a2cd43-8e8e-436f-ad67-eccdc5ea171e" "tx71ed3289757f46df8b3ab-006a2e7670" "proxy-server 20" 0.0198 "-" 21 0
Jun 14 09:37:52 standalone proxy-server[129724]: 172.18.0.2 172.18.0.100 14/Jun/2026/09/37/52 PUT /v1/AUTH_a9a47695f86f49b68ac9b1e01c782c0c/gnocchi.33a2cd43-8e8e-436f-ad67-eccdc5ea171e HTTP/1.0 201 - python-swiftclient-3.11.1 gAAAAABqLnWpTmF8... - - - tx71ed3289757f46df8b3ab-006a2e7670 - 0.0252 - - 1781429872.658214808 1781429872.683434486 0
Jun 14 09:37:52 standalone container-server[127447]: 172.20.0.100 - - [14/Jun/2026:09:37:52 +0000] "HEAD /d1/229/AUTH_a9a47695f86f49b68ac9b1e01c782c0c/gnocchi.33a2cd43-8e8e-436f-ad67-eccdc5ea171e" 204 - "HEAD http://172.18.0.2:8080/v1/AUTH_a9a47695f86f49b68ac9b1e01c782c0c/gnocchi.33a2cd43-8e8e-436f-ad67-eccdc5ea171e?format=json&states=listing" "tx8e4e5834b54a4ec7a4bdf-006a2e7670" "proxy-server 20" 0.0020 "-" 21 0
Jun 14 09:37:52 standalone proxy-server[129724]: - - 14/Jun/2026/09/37/52 HEAD /v1/AUTH_a9a47695f86f49b68ac9b1e01c782c0c/gnocchi.33a2cd43-8e8e-436f-ad67-eccdc5ea171e%3Fformat%3Djson%26states%3Dlisting HTTP/1.0 204 - Swift - - - - tx8e4e5834b54a4ec7a4bdf-006a2e7670 - 0.0053 RL - 1781429872.689068317 1781429872.694386244 0
Jun 14 09:37:52 standalone container-server[127445]: 172.20.0.100 - - [14/Jun/2026:09:37:52 +0000] "GET /d1/229/AUTH_a9a47695f86f49b68ac9b1e01c782c0c/gnocchi.33a2cd43-8e8e-436f-ad67-eccdc5ea171e" 200 2 "GET http://172.18.0.2:8080/v1/AUTH_a9a47695f86f49b68ac9b1e01c782c0c/gnocchi.33a2cd43-8e8e-436f-ad67-eccdc5ea171e?format=json&states=listing" "tx8e4e5834b54a4ec7a4bdf-006a2e7670" "proxy-server 20" 0.0028 "-" 20 0
Jun 14 09:37:52 standalone proxy-server[129724]: 172.18.0.2 172.18.0.100 14/Jun/2026/09/37/52 GET /v1/AUTH_a9a47695f86f49b68ac9b1e01c782c0c/gnocchi.33a2cd43-8e8e-436f-ad67-eccdc5ea171e%3Fformat%3Djson%26states%3Dlisting HTTP/1.0 200 - python-swiftclient-3.11.1 gAAAAABqLnWpTmF8... - 2 - tx8e4e5834b54a4ec7a4bdf-006a2e7670 - 0.0142 - - 1781429872.688116550 1781429872.702282190 0
Jun 14 09:37:52 standalone object-server[127690]: 172.20.0.100 - - [14/Jun/2026:09:37:52 +0000] "GET /d1/892/AUTH_a9a47695f86f49b68ac9b1e01c782c0c/gnocchi.33a2cd43-8e8e-436f-ad67-eccdc5ea171e/1780920000.0_mean_300.0_v3" 404 70 "GET http://172.18.0.2:8080/v1/AUTH_a9a47695f86f49b68ac9b1e01c782c0c/gnocchi.33a2cd43-8e8e-436f-ad67-eccdc5ea171e/1780920000.0_mean_300.0_v3" "txf1cf651d731d4669948a0-006a2e7670" "proxy-server 20" 0.0003 "-" 24 0
Jun 14 09:37:52 standalone proxy-server[129724]: 172.18.0.2 172.18.0.100 14/Jun/2026/09/37/52 GET /v1/AUTH_a9a47695f86f49b68ac9b1e01c782c0c/gnocchi.33a2cd43-8e8e-436f-ad67-eccdc5ea171e/1780920000.0_mean_300.0_v3 HTTP/1.0 404 - python-swiftclient-3.11.1 gAAAAABqLnWpTmF8... - 70 - txf1cf651d731d4669948a0-006a2e7670 - 0.0044 - - 1781429872.706968784 1781429872.711372852 0
Jun 14 09:37:52 standalone container-server[127449]: 172.20.0.100 - - [14/Jun/2026:09:37:52 +0000] "PUT /d1/229/AUTH_a9a47695f86f49b68ac9b1e01c782c0c/gnocchi.33a2cd43-8e8e-436f-ad67-eccdc5ea171e/1780920000.0_mean_300.0_v3" 201 - "PUT http://172.18.0.2:8080/d1/892/AUTH_a9a47695f86f49b68ac9b1e01c782c0c/gnocchi.33a2cd43-8e8e-436f-ad67-eccdc5ea171e/1780920000.0_mean_300.0_v3" "txfafd6bf5f75240ee9bb2e-006a2e7670" "object-server 24" 0.0008 "-" 22 0
Jun 14 09:37:52 standalone object-server[127690]: 172.20.0.100 - - [14/Jun/2026:09:37:52 +0000] "PUT /d1/892/AUTH_a9a47695f86f49b68ac9b1e01c782c0c/gnocchi.33a2cd43-8e8e-436f-ad67-eccdc5ea171e/1780920000.0_mean_300.0_v3" 201 - "PUT http://172.18.0.2:8080/v1/AUTH_a9a47695f86f49b68ac9b1e01c782c0c/gnocchi.33a2cd43-8e8e-436f-ad67-eccdc5ea171e/1780920000.0_mean_300.0_v3" "txfafd6bf5f75240ee9bb2e-006a2e7670" "proxy-server 20" 0.0174 "-" 24 0
Jun 14 09:37:52 standalone proxy-server[129724]: 172.18.0.2 172.18.0.100 14/Jun/2026/09/37/52 PUT /v1/AUTH_a9a47695f86f49b68ac9b1e01c782c0c/gnocchi.33a2cd43-8e8e-436f-ad67-eccdc5ea171e/1780920000.0_mean_300.0_v3 HTTP/1.0 201 - python-swiftclient-3.11.1 gAAAAABqLnWpTmF8... 16 - - txfafd6bf5f75240ee9bb2e-006a2e7670 - 0.0227 - - 1781429872.714496613 1781429872.737188816 0
Jun 14 09:37:52 standalone container-server[127445]: 172.20.0.100 - - [14/Jun/2026:09:37:52 +0000] "PUT /d1/229/AUTH_a9a47695f86f49b68ac9b1e01c782c0c/gnocchi.33a2cd43-8e8e-436f-ad67-eccdc5ea171e/none_v3" 201 - "PUT http://172.18.0.2:8080/d1/794/AUTH_a9a47695f86f49b68ac9b1e01c782c0c/gnocchi.33a2cd43-8e8e-436f-ad67-eccdc5ea171e/none_v3" "tx6514567badf84000b8270-006a2e7670" "object-server 24" 0.0009 "-" 20 0
Jun 14 09:37:52 standalone object-server[127690]: 172.20.0.100 - - [14/Jun/2026:09:37:52 +0000] "PUT /d1/794/AUTH_a9a47695f86f49b68ac9b1e01c782c0c/gnocchi.33a2cd43-8e8e-436f-ad67-eccdc5ea171e/none_v3" 201 - "PUT http://172.18.0.2:8080/v1/AUTH_a9a47695f86f49b68ac9b1e01c782c0c/gnocchi.33a2cd43-8e8e-436f-ad67-eccdc5ea171e/none_v3" "tx6514567badf84000b8270-006a2e7670" "proxy-server 20" 0.0153 "-" 24 0
Jun 14 09:37:52 standalone proxy-server[129724]: 172.18.0.2 172.18.0.100 14/Jun/2026/09/37/52 PUT /v1/AUTH_a9a47695f86f49b68ac9b1e01c782c0c/gnocchi.33a2cd43-8e8e-436f-ad67-eccdc5ea171e/none_v3 HTTP/1.0 201 - python-swiftclient-3.11.1 gAAAAABqLnWpTmF8... 22 - - tx6514567badf84000b8270-006a2e7670 - 0.0251 - - 1781429872.746843100 1781429872.771973848 0
Jun 14 09:37:52 standalone container-server[127452]: 172.20.0.100 - - [14/Jun/2026:09:37:52 +0000] "HEAD /d1/450/AUTH_a9a47695f86f49b68ac9b1e01c782c0c/gnocchi.7b4553cf-cbde-4b1e-9248-7fb6ec05b22a" 404 - "HEAD http://172.18.0.2:8080/v1/AUTH_a9a47695f86f49b68ac9b1e01c782c0c/gnocchi.7b4553cf-cbde-4b1e-9248-7fb6ec05b22a?format=json&states=listing" "txbadd4fd31ea64a0684550-006a2e7670" "proxy-server 20" 0.0004 "-" 23 0
Jun 14 09:37:52 standalone object-server[127687]: 172.20.0.100 - - [14/Jun/2026:09:37:52 +0000] "GET /d1/865/AUTH_a9a47695f86f49b68ac9b1e01c782c0c/gnocchi.7b4553cf-cbde-4b1e-9248-7fb6ec05b22a/none_v3" 404 70 "GET http://172.18.0.2:8080/v1/AUTH_a9a47695f86f49b68ac9b1e01c782c0c/gnocchi.7b4553cf-cbde-4b1e-9248-7fb6ec05b22a/none_v3" "txbadd4fd31ea64a0684550-006a2e7670" "proxy-server 20" 0.0006 "-" 23 0
Jun 14 09:37:52 standalone proxy-server[129724]: 172.18.0.2 172.18.0.100 14/Jun/2026/09/37/52 GET /v1/AUTH_a9a47695f86f49b68ac9b1e01c782c0c/gnocchi.7b4553cf-cbde-4b1e-9248-7fb6ec05b22a/none_v3 HTTP/1.0 404 - python-swiftclient-3.11.1 gAAAAABqLnWpTmF8... - 70 - txbadd4fd31ea64a0684550-006a2e7670 - 0.0118 - - 1781429872.791488409 1781429872.803314209 0
Jun 14 09:37:52 standalone account-server[127293]: 172.20.0.100 - - [14/Jun/2026:09:37:52 +0000] "PUT /d1/186/AUTH_a9a47695f86f49b68ac9b1e01c782c0c/gnocchi.7b4553cf-cbde-4b1e-9248-7fb6ec05b22a" 201 - "PUT http://172.20.0.100:6001/d1/450/AUTH_a9a47695f86f49b68ac9b1e01c782c0c/gnocchi.7b4553cf-cbde-4b1e-9248-7fb6ec05b22a" "txce3017c1e1074ca78bc43-006a2e7670" "container-server 22" 0.0068 "-" 20 0
Jun 14 09:37:52 standalone container-server[127449]: 172.20.0.100 - - [14/Jun/2026:09:37:52 +0000] "PUT /d1/450/AUTH_a9a47695f86f49b68ac9b1e01c782c0c/gnocchi.7b4553cf-cbde-4b1e-9248-7fb6ec05b22a" 201 - "PUT http://172.18.0.2:8080/v1/AUTH_a9a47695f86f49b68ac9b1e01c782c0c/gnocchi.7b4553cf-cbde-4b1e-9248-7fb6ec05b22a" "txce3017c1e1074ca78bc43-006a2e7670" "proxy-server 20" 0.0233 "-" 22 0
Jun 14 09:37:52 standalone proxy-server[129724]: 172.18.0.2 172.18.0.100 14/Jun/2026/09/37/52 PUT /v1/AUTH_a9a47695f86f49b68ac9b1e01c782c0c/gnocchi.7b4553cf-cbde-4b1e-9248-7fb6ec05b22a HTTP/1.0 201 - python-swiftclient-3.11.1 gAAAAABqLnWpTmF8... - - - txce3017c1e1074ca78bc43-006a2e7670 - 0.0294 - - 1781429872.805754900 1781429872.835193872 0
Jun 14 09:37:52 standalone container-server[127447]: 172.20.0.100 - - [14/Jun/2026:09:37:52 +0000] "HEAD /d1/450/AUTH_a9a47695f86f49b68ac9b1e01c782c0c/gnocchi.7b4553cf-cbde-4b1e-9248-7fb6ec05b22a" 204 - "HEAD http://172.18.0.2:8080/v1/AUTH_a9a47695f86f49b68ac9b1e01c782c0c/gnocchi.7b4553cf-cbde-4b1e-9248-7fb6ec05b22a?format=json&states=listing" "tx34271a6885074f48a1e8f-006a2e7670" "proxy-server 20" 0.0022 "-" 21 0
Jun 14 09:37:52 standalone proxy-server[129724]: - - 14/Jun/2026/09/37/52 HEAD /v1/AUTH_a9a47695f86f49b68ac9b1e01c782c0c/gnocchi.7b4553cf-cbde-4b1e-9248-7fb6ec05b22a%3Fformat%3Djson%26states%3Dlisting HTTP/1.0 204 - Swift - - - - tx34271a6885074f48a1e8f-006a2e7670 - 0.0062 RL - 1781429872.839681625 1781429872.845928669 0
Jun 14 09:37:52 standalone container-server[127452]: 172.20.0.100 - - [14/Jun/2026:09:37:52 +0000] "GET /d1/450/AUTH_a9a47695f86f49b68ac9b1e01c782c0c/gnocchi.7b4553cf-cbde-4b1e-9248-7fb6ec05b22a" 200 2 "GET http://172.18.0.2:8080/v1/AUTH_a9a47695f86f49b68ac9b1e01c782c0c/gnocchi.7b4553cf-cbde-4b1e-9248-7fb6ec05b22a?format=json&states=listing" "tx34271a6885074f48a1e8f-006a2e7670" "proxy-server 20" 0.0024 "-" 23 0
Jun 14 09:37:52 standalone proxy-server[129724]: 172.18.0.2 172.18.0.100 14/Jun/2026/09/37/52 GET /v1/AUTH_a9a47695f86f49b68ac9b1e01c782c0c/gnocchi.7b4553cf-cbde-4b1e-9248-7fb6ec05b22a%3Fformat%3Djson%26states%3Dlisting HTTP/1.0 200 - python-swiftclient-3.11.1 gAAAAABqLnWpTmF8... - 2 - tx34271a6885074f48a1e8f-006a2e7670 - 0.0212 - - 1781429872.838723183 1781429872.859949589 0
Jun 14 09:37:52 standalone object-server[127680]: 172.20.0.100 - - [14/Jun/2026:09:37:52 +0000] "GET /d1/306/AUTH_a9a47695f86f49b68ac9b1e01c782c0c/gnocchi.7b4553cf-cbde-4b1e-9248-7fb6ec05b22a/1780920000.0_mean_300.0_v3" 404 70 "GET http://172.18.0.2:8080/v1/AUTH_a9a47695f86f49b68ac9b1e01c782c0c/gnocchi.7b4553cf-cbde-4b1e-9248-7fb6ec05b22a/1780920000.0_mean_300.0_v3" "tx33160478fd8e492485537-006a2e7670" "proxy-server 20" 0.0008 "-" 22 0
Jun 14 09:37:52 standalone proxy-server[129724]: 172.18.0.2 172.18.0.100 14/Jun/2026/09/37/52 GET /v1/AUTH_a9a47695f86f49b68ac9b1e01c782c0c/gnocchi.7b4553cf-cbde-4b1e-9248-7fb6ec05b22a/1780920000.0_mean_300.0_v3 HTTP/1.0 404 - python-swiftclient-3.11.1 gAAAAABqLnWpTmF8... - 70 - tx33160478fd8e492485537-006a2e7670 - 0.0072 - - 1781429872.863778353 1781429872.871006727 0
Jun 14 09:37:52 standalone container-server[127452]: 172.20.0.100 - - [14/Jun/2026:09:37:52 +0000] "PUT /d1/450/AUTH_a9a47695f86f49b68ac9b1e01c782c0c/gnocchi.7b4553cf-cbde-4b1e-9248-7fb6ec05b22a/1780920000.0_mean_300.0_v3" 201 - "PUT http://172.18.0.2:8080/d1/306/AUTH_a9a47695f86f49b68ac9b1e01c782c0c/gnocchi.7b4553cf-cbde-4b1e-9248-7fb6ec05b22a/1780920000.0_mean_300.0_v3" "tx4bd6234703b8485c94195-006a2e7670" "object-server 22" 0.0006 "-" 23 0
Jun 14 09:37:52 standalone object-server[127680]: 172.20.0.100 - - [14/Jun/2026:09:37:52 +0000] "PUT /d1/306/AUTH_a9a47695f86f49b68ac9b1e01c782c0c/gnocchi.7b4553cf-cbde-4b1e-9248-7fb6ec05b22a/1780920000.0_mean_300.0_v3" 201 - "PUT http://172.18.0.2:8080/v1/AUTH_a9a47695f86f49b68ac9b1e01c782c0c/gnocchi.7b4553cf-cbde-4b1e-9248-7fb6ec05b22a/1780920000.0_mean_300.0_v3" "tx4bd6234703b8485c94195-006a2e7670" "proxy-server 20" 0.0215 "-" 22 0
Jun 14 09:37:52 standalone proxy-server[129724]: 172.18.0.2 172.18.0.100 14/Jun/2026/09/37/52 PUT /v1/AUTH_a9a47695f86f49b68ac9b1e01c782c0c/gnocchi.7b4553cf-cbde-4b1e-9248-7fb6ec05b22a/1780920000.0_mean_300.0_v3 HTTP/1.0 201 - python-swiftclient-3.11.1 gAAAAABqLnWpTmF8... 16 - - tx4bd6234703b8485c94195-006a2e7670 - 0.0282 - - 1781429872.874305248 1781429872.902531624 0
Jun 14 09:37:52 standalone container-server[127447]: 172.20.0.100 - - [14/Jun/2026:09:37:52 +0000] "PUT /d1/450/AUTH_a9a47695f86f49b68ac9b1e01c782c0c/gnocchi.7b4553cf-cbde-4b1e-9248-7fb6ec05b22a/none_v3" 201 - "PUT http://172.18.0.2:8080/d1/865/AUTH_a9a47695f86f49b68ac9b1e01c782c0c/gnocchi.7b4553cf-cbde-4b1e-9248-7fb6ec05b22a/none_v3" "tx7e6721da163947ad8965c-006a2e7670" "object-server 24" 0.0009 "-" 21 0
Jun 14 09:37:52 standalone object-server[127690]: 172.20.0.100 - - [14/Jun/2026:09:37:52 +0000] "PUT /d1/865/AUTH_a9a47695f86f49b68ac9b1e01c782c0c/gnocchi.7b4553cf-cbde-4b1e-9248-7fb6ec05b22a/none_v3" 201 - "PUT http://172.18.0.2:8080/v1/AUTH_a9a47695f86f49b68ac9b1e01c782c0c/gnocchi.7b4553cf-cbde-4b1e-9248-7fb6ec05b22a/none_v3" "tx7e6721da163947ad8965c-006a2e7670" "proxy-server 20" 0.0120 "-" 24 0
Jun 14 09:37:52 standalone proxy-server[129724]: 172.18.0.2 172.18.0.100 14/Jun/2026/09/37/52 PUT /v1/AUTH_a9a47695f86f49b68ac9b1e01c782c0c/gnocchi.7b4553cf-cbde-4b1e-9248-7fb6ec05b22a/none_v3 HTTP/1.0 201 - python-swiftclient-3.11.1 gAAAAABqLnWpTmF8... 22 - - tx7e6721da163947ad8965c-006a2e7670 - 0.0198 - - 1781429872.909335613 1781429872.929152012 0
Jun 14 09:37:52 standalone container-server[127445]: 172.20.0.100 - - [14/Jun/2026:09:37:52 +0000] "HEAD /d1/456/AUTH_a9a47695f86f49b68ac9b1e01c782c0c/gnocchi.d9d49638-1066-40ab-b9ea-59fae58f2b26" 404 - "HEAD http://172.18.0.2:8080/v1/AUTH_a9a47695f86f49b68ac9b1e01c782c0c/gnocchi.d9d49638-1066-40ab-b9ea-59fae58f2b26?format=json&states=listing" "tx94609e523b854b4ea041d-006a2e7670" "proxy-server 20" 0.0007 "-" 20 0
Jun 14 09:37:52 standalone object-server[127680]: 172.20.0.100 - - [14/Jun/2026:09:37:52 +0000] "GET /d1/210/AUTH_a9a47695f86f49b68ac9b1e01c782c0c/gnocchi.d9d49638-1066-40ab-b9ea-59fae58f2b26/none_v3" 404 70 "GET http://172.18.0.2:8080/v1/AUTH_a9a47695f86f49b68ac9b1e01c782c0c/gnocchi.d9d49638-1066-40ab-b9ea-59fae58f2b26/none_v3" "tx94609e523b854b4ea041d-006a2e7670" "proxy-server 20" 0.0005 "-" 22 0
Jun 14 09:37:52 standalone proxy-server[129724]: 172.18.0.2 172.18.0.100 14/Jun/2026/09/37/52 GET /v1/AUTH_a9a47695f86f49b68ac9b1e01c782c0c/gnocchi.d9d49638-1066-40ab-b9ea-59fae58f2b26/none_v3 HTTP/1.0 404 - python-swiftclient-3.11.1 gAAAAABqLnWpTmF8... - 70 - tx94609e523b854b4ea041d-006a2e7670 - 0.0101 - - 1781429872.938150167 1781429872.948237896 0
Jun 14 09:37:52 standalone account-server[127310]: 172.20.0.100 - - [14/Jun/2026:09:37:52 +0000] "PUT /d1/186/AUTH_a9a47695f86f49b68ac9b1e01c782c0c/gnocchi.d9d49638-1066-40ab-b9ea-59fae58f2b26" 201 - "PUT http://172.20.0.100:6001/d1/456/AUTH_a9a47695f86f49b68ac9b1e01c782c0c/gnocchi.d9d49638-1066-40ab-b9ea-59fae58f2b26" "tx35f8141a8ea0473293115-006a2e7670" "container-server 22" 0.0072 "-" 23 0
Jun 14 09:37:52 standalone container-server[127449]: 172.20.0.100 - - [14/Jun/2026:09:37:52 +0000] "PUT /d1/456/AUTH_a9a47695f86f49b68ac9b1e01c782c0c/gnocchi.d9d49638-1066-40ab-b9ea-59fae58f2b26" 201 - "PUT http://172.18.0.2:8080/v1/AUTH_a9a47695f86f49b68ac9b1e01c782c0c/gnocchi.d9d49638-1066-40ab-b9ea-59fae58f2b26" "tx35f8141a8ea0473293115-006a2e7670" "proxy-server 20" 0.0197 "-" 22 0
Jun 14 09:37:52 standalone proxy-server[129724]: 172.18.0.2 172.18.0.100 14/Jun/2026/09/37/52 PUT /v1/AUTH_a9a47695f86f49b68ac9b1e01c782c0c/gnocchi.d9d49638-1066-40ab-b9ea-59fae58f2b26 HTTP/1.0 201 - python-swiftclient-3.11.1 gAAAAABqLnWpTmF8... - - - tx35f8141a8ea0473293115-006a2e7670 - 0.0270 - - 1781429872.950697899 1781429872.977651358 0
Jun 14 09:37:52 standalone container-server[127447]: 172.20.0.100 - - [14/Jun/2026:09:37:52 +0000] "HEAD /d1/456/AUTH_a9a47695f86f49b68ac9b1e01c782c0c/gnocchi.d9d49638-1066-40ab-b9ea-59fae58f2b26" 204 - "HEAD http://172.18.0.2:8080/v1/AUTH_a9a47695f86f49b68ac9b1e01c782c0c/gnocchi.d9d49638-1066-40ab-b9ea-59fae58f2b26?format=json&states=listing" "tx56bf24926868499f9f0d7-006a2e7670" "proxy-server 20" 0.0021 "-" 21 0
Jun 14 09:37:52 standalone proxy-server[129724]: - - 14/Jun/2026/09/37/52 HEAD /v1/AUTH_a9a47695f86f49b68ac9b1e01c782c0c/gnocchi.d9d49638-1066-40ab-b9ea-59fae58f2b26%3Fformat%3Djson%26states%3Dlisting HTTP/1.0 204 - Swift - - - - tx56bf24926868499f9f0d7-006a2e7670 - 0.0062 RL - 1781429872.982777119 1781429872.988977194 0
Jun 14 09:37:52 standalone container-server[127449]: 172.20.0.100 - - [14/Jun/2026:09:37:52 +0000] "GET /d1/456/AUTH_a9a47695f86f49b68ac9b1e01c782c0c/gnocchi.d9d49638-1066-40ab-b9ea-59fae58f2b26" 200 2 "GET http://172.18.0.2:8080/v1/AUTH_a9a47695f86f49b68ac9b1e01c782c0c/gnocchi.d9d49638-1066-40ab-b9ea-59fae58f2b26?format=json&states=listing" "tx56bf24926868499f9f0d7-006a2e7670" "proxy-server 20" 0.0019 "-" 22 0
Jun 14 09:37:52 standalone proxy-server[129724]: 172.18.0.2 172.18.0.100 14/Jun/2026/09/37/52 GET /v1/AUTH_a9a47695f86f49b68ac9b1e01c782c0c/gnocchi.d9d49638-1066-40ab-b9ea-59fae58f2b26%3Fformat%3Djson%26states%3Dlisting HTTP/1.0 200 - python-swiftclient-3.11.1 gAAAAABqLnWpTmF8... - 2 - tx56bf24926868499f9f0d7-006a2e7670 - 0.0151 - - 1781429872.981479406 1781429872.996612310 0
Jun 14 09:37:53 standalone object-server[127701]: 172.20.0.100 - - [14/Jun/2026:09:37:53 +0000] "GET /d1/250/AUTH_a9a47695f86f49b68ac9b1e01c782c0c/gnocchi.d9d49638-1066-40ab-b9ea-59fae58f2b26/1780920000.0_mean_300.0_v3" 404 70 "GET http://172.18.0.2:8080/v1/AUTH_a9a47695f86f49b68ac9b1e01c782c0c/gnocchi.d9d49638-1066-40ab-b9ea-59fae58f2b26/1780920000.0_mean_300.0_v3" "tx76d2577c4ab344b39a247-006a2e7670" "proxy-server 20" 0.0005 "-" 25 0
Jun 14 09:37:53 standalone proxy-server[129724]: 172.18.0.2 172.18.0.100 14/Jun/2026/09/37/53 GET /v1/AUTH_a9a47695f86f49b68ac9b1e01c782c0c/gnocchi.d9d49638-1066-40ab-b9ea-59fae58f2b26/1780920000.0_mean_300.0_v3 HTTP/1.0 404 - python-swiftclient-3.11.1 gAAAAABqLnWpTmF8... - 70 - tx76d2577c4ab344b39a247-006a2e7670 - 0.0055 - - 1781429872.999274015 1781429873.004776001 0
Jun 14 09:37:53 standalone container-server[127452]: 172.20.0.100 - - [14/Jun/2026:09:37:53 +0000] "PUT /d1/456/AUTH_a9a47695f86f49b68ac9b1e01c782c0c/gnocchi.d9d49638-1066-40ab-b9ea-59fae58f2b26/1780920000.0_mean_300.0_v3" 201 - "PUT http://172.18.0.2:8080/d1/250/AUTH_a9a47695f86f49b68ac9b1e01c782c0c/gnocchi.d9d49638-1066-40ab-b9ea-59fae58f2b26/1780920000.0_mean_300.0_v3" "tx6f7ea2b73808495ea09ee-006a2e7671" "object-server 23" 0.0007 "-" 23 0
Jun 14 09:37:53 standalone object-server[127687]: 172.20.0.100 - - [14/Jun/2026:09:37:53 +0000] "PUT /d1/250/AUTH_a9a47695f86f49b68ac9b1e01c782c0c/gnocchi.d9d49638-1066-40ab-b9ea-59fae58f2b26/1780920000.0_mean_300.0_v3" 201 - "PUT http://172.18.0.2:8080/v1/AUTH_a9a47695f86f49b68ac9b1e01c782c0c/gnocchi.d9d49638-1066-40ab-b9ea-59fae58f2b26/1780920000.0_mean_300.0_v3" "tx6f7ea2b73808495ea09ee-006a2e7671" "proxy-server 20" 0.0092 "-" 23 0
Jun 14 09:37:53 standalone proxy-server[129724]: 172.18.0.2 172.18.0.100 14/Jun/2026/09/37/53 PUT /v1/AUTH_a9a47695f86f49b68ac9b1e01c782c0c/gnocchi.d9d49638-1066-40ab-b9ea-59fae58f2b26/1780920000.0_mean_300.0_v3 HTTP/1.0 201 - python-swiftclient-3.11.1 gAAAAABqLnWpTmF8... 16 - - tx6f7ea2b73808495ea09ee-006a2e7671 - 0.0157 - - 1781429873.010713577 1781429873.026373863 0
Jun 14 09:37:53 standalone container-server[127445]: 172.20.0.100 - - [14/Jun/2026:09:37:53 +0000] "PUT /d1/456/AUTH_a9a47695f86f49b68ac9b1e01c782c0c/gnocchi.d9d49638-1066-40ab-b9ea-59fae58f2b26/none_v3" 201 - "PUT http://172.18.0.2:8080/d1/210/AUTH_a9a47695f86f49b68ac9b1e01c782c0c/gnocchi.d9d49638-1066-40ab-b9ea-59fae58f2b26/none_v3" "tx402ec10c29884fd3b5161-006a2e7671" "object-server 24" 0.0006 "-" 20 0
Jun 14 09:37:53 standalone object-server[127690]: 172.20.0.100 - - [14/Jun/2026:09:37:53 +0000] "PUT /d1/210/AUTH_a9a47695f86f49b68ac9b1e01c782c0c/gnocchi.d9d49638-1066-40ab-b9ea-59fae58f2b26/none_v3" 201 - "PUT http://172.18.0.2:8080/v1/AUTH_a9a47695f86f49b68ac9b1e01c782c0c/gnocchi.d9d49638-1066-40ab-b9ea-59fae58f2b26/none_v3" "tx402ec10c29884fd3b5161-006a2e7671" "proxy-server 20" 0.0090 "-" 24 0
Jun 14 09:37:53 standalone proxy-server[129724]: 172.18.0.2 172.18.0.100 14/Jun/2026/09/37/53 PUT /v1/AUTH_a9a47695f86f49b68ac9b1e01c782c0c/gnocchi.d9d49638-1066-40ab-b9ea-59fae58f2b26/none_v3 HTTP/1.0 201 - python-swiftclient-3.11.1 gAAAAABqLnWpTmF8... 22 - - tx402ec10c29884fd3b5161-006a2e7671 - 0.0205 - - 1781429873.028533220 1781429873.049082279 0
Jun 14 09:37:53 standalone container-server[127452]: 172.20.0.100 - - [14/Jun/2026:09:37:53 +0000] "HEAD /d1/590/AUTH_a9a47695f86f49b68ac9b1e01c782c0c/gnocchi.9566cf56-38d6-4edb-b8e5-72e8cca0e1cd" 404 - "HEAD http://172.18.0.2:8080/v1/AUTH_a9a47695f86f49b68ac9b1e01c782c0c/gnocchi.9566cf56-38d6-4edb-b8e5-72e8cca0e1cd?format=json&states=listing" "tx37847adec5c5481ea7b7d-006a2e7671" "proxy-server 20" 0.0004 "-" 23 0
Jun 14 09:37:53 standalone object-server[127680]: 172.20.0.100 - - [14/Jun/2026:09:37:53 +0000] "GET /d1/690/AUTH_a9a47695f86f49b68ac9b1e01c782c0c/gnocchi.9566cf56-38d6-4edb-b8e5-72e8cca0e1cd/none_v3" 404 70 "GET http://172.18.0.2:8080/v1/AUTH_a9a47695f86f49b68ac9b1e01c782c0c/gnocchi.9566cf56-38d6-4edb-b8e5-72e8cca0e1cd/none_v3" "tx37847adec5c5481ea7b7d-006a2e7671" "proxy-server 20" 0.0005 "-" 22 0
Jun 14 09:37:53 standalone proxy-server[129724]: 172.18.0.2 172.18.0.100 14/Jun/2026/09/37/53 GET /v1/AUTH_a9a47695f86f49b68ac9b1e01c782c0c/gnocchi.9566cf56-38d6-4edb-b8e5-72e8cca0e1cd/none_v3 HTTP/1.0 404 - python-swiftclient-3.11.1 gAAAAABqLnWpTmF8... - 70 - tx37847adec5c5481ea7b7d-006a2e7671 - 0.0198 - - 1781429873.059942961 1781429873.079758406 0
Jun 14 09:37:53 standalone account-server[127293]: 172.20.0.100 - - [14/Jun/2026:09:37:53 +0000] "PUT /d1/186/AUTH_a9a47695f86f49b68ac9b1e01c782c0c/gnocchi.9566cf56-38d6-4edb-b8e5-72e8cca0e1cd" 201 - "PUT http://172.20.0.100:6001/d1/590/AUTH_a9a47695f86f49b68ac9b1e01c782c0c/gnocchi.9566cf56-38d6-4edb-b8e5-72e8cca0e1cd" "tx64978ce0f5614279bf714-006a2e7671" "container-server 23" 0.0055 "-" 20 0
Jun 14 09:37:53 standalone container-server[127452]: 172.20.0.100 - - [14/Jun/2026:09:37:53 +0000] "PUT /d1/590/AUTH_a9a47695f86f49b68ac9b1e01c782c0c/gnocchi.9566cf56-38d6-4edb-b8e5-72e8cca0e1cd" 201 - "PUT http://172.18.0.2:8080/v1/AUTH_a9a47695f86f49b68ac9b1e01c782c0c/gnocchi.9566cf56-38d6-4edb-b8e5-72e8cca0e1cd" "tx64978ce0f5614279bf714-006a2e7671" "proxy-server 20" 0.0166 "-" 23 0
Jun 14 09:37:53 standalone proxy-server[129724]: 172.18.0.2 172.18.0.100 14/Jun/2026/09/37/53 PUT /v1/AUTH_a9a47695f86f49b68ac9b1e01c782c0c/gnocchi.9566cf56-38d6-4edb-b8e5-72e8cca0e1cd HTTP/1.0 201 - python-swiftclient-3.11.1 gAAAAABqLnWpTmF8... - - - tx64978ce0f5614279bf714-006a2e7671 - 0.0219 - - 1781429873.082767725 1781429873.104696512 0
Jun 14 09:37:53 standalone container-server[127452]: 172.20.0.100 - - [14/Jun/2026:09:37:53 +0000] "HEAD /d1/590/AUTH_a9a47695f86f49b68ac9b1e01c782c0c/gnocchi.9566cf56-38d6-4edb-b8e5-72e8cca0e1cd" 204 - "HEAD http://172.18.0.2:8080/v1/AUTH_a9a47695f86f49b68ac9b1e01c782c0c/gnocchi.9566cf56-38d6-4edb-b8e5-72e8cca0e1cd?format=json&states=listing" "tx1d785c5cbee04d0bbc526-006a2e7671" "proxy-server 20" 0.0010 "-" 23 0
Jun 14 09:37:53 standalone proxy-server[129724]: - - 14/Jun/2026/09/37/53 HEAD /v1/AUTH_a9a47695f86f49b68ac9b1e01c782c0c/gnocchi.9566cf56-38d6-4edb-b8e5-72e8cca0e1cd%3Fformat%3Djson%26states%3Dlisting HTTP/1.0 204 - Swift - - - - tx1d785c5cbee04d0bbc526-006a2e7671 - 0.0038 RL - 1781429873.124102354 1781429873.127855062 0
Jun 14 09:37:53 standalone container-server[127449]: 172.20.0.100 - - [14/Jun/2026:09:37:53 +0000] "GET /d1/590/AUTH_a9a47695f86f49b68ac9b1e01c782c0c/gnocchi.9566cf56-38d6-4edb-b8e5-72e8cca0e1cd" 200 2 "GET http://172.18.0.2:8080/v1/AUTH_a9a47695f86f49b68ac9b1e01c782c0c/gnocchi.9566cf56-38d6-4edb-b8e5-72e8cca0e1cd?format=json&states=listing" "tx1d785c5cbee04d0bbc526-006a2e7671" "proxy-server 20" 0.0028 "-" 22 0
Jun 14 09:37:53 standalone proxy-server[129724]: 172.18.0.2 172.18.0.100 14/Jun/2026/09/37/53 GET /v1/AUTH_a9a47695f86f49b68ac9b1e01c782c0c/gnocchi.9566cf56-38d6-4edb-b8e5-72e8cca0e1cd%3Fformat%3Djson%26states%3Dlisting HTTP/1.0 200 - python-swiftclient-3.11.1 gAAAAABqLnWpTmF8... - 2 - tx1d785c5cbee04d0bbc526-006a2e7671 - 0.0138 - - 1781429873.122676134 1781429873.136441231 0
Jun 14 09:37:53 standalone object-server[127680]: 172.20.0.100 - - [14/Jun/2026:09:37:53 +0000] "GET /d1/817/AUTH_a9a47695f86f49b68ac9b1e01c782c0c/gnocchi.9566cf56-38d6-4edb-b8e5-72e8cca0e1cd/1780920000.0_mean_300.0_v3" 404 70 "GET http://172.18.0.2:8080/v1/AUTH_a9a47695f86f49b68ac9b1e01c782c0c/gnocchi.9566cf56-38d6-4edb-b8e5-72e8cca0e1cd/1780920000.0_mean_300.0_v3" "tx96d47343586e4e419acb9-006a2e7671" "proxy-server 20" 0.0004 "-" 22 0
Jun 14 09:37:53 standalone proxy-server[129724]: 172.18.0.2 172.18.0.100 14/Jun/2026/09/37/53 GET /v1/AUTH_a9a47695f86f49b68ac9b1e01c782c0c/gnocchi.9566cf56-38d6-4edb-b8e5-72e8cca0e1cd/1780920000.0_mean_300.0_v3 HTTP/1.0 404 - python-swiftclient-3.11.1 gAAAAABqLnWpTmF8... - 70 - tx96d47343586e4e419acb9-006a2e7671 - 0.0050 - - 1781429873.138765097 1781429873.143786669 0
Jun 14 09:37:53 standalone container-server[127447]: 172.20.0.100 - - [14/Jun/2026:09:37:53 +0000] "PUT /d1/590/AUTH_a9a47695f86f49b68ac9b1e01c782c0c/gnocchi.9566cf56-38d6-4edb-b8e5-72e8cca0e1cd/1780920000.0_mean_300.0_v3" 201 - "PUT http://172.18.0.2:8080/d1/817/AUTH_a9a47695f86f49b68ac9b1e01c782c0c/gnocchi.9566cf56-38d6-4edb-b8e5-72e8cca0e1cd/1780920000.0_mean_300.0_v3" "tx4430dddc4dac4d36acc56-006a2e7671" "object-server 22" 0.0011 "-" 21 0
Jun 14 09:37:53 standalone object-server[127680]: 172.20.0.100 - - [14/Jun/2026:09:37:53 +0000] "PUT /d1/817/AUTH_a9a47695f86f49b68ac9b1e01c782c0c/gnocchi.9566cf56-38d6-4edb-b8e5-72e8cca0e1cd/1780920000.0_mean_300.0_v3" 201 - "PUT http://172.18.0.2:8080/v1/AUTH_a9a47695f86f49b68ac9b1e01c782c0c/gnocchi.9566cf56-38d6-4edb-b8e5-72e8cca0e1cd/1780920000.0_mean_300.0_v3" "tx4430dddc4dac4d36acc56-006a2e7671" "proxy-server 20" 0.0110 "-" 22 0
Jun 14 09:37:53 standalone proxy-server[129724]: 172.18.0.2 172.18.0.100 14/Jun/2026/09/37/53 PUT /v1/AUTH_a9a47695f86f49b68ac9b1e01c782c0c/gnocchi.9566cf56-38d6-4edb-b8e5-72e8cca0e1cd/1780920000.0_mean_300.0_v3 HTTP/1.0 201 - python-swiftclient-3.11.1 gAAAAABqLnWpTmF8... 16 - - tx4430dddc4dac4d36acc56-006a2e7671 - 0.0157 - - 1781429873.145692348 1781429873.161411762 0
Jun 14 09:37:53 standalone container-server[127445]: 172.20.0.100 - - [14/Jun/2026:09:37:53 +0000] "PUT /d1/590/AUTH_a9a47695f86f49b68ac9b1e01c782c0c/gnocchi.9566cf56-38d6-4edb-b8e5-72e8cca0e1cd/none_v3" 201 - "PUT http://172.18.0.2:8080/d1/690/AUTH_a9a47695f86f49b68ac9b1e01c782c0c/gnocchi.9566cf56-38d6-4edb-b8e5-72e8cca0e1cd/none_v3" "txfca61a26befb412bb49e1-006a2e7671" "object-server 22" 0.0008 "-" 20 0
Jun 14 09:37:53 standalone object-server[127680]: 172.20.0.100 - - [14/Jun/2026:09:37:53 +0000] "PUT /d1/690/AUTH_a9a47695f86f49b68ac9b1e01c782c0c/gnocchi.9566cf56-38d6-4edb-b8e5-72e8cca0e1cd/none_v3" 201 - "PUT http://172.18.0.2:8080/v1/AUTH_a9a47695f86f49b68ac9b1e01c782c0c/gnocchi.9566cf56-38d6-4edb-b8e5-72e8cca0e1cd/none_v3" "txfca61a26befb412bb49e1-006a2e7671" "proxy-server 20" 0.0105 "-" 22 0
Jun 14 09:37:53 standalone proxy-server[129724]: 172.18.0.2 172.18.0.100 14/Jun/2026/09/37/53 PUT /v1/AUTH_a9a47695f86f49b68ac9b1e01c782c0c/gnocchi.9566cf56-38d6-4edb-b8e5-72e8cca0e1cd/none_v3 HTTP/1.0 201 - python-swiftclient-3.11.1 gAAAAABqLnWpTmF8... 22 - - txfca61a26befb412bb49e1-006a2e7671 - 0.0177 - - 1781429873.163753271 1781429873.181420326 0
Jun 14 09:37:53 standalone container-server[127445]: 172.20.0.100 - - [14/Jun/2026:09:37:53 +0000] "HEAD /d1/353/AUTH_a9a47695f86f49b68ac9b1e01c782c0c/gnocchi.7ce4f3de-ca6b-4341-aabb-0f202887606f" 404 - "HEAD http://172.18.0.2:8080/v1/AUTH_a9a47695f86f49b68ac9b1e01c782c0c/gnocchi.7ce4f3de-ca6b-4341-aabb-0f202887606f?format=json&states=listing" "tx5ad784317cb747ca94f15-006a2e7671" "proxy-server 20" 0.0004 "-" 20 0
Jun 14 09:37:53 standalone object-server[127687]: 172.20.0.100 - - [14/Jun/2026:09:37:53 +0000] "GET /d1/299/AUTH_a9a47695f86f49b68ac9b1e01c782c0c/gnocchi.7ce4f3de-ca6b-4341-aabb-0f202887606f/none_v3" 404 70 "GET http://172.18.0.2:8080/v1/AUTH_a9a47695f86f49b68ac9b1e01c782c0c/gnocchi.7ce4f3de-ca6b-4341-aabb-0f202887606f/none_v3" "tx5ad784317cb747ca94f15-006a2e7671" "proxy-server 20" 0.0004 "-" 23 0
Jun 14 09:37:53 standalone proxy-server[129724]: 172.18.0.2 172.18.0.100 14/Jun/2026/09/37/53 GET /v1/AUTH_a9a47695f86f49b68ac9b1e01c782c0c/gnocchi.7ce4f3de-ca6b-4341-aabb-0f202887606f/none_v3 HTTP/1.0 404 - python-swiftclient-3.11.1 gAAAAABqLnWpTmF8... - 70 - tx5ad784317cb747ca94f15-006a2e7671 - 0.0081 - - 1781429873.193522215 1781429873.201591253 0
Jun 14 09:37:53 standalone account-server[127293]: 172.20.0.100 - - [14/Jun/2026:09:37:53 +0000] "PUT /d1/186/AUTH_a9a47695f86f49b68ac9b1e01c782c0c/gnocchi.7ce4f3de-ca6b-4341-aabb-0f202887606f" 201 - "PUT http://172.20.0.100:6001/d1/353/AUTH_a9a47695f86f49b68ac9b1e01c782c0c/gnocchi.7ce4f3de-ca6b-4341-aabb-0f202887606f" "tx8abc4e6f75db42c5aa477-006a2e7671" "container-server 21" 0.0067 "-" 20 0
Jun 14 09:37:53 standalone container-server[127447]: 172.20.0.100 - - [14/Jun/2026:09:37:53 +0000] "PUT /d1/353/AUTH_a9a47695f86f49b68ac9b1e01c782c0c/gnocchi.7ce4f3de-ca6b-4341-aabb-0f202887606f" 201 - "PUT http://172.18.0.2:8080/v1/AUTH_a9a47695f86f49b68ac9b1e01c782c0c/gnocchi.7ce4f3de-ca6b-4341-aabb-0f202887606f" "tx8abc4e6f75db42c5aa477-006a2e7671" "proxy-server 20" 0.0221 "-" 21 0
Jun 14 09:37:53 standalone proxy-server[129724]: 172.18.0.2 172.18.0.100 14/Jun/2026/09/37/53 PUT /v1/AUTH_a9a47695f86f49b68ac9b1e01c782c0c/gnocchi.7ce4f3de-ca6b-4341-aabb-0f202887606f HTTP/1.0 201 - python-swiftclient-3.11.1 gAAAAABqLnWpTmF8... - - - tx8abc4e6f75db42c5aa477-006a2e7671 - 0.0274 - - 1781429873.204728365 1781429873.232116461 0
Jun 14 09:37:53 standalone container-server[127449]: 172.20.0.100 - - [14/Jun/2026:09:37:53 +0000] "HEAD /d1/353/AUTH_a9a47695f86f49b68ac9b1e01c782c0c/gnocchi.7ce4f3de-ca6b-4341-aabb-0f202887606f" 204 - "HEAD http://172.18.0.2:8080/v1/AUTH_a9a47695f86f49b68ac9b1e01c782c0c/gnocchi.7ce4f3de-ca6b-4341-aabb-0f202887606f?format=json&states=listing" "tx0c9fb58be4e3428f8100d-006a2e7671" "proxy-server 20" 0.0024 "-" 22 0
Jun 14 09:37:53 standalone proxy-server[129724]: - - 14/Jun/2026/09/37/53 HEAD /v1/AUTH_a9a47695f86f49b68ac9b1e01c782c0c/gnocchi.7ce4f3de-ca6b-4341-aabb-0f202887606f%3Fformat%3Djson%26states%3Dlisting HTTP/1.0 204 - Swift - - - - tx0c9fb58be4e3428f8100d-006a2e7671 - 0.0102 RL - 1781429873.237107277 1781429873.247269630 0
Jun 14 09:37:53 standalone container-server[127447]: 172.20.0.100 - - [14/Jun/2026:09:37:53 +0000] "GET /d1/353/AUTH_a9a47695f86f49b68ac9b1e01c782c0c/gnocchi.7ce4f3de-ca6b-4341-aabb-0f202887606f" 200 2 "GET http://172.18.0.2:8080/v1/AUTH_a9a47695f86f49b68ac9b1e01c782c0c/gnocchi.7ce4f3de-ca6b-4341-aabb-0f202887606f?format=json&states=listing" "tx0c9fb58be4e3428f8100d-006a2e7671" "proxy-server 20" 0.0042 "-" 21 0
Jun 14 09:37:53 standalone proxy-server[129724]: 172.18.0.2 172.18.0.100 14/Jun/2026/09/37/53 GET /v1/AUTH_a9a47695f86f49b68ac9b1e01c782c0c/gnocchi.7ce4f3de-ca6b-4341-aabb-0f202887606f%3Fformat%3Djson%26states%3Dlisting HTTP/1.0 200 - python-swiftclient-3.11.1 gAAAAABqLnWpTmF8... - 2 - tx0c9fb58be4e3428f8100d-006a2e7671 - 0.0244 - - 1781429873.236057758 1781429873.260433435 0
Jun 14 09:37:53 standalone object-server[127690]: 172.20.0.100 - - [14/Jun/2026:09:37:53 +0000] "GET /d1/5/AUTH_a9a47695f86f49b68ac9b1e01c782c0c/gnocchi.7ce4f3de-ca6b-4341-aabb-0f202887606f/1780920000.0_mean_300.0_v3" 404 70 "GET http://172.18.0.2:8080/v1/AUTH_a9a47695f86f49b68ac9b1e01c782c0c/gnocchi.7ce4f3de-ca6b-4341-aabb-0f202887606f/1780920000.0_mean_300.0_v3" "tx3a39b0fecfea490bab431-006a2e7671" "proxy-server 20" 0.0006 "-" 24 0
Jun 14 09:37:53 standalone proxy-server[129724]: 172.18.0.2 172.18.0.100 14/Jun/2026/09/37/53 GET /v1/AUTH_a9a47695f86f49b68ac9b1e01c782c0c/gnocchi.7ce4f3de-ca6b-4341-aabb-0f202887606f/1780920000.0_mean_300.0_v3 HTTP/1.0 404 - python-swiftclient-3.11.1 gAAAAABqLnWpTmF8... - 70 - tx3a39b0fecfea490bab431-006a2e7671 - 0.0064 - - 1781429873.264589787 1781429873.270957470 0
Jun 14 09:37:53 standalone container-server[127452]: 172.20.0.100 - - [14/Jun/2026:09:37:53 +0000] "PUT /d1/353/AUTH_a9a47695f86f49b68ac9b1e01c782c0c/gnocchi.7ce4f3de-ca6b-4341-aabb-0f202887606f/1780920000.0_mean_300.0_v3" 201 - "PUT http://172.18.0.2:8080/d1/5/AUTH_a9a47695f86f49b68ac9b1e01c782c0c/gnocchi.7ce4f3de-ca6b-4341-aabb-0f202887606f/1780920000.0_mean_300.0_v3" "txab29a47334ed48d7a2ba7-006a2e7671" "object-server 22" 0.0010 "-" 23 0
Jun 14 09:37:53 standalone object-server[127680]: 172.20.0.100 - - [14/Jun/2026:09:37:53 +0000] "PUT /d1/5/AUTH_a9a47695f86f49b68ac9b1e01c782c0c/gnocchi.7ce4f3de-ca6b-4341-aabb-0f202887606f/1780920000.0_mean_300.0_v3" 201 - "PUT http://172.18.0.2:8080/v1/AUTH_a9a47695f86f49b68ac9b1e01c782c0c/gnocchi.7ce4f3de-ca6b-4341-aabb-0f202887606f/1780920000.0_mean_300.0_v3" "txab29a47334ed48d7a2ba7-006a2e7671" "proxy-server 20" 0.0234 "-" 22 0
Jun 14 09:37:53 standalone proxy-server[129724]: 172.18.0.2 172.18.0.100 14/Jun/2026/09/37/53 PUT /v1/AUTH_a9a47695f86f49b68ac9b1e01c782c0c/gnocchi.7ce4f3de-ca6b-4341-aabb-0f202887606f/1780920000.0_mean_300.0_v3 HTTP/1.0 201 - python-swiftclient-3.11.1 gAAAAABqLnWpTmF8... 16 - - txab29a47334ed48d7a2ba7-006a2e7671 - 0.0338 - - 1781429873.274377108 1781429873.308219910 0
Jun 14 09:37:53 standalone container-server[127445]: 172.20.0.100 - - [14/Jun/2026:09:37:53 +0000] "PUT /d1/353/AUTH_a9a47695f86f49b68ac9b1e01c782c0c/gnocchi.7ce4f3de-ca6b-4341-aabb-0f202887606f/none_v3" 201 - "PUT http://172.18.0.2:8080/d1/299/AUTH_a9a47695f86f49b68ac9b1e01c782c0c/gnocchi.7ce4f3de-ca6b-4341-aabb-0f202887606f/none_v3" "txf81df54b27fd4f5ab574b-006a2e7671" "object-server 22" 0.0018 "-" 20 0
Jun 14 09:37:53 standalone object-server[127680]: 172.20.0.100 - - [14/Jun/2026:09:37:53 +0000] "PUT /d1/299/AUTH_a9a47695f86f49b68ac9b1e01c782c0c/gnocchi.7ce4f3de-ca6b-4341-aabb-0f202887606f/none_v3" 201 - "PUT http://172.18.0.2:8080/v1/AUTH_a9a47695f86f49b68ac9b1e01c782c0c/gnocchi.7ce4f3de-ca6b-4341-aabb-0f202887606f/none_v3" "txf81df54b27fd4f5ab574b-006a2e7671" "proxy-server 20" 0.0141 "-" 22 0
Jun 14 09:37:53 standalone proxy-server[129724]: 172.18.0.2 172.18.0.100 14/Jun/2026/09/37/53 PUT /v1/AUTH_a9a47695f86f49b68ac9b1e01c782c0c/gnocchi.7ce4f3de-ca6b-4341-aabb-0f202887606f/none_v3 HTTP/1.0 201 - python-swiftclient-3.11.1 gAAAAABqLnWpTmF8... 22 - - txf81df54b27fd4f5ab574b-006a2e7671 - 0.0195 - - 1781429873.311935425 1781429873.331399679 0
Jun 14 09:37:53 standalone container-server[127445]: 172.20.0.100 - - [14/Jun/2026:09:37:53 +0000] "HEAD /d1/1007/AUTH_a9a47695f86f49b68ac9b1e01c782c0c/gnocchi.99cf7f9f-1e02-4a02-8c8a-387a345b1129" 404 - "HEAD http://172.18.0.2:8080/v1/AUTH_a9a47695f86f49b68ac9b1e01c782c0c/gnocchi.99cf7f9f-1e02-4a02-8c8a-387a345b1129?format=json&states=listing" "txf909629000b1464c87eaa-006a2e7671" "proxy-server 20" 0.0005 "-" 20 0
Jun 14 09:37:53 standalone object-server[127680]: 172.20.0.100 - - [14/Jun/2026:09:37:53 +0000] "GET /d1/254/AUTH_a9a47695f86f49b68ac9b1e01c782c0c/gnocchi.99cf7f9f-1e02-4a02-8c8a-387a345b1129/none_v3" 404 70 "GET http://172.18.0.2:8080/v1/AUTH_a9a47695f86f49b68ac9b1e01c782c0c/gnocchi.99cf7f9f-1e02-4a02-8c8a-387a345b1129/none_v3" "txf909629000b1464c87eaa-006a2e7671" "proxy-server 20" 0.0005 "-" 22 0
Jun 14 09:37:53 standalone proxy-server[129724]: 172.18.0.2 172.18.0.100 14/Jun/2026/09/37/53 GET /v1/AUTH_a9a47695f86f49b68ac9b1e01c782c0c/gnocchi.99cf7f9f-1e02-4a02-8c8a-387a345b1129/none_v3 HTTP/1.0 404 - python-swiftclient-3.11.1 gAAAAABqLnWpTmF8... - 70 - txf909629000b1464c87eaa-006a2e7671 - 0.0094 - - 1781429873.346842766 1781429873.356216669 0
Jun 14 09:37:53 standalone account-server[127300]: 172.20.0.100 - - [14/Jun/2026:09:37:53 +0000] "PUT /d1/186/AUTH_a9a47695f86f49b68ac9b1e01c782c0c/gnocchi.99cf7f9f-1e02-4a02-8c8a-387a345b1129" 201 - "PUT http://172.20.0.100:6001/d1/1007/AUTH_a9a47695f86f49b68ac9b1e01c782c0c/gnocchi.99cf7f9f-1e02-4a02-8c8a-387a345b1129" "tx019194b277aa41aa9e8f6-006a2e7671" "container-server 20" 0.0067 "-" 21 0
Jun 14 09:37:53 standalone container-server[127445]: 172.20.0.100 - - [14/Jun/2026:09:37:53 +0000] "PUT /d1/1007/AUTH_a9a47695f86f49b68ac9b1e01c782c0c/gnocchi.99cf7f9f-1e02-4a02-8c8a-387a345b1129" 201 - "PUT http://172.18.0.2:8080/v1/AUTH_a9a47695f86f49b68ac9b1e01c782c0c/gnocchi.99cf7f9f-1e02-4a02-8c8a-387a345b1129" "tx019194b277aa41aa9e8f6-006a2e7671" "proxy-server 20" 0.0225 "-" 20 0
Jun 14 09:37:53 standalone proxy-server[129724]: 172.18.0.2 172.18.0.100 14/Jun/2026/09/37/53 PUT /v1/AUTH_a9a47695f86f49b68ac9b1e01c782c0c/gnocchi.99cf7f9f-1e02-4a02-8c8a-387a345b1129 HTTP/1.0 201 - python-swiftclient-3.11.1 gAAAAABqLnWpTmF8... - - - tx019194b277aa41aa9e8f6-006a2e7671 - 0.0279 - - 1781429873.359175205 1781429873.387097359 0
Jun 14 09:37:53 standalone container-server[127445]: 172.20.0.100 - - [14/Jun/2026:09:37:53 +0000] "HEAD /d1/50/AUTH_a9a47695f86f49b68ac9b1e01c782c0c/gnocchi.aa75e87d-6a09-4f0e-b822-dcfbd615c929" 404 - "HEAD http://172.18.0.2:8080/v1/AUTH_a9a47695f86f49b68ac9b1e01c782c0c/gnocchi.aa75e87d-6a09-4f0e-b822-dcfbd615c929?format=json&states=listing" "tx77a457e709a04940901b0-006a2e7671" "proxy-server 20" 0.0006 "-" 20 0
Jun 14 09:37:53 standalone object-server[127690]: 172.20.0.100 - - [14/Jun/2026:09:37:53 +0000] "GET /d1/698/AUTH_a9a47695f86f49b68ac9b1e01c782c0c/gnocchi.aa75e87d-6a09-4f0e-b822-dcfbd615c929/none_v3" 404 70 "GET http://172.18.0.2:8080/v1/AUTH_a9a47695f86f49b68ac9b1e01c782c0c/gnocchi.aa75e87d-6a09-4f0e-b822-dcfbd615c929/none_v3" "tx77a457e709a04940901b0-006a2e7671" "proxy-server 20" 0.0005 "-" 24 0
Jun 14 09:37:53 standalone proxy-server[129724]: 172.18.0.2 172.18.0.100 14/Jun/2026/09/37/53 GET /v1/AUTH_a9a47695f86f49b68ac9b1e01c782c0c/gnocchi.aa75e87d-6a09-4f0e-b822-dcfbd615c929/none_v3 HTTP/1.0 404 - python-swiftclient-3.11.1 gAAAAABqLnWpTmF8... - 70 - tx77a457e709a04940901b0-006a2e7671 - 0.0142 - - 1781429873.391226530 1781429873.405443668 0
Jun 14 09:37:53 standalone account-server[127306]: 172.20.0.100 - - [14/Jun/2026:09:37:53 +0000] "PUT /d1/186/AUTH_a9a47695f86f49b68ac9b1e01c782c0c/gnocchi.aa75e87d-6a09-4f0e-b822-dcfbd615c929" 201 - "PUT http://172.20.0.100:6001/d1/50/AUTH_a9a47695f86f49b68ac9b1e01c782c0c/gnocchi.aa75e87d-6a09-4f0e-b822-dcfbd615c929" "txf97c8af984064a76a0ab8-006a2e7671" "container-server 23" 0.0059 "-" 22 0
Jun 14 09:37:53 standalone container-server[127452]: 172.20.0.100 - - [14/Jun/2026:09:37:53 +0000] "PUT /d1/50/AUTH_a9a47695f86f49b68ac9b1e01c782c0c/gnocchi.aa75e87d-6a09-4f0e-b822-dcfbd615c929" 201 - "PUT http://172.18.0.2:8080/v1/AUTH_a9a47695f86f49b68ac9b1e01c782c0c/gnocchi.aa75e87d-6a09-4f0e-b822-dcfbd615c929" "txf97c8af984064a76a0ab8-006a2e7671" "proxy-server 20" 0.0196 "-" 23 0
Jun 14 09:37:53 standalone proxy-server[129724]: 172.18.0.2 172.18.0.100 14/Jun/2026/09/37/53 PUT /v1/AUTH_a9a47695f86f49b68ac9b1e01c782c0c/gnocchi.aa75e87d-6a09-4f0e-b822-dcfbd615c929 HTTP/1.0 201 - python-swiftclient-3.11.1 gAAAAABqLnWpTmF8... - - - txf97c8af984064a76a0ab8-006a2e7671 - 0.0272 - - 1781429873.409108639 1781429873.436356068 0
Jun 14 09:37:53 standalone container-server[127445]: 172.20.0.100 - - [14/Jun/2026:09:37:53 +0000] "HEAD /d1/763/AUTH_a9a47695f86f49b68ac9b1e01c782c0c/gnocchi.c15c74ed-2bad-4564-80a0-c98d56672a29" 404 - "HEAD http://172.18.0.2:8080/v1/AUTH_a9a47695f86f49b68ac9b1e01c782c0c/gnocchi.c15c74ed-2bad-4564-80a0-c98d56672a29?format=json&states=listing" "tx205f13173b204e05b1ead-006a2e7671" "proxy-server 20" 0.0008 "-" 20 0
