Jun 14 09:35:49 standalone container-server[127449]: 172.20.0.100 - - [14/Jun/2026:09:35:49 +0000] "GET /d1/60/AUTH_a9a47695f86f49b68ac9b1e01c782c0c/gnocchi.902a998a-8973-4c41-843c-f69b902d4662" 200 2 "GET http://172.18.0.2:8080/v1/AUTH_a9a47695f86f49b68ac9b1e01c782c0c/gnocchi.902a998a-8973-4c41-843c-f69b902d4662?format=json&states=listing" "tx986f03fec0f14ab8bc78c-006a2e75f5" "proxy-server 20" 0.0047 "-" 22 0
Jun 14 09:35:49 standalone proxy-server[129724]: 172.18.0.2 172.18.0.100 14/Jun/2026/09/35/49 GET /v1/AUTH_a9a47695f86f49b68ac9b1e01c782c0c/gnocchi.902a998a-8973-4c41-843c-f69b902d4662%3Fformat%3Djson%26states%3Dlisting HTTP/1.0 200 - python-swiftclient-3.11.1 gAAAAABqLnWpTmF8... - 2 - tx986f03fec0f14ab8bc78c-006a2e75f5 - 0.0280 - - 1781429749.663165331 1781429749.691145897 0
Jun 14 09:35:49 standalone object-server[127680]: 172.20.0.100 - - [14/Jun/2026:09:35:49 +0000] "GET /d1/669/AUTH_a9a47695f86f49b68ac9b1e01c782c0c/gnocchi.902a998a-8973-4c41-843c-f69b902d4662/1780920000.0_mean_300.0_v3" 404 70 "GET http://172.18.0.2:8080/v1/AUTH_a9a47695f86f49b68ac9b1e01c782c0c/gnocchi.902a998a-8973-4c41-843c-f69b902d4662/1780920000.0_mean_300.0_v3" "tx4fd66e0a86414baabb29c-006a2e75f5" "proxy-server 20" 0.0004 "-" 22 0
Jun 14 09:35:49 standalone proxy-server[129724]: 172.18.0.2 172.18.0.100 14/Jun/2026/09/35/49 GET /v1/AUTH_a9a47695f86f49b68ac9b1e01c782c0c/gnocchi.902a998a-8973-4c41-843c-f69b902d4662/1780920000.0_mean_300.0_v3 HTTP/1.0 404 - python-swiftclient-3.11.1 gAAAAABqLnWpTmF8... - 70 - tx4fd66e0a86414baabb29c-006a2e75f5 - 0.0134 - - 1781429749.697165728 1781429749.710577965 0
Jun 14 09:35:49 standalone container-server[127445]: 172.20.0.100 - - [14/Jun/2026:09:35:49 +0000] "PUT /d1/60/AUTH_a9a47695f86f49b68ac9b1e01c782c0c/gnocchi.902a998a-8973-4c41-843c-f69b902d4662/1780920000.0_mean_300.0_v3" 201 - "PUT http://172.18.0.2:8080/d1/669/AUTH_a9a47695f86f49b68ac9b1e01c782c0c/gnocchi.902a998a-8973-4c41-843c-f69b902d4662/1780920000.0_mean_300.0_v3" "tx627685f7862a449e99885-006a2e75f5" "object-server 22" 0.0007 "-" 20 0
Jun 14 09:35:49 standalone object-server[127680]: 172.20.0.100 - - [14/Jun/2026:09:35:49 +0000] "PUT /d1/669/AUTH_a9a47695f86f49b68ac9b1e01c782c0c/gnocchi.902a998a-8973-4c41-843c-f69b902d4662/1780920000.0_mean_300.0_v3" 201 - "PUT http://172.18.0.2:8080/v1/AUTH_a9a47695f86f49b68ac9b1e01c782c0c/gnocchi.902a998a-8973-4c41-843c-f69b902d4662/1780920000.0_mean_300.0_v3" "tx627685f7862a449e99885-006a2e75f5" "proxy-server 20" 0.0140 "-" 22 0
Jun 14 09:35:49 standalone proxy-server[129724]: 172.18.0.2 172.18.0.100 14/Jun/2026/09/35/49 PUT /v1/AUTH_a9a47695f86f49b68ac9b1e01c782c0c/gnocchi.902a998a-8973-4c41-843c-f69b902d4662/1780920000.0_mean_300.0_v3 HTTP/1.0 201 - python-swiftclient-3.11.1 gAAAAABqLnWpTmF8... 16 - - tx627685f7862a449e99885-006a2e75f5 - 0.0513 - - 1781429749.714771748 1781429749.766102076 0
Jun 14 09:35:49 standalone container-server[127452]: 172.20.0.100 - - [14/Jun/2026:09:35:49 +0000] "PUT /d1/60/AUTH_a9a47695f86f49b68ac9b1e01c782c0c/gnocchi.902a998a-8973-4c41-843c-f69b902d4662/none_v3" 201 - "PUT http://172.18.0.2:8080/d1/31/AUTH_a9a47695f86f49b68ac9b1e01c782c0c/gnocchi.902a998a-8973-4c41-843c-f69b902d4662/none_v3" "tx333c4ed070984056ab43b-006a2e75f5" "object-server 23" 0.0008 "-" 23 0
Jun 14 09:35:49 standalone object-server[127687]: 172.20.0.100 - - [14/Jun/2026:09:35:49 +0000] "PUT /d1/31/AUTH_a9a47695f86f49b68ac9b1e01c782c0c/gnocchi.902a998a-8973-4c41-843c-f69b902d4662/none_v3" 201 - "PUT http://172.18.0.2:8080/v1/AUTH_a9a47695f86f49b68ac9b1e01c782c0c/gnocchi.902a998a-8973-4c41-843c-f69b902d4662/none_v3" "tx333c4ed070984056ab43b-006a2e75f5" "proxy-server 20" 0.0103 "-" 23 0
Jun 14 09:35:49 standalone proxy-server[129724]: 172.18.0.2 172.18.0.100 14/Jun/2026/09/35/49 PUT /v1/AUTH_a9a47695f86f49b68ac9b1e01c782c0c/gnocchi.902a998a-8973-4c41-843c-f69b902d4662/none_v3 HTTP/1.0 201 - python-swiftclient-3.11.1 gAAAAABqLnWpTmF8... 22 - - tx333c4ed070984056ab43b-006a2e75f5 - 0.0167 - - 1781429749.773467541 1781429749.790153742 0
Jun 14 09:35:49 standalone container-server[127445]: 172.20.0.100 - - [14/Jun/2026:09:35:49 +0000] "HEAD /d1/470/AUTH_a9a47695f86f49b68ac9b1e01c782c0c/gnocchi.da874404-d27e-43cf-9121-04392970a27b" 404 - "HEAD http://172.18.0.2:8080/v1/AUTH_a9a47695f86f49b68ac9b1e01c782c0c/gnocchi.da874404-d27e-43cf-9121-04392970a27b?format=json&states=listing" "txb83d07836f374ec58f505-006a2e75f5" "proxy-server 20" 0.0010 "-" 20 0
Jun 14 09:35:49 standalone object-server[127680]: 172.20.0.100 - - [14/Jun/2026:09:35:49 +0000] "GET /d1/424/AUTH_a9a47695f86f49b68ac9b1e01c782c0c/gnocchi.da874404-d27e-43cf-9121-04392970a27b/none_v3" 404 70 "GET http://172.18.0.2:8080/v1/AUTH_a9a47695f86f49b68ac9b1e01c782c0c/gnocchi.da874404-d27e-43cf-9121-04392970a27b/none_v3" "txb83d07836f374ec58f505-006a2e75f5" "proxy-server 20" 0.0004 "-" 22 0
Jun 14 09:35:49 standalone proxy-server[129724]: 172.18.0.2 172.18.0.100 14/Jun/2026/09/35/49 GET /v1/AUTH_a9a47695f86f49b68ac9b1e01c782c0c/gnocchi.da874404-d27e-43cf-9121-04392970a27b/none_v3 HTTP/1.0 404 - python-swiftclient-3.11.1 gAAAAABqLnWpTmF8... - 70 - txb83d07836f374ec58f505-006a2e75f5 - 0.0099 - - 1781429749.806958199 1781429749.816867590 0
Jun 14 09:35:49 standalone account-server[127300]: 172.20.0.100 - - [14/Jun/2026:09:35:49 +0000] "HEAD /d1/354/.expiring_objects" 404 - "HEAD http://localhost/v1/.expiring_objects?format=json" "tx2b0826148f7c4782888f2-006a2e75f5" "proxy-server 2" 0.0003 "-" 21 -
Jun 14 09:35:49 standalone object-expirer[127384]: Pass completed in 0s; 0 objects expired (txn: tx2b0826148f7c4782888f2-006a2e75f5)
Jun 14 09:35:49 standalone account-server[127306]: 172.20.0.100 - - [14/Jun/2026:09:35:49 +0000] "PUT /d1/186/AUTH_a9a47695f86f49b68ac9b1e01c782c0c/gnocchi.da874404-d27e-43cf-9121-04392970a27b" 201 - "PUT http://172.20.0.100:6001/d1/470/AUTH_a9a47695f86f49b68ac9b1e01c782c0c/gnocchi.da874404-d27e-43cf-9121-04392970a27b" "tx130e1b2544dc410e91839-006a2e75f5" "container-server 21" 0.0051 "-" 22 0
Jun 14 09:35:49 standalone container-server[127447]: 172.20.0.100 - - [14/Jun/2026:09:35:49 +0000] "PUT /d1/470/AUTH_a9a47695f86f49b68ac9b1e01c782c0c/gnocchi.da874404-d27e-43cf-9121-04392970a27b" 201 - "PUT http://172.18.0.2:8080/v1/AUTH_a9a47695f86f49b68ac9b1e01c782c0c/gnocchi.da874404-d27e-43cf-9121-04392970a27b" "tx130e1b2544dc410e91839-006a2e75f5" "proxy-server 20" 0.0174 "-" 21 0
Jun 14 09:35:49 standalone proxy-server[129724]: 172.18.0.2 172.18.0.100 14/Jun/2026/09/35/49 PUT /v1/AUTH_a9a47695f86f49b68ac9b1e01c782c0c/gnocchi.da874404-d27e-43cf-9121-04392970a27b HTTP/1.0 201 - python-swiftclient-3.11.1 gAAAAABqLnWpTmF8... - - - tx130e1b2544dc410e91839-006a2e75f5 - 0.0228 - - 1781429749.822343349 1781429749.845120907 0
Jun 14 09:35:49 standalone container-server[127449]: 172.20.0.100 - - [14/Jun/2026:09:35:49 +0000] "HEAD /d1/470/AUTH_a9a47695f86f49b68ac9b1e01c782c0c/gnocchi.da874404-d27e-43cf-9121-04392970a27b" 204 - "HEAD http://172.18.0.2:8080/v1/AUTH_a9a47695f86f49b68ac9b1e01c782c0c/gnocchi.da874404-d27e-43cf-9121-04392970a27b?format=json&states=listing" "tx194343ead01f446db29fb-006a2e75f5" "proxy-server 20" 0.0026 "-" 22 0
Jun 14 09:35:49 standalone proxy-server[129724]: - - 14/Jun/2026/09/35/49 HEAD /v1/AUTH_a9a47695f86f49b68ac9b1e01c782c0c/gnocchi.da874404-d27e-43cf-9121-04392970a27b%3Fformat%3Djson%26states%3Dlisting HTTP/1.0 204 - Swift - - - - tx194343ead01f446db29fb-006a2e75f5 - 0.0079 RL - 1781429749.852221012 1781429749.860157251 0
Jun 14 09:35:49 standalone container-server[127445]: 172.20.0.100 - - [14/Jun/2026:09:35:49 +0000] "GET /d1/470/AUTH_a9a47695f86f49b68ac9b1e01c782c0c/gnocchi.da874404-d27e-43cf-9121-04392970a27b" 200 2 "GET http://172.18.0.2:8080/v1/AUTH_a9a47695f86f49b68ac9b1e01c782c0c/gnocchi.da874404-d27e-43cf-9121-04392970a27b?format=json&states=listing" "tx194343ead01f446db29fb-006a2e75f5" "proxy-server 20" 0.0025 "-" 20 0
Jun 14 09:35:49 standalone proxy-server[129724]: 172.18.0.2 172.18.0.100 14/Jun/2026/09/35/49 GET /v1/AUTH_a9a47695f86f49b68ac9b1e01c782c0c/gnocchi.da874404-d27e-43cf-9121-04392970a27b%3Fformat%3Djson%26states%3Dlisting HTTP/1.0 200 - python-swiftclient-3.11.1 gAAAAABqLnWpTmF8... - 2 - tx194343ead01f446db29fb-006a2e75f5 - 0.0166 - - 1781429749.851300001 1781429749.867917776 0
Jun 14 09:35:49 standalone object-server[127687]: 172.20.0.100 - - [14/Jun/2026:09:35:49 +0000] "GET /d1/338/AUTH_a9a47695f86f49b68ac9b1e01c782c0c/gnocchi.da874404-d27e-43cf-9121-04392970a27b/1780920000.0_mean_300.0_v3" 404 70 "GET http://172.18.0.2:8080/v1/AUTH_a9a47695f86f49b68ac9b1e01c782c0c/gnocchi.da874404-d27e-43cf-9121-04392970a27b/1780920000.0_mean_300.0_v3" "txf0ecfb8760cf4f25b4d0c-006a2e75f5" "proxy-server 20" 0.0004 "-" 23 0
Jun 14 09:35:49 standalone proxy-server[129724]: 172.18.0.2 172.18.0.100 14/Jun/2026/09/35/49 GET /v1/AUTH_a9a47695f86f49b68ac9b1e01c782c0c/gnocchi.da874404-d27e-43cf-9121-04392970a27b/1780920000.0_mean_300.0_v3 HTTP/1.0 404 - python-swiftclient-3.11.1 gAAAAABqLnWpTmF8... - 70 - txf0ecfb8760cf4f25b4d0c-006a2e75f5 - 0.0082 - - 1781429749.873396397 1781429749.881619692 0
Jun 14 09:35:49 standalone container-server[127445]: 172.20.0.100 - - [14/Jun/2026:09:35:49 +0000] "PUT /d1/470/AUTH_a9a47695f86f49b68ac9b1e01c782c0c/gnocchi.da874404-d27e-43cf-9121-04392970a27b/1780920000.0_mean_300.0_v3" 201 - "PUT http://172.18.0.2:8080/d1/338/AUTH_a9a47695f86f49b68ac9b1e01c782c0c/gnocchi.da874404-d27e-43cf-9121-04392970a27b/1780920000.0_mean_300.0_v3" "tx703c7fe3133b44cbb7463-006a2e75f5" "object-server 24" 0.0022 "-" 20 0
Jun 14 09:35:49 standalone object-server[127690]: 172.20.0.100 - - [14/Jun/2026:09:35:49 +0000] "PUT /d1/338/AUTH_a9a47695f86f49b68ac9b1e01c782c0c/gnocchi.da874404-d27e-43cf-9121-04392970a27b/1780920000.0_mean_300.0_v3" 201 - "PUT http://172.18.0.2:8080/v1/AUTH_a9a47695f86f49b68ac9b1e01c782c0c/gnocchi.da874404-d27e-43cf-9121-04392970a27b/1780920000.0_mean_300.0_v3" "tx703c7fe3133b44cbb7463-006a2e75f5" "proxy-server 20" 0.0223 "-" 24 0
Jun 14 09:35:49 standalone proxy-server[129724]: 172.18.0.2 172.18.0.100 14/Jun/2026/09/35/49 PUT /v1/AUTH_a9a47695f86f49b68ac9b1e01c782c0c/gnocchi.da874404-d27e-43cf-9121-04392970a27b/1780920000.0_mean_300.0_v3 HTTP/1.0 201 - python-swiftclient-3.11.1 gAAAAABqLnWpTmF8... 16 - - tx703c7fe3133b44cbb7463-006a2e75f5 - 0.0296 - - 1781429749.886328936 1781429749.915916681 0
Jun 14 09:35:49 standalone container-server[127445]: 172.20.0.100 - - [14/Jun/2026:09:35:49 +0000] "PUT /d1/470/AUTH_a9a47695f86f49b68ac9b1e01c782c0c/gnocchi.da874404-d27e-43cf-9121-04392970a27b/none_v3" 201 - "PUT http://172.18.0.2:8080/d1/424/AUTH_a9a47695f86f49b68ac9b1e01c782c0c/gnocchi.da874404-d27e-43cf-9121-04392970a27b/none_v3" "tx26e46798c9634a879f20f-006a2e75f5" "object-server 22" 0.0007 "-" 20 0
Jun 14 09:35:49 standalone object-server[127680]: 172.20.0.100 - - [14/Jun/2026:09:35:49 +0000] "PUT /d1/424/AUTH_a9a47695f86f49b68ac9b1e01c782c0c/gnocchi.da874404-d27e-43cf-9121-04392970a27b/none_v3" 201 - "PUT http://172.18.0.2:8080/v1/AUTH_a9a47695f86f49b68ac9b1e01c782c0c/gnocchi.da874404-d27e-43cf-9121-04392970a27b/none_v3" "tx26e46798c9634a879f20f-006a2e75f5" "proxy-server 20" 0.0161 "-" 22 0
Jun 14 09:35:49 standalone proxy-server[129724]: 172.18.0.2 172.18.0.100 14/Jun/2026/09/35/49 PUT /v1/AUTH_a9a47695f86f49b68ac9b1e01c782c0c/gnocchi.da874404-d27e-43cf-9121-04392970a27b/none_v3 HTTP/1.0 201 - python-swiftclient-3.11.1 gAAAAABqLnWpTmF8... 22 - - tx26e46798c9634a879f20f-006a2e75f5 - 0.0237 - - 1781429749.920711756 1781429749.944448948 0
Jun 14 09:35:49 standalone container-server[127452]: 172.20.0.100 - - [14/Jun/2026:09:35:49 +0000] "HEAD /d1/298/AUTH_a9a47695f86f49b68ac9b1e01c782c0c/gnocchi.8673fb67-a914-4c2d-a5d1-80ce4c0cfe8c" 404 - "HEAD http://172.18.0.2:8080/v1/AUTH_a9a47695f86f49b68ac9b1e01c782c0c/gnocchi.8673fb67-a914-4c2d-a5d1-80ce4c0cfe8c?format=json&states=listing" "tx90e7303ba42b4d7f83384-006a2e75f5" "proxy-server 20" 0.0006 "-" 23 0
Jun 14 09:35:49 standalone object-server[127680]: 172.20.0.100 - - [14/Jun/2026:09:35:49 +0000] "GET /d1/995/AUTH_a9a47695f86f49b68ac9b1e01c782c0c/gnocchi.8673fb67-a914-4c2d-a5d1-80ce4c0cfe8c/none_v3" 404 70 "GET http://172.18.0.2:8080/v1/AUTH_a9a47695f86f49b68ac9b1e01c782c0c/gnocchi.8673fb67-a914-4c2d-a5d1-80ce4c0cfe8c/none_v3" "tx90e7303ba42b4d7f83384-006a2e75f5" "proxy-server 20" 0.0005 "-" 22 0
Jun 14 09:35:49 standalone proxy-server[129724]: 172.18.0.2 172.18.0.100 14/Jun/2026/09/35/49 GET /v1/AUTH_a9a47695f86f49b68ac9b1e01c782c0c/gnocchi.8673fb67-a914-4c2d-a5d1-80ce4c0cfe8c/none_v3 HTTP/1.0 404 - python-swiftclient-3.11.1 gAAAAABqLnWpTmF8... - 70 - tx90e7303ba42b4d7f83384-006a2e75f5 - 0.0142 - - 1781429749.961100578 1781429749.975326061 0
Jun 14 09:35:50 standalone account-server[127293]: 172.20.0.100 - - [14/Jun/2026:09:35:50 +0000] "PUT /d1/186/AUTH_a9a47695f86f49b68ac9b1e01c782c0c/gnocchi.8673fb67-a914-4c2d-a5d1-80ce4c0cfe8c" 201 - "PUT http://172.20.0.100:6001/d1/298/AUTH_a9a47695f86f49b68ac9b1e01c782c0c/gnocchi.8673fb67-a914-4c2d-a5d1-80ce4c0cfe8c" "txb0a9073013e94ccfae366-006a2e75f5" "container-server 20" 0.0085 "-" 20 0
Jun 14 09:35:50 standalone container-server[127445]: 172.20.0.100 - - [14/Jun/2026:09:35:50 +0000] "PUT /d1/298/AUTH_a9a47695f86f49b68ac9b1e01c782c0c/gnocchi.8673fb67-a914-4c2d-a5d1-80ce4c0cfe8c" 201 - "PUT http://172.18.0.2:8080/v1/AUTH_a9a47695f86f49b68ac9b1e01c782c0c/gnocchi.8673fb67-a914-4c2d-a5d1-80ce4c0cfe8c" "txb0a9073013e94ccfae366-006a2e75f5" "proxy-server 20" 0.0285 "-" 20 0
Jun 14 09:35:50 standalone proxy-server[129724]: 172.18.0.2 172.18.0.100 14/Jun/2026/09/35/50 PUT /v1/AUTH_a9a47695f86f49b68ac9b1e01c782c0c/gnocchi.8673fb67-a914-4c2d-a5d1-80ce4c0cfe8c HTTP/1.0 201 - python-swiftclient-3.11.1 gAAAAABqLnWpTmF8... - - - txb0a9073013e94ccfae366-006a2e75f5 - 0.0368 - - 1781429749.980399847 1781429750.017166138 0
Jun 14 09:35:50 standalone container-server[127449]: 172.20.0.100 - - [14/Jun/2026:09:35:50 +0000] "HEAD /d1/298/AUTH_a9a47695f86f49b68ac9b1e01c782c0c/gnocchi.8673fb67-a914-4c2d-a5d1-80ce4c0cfe8c" 204 - "HEAD http://172.18.0.2:8080/v1/AUTH_a9a47695f86f49b68ac9b1e01c782c0c/gnocchi.8673fb67-a914-4c2d-a5d1-80ce4c0cfe8c?format=json&states=listing" "tx96b5499a3c114698bec2f-006a2e75f6" "proxy-server 20" 0.0022 "-" 22 0
Jun 14 09:35:50 standalone proxy-server[129724]: - - 14/Jun/2026/09/35/50 HEAD /v1/AUTH_a9a47695f86f49b68ac9b1e01c782c0c/gnocchi.8673fb67-a914-4c2d-a5d1-80ce4c0cfe8c%3Fformat%3Djson%26states%3Dlisting HTTP/1.0 204 - Swift - - - - tx96b5499a3c114698bec2f-006a2e75f6 - 0.0072 RL - 1781429750.025102377 1781429750.032264948 0
Jun 14 09:35:50 standalone container-server[127449]: 172.20.0.100 - - [14/Jun/2026:09:35:50 +0000] "GET /d1/298/AUTH_a9a47695f86f49b68ac9b1e01c782c0c/gnocchi.8673fb67-a914-4c2d-a5d1-80ce4c0cfe8c" 200 2 "GET http://172.18.0.2:8080/v1/AUTH_a9a47695f86f49b68ac9b1e01c782c0c/gnocchi.8673fb67-a914-4c2d-a5d1-80ce4c0cfe8c?format=json&states=listing" "tx96b5499a3c114698bec2f-006a2e75f6" "proxy-server 20" 0.0028 "-" 22 0
Jun 14 09:35:50 standalone proxy-server[129724]: 172.18.0.2 172.18.0.100 14/Jun/2026/09/35/50 GET /v1/AUTH_a9a47695f86f49b68ac9b1e01c782c0c/gnocchi.8673fb67-a914-4c2d-a5d1-80ce4c0cfe8c%3Fformat%3Djson%26states%3Dlisting HTTP/1.0 200 - python-swiftclient-3.11.1 gAAAAABqLnWpTmF8... - 2 - tx96b5499a3c114698bec2f-006a2e75f6 - 0.0203 - - 1781429750.023434639 1781429750.043708324 0
Jun 14 09:35:50 standalone object-server[127687]: 172.20.0.100 - - [14/Jun/2026:09:35:50 +0000] "GET /d1/19/AUTH_a9a47695f86f49b68ac9b1e01c782c0c/gnocchi.8673fb67-a914-4c2d-a5d1-80ce4c0cfe8c/1780920000.0_mean_300.0_v3" 404 70 "GET http://172.18.0.2:8080/v1/AUTH_a9a47695f86f49b68ac9b1e01c782c0c/gnocchi.8673fb67-a914-4c2d-a5d1-80ce4c0cfe8c/1780920000.0_mean_300.0_v3" "tx7bfb913c6ea24265a9a69-006a2e75f6" "proxy-server 20" 0.0006 "-" 23 0
Jun 14 09:35:50 standalone proxy-server[129724]: 172.18.0.2 172.18.0.100 14/Jun/2026/09/35/50 GET /v1/AUTH_a9a47695f86f49b68ac9b1e01c782c0c/gnocchi.8673fb67-a914-4c2d-a5d1-80ce4c0cfe8c/1780920000.0_mean_300.0_v3 HTTP/1.0 404 - python-swiftclient-3.11.1 gAAAAABqLnWpTmF8... - 70 - tx7bfb913c6ea24265a9a69-006a2e75f6 - 0.0086 - - 1781429750.048904896 1781429750.057488918 0
Jun 14 09:35:50 standalone container-server[127445]: 172.20.0.100 - - [14/Jun/2026:09:35:50 +0000] "PUT /d1/298/AUTH_a9a47695f86f49b68ac9b1e01c782c0c/gnocchi.8673fb67-a914-4c2d-a5d1-80ce4c0cfe8c/1780920000.0_mean_300.0_v3" 201 - "PUT http://172.18.0.2:8080/d1/19/AUTH_a9a47695f86f49b68ac9b1e01c782c0c/gnocchi.8673fb67-a914-4c2d-a5d1-80ce4c0cfe8c/1780920000.0_mean_300.0_v3" "tx2a01b8aa096c47bea1455-006a2e75f6" "object-server 24" 0.0032 "-" 20 0
Jun 14 09:35:50 standalone object-server[127690]: 172.20.0.100 - - [14/Jun/2026:09:35:50 +0000] "PUT /d1/19/AUTH_a9a47695f86f49b68ac9b1e01c782c0c/gnocchi.8673fb67-a914-4c2d-a5d1-80ce4c0cfe8c/1780920000.0_mean_300.0_v3" 201 - "PUT http://172.18.0.2:8080/v1/AUTH_a9a47695f86f49b68ac9b1e01c782c0c/gnocchi.8673fb67-a914-4c2d-a5d1-80ce4c0cfe8c/1780920000.0_mean_300.0_v3" "tx2a01b8aa096c47bea1455-006a2e75f6" "proxy-server 20" 0.0158 "-" 24 0
Jun 14 09:35:50 standalone proxy-server[129724]: 172.18.0.2 172.18.0.100 14/Jun/2026/09/35/50 PUT /v1/AUTH_a9a47695f86f49b68ac9b1e01c782c0c/gnocchi.8673fb67-a914-4c2d-a5d1-80ce4c0cfe8c/1780920000.0_mean_300.0_v3 HTTP/1.0 201 - python-swiftclient-3.11.1 gAAAAABqLnWpTmF8... 16 - - tx2a01b8aa096c47bea1455-006a2e75f6 - 0.0245 - - 1781429750.063379288 1781429750.087922573 0
Jun 14 09:35:50 standalone container-server[127445]: 172.20.0.100 - - [14/Jun/2026:09:35:50 +0000] "PUT /d1/298/AUTH_a9a47695f86f49b68ac9b1e01c782c0c/gnocchi.8673fb67-a914-4c2d-a5d1-80ce4c0cfe8c/none_v3" 201 - "PUT http://172.18.0.2:8080/d1/995/AUTH_a9a47695f86f49b68ac9b1e01c782c0c/gnocchi.8673fb67-a914-4c2d-a5d1-80ce4c0cfe8c/none_v3" "tx38e9acf2f62f4ae9a33b2-006a2e75f6" "object-server 22" 0.0018 "-" 20 0
Jun 14 09:35:50 standalone object-server[127680]: 172.20.0.100 - - [14/Jun/2026:09:35:50 +0000] "PUT /d1/995/AUTH_a9a47695f86f49b68ac9b1e01c782c0c/gnocchi.8673fb67-a914-4c2d-a5d1-80ce4c0cfe8c/none_v3" 201 - "PUT http://172.18.0.2:8080/v1/AUTH_a9a47695f86f49b68ac9b1e01c782c0c/gnocchi.8673fb67-a914-4c2d-a5d1-80ce4c0cfe8c/none_v3" "tx38e9acf2f62f4ae9a33b2-006a2e75f6" "proxy-server 20" 0.0170 "-" 22 0
Jun 14 09:35:50 standalone proxy-server[129724]: 172.18.0.2 172.18.0.100 14/Jun/2026/09/35/50 PUT /v1/AUTH_a9a47695f86f49b68ac9b1e01c782c0c/gnocchi.8673fb67-a914-4c2d-a5d1-80ce4c0cfe8c/none_v3 HTTP/1.0 201 - python-swiftclient-3.11.1 gAAAAABqLnWpTmF8... 22 - - tx38e9acf2f62f4ae9a33b2-006a2e75f6 - 0.0253 - - 1781429750.093218803 1781429750.118528605 0
Jun 14 09:36:21 standalone container-server[127449]: 172.20.0.100 - - [14/Jun/2026:09:36:21 +0000] "HEAD /d1/399/AUTH_a9a47695f86f49b68ac9b1e01c782c0c/gnocchi.948138fe-449d-4b21-96d1-c83865b34cb9" 404 - "HEAD http://172.18.0.2:8080/v1/AUTH_a9a47695f86f49b68ac9b1e01c782c0c/gnocchi.948138fe-449d-4b21-96d1-c83865b34cb9?format=json&states=listing" "txfa946f6e26dc4ceea005c-006a2e7615" "proxy-server 20" 0.0006 "-" 22 0
Jun 14 09:36:21 standalone object-server[127690]: 172.20.0.100 - - [14/Jun/2026:09:36:21 +0000] "GET /d1/257/AUTH_a9a47695f86f49b68ac9b1e01c782c0c/gnocchi.948138fe-449d-4b21-96d1-c83865b34cb9/none_v3" 404 70 "GET http://172.18.0.2:8080/v1/AUTH_a9a47695f86f49b68ac9b1e01c782c0c/gnocchi.948138fe-449d-4b21-96d1-c83865b34cb9/none_v3" "txfa946f6e26dc4ceea005c-006a2e7615" "proxy-server 20" 0.0009 "-" 24 0
Jun 14 09:36:21 standalone proxy-server[129724]: 172.18.0.2 172.18.0.100 14/Jun/2026/09/36/21 GET /v1/AUTH_a9a47695f86f49b68ac9b1e01c782c0c/gnocchi.948138fe-449d-4b21-96d1-c83865b34cb9/none_v3 HTTP/1.0 404 - python-swiftclient-3.11.1 gAAAAABqLnWpTmF8... - 70 - txfa946f6e26dc4ceea005c-006a2e7615 - 0.0134 - - 1781429781.645612955 1781429781.658977747 0
Jun 14 09:36:21 standalone account-server[127293]: 172.20.0.100 - - [14/Jun/2026:09:36:21 +0000] "PUT /d1/186/AUTH_a9a47695f86f49b68ac9b1e01c782c0c/gnocchi.948138fe-449d-4b21-96d1-c83865b34cb9" 201 - "PUT http://172.20.0.100:6001/d1/399/AUTH_a9a47695f86f49b68ac9b1e01c782c0c/gnocchi.948138fe-449d-4b21-96d1-c83865b34cb9" "txdef208b83b3a4805acb5f-006a2e7615" "container-server 23" 0.0073 "-" 20 0
Jun 14 09:36:21 standalone container-server[127452]: 172.20.0.100 - - [14/Jun/2026:09:36:21 +0000] "PUT /d1/399/AUTH_a9a47695f86f49b68ac9b1e01c782c0c/gnocchi.948138fe-449d-4b21-96d1-c83865b34cb9" 201 - "PUT http://172.18.0.2:8080/v1/AUTH_a9a47695f86f49b68ac9b1e01c782c0c/gnocchi.948138fe-449d-4b21-96d1-c83865b34cb9" "txdef208b83b3a4805acb5f-006a2e7615" "proxy-server 20" 0.0184 "-" 23 0
Jun 14 09:36:21 standalone proxy-server[129724]: 172.18.0.2 172.18.0.100 14/Jun/2026/09/36/21 PUT /v1/AUTH_a9a47695f86f49b68ac9b1e01c782c0c/gnocchi.948138fe-449d-4b21-96d1-c83865b34cb9 HTTP/1.0 201 - python-swiftclient-3.11.1 gAAAAABqLnWpTmF8... - - - txdef208b83b3a4805acb5f-006a2e7615 - 0.0249 - - 1781429781.662976265 1781429781.687906265 0
Jun 14 09:36:21 standalone container-server[127447]: 172.20.0.100 - - [14/Jun/2026:09:36:21 +0000] "HEAD /d1/399/AUTH_a9a47695f86f49b68ac9b1e01c782c0c/gnocchi.948138fe-449d-4b21-96d1-c83865b34cb9" 204 - "HEAD http://172.18.0.2:8080/v1/AUTH_a9a47695f86f49b68ac9b1e01c782c0c/gnocchi.948138fe-449d-4b21-96d1-c83865b34cb9?format=json&states=listing" "tx8e6ff1d3c43246c880241-006a2e7615" "proxy-server 20" 0.0020 "-" 21 0
Jun 14 09:36:21 standalone proxy-server[129724]: - - 14/Jun/2026/09/36/21 HEAD /v1/AUTH_a9a47695f86f49b68ac9b1e01c782c0c/gnocchi.948138fe-449d-4b21-96d1-c83865b34cb9%3Fformat%3Djson%26states%3Dlisting HTTP/1.0 204 - Swift - - - - tx8e6ff1d3c43246c880241-006a2e7615 - 0.0063 RL - 1781429781.693386793 1781429781.699732065 0
Jun 14 09:36:21 standalone container-server[127445]: 172.20.0.100 - - [14/Jun/2026:09:36:21 +0000] "GET /d1/399/AUTH_a9a47695f86f49b68ac9b1e01c782c0c/gnocchi.948138fe-449d-4b21-96d1-c83865b34cb9" 200 2 "GET http://172.18.0.2:8080/v1/AUTH_a9a47695f86f49b68ac9b1e01c782c0c/gnocchi.948138fe-449d-4b21-96d1-c83865b34cb9?format=json&states=listing" "tx8e6ff1d3c43246c880241-006a2e7615" "proxy-server 20" 0.0026 "-" 20 0
Jun 14 09:36:21 standalone proxy-server[129724]: 172.18.0.2 172.18.0.100 14/Jun/2026/09/36/21 GET /v1/AUTH_a9a47695f86f49b68ac9b1e01c782c0c/gnocchi.948138fe-449d-4b21-96d1-c83865b34cb9%3Fformat%3Djson%26states%3Dlisting HTTP/1.0 200 - python-swiftclient-3.11.1 gAAAAABqLnWpTmF8... - 2 - tx8e6ff1d3c43246c880241-006a2e7615 - 0.0176 - - 1781429781.691980124 1781429781.709590197 0
Jun 14 09:36:21 standalone object-server[127680]: 172.20.0.100 - - [14/Jun/2026:09:36:21 +0000] "GET /d1/208/AUTH_a9a47695f86f49b68ac9b1e01c782c0c/gnocchi.948138fe-449d-4b21-96d1-c83865b34cb9/1780920000.0_mean_300.0_v3" 404 70 "GET http://172.18.0.2:8080/v1/AUTH_a9a47695f86f49b68ac9b1e01c782c0c/gnocchi.948138fe-449d-4b21-96d1-c83865b34cb9/1780920000.0_mean_300.0_v3" "tx447de2bf2f4f4e04a9b17-006a2e7615" "proxy-server 20" 0.0005 "-" 22 0
Jun 14 09:36:21 standalone proxy-server[129724]: 172.18.0.2 172.18.0.100 14/Jun/2026/09/36/21 GET /v1/AUTH_a9a47695f86f49b68ac9b1e01c782c0c/gnocchi.948138fe-449d-4b21-96d1-c83865b34cb9/1780920000.0_mean_300.0_v3 HTTP/1.0 404 - python-swiftclient-3.11.1 gAAAAABqLnWpTmF8... - 70 - tx447de2bf2f4f4e04a9b17-006a2e7615 - 0.0065 - - 1781429781.712531805 1781429781.718993425 0
Jun 14 09:36:21 standalone container-server[127445]: 172.20.0.100 - - [14/Jun/2026:09:36:21 +0000] "PUT /d1/399/AUTH_a9a47695f86f49b68ac9b1e01c782c0c/gnocchi.948138fe-449d-4b21-96d1-c83865b34cb9/1780920000.0_mean_300.0_v3" 201 - "PUT http://172.18.0.2:8080/d1/208/AUTH_a9a47695f86f49b68ac9b1e01c782c0c/gnocchi.948138fe-449d-4b21-96d1-c83865b34cb9/1780920000.0_mean_300.0_v3" "tx4104f47a3a064a4e8458f-006a2e7615" "object-server 25" 0.0008 "-" 20 0
Jun 14 09:36:21 standalone object-server[127701]: 172.20.0.100 - - [14/Jun/2026:09:36:21 +0000] "PUT /d1/208/AUTH_a9a47695f86f49b68ac9b1e01c782c0c/gnocchi.948138fe-449d-4b21-96d1-c83865b34cb9/1780920000.0_mean_300.0_v3" 201 - "PUT http://172.18.0.2:8080/v1/AUTH_a9a47695f86f49b68ac9b1e01c782c0c/gnocchi.948138fe-449d-4b21-96d1-c83865b34cb9/1780920000.0_mean_300.0_v3" "tx4104f47a3a064a4e8458f-006a2e7615" "proxy-server 20" 0.0116 "-" 25 0
Jun 14 09:36:21 standalone proxy-server[129724]: 172.18.0.2 172.18.0.100 14/Jun/2026/09/36/21 PUT /v1/AUTH_a9a47695f86f49b68ac9b1e01c782c0c/gnocchi.948138fe-449d-4b21-96d1-c83865b34cb9/1780920000.0_mean_300.0_v3 HTTP/1.0 201 - python-swiftclient-3.11.1 gAAAAABqLnWpTmF8... 16 - - tx4104f47a3a064a4e8458f-006a2e7615 - 0.0259 - - 1781429781.721205235 1781429781.747061729 0
Jun 14 09:36:21 standalone container-server[127449]: 172.20.0.100 - - [14/Jun/2026:09:36:21 +0000] "PUT /d1/399/AUTH_a9a47695f86f49b68ac9b1e01c782c0c/gnocchi.948138fe-449d-4b21-96d1-c83865b34cb9/none_v3" 201 - "PUT http://172.18.0.2:8080/d1/257/AUTH_a9a47695f86f49b68ac9b1e01c782c0c/gnocchi.948138fe-449d-4b21-96d1-c83865b34cb9/none_v3" "tx6f396c0a295d4db390faa-006a2e7615" "object-server 24" 0.0006 "-" 22 0
Jun 14 09:36:21 standalone object-server[127690]: 172.20.0.100 - - [14/Jun/2026:09:36:21 +0000] "PUT /d1/257/AUTH_a9a47695f86f49b68ac9b1e01c782c0c/gnocchi.948138fe-449d-4b21-96d1-c83865b34cb9/none_v3" 201 - "PUT http://172.18.0.2:8080/v1/AUTH_a9a47695f86f49b68ac9b1e01c782c0c/gnocchi.948138fe-449d-4b21-96d1-c83865b34cb9/none_v3" "tx6f396c0a295d4db390faa-006a2e7615" "proxy-server 20" 0.0186 "-" 24 0
Jun 14 09:36:21 standalone proxy-server[129724]: 172.18.0.2 172.18.0.100 14/Jun/2026/09/36/21 PUT /v1/AUTH_a9a47695f86f49b68ac9b1e01c782c0c/gnocchi.948138fe-449d-4b21-96d1-c83865b34cb9/none_v3 HTTP/1.0 201 - python-swiftclient-3.11.1 gAAAAABqLnWpTmF8... 22 - - tx6f396c0a295d4db390faa-006a2e7615 - 0.0286 - - 1781429781.749974012 1781429781.778558969 0
Jun 14 09:36:21 standalone object-server[127701]: 172.20.0.100 - - [14/Jun/2026:09:36:21 +0000] "GET /d1/68/AUTH_a9a47695f86f49b68ac9b1e01c782c0c/gnocchi.7fd8841f-f268-4071-b2f2-4c1994bb93e3/none_v3" 200 22 "GET http://172.18.0.2:8080/v1/AUTH_a9a47695f86f49b68ac9b1e01c782c0c/gnocchi.7fd8841f-f268-4071-b2f2-4c1994bb93e3/none_v3" "txe2766206cad44c15acd66-006a2e7615" "proxy-server 20" 0.0018 "-" 25 0
Jun 14 09:36:21 standalone proxy-server[129724]: 172.18.0.2 172.18.0.100 14/Jun/2026/09/36/21 GET /v1/AUTH_a9a47695f86f49b68ac9b1e01c782c0c/gnocchi.7fd8841f-f268-4071-b2f2-4c1994bb93e3/none_v3 HTTP/1.0 200 - python-swiftclient-3.11.1 gAAAAABqLnWpTmF8... - 22 - txe2766206cad44c15acd66-006a2e7615 - 0.0128 - - 1781429781.854032040 1781429781.866858959 0
Jun 14 09:36:21 standalone container-server[127449]: 172.20.0.100 - - [14/Jun/2026:09:36:21 +0000] "GET /d1/294/AUTH_a9a47695f86f49b68ac9b1e01c782c0c/gnocchi.7fd8841f-f268-4071-b2f2-4c1994bb93e3" 200 357 "GET http://172.18.0.2:8080/v1/AUTH_a9a47695f86f49b68ac9b1e01c782c0c/gnocchi.7fd8841f-f268-4071-b2f2-4c1994bb93e3?format=json&states=listing" "tx375393c7f8814d019f420-006a2e7615" "proxy-server 20" 0.0127 "-" 22 0
Jun 14 09:36:21 standalone proxy-server[129724]: 172.18.0.2 172.18.0.100 14/Jun/2026/09/36/21 GET /v1/AUTH_a9a47695f86f49b68ac9b1e01c782c0c/gnocchi.7fd8841f-f268-4071-b2f2-4c1994bb93e3%3Fformat%3Djson%26states%3Dlisting HTTP/1.0 200 - python-swiftclient-3.11.1 gAAAAABqLnWpTmF8... - 357 - tx375393c7f8814d019f420-006a2e7615 - 0.0290 - - 1781429781.870987415 1781429781.899980068 0
Jun 14 09:36:21 standalone container-server[127449]: 172.20.0.100 - - [14/Jun/2026:09:36:21 +0000] "GET /d1/294/AUTH_a9a47695f86f49b68ac9b1e01c782c0c/gnocchi.7fd8841f-f268-4071-b2f2-4c1994bb93e3" 200 2 "GET http://172.18.0.2:8080/v1/AUTH_a9a47695f86f49b68ac9b1e01c782c0c/gnocchi.7fd8841f-f268-4071-b2f2-4c1994bb93e3?format=json&marker=none_v3&states=listing" "tx44dd895e5ac74f9097309-006a2e7615" "proxy-server 20" 0.0018 "-" 22 0
Jun 14 09:36:21 standalone proxy-server[129724]: 172.18.0.2 172.18.0.100 14/Jun/2026/09/36/21 GET /v1/AUTH_a9a47695f86f49b68ac9b1e01c782c0c/gnocchi.7fd8841f-f268-4071-b2f2-4c1994bb93e3%3Fformat%3Djson%26marker%3Dnone_v3%26states%3Dlisting HTTP/1.0 200 - python-swiftclient-3.11.1 gAAAAABqLnWpTmF8... - 2 - tx44dd895e5ac74f9097309-006a2e7615 - 0.0152 - - 1781429781.905938864 1781429781.921106577 0
Jun 14 09:36:21 standalone object-server[127680]: 172.20.0.100 - - [14/Jun/2026:09:36:21 +0000] "GET /d1/623/AUTH_a9a47695f86f49b68ac9b1e01c782c0c/gnocchi.7fd8841f-f268-4071-b2f2-4c1994bb93e3/1780920000.0_mean_300.0_v3" 200 16 "GET http://172.18.0.2:8080/v1/AUTH_a9a47695f86f49b68ac9b1e01c782c0c/gnocchi.7fd8841f-f268-4071-b2f2-4c1994bb93e3/1780920000.0_mean_300.0_v3" "tx2a971c5b374b4cf2b8593-006a2e7615" "proxy-server 20" 0.0010 "-" 22 0
Jun 14 09:36:21 standalone proxy-server[129724]: 172.18.0.2 172.18.0.100 14/Jun/2026/09/36/21 GET /v1/AUTH_a9a47695f86f49b68ac9b1e01c782c0c/gnocchi.7fd8841f-f268-4071-b2f2-4c1994bb93e3/1780920000.0_mean_300.0_v3 HTTP/1.0 200 - python-swiftclient-3.11.1 gAAAAABqLnWpTmF8... - 16 - tx2a971c5b374b4cf2b8593-006a2e7615 - 0.0100 - - 1781429781.926085234 1781429781.936118841 0
Jun 14 09:36:21 standalone container-server[127449]: 172.20.0.100 - - [14/Jun/2026:09:36:21 +0000] "PUT /d1/294/AUTH_a9a47695f86f49b68ac9b1e01c782c0c/gnocchi.7fd8841f-f268-4071-b2f2-4c1994bb93e3/1780920000.0_mean_300.0_v3" 201 - "PUT http://172.18.0.2:8080/d1/623/AUTH_a9a47695f86f49b68ac9b1e01c782c0c/gnocchi.7fd8841f-f268-4071-b2f2-4c1994bb93e3/1780920000.0_mean_300.0_v3" "txb7512fe4a5984ab49dcab-006a2e7615" "object-server 23" 0.0006 "-" 22 0
Jun 14 09:36:21 standalone object-server[127687]: 172.20.0.100 - - [14/Jun/2026:09:36:21 +0000] "PUT /d1/623/AUTH_a9a47695f86f49b68ac9b1e01c782c0c/gnocchi.7fd8841f-f268-4071-b2f2-4c1994bb93e3/1780920000.0_mean_300.0_v3" 201 - "PUT http://172.18.0.2:8080/v1/AUTH_a9a47695f86f49b68ac9b1e01c782c0c/gnocchi.7fd8841f-f268-4071-b2f2-4c1994bb93e3/1780920000.0_mean_300.0_v3" "txb7512fe4a5984ab49dcab-006a2e7615" "proxy-server 20" 0.0101 "-" 23 0
Jun 14 09:36:21 standalone proxy-server[129724]: 172.18.0.2 172.18.0.100 14/Jun/2026/09/36/21 PUT /v1/AUTH_a9a47695f86f49b68ac9b1e01c782c0c/gnocchi.7fd8841f-f268-4071-b2f2-4c1994bb93e3/1780920000.0_mean_300.0_v3 HTTP/1.0 201 - python-swiftclient-3.11.1 gAAAAABqLnWpTmF8... 16 - - txb7512fe4a5984ab49dcab-006a2e7615 - 0.0168 - - 1781429781.938544750 1781429781.955313683 0
Jun 14 09:36:21 standalone container-server[127447]: 172.20.0.100 - - [14/Jun/2026:09:36:21 +0000] "PUT /d1/294/AUTH_a9a47695f86f49b68ac9b1e01c782c0c/gnocchi.7fd8841f-f268-4071-b2f2-4c1994bb93e3/none_v3" 201 - "PUT http://172.18.0.2:8080/d1/68/AUTH_a9a47695f86f49b68ac9b1e01c782c0c/gnocchi.7fd8841f-f268-4071-b2f2-4c1994bb93e3/none_v3" "tx9d60bf3aa542437796fd3-006a2e7615" "object-server 22" 0.0009 "-" 21 0
Jun 14 09:36:21 standalone object-server[127680]: 172.20.0.100 - - [14/Jun/2026:09:36:21 +0000] "PUT /d1/68/AUTH_a9a47695f86f49b68ac9b1e01c782c0c/gnocchi.7fd8841f-f268-4071-b2f2-4c1994bb93e3/none_v3" 201 - "PUT http://172.18.0.2:8080/v1/AUTH_a9a47695f86f49b68ac9b1e01c782c0c/gnocchi.7fd8841f-f268-4071-b2f2-4c1994bb93e3/none_v3" "tx9d60bf3aa542437796fd3-006a2e7615" "proxy-server 20" 0.0147 "-" 22 0
Jun 14 09:36:21 standalone proxy-server[129724]: 172.18.0.2 172.18.0.100 14/Jun/2026/09/36/21 PUT /v1/AUTH_a9a47695f86f49b68ac9b1e01c782c0c/gnocchi.7fd8841f-f268-4071-b2f2-4c1994bb93e3/none_v3 HTTP/1.0 201 - python-swiftclient-3.11.1 gAAAAABqLnWpTmF8... 33 - - tx9d60bf3aa542437796fd3-006a2e7615 - 0.0223 - - 1781429781.958394766 1781429781.980657101 0
Jun 14 09:36:22 standalone object-server[127680]: 172.20.0.100 - - [14/Jun/2026:09:36:22 +0000] "GET /d1/689/AUTH_a9a47695f86f49b68ac9b1e01c782c0c/gnocchi.a1818996-261e-4c8e-a0a9-398a0e0d0915/none_v3" 200 22 "GET http://172.18.0.2:8080/v1/AUTH_a9a47695f86f49b68ac9b1e01c782c0c/gnocchi.a1818996-261e-4c8e-a0a9-398a0e0d0915/none_v3" "tx1c2818f336c8478693ba6-006a2e7615" "proxy-server 20" 0.0007 "-" 22 0
Jun 14 09:36:22 standalone proxy-server[129724]: 172.18.0.2 172.18.0.100 14/Jun/2026/09/36/22 GET /v1/AUTH_a9a47695f86f49b68ac9b1e01c782c0c/gnocchi.a1818996-261e-4c8e-a0a9-398a0e0d0915/none_v3 HTTP/1.0 200 - python-swiftclient-3.11.1 gAAAAABqLnWpTmF8... - 22 - tx1c2818f336c8478693ba6-006a2e7615 - 0.0101 - - 1781429781.995193958 1781429782.005322695 0
Jun 14 09:36:22 standalone container-server[127445]: 172.20.0.100 - - [14/Jun/2026:09:36:22 +0000] "GET /d1/180/AUTH_a9a47695f86f49b68ac9b1e01c782c0c/gnocchi.a1818996-261e-4c8e-a0a9-398a0e0d0915" 200 357 "GET http://172.18.0.2:8080/v1/AUTH_a9a47695f86f49b68ac9b1e01c782c0c/gnocchi.a1818996-261e-4c8e-a0a9-398a0e0d0915?format=json&states=listing" "txab2214c9479d49c58e288-006a2e7616" "proxy-server 20" 0.0139 "-" 20 0
Jun 14 09:36:22 standalone proxy-server[129724]: 172.18.0.2 172.18.0.100 14/Jun/2026/09/36/22 GET /v1/AUTH_a9a47695f86f49b68ac9b1e01c782c0c/gnocchi.a1818996-261e-4c8e-a0a9-398a0e0d0915%3Fformat%3Djson%26states%3Dlisting HTTP/1.0 200 - python-swiftclient-3.11.1 gAAAAABqLnWpTmF8... - 357 - txab2214c9479d49c58e288-006a2e7616 - 0.0269 - - 1781429782.010072470 1781429782.036968231 0
Jun 14 09:36:22 standalone container-server[127452]: 172.20.0.100 - - [14/Jun/2026:09:36:22 +0000] "GET /d1/180/AUTH_a9a47695f86f49b68ac9b1e01c782c0c/gnocchi.a1818996-261e-4c8e-a0a9-398a0e0d0915" 200 2 "GET http://172.18.0.2:8080/v1/AUTH_a9a47695f86f49b68ac9b1e01c782c0c/gnocchi.a1818996-261e-4c8e-a0a9-398a0e0d0915?format=json&marker=none_v3&states=listing" "tx59a891a69f9b4a43bf71c-006a2e7616" "proxy-server 20" 0.0021 "-" 23 0
Jun 14 09:36:22 standalone proxy-server[129724]: 172.18.0.2 172.18.0.100 14/Jun/2026/09/36/22 GET /v1/AUTH_a9a47695f86f49b68ac9b1e01c782c0c/gnocchi.a1818996-261e-4c8e-a0a9-398a0e0d0915%3Fformat%3Djson%26marker%3Dnone_v3%26states%3Dlisting HTTP/1.0 200 - python-swiftclient-3.11.1 gAAAAABqLnWpTmF8... - 2 - tx59a891a69f9b4a43bf71c-006a2e7616 - 0.0139 - - 1781429782.041643620 1781429782.055573463 0
Jun 14 09:36:22 standalone object-server[127687]: 172.20.0.100 - - [14/Jun/2026:09:36:22 +0000] "GET /d1/776/AUTH_a9a47695f86f49b68ac9b1e01c782c0c/gnocchi.a1818996-261e-4c8e-a0a9-398a0e0d0915/1780920000.0_mean_300.0_v3" 200 16 "GET http://172.18.0.2:8080/v1/AUTH_a9a47695f86f49b68ac9b1e01c782c0c/gnocchi.a1818996-261e-4c8e-a0a9-398a0e0d0915/1780920000.0_mean_300.0_v3" "tx5b2595d4396449709dcb9-006a2e7616" "proxy-server 20" 0.0011 "-" 23 0
Jun 14 09:36:22 standalone proxy-server[129724]: 172.18.0.2 172.18.0.100 14/Jun/2026/09/36/22 GET /v1/AUTH_a9a47695f86f49b68ac9b1e01c782c0c/gnocchi.a1818996-261e-4c8e-a0a9-398a0e0d0915/1780920000.0_mean_300.0_v3 HTTP/1.0 200 - python-swiftclient-3.11.1 gAAAAABqLnWpTmF8... - 16 - tx5b2595d4396449709dcb9-006a2e7616 - 0.0105 - - 1781429782.059327602 1781429782.069782734 0
Jun 14 09:36:22 standalone container-server[127445]: 172.20.0.100 - - [14/Jun/2026:09:36:22 +0000] "PUT /d1/180/AUTH_a9a47695f86f49b68ac9b1e01c782c0c/gnocchi.a1818996-261e-4c8e-a0a9-398a0e0d0915/1780920000.0_mean_300.0_v3" 201 - "PUT http://172.18.0.2:8080/d1/776/AUTH_a9a47695f86f49b68ac9b1e01c782c0c/gnocchi.a1818996-261e-4c8e-a0a9-398a0e0d0915/1780920000.0_mean_300.0_v3" "txca3bc62bb19b40f1b973c-006a2e7616" "object-server 25" 0.0011 "-" 20 0
Jun 14 09:36:22 standalone object-server[127701]: 172.20.0.100 - - [14/Jun/2026:09:36:22 +0000] "PUT /d1/776/AUTH_a9a47695f86f49b68ac9b1e01c782c0c/gnocchi.a1818996-261e-4c8e-a0a9-398a0e0d0915/1780920000.0_mean_300.0_v3" 201 - "PUT http://172.18.0.2:8080/v1/AUTH_a9a47695f86f49b68ac9b1e01c782c0c/gnocchi.a1818996-261e-4c8e-a0a9-398a0e0d0915/1780920000.0_mean_300.0_v3" "txca3bc62bb19b40f1b973c-006a2e7616" "proxy-server 20" 0.0172 "-" 25 0
Jun 14 09:36:22 standalone proxy-server[129724]: 172.18.0.2 172.18.0.100 14/Jun/2026/09/36/22 PUT /v1/AUTH_a9a47695f86f49b68ac9b1e01c782c0c/gnocchi.a1818996-261e-4c8e-a0a9-398a0e0d0915/1780920000.0_mean_300.0_v3 HTTP/1.0 201 - python-swiftclient-3.11.1 gAAAAABqLnWpTmF8... 16 - - txca3bc62bb19b40f1b973c-006a2e7616 - 0.0300 - - 1781429782.073114395 1781429782.103082657 0
Jun 14 09:36:22 standalone container-server[127447]: 172.20.0.100 - - [14/Jun/2026:09:36:22 +0000] "PUT /d1/180/AUTH_a9a47695f86f49b68ac9b1e01c782c0c/gnocchi.a1818996-261e-4c8e-a0a9-398a0e0d0915/none_v3" 201 - "PUT http://172.18.0.2:8080/d1/689/AUTH_a9a47695f86f49b68ac9b1e01c782c0c/gnocchi.a1818996-261e-4c8e-a0a9-398a0e0d0915/none_v3" "tx86f0cb572002474a9fb93-006a2e7616" "object-server 24" 0.0016 "-" 21 0
Jun 14 09:36:22 standalone object-server[127690]: 172.20.0.100 - - [14/Jun/2026:09:36:22 +0000] "PUT /d1/689/AUTH_a9a47695f86f49b68ac9b1e01c782c0c/gnocchi.a1818996-261e-4c8e-a0a9-398a0e0d0915/none_v3" 201 - "PUT http://172.18.0.2:8080/v1/AUTH_a9a47695f86f49b68ac9b1e01c782c0c/gnocchi.a1818996-261e-4c8e-a0a9-398a0e0d0915/none_v3" "tx86f0cb572002474a9fb93-006a2e7616" "proxy-server 20" 0.0129 "-" 24 0
Jun 14 09:36:22 standalone proxy-server[129724]: 172.18.0.2 172.18.0.100 14/Jun/2026/09/36/22 PUT /v1/AUTH_a9a47695f86f49b68ac9b1e01c782c0c/gnocchi.a1818996-261e-4c8e-a0a9-398a0e0d0915/none_v3 HTTP/1.0 201 - python-swiftclient-3.11.1 gAAAAABqLnWpTmF8... 33 - - tx86f0cb572002474a9fb93-006a2e7616 - 0.0219 - - 1781429782.106085777 1781429782.127999306 0
Jun 14 09:36:26 standalone object-server[127687]: 172.20.0.100 - - [14/Jun/2026:09:36:26 +0000] "GET /d1/257/AUTH_a9a47695f86f49b68ac9b1e01c782c0c/gnocchi.948138fe-449d-4b21-96d1-c83865b34cb9/none_v3" 200 22 "GET http://172.18.0.2:8080/v1/AUTH_a9a47695f86f49b68ac9b1e01c782c0c/gnocchi.948138fe-449d-4b21-96d1-c83865b34cb9/none_v3" "txffb462b1d74a4bc0b47cf-006a2e761a" "proxy-server 20" 0.0017 "-" 23 0
Jun 14 09:36:26 standalone proxy-server[129724]: 172.18.0.2 172.18.0.100 14/Jun/2026/09/36/26 GET /v1/AUTH_a9a47695f86f49b68ac9b1e01c782c0c/gnocchi.948138fe-449d-4b21-96d1-c83865b34cb9/none_v3 HTTP/1.0 200 - python-swiftclient-3.11.1 gAAAAABqLnWpTmF8... - 22 - txffb462b1d74a4bc0b47cf-006a2e761a - 0.0116 - - 1781429786.495106459 1781429786.506755829 0
Jun 14 09:36:26 standalone container-server[127447]: 172.20.0.100 - - [14/Jun/2026:09:36:26 +0000] "GET /d1/399/AUTH_a9a47695f86f49b68ac9b1e01c782c0c/gnocchi.948138fe-449d-4b21-96d1-c83865b34cb9" 200 357 "GET http://172.18.0.2:8080/v1/AUTH_a9a47695f86f49b68ac9b1e01c782c0c/gnocchi.948138fe-449d-4b21-96d1-c83865b34cb9?format=json&states=listing" "txa33241fb742c4fcd921e7-006a2e761a" "proxy-server 20" 0.0182 "-" 21 0
Jun 14 09:36:26 standalone proxy-server[129724]: 172.18.0.2 172.18.0.100 14/Jun/2026/09/36/26 GET /v1/AUTH_a9a47695f86f49b68ac9b1e01c782c0c/gnocchi.948138fe-449d-4b21-96d1-c83865b34cb9%3Fformat%3Djson%26states%3Dlisting HTTP/1.0 200 - python-swiftclient-3.11.1 gAAAAABqLnWpTmF8... - 357 - txa33241fb742c4fcd921e7-006a2e761a - 0.0301 - - 1781429786.513330221 1781429786.543478012 0
Jun 14 09:36:26 standalone container-server[127445]: 172.20.0.100 - - [14/Jun/2026:09:36:26 +0000] "GET /d1/399/AUTH_a9a47695f86f49b68ac9b1e01c782c0c/gnocchi.948138fe-449d-4b21-96d1-c83865b34cb9" 200 2 "GET http://172.18.0.2:8080/v1/AUTH_a9a47695f86f49b68ac9b1e01c782c0c/gnocchi.948138fe-449d-4b21-96d1-c83865b34cb9?format=json&marker=none_v3&states=listing" "tx35f7c3b7619943ff9d3d1-006a2e761a" "proxy-server 20" 0.0026 "-" 20 0
Jun 14 09:36:26 standalone proxy-server[129724]: 172.18.0.2 172.18.0.100 14/Jun/2026/09/36/26 GET /v1/AUTH_a9a47695f86f49b68ac9b1e01c782c0c/gnocchi.948138fe-449d-4b21-96d1-c83865b34cb9%3Fformat%3Djson%26marker%3Dnone_v3%26states%3Dlisting HTTP/1.0 200 - python-swiftclient-3.11.1 gAAAAABqLnWpTmF8... - 2 - tx35f7c3b7619943ff9d3d1-006a2e761a - 0.0114 - - 1781429786.548919201 1781429786.560314178 0
Jun 14 09:36:26 standalone object-server[127687]: 172.20.0.100 - - [14/Jun/2026:09:36:26 +0000] "GET /d1/208/AUTH_a9a47695f86f49b68ac9b1e01c782c0c/gnocchi.948138fe-449d-4b21-96d1-c83865b34cb9/1780920000.0_mean_300.0_v3" 200 16 "GET http://172.18.0.2:8080/v1/AUTH_a9a47695f86f49b68ac9b1e01c782c0c/gnocchi.948138fe-449d-4b21-96d1-c83865b34cb9/1780920000.0_mean_300.0_v3" "txd6c6be02ca6a4dae9cafd-006a2e761a" "proxy-server 20" 0.0011 "-" 23 0
Jun 14 09:36:26 standalone proxy-server[129724]: 172.18.0.2 172.18.0.100 14/Jun/2026/09/36/26 GET /v1/AUTH_a9a47695f86f49b68ac9b1e01c782c0c/gnocchi.948138fe-449d-4b21-96d1-c83865b34cb9/1780920000.0_mean_300.0_v3 HTTP/1.0 200 - python-swiftclient-3.11.1 gAAAAABqLnWpTmF8... - 16 - txd6c6be02ca6a4dae9cafd-006a2e761a - 0.0100 - - 1781429786.565853119 1781429786.575837612 0
Jun 14 09:36:26 standalone container-server[127447]: 172.20.0.100 - - [14/Jun/2026:09:36:26 +0000] "PUT /d1/399/AUTH_a9a47695f86f49b68ac9b1e01c782c0c/gnocchi.948138fe-449d-4b21-96d1-c83865b34cb9/1780920000.0_mean_300.0_v3" 201 - "PUT http://172.18.0.2:8080/d1/208/AUTH_a9a47695f86f49b68ac9b1e01c782c0c/gnocchi.948138fe-449d-4b21-96d1-c83865b34cb9/1780920000.0_mean_300.0_v3" "txccd3f180aa87421dba629-006a2e761a" "object-server 25" 0.0008 "-" 21 0
Jun 14 09:36:26 standalone object-server[127701]: 172.20.0.100 - - [14/Jun/2026:09:36:26 +0000] "PUT /d1/208/AUTH_a9a47695f86f49b68ac9b1e01c782c0c/gnocchi.948138fe-449d-4b21-96d1-c83865b34cb9/1780920000.0_mean_300.0_v3" 201 - "PUT http://172.18.0.2:8080/v1/AUTH_a9a47695f86f49b68ac9b1e01c782c0c/gnocchi.948138fe-449d-4b21-96d1-c83865b34cb9/1780920000.0_mean_300.0_v3" "txccd3f180aa87421dba629-006a2e761a" "proxy-server 20" 0.0124 "-" 25 0
Jun 14 09:36:26 standalone proxy-server[129724]: 172.18.0.2 172.18.0.100 14/Jun/2026/09/36/26 PUT /v1/AUTH_a9a47695f86f49b68ac9b1e01c782c0c/gnocchi.948138fe-449d-4b21-96d1-c83865b34cb9/1780920000.0_mean_300.0_v3 HTTP/1.0 201 - python-swiftclient-3.11.1 gAAAAABqLnWpTmF8... 16 - - txccd3f180aa87421dba629-006a2e761a - 0.0186 - - 1781429786.580864906 1781429786.599438667 0
Jun 14 09:36:26 standalone container-server[127447]: 172.20.0.100 - - [14/Jun/2026:09:36:26 +0000] "PUT /d1/399/AUTH_a9a47695f86f49b68ac9b1e01c782c0c/gnocchi.948138fe-449d-4b21-96d1-c83865b34cb9/none_v3" 201 - "PUT http://172.18.0.2:8080/d1/257/AUTH_a9a47695f86f49b68ac9b1e01c782c0c/gnocchi.948138fe-449d-4b21-96d1-c83865b34cb9/none_v3" "txf63c954084a14e05b5b41-006a2e761a" "object-server 23" 0.0007 "-" 21 0
Jun 14 09:36:26 standalone object-server[127687]: 172.20.0.100 - - [14/Jun/2026:09:36:26 +0000] "PUT /d1/257/AUTH_a9a47695f86f49b68ac9b1e01c782c0c/gnocchi.948138fe-449d-4b21-96d1-c83865b34cb9/none_v3" 201 - "PUT http://172.18.0.2:8080/v1/AUTH_a9a47695f86f49b68ac9b1e01c782c0c/gnocchi.948138fe-449d-4b21-96d1-c83865b34cb9/none_v3" "txf63c954084a14e05b5b41-006a2e761a" "proxy-server 20" 0.0115 "-" 23 0
Jun 14 09:36:26 standalone proxy-server[129724]: 172.18.0.2 172.18.0.100 14/Jun/2026/09/36/26 PUT /v1/AUTH_a9a47695f86f49b68ac9b1e01c782c0c/gnocchi.948138fe-449d-4b21-96d1-c83865b34cb9/none_v3 HTTP/1.0 201 - python-swiftclient-3.11.1 gAAAAABqLnWpTmF8... 32 - - txf63c954084a14e05b5b41-006a2e761a - 0.0186 - - 1781429786.603734255 1781429786.622319221 0
Jun 14 09:36:37 standalone container-server[127449]: 172.20.0.100 - - [14/Jun/2026:09:36:37 +0000] "HEAD /d1/764/AUTH_a9a47695f86f49b68ac9b1e01c782c0c/gnocchi.dbd39009-754c-46dc-bc71-c8d8bbe99bd9" 404 - "HEAD http://172.18.0.2:8080/v1/AUTH_a9a47695f86f49b68ac9b1e01c782c0c/gnocchi.dbd39009-754c-46dc-bc71-c8d8bbe99bd9?format=json&states=listing" "txef1bfecd129640bca8ad7-006a2e7625" "proxy-server 20" 0.0009 "-" 22 0
Jun 14 09:36:37 standalone object-server[127680]: 172.20.0.100 - - [14/Jun/2026:09:36:37 +0000] "GET /d1/768/AUTH_a9a47695f86f49b68ac9b1e01c782c0c/gnocchi.dbd39009-754c-46dc-bc71-c8d8bbe99bd9/none_v3" 404 70 "GET http://172.18.0.2:8080/v1/AUTH_a9a47695f86f49b68ac9b1e01c782c0c/gnocchi.dbd39009-754c-46dc-bc71-c8d8bbe99bd9/none_v3" "txef1bfecd129640bca8ad7-006a2e7625" "proxy-server 20" 0.0006 "-" 22 0
Jun 14 09:36:37 standalone proxy-server[129724]: 172.18.0.2 172.18.0.100 14/Jun/2026/09/36/37 GET /v1/AUTH_a9a47695f86f49b68ac9b1e01c782c0c/gnocchi.dbd39009-754c-46dc-bc71-c8d8bbe99bd9/none_v3 HTTP/1.0 404 - python-swiftclient-3.11.1 gAAAAABqLnWpTmF8... - 70 - txef1bfecd129640bca8ad7-006a2e7625 - 0.0220 - - 1781429797.193844318 1781429797.215826750 0
Jun 14 09:36:37 standalone account-server[127300]: 172.20.0.100 - - [14/Jun/2026:09:36:37 +0000] "PUT /d1/186/AUTH_a9a47695f86f49b68ac9b1e01c782c0c/gnocchi.dbd39009-754c-46dc-bc71-c8d8bbe99bd9" 201 - "PUT http://172.20.0.100:6001/d1/764/AUTH_a9a47695f86f49b68ac9b1e01c782c0c/gnocchi.dbd39009-754c-46dc-bc71-c8d8bbe99bd9" "tx18eb0b892e4c461980df3-006a2e7625" "container-server 22" 0.0137 "-" 21 0
Jun 14 09:36:37 standalone container-server[127449]: 172.20.0.100 - - [14/Jun/2026:09:36:37 +0000] "PUT /d1/764/AUTH_a9a47695f86f49b68ac9b1e01c782c0c/gnocchi.dbd39009-754c-46dc-bc71-c8d8bbe99bd9" 201 - "PUT http://172.18.0.2:8080/v1/AUTH_a9a47695f86f49b68ac9b1e01c782c0c/gnocchi.dbd39009-754c-46dc-bc71-c8d8bbe99bd9" "tx18eb0b892e4c461980df3-006a2e7625" "proxy-server 20" 0.0270 "-" 22 0
Jun 14 09:36:37 standalone proxy-server[129724]: 172.18.0.2 172.18.0.100 14/Jun/2026/09/36/37 PUT /v1/AUTH_a9a47695f86f49b68ac9b1e01c782c0c/gnocchi.dbd39009-754c-46dc-bc71-c8d8bbe99bd9 HTTP/1.0 201 - python-swiftclient-3.11.1 gAAAAABqLnWpTmF8... - - - tx18eb0b892e4c461980df3-006a2e7625 - 0.0339 - - 1781429797.221469164 1781429797.255335331 0
Jun 14 09:36:37 standalone container-server[127452]: 172.20.0.100 - - [14/Jun/2026:09:36:37 +0000] "HEAD /d1/764/AUTH_a9a47695f86f49b68ac9b1e01c782c0c/gnocchi.dbd39009-754c-46dc-bc71-c8d8bbe99bd9" 204 - "HEAD http://172.18.0.2:8080/v1/AUTH_a9a47695f86f49b68ac9b1e01c782c0c/gnocchi.dbd39009-754c-46dc-bc71-c8d8bbe99bd9?format=json&states=listing" "txe9929edc22d246c7ab804-006a2e7625" "proxy-server 20" 0.0016 "-" 23 0
Jun 14 09:36:37 standalone proxy-server[129724]: - - 14/Jun/2026/09/36/37 HEAD /v1/AUTH_a9a47695f86f49b68ac9b1e01c782c0c/gnocchi.dbd39009-754c-46dc-bc71-c8d8bbe99bd9%3Fformat%3Djson%26states%3Dlisting HTTP/1.0 204 - Swift - - - - txe9929edc22d246c7ab804-006a2e7625 - 0.0052 RL - 1781429797.261551619 1781429797.266765356 0
Jun 14 09:36:37 standalone container-server[127447]: 172.20.0.100 - - [14/Jun/2026:09:36:37 +0000] "GET /d1/764/AUTH_a9a47695f86f49b68ac9b1e01c782c0c/gnocchi.dbd39009-754c-46dc-bc71-c8d8bbe99bd9" 200 2 "GET http://172.18.0.2:8080/v1/AUTH_a9a47695f86f49b68ac9b1e01c782c0c/gnocchi.dbd39009-754c-46dc-bc71-c8d8bbe99bd9?format=json&states=listing" "txe9929edc22d246c7ab804-006a2e7625" "proxy-server 20" 0.0021 "-" 21 0
Jun 14 09:36:37 standalone proxy-server[129724]: 172.18.0.2 172.18.0.100 14/Jun/2026/09/36/37 GET /v1/AUTH_a9a47695f86f49b68ac9b1e01c782c0c/gnocchi.dbd39009-754c-46dc-bc71-c8d8bbe99bd9%3Fformat%3Djson%26states%3Dlisting HTTP/1.0 200 - python-swiftclient-3.11.1 gAAAAABqLnWpTmF8... - 2 - txe9929edc22d246c7ab804-006a2e7625 - 0.0149 - - 1781429797.260711908 1781429797.275583982 0
Jun 14 09:36:37 standalone object-server[127701]: 172.20.0.100 - - [14/Jun/2026:09:36:37 +0000] "GET /d1/258/AUTH_a9a47695f86f49b68ac9b1e01c782c0c/gnocchi.dbd39009-754c-46dc-bc71-c8d8bbe99bd9/1780920000.0_mean_300.0_v3" 404 70 "GET http://172.18.0.2:8080/v1/AUTH_a9a47695f86f49b68ac9b1e01c782c0c/gnocchi.dbd39009-754c-46dc-bc71-c8d8bbe99bd9/1780920000.0_mean_300.0_v3" "tx70cb2157626b410092eda-006a2e7625" "proxy-server 20" 0.0006 "-" 25 0
Jun 14 09:36:37 standalone proxy-server[129724]: 172.18.0.2 172.18.0.100 14/Jun/2026/09/36/37 GET /v1/AUTH_a9a47695f86f49b68ac9b1e01c782c0c/gnocchi.dbd39009-754c-46dc-bc71-c8d8bbe99bd9/1780920000.0_mean_300.0_v3 HTTP/1.0 404 - python-swiftclient-3.11.1 gAAAAABqLnWpTmF8... - 70 - tx70cb2157626b410092eda-006a2e7625 - 0.0048 - - 1781429797.282506466 1781429797.287349939 0
Jun 14 09:36:37 standalone container-server[127449]: 172.20.0.100 - - [14/Jun/2026:09:36:37 +0000] "PUT /d1/764/AUTH_a9a47695f86f49b68ac9b1e01c782c0c/gnocchi.dbd39009-754c-46dc-bc71-c8d8bbe99bd9/1780920000.0_mean_300.0_v3" 201 - "PUT http://172.18.0.2:8080/d1/258/AUTH_a9a47695f86f49b68ac9b1e01c782c0c/gnocchi.dbd39009-754c-46dc-bc71-c8d8bbe99bd9/1780920000.0_mean_300.0_v3" "tx75bcb566355a4ca4ae719-006a2e7625" "object-server 25" 0.0009 "-" 22 0
Jun 14 09:36:37 standalone object-server[127701]: 172.20.0.100 - - [14/Jun/2026:09:36:37 +0000] "PUT /d1/258/AUTH_a9a47695f86f49b68ac9b1e01c782c0c/gnocchi.dbd39009-754c-46dc-bc71-c8d8bbe99bd9/1780920000.0_mean_300.0_v3" 201 - "PUT http://172.18.0.2:8080/v1/AUTH_a9a47695f86f49b68ac9b1e01c782c0c/gnocchi.dbd39009-754c-46dc-bc71-c8d8bbe99bd9/1780920000.0_mean_300.0_v3" "tx75bcb566355a4ca4ae719-006a2e7625" "proxy-server 20" 0.0210 "-" 25 0
Jun 14 09:36:37 standalone proxy-server[129724]: 172.18.0.2 172.18.0.100 14/Jun/2026/09/36/37 PUT /v1/AUTH_a9a47695f86f49b68ac9b1e01c782c0c/gnocchi.dbd39009-754c-46dc-bc71-c8d8bbe99bd9/1780920000.0_mean_300.0_v3 HTTP/1.0 201 - python-swiftclient-3.11.1 gAAAAABqLnWpTmF8... 16 - - tx75bcb566355a4ca4ae719-006a2e7625 - 0.0267 - - 1781429797.291284800 1781429797.317985773 0
Jun 14 09:36:37 standalone container-server[127447]: 172.20.0.100 - - [14/Jun/2026:09:36:37 +0000] "PUT /d1/764/AUTH_a9a47695f86f49b68ac9b1e01c782c0c/gnocchi.dbd39009-754c-46dc-bc71-c8d8bbe99bd9/none_v3" 201 - "PUT http://172.18.0.2:8080/d1/768/AUTH_a9a47695f86f49b68ac9b1e01c782c0c/gnocchi.dbd39009-754c-46dc-bc71-c8d8bbe99bd9/none_v3" "txb69d2063359f420a88beb-006a2e7625" "object-server 22" 0.0008 "-" 21 0
Jun 14 09:36:37 standalone object-server[127680]: 172.20.0.100 - - [14/Jun/2026:09:36:37 +0000] "PUT /d1/768/AUTH_a9a47695f86f49b68ac9b1e01c782c0c/gnocchi.dbd39009-754c-46dc-bc71-c8d8bbe99bd9/none_v3" 201 - "PUT http://172.18.0.2:8080/v1/AUTH_a9a47695f86f49b68ac9b1e01c782c0c/gnocchi.dbd39009-754c-46dc-bc71-c8d8bbe99bd9/none_v3" "txb69d2063359f420a88beb-006a2e7625" "proxy-server 20" 0.0124 "-" 22 0
Jun 14 09:36:37 standalone proxy-server[129724]: 172.18.0.2 172.18.0.100 14/Jun/2026/09/36/37 PUT /v1/AUTH_a9a47695f86f49b68ac9b1e01c782c0c/gnocchi.dbd39009-754c-46dc-bc71-c8d8bbe99bd9/none_v3 HTTP/1.0 201 - python-swiftclient-3.11.1 gAAAAABqLnWpTmF8... 22 - - txb69d2063359f420a88beb-006a2e7625 - 0.0226 - - 1781429797.357200623 1781429797.379782438 0
Jun 14 09:36:38 standalone object-server[127690]: 172.20.0.100 - - [14/Jun/2026:09:36:38 +0000] "GET /d1/768/AUTH_a9a47695f86f49b68ac9b1e01c782c0c/gnocchi.dbd39009-754c-46dc-bc71-c8d8bbe99bd9/none_v3" 200 22 "GET http://172.18.0.2:8080/v1/AUTH_a9a47695f86f49b68ac9b1e01c782c0c/gnocchi.dbd39009-754c-46dc-bc71-c8d8bbe99bd9/none_v3" "tx0e1f44d79ed0451a8b086-006a2e7626" "proxy-server 20" 0.0027 "-" 24 0
