Jun 14 09:37:07 standalone proxy-server[129724]: 172.18.0.2 172.18.0.100 14/Jun/2026/09/37/07 GET /v1/AUTH_a9a47695f86f49b68ac9b1e01c782c0c/gnocchi.2a21f3cc-6c99-4720-9e56-29cf5a326de7%3Fformat%3Djson%26states%3Dlisting HTTP/1.0 200 - python-swiftclient-3.11.1 gAAAAABqLnWpTmF8... - 2 - txb90c17e1b67b47ce87c73-006a2e7643 - 0.0181 - - 1781429827.290379286 1781429827.308488131 0
Jun 14 09:37:07 standalone object-server[127690]: 172.20.0.100 - - [14/Jun/2026:09:37:07 +0000] "GET /d1/844/AUTH_a9a47695f86f49b68ac9b1e01c782c0c/gnocchi.2a21f3cc-6c99-4720-9e56-29cf5a326de7/1780920000.0_mean_300.0_v3" 404 70 "GET http://172.18.0.2:8080/v1/AUTH_a9a47695f86f49b68ac9b1e01c782c0c/gnocchi.2a21f3cc-6c99-4720-9e56-29cf5a326de7/1780920000.0_mean_300.0_v3" "txec9dbd8f252a4c7a809fb-006a2e7643" "proxy-server 20" 0.0006 "-" 24 0
Jun 14 09:37:07 standalone proxy-server[129724]: 172.18.0.2 172.18.0.100 14/Jun/2026/09/37/07 GET /v1/AUTH_a9a47695f86f49b68ac9b1e01c782c0c/gnocchi.2a21f3cc-6c99-4720-9e56-29cf5a326de7/1780920000.0_mean_300.0_v3 HTTP/1.0 404 - python-swiftclient-3.11.1 gAAAAABqLnWpTmF8... - 70 - txec9dbd8f252a4c7a809fb-006a2e7643 - 0.0055 - - 1781429827.311940432 1781429827.317419291 0
Jun 14 09:37:07 standalone container-server[127449]: 172.20.0.100 - - [14/Jun/2026:09:37:07 +0000] "PUT /d1/870/AUTH_a9a47695f86f49b68ac9b1e01c782c0c/gnocchi.2a21f3cc-6c99-4720-9e56-29cf5a326de7/1780920000.0_mean_300.0_v3" 201 - "PUT http://172.18.0.2:8080/d1/844/AUTH_a9a47695f86f49b68ac9b1e01c782c0c/gnocchi.2a21f3cc-6c99-4720-9e56-29cf5a326de7/1780920000.0_mean_300.0_v3" "tx7fa59e5e73a741019b4c8-006a2e7643" "object-server 25" 0.0013 "-" 22 0
Jun 14 09:37:07 standalone object-server[127701]: 172.20.0.100 - - [14/Jun/2026:09:37:07 +0000] "PUT /d1/844/AUTH_a9a47695f86f49b68ac9b1e01c782c0c/gnocchi.2a21f3cc-6c99-4720-9e56-29cf5a326de7/1780920000.0_mean_300.0_v3" 201 - "PUT http://172.18.0.2:8080/v1/AUTH_a9a47695f86f49b68ac9b1e01c782c0c/gnocchi.2a21f3cc-6c99-4720-9e56-29cf5a326de7/1780920000.0_mean_300.0_v3" "tx7fa59e5e73a741019b4c8-006a2e7643" "proxy-server 20" 0.0143 "-" 25 0
Jun 14 09:37:07 standalone proxy-server[129724]: 172.18.0.2 172.18.0.100 14/Jun/2026/09/37/07 PUT /v1/AUTH_a9a47695f86f49b68ac9b1e01c782c0c/gnocchi.2a21f3cc-6c99-4720-9e56-29cf5a326de7/1780920000.0_mean_300.0_v3 HTTP/1.0 201 - python-swiftclient-3.11.1 gAAAAABqLnWpTmF8... 16 - - tx7fa59e5e73a741019b4c8-006a2e7643 - 0.0192 - - 1781429827.320509195 1781429827.339691162 0
Jun 14 09:37:07 standalone container-server[127447]: 172.20.0.100 - - [14/Jun/2026:09:37:07 +0000] "PUT /d1/870/AUTH_a9a47695f86f49b68ac9b1e01c782c0c/gnocchi.2a21f3cc-6c99-4720-9e56-29cf5a326de7/none_v3" 201 - "PUT http://172.18.0.2:8080/d1/513/AUTH_a9a47695f86f49b68ac9b1e01c782c0c/gnocchi.2a21f3cc-6c99-4720-9e56-29cf5a326de7/none_v3" "txf72ff6770e8742d4b670d-006a2e7643" "object-server 23" 0.0008 "-" 21 0
Jun 14 09:37:07 standalone object-server[127687]: 172.20.0.100 - - [14/Jun/2026:09:37:07 +0000] "PUT /d1/513/AUTH_a9a47695f86f49b68ac9b1e01c782c0c/gnocchi.2a21f3cc-6c99-4720-9e56-29cf5a326de7/none_v3" 201 - "PUT http://172.18.0.2:8080/v1/AUTH_a9a47695f86f49b68ac9b1e01c782c0c/gnocchi.2a21f3cc-6c99-4720-9e56-29cf5a326de7/none_v3" "txf72ff6770e8742d4b670d-006a2e7643" "proxy-server 20" 0.0124 "-" 23 0
Jun 14 09:37:07 standalone proxy-server[129724]: 172.18.0.2 172.18.0.100 14/Jun/2026/09/37/07 PUT /v1/AUTH_a9a47695f86f49b68ac9b1e01c782c0c/gnocchi.2a21f3cc-6c99-4720-9e56-29cf5a326de7/none_v3 HTTP/1.0 201 - python-swiftclient-3.11.1 gAAAAABqLnWpTmF8... 22 - - txf72ff6770e8742d4b670d-006a2e7643 - 0.0181 - - 1781429827.343681335 1781429827.361756086 0
Jun 14 09:37:07 standalone container-server[127452]: 172.20.0.100 - - [14/Jun/2026:09:37:07 +0000] "HEAD /d1/761/AUTH_a9a47695f86f49b68ac9b1e01c782c0c/gnocchi.0725fe76-c79a-45da-a506-d9c5e199b051" 404 - "HEAD http://172.18.0.2:8080/v1/AUTH_a9a47695f86f49b68ac9b1e01c782c0c/gnocchi.0725fe76-c79a-45da-a506-d9c5e199b051?format=json&states=listing" "txe362eff4c7d34529b04e4-006a2e7643" "proxy-server 20" 0.0006 "-" 23 0
Jun 14 09:37:07 standalone object-server[127680]: 172.20.0.100 - - [14/Jun/2026:09:37:07 +0000] "GET /d1/191/AUTH_a9a47695f86f49b68ac9b1e01c782c0c/gnocchi.0725fe76-c79a-45da-a506-d9c5e199b051/none_v3" 404 70 "GET http://172.18.0.2:8080/v1/AUTH_a9a47695f86f49b68ac9b1e01c782c0c/gnocchi.0725fe76-c79a-45da-a506-d9c5e199b051/none_v3" "txe362eff4c7d34529b04e4-006a2e7643" "proxy-server 20" 0.0004 "-" 22 0
Jun 14 09:37:07 standalone proxy-server[129724]: 172.18.0.2 172.18.0.100 14/Jun/2026/09/37/07 GET /v1/AUTH_a9a47695f86f49b68ac9b1e01c782c0c/gnocchi.0725fe76-c79a-45da-a506-d9c5e199b051/none_v3 HTTP/1.0 404 - python-swiftclient-3.11.1 gAAAAABqLnWpTmF8... - 70 - txe362eff4c7d34529b04e4-006a2e7643 - 0.0131 - - 1781429827.373838425 1781429827.386959553 0
Jun 14 09:37:07 standalone account-server[127310]: 172.20.0.100 - - [14/Jun/2026:09:37:07 +0000] "PUT /d1/186/AUTH_a9a47695f86f49b68ac9b1e01c782c0c/gnocchi.0725fe76-c79a-45da-a506-d9c5e199b051" 201 - "PUT http://172.20.0.100:6001/d1/761/AUTH_a9a47695f86f49b68ac9b1e01c782c0c/gnocchi.0725fe76-c79a-45da-a506-d9c5e199b051" "txe2621cc93cc44f278d553-006a2e7643" "container-server 22" 0.0056 "-" 23 0
Jun 14 09:37:07 standalone container-server[127449]: 172.20.0.100 - - [14/Jun/2026:09:37:07 +0000] "PUT /d1/761/AUTH_a9a47695f86f49b68ac9b1e01c782c0c/gnocchi.0725fe76-c79a-45da-a506-d9c5e199b051" 201 - "PUT http://172.18.0.2:8080/v1/AUTH_a9a47695f86f49b68ac9b1e01c782c0c/gnocchi.0725fe76-c79a-45da-a506-d9c5e199b051" "txe2621cc93cc44f278d553-006a2e7643" "proxy-server 20" 0.0287 "-" 22 0
Jun 14 09:37:07 standalone proxy-server[129724]: 172.18.0.2 172.18.0.100 14/Jun/2026/09/37/07 PUT /v1/AUTH_a9a47695f86f49b68ac9b1e01c782c0c/gnocchi.0725fe76-c79a-45da-a506-d9c5e199b051 HTTP/1.0 201 - python-swiftclient-3.11.1 gAAAAABqLnWpTmF8... - - - txe2621cc93cc44f278d553-006a2e7643 - 0.0485 - - 1781429827.390089512 1781429827.438574076 0
Jun 14 09:37:07 standalone container-server[127445]: 172.20.0.100 - - [14/Jun/2026:09:37:07 +0000] "HEAD /d1/761/AUTH_a9a47695f86f49b68ac9b1e01c782c0c/gnocchi.0725fe76-c79a-45da-a506-d9c5e199b051" 204 - "HEAD http://172.18.0.2:8080/v1/AUTH_a9a47695f86f49b68ac9b1e01c782c0c/gnocchi.0725fe76-c79a-45da-a506-d9c5e199b051?format=json&states=listing" "txf01c317cdce74b639174f-006a2e7643" "proxy-server 20" 0.0014 "-" 20 0
Jun 14 09:37:07 standalone proxy-server[129724]: - - 14/Jun/2026/09/37/07 HEAD /v1/AUTH_a9a47695f86f49b68ac9b1e01c782c0c/gnocchi.0725fe76-c79a-45da-a506-d9c5e199b051%3Fformat%3Djson%26states%3Dlisting HTTP/1.0 204 - Swift - - - - txf01c317cdce74b639174f-006a2e7643 - 0.0058 RL - 1781429827.446279049 1781429827.452063799 0
Jun 14 09:37:07 standalone container-server[127445]: 172.20.0.100 - - [14/Jun/2026:09:37:07 +0000] "GET /d1/761/AUTH_a9a47695f86f49b68ac9b1e01c782c0c/gnocchi.0725fe76-c79a-45da-a506-d9c5e199b051" 200 2 "GET http://172.18.0.2:8080/v1/AUTH_a9a47695f86f49b68ac9b1e01c782c0c/gnocchi.0725fe76-c79a-45da-a506-d9c5e199b051?format=json&states=listing" "txf01c317cdce74b639174f-006a2e7643" "proxy-server 20" 0.0041 "-" 20 0
Jun 14 09:37:07 standalone proxy-server[129724]: 172.18.0.2 172.18.0.100 14/Jun/2026/09/37/07 GET /v1/AUTH_a9a47695f86f49b68ac9b1e01c782c0c/gnocchi.0725fe76-c79a-45da-a506-d9c5e199b051%3Fformat%3Djson%26states%3Dlisting HTTP/1.0 200 - python-swiftclient-3.11.1 gAAAAABqLnWpTmF8... - 2 - txf01c317cdce74b639174f-006a2e7643 - 0.0268 - - 1781429827.444785595 1781429827.471566916 0
Jun 14 09:37:07 standalone object-server[127701]: 172.20.0.100 - - [14/Jun/2026:09:37:07 +0000] "GET /d1/1005/AUTH_a9a47695f86f49b68ac9b1e01c782c0c/gnocchi.0725fe76-c79a-45da-a506-d9c5e199b051/1780920000.0_mean_300.0_v3" 404 70 "GET http://172.18.0.2:8080/v1/AUTH_a9a47695f86f49b68ac9b1e01c782c0c/gnocchi.0725fe76-c79a-45da-a506-d9c5e199b051/1780920000.0_mean_300.0_v3" "tx07801e6d74d74dd0bcd6b-006a2e7643" "proxy-server 20" 0.0004 "-" 25 0
Jun 14 09:37:07 standalone proxy-server[129724]: 172.18.0.2 172.18.0.100 14/Jun/2026/09/37/07 GET /v1/AUTH_a9a47695f86f49b68ac9b1e01c782c0c/gnocchi.0725fe76-c79a-45da-a506-d9c5e199b051/1780920000.0_mean_300.0_v3 HTTP/1.0 404 - python-swiftclient-3.11.1 gAAAAABqLnWpTmF8... - 70 - tx07801e6d74d74dd0bcd6b-006a2e7643 - 0.0081 - - 1781429827.477606297 1781429827.485716343 0
Jun 14 09:37:07 standalone container-server[127447]: 172.20.0.100 - - [14/Jun/2026:09:37:07 +0000] "PUT /d1/761/AUTH_a9a47695f86f49b68ac9b1e01c782c0c/gnocchi.0725fe76-c79a-45da-a506-d9c5e199b051/1780920000.0_mean_300.0_v3" 201 - "PUT http://172.18.0.2:8080/d1/1005/AUTH_a9a47695f86f49b68ac9b1e01c782c0c/gnocchi.0725fe76-c79a-45da-a506-d9c5e199b051/1780920000.0_mean_300.0_v3" "txd7f598de7b414a38912d4-006a2e7643" "object-server 23" 0.0011 "-" 21 0
Jun 14 09:37:07 standalone object-server[127687]: 172.20.0.100 - - [14/Jun/2026:09:37:07 +0000] "PUT /d1/1005/AUTH_a9a47695f86f49b68ac9b1e01c782c0c/gnocchi.0725fe76-c79a-45da-a506-d9c5e199b051/1780920000.0_mean_300.0_v3" 201 - "PUT http://172.18.0.2:8080/v1/AUTH_a9a47695f86f49b68ac9b1e01c782c0c/gnocchi.0725fe76-c79a-45da-a506-d9c5e199b051/1780920000.0_mean_300.0_v3" "txd7f598de7b414a38912d4-006a2e7643" "proxy-server 20" 0.0279 "-" 23 0
Jun 14 09:37:07 standalone proxy-server[129724]: 172.18.0.2 172.18.0.100 14/Jun/2026/09/37/07 PUT /v1/AUTH_a9a47695f86f49b68ac9b1e01c782c0c/gnocchi.0725fe76-c79a-45da-a506-d9c5e199b051/1780920000.0_mean_300.0_v3 HTTP/1.0 201 - python-swiftclient-3.11.1 gAAAAABqLnWpTmF8... 16 - - txd7f598de7b414a38912d4-006a2e7643 - 0.0353 - - 1781429827.492630243 1781429827.527915716 0
Jun 14 09:37:07 standalone container-server[127447]: 172.20.0.100 - - [14/Jun/2026:09:37:07 +0000] "PUT /d1/761/AUTH_a9a47695f86f49b68ac9b1e01c782c0c/gnocchi.0725fe76-c79a-45da-a506-d9c5e199b051/none_v3" 201 - "PUT http://172.18.0.2:8080/d1/191/AUTH_a9a47695f86f49b68ac9b1e01c782c0c/gnocchi.0725fe76-c79a-45da-a506-d9c5e199b051/none_v3" "tx23b99d13d49f452e92488-006a2e7643" "object-server 24" 0.0006 "-" 21 0
Jun 14 09:37:07 standalone object-server[127690]: 172.20.0.100 - - [14/Jun/2026:09:37:07 +0000] "PUT /d1/191/AUTH_a9a47695f86f49b68ac9b1e01c782c0c/gnocchi.0725fe76-c79a-45da-a506-d9c5e199b051/none_v3" 201 - "PUT http://172.18.0.2:8080/v1/AUTH_a9a47695f86f49b68ac9b1e01c782c0c/gnocchi.0725fe76-c79a-45da-a506-d9c5e199b051/none_v3" "tx23b99d13d49f452e92488-006a2e7643" "proxy-server 20" 0.0141 "-" 24 0
Jun 14 09:37:07 standalone proxy-server[129724]: 172.18.0.2 172.18.0.100 14/Jun/2026/09/37/07 PUT /v1/AUTH_a9a47695f86f49b68ac9b1e01c782c0c/gnocchi.0725fe76-c79a-45da-a506-d9c5e199b051/none_v3 HTTP/1.0 201 - python-swiftclient-3.11.1 gAAAAABqLnWpTmF8... 22 - - tx23b99d13d49f452e92488-006a2e7643 - 0.0217 - - 1781429827.531702280 1781429827.553416491 0
Jun 14 09:37:13 standalone container-server[127449]: 172.20.0.100 - - [14/Jun/2026:09:37:13 +0000] "HEAD /d1/965/AUTH_a9a47695f86f49b68ac9b1e01c782c0c/gnocchi.dab562c6-8716-41dd-bccb-42ea3f239d25" 404 - "HEAD http://172.18.0.2:8080/v1/AUTH_a9a47695f86f49b68ac9b1e01c782c0c/gnocchi.dab562c6-8716-41dd-bccb-42ea3f239d25?format=json&states=listing" "tx2a84cd9abda843ad89425-006a2e7649" "proxy-server 20" 0.0005 "-" 22 0
Jun 14 09:37:13 standalone object-server[127680]: 172.20.0.100 - - [14/Jun/2026:09:37:13 +0000] "GET /d1/385/AUTH_a9a47695f86f49b68ac9b1e01c782c0c/gnocchi.dab562c6-8716-41dd-bccb-42ea3f239d25/none_v3" 404 70 "GET http://172.18.0.2:8080/v1/AUTH_a9a47695f86f49b68ac9b1e01c782c0c/gnocchi.dab562c6-8716-41dd-bccb-42ea3f239d25/none_v3" "tx2a84cd9abda843ad89425-006a2e7649" "proxy-server 20" 0.0010 "-" 22 0
Jun 14 09:37:13 standalone proxy-server[129724]: 172.18.0.2 172.18.0.100 14/Jun/2026/09/37/13 GET /v1/AUTH_a9a47695f86f49b68ac9b1e01c782c0c/gnocchi.dab562c6-8716-41dd-bccb-42ea3f239d25/none_v3 HTTP/1.0 404 - python-swiftclient-3.11.1 gAAAAABqLnWpTmF8... - 70 - tx2a84cd9abda843ad89425-006a2e7649 - 0.0136 - - 1781429833.186528921 1781429833.200120211 0
Jun 14 09:37:13 standalone account-server[127310]: 172.20.0.100 - - [14/Jun/2026:09:37:13 +0000] "PUT /d1/186/AUTH_a9a47695f86f49b68ac9b1e01c782c0c/gnocchi.dab562c6-8716-41dd-bccb-42ea3f239d25" 201 - "PUT http://172.20.0.100:6001/d1/965/AUTH_a9a47695f86f49b68ac9b1e01c782c0c/gnocchi.dab562c6-8716-41dd-bccb-42ea3f239d25" "tx5577a84709de49ac8a8f5-006a2e7649" "container-server 20" 0.0047 "-" 23 0
Jun 14 09:37:13 standalone container-server[127445]: 172.20.0.100 - - [14/Jun/2026:09:37:13 +0000] "PUT /d1/965/AUTH_a9a47695f86f49b68ac9b1e01c782c0c/gnocchi.dab562c6-8716-41dd-bccb-42ea3f239d25" 201 - "PUT http://172.18.0.2:8080/v1/AUTH_a9a47695f86f49b68ac9b1e01c782c0c/gnocchi.dab562c6-8716-41dd-bccb-42ea3f239d25" "tx5577a84709de49ac8a8f5-006a2e7649" "proxy-server 20" 0.0198 "-" 20 0
Jun 14 09:37:13 standalone proxy-server[129724]: 172.18.0.2 172.18.0.100 14/Jun/2026/09/37/13 PUT /v1/AUTH_a9a47695f86f49b68ac9b1e01c782c0c/gnocchi.dab562c6-8716-41dd-bccb-42ea3f239d25 HTTP/1.0 201 - python-swiftclient-3.11.1 gAAAAABqLnWpTmF8... - - - tx5577a84709de49ac8a8f5-006a2e7649 - 0.0259 - - 1781429833.205534935 1781429833.231465101 0
Jun 14 09:37:13 standalone container-server[127447]: 172.20.0.100 - - [14/Jun/2026:09:37:13 +0000] "HEAD /d1/965/AUTH_a9a47695f86f49b68ac9b1e01c782c0c/gnocchi.dab562c6-8716-41dd-bccb-42ea3f239d25" 204 - "HEAD http://172.18.0.2:8080/v1/AUTH_a9a47695f86f49b68ac9b1e01c782c0c/gnocchi.dab562c6-8716-41dd-bccb-42ea3f239d25?format=json&states=listing" "tx441e2f8608aa4109a435d-006a2e7649" "proxy-server 20" 0.0015 "-" 21 0
Jun 14 09:37:13 standalone proxy-server[129724]: - - 14/Jun/2026/09/37/13 HEAD /v1/AUTH_a9a47695f86f49b68ac9b1e01c782c0c/gnocchi.dab562c6-8716-41dd-bccb-42ea3f239d25%3Fformat%3Djson%26states%3Dlisting HTTP/1.0 204 - Swift - - - - tx441e2f8608aa4109a435d-006a2e7649 - 0.0066 RL - 1781429833.237637520 1781429833.244224787 0
Jun 14 09:37:13 standalone container-server[127445]: 172.20.0.100 - - [14/Jun/2026:09:37:13 +0000] "GET /d1/965/AUTH_a9a47695f86f49b68ac9b1e01c782c0c/gnocchi.dab562c6-8716-41dd-bccb-42ea3f239d25" 200 2 "GET http://172.18.0.2:8080/v1/AUTH_a9a47695f86f49b68ac9b1e01c782c0c/gnocchi.dab562c6-8716-41dd-bccb-42ea3f239d25?format=json&states=listing" "tx441e2f8608aa4109a435d-006a2e7649" "proxy-server 20" 0.0023 "-" 20 0
Jun 14 09:37:13 standalone proxy-server[129724]: 172.18.0.2 172.18.0.100 14/Jun/2026/09/37/13 GET /v1/AUTH_a9a47695f86f49b68ac9b1e01c782c0c/gnocchi.dab562c6-8716-41dd-bccb-42ea3f239d25%3Fformat%3Djson%26states%3Dlisting HTTP/1.0 200 - python-swiftclient-3.11.1 gAAAAABqLnWpTmF8... - 2 - tx441e2f8608aa4109a435d-006a2e7649 - 0.0179 - - 1781429833.236383677 1781429833.254245520 0
Jun 14 09:37:13 standalone object-server[127687]: 172.20.0.100 - - [14/Jun/2026:09:37:13 +0000] "GET /d1/558/AUTH_a9a47695f86f49b68ac9b1e01c782c0c/gnocchi.dab562c6-8716-41dd-bccb-42ea3f239d25/1780920000.0_mean_300.0_v3" 404 70 "GET http://172.18.0.2:8080/v1/AUTH_a9a47695f86f49b68ac9b1e01c782c0c/gnocchi.dab562c6-8716-41dd-bccb-42ea3f239d25/1780920000.0_mean_300.0_v3" "tx054327d547a4493aaa1de-006a2e7649" "proxy-server 20" 0.0004 "-" 23 0
Jun 14 09:37:13 standalone proxy-server[129724]: 172.18.0.2 172.18.0.100 14/Jun/2026/09/37/13 GET /v1/AUTH_a9a47695f86f49b68ac9b1e01c782c0c/gnocchi.dab562c6-8716-41dd-bccb-42ea3f239d25/1780920000.0_mean_300.0_v3 HTTP/1.0 404 - python-swiftclient-3.11.1 gAAAAABqLnWpTmF8... - 70 - tx054327d547a4493aaa1de-006a2e7649 - 0.0068 - - 1781429833.263822556 1781429833.270671606 0
Jun 14 09:37:13 standalone container-server[127452]: 172.20.0.100 - - [14/Jun/2026:09:37:13 +0000] "PUT /d1/965/AUTH_a9a47695f86f49b68ac9b1e01c782c0c/gnocchi.dab562c6-8716-41dd-bccb-42ea3f239d25/1780920000.0_mean_300.0_v3" 201 - "PUT http://172.18.0.2:8080/d1/558/AUTH_a9a47695f86f49b68ac9b1e01c782c0c/gnocchi.dab562c6-8716-41dd-bccb-42ea3f239d25/1780920000.0_mean_300.0_v3" "txb809fca2cd154950b6abe-006a2e7649" "object-server 23" 0.0011 "-" 23 0
Jun 14 09:37:13 standalone object-server[127687]: 172.20.0.100 - - [14/Jun/2026:09:37:13 +0000] "PUT /d1/558/AUTH_a9a47695f86f49b68ac9b1e01c782c0c/gnocchi.dab562c6-8716-41dd-bccb-42ea3f239d25/1780920000.0_mean_300.0_v3" 201 - "PUT http://172.18.0.2:8080/v1/AUTH_a9a47695f86f49b68ac9b1e01c782c0c/gnocchi.dab562c6-8716-41dd-bccb-42ea3f239d25/1780920000.0_mean_300.0_v3" "txb809fca2cd154950b6abe-006a2e7649" "proxy-server 20" 0.0156 "-" 23 0
Jun 14 09:37:13 standalone proxy-server[129724]: 172.18.0.2 172.18.0.100 14/Jun/2026/09/37/13 PUT /v1/AUTH_a9a47695f86f49b68ac9b1e01c782c0c/gnocchi.dab562c6-8716-41dd-bccb-42ea3f239d25/1780920000.0_mean_300.0_v3 HTTP/1.0 201 - python-swiftclient-3.11.1 gAAAAABqLnWpTmF8... 16 - - txb809fca2cd154950b6abe-006a2e7649 - 0.0227 - - 1781429833.278585196 1781429833.301328421 0
Jun 14 09:37:13 standalone container-server[127445]: 172.20.0.100 - - [14/Jun/2026:09:37:13 +0000] "PUT /d1/965/AUTH_a9a47695f86f49b68ac9b1e01c782c0c/gnocchi.dab562c6-8716-41dd-bccb-42ea3f239d25/none_v3" 201 - "PUT http://172.18.0.2:8080/d1/385/AUTH_a9a47695f86f49b68ac9b1e01c782c0c/gnocchi.dab562c6-8716-41dd-bccb-42ea3f239d25/none_v3" "txdba0bd5555b14da083f53-006a2e7649" "object-server 23" 0.0006 "-" 20 0
Jun 14 09:37:13 standalone object-server[127687]: 172.20.0.100 - - [14/Jun/2026:09:37:13 +0000] "PUT /d1/385/AUTH_a9a47695f86f49b68ac9b1e01c782c0c/gnocchi.dab562c6-8716-41dd-bccb-42ea3f239d25/none_v3" 201 - "PUT http://172.18.0.2:8080/v1/AUTH_a9a47695f86f49b68ac9b1e01c782c0c/gnocchi.dab562c6-8716-41dd-bccb-42ea3f239d25/none_v3" "txdba0bd5555b14da083f53-006a2e7649" "proxy-server 20" 0.0098 "-" 23 0
Jun 14 09:37:13 standalone proxy-server[129724]: 172.18.0.2 172.18.0.100 14/Jun/2026/09/37/13 PUT /v1/AUTH_a9a47695f86f49b68ac9b1e01c782c0c/gnocchi.dab562c6-8716-41dd-bccb-42ea3f239d25/none_v3 HTTP/1.0 201 - python-swiftclient-3.11.1 gAAAAABqLnWpTmF8... 22 - - txdba0bd5555b14da083f53-006a2e7649 - 0.0158 - - 1781429833.305207253 1781429833.320996523 0
Jun 14 09:37:18 standalone object-server[127690]: 172.20.0.100 - - [14/Jun/2026:09:37:18 +0000] "GET /d1/385/AUTH_a9a47695f86f49b68ac9b1e01c782c0c/gnocchi.dab562c6-8716-41dd-bccb-42ea3f239d25/none_v3" 200 22 "GET http://172.18.0.2:8080/v1/AUTH_a9a47695f86f49b68ac9b1e01c782c0c/gnocchi.dab562c6-8716-41dd-bccb-42ea3f239d25/none_v3" "tx43fe44b1736146fc8122b-006a2e764e" "proxy-server 20" 0.0016 "-" 24 0
Jun 14 09:37:18 standalone proxy-server[129724]: 172.18.0.2 172.18.0.100 14/Jun/2026/09/37/18 GET /v1/AUTH_a9a47695f86f49b68ac9b1e01c782c0c/gnocchi.dab562c6-8716-41dd-bccb-42ea3f239d25/none_v3 HTTP/1.0 200 - python-swiftclient-3.11.1 gAAAAABqLnWpTmF8... - 22 - tx43fe44b1736146fc8122b-006a2e764e - 0.0100 - - 1781429838.675311565 1781429838.685313225 0
Jun 14 09:37:18 standalone container-server[127449]: 172.20.0.100 - - [14/Jun/2026:09:37:18 +0000] "GET /d1/965/AUTH_a9a47695f86f49b68ac9b1e01c782c0c/gnocchi.dab562c6-8716-41dd-bccb-42ea3f239d25" 200 357 "GET http://172.18.0.2:8080/v1/AUTH_a9a47695f86f49b68ac9b1e01c782c0c/gnocchi.dab562c6-8716-41dd-bccb-42ea3f239d25?format=json&states=listing" "txe4611910d88044d293ef0-006a2e764e" "proxy-server 20" 0.0096 "-" 22 0
Jun 14 09:37:18 standalone proxy-server[129724]: 172.18.0.2 172.18.0.100 14/Jun/2026/09/37/18 GET /v1/AUTH_a9a47695f86f49b68ac9b1e01c782c0c/gnocchi.dab562c6-8716-41dd-bccb-42ea3f239d25%3Fformat%3Djson%26states%3Dlisting HTTP/1.0 200 - python-swiftclient-3.11.1 gAAAAABqLnWpTmF8... - 357 - txe4611910d88044d293ef0-006a2e764e - 0.0173 - - 1781429838.690933228 1781429838.708260775 0
Jun 14 09:37:18 standalone container-server[127445]: 172.20.0.100 - - [14/Jun/2026:09:37:18 +0000] "GET /d1/965/AUTH_a9a47695f86f49b68ac9b1e01c782c0c/gnocchi.dab562c6-8716-41dd-bccb-42ea3f239d25" 200 2 "GET http://172.18.0.2:8080/v1/AUTH_a9a47695f86f49b68ac9b1e01c782c0c/gnocchi.dab562c6-8716-41dd-bccb-42ea3f239d25?format=json&marker=none_v3&states=listing" "tx991d4dd2601f4a038cd66-006a2e764e" "proxy-server 20" 0.0029 "-" 20 0
Jun 14 09:37:18 standalone proxy-server[129724]: 172.18.0.2 172.18.0.100 14/Jun/2026/09/37/18 GET /v1/AUTH_a9a47695f86f49b68ac9b1e01c782c0c/gnocchi.dab562c6-8716-41dd-bccb-42ea3f239d25%3Fformat%3Djson%26marker%3Dnone_v3%26states%3Dlisting HTTP/1.0 200 - python-swiftclient-3.11.1 gAAAAABqLnWpTmF8... - 2 - tx991d4dd2601f4a038cd66-006a2e764e - 0.0100 - - 1781429838.711609364 1781429838.721584082 0
Jun 14 09:37:18 standalone object-server[127680]: 172.20.0.100 - - [14/Jun/2026:09:37:18 +0000] "GET /d1/558/AUTH_a9a47695f86f49b68ac9b1e01c782c0c/gnocchi.dab562c6-8716-41dd-bccb-42ea3f239d25/1780920000.0_mean_300.0_v3" 200 16 "GET http://172.18.0.2:8080/v1/AUTH_a9a47695f86f49b68ac9b1e01c782c0c/gnocchi.dab562c6-8716-41dd-bccb-42ea3f239d25/1780920000.0_mean_300.0_v3" "txece83604c20d463ab6a6b-006a2e764e" "proxy-server 20" 0.0012 "-" 22 0
Jun 14 09:37:18 standalone proxy-server[129724]: 172.18.0.2 172.18.0.100 14/Jun/2026/09/37/18 GET /v1/AUTH_a9a47695f86f49b68ac9b1e01c782c0c/gnocchi.dab562c6-8716-41dd-bccb-42ea3f239d25/1780920000.0_mean_300.0_v3 HTTP/1.0 200 - python-swiftclient-3.11.1 gAAAAABqLnWpTmF8... - 16 - txece83604c20d463ab6a6b-006a2e764e - 0.0093 - - 1781429838.732410669 1781429838.741681337 0
Jun 14 09:37:18 standalone container-server[127447]: 172.20.0.100 - - [14/Jun/2026:09:37:18 +0000] "PUT /d1/965/AUTH_a9a47695f86f49b68ac9b1e01c782c0c/gnocchi.dab562c6-8716-41dd-bccb-42ea3f239d25/1780920000.0_mean_300.0_v3" 201 - "PUT http://172.18.0.2:8080/d1/558/AUTH_a9a47695f86f49b68ac9b1e01c782c0c/gnocchi.dab562c6-8716-41dd-bccb-42ea3f239d25/1780920000.0_mean_300.0_v3" "tx1a0b59470a4542b682581-006a2e764e" "object-server 25" 0.0010 "-" 21 0
Jun 14 09:37:18 standalone object-server[127701]: 172.20.0.100 - - [14/Jun/2026:09:37:18 +0000] "PUT /d1/558/AUTH_a9a47695f86f49b68ac9b1e01c782c0c/gnocchi.dab562c6-8716-41dd-bccb-42ea3f239d25/1780920000.0_mean_300.0_v3" 201 - "PUT http://172.18.0.2:8080/v1/AUTH_a9a47695f86f49b68ac9b1e01c782c0c/gnocchi.dab562c6-8716-41dd-bccb-42ea3f239d25/1780920000.0_mean_300.0_v3" "tx1a0b59470a4542b682581-006a2e764e" "proxy-server 20" 0.0124 "-" 25 0
Jun 14 09:37:18 standalone proxy-server[129724]: 172.18.0.2 172.18.0.100 14/Jun/2026/09/37/18 PUT /v1/AUTH_a9a47695f86f49b68ac9b1e01c782c0c/gnocchi.dab562c6-8716-41dd-bccb-42ea3f239d25/1780920000.0_mean_300.0_v3 HTTP/1.0 201 - python-swiftclient-3.11.1 gAAAAABqLnWpTmF8... 16 - - tx1a0b59470a4542b682581-006a2e764e - 0.0188 - - 1781429838.746892214 1781429838.765661478 0
Jun 14 09:37:18 standalone container-server[127452]: 172.20.0.100 - - [14/Jun/2026:09:37:18 +0000] "PUT /d1/965/AUTH_a9a47695f86f49b68ac9b1e01c782c0c/gnocchi.dab562c6-8716-41dd-bccb-42ea3f239d25/none_v3" 201 - "PUT http://172.18.0.2:8080/d1/385/AUTH_a9a47695f86f49b68ac9b1e01c782c0c/gnocchi.dab562c6-8716-41dd-bccb-42ea3f239d25/none_v3" "txb3bc3d9ffbfc46b0b9fae-006a2e764e" "object-server 25" 0.0008 "-" 23 0
Jun 14 09:37:18 standalone object-server[127701]: 172.20.0.100 - - [14/Jun/2026:09:37:18 +0000] "PUT /d1/385/AUTH_a9a47695f86f49b68ac9b1e01c782c0c/gnocchi.dab562c6-8716-41dd-bccb-42ea3f239d25/none_v3" 201 - "PUT http://172.18.0.2:8080/v1/AUTH_a9a47695f86f49b68ac9b1e01c782c0c/gnocchi.dab562c6-8716-41dd-bccb-42ea3f239d25/none_v3" "txb3bc3d9ffbfc46b0b9fae-006a2e764e" "proxy-server 20" 0.0109 "-" 25 0
Jun 14 09:37:18 standalone proxy-server[129724]: 172.18.0.2 172.18.0.100 14/Jun/2026/09/37/18 PUT /v1/AUTH_a9a47695f86f49b68ac9b1e01c782c0c/gnocchi.dab562c6-8716-41dd-bccb-42ea3f239d25/none_v3 HTTP/1.0 201 - python-swiftclient-3.11.1 gAAAAABqLnWpTmF8... 32 - - txb3bc3d9ffbfc46b0b9fae-006a2e764e - 0.0187 - - 1781429838.770047903 1781429838.788717270 0
Jun 14 09:37:51 standalone account-server[127300]: 172.20.0.100 - - [14/Jun/2026:09:37:51 +0000] "HEAD /d1/186/AUTH_a9a47695f86f49b68ac9b1e01c782c0c" 204 - "HEAD http://172.18.0.2:8080/v1/AUTH_a9a47695f86f49b68ac9b1e01c782c0c?format=json" "txff39c442d1214971890ef-006a2e766f" "proxy-server 20" 0.0101 "-" 21 -
Jun 14 09:37:51 standalone proxy-server[129724]: - - 14/Jun/2026/09/37/51 HEAD /v1/AUTH_a9a47695f86f49b68ac9b1e01c782c0c%3Fformat%3Djson HTTP/1.0 204 - Swift - - - - txff39c442d1214971890ef-006a2e766f - 0.0184 RL - 1781429871.825645208 1781429871.844087362 -
Jun 14 09:37:51 standalone container-server[127449]: 172.20.0.100 - - [14/Jun/2026:09:37:51 +0000] "HEAD /d1/468/AUTH_a9a47695f86f49b68ac9b1e01c782c0c/gnocchi.10b24573-31e1-47de-82e5-4ec9edbc8d1b" 404 - "HEAD http://172.18.0.2:8080/v1/AUTH_a9a47695f86f49b68ac9b1e01c782c0c/gnocchi.10b24573-31e1-47de-82e5-4ec9edbc8d1b?format=json&states=listing" "txff39c442d1214971890ef-006a2e766f" "proxy-server 20" 0.0016 "-" 22 0
Jun 14 09:37:51 standalone object-server[127680]: 172.20.0.100 - - [14/Jun/2026:09:37:51 +0000] "GET /d1/89/AUTH_a9a47695f86f49b68ac9b1e01c782c0c/gnocchi.10b24573-31e1-47de-82e5-4ec9edbc8d1b/none_v3" 404 70 "GET http://172.18.0.2:8080/v1/AUTH_a9a47695f86f49b68ac9b1e01c782c0c/gnocchi.10b24573-31e1-47de-82e5-4ec9edbc8d1b/none_v3" "txff39c442d1214971890ef-006a2e766f" "proxy-server 20" 0.0013 "-" 22 0
Jun 14 09:37:51 standalone proxy-server[129724]: 172.18.0.2 172.18.0.100 14/Jun/2026/09/37/51 GET /v1/AUTH_a9a47695f86f49b68ac9b1e01c782c0c/gnocchi.10b24573-31e1-47de-82e5-4ec9edbc8d1b/none_v3 HTTP/1.0 404 - python-swiftclient-3.11.1 gAAAAABqLnWpTmF8... - 70 - txff39c442d1214971890ef-006a2e766f - 0.0434 - - 1781429871.824307680 1781429871.867668152 0
Jun 14 09:37:51 standalone account-server[127306]: 172.20.0.100 - - [14/Jun/2026:09:37:51 +0000] "PUT /d1/186/AUTH_a9a47695f86f49b68ac9b1e01c782c0c/gnocchi.10b24573-31e1-47de-82e5-4ec9edbc8d1b" 201 - "PUT http://172.20.0.100:6001/d1/468/AUTH_a9a47695f86f49b68ac9b1e01c782c0c/gnocchi.10b24573-31e1-47de-82e5-4ec9edbc8d1b" "txbadf624e81134a5186438-006a2e766f" "container-server 22" 0.0024 "-" 22 0
Jun 14 09:37:51 standalone container-server[127449]: 172.20.0.100 - - [14/Jun/2026:09:37:51 +0000] "PUT /d1/468/AUTH_a9a47695f86f49b68ac9b1e01c782c0c/gnocchi.10b24573-31e1-47de-82e5-4ec9edbc8d1b" 201 - "PUT http://172.18.0.2:8080/v1/AUTH_a9a47695f86f49b68ac9b1e01c782c0c/gnocchi.10b24573-31e1-47de-82e5-4ec9edbc8d1b" "txbadf624e81134a5186438-006a2e766f" "proxy-server 20" 0.0272 "-" 22 0
Jun 14 09:37:51 standalone proxy-server[129724]: 172.18.0.2 172.18.0.100 14/Jun/2026/09/37/51 PUT /v1/AUTH_a9a47695f86f49b68ac9b1e01c782c0c/gnocchi.10b24573-31e1-47de-82e5-4ec9edbc8d1b HTTP/1.0 201 - python-swiftclient-3.11.1 gAAAAABqLnWpTmF8... - - - txbadf624e81134a5186438-006a2e766f - 0.0368 - - 1781429871.873677492 1781429871.910496712 0
Jun 14 09:37:51 standalone container-server[127447]: 172.20.0.100 - - [14/Jun/2026:09:37:51 +0000] "HEAD /d1/468/AUTH_a9a47695f86f49b68ac9b1e01c782c0c/gnocchi.10b24573-31e1-47de-82e5-4ec9edbc8d1b" 204 - "HEAD http://172.18.0.2:8080/v1/AUTH_a9a47695f86f49b68ac9b1e01c782c0c/gnocchi.10b24573-31e1-47de-82e5-4ec9edbc8d1b?format=json&states=listing" "tx4e1452765f77484292c3d-006a2e766f" "proxy-server 20" 0.0021 "-" 21 0
Jun 14 09:37:51 standalone proxy-server[129724]: - - 14/Jun/2026/09/37/51 HEAD /v1/AUTH_a9a47695f86f49b68ac9b1e01c782c0c/gnocchi.10b24573-31e1-47de-82e5-4ec9edbc8d1b%3Fformat%3Djson%26states%3Dlisting HTTP/1.0 204 - Swift - - - - tx4e1452765f77484292c3d-006a2e766f - 0.0170 RL - 1781429871.918691635 1781429871.935732365 0
Jun 14 09:37:51 standalone container-server[127447]: 172.20.0.100 - - [14/Jun/2026:09:37:51 +0000] "GET /d1/468/AUTH_a9a47695f86f49b68ac9b1e01c782c0c/gnocchi.10b24573-31e1-47de-82e5-4ec9edbc8d1b" 200 2 "GET http://172.18.0.2:8080/v1/AUTH_a9a47695f86f49b68ac9b1e01c782c0c/gnocchi.10b24573-31e1-47de-82e5-4ec9edbc8d1b?format=json&states=listing" "tx4e1452765f77484292c3d-006a2e766f" "proxy-server 20" 0.0029 "-" 21 0
Jun 14 09:37:51 standalone proxy-server[129724]: 172.18.0.2 172.18.0.100 14/Jun/2026/09/37/51 GET /v1/AUTH_a9a47695f86f49b68ac9b1e01c782c0c/gnocchi.10b24573-31e1-47de-82e5-4ec9edbc8d1b%3Fformat%3Djson%26states%3Dlisting HTTP/1.0 200 - python-swiftclient-3.11.1 gAAAAABqLnWpTmF8... - 2 - tx4e1452765f77484292c3d-006a2e766f - 0.0404 - - 1781429871.916841745 1781429871.957258940 0
Jun 14 09:37:51 standalone object-server[127680]: 172.20.0.100 - - [14/Jun/2026:09:37:51 +0000] "GET /d1/612/AUTH_a9a47695f86f49b68ac9b1e01c782c0c/gnocchi.10b24573-31e1-47de-82e5-4ec9edbc8d1b/1780920000.0_mean_300.0_v3" 404 70 "GET http://172.18.0.2:8080/v1/AUTH_a9a47695f86f49b68ac9b1e01c782c0c/gnocchi.10b24573-31e1-47de-82e5-4ec9edbc8d1b/1780920000.0_mean_300.0_v3" "tx9cf3df0c205b46188c7b0-006a2e766f" "proxy-server 20" 0.0005 "-" 22 0
Jun 14 09:37:51 standalone proxy-server[129724]: 172.18.0.2 172.18.0.100 14/Jun/2026/09/37/51 GET /v1/AUTH_a9a47695f86f49b68ac9b1e01c782c0c/gnocchi.10b24573-31e1-47de-82e5-4ec9edbc8d1b/1780920000.0_mean_300.0_v3 HTTP/1.0 404 - python-swiftclient-3.11.1 gAAAAABqLnWpTmF8... - 70 - tx9cf3df0c205b46188c7b0-006a2e766f - 0.0107 - - 1781429871.964540958 1781429871.975224495 0
Jun 14 09:37:52 standalone container-server[127445]: 172.20.0.100 - - [14/Jun/2026:09:37:52 +0000] "PUT /d1/468/AUTH_a9a47695f86f49b68ac9b1e01c782c0c/gnocchi.10b24573-31e1-47de-82e5-4ec9edbc8d1b/1780920000.0_mean_300.0_v3" 201 - "PUT http://172.18.0.2:8080/d1/612/AUTH_a9a47695f86f49b68ac9b1e01c782c0c/gnocchi.10b24573-31e1-47de-82e5-4ec9edbc8d1b/1780920000.0_mean_300.0_v3" "txd044ce8a264d46079d5b4-006a2e766f" "object-server 25" 0.0012 "-" 20 0
Jun 14 09:37:52 standalone object-server[127701]: 172.20.0.100 - - [14/Jun/2026:09:37:52 +0000] "PUT /d1/612/AUTH_a9a47695f86f49b68ac9b1e01c782c0c/gnocchi.10b24573-31e1-47de-82e5-4ec9edbc8d1b/1780920000.0_mean_300.0_v3" 201 - "PUT http://172.18.0.2:8080/v1/AUTH_a9a47695f86f49b68ac9b1e01c782c0c/gnocchi.10b24573-31e1-47de-82e5-4ec9edbc8d1b/1780920000.0_mean_300.0_v3" "txd044ce8a264d46079d5b4-006a2e766f" "proxy-server 20" 0.0134 "-" 25 0
Jun 14 09:37:52 standalone proxy-server[129724]: 172.18.0.2 172.18.0.100 14/Jun/2026/09/37/52 PUT /v1/AUTH_a9a47695f86f49b68ac9b1e01c782c0c/gnocchi.10b24573-31e1-47de-82e5-4ec9edbc8d1b/1780920000.0_mean_300.0_v3 HTTP/1.0 201 - python-swiftclient-3.11.1 gAAAAABqLnWpTmF8... 16 - - txd044ce8a264d46079d5b4-006a2e766f - 0.0222 - - 1781429871.982365131 1781429872.004531860 0
Jun 14 09:37:52 standalone container-server[127449]: 172.20.0.100 - - [14/Jun/2026:09:37:52 +0000] "PUT /d1/468/AUTH_a9a47695f86f49b68ac9b1e01c782c0c/gnocchi.10b24573-31e1-47de-82e5-4ec9edbc8d1b/none_v3" 201 - "PUT http://172.18.0.2:8080/d1/89/AUTH_a9a47695f86f49b68ac9b1e01c782c0c/gnocchi.10b24573-31e1-47de-82e5-4ec9edbc8d1b/none_v3" "txffa274a47d064cc281610-006a2e7670" "object-server 25" 0.0008 "-" 22 0
Jun 14 09:37:52 standalone object-server[127701]: 172.20.0.100 - - [14/Jun/2026:09:37:52 +0000] "PUT /d1/89/AUTH_a9a47695f86f49b68ac9b1e01c782c0c/gnocchi.10b24573-31e1-47de-82e5-4ec9edbc8d1b/none_v3" 201 - "PUT http://172.18.0.2:8080/v1/AUTH_a9a47695f86f49b68ac9b1e01c782c0c/gnocchi.10b24573-31e1-47de-82e5-4ec9edbc8d1b/none_v3" "txffa274a47d064cc281610-006a2e7670" "proxy-server 20" 0.0123 "-" 25 0
Jun 14 09:37:52 standalone proxy-server[129724]: 172.18.0.2 172.18.0.100 14/Jun/2026/09/37/52 PUT /v1/AUTH_a9a47695f86f49b68ac9b1e01c782c0c/gnocchi.10b24573-31e1-47de-82e5-4ec9edbc8d1b/none_v3 HTTP/1.0 201 - python-swiftclient-3.11.1 gAAAAABqLnWpTmF8... 22 - - txffa274a47d064cc281610-006a2e7670 - 0.0212 - - 1781429872.010158777 1781429872.031392574 0
Jun 14 09:37:52 standalone container-server[127452]: 172.20.0.100 - - [14/Jun/2026:09:37:52 +0000] "HEAD /d1/518/AUTH_a9a47695f86f49b68ac9b1e01c782c0c/gnocchi.1ec685cd-51b1-47c2-82ef-8f883c33c663" 404 - "HEAD http://172.18.0.2:8080/v1/AUTH_a9a47695f86f49b68ac9b1e01c782c0c/gnocchi.1ec685cd-51b1-47c2-82ef-8f883c33c663?format=json&states=listing" "txda6072f7737542e6aaeb1-006a2e7670" "proxy-server 20" 0.0009 "-" 23 0
Jun 14 09:37:52 standalone object-server[127687]: 172.20.0.100 - - [14/Jun/2026:09:37:52 +0000] "GET /d1/739/AUTH_a9a47695f86f49b68ac9b1e01c782c0c/gnocchi.1ec685cd-51b1-47c2-82ef-8f883c33c663/none_v3" 404 70 "GET http://172.18.0.2:8080/v1/AUTH_a9a47695f86f49b68ac9b1e01c782c0c/gnocchi.1ec685cd-51b1-47c2-82ef-8f883c33c663/none_v3" "txda6072f7737542e6aaeb1-006a2e7670" "proxy-server 20" 0.0005 "-" 23 0
Jun 14 09:37:52 standalone proxy-server[129724]: 172.18.0.2 172.18.0.100 14/Jun/2026/09/37/52 GET /v1/AUTH_a9a47695f86f49b68ac9b1e01c782c0c/gnocchi.1ec685cd-51b1-47c2-82ef-8f883c33c663/none_v3 HTTP/1.0 404 - python-swiftclient-3.11.1 gAAAAABqLnWpTmF8... - 70 - txda6072f7737542e6aaeb1-006a2e7670 - 0.0169 - - 1781429872.053635597 1781429872.070556164 0
Jun 14 09:37:52 standalone account-server[127293]: 172.20.0.100 - - [14/Jun/2026:09:37:52 +0000] "PUT /d1/186/AUTH_a9a47695f86f49b68ac9b1e01c782c0c/gnocchi.1ec685cd-51b1-47c2-82ef-8f883c33c663" 201 - "PUT http://172.20.0.100:6001/d1/518/AUTH_a9a47695f86f49b68ac9b1e01c782c0c/gnocchi.1ec685cd-51b1-47c2-82ef-8f883c33c663" "txd326d0d8ccfd46b3a7d35-006a2e7670" "container-server 20" 0.0056 "-" 20 0
Jun 14 09:37:52 standalone container-server[127445]: 172.20.0.100 - - [14/Jun/2026:09:37:52 +0000] "PUT /d1/518/AUTH_a9a47695f86f49b68ac9b1e01c782c0c/gnocchi.1ec685cd-51b1-47c2-82ef-8f883c33c663" 201 - "PUT http://172.18.0.2:8080/v1/AUTH_a9a47695f86f49b68ac9b1e01c782c0c/gnocchi.1ec685cd-51b1-47c2-82ef-8f883c33c663" "txd326d0d8ccfd46b3a7d35-006a2e7670" "proxy-server 20" 0.0185 "-" 20 0
Jun 14 09:37:52 standalone proxy-server[129724]: 172.18.0.2 172.18.0.100 14/Jun/2026/09/37/52 PUT /v1/AUTH_a9a47695f86f49b68ac9b1e01c782c0c/gnocchi.1ec685cd-51b1-47c2-82ef-8f883c33c663 HTTP/1.0 201 - python-swiftclient-3.11.1 gAAAAABqLnWpTmF8... - - - txd326d0d8ccfd46b3a7d35-006a2e7670 - 0.0256 - - 1781429872.074251890 1781429872.099858999 0
Jun 14 09:37:52 standalone container-server[127449]: 172.20.0.100 - - [14/Jun/2026:09:37:52 +0000] "HEAD /d1/518/AUTH_a9a47695f86f49b68ac9b1e01c782c0c/gnocchi.1ec685cd-51b1-47c2-82ef-8f883c33c663" 204 - "HEAD http://172.18.0.2:8080/v1/AUTH_a9a47695f86f49b68ac9b1e01c782c0c/gnocchi.1ec685cd-51b1-47c2-82ef-8f883c33c663?format=json&states=listing" "txca8d9e63c0e44f0bb3cfb-006a2e7670" "proxy-server 20" 0.0016 "-" 22 0
Jun 14 09:37:52 standalone proxy-server[129724]: - - 14/Jun/2026/09/37/52 HEAD /v1/AUTH_a9a47695f86f49b68ac9b1e01c782c0c/gnocchi.1ec685cd-51b1-47c2-82ef-8f883c33c663%3Fformat%3Djson%26states%3Dlisting HTTP/1.0 204 - Swift - - - - txca8d9e63c0e44f0bb3cfb-006a2e7670 - 0.0055 RL - 1781429872.107863188 1781429872.113406658 0
Jun 14 09:37:52 standalone container-server[127452]: 172.20.0.100 - - [14/Jun/2026:09:37:52 +0000] "GET /d1/518/AUTH_a9a47695f86f49b68ac9b1e01c782c0c/gnocchi.1ec685cd-51b1-47c2-82ef-8f883c33c663" 200 2 "GET http://172.18.0.2:8080/v1/AUTH_a9a47695f86f49b68ac9b1e01c782c0c/gnocchi.1ec685cd-51b1-47c2-82ef-8f883c33c663?format=json&states=listing" "txca8d9e63c0e44f0bb3cfb-006a2e7670" "proxy-server 20" 0.0020 "-" 23 0
Jun 14 09:37:52 standalone proxy-server[129724]: 172.18.0.2 172.18.0.100 14/Jun/2026/09/37/52 GET /v1/AUTH_a9a47695f86f49b68ac9b1e01c782c0c/gnocchi.1ec685cd-51b1-47c2-82ef-8f883c33c663%3Fformat%3Djson%26states%3Dlisting HTTP/1.0 200 - python-swiftclient-3.11.1 gAAAAABqLnWpTmF8... - 2 - txca8d9e63c0e44f0bb3cfb-006a2e7670 - 0.0177 - - 1781429872.106517553 1781429872.124267340 0
Jun 14 09:37:52 standalone object-server[127701]: 172.20.0.100 - - [14/Jun/2026:09:37:52 +0000] "GET /d1/183/AUTH_a9a47695f86f49b68ac9b1e01c782c0c/gnocchi.1ec685cd-51b1-47c2-82ef-8f883c33c663/1780920000.0_mean_300.0_v3" 404 70 "GET http://172.18.0.2:8080/v1/AUTH_a9a47695f86f49b68ac9b1e01c782c0c/gnocchi.1ec685cd-51b1-47c2-82ef-8f883c33c663/1780920000.0_mean_300.0_v3" "txd68f275f510a415699c19-006a2e7670" "proxy-server 20" 0.0005 "-" 25 0
Jun 14 09:37:52 standalone proxy-server[129724]: 172.18.0.2 172.18.0.100 14/Jun/2026/09/37/52 GET /v1/AUTH_a9a47695f86f49b68ac9b1e01c782c0c/gnocchi.1ec685cd-51b1-47c2-82ef-8f883c33c663/1780920000.0_mean_300.0_v3 HTTP/1.0 404 - python-swiftclient-3.11.1 gAAAAABqLnWpTmF8... - 70 - txd68f275f510a415699c19-006a2e7670 - 0.0063 - - 1781429872.132835388 1781429872.139132977 0
Jun 14 09:37:52 standalone container-server[127452]: 172.20.0.100 - - [14/Jun/2026:09:37:52 +0000] "PUT /d1/518/AUTH_a9a47695f86f49b68ac9b1e01c782c0c/gnocchi.1ec685cd-51b1-47c2-82ef-8f883c33c663/1780920000.0_mean_300.0_v3" 201 - "PUT http://172.18.0.2:8080/d1/183/AUTH_a9a47695f86f49b68ac9b1e01c782c0c/gnocchi.1ec685cd-51b1-47c2-82ef-8f883c33c663/1780920000.0_mean_300.0_v3" "txd4d0651f579e46728a011-006a2e7670" "object-server 22" 0.0008 "-" 23 0
Jun 14 09:37:52 standalone object-server[127680]: 172.20.0.100 - - [14/Jun/2026:09:37:52 +0000] "PUT /d1/183/AUTH_a9a47695f86f49b68ac9b1e01c782c0c/gnocchi.1ec685cd-51b1-47c2-82ef-8f883c33c663/1780920000.0_mean_300.0_v3" 201 - "PUT http://172.18.0.2:8080/v1/AUTH_a9a47695f86f49b68ac9b1e01c782c0c/gnocchi.1ec685cd-51b1-47c2-82ef-8f883c33c663/1780920000.0_mean_300.0_v3" "txd4d0651f579e46728a011-006a2e7670" "proxy-server 20" 0.0136 "-" 22 0
Jun 14 09:37:52 standalone proxy-server[129724]: 172.18.0.2 172.18.0.100 14/Jun/2026/09/37/52 PUT /v1/AUTH_a9a47695f86f49b68ac9b1e01c782c0c/gnocchi.1ec685cd-51b1-47c2-82ef-8f883c33c663/1780920000.0_mean_300.0_v3 HTTP/1.0 201 - python-swiftclient-3.11.1 gAAAAABqLnWpTmF8... 16 - - txd4d0651f579e46728a011-006a2e7670 - 0.0210 - - 1781429872.143055439 1781429872.164095640 0
Jun 14 09:37:52 standalone container-server[127449]: 172.20.0.100 - - [14/Jun/2026:09:37:52 +0000] "PUT /d1/518/AUTH_a9a47695f86f49b68ac9b1e01c782c0c/gnocchi.1ec685cd-51b1-47c2-82ef-8f883c33c663/none_v3" 201 - "PUT http://172.18.0.2:8080/d1/739/AUTH_a9a47695f86f49b68ac9b1e01c782c0c/gnocchi.1ec685cd-51b1-47c2-82ef-8f883c33c663/none_v3" "txff7a20260881494fab478-006a2e7670" "object-server 24" 0.0007 "-" 22 0
Jun 14 09:37:52 standalone object-server[127690]: 172.20.0.100 - - [14/Jun/2026:09:37:52 +0000] "PUT /d1/739/AUTH_a9a47695f86f49b68ac9b1e01c782c0c/gnocchi.1ec685cd-51b1-47c2-82ef-8f883c33c663/none_v3" 201 - "PUT http://172.18.0.2:8080/v1/AUTH_a9a47695f86f49b68ac9b1e01c782c0c/gnocchi.1ec685cd-51b1-47c2-82ef-8f883c33c663/none_v3" "txff7a20260881494fab478-006a2e7670" "proxy-server 20" 0.0102 "-" 24 0
Jun 14 09:37:52 standalone proxy-server[129724]: 172.18.0.2 172.18.0.100 14/Jun/2026/09/37/52 PUT /v1/AUTH_a9a47695f86f49b68ac9b1e01c782c0c/gnocchi.1ec685cd-51b1-47c2-82ef-8f883c33c663/none_v3 HTTP/1.0 201 - python-swiftclient-3.11.1 gAAAAABqLnWpTmF8... 22 - - txff7a20260881494fab478-006a2e7670 - 0.0179 - - 1781429872.168403149 1781429872.186260223 0
Jun 14 09:37:52 standalone container-server[127447]: 172.20.0.100 - - [14/Jun/2026:09:37:52 +0000] "HEAD /d1/31/AUTH_a9a47695f86f49b68ac9b1e01c782c0c/gnocchi.658cf507-1675-423e-b3ba-ec2b99017438" 404 - "HEAD http://172.18.0.2:8080/v1/AUTH_a9a47695f86f49b68ac9b1e01c782c0c/gnocchi.658cf507-1675-423e-b3ba-ec2b99017438?format=json&states=listing" "tx66addcb2f4f44a888327d-006a2e7670" "proxy-server 20" 0.0005 "-" 21 0
Jun 14 09:37:52 standalone object-server[127680]: 172.20.0.100 - - [14/Jun/2026:09:37:52 +0000] "GET /d1/826/AUTH_a9a47695f86f49b68ac9b1e01c782c0c/gnocchi.658cf507-1675-423e-b3ba-ec2b99017438/none_v3" 404 70 "GET http://172.18.0.2:8080/v1/AUTH_a9a47695f86f49b68ac9b1e01c782c0c/gnocchi.658cf507-1675-423e-b3ba-ec2b99017438/none_v3" "tx66addcb2f4f44a888327d-006a2e7670" "proxy-server 20" 0.0007 "-" 22 0
Jun 14 09:37:52 standalone proxy-server[129724]: 172.18.0.2 172.18.0.100 14/Jun/2026/09/37/52 GET /v1/AUTH_a9a47695f86f49b68ac9b1e01c782c0c/gnocchi.658cf507-1675-423e-b3ba-ec2b99017438/none_v3 HTTP/1.0 404 - python-swiftclient-3.11.1 gAAAAABqLnWpTmF8... - 70 - tx66addcb2f4f44a888327d-006a2e7670 - 0.0158 - - 1781429872.199601889 1781429872.215414524 0
Jun 14 09:37:52 standalone account-server[127300]: 172.20.0.100 - - [14/Jun/2026:09:37:52 +0000] "PUT /d1/186/AUTH_a9a47695f86f49b68ac9b1e01c782c0c/gnocchi.658cf507-1675-423e-b3ba-ec2b99017438" 201 - "PUT http://172.20.0.100:6001/d1/31/AUTH_a9a47695f86f49b68ac9b1e01c782c0c/gnocchi.658cf507-1675-423e-b3ba-ec2b99017438" "txf1fc350617fa42c6b06aa-006a2e7670" "container-server 21" 0.0042 "-" 21 0
Jun 14 09:37:52 standalone container-server[127447]: 172.20.0.100 - - [14/Jun/2026:09:37:52 +0000] "PUT /d1/31/AUTH_a9a47695f86f49b68ac9b1e01c782c0c/gnocchi.658cf507-1675-423e-b3ba-ec2b99017438" 201 - "PUT http://172.18.0.2:8080/v1/AUTH_a9a47695f86f49b68ac9b1e01c782c0c/gnocchi.658cf507-1675-423e-b3ba-ec2b99017438" "txf1fc350617fa42c6b06aa-006a2e7670" "proxy-server 20" 0.0158 "-" 21 0
Jun 14 09:37:52 standalone proxy-server[129724]: 172.18.0.2 172.18.0.100 14/Jun/2026/09/37/52 PUT /v1/AUTH_a9a47695f86f49b68ac9b1e01c782c0c/gnocchi.658cf507-1675-423e-b3ba-ec2b99017438 HTTP/1.0 201 - python-swiftclient-3.11.1 gAAAAABqLnWpTmF8... - - - txf1fc350617fa42c6b06aa-006a2e7670 - 0.0223 - - 1781429872.226645947 1781429872.248928547 0
Jun 14 09:37:52 standalone container-server[127445]: 172.20.0.100 - - [14/Jun/2026:09:37:52 +0000] "HEAD /d1/31/AUTH_a9a47695f86f49b68ac9b1e01c782c0c/gnocchi.658cf507-1675-423e-b3ba-ec2b99017438" 204 - "HEAD http://172.18.0.2:8080/v1/AUTH_a9a47695f86f49b68ac9b1e01c782c0c/gnocchi.658cf507-1675-423e-b3ba-ec2b99017438?format=json&states=listing" "tx54133ac82e7c404396fda-006a2e7670" "proxy-server 20" 0.0014 "-" 20 0
Jun 14 09:37:52 standalone proxy-server[129724]: - - 14/Jun/2026/09/37/52 HEAD /v1/AUTH_a9a47695f86f49b68ac9b1e01c782c0c/gnocchi.658cf507-1675-423e-b3ba-ec2b99017438%3Fformat%3Djson%26states%3Dlisting HTTP/1.0 204 - Swift - - - - tx54133ac82e7c404396fda-006a2e7670 - 0.0056 RL - 1781429872.254337788 1781429872.259925365 0
Jun 14 09:37:52 standalone container-server[127445]: 172.20.0.100 - - [14/Jun/2026:09:37:52 +0000] "GET /d1/31/AUTH_a9a47695f86f49b68ac9b1e01c782c0c/gnocchi.658cf507-1675-423e-b3ba-ec2b99017438" 200 2 "GET http://172.18.0.2:8080/v1/AUTH_a9a47695f86f49b68ac9b1e01c782c0c/gnocchi.658cf507-1675-423e-b3ba-ec2b99017438?format=json&states=listing" "tx54133ac82e7c404396fda-006a2e7670" "proxy-server 20" 0.0015 "-" 20 0
Jun 14 09:37:52 standalone proxy-server[129724]: 172.18.0.2 172.18.0.100 14/Jun/2026/09/37/52 GET /v1/AUTH_a9a47695f86f49b68ac9b1e01c782c0c/gnocchi.658cf507-1675-423e-b3ba-ec2b99017438%3Fformat%3Djson%26states%3Dlisting HTTP/1.0 200 - python-swiftclient-3.11.1 gAAAAABqLnWpTmF8... - 2 - tx54133ac82e7c404396fda-006a2e7670 - 0.0164 - - 1781429872.252729177 1781429872.269103289 0
Jun 14 09:37:52 standalone object-server[127701]: 172.20.0.100 - - [14/Jun/2026:09:37:52 +0000] "GET /d1/961/AUTH_a9a47695f86f49b68ac9b1e01c782c0c/gnocchi.658cf507-1675-423e-b3ba-ec2b99017438/1780920000.0_mean_300.0_v3" 404 70 "GET http://172.18.0.2:8080/v1/AUTH_a9a47695f86f49b68ac9b1e01c782c0c/gnocchi.658cf507-1675-423e-b3ba-ec2b99017438/1780920000.0_mean_300.0_v3" "tx8eea88d8eea444ba91470-006a2e7670" "proxy-server 20" 0.0004 "-" 25 0
Jun 14 09:37:52 standalone proxy-server[129724]: 172.18.0.2 172.18.0.100 14/Jun/2026/09/37/52 GET /v1/AUTH_a9a47695f86f49b68ac9b1e01c782c0c/gnocchi.658cf507-1675-423e-b3ba-ec2b99017438/1780920000.0_mean_300.0_v3 HTTP/1.0 404 - python-swiftclient-3.11.1 gAAAAABqLnWpTmF8... - 70 - tx8eea88d8eea444ba91470-006a2e7670 - 0.0071 - - 1781429872.272834063 1781429872.279918432 0
Jun 14 09:37:52 standalone container-server[127449]: 172.20.0.100 - - [14/Jun/2026:09:37:52 +0000] "PUT /d1/31/AUTH_a9a47695f86f49b68ac9b1e01c782c0c/gnocchi.658cf507-1675-423e-b3ba-ec2b99017438/1780920000.0_mean_300.0_v3" 201 - "PUT http://172.18.0.2:8080/d1/961/AUTH_a9a47695f86f49b68ac9b1e01c782c0c/gnocchi.658cf507-1675-423e-b3ba-ec2b99017438/1780920000.0_mean_300.0_v3" "txa0d89d05c5d043d79d318-006a2e7670" "object-server 25" 0.0012 "-" 22 0
Jun 14 09:37:52 standalone object-server[127701]: 172.20.0.100 - - [14/Jun/2026:09:37:52 +0000] "PUT /d1/961/AUTH_a9a47695f86f49b68ac9b1e01c782c0c/gnocchi.658cf507-1675-423e-b3ba-ec2b99017438/1780920000.0_mean_300.0_v3" 201 - "PUT http://172.18.0.2:8080/v1/AUTH_a9a47695f86f49b68ac9b1e01c782c0c/gnocchi.658cf507-1675-423e-b3ba-ec2b99017438/1780920000.0_mean_300.0_v3" "txa0d89d05c5d043d79d318-006a2e7670" "proxy-server 20" 0.0127 "-" 25 0
Jun 14 09:37:52 standalone proxy-server[129724]: 172.18.0.2 172.18.0.100 14/Jun/2026/09/37/52 PUT /v1/AUTH_a9a47695f86f49b68ac9b1e01c782c0c/gnocchi.658cf507-1675-423e-b3ba-ec2b99017438/1780920000.0_mean_300.0_v3 HTTP/1.0 201 - python-swiftclient-3.11.1 gAAAAABqLnWpTmF8... 16 - - txa0d89d05c5d043d79d318-006a2e7670 - 0.0191 - - 1781429872.282440901 1781429872.301582813 0
Jun 14 09:37:52 standalone container-server[127447]: 172.20.0.100 - - [14/Jun/2026:09:37:52 +0000] "PUT /d1/31/AUTH_a9a47695f86f49b68ac9b1e01c782c0c/gnocchi.658cf507-1675-423e-b3ba-ec2b99017438/none_v3" 201 - "PUT http://172.18.0.2:8080/d1/826/AUTH_a9a47695f86f49b68ac9b1e01c782c0c/gnocchi.658cf507-1675-423e-b3ba-ec2b99017438/none_v3" "txec28573e3d6f4460a8854-006a2e7670" "object-server 23" 0.0009 "-" 21 0
Jun 14 09:37:52 standalone object-server[127687]: 172.20.0.100 - - [14/Jun/2026:09:37:52 +0000] "PUT /d1/826/AUTH_a9a47695f86f49b68ac9b1e01c782c0c/gnocchi.658cf507-1675-423e-b3ba-ec2b99017438/none_v3" 201 - "PUT http://172.18.0.2:8080/v1/AUTH_a9a47695f86f49b68ac9b1e01c782c0c/gnocchi.658cf507-1675-423e-b3ba-ec2b99017438/none_v3" "txec28573e3d6f4460a8854-006a2e7670" "proxy-server 20" 0.0130 "-" 23 0
Jun 14 09:37:52 standalone proxy-server[129724]: 172.18.0.2 172.18.0.100 14/Jun/2026/09/37/52 PUT /v1/AUTH_a9a47695f86f49b68ac9b1e01c782c0c/gnocchi.658cf507-1675-423e-b3ba-ec2b99017438/none_v3 HTTP/1.0 201 - python-swiftclient-3.11.1 gAAAAABqLnWpTmF8... 22 - - txec28573e3d6f4460a8854-006a2e7670 - 0.0210 - - 1781429872.304143190 1781429872.325175524 0
Jun 14 09:37:52 standalone container-server[127452]: 172.20.0.100 - - [14/Jun/2026:09:37:52 +0000] "HEAD /d1/221/AUTH_a9a47695f86f49b68ac9b1e01c782c0c/gnocchi.4120e332-c75f-40ca-8894-8416fe3a2446" 404 - "HEAD http://172.18.0.2:8080/v1/AUTH_a9a47695f86f49b68ac9b1e01c782c0c/gnocchi.4120e332-c75f-40ca-8894-8416fe3a2446?format=json&states=listing" "tx5f62ff5c82954618a62a9-006a2e7670" "proxy-server 20" 0.0007 "-" 23 0
Jun 14 09:37:52 standalone object-server[127687]: 172.20.0.100 - - [14/Jun/2026:09:37:52 +0000] "GET /d1/634/AUTH_a9a47695f86f49b68ac9b1e01c782c0c/gnocchi.4120e332-c75f-40ca-8894-8416fe3a2446/none_v3" 404 70 "GET http://172.18.0.2:8080/v1/AUTH_a9a47695f86f49b68ac9b1e01c782c0c/gnocchi.4120e332-c75f-40ca-8894-8416fe3a2446/none_v3" "tx5f62ff5c82954618a62a9-006a2e7670" "proxy-server 20" 0.0006 "-" 23 0
Jun 14 09:37:52 standalone proxy-server[129724]: 172.18.0.2 172.18.0.100 14/Jun/2026/09/37/52 GET /v1/AUTH_a9a47695f86f49b68ac9b1e01c782c0c/gnocchi.4120e332-c75f-40ca-8894-8416fe3a2446/none_v3 HTTP/1.0 404 - python-swiftclient-3.11.1 gAAAAABqLnWpTmF8... - 70 - tx5f62ff5c82954618a62a9-006a2e7670 - 0.0166 - - 1781429872.344515562 1781429872.361071348 0
Jun 14 09:37:52 standalone account-server[127300]: 172.20.0.100 - - [14/Jun/2026:09:37:52 +0000] "PUT /d1/186/AUTH_a9a47695f86f49b68ac9b1e01c782c0c/gnocchi.4120e332-c75f-40ca-8894-8416fe3a2446" 201 - "PUT http://172.20.0.100:6001/d1/221/AUTH_a9a47695f86f49b68ac9b1e01c782c0c/gnocchi.4120e332-c75f-40ca-8894-8416fe3a2446" "tx56309eb4a6d64f0fbd5a5-006a2e7670" "container-server 20" 0.0062 "-" 21 0
Jun 14 09:37:52 standalone container-server[127445]: 172.20.0.100 - - [14/Jun/2026:09:37:52 +0000] "PUT /d1/221/AUTH_a9a47695f86f49b68ac9b1e01c782c0c/gnocchi.4120e332-c75f-40ca-8894-8416fe3a2446" 201 - "PUT http://172.18.0.2:8080/v1/AUTH_a9a47695f86f49b68ac9b1e01c782c0c/gnocchi.4120e332-c75f-40ca-8894-8416fe3a2446" "tx56309eb4a6d64f0fbd5a5-006a2e7670" "proxy-server 20" 0.0214 "-" 20 0
Jun 14 09:37:52 standalone proxy-server[129724]: 172.18.0.2 172.18.0.100 14/Jun/2026/09/37/52 PUT /v1/AUTH_a9a47695f86f49b68ac9b1e01c782c0c/gnocchi.4120e332-c75f-40ca-8894-8416fe3a2446 HTTP/1.0 201 - python-swiftclient-3.11.1 gAAAAABqLnWpTmF8... - - - tx56309eb4a6d64f0fbd5a5-006a2e7670 - 0.0304 - - 1781429872.364870310 1781429872.395253420 0
Jun 14 09:37:52 standalone container-server[127452]: 172.20.0.100 - - [14/Jun/2026:09:37:52 +0000] "HEAD /d1/221/AUTH_a9a47695f86f49b68ac9b1e01c782c0c/gnocchi.4120e332-c75f-40ca-8894-8416fe3a2446" 204 - "HEAD http://172.18.0.2:8080/v1/AUTH_a9a47695f86f49b68ac9b1e01c782c0c/gnocchi.4120e332-c75f-40ca-8894-8416fe3a2446?format=json&states=listing" "tx69704186166d4198bc110-006a2e7670" "proxy-server 20" 0.0024 "-" 23 0
Jun 14 09:37:52 standalone proxy-server[129724]: - - 14/Jun/2026/09/37/52 HEAD /v1/AUTH_a9a47695f86f49b68ac9b1e01c782c0c/gnocchi.4120e332-c75f-40ca-8894-8416fe3a2446%3Fformat%3Djson%26states%3Dlisting HTTP/1.0 204 - Swift - - - - tx69704186166d4198bc110-006a2e7670 - 0.0082 RL - 1781429872.401787281 1781429872.410010576 0
Jun 14 09:37:52 standalone container-server[127449]: 172.20.0.100 - - [14/Jun/2026:09:37:52 +0000] "GET /d1/221/AUTH_a9a47695f86f49b68ac9b1e01c782c0c/gnocchi.4120e332-c75f-40ca-8894-8416fe3a2446" 200 2 "GET http://172.18.0.2:8080/v1/AUTH_a9a47695f86f49b68ac9b1e01c782c0c/gnocchi.4120e332-c75f-40ca-8894-8416fe3a2446?format=json&states=listing" "tx69704186166d4198bc110-006a2e7670" "proxy-server 20" 0.0039 "-" 22 0
Jun 14 09:37:52 standalone proxy-server[129724]: 172.18.0.2 172.18.0.100 14/Jun/2026/09/37/52 GET /v1/AUTH_a9a47695f86f49b68ac9b1e01c782c0c/gnocchi.4120e332-c75f-40ca-8894-8416fe3a2446%3Fformat%3Djson%26states%3Dlisting HTTP/1.0 200 - python-swiftclient-3.11.1 gAAAAABqLnWpTmF8... - 2 - tx69704186166d4198bc110-006a2e7670 - 0.0224 - - 1781429872.400012970 1781429872.422442913 0
Jun 14 09:37:52 standalone object-server[127690]: 172.20.0.100 - - [14/Jun/2026:09:37:52 +0000] "GET /d1/755/AUTH_a9a47695f86f49b68ac9b1e01c782c0c/gnocchi.4120e332-c75f-40ca-8894-8416fe3a2446/1780920000.0_mean_300.0_v3" 404 70 "GET http://172.18.0.2:8080/v1/AUTH_a9a47695f86f49b68ac9b1e01c782c0c/gnocchi.4120e332-c75f-40ca-8894-8416fe3a2446/1780920000.0_mean_300.0_v3" "tx82e8b95765f144588bdea-006a2e7670" "proxy-server 20" 0.0004 "-" 24 0
Jun 14 09:37:52 standalone proxy-server[129724]: 172.18.0.2 172.18.0.100 14/Jun/2026/09/37/52 GET /v1/AUTH_a9a47695f86f49b68ac9b1e01c782c0c/gnocchi.4120e332-c75f-40ca-8894-8416fe3a2446/1780920000.0_mean_300.0_v3 HTTP/1.0 404 - python-swiftclient-3.11.1 gAAAAABqLnWpTmF8... - 70 - tx82e8b95765f144588bdea-006a2e7670 - 0.0059 - - 1781429872.426872253 1781429872.432778597 0
