Jun 14 09:22:55 standalone account-server[127020]: Starting 2
Jun 14 09:22:55 standalone account-server[127102]: Started child 20 from parent 2
Jun 14 09:22:55 standalone account-server[127102]: Started child 21 from parent 2
Jun 14 09:22:55 standalone account-server[127102]: Started child 22 from parent 2
Jun 14 09:22:55 standalone account-server[127102]: Started child 23 from parent 2
Jun 14 09:22:56 standalone container-server[127261]: Option allow_versions is deprecated. Configure the versioned_writes middleware in the proxy-server instead. This option will be ignored in a future release.
Jun 14 09:22:56 standalone container-server[127445]: Option allow_versions is deprecated. Configure the versioned_writes middleware in the proxy-server instead. This option will be ignored in a future release.
Jun 14 09:22:56 standalone container-server[127261]: Started child 20 from parent 2
Jun 14 09:22:56 standalone container-server[127447]: Option allow_versions is deprecated. Configure the versioned_writes middleware in the proxy-server instead. This option will be ignored in a future release.
Jun 14 09:22:56 standalone container-server[127261]: Started child 21 from parent 2
Jun 14 09:22:56 standalone container-server[127449]: Option allow_versions is deprecated. Configure the versioned_writes middleware in the proxy-server instead. This option will be ignored in a future release.
Jun 14 09:22:56 standalone container-server[127261]: Started child 22 from parent 2
Jun 14 09:22:56 standalone container-server[127452]: Option allow_versions is deprecated. Configure the versioned_writes middleware in the proxy-server instead. This option will be ignored in a future release.
Jun 14 09:22:56 standalone container-server[127261]: Started child 23 from parent 2
Jun 14 09:22:56 standalone container-server[127319]: Starting 2
Jun 14 09:22:56 standalone object-expirer[127384]: Starting 2
Jun 14 09:22:56 standalone object-expirer[127384]: Option auto_create_account_prefix is deprecated. Configure auto_create_account_prefix under the swift-constraints section of swift.conf. This option will be ignored in a future release.
Jun 14 09:22:56 standalone object-server[127455]: Started child 22 from parent 2
Jun 14 09:22:56 standalone object-server[127455]: Started child 23 from parent 2
Jun 14 09:22:56 standalone object-server[127455]: Started child 24 from parent 2
Jun 14 09:22:56 standalone object-server[127455]: Started child 25 from parent 2
Jun 14 09:22:57 standalone object-server[127632]: Starting 2
Jun 14 09:23:03 standalone proxy-server[129487]: Starting Keystone auth_token middleware
Jun 14 09:23:03 standalone proxy-server[129487]: AuthToken middleware is set with keystone_authtoken.service_token_roles_required set to False. This is backwards compatible but deprecated behaviour. Please set this to True.
Jun 14 09:23:03 standalone proxy-server[129724]: Starting Keystone auth_token middleware
Jun 14 09:23:03 standalone proxy-server[129724]: STDERR: The option "bind_port" is not known to keystonemiddleware
Jun 14 09:23:03 standalone proxy-server[129724]: STDERR: The option "workers" is not known to keystonemiddleware
Jun 14 09:23:03 standalone proxy-server[129724]: STDERR: The option "user" is not known to keystonemiddleware
Jun 14 09:23:03 standalone proxy-server[129724]: STDERR: The option "bind_ip" is not known to keystonemiddleware
Jun 14 09:23:03 standalone proxy-server[129724]: STDERR: The option "log_name" is not known to keystonemiddleware
Jun 14 09:23:03 standalone proxy-server[129724]: STDERR: The option "log_facility" is not known to keystonemiddleware
Jun 14 09:23:03 standalone proxy-server[129724]: STDERR: The option "log_level" is not known to keystonemiddleware
Jun 14 09:23:03 standalone proxy-server[129724]: STDERR: The option "log_headers" is not known to keystonemiddleware
Jun 14 09:23:03 standalone proxy-server[129724]: STDERR: The option "log_address" is not known to keystonemiddleware
Jun 14 09:23:03 standalone proxy-server[129724]: STDERR: The option "project_name" is not known to keystonemiddleware
Jun 14 09:23:03 standalone proxy-server[129724]: STDERR: The option "username" is not known to keystonemiddleware
Jun 14 09:23:03 standalone proxy-server[129724]: STDERR: The option "password" is not known to keystonemiddleware
Jun 14 09:23:03 standalone proxy-server[129724]: STDERR: The option "auth_url" is not known to keystonemiddleware
Jun 14 09:23:03 standalone proxy-server[129724]: STDERR: The option "signing_dir" is not known to keystonemiddleware
Jun 14 09:23:03 standalone proxy-server[129724]: STDERR: The option "project_domain_id" is not known to keystonemiddleware
Jun 14 09:23:03 standalone proxy-server[129724]: STDERR: The option "user_domain_id" is not known to keystonemiddleware
Jun 14 09:23:03 standalone proxy-server[129724]: STDERR: The option "__name__" is not known to keystonemiddleware
Jun 14 09:23:03 standalone proxy-server[129724]: AuthToken middleware is set with keystone_authtoken.service_token_roles_required set to False. This is backwards compatible but deprecated behaviour. Please set this to True.
Jun 14 09:23:03 standalone proxy-server[129487]: Started child 20 from parent 2
Jun 14 09:23:56 standalone account-server[127300]: 172.20.0.100 - - [14/Jun/2026:09:23:56 +0000] "HEAD /d1/354/.expiring_objects" 404 - "HEAD http://localhost/v1/.expiring_objects?format=json" "tx4f8c8f98cdc8459482480-006a2e732c" "proxy-server 2" 0.0013 "-" 21 -
Jun 14 09:23:56 standalone object-expirer[127384]: Pass completed in 0s; 0 objects expired (txn: tx4f8c8f98cdc8459482480-006a2e732c)
Jun 14 09:24:48 standalone object-server[127632]: Begin object update sweep
Jun 14 09:24:48 standalone object-server[141433]: Object update sweep starting on /srv/node/d1 (pid: 11)
Jun 14 09:24:48 standalone object-server[141433]: Object update sweep completed on /srv/node/d1 in 0.00s seconds:, 0 successes, 0 failures, 0 quarantines, 0 unlinks, 0 errors, 0 redirects (pid: 11)
Jun 14 09:24:48 standalone object-server[141433]: Object update sweep of d1 completed: 0.00s, 0 successes, 0 failures, 0 quarantines, 0 unlinks, 0 errors, 0 redirects
Jun 14 09:24:48 standalone object-server[127632]: Object update sweep completed: 0.08s
Jun 14 09:24:54 standalone container-server[127319]: Begin container update sweep
Jun 14 09:24:54 standalone container-server[127319]: Container update sweep completed: 0.00s
Jun 14 09:27:49 standalone account-server[127300]: 172.20.0.100 - - [14/Jun/2026:09:27:49 +0000] "HEAD /d1/354/.expiring_objects" 404 - "HEAD http://localhost/v1/.expiring_objects?format=json" "txfeaaca084bad4f4eac6ee-006a2e7415" "proxy-server 2" 0.0007 "-" 21 -
Jun 14 09:27:49 standalone object-expirer[127384]: Pass completed in 0s; 0 objects expired (txn: txfeaaca084bad4f4eac6ee-006a2e7415)
Jun 14 09:29:48 standalone object-server[127632]: Begin object update sweep
Jun 14 09:29:48 standalone object-server[179757]: Object update sweep starting on /srv/node/d1 (pid: 13)
Jun 14 09:29:48 standalone object-server[179757]: Object update sweep completed on /srv/node/d1 in 0.00s seconds:, 0 successes, 0 failures, 0 quarantines, 0 unlinks, 0 errors, 0 redirects (pid: 13)
Jun 14 09:29:48 standalone object-server[179757]: Object update sweep of d1 completed: 0.00s, 0 successes, 0 failures, 0 quarantines, 0 unlinks, 0 errors, 0 redirects
Jun 14 09:29:48 standalone object-server[127632]: Object update sweep completed: 0.08s
Jun 14 09:29:53 standalone account-server[127306]: 172.20.0.100 - - [14/Jun/2026:09:29:53 +0000] "HEAD /d1/354/.expiring_objects" 404 - "HEAD http://localhost/v1/.expiring_objects?format=json" "tx12dd032d8c9141adb1c0c-006a2e7491" "proxy-server 2" 0.0014 "-" 22 -
Jun 14 09:29:53 standalone object-expirer[127384]: Pass completed in 0s; 0 objects expired (txn: tx12dd032d8c9141adb1c0c-006a2e7491)
Jun 14 09:29:54 standalone container-server[127319]: Begin container update sweep
Jun 14 09:29:54 standalone container-server[127319]: Container update sweep completed: 0.00s
Jun 14 09:31:45 standalone account-server[127306]: 172.20.0.100 - - [14/Jun/2026:09:31:45 +0000] "HEAD /d1/354/.expiring_objects" 404 - "HEAD http://localhost/v1/.expiring_objects?format=json" "txdb410c4b6b684bfd8ec22-006a2e7501" "proxy-server 2" 0.0009 "-" 22 -
Jun 14 09:31:45 standalone object-expirer[127384]: Pass completed in 0s; 0 objects expired (txn: txdb410c4b6b684bfd8ec22-006a2e7501)
Jun 14 09:34:21 standalone account-server[127310]: 172.20.0.100 - - [14/Jun/2026:09:34:21 +0000] "HEAD /d1/354/.expiring_objects" 404 - "HEAD http://localhost/v1/.expiring_objects?format=json" "tx366ae533fb0e4bc0bd91d-006a2e759d" "proxy-server 2" 0.0016 "-" 23 -
Jun 14 09:34:21 standalone object-expirer[127384]: Pass completed in 0s; 0 objects expired (txn: tx366ae533fb0e4bc0bd91d-006a2e759d)
Jun 14 09:34:33 standalone account-server[127310]: 172.20.0.100 - - [14/Jun/2026:09:34:33 +0000] "HEAD /d1/186/AUTH_a9a47695f86f49b68ac9b1e01c782c0c" 404 - "HEAD http://172.18.0.2:8080/v1/AUTH_a9a47695f86f49b68ac9b1e01c782c0c?format=json" "tx5645169c16c549c39d4dc-006a2e75a9" "proxy-server 20" 0.0007 "-" 23 -
Jun 14 09:34:33 standalone proxy-server[129724]: - - 14/Jun/2026/09/34/33 HEAD /v1/AUTH_a9a47695f86f49b68ac9b1e01c782c0c%3Fformat%3Djson HTTP/1.0 200 - Swift - - - - tx5645169c16c549c39d4dc-006a2e75a9 - 0.0051 RL - 1781429673.430459023 1781429673.435581446 -
Jun 14 09:34:33 standalone object-server[127680]: 172.20.0.100 - - [14/Jun/2026:09:34:33 +0000] "GET /d1/891/AUTH_a9a47695f86f49b68ac9b1e01c782c0c/gnocchi.7bca48b4-90f0-4b4e-98f7-5d1d09e525d0/none_v3" 404 70 "GET http://172.18.0.2:8080/v1/AUTH_a9a47695f86f49b68ac9b1e01c782c0c/gnocchi.7bca48b4-90f0-4b4e-98f7-5d1d09e525d0/none_v3" "tx5645169c16c549c39d4dc-006a2e75a9" "proxy-server 20" 0.0012 "-" 22 0
Jun 14 09:34:33 standalone proxy-server[129724]: 172.18.0.2 172.18.0.100 14/Jun/2026/09/34/33 GET /v1/AUTH_a9a47695f86f49b68ac9b1e01c782c0c/gnocchi.7bca48b4-90f0-4b4e-98f7-5d1d09e525d0/none_v3 HTTP/1.0 404 - python-swiftclient-3.11.1 gAAAAABqLnWpTmF8... - 70 - tx5645169c16c549c39d4dc-006a2e75a9 - 0.5191 - - 1781429673.428102493 1781429673.947228193 0
Jun 14 09:34:34 standalone account-server[127310]: 172.20.0.100 - - [14/Jun/2026:09:34:34 +0000] "PUT /d1/186/AUTH_a9a47695f86f49b68ac9b1e01c782c0c" 201 - "-" "tx693b0b57b4e04024b2599-006a2e75a9" "-" 0.1463 "-" 23 -
Jun 14 09:34:34 standalone proxy-server[129724]: autocreate account '/AUTH_a9a47695f86f49b68ac9b1e01c782c0c' (txn: tx693b0b57b4e04024b2599-006a2e75a9)
Jun 14 09:34:34 standalone account-server[127293]: 172.20.0.100 - - [14/Jun/2026:09:34:34 +0000] "HEAD /d1/186/AUTH_a9a47695f86f49b68ac9b1e01c782c0c" 204 - "HEAD http://172.18.0.2:8080/v1/AUTH_a9a47695f86f49b68ac9b1e01c782c0c?format=json" "tx693b0b57b4e04024b2599-006a2e75a9" "proxy-server 20" 0.0048 "-" 20 -
Jun 14 09:34:34 standalone account-server[127310]: 172.20.0.100 - - [14/Jun/2026:09:34:34 +0000] "PUT /d1/186/AUTH_a9a47695f86f49b68ac9b1e01c782c0c/gnocchi.7bca48b4-90f0-4b4e-98f7-5d1d09e525d0" 201 - "PUT http://172.20.0.100:6001/d1/619/AUTH_a9a47695f86f49b68ac9b1e01c782c0c/gnocchi.7bca48b4-90f0-4b4e-98f7-5d1d09e525d0" "tx693b0b57b4e04024b2599-006a2e75a9" "container-server 20" 0.0141 "-" 23 0
Jun 14 09:34:34 standalone container-server[127445]: 172.20.0.100 - - [14/Jun/2026:09:34:34 +0000] "PUT /d1/619/AUTH_a9a47695f86f49b68ac9b1e01c782c0c/gnocchi.7bca48b4-90f0-4b4e-98f7-5d1d09e525d0" 201 - "PUT http://172.18.0.2:8080/v1/AUTH_a9a47695f86f49b68ac9b1e01c782c0c/gnocchi.7bca48b4-90f0-4b4e-98f7-5d1d09e525d0" "tx693b0b57b4e04024b2599-006a2e75a9" "proxy-server 20" 0.0389 "-" 20 0
Jun 14 09:34:34 standalone proxy-server[129724]: 172.18.0.2 172.18.0.100 14/Jun/2026/09/34/34 PUT /v1/AUTH_a9a47695f86f49b68ac9b1e01c782c0c/gnocchi.7bca48b4-90f0-4b4e-98f7-5d1d09e525d0 HTTP/1.0 201 - python-swiftclient-3.11.1 gAAAAABqLnWpTmF8... - - - tx693b0b57b4e04024b2599-006a2e75a9 - 0.2077 - - 1781429673.951073885 1781429674.158733845 0
Jun 14 09:34:34 standalone container-server[127447]: 172.20.0.100 - - [14/Jun/2026:09:34:34 +0000] "HEAD /d1/619/AUTH_a9a47695f86f49b68ac9b1e01c782c0c/gnocchi.7bca48b4-90f0-4b4e-98f7-5d1d09e525d0" 204 - "HEAD http://172.18.0.2:8080/v1/AUTH_a9a47695f86f49b68ac9b1e01c782c0c/gnocchi.7bca48b4-90f0-4b4e-98f7-5d1d09e525d0?format=json&states=listing" "tx7ec8414196ee4b54901e2-006a2e75aa" "proxy-server 20" 0.0048 "-" 21 0
Jun 14 09:34:34 standalone proxy-server[129724]: - - 14/Jun/2026/09/34/34 HEAD /v1/AUTH_a9a47695f86f49b68ac9b1e01c782c0c/gnocchi.7bca48b4-90f0-4b4e-98f7-5d1d09e525d0%3Fformat%3Djson%26states%3Dlisting HTTP/1.0 204 - Swift - - - - tx7ec8414196ee4b54901e2-006a2e75aa - 0.0113 RL - 1781429674.169329643 1781429674.180638552 0
Jun 14 09:34:34 standalone container-server[127452]: 172.20.0.100 - - [14/Jun/2026:09:34:34 +0000] "GET /d1/619/AUTH_a9a47695f86f49b68ac9b1e01c782c0c/gnocchi.7bca48b4-90f0-4b4e-98f7-5d1d09e525d0" 200 2 "GET http://172.18.0.2:8080/v1/AUTH_a9a47695f86f49b68ac9b1e01c782c0c/gnocchi.7bca48b4-90f0-4b4e-98f7-5d1d09e525d0?format=json&states=listing" "tx7ec8414196ee4b54901e2-006a2e75aa" "proxy-server 20" 0.0149 "-" 23 0
Jun 14 09:34:34 standalone proxy-server[129724]: 172.18.0.2 172.18.0.100 14/Jun/2026/09/34/34 GET /v1/AUTH_a9a47695f86f49b68ac9b1e01c782c0c/gnocchi.7bca48b4-90f0-4b4e-98f7-5d1d09e525d0%3Fformat%3Djson%26states%3Dlisting HTTP/1.0 200 - python-swiftclient-3.11.1 gAAAAABqLnWpTmF8... - 2 - tx7ec8414196ee4b54901e2-006a2e75aa - 0.0392 - - 1781429674.167261839 1781429674.206447601 0
Jun 14 09:34:34 standalone object-server[127690]: 172.20.0.100 - - [14/Jun/2026:09:34:34 +0000] "GET /d1/495/AUTH_a9a47695f86f49b68ac9b1e01c782c0c/gnocchi.7bca48b4-90f0-4b4e-98f7-5d1d09e525d0/1780920000.0_mean_300.0_v3" 404 70 "GET http://172.18.0.2:8080/v1/AUTH_a9a47695f86f49b68ac9b1e01c782c0c/gnocchi.7bca48b4-90f0-4b4e-98f7-5d1d09e525d0/1780920000.0_mean_300.0_v3" "txa6c393afd81a427b9152c-006a2e75aa" "proxy-server 20" 0.0014 "-" 24 0
Jun 14 09:34:34 standalone proxy-server[129724]: 172.18.0.2 172.18.0.100 14/Jun/2026/09/34/34 GET /v1/AUTH_a9a47695f86f49b68ac9b1e01c782c0c/gnocchi.7bca48b4-90f0-4b4e-98f7-5d1d09e525d0/1780920000.0_mean_300.0_v3 HTTP/1.0 404 - python-swiftclient-3.11.1 gAAAAABqLnWpTmF8... - 70 - txa6c393afd81a427b9152c-006a2e75aa - 0.0117 - - 1781429674.213748693 1781429674.225456715 0
Jun 14 09:34:34 standalone container-server[127449]: 172.20.0.100 - - [14/Jun/2026:09:34:34 +0000] "PUT /d1/619/AUTH_a9a47695f86f49b68ac9b1e01c782c0c/gnocchi.7bca48b4-90f0-4b4e-98f7-5d1d09e525d0/1780920000.0_mean_300.0_v3" 201 - "PUT http://172.18.0.2:8080/d1/495/AUTH_a9a47695f86f49b68ac9b1e01c782c0c/gnocchi.7bca48b4-90f0-4b4e-98f7-5d1d09e525d0/1780920000.0_mean_300.0_v3" "tx3bd4ff1d7d0a4a4bba1db-006a2e75aa" "object-server 24" 0.0017 "-" 22 0
Jun 14 09:34:34 standalone object-server[127690]: 172.20.0.100 - - [14/Jun/2026:09:34:34 +0000] "PUT /d1/495/AUTH_a9a47695f86f49b68ac9b1e01c782c0c/gnocchi.7bca48b4-90f0-4b4e-98f7-5d1d09e525d0/1780920000.0_mean_300.0_v3" 201 - "PUT http://172.18.0.2:8080/v1/AUTH_a9a47695f86f49b68ac9b1e01c782c0c/gnocchi.7bca48b4-90f0-4b4e-98f7-5d1d09e525d0/1780920000.0_mean_300.0_v3" "tx3bd4ff1d7d0a4a4bba1db-006a2e75aa" "proxy-server 20" 0.0466 "-" 24 0
Jun 14 09:34:34 standalone proxy-server[129724]: 172.18.0.2 172.18.0.100 14/Jun/2026/09/34/34 PUT /v1/AUTH_a9a47695f86f49b68ac9b1e01c782c0c/gnocchi.7bca48b4-90f0-4b4e-98f7-5d1d09e525d0/1780920000.0_mean_300.0_v3 HTTP/1.0 201 - python-swiftclient-3.11.1 gAAAAABqLnWpTmF8... 16 - - tx3bd4ff1d7d0a4a4bba1db-006a2e75aa - 0.0610 - - 1781429674.236921787 1781429674.297938585 0
Jun 14 09:34:34 standalone container-server[127447]: 172.20.0.100 - - [14/Jun/2026:09:34:34 +0000] "PUT /d1/619/AUTH_a9a47695f86f49b68ac9b1e01c782c0c/gnocchi.7bca48b4-90f0-4b4e-98f7-5d1d09e525d0/none_v3" 201 - "PUT http://172.18.0.2:8080/d1/891/AUTH_a9a47695f86f49b68ac9b1e01c782c0c/gnocchi.7bca48b4-90f0-4b4e-98f7-5d1d09e525d0/none_v3" "tx7edb01d6e40d4882b4f16-006a2e75aa" "object-server 24" 0.0014 "-" 21 0
Jun 14 09:34:34 standalone object-server[127690]: 172.20.0.100 - - [14/Jun/2026:09:34:34 +0000] "PUT /d1/891/AUTH_a9a47695f86f49b68ac9b1e01c782c0c/gnocchi.7bca48b4-90f0-4b4e-98f7-5d1d09e525d0/none_v3" 201 - "PUT http://172.18.0.2:8080/v1/AUTH_a9a47695f86f49b68ac9b1e01c782c0c/gnocchi.7bca48b4-90f0-4b4e-98f7-5d1d09e525d0/none_v3" "tx7edb01d6e40d4882b4f16-006a2e75aa" "proxy-server 20" 0.0235 "-" 24 0
Jun 14 09:34:34 standalone proxy-server[129724]: 172.18.0.2 172.18.0.100 14/Jun/2026/09/34/34 PUT /v1/AUTH_a9a47695f86f49b68ac9b1e01c782c0c/gnocchi.7bca48b4-90f0-4b4e-98f7-5d1d09e525d0/none_v3 HTTP/1.0 201 - python-swiftclient-3.11.1 gAAAAABqLnWpTmF8... 32 - - tx7edb01d6e40d4882b4f16-006a2e75aa - 0.0354 - - 1781429674.305388689 1781429674.340755463 0
Jun 14 09:34:48 standalone object-server[127632]: Begin object update sweep
Jun 14 09:34:48 standalone object-server[219004]: Object update sweep starting on /srv/node/d1 (pid: 14)
Jun 14 09:34:48 standalone object-server[219004]: Object update sweep completed on /srv/node/d1 in 0.00s seconds:, 0 successes, 0 failures, 0 quarantines, 0 unlinks, 0 errors, 0 redirects (pid: 14)
Jun 14 09:34:48 standalone object-server[219004]: Object update sweep of d1 completed: 0.00s, 0 successes, 0 failures, 0 quarantines, 0 unlinks, 0 errors, 0 redirects
Jun 14 09:34:48 standalone object-server[127632]: Object update sweep completed: 0.10s
Jun 14 09:34:54 standalone container-server[127319]: Begin container update sweep
Jun 14 09:34:54 standalone account-server[127306]: 172.20.0.100 - - [14/Jun/2026:09:34:54 +0000] "PUT /d1/186/AUTH_a9a47695f86f49b68ac9b1e01c782c0c/gnocchi.7bca48b4-90f0-4b4e-98f7-5d1d09e525d0" 201 - "-" "-" "container-updater 2" 0.0012 "-" 22 0
Jun 14 09:34:54 standalone container-server[127319]: Container update sweep completed: 0.15s
Jun 14 09:35:41 standalone account-server[127293]: 172.20.0.100 - - [14/Jun/2026:09:35:41 +0000] "HEAD /d1/186/AUTH_a9a47695f86f49b68ac9b1e01c782c0c" 204 - "HEAD http://172.18.0.2:8080/v1/AUTH_a9a47695f86f49b68ac9b1e01c782c0c?format=json" "tx52298a1b3d9c416c9bc6f-006a2e75ec" "proxy-server 20" 0.0099 "-" 20 -
Jun 14 09:35:41 standalone proxy-server[129724]: - - 14/Jun/2026/09/35/41 HEAD /v1/AUTH_a9a47695f86f49b68ac9b1e01c782c0c%3Fformat%3Djson HTTP/1.0 204 - Swift - - - - tx52298a1b3d9c416c9bc6f-006a2e75ec - 0.0150 RL - 1781429740.988584757 1781429741.003611326 -
Jun 14 09:35:41 standalone container-server[127449]: 172.20.0.100 - - [14/Jun/2026:09:35:41 +0000] "HEAD /d1/180/AUTH_a9a47695f86f49b68ac9b1e01c782c0c/gnocchi.a1818996-261e-4c8e-a0a9-398a0e0d0915" 404 - "HEAD http://172.18.0.2:8080/v1/AUTH_a9a47695f86f49b68ac9b1e01c782c0c/gnocchi.a1818996-261e-4c8e-a0a9-398a0e0d0915?format=json&states=listing" "tx52298a1b3d9c416c9bc6f-006a2e75ec" "proxy-server 20" 0.0009 "-" 22 0
Jun 14 09:35:41 standalone object-server[127701]: 172.20.0.100 - - [14/Jun/2026:09:35:41 +0000] "GET /d1/689/AUTH_a9a47695f86f49b68ac9b1e01c782c0c/gnocchi.a1818996-261e-4c8e-a0a9-398a0e0d0915/none_v3" 404 70 "GET http://172.18.0.2:8080/v1/AUTH_a9a47695f86f49b68ac9b1e01c782c0c/gnocchi.a1818996-261e-4c8e-a0a9-398a0e0d0915/none_v3" "tx52298a1b3d9c416c9bc6f-006a2e75ec" "proxy-server 20" 0.0009 "-" 25 0
Jun 14 09:35:41 standalone proxy-server[129724]: 172.18.0.2 172.18.0.100 14/Jun/2026/09/35/41 GET /v1/AUTH_a9a47695f86f49b68ac9b1e01c782c0c/gnocchi.a1818996-261e-4c8e-a0a9-398a0e0d0915/none_v3 HTTP/1.0 404 - python-swiftclient-3.11.1 gAAAAABqLnWpTmF8... - 70 - tx52298a1b3d9c416c9bc6f-006a2e75ec - 0.0304 - - 1781429740.987453699 1781429741.017841339 0
Jun 14 09:35:41 standalone account-server[127310]: 172.20.0.100 - - [14/Jun/2026:09:35:41 +0000] "PUT /d1/186/AUTH_a9a47695f86f49b68ac9b1e01c782c0c/gnocchi.a1818996-261e-4c8e-a0a9-398a0e0d0915" 201 - "PUT http://172.20.0.100:6001/d1/180/AUTH_a9a47695f86f49b68ac9b1e01c782c0c/gnocchi.a1818996-261e-4c8e-a0a9-398a0e0d0915" "tx0984b60838a84c04b151c-006a2e75ed" "container-server 21" 0.0012 "-" 23 0
Jun 14 09:35:41 standalone container-server[127447]: 172.20.0.100 - - [14/Jun/2026:09:35:41 +0000] "PUT /d1/180/AUTH_a9a47695f86f49b68ac9b1e01c782c0c/gnocchi.a1818996-261e-4c8e-a0a9-398a0e0d0915" 201 - "PUT http://172.18.0.2:8080/v1/AUTH_a9a47695f86f49b68ac9b1e01c782c0c/gnocchi.a1818996-261e-4c8e-a0a9-398a0e0d0915" "tx0984b60838a84c04b151c-006a2e75ed" "proxy-server 20" 0.0210 "-" 21 0
Jun 14 09:35:41 standalone proxy-server[129724]: 172.18.0.2 172.18.0.100 14/Jun/2026/09/35/41 PUT /v1/AUTH_a9a47695f86f49b68ac9b1e01c782c0c/gnocchi.a1818996-261e-4c8e-a0a9-398a0e0d0915 HTTP/1.0 201 - python-swiftclient-3.11.1 gAAAAABqLnWpTmF8... - - - tx0984b60838a84c04b151c-006a2e75ed - 0.0278 - - 1781429741.020951986 1781429741.048789978 0
Jun 14 09:35:41 standalone container-server[127445]: 172.20.0.100 - - [14/Jun/2026:09:35:41 +0000] "HEAD /d1/180/AUTH_a9a47695f86f49b68ac9b1e01c782c0c/gnocchi.a1818996-261e-4c8e-a0a9-398a0e0d0915" 204 - "HEAD http://172.18.0.2:8080/v1/AUTH_a9a47695f86f49b68ac9b1e01c782c0c/gnocchi.a1818996-261e-4c8e-a0a9-398a0e0d0915?format=json&states=listing" "txaff53c7295314490b71e0-006a2e75ed" "proxy-server 20" 0.0020 "-" 20 0
Jun 14 09:35:41 standalone proxy-server[129724]: - - 14/Jun/2026/09/35/41 HEAD /v1/AUTH_a9a47695f86f49b68ac9b1e01c782c0c/gnocchi.a1818996-261e-4c8e-a0a9-398a0e0d0915%3Fformat%3Djson%26states%3Dlisting HTTP/1.0 204 - Swift - - - - txaff53c7295314490b71e0-006a2e75ed - 0.0064 RL - 1781429741.054253817 1781429741.060680151 0
Jun 14 09:35:41 standalone container-server[127449]: 172.20.0.100 - - [14/Jun/2026:09:35:41 +0000] "GET /d1/180/AUTH_a9a47695f86f49b68ac9b1e01c782c0c/gnocchi.a1818996-261e-4c8e-a0a9-398a0e0d0915" 200 2 "GET http://172.18.0.2:8080/v1/AUTH_a9a47695f86f49b68ac9b1e01c782c0c/gnocchi.a1818996-261e-4c8e-a0a9-398a0e0d0915?format=json&states=listing" "txaff53c7295314490b71e0-006a2e75ed" "proxy-server 20" 0.0033 "-" 22 0
Jun 14 09:35:41 standalone proxy-server[129724]: 172.18.0.2 172.18.0.100 14/Jun/2026/09/35/41 GET /v1/AUTH_a9a47695f86f49b68ac9b1e01c782c0c/gnocchi.a1818996-261e-4c8e-a0a9-398a0e0d0915%3Fformat%3Djson%26states%3Dlisting HTTP/1.0 200 - python-swiftclient-3.11.1 gAAAAABqLnWpTmF8... - 2 - txaff53c7295314490b71e0-006a2e75ed - 0.0197 - - 1781429741.052664995 1781429741.072332144 0
Jun 14 09:35:41 standalone object-server[127701]: 172.20.0.100 - - [14/Jun/2026:09:35:41 +0000] "GET /d1/776/AUTH_a9a47695f86f49b68ac9b1e01c782c0c/gnocchi.a1818996-261e-4c8e-a0a9-398a0e0d0915/1780920000.0_mean_300.0_v3" 404 70 "GET http://172.18.0.2:8080/v1/AUTH_a9a47695f86f49b68ac9b1e01c782c0c/gnocchi.a1818996-261e-4c8e-a0a9-398a0e0d0915/1780920000.0_mean_300.0_v3" "tx12b79b76129e4fa8b5334-006a2e75ed" "proxy-server 20" 0.0004 "-" 25 0
Jun 14 09:35:41 standalone proxy-server[129724]: 172.18.0.2 172.18.0.100 14/Jun/2026/09/35/41 GET /v1/AUTH_a9a47695f86f49b68ac9b1e01c782c0c/gnocchi.a1818996-261e-4c8e-a0a9-398a0e0d0915/1780920000.0_mean_300.0_v3 HTTP/1.0 404 - python-swiftclient-3.11.1 gAAAAABqLnWpTmF8... - 70 - tx12b79b76129e4fa8b5334-006a2e75ed - 0.0071 - - 1781429741.077481985 1781429741.084579229 0
Jun 14 09:35:41 standalone container-server[127452]: 172.20.0.100 - - [14/Jun/2026:09:35:41 +0000] "PUT /d1/180/AUTH_a9a47695f86f49b68ac9b1e01c782c0c/gnocchi.a1818996-261e-4c8e-a0a9-398a0e0d0915/1780920000.0_mean_300.0_v3" 201 - "PUT http://172.18.0.2:8080/d1/776/AUTH_a9a47695f86f49b68ac9b1e01c782c0c/gnocchi.a1818996-261e-4c8e-a0a9-398a0e0d0915/1780920000.0_mean_300.0_v3" "txd99da9cf7a2f4e39996af-006a2e75ed" "object-server 25" 0.0009 "-" 23 0
Jun 14 09:35:41 standalone object-server[127701]: 172.20.0.100 - - [14/Jun/2026:09:35:41 +0000] "PUT /d1/776/AUTH_a9a47695f86f49b68ac9b1e01c782c0c/gnocchi.a1818996-261e-4c8e-a0a9-398a0e0d0915/1780920000.0_mean_300.0_v3" 201 - "PUT http://172.18.0.2:8080/v1/AUTH_a9a47695f86f49b68ac9b1e01c782c0c/gnocchi.a1818996-261e-4c8e-a0a9-398a0e0d0915/1780920000.0_mean_300.0_v3" "txd99da9cf7a2f4e39996af-006a2e75ed" "proxy-server 20" 0.0320 "-" 25 0
Jun 14 09:35:41 standalone proxy-server[129724]: 172.18.0.2 172.18.0.100 14/Jun/2026/09/35/41 PUT /v1/AUTH_a9a47695f86f49b68ac9b1e01c782c0c/gnocchi.a1818996-261e-4c8e-a0a9-398a0e0d0915/1780920000.0_mean_300.0_v3 HTTP/1.0 201 - python-swiftclient-3.11.1 gAAAAABqLnWpTmF8... 16 - - txd99da9cf7a2f4e39996af-006a2e75ed - 0.0394 - - 1781429741.088264704 1781429741.127635002 0
Jun 14 09:35:41 standalone container-server[127445]: 172.20.0.100 - - [14/Jun/2026:09:35:41 +0000] "PUT /d1/180/AUTH_a9a47695f86f49b68ac9b1e01c782c0c/gnocchi.a1818996-261e-4c8e-a0a9-398a0e0d0915/none_v3" 201 - "PUT http://172.18.0.2:8080/d1/689/AUTH_a9a47695f86f49b68ac9b1e01c782c0c/gnocchi.a1818996-261e-4c8e-a0a9-398a0e0d0915/none_v3" "tx94de5badab81465393469-006a2e75ed" "object-server 22" 0.0007 "-" 20 0
Jun 14 09:35:41 standalone object-server[127680]: 172.20.0.100 - - [14/Jun/2026:09:35:41 +0000] "PUT /d1/689/AUTH_a9a47695f86f49b68ac9b1e01c782c0c/gnocchi.a1818996-261e-4c8e-a0a9-398a0e0d0915/none_v3" 201 - "PUT http://172.18.0.2:8080/v1/AUTH_a9a47695f86f49b68ac9b1e01c782c0c/gnocchi.a1818996-261e-4c8e-a0a9-398a0e0d0915/none_v3" "tx94de5badab81465393469-006a2e75ed" "proxy-server 20" 0.0481 "-" 22 0
Jun 14 09:35:41 standalone proxy-server[129724]: 172.18.0.2 172.18.0.100 14/Jun/2026/09/35/41 PUT /v1/AUTH_a9a47695f86f49b68ac9b1e01c782c0c/gnocchi.a1818996-261e-4c8e-a0a9-398a0e0d0915/none_v3 HTTP/1.0 201 - python-swiftclient-3.11.1 gAAAAABqLnWpTmF8... 22 - - tx94de5badab81465393469-006a2e75ed - 0.0565 - - 1781429741.130918503 1781429741.187437296 0
Jun 14 09:35:41 standalone container-server[127449]: 172.20.0.100 - - [14/Jun/2026:09:35:41 +0000] "HEAD /d1/294/AUTH_a9a47695f86f49b68ac9b1e01c782c0c/gnocchi.7fd8841f-f268-4071-b2f2-4c1994bb93e3" 404 - "HEAD http://172.18.0.2:8080/v1/AUTH_a9a47695f86f49b68ac9b1e01c782c0c/gnocchi.7fd8841f-f268-4071-b2f2-4c1994bb93e3?format=json&states=listing" "txee8ad6e1881740c9898ca-006a2e75ed" "proxy-server 20" 0.0004 "-" 22 0
Jun 14 09:35:41 standalone object-server[127680]: 172.20.0.100 - - [14/Jun/2026:09:35:41 +0000] "GET /d1/68/AUTH_a9a47695f86f49b68ac9b1e01c782c0c/gnocchi.7fd8841f-f268-4071-b2f2-4c1994bb93e3/none_v3" 404 70 "GET http://172.18.0.2:8080/v1/AUTH_a9a47695f86f49b68ac9b1e01c782c0c/gnocchi.7fd8841f-f268-4071-b2f2-4c1994bb93e3/none_v3" "txee8ad6e1881740c9898ca-006a2e75ed" "proxy-server 20" 0.0005 "-" 22 0
Jun 14 09:35:41 standalone proxy-server[129724]: 172.18.0.2 172.18.0.100 14/Jun/2026/09/35/41 GET /v1/AUTH_a9a47695f86f49b68ac9b1e01c782c0c/gnocchi.7fd8841f-f268-4071-b2f2-4c1994bb93e3/none_v3 HTTP/1.0 404 - python-swiftclient-3.11.1 gAAAAABqLnWpTmF8... - 70 - txee8ad6e1881740c9898ca-006a2e75ed - 0.0161 - - 1781429741.207081556 1781429741.223186016 0
Jun 14 09:35:41 standalone account-server[127293]: 172.20.0.100 - - [14/Jun/2026:09:35:41 +0000] "PUT /d1/186/AUTH_a9a47695f86f49b68ac9b1e01c782c0c/gnocchi.7fd8841f-f268-4071-b2f2-4c1994bb93e3" 201 - "PUT http://172.20.0.100:6001/d1/294/AUTH_a9a47695f86f49b68ac9b1e01c782c0c/gnocchi.7fd8841f-f268-4071-b2f2-4c1994bb93e3" "tx1d65358ec60b4f02a86f7-006a2e75ed" "container-server 22" 0.0266 "-" 20 0
Jun 14 09:35:41 standalone container-server[127449]: 172.20.0.100 - - [14/Jun/2026:09:35:41 +0000] "PUT /d1/294/AUTH_a9a47695f86f49b68ac9b1e01c782c0c/gnocchi.7fd8841f-f268-4071-b2f2-4c1994bb93e3" 201 - "PUT http://172.18.0.2:8080/v1/AUTH_a9a47695f86f49b68ac9b1e01c782c0c/gnocchi.7fd8841f-f268-4071-b2f2-4c1994bb93e3" "tx1d65358ec60b4f02a86f7-006a2e75ed" "proxy-server 20" 0.0590 "-" 22 0
Jun 14 09:35:41 standalone proxy-server[129724]: 172.18.0.2 172.18.0.100 14/Jun/2026/09/35/41 PUT /v1/AUTH_a9a47695f86f49b68ac9b1e01c782c0c/gnocchi.7fd8841f-f268-4071-b2f2-4c1994bb93e3 HTTP/1.0 201 - python-swiftclient-3.11.1 gAAAAABqLnWpTmF8... - - - tx1d65358ec60b4f02a86f7-006a2e75ed - 0.0647 - - 1781429741.227229118 1781429741.291928291 0
Jun 14 09:35:41 standalone container-server[127447]: 172.20.0.100 - - [14/Jun/2026:09:35:41 +0000] "HEAD /d1/294/AUTH_a9a47695f86f49b68ac9b1e01c782c0c/gnocchi.7fd8841f-f268-4071-b2f2-4c1994bb93e3" 204 - "HEAD http://172.18.0.2:8080/v1/AUTH_a9a47695f86f49b68ac9b1e01c782c0c/gnocchi.7fd8841f-f268-4071-b2f2-4c1994bb93e3?format=json&states=listing" "tx03b82300a04346449ba77-006a2e75ed" "proxy-server 20" 0.0036 "-" 21 0
Jun 14 09:35:41 standalone proxy-server[129724]: - - 14/Jun/2026/09/35/41 HEAD /v1/AUTH_a9a47695f86f49b68ac9b1e01c782c0c/gnocchi.7fd8841f-f268-4071-b2f2-4c1994bb93e3%3Fformat%3Djson%26states%3Dlisting HTTP/1.0 204 - Swift - - - - tx03b82300a04346449ba77-006a2e75ed - 0.0085 RL - 1781429741.298865080 1781429741.307329655 0
Jun 14 09:35:41 standalone container-server[127447]: 172.20.0.100 - - [14/Jun/2026:09:35:41 +0000] "GET /d1/294/AUTH_a9a47695f86f49b68ac9b1e01c782c0c/gnocchi.7fd8841f-f268-4071-b2f2-4c1994bb93e3" 200 2 "GET http://172.18.0.2:8080/v1/AUTH_a9a47695f86f49b68ac9b1e01c782c0c/gnocchi.7fd8841f-f268-4071-b2f2-4c1994bb93e3?format=json&states=listing" "tx03b82300a04346449ba77-006a2e75ed" "proxy-server 20" 0.0051 "-" 21 0
Jun 14 09:35:41 standalone proxy-server[129724]: 172.18.0.2 172.18.0.100 14/Jun/2026/09/35/41 GET /v1/AUTH_a9a47695f86f49b68ac9b1e01c782c0c/gnocchi.7fd8841f-f268-4071-b2f2-4c1994bb93e3%3Fformat%3Djson%26states%3Dlisting HTTP/1.0 200 - python-swiftclient-3.11.1 gAAAAABqLnWpTmF8... - 2 - tx03b82300a04346449ba77-006a2e75ed - 0.0242 - - 1781429741.297491312 1781429741.321658134 0
Jun 14 09:35:41 standalone object-server[127690]: 172.20.0.100 - - [14/Jun/2026:09:35:41 +0000] "GET /d1/623/AUTH_a9a47695f86f49b68ac9b1e01c782c0c/gnocchi.7fd8841f-f268-4071-b2f2-4c1994bb93e3/1780920000.0_mean_300.0_v3" 404 70 "GET http://172.18.0.2:8080/v1/AUTH_a9a47695f86f49b68ac9b1e01c782c0c/gnocchi.7fd8841f-f268-4071-b2f2-4c1994bb93e3/1780920000.0_mean_300.0_v3" "txb17d876f2b2443c0a02c0-006a2e75ed" "proxy-server 20" 0.0005 "-" 24 0
Jun 14 09:35:41 standalone proxy-server[129724]: 172.18.0.2 172.18.0.100 14/Jun/2026/09/35/41 GET /v1/AUTH_a9a47695f86f49b68ac9b1e01c782c0c/gnocchi.7fd8841f-f268-4071-b2f2-4c1994bb93e3/1780920000.0_mean_300.0_v3 HTTP/1.0 404 - python-swiftclient-3.11.1 gAAAAABqLnWpTmF8... - 70 - txb17d876f2b2443c0a02c0-006a2e75ed - 0.0079 - - 1781429741.327067375 1781429741.334926605 0
Jun 14 09:35:41 standalone container-server[127449]: 172.20.0.100 - - [14/Jun/2026:09:35:41 +0000] "PUT /d1/294/AUTH_a9a47695f86f49b68ac9b1e01c782c0c/gnocchi.7fd8841f-f268-4071-b2f2-4c1994bb93e3/1780920000.0_mean_300.0_v3" 201 - "PUT http://172.18.0.2:8080/d1/623/AUTH_a9a47695f86f49b68ac9b1e01c782c0c/gnocchi.7fd8841f-f268-4071-b2f2-4c1994bb93e3/1780920000.0_mean_300.0_v3" "tx4744128d9f584604ad2c7-006a2e75ed" "object-server 23" 0.0010 "-" 22 0
Jun 14 09:35:41 standalone object-server[127687]: 172.20.0.100 - - [14/Jun/2026:09:35:41 +0000] "PUT /d1/623/AUTH_a9a47695f86f49b68ac9b1e01c782c0c/gnocchi.7fd8841f-f268-4071-b2f2-4c1994bb93e3/1780920000.0_mean_300.0_v3" 201 - "PUT http://172.18.0.2:8080/v1/AUTH_a9a47695f86f49b68ac9b1e01c782c0c/gnocchi.7fd8841f-f268-4071-b2f2-4c1994bb93e3/1780920000.0_mean_300.0_v3" "tx4744128d9f584604ad2c7-006a2e75ed" "proxy-server 20" 0.0670 "-" 23 0
Jun 14 09:35:41 standalone proxy-server[129724]: 172.18.0.2 172.18.0.100 14/Jun/2026/09/35/41 PUT /v1/AUTH_a9a47695f86f49b68ac9b1e01c782c0c/gnocchi.7fd8841f-f268-4071-b2f2-4c1994bb93e3/1780920000.0_mean_300.0_v3 HTTP/1.0 201 - python-swiftclient-3.11.1 gAAAAABqLnWpTmF8... 16 - - tx4744128d9f584604ad2c7-006a2e75ed - 0.0748 - - 1781429741.339379787 1781429741.414191008 0
Jun 14 09:35:41 standalone container-server[127452]: 172.20.0.100 - - [14/Jun/2026:09:35:41 +0000] "PUT /d1/294/AUTH_a9a47695f86f49b68ac9b1e01c782c0c/gnocchi.7fd8841f-f268-4071-b2f2-4c1994bb93e3/none_v3" 201 - "PUT http://172.18.0.2:8080/d1/68/AUTH_a9a47695f86f49b68ac9b1e01c782c0c/gnocchi.7fd8841f-f268-4071-b2f2-4c1994bb93e3/none_v3" "txd5a6945f94554238a9e9f-006a2e75ed" "object-server 25" 0.0007 "-" 23 0
Jun 14 09:35:41 standalone object-server[127701]: 172.20.0.100 - - [14/Jun/2026:09:35:41 +0000] "PUT /d1/68/AUTH_a9a47695f86f49b68ac9b1e01c782c0c/gnocchi.7fd8841f-f268-4071-b2f2-4c1994bb93e3/none_v3" 201 - "PUT http://172.18.0.2:8080/v1/AUTH_a9a47695f86f49b68ac9b1e01c782c0c/gnocchi.7fd8841f-f268-4071-b2f2-4c1994bb93e3/none_v3" "txd5a6945f94554238a9e9f-006a2e75ed" "proxy-server 20" 0.0287 "-" 25 0
Jun 14 09:35:41 standalone proxy-server[129724]: 172.18.0.2 172.18.0.100 14/Jun/2026/09/35/41 PUT /v1/AUTH_a9a47695f86f49b68ac9b1e01c782c0c/gnocchi.7fd8841f-f268-4071-b2f2-4c1994bb93e3/none_v3 HTTP/1.0 201 - python-swiftclient-3.11.1 gAAAAABqLnWpTmF8... 22 - - txd5a6945f94554238a9e9f-006a2e75ed - 0.0356 - - 1781429741.418283224 1781429741.453905582 0
Jun 14 09:35:49 standalone container-server[127447]: 172.20.0.100 - - [14/Jun/2026:09:35:49 +0000] "HEAD /d1/552/AUTH_a9a47695f86f49b68ac9b1e01c782c0c/gnocchi.58254306-477a-4af8-ac7d-b85e188993ea" 404 - "HEAD http://172.18.0.2:8080/v1/AUTH_a9a47695f86f49b68ac9b1e01c782c0c/gnocchi.58254306-477a-4af8-ac7d-b85e188993ea?format=json&states=listing" "txa9cbade7305848b6b410c-006a2e75f5" "proxy-server 20" 0.0006 "-" 21 0
Jun 14 09:35:49 standalone object-server[127701]: 172.20.0.100 - - [14/Jun/2026:09:35:49 +0000] "GET /d1/719/AUTH_a9a47695f86f49b68ac9b1e01c782c0c/gnocchi.58254306-477a-4af8-ac7d-b85e188993ea/none_v3" 404 70 "GET http://172.18.0.2:8080/v1/AUTH_a9a47695f86f49b68ac9b1e01c782c0c/gnocchi.58254306-477a-4af8-ac7d-b85e188993ea/none_v3" "txa9cbade7305848b6b410c-006a2e75f5" "proxy-server 20" 0.0004 "-" 25 0
Jun 14 09:35:49 standalone proxy-server[129724]: 172.18.0.2 172.18.0.100 14/Jun/2026/09/35/49 GET /v1/AUTH_a9a47695f86f49b68ac9b1e01c782c0c/gnocchi.58254306-477a-4af8-ac7d-b85e188993ea/none_v3 HTTP/1.0 404 - python-swiftclient-3.11.1 gAAAAABqLnWpTmF8... - 70 - txa9cbade7305848b6b410c-006a2e75f5 - 0.0211 - - 1781429749.277770519 1781429749.298854589 0
Jun 14 09:35:49 standalone account-server[127300]: 172.20.0.100 - - [14/Jun/2026:09:35:49 +0000] "PUT /d1/186/AUTH_a9a47695f86f49b68ac9b1e01c782c0c/gnocchi.58254306-477a-4af8-ac7d-b85e188993ea" 201 - "PUT http://172.20.0.100:6001/d1/552/AUTH_a9a47695f86f49b68ac9b1e01c782c0c/gnocchi.58254306-477a-4af8-ac7d-b85e188993ea" "tx33ba06c3db15431b9fbd9-006a2e75f5" "container-server 21" 0.0071 "-" 21 0
Jun 14 09:35:49 standalone container-server[127447]: 172.20.0.100 - - [14/Jun/2026:09:35:49 +0000] "PUT /d1/552/AUTH_a9a47695f86f49b68ac9b1e01c782c0c/gnocchi.58254306-477a-4af8-ac7d-b85e188993ea" 201 - "PUT http://172.18.0.2:8080/v1/AUTH_a9a47695f86f49b68ac9b1e01c782c0c/gnocchi.58254306-477a-4af8-ac7d-b85e188993ea" "tx33ba06c3db15431b9fbd9-006a2e75f5" "proxy-server 20" 0.0174 "-" 21 0
Jun 14 09:35:49 standalone proxy-server[129724]: 172.18.0.2 172.18.0.100 14/Jun/2026/09/35/49 PUT /v1/AUTH_a9a47695f86f49b68ac9b1e01c782c0c/gnocchi.58254306-477a-4af8-ac7d-b85e188993ea HTTP/1.0 201 - python-swiftclient-3.11.1 gAAAAABqLnWpTmF8... - - - tx33ba06c3db15431b9fbd9-006a2e75f5 - 0.0234 - - 1781429749.305442572 1781429749.328853607 0
Jun 14 09:35:49 standalone container-server[127452]: 172.20.0.100 - - [14/Jun/2026:09:35:49 +0000] "HEAD /d1/552/AUTH_a9a47695f86f49b68ac9b1e01c782c0c/gnocchi.58254306-477a-4af8-ac7d-b85e188993ea" 204 - "HEAD http://172.18.0.2:8080/v1/AUTH_a9a47695f86f49b68ac9b1e01c782c0c/gnocchi.58254306-477a-4af8-ac7d-b85e188993ea?format=json&states=listing" "txff64d6edb0c84dfba488a-006a2e75f5" "proxy-server 20" 0.0015 "-" 23 0
Jun 14 09:35:49 standalone proxy-server[129724]: - - 14/Jun/2026/09/35/49 HEAD /v1/AUTH_a9a47695f86f49b68ac9b1e01c782c0c/gnocchi.58254306-477a-4af8-ac7d-b85e188993ea%3Fformat%3Djson%26states%3Dlisting HTTP/1.0 204 - Swift - - - - txff64d6edb0c84dfba488a-006a2e75f5 - 0.0087 RL - 1781429749.336814404 1781429749.345482826 0
Jun 14 09:35:49 standalone container-server[127452]: 172.20.0.100 - - [14/Jun/2026:09:35:49 +0000] "GET /d1/552/AUTH_a9a47695f86f49b68ac9b1e01c782c0c/gnocchi.58254306-477a-4af8-ac7d-b85e188993ea" 200 2 "GET http://172.18.0.2:8080/v1/AUTH_a9a47695f86f49b68ac9b1e01c782c0c/gnocchi.58254306-477a-4af8-ac7d-b85e188993ea?format=json&states=listing" "txff64d6edb0c84dfba488a-006a2e75f5" "proxy-server 20" 0.0036 "-" 23 0
Jun 14 09:35:49 standalone proxy-server[129724]: 172.18.0.2 172.18.0.100 14/Jun/2026/09/35/49 GET /v1/AUTH_a9a47695f86f49b68ac9b1e01c782c0c/gnocchi.58254306-477a-4af8-ac7d-b85e188993ea%3Fformat%3Djson%26states%3Dlisting HTTP/1.0 200 - python-swiftclient-3.11.1 gAAAAABqLnWpTmF8... - 2 - txff64d6edb0c84dfba488a-006a2e75f5 - 0.0223 - - 1781429749.335595846 1781429749.357926846 0
Jun 14 09:35:49 standalone object-server[127701]: 172.20.0.100 - - [14/Jun/2026:09:35:49 +0000] "GET /d1/961/AUTH_a9a47695f86f49b68ac9b1e01c782c0c/gnocchi.58254306-477a-4af8-ac7d-b85e188993ea/1780920000.0_mean_300.0_v3" 404 70 "GET http://172.18.0.2:8080/v1/AUTH_a9a47695f86f49b68ac9b1e01c782c0c/gnocchi.58254306-477a-4af8-ac7d-b85e188993ea/1780920000.0_mean_300.0_v3" "tx8237a58ec7d9495992238-006a2e75f5" "proxy-server 20" 0.0003 "-" 25 0
Jun 14 09:35:49 standalone proxy-server[129724]: 172.18.0.2 172.18.0.100 14/Jun/2026/09/35/49 GET /v1/AUTH_a9a47695f86f49b68ac9b1e01c782c0c/gnocchi.58254306-477a-4af8-ac7d-b85e188993ea/1780920000.0_mean_300.0_v3 HTTP/1.0 404 - python-swiftclient-3.11.1 gAAAAABqLnWpTmF8... - 70 - tx8237a58ec7d9495992238-006a2e75f5 - 0.0107 - - 1781429749.363886356 1781429749.374612808 0
Jun 14 09:35:49 standalone container-server[127445]: 172.20.0.100 - - [14/Jun/2026:09:35:49 +0000] "PUT /d1/552/AUTH_a9a47695f86f49b68ac9b1e01c782c0c/gnocchi.58254306-477a-4af8-ac7d-b85e188993ea/1780920000.0_mean_300.0_v3" 201 - "PUT http://172.18.0.2:8080/d1/961/AUTH_a9a47695f86f49b68ac9b1e01c782c0c/gnocchi.58254306-477a-4af8-ac7d-b85e188993ea/1780920000.0_mean_300.0_v3" "txad0f22d40e384ab88fb51-006a2e75f5" "object-server 24" 0.0009 "-" 20 0
Jun 14 09:35:49 standalone object-server[127690]: 172.20.0.100 - - [14/Jun/2026:09:35:49 +0000] "PUT /d1/961/AUTH_a9a47695f86f49b68ac9b1e01c782c0c/gnocchi.58254306-477a-4af8-ac7d-b85e188993ea/1780920000.0_mean_300.0_v3" 201 - "PUT http://172.18.0.2:8080/v1/AUTH_a9a47695f86f49b68ac9b1e01c782c0c/gnocchi.58254306-477a-4af8-ac7d-b85e188993ea/1780920000.0_mean_300.0_v3" "txad0f22d40e384ab88fb51-006a2e75f5" "proxy-server 20" 0.0148 "-" 24 0
Jun 14 09:35:49 standalone proxy-server[129724]: 172.18.0.2 172.18.0.100 14/Jun/2026/09/35/49 PUT /v1/AUTH_a9a47695f86f49b68ac9b1e01c782c0c/gnocchi.58254306-477a-4af8-ac7d-b85e188993ea/1780920000.0_mean_300.0_v3 HTTP/1.0 201 - python-swiftclient-3.11.1 gAAAAABqLnWpTmF8... 16 - - txad0f22d40e384ab88fb51-006a2e75f5 - 0.0233 - - 1781429749.379929543 1781429749.403198004 0
Jun 14 09:35:49 standalone container-server[127452]: 172.20.0.100 - - [14/Jun/2026:09:35:49 +0000] "PUT /d1/552/AUTH_a9a47695f86f49b68ac9b1e01c782c0c/gnocchi.58254306-477a-4af8-ac7d-b85e188993ea/none_v3" 201 - "PUT http://172.18.0.2:8080/d1/719/AUTH_a9a47695f86f49b68ac9b1e01c782c0c/gnocchi.58254306-477a-4af8-ac7d-b85e188993ea/none_v3" "tx084931d494bd4f0787ce2-006a2e75f5" "object-server 25" 0.0009 "-" 23 0
Jun 14 09:35:49 standalone object-server[127701]: 172.20.0.100 - - [14/Jun/2026:09:35:49 +0000] "PUT /d1/719/AUTH_a9a47695f86f49b68ac9b1e01c782c0c/gnocchi.58254306-477a-4af8-ac7d-b85e188993ea/none_v3" 201 - "PUT http://172.18.0.2:8080/v1/AUTH_a9a47695f86f49b68ac9b1e01c782c0c/gnocchi.58254306-477a-4af8-ac7d-b85e188993ea/none_v3" "tx084931d494bd4f0787ce2-006a2e75f5" "proxy-server 20" 0.0116 "-" 25 0
Jun 14 09:35:49 standalone proxy-server[129724]: 172.18.0.2 172.18.0.100 14/Jun/2026/09/35/49 PUT /v1/AUTH_a9a47695f86f49b68ac9b1e01c782c0c/gnocchi.58254306-477a-4af8-ac7d-b85e188993ea/none_v3 HTTP/1.0 201 - python-swiftclient-3.11.1 gAAAAABqLnWpTmF8... 22 - - tx084931d494bd4f0787ce2-006a2e75f5 - 0.0198 - - 1781429749.407727957 1781429749.427491903 0
Jun 14 09:35:49 standalone container-server[127447]: 172.20.0.100 - - [14/Jun/2026:09:35:49 +0000] "HEAD /d1/79/AUTH_a9a47695f86f49b68ac9b1e01c782c0c/gnocchi.2d1df638-e70e-440d-a743-cfe4ddde0ed2" 404 - "HEAD http://172.18.0.2:8080/v1/AUTH_a9a47695f86f49b68ac9b1e01c782c0c/gnocchi.2d1df638-e70e-440d-a743-cfe4ddde0ed2?format=json&states=listing" "tx1a7e23de40ad4a118a84f-006a2e75f5" "proxy-server 20" 0.0013 "-" 21 0
Jun 14 09:35:49 standalone object-server[127680]: 172.20.0.100 - - [14/Jun/2026:09:35:49 +0000] "GET /d1/1019/AUTH_a9a47695f86f49b68ac9b1e01c782c0c/gnocchi.2d1df638-e70e-440d-a743-cfe4ddde0ed2/none_v3" 404 70 "GET http://172.18.0.2:8080/v1/AUTH_a9a47695f86f49b68ac9b1e01c782c0c/gnocchi.2d1df638-e70e-440d-a743-cfe4ddde0ed2/none_v3" "tx1a7e23de40ad4a118a84f-006a2e75f5" "proxy-server 20" 0.0008 "-" 22 0
Jun 14 09:35:49 standalone proxy-server[129724]: 172.18.0.2 172.18.0.100 14/Jun/2026/09/35/49 GET /v1/AUTH_a9a47695f86f49b68ac9b1e01c782c0c/gnocchi.2d1df638-e70e-440d-a743-cfe4ddde0ed2/none_v3 HTTP/1.0 404 - python-swiftclient-3.11.1 gAAAAABqLnWpTmF8... - 70 - tx1a7e23de40ad4a118a84f-006a2e75f5 - 0.0206 - - 1781429749.444057941 1781429749.464612722 0
Jun 14 09:35:49 standalone account-server[127293]: 172.20.0.100 - - [14/Jun/2026:09:35:49 +0000] "PUT /d1/186/AUTH_a9a47695f86f49b68ac9b1e01c782c0c/gnocchi.2d1df638-e70e-440d-a743-cfe4ddde0ed2" 201 - "PUT http://172.20.0.100:6001/d1/79/AUTH_a9a47695f86f49b68ac9b1e01c782c0c/gnocchi.2d1df638-e70e-440d-a743-cfe4ddde0ed2" "txd8a30fb299e5484490e25-006a2e75f5" "container-server 20" 0.0075 "-" 20 0
Jun 14 09:35:49 standalone container-server[127445]: 172.20.0.100 - - [14/Jun/2026:09:35:49 +0000] "PUT /d1/79/AUTH_a9a47695f86f49b68ac9b1e01c782c0c/gnocchi.2d1df638-e70e-440d-a743-cfe4ddde0ed2" 201 - "PUT http://172.18.0.2:8080/v1/AUTH_a9a47695f86f49b68ac9b1e01c782c0c/gnocchi.2d1df638-e70e-440d-a743-cfe4ddde0ed2" "txd8a30fb299e5484490e25-006a2e75f5" "proxy-server 20" 0.0273 "-" 20 0
Jun 14 09:35:49 standalone proxy-server[129724]: 172.18.0.2 172.18.0.100 14/Jun/2026/09/35/49 PUT /v1/AUTH_a9a47695f86f49b68ac9b1e01c782c0c/gnocchi.2d1df638-e70e-440d-a743-cfe4ddde0ed2 HTTP/1.0 201 - python-swiftclient-3.11.1 gAAAAABqLnWpTmF8... - - - txd8a30fb299e5484490e25-006a2e75f5 - 0.0339 - - 1781429749.469075441 1781429749.502981424 0
Jun 14 09:35:49 standalone container-server[127447]: 172.20.0.100 - - [14/Jun/2026:09:35:49 +0000] "HEAD /d1/79/AUTH_a9a47695f86f49b68ac9b1e01c782c0c/gnocchi.2d1df638-e70e-440d-a743-cfe4ddde0ed2" 204 - "HEAD http://172.18.0.2:8080/v1/AUTH_a9a47695f86f49b68ac9b1e01c782c0c/gnocchi.2d1df638-e70e-440d-a743-cfe4ddde0ed2?format=json&states=listing" "tx26dd9f2097af4aa397a78-006a2e75f5" "proxy-server 20" 0.0014 "-" 21 0
Jun 14 09:35:49 standalone proxy-server[129724]: - - 14/Jun/2026/09/35/49 HEAD /v1/AUTH_a9a47695f86f49b68ac9b1e01c782c0c/gnocchi.2d1df638-e70e-440d-a743-cfe4ddde0ed2%3Fformat%3Djson%26states%3Dlisting HTTP/1.0 204 - Swift - - - - tx26dd9f2097af4aa397a78-006a2e75f5 - 0.0049 RL - 1781429749.509350538 1781429749.514215231 0
Jun 14 09:35:49 standalone container-server[127449]: 172.20.0.100 - - [14/Jun/2026:09:35:49 +0000] "GET /d1/79/AUTH_a9a47695f86f49b68ac9b1e01c782c0c/gnocchi.2d1df638-e70e-440d-a743-cfe4ddde0ed2" 200 2 "GET http://172.18.0.2:8080/v1/AUTH_a9a47695f86f49b68ac9b1e01c782c0c/gnocchi.2d1df638-e70e-440d-a743-cfe4ddde0ed2?format=json&states=listing" "tx26dd9f2097af4aa397a78-006a2e75f5" "proxy-server 20" 0.0022 "-" 22 0
Jun 14 09:35:49 standalone proxy-server[129724]: 172.18.0.2 172.18.0.100 14/Jun/2026/09/35/49 GET /v1/AUTH_a9a47695f86f49b68ac9b1e01c782c0c/gnocchi.2d1df638-e70e-440d-a743-cfe4ddde0ed2%3Fformat%3Djson%26states%3Dlisting HTTP/1.0 200 - python-swiftclient-3.11.1 gAAAAABqLnWpTmF8... - 2 - tx26dd9f2097af4aa397a78-006a2e75f5 - 0.0153 - - 1781429749.508146524 1781429749.523408175 0
Jun 14 09:35:49 standalone object-server[127680]: 172.20.0.100 - - [14/Jun/2026:09:35:49 +0000] "GET /d1/521/AUTH_a9a47695f86f49b68ac9b1e01c782c0c/gnocchi.2d1df638-e70e-440d-a743-cfe4ddde0ed2/1780920000.0_mean_300.0_v3" 404 70 "GET http://172.18.0.2:8080/v1/AUTH_a9a47695f86f49b68ac9b1e01c782c0c/gnocchi.2d1df638-e70e-440d-a743-cfe4ddde0ed2/1780920000.0_mean_300.0_v3" "txe74818d20a72485dae2a2-006a2e75f5" "proxy-server 20" 0.0004 "-" 22 0
Jun 14 09:35:49 standalone proxy-server[129724]: 172.18.0.2 172.18.0.100 14/Jun/2026/09/35/49 GET /v1/AUTH_a9a47695f86f49b68ac9b1e01c782c0c/gnocchi.2d1df638-e70e-440d-a743-cfe4ddde0ed2/1780920000.0_mean_300.0_v3 HTTP/1.0 404 - python-swiftclient-3.11.1 gAAAAABqLnWpTmF8... - 70 - txe74818d20a72485dae2a2-006a2e75f5 - 0.0065 - - 1781429749.528353214 1781429749.534876585 0
Jun 14 09:35:49 standalone container-server[127445]: 172.20.0.100 - - [14/Jun/2026:09:35:49 +0000] "PUT /d1/79/AUTH_a9a47695f86f49b68ac9b1e01c782c0c/gnocchi.2d1df638-e70e-440d-a743-cfe4ddde0ed2/1780920000.0_mean_300.0_v3" 201 - "PUT http://172.18.0.2:8080/d1/521/AUTH_a9a47695f86f49b68ac9b1e01c782c0c/gnocchi.2d1df638-e70e-440d-a743-cfe4ddde0ed2/1780920000.0_mean_300.0_v3" "tx978c986754514714b1b26-006a2e75f5" "object-server 23" 0.0019 "-" 20 0
Jun 14 09:35:49 standalone object-server[127687]: 172.20.0.100 - - [14/Jun/2026:09:35:49 +0000] "PUT /d1/521/AUTH_a9a47695f86f49b68ac9b1e01c782c0c/gnocchi.2d1df638-e70e-440d-a743-cfe4ddde0ed2/1780920000.0_mean_300.0_v3" 201 - "PUT http://172.18.0.2:8080/v1/AUTH_a9a47695f86f49b68ac9b1e01c782c0c/gnocchi.2d1df638-e70e-440d-a743-cfe4ddde0ed2/1780920000.0_mean_300.0_v3" "tx978c986754514714b1b26-006a2e75f5" "proxy-server 20" 0.0156 "-" 23 0
Jun 14 09:35:49 standalone proxy-server[129724]: 172.18.0.2 172.18.0.100 14/Jun/2026/09/35/49 PUT /v1/AUTH_a9a47695f86f49b68ac9b1e01c782c0c/gnocchi.2d1df638-e70e-440d-a743-cfe4ddde0ed2/1780920000.0_mean_300.0_v3 HTTP/1.0 201 - python-swiftclient-3.11.1 gAAAAABqLnWpTmF8... 16 - - tx978c986754514714b1b26-006a2e75f5 - 0.0226 - - 1781429749.538781881 1781429749.561407804 0
Jun 14 09:35:49 standalone container-server[127447]: 172.20.0.100 - - [14/Jun/2026:09:35:49 +0000] "PUT /d1/79/AUTH_a9a47695f86f49b68ac9b1e01c782c0c/gnocchi.2d1df638-e70e-440d-a743-cfe4ddde0ed2/none_v3" 201 - "PUT http://172.18.0.2:8080/d1/1019/AUTH_a9a47695f86f49b68ac9b1e01c782c0c/gnocchi.2d1df638-e70e-440d-a743-cfe4ddde0ed2/none_v3" "tx11f9363b4c1b4ba6b5619-006a2e75f5" "object-server 25" 0.0018 "-" 21 0
Jun 14 09:35:49 standalone object-server[127701]: 172.20.0.100 - - [14/Jun/2026:09:35:49 +0000] "PUT /d1/1019/AUTH_a9a47695f86f49b68ac9b1e01c782c0c/gnocchi.2d1df638-e70e-440d-a743-cfe4ddde0ed2/none_v3" 201 - "PUT http://172.18.0.2:8080/v1/AUTH_a9a47695f86f49b68ac9b1e01c782c0c/gnocchi.2d1df638-e70e-440d-a743-cfe4ddde0ed2/none_v3" "tx11f9363b4c1b4ba6b5619-006a2e75f5" "proxy-server 20" 0.0173 "-" 25 0
Jun 14 09:35:49 standalone proxy-server[129724]: 172.18.0.2 172.18.0.100 14/Jun/2026/09/35/49 PUT /v1/AUTH_a9a47695f86f49b68ac9b1e01c782c0c/gnocchi.2d1df638-e70e-440d-a743-cfe4ddde0ed2/none_v3 HTTP/1.0 201 - python-swiftclient-3.11.1 gAAAAABqLnWpTmF8... 22 - - tx11f9363b4c1b4ba6b5619-006a2e75f5 - 0.0239 - - 1781429749.565823078 1781429749.589744568 0
Jun 14 09:35:49 standalone container-server[127452]: 172.20.0.100 - - [14/Jun/2026:09:35:49 +0000] "HEAD /d1/60/AUTH_a9a47695f86f49b68ac9b1e01c782c0c/gnocchi.902a998a-8973-4c41-843c-f69b902d4662" 404 - "HEAD http://172.18.0.2:8080/v1/AUTH_a9a47695f86f49b68ac9b1e01c782c0c/gnocchi.902a998a-8973-4c41-843c-f69b902d4662?format=json&states=listing" "txa2bdc7fcfceb4124ab98f-006a2e75f5" "proxy-server 20" 0.0008 "-" 23 0
Jun 14 09:35:49 standalone object-server[127701]: 172.20.0.100 - - [14/Jun/2026:09:35:49 +0000] "GET /d1/31/AUTH_a9a47695f86f49b68ac9b1e01c782c0c/gnocchi.902a998a-8973-4c41-843c-f69b902d4662/none_v3" 404 70 "GET http://172.18.0.2:8080/v1/AUTH_a9a47695f86f49b68ac9b1e01c782c0c/gnocchi.902a998a-8973-4c41-843c-f69b902d4662/none_v3" "txa2bdc7fcfceb4124ab98f-006a2e75f5" "proxy-server 20" 0.0004 "-" 25 0
Jun 14 09:35:49 standalone proxy-server[129724]: 172.18.0.2 172.18.0.100 14/Jun/2026/09/35/49 GET /v1/AUTH_a9a47695f86f49b68ac9b1e01c782c0c/gnocchi.902a998a-8973-4c41-843c-f69b902d4662/none_v3 HTTP/1.0 404 - python-swiftclient-3.11.1 gAAAAABqLnWpTmF8... - 70 - txa2bdc7fcfceb4124ab98f-006a2e75f5 - 0.0141 - - 1781429749.606448412 1781429749.620559692 0
Jun 14 09:35:49 standalone account-server[127293]: 172.20.0.100 - - [14/Jun/2026:09:35:49 +0000] "PUT /d1/186/AUTH_a9a47695f86f49b68ac9b1e01c782c0c/gnocchi.902a998a-8973-4c41-843c-f69b902d4662" 201 - "PUT http://172.20.0.100:6001/d1/60/AUTH_a9a47695f86f49b68ac9b1e01c782c0c/gnocchi.902a998a-8973-4c41-843c-f69b902d4662" "tx3989ad59f5684b0282d7e-006a2e75f5" "container-server 23" 0.0080 "-" 20 0
Jun 14 09:35:49 standalone container-server[127452]: 172.20.0.100 - - [14/Jun/2026:09:35:49 +0000] "PUT /d1/60/AUTH_a9a47695f86f49b68ac9b1e01c782c0c/gnocchi.902a998a-8973-4c41-843c-f69b902d4662" 201 - "PUT http://172.18.0.2:8080/v1/AUTH_a9a47695f86f49b68ac9b1e01c782c0c/gnocchi.902a998a-8973-4c41-843c-f69b902d4662" "tx3989ad59f5684b0282d7e-006a2e75f5" "proxy-server 20" 0.0235 "-" 23 0
Jun 14 09:35:49 standalone proxy-server[129724]: 172.18.0.2 172.18.0.100 14/Jun/2026/09/35/49 PUT /v1/AUTH_a9a47695f86f49b68ac9b1e01c782c0c/gnocchi.902a998a-8973-4c41-843c-f69b902d4662 HTTP/1.0 201 - python-swiftclient-3.11.1 gAAAAABqLnWpTmF8... - - - tx3989ad59f5684b0282d7e-006a2e75f5 - 0.0299 - - 1781429749.627442837 1781429749.657338619 0
Jun 14 09:35:49 standalone container-server[127449]: 172.20.0.100 - - [14/Jun/2026:09:35:49 +0000] "HEAD /d1/60/AUTH_a9a47695f86f49b68ac9b1e01c782c0c/gnocchi.902a998a-8973-4c41-843c-f69b902d4662" 204 - "HEAD http://172.18.0.2:8080/v1/AUTH_a9a47695f86f49b68ac9b1e01c782c0c/gnocchi.902a998a-8973-4c41-843c-f69b902d4662?format=json&states=listing" "tx986f03fec0f14ab8bc78c-006a2e75f5" "proxy-server 20" 0.0056 "-" 22 0
Jun 14 09:35:49 standalone proxy-server[129724]: - - 14/Jun/2026/09/35/49 HEAD /v1/AUTH_a9a47695f86f49b68ac9b1e01c782c0c/gnocchi.902a998a-8973-4c41-843c-f69b902d4662%3Fformat%3Djson%26states%3Dlisting HTTP/1.0 204 - Swift - - - - tx986f03fec0f14ab8bc78c-006a2e75f5 - 0.0127 RL - 1781429749.664501429 1781429749.677204132 0
