Jun 14 09:36:38 standalone proxy-server[129724]: 172.18.0.2 172.18.0.100 14/Jun/2026/09/36/38 GET /v1/AUTH_a9a47695f86f49b68ac9b1e01c782c0c/gnocchi.dbd39009-754c-46dc-bc71-c8d8bbe99bd9/none_v3 HTTP/1.0 200 - python-swiftclient-3.11.1 gAAAAABqLnWpTmF8... - 22 - tx0e1f44d79ed0451a8b086-006a2e7626 - 0.0141 - - 1781429798.208041668 1781429798.222148657 0
Jun 14 09:36:38 standalone container-server[127452]: 172.20.0.100 - - [14/Jun/2026:09:36:38 +0000] "GET /d1/764/AUTH_a9a47695f86f49b68ac9b1e01c782c0c/gnocchi.dbd39009-754c-46dc-bc71-c8d8bbe99bd9" 200 357 "GET http://172.18.0.2:8080/v1/AUTH_a9a47695f86f49b68ac9b1e01c782c0c/gnocchi.dbd39009-754c-46dc-bc71-c8d8bbe99bd9?format=json&states=listing" "tx5072db2bd6ed45a38bcb2-006a2e7626" "proxy-server 20" 0.0195 "-" 23 0
Jun 14 09:36:38 standalone proxy-server[129724]: 172.18.0.2 172.18.0.100 14/Jun/2026/09/36/38 GET /v1/AUTH_a9a47695f86f49b68ac9b1e01c782c0c/gnocchi.dbd39009-754c-46dc-bc71-c8d8bbe99bd9%3Fformat%3Djson%26states%3Dlisting HTTP/1.0 200 - python-swiftclient-3.11.1 gAAAAABqLnWpTmF8... - 357 - tx5072db2bd6ed45a38bcb2-006a2e7626 - 0.0302 - - 1781429798.229735851 1781429798.259975910 0
Jun 14 09:36:38 standalone container-server[127452]: 172.20.0.100 - - [14/Jun/2026:09:36:38 +0000] "GET /d1/764/AUTH_a9a47695f86f49b68ac9b1e01c782c0c/gnocchi.dbd39009-754c-46dc-bc71-c8d8bbe99bd9" 200 2 "GET http://172.18.0.2:8080/v1/AUTH_a9a47695f86f49b68ac9b1e01c782c0c/gnocchi.dbd39009-754c-46dc-bc71-c8d8bbe99bd9?format=json&marker=none_v3&states=listing" "txb93e573345d7439fb6443-006a2e7626" "proxy-server 20" 0.0034 "-" 23 0
Jun 14 09:36:38 standalone proxy-server[129724]: 172.18.0.2 172.18.0.100 14/Jun/2026/09/36/38 GET /v1/AUTH_a9a47695f86f49b68ac9b1e01c782c0c/gnocchi.dbd39009-754c-46dc-bc71-c8d8bbe99bd9%3Fformat%3Djson%26marker%3Dnone_v3%26states%3Dlisting HTTP/1.0 200 - python-swiftclient-3.11.1 gAAAAABqLnWpTmF8... - 2 - txb93e573345d7439fb6443-006a2e7626 - 0.0163 - - 1781429798.265998125 1781429798.282294989 0
Jun 14 09:36:38 standalone object-server[127687]: 172.20.0.100 - - [14/Jun/2026:09:36:38 +0000] "GET /d1/258/AUTH_a9a47695f86f49b68ac9b1e01c782c0c/gnocchi.dbd39009-754c-46dc-bc71-c8d8bbe99bd9/1780920000.0_mean_300.0_v3" 200 16 "GET http://172.18.0.2:8080/v1/AUTH_a9a47695f86f49b68ac9b1e01c782c0c/gnocchi.dbd39009-754c-46dc-bc71-c8d8bbe99bd9/1780920000.0_mean_300.0_v3" "txb2ab9e4b70a64a8d8f8d1-006a2e7626" "proxy-server 20" 0.0007 "-" 23 0
Jun 14 09:36:38 standalone proxy-server[129724]: 172.18.0.2 172.18.0.100 14/Jun/2026/09/36/38 GET /v1/AUTH_a9a47695f86f49b68ac9b1e01c782c0c/gnocchi.dbd39009-754c-46dc-bc71-c8d8bbe99bd9/1780920000.0_mean_300.0_v3 HTTP/1.0 200 - python-swiftclient-3.11.1 gAAAAABqLnWpTmF8... - 16 - txb2ab9e4b70a64a8d8f8d1-006a2e7626 - 0.0092 - - 1781429798.288398743 1781429798.297639608 0
Jun 14 09:36:38 standalone container-server[127449]: 172.20.0.100 - - [14/Jun/2026:09:36:38 +0000] "PUT /d1/764/AUTH_a9a47695f86f49b68ac9b1e01c782c0c/gnocchi.dbd39009-754c-46dc-bc71-c8d8bbe99bd9/1780920000.0_mean_300.0_v3" 201 - "PUT http://172.18.0.2:8080/d1/258/AUTH_a9a47695f86f49b68ac9b1e01c782c0c/gnocchi.dbd39009-754c-46dc-bc71-c8d8bbe99bd9/1780920000.0_mean_300.0_v3" "txb261a891c369482f919a8-006a2e7626" "object-server 22" 0.0008 "-" 22 0
Jun 14 09:36:38 standalone object-server[127680]: 172.20.0.100 - - [14/Jun/2026:09:36:38 +0000] "PUT /d1/258/AUTH_a9a47695f86f49b68ac9b1e01c782c0c/gnocchi.dbd39009-754c-46dc-bc71-c8d8bbe99bd9/1780920000.0_mean_300.0_v3" 201 - "PUT http://172.18.0.2:8080/v1/AUTH_a9a47695f86f49b68ac9b1e01c782c0c/gnocchi.dbd39009-754c-46dc-bc71-c8d8bbe99bd9/1780920000.0_mean_300.0_v3" "txb261a891c369482f919a8-006a2e7626" "proxy-server 20" 0.0128 "-" 22 0
Jun 14 09:36:38 standalone proxy-server[129724]: 172.18.0.2 172.18.0.100 14/Jun/2026/09/36/38 PUT /v1/AUTH_a9a47695f86f49b68ac9b1e01c782c0c/gnocchi.dbd39009-754c-46dc-bc71-c8d8bbe99bd9/1780920000.0_mean_300.0_v3 HTTP/1.0 201 - python-swiftclient-3.11.1 gAAAAABqLnWpTmF8... 16 - - txb261a891c369482f919a8-006a2e7626 - 0.0182 - - 1781429798.302097082 1781429798.320257425 0
Jun 14 09:36:38 standalone container-server[127447]: 172.20.0.100 - - [14/Jun/2026:09:36:38 +0000] "PUT /d1/764/AUTH_a9a47695f86f49b68ac9b1e01c782c0c/gnocchi.dbd39009-754c-46dc-bc71-c8d8bbe99bd9/none_v3" 201 - "PUT http://172.18.0.2:8080/d1/768/AUTH_a9a47695f86f49b68ac9b1e01c782c0c/gnocchi.dbd39009-754c-46dc-bc71-c8d8bbe99bd9/none_v3" "tx3737daaeeca64425b703f-006a2e7626" "object-server 25" 0.0010 "-" 21 0
Jun 14 09:36:38 standalone object-server[127701]: 172.20.0.100 - - [14/Jun/2026:09:36:38 +0000] "PUT /d1/768/AUTH_a9a47695f86f49b68ac9b1e01c782c0c/gnocchi.dbd39009-754c-46dc-bc71-c8d8bbe99bd9/none_v3" 201 - "PUT http://172.18.0.2:8080/v1/AUTH_a9a47695f86f49b68ac9b1e01c782c0c/gnocchi.dbd39009-754c-46dc-bc71-c8d8bbe99bd9/none_v3" "tx3737daaeeca64425b703f-006a2e7626" "proxy-server 20" 0.0118 "-" 25 0
Jun 14 09:36:38 standalone proxy-server[129724]: 172.18.0.2 172.18.0.100 14/Jun/2026/09/36/38 PUT /v1/AUTH_a9a47695f86f49b68ac9b1e01c782c0c/gnocchi.dbd39009-754c-46dc-bc71-c8d8bbe99bd9/none_v3 HTTP/1.0 201 - python-swiftclient-3.11.1 gAAAAABqLnWpTmF8... 31 - - tx3737daaeeca64425b703f-006a2e7626 - 0.0290 - - 1781429798.324166298 1781429798.353187561 0
Jun 14 09:36:47 standalone account-server[127306]: 172.20.0.100 - - [14/Jun/2026:09:36:47 +0000] "HEAD /d1/186/AUTH_a9a47695f86f49b68ac9b1e01c782c0c" 204 - "HEAD http://172.18.0.2:8080/v1/AUTH_a9a47695f86f49b68ac9b1e01c782c0c?format=json" "tx41a5efbf68f848e59d044-006a2e762f" "proxy-server 20" 0.0087 "-" 22 -
Jun 14 09:36:47 standalone proxy-server[129724]: - - 14/Jun/2026/09/36/47 HEAD /v1/AUTH_a9a47695f86f49b68ac9b1e01c782c0c%3Fformat%3Djson HTTP/1.0 204 - Swift - - - - tx41a5efbf68f848e59d044-006a2e762f - 0.0128 RL - 1781429807.469769001 1781429807.482611179 -
Jun 14 09:36:47 standalone object-server[127687]: 172.20.0.100 - - [14/Jun/2026:09:36:47 +0000] "GET /d1/257/AUTH_a9a47695f86f49b68ac9b1e01c782c0c/gnocchi.948138fe-449d-4b21-96d1-c83865b34cb9/none_v3" 200 32 "GET http://172.18.0.2:8080/v1/AUTH_a9a47695f86f49b68ac9b1e01c782c0c/gnocchi.948138fe-449d-4b21-96d1-c83865b34cb9/none_v3" "tx41a5efbf68f848e59d044-006a2e762f" "proxy-server 20" 0.0010 "-" 23 0
Jun 14 09:36:47 standalone proxy-server[129724]: 172.18.0.2 172.18.0.100 14/Jun/2026/09/36/47 GET /v1/AUTH_a9a47695f86f49b68ac9b1e01c782c0c/gnocchi.948138fe-449d-4b21-96d1-c83865b34cb9/none_v3 HTTP/1.0 200 - python-swiftclient-3.11.1 gAAAAABqLnWpTmF8... - 32 - tx41a5efbf68f848e59d044-006a2e762f - 0.0205 - - 1781429807.468900681 1781429807.489446878 0
Jun 14 09:36:47 standalone container-server[127445]: 172.20.0.100 - - [14/Jun/2026:09:36:47 +0000] "GET /d1/399/AUTH_a9a47695f86f49b68ac9b1e01c782c0c/gnocchi.948138fe-449d-4b21-96d1-c83865b34cb9" 200 357 "GET http://172.18.0.2:8080/v1/AUTH_a9a47695f86f49b68ac9b1e01c782c0c/gnocchi.948138fe-449d-4b21-96d1-c83865b34cb9?format=json&states=listing" "tx7b3bddebf2bc42cdaa236-006a2e762f" "proxy-server 20" 0.0085 "-" 20 0
Jun 14 09:36:47 standalone proxy-server[129724]: 172.18.0.2 172.18.0.100 14/Jun/2026/09/36/47 GET /v1/AUTH_a9a47695f86f49b68ac9b1e01c782c0c/gnocchi.948138fe-449d-4b21-96d1-c83865b34cb9%3Fformat%3Djson%26states%3Dlisting HTTP/1.0 200 - python-swiftclient-3.11.1 gAAAAABqLnWpTmF8... - 357 - tx7b3bddebf2bc42cdaa236-006a2e762f - 0.0137 - - 1781429807.493358612 1781429807.507095098 0
Jun 14 09:36:47 standalone container-server[127449]: 172.20.0.100 - - [14/Jun/2026:09:36:47 +0000] "GET /d1/399/AUTH_a9a47695f86f49b68ac9b1e01c782c0c/gnocchi.948138fe-449d-4b21-96d1-c83865b34cb9" 200 2 "GET http://172.18.0.2:8080/v1/AUTH_a9a47695f86f49b68ac9b1e01c782c0c/gnocchi.948138fe-449d-4b21-96d1-c83865b34cb9?format=json&marker=none_v3&states=listing" "tx16e760f2b0aa4225a5cf5-006a2e762f" "proxy-server 20" 0.0019 "-" 22 0
Jun 14 09:36:47 standalone proxy-server[129724]: 172.18.0.2 172.18.0.100 14/Jun/2026/09/36/47 GET /v1/AUTH_a9a47695f86f49b68ac9b1e01c782c0c/gnocchi.948138fe-449d-4b21-96d1-c83865b34cb9%3Fformat%3Djson%26marker%3Dnone_v3%26states%3Dlisting HTTP/1.0 200 - python-swiftclient-3.11.1 gAAAAABqLnWpTmF8... - 2 - tx16e760f2b0aa4225a5cf5-006a2e762f - 0.0061 - - 1781429807.511355162 1781429807.517416716 0
Jun 14 09:36:47 standalone object-server[127680]: 172.20.0.100 - - [14/Jun/2026:09:36:47 +0000] "GET /d1/208/AUTH_a9a47695f86f49b68ac9b1e01c782c0c/gnocchi.948138fe-449d-4b21-96d1-c83865b34cb9/1780920000.0_mean_300.0_v3" 200 16 "GET http://172.18.0.2:8080/v1/AUTH_a9a47695f86f49b68ac9b1e01c782c0c/gnocchi.948138fe-449d-4b21-96d1-c83865b34cb9/1780920000.0_mean_300.0_v3" "tx0c27c3fda16e4490b4dcc-006a2e762f" "proxy-server 20" 0.0009 "-" 22 0
Jun 14 09:36:47 standalone proxy-server[129724]: 172.18.0.2 172.18.0.100 14/Jun/2026/09/36/47 GET /v1/AUTH_a9a47695f86f49b68ac9b1e01c782c0c/gnocchi.948138fe-449d-4b21-96d1-c83865b34cb9/1780920000.0_mean_300.0_v3 HTTP/1.0 200 - python-swiftclient-3.11.1 gAAAAABqLnWpTmF8... - 16 - tx0c27c3fda16e4490b4dcc-006a2e762f - 0.0083 - - 1781429807.522484541 1781429807.530746460 0
Jun 14 09:36:47 standalone container-server[127452]: 172.20.0.100 - - [14/Jun/2026:09:36:47 +0000] "PUT /d1/399/AUTH_a9a47695f86f49b68ac9b1e01c782c0c/gnocchi.948138fe-449d-4b21-96d1-c83865b34cb9/1780920000.0_mean_300.0_v3" 201 - "PUT http://172.18.0.2:8080/d1/208/AUTH_a9a47695f86f49b68ac9b1e01c782c0c/gnocchi.948138fe-449d-4b21-96d1-c83865b34cb9/1780920000.0_mean_300.0_v3" "tx1ebb3efbc6564a03adf06-006a2e762f" "object-server 22" 0.0008 "-" 23 0
Jun 14 09:36:47 standalone object-server[127680]: 172.20.0.100 - - [14/Jun/2026:09:36:47 +0000] "PUT /d1/208/AUTH_a9a47695f86f49b68ac9b1e01c782c0c/gnocchi.948138fe-449d-4b21-96d1-c83865b34cb9/1780920000.0_mean_300.0_v3" 201 - "PUT http://172.18.0.2:8080/v1/AUTH_a9a47695f86f49b68ac9b1e01c782c0c/gnocchi.948138fe-449d-4b21-96d1-c83865b34cb9/1780920000.0_mean_300.0_v3" "tx1ebb3efbc6564a03adf06-006a2e762f" "proxy-server 20" 0.0109 "-" 22 0
Jun 14 09:36:47 standalone proxy-server[129724]: 172.18.0.2 172.18.0.100 14/Jun/2026/09/36/47 PUT /v1/AUTH_a9a47695f86f49b68ac9b1e01c782c0c/gnocchi.948138fe-449d-4b21-96d1-c83865b34cb9/1780920000.0_mean_300.0_v3 HTTP/1.0 201 - python-swiftclient-3.11.1 gAAAAABqLnWpTmF8... 16 - - tx1ebb3efbc6564a03adf06-006a2e762f - 0.0147 - - 1781429807.534325361 1781429807.548992395 0
Jun 14 09:36:47 standalone container-server[127452]: 172.20.0.100 - - [14/Jun/2026:09:36:47 +0000] "PUT /d1/399/AUTH_a9a47695f86f49b68ac9b1e01c782c0c/gnocchi.948138fe-449d-4b21-96d1-c83865b34cb9/none_v3" 201 - "PUT http://172.18.0.2:8080/d1/257/AUTH_a9a47695f86f49b68ac9b1e01c782c0c/gnocchi.948138fe-449d-4b21-96d1-c83865b34cb9/none_v3" "tx117b5b774d364260a2a7d-006a2e762f" "object-server 24" 0.0006 "-" 23 0
Jun 14 09:36:47 standalone object-server[127690]: 172.20.0.100 - - [14/Jun/2026:09:36:47 +0000] "PUT /d1/257/AUTH_a9a47695f86f49b68ac9b1e01c782c0c/gnocchi.948138fe-449d-4b21-96d1-c83865b34cb9/none_v3" 201 - "PUT http://172.18.0.2:8080/v1/AUTH_a9a47695f86f49b68ac9b1e01c782c0c/gnocchi.948138fe-449d-4b21-96d1-c83865b34cb9/none_v3" "tx117b5b774d364260a2a7d-006a2e762f" "proxy-server 20" 0.0131 "-" 24 0
Jun 14 09:36:47 standalone proxy-server[129724]: 172.18.0.2 172.18.0.100 14/Jun/2026/09/36/47 PUT /v1/AUTH_a9a47695f86f49b68ac9b1e01c782c0c/gnocchi.948138fe-449d-4b21-96d1-c83865b34cb9/none_v3 HTTP/1.0 201 - python-swiftclient-3.11.1 gAAAAABqLnWpTmF8... 46 - - tx117b5b774d364260a2a7d-006a2e762f - 0.0198 - - 1781429807.552209377 1781429807.571960211 0
Jun 14 09:36:48 standalone object-server[127690]: 172.20.0.100 - - [14/Jun/2026:09:36:48 +0000] "GET /d1/257/AUTH_a9a47695f86f49b68ac9b1e01c782c0c/gnocchi.948138fe-449d-4b21-96d1-c83865b34cb9/none_v3" 200 46 "GET http://172.18.0.2:8080/v1/AUTH_a9a47695f86f49b68ac9b1e01c782c0c/gnocchi.948138fe-449d-4b21-96d1-c83865b34cb9/none_v3" "txdc0312f19af5490e8322d-006a2e7630" "proxy-server 20" 0.0016 "-" 24 0
Jun 14 09:36:48 standalone proxy-server[129724]: 172.18.0.2 172.18.0.100 14/Jun/2026/09/36/48 GET /v1/AUTH_a9a47695f86f49b68ac9b1e01c782c0c/gnocchi.948138fe-449d-4b21-96d1-c83865b34cb9/none_v3 HTTP/1.0 200 - python-swiftclient-3.11.1 gAAAAABqLnWpTmF8... - 46 - txdc0312f19af5490e8322d-006a2e7630 - 0.0200 - - 1781429808.566716909 1781429808.586759090 0
Jun 14 09:36:48 standalone container-server[127447]: 172.20.0.100 - - [14/Jun/2026:09:36:48 +0000] "GET /d1/399/AUTH_a9a47695f86f49b68ac9b1e01c782c0c/gnocchi.948138fe-449d-4b21-96d1-c83865b34cb9" 200 357 "GET http://172.18.0.2:8080/v1/AUTH_a9a47695f86f49b68ac9b1e01c782c0c/gnocchi.948138fe-449d-4b21-96d1-c83865b34cb9?format=json&states=listing" "txcd3ca0415bad420aabde1-006a2e7630" "proxy-server 20" 0.0125 "-" 21 0
Jun 14 09:36:48 standalone proxy-server[129724]: 172.18.0.2 172.18.0.100 14/Jun/2026/09/36/48 GET /v1/AUTH_a9a47695f86f49b68ac9b1e01c782c0c/gnocchi.948138fe-449d-4b21-96d1-c83865b34cb9%3Fformat%3Djson%26states%3Dlisting HTTP/1.0 200 - python-swiftclient-3.11.1 gAAAAABqLnWpTmF8... - 357 - txcd3ca0415bad420aabde1-006a2e7630 - 0.0269 - - 1781429808.593444109 1781429808.620315790 0
Jun 14 09:36:48 standalone container-server[127445]: 172.20.0.100 - - [14/Jun/2026:09:36:48 +0000] "GET /d1/399/AUTH_a9a47695f86f49b68ac9b1e01c782c0c/gnocchi.948138fe-449d-4b21-96d1-c83865b34cb9" 200 2 "GET http://172.18.0.2:8080/v1/AUTH_a9a47695f86f49b68ac9b1e01c782c0c/gnocchi.948138fe-449d-4b21-96d1-c83865b34cb9?format=json&marker=none_v3&states=listing" "tx6710eeebadfa463989380-006a2e7630" "proxy-server 20" 0.0021 "-" 20 0
Jun 14 09:36:48 standalone proxy-server[129724]: 172.18.0.2 172.18.0.100 14/Jun/2026/09/36/48 GET /v1/AUTH_a9a47695f86f49b68ac9b1e01c782c0c/gnocchi.948138fe-449d-4b21-96d1-c83865b34cb9%3Fformat%3Djson%26marker%3Dnone_v3%26states%3Dlisting HTTP/1.0 200 - python-swiftclient-3.11.1 gAAAAABqLnWpTmF8... - 2 - tx6710eeebadfa463989380-006a2e7630 - 0.0104 - - 1781429808.624856949 1781429808.635260344 0
Jun 14 09:36:48 standalone object-server[127680]: 172.20.0.100 - - [14/Jun/2026:09:36:48 +0000] "GET /d1/208/AUTH_a9a47695f86f49b68ac9b1e01c782c0c/gnocchi.948138fe-449d-4b21-96d1-c83865b34cb9/1780920000.0_mean_300.0_v3" 200 16 "GET http://172.18.0.2:8080/v1/AUTH_a9a47695f86f49b68ac9b1e01c782c0c/gnocchi.948138fe-449d-4b21-96d1-c83865b34cb9/1780920000.0_mean_300.0_v3" "txbb6ecf910bc74508ba74a-006a2e7630" "proxy-server 20" 0.0009 "-" 22 0
Jun 14 09:36:48 standalone proxy-server[129724]: 172.18.0.2 172.18.0.100 14/Jun/2026/09/36/48 GET /v1/AUTH_a9a47695f86f49b68ac9b1e01c782c0c/gnocchi.948138fe-449d-4b21-96d1-c83865b34cb9/1780920000.0_mean_300.0_v3 HTTP/1.0 200 - python-swiftclient-3.11.1 gAAAAABqLnWpTmF8... - 16 - txbb6ecf910bc74508ba74a-006a2e7630 - 0.0126 - - 1781429808.641627789 1781429808.654193163 0
Jun 14 09:36:48 standalone container-server[127445]: 172.20.0.100 - - [14/Jun/2026:09:36:48 +0000] "PUT /d1/399/AUTH_a9a47695f86f49b68ac9b1e01c782c0c/gnocchi.948138fe-449d-4b21-96d1-c83865b34cb9/1780920000.0_mean_300.0_v3" 201 - "PUT http://172.18.0.2:8080/d1/208/AUTH_a9a47695f86f49b68ac9b1e01c782c0c/gnocchi.948138fe-449d-4b21-96d1-c83865b34cb9/1780920000.0_mean_300.0_v3" "tx5eef8f597f4f412fbcf30-006a2e7630" "object-server 24" 0.0005 "-" 20 0
Jun 14 09:36:48 standalone object-server[127690]: 172.20.0.100 - - [14/Jun/2026:09:36:48 +0000] "PUT /d1/208/AUTH_a9a47695f86f49b68ac9b1e01c782c0c/gnocchi.948138fe-449d-4b21-96d1-c83865b34cb9/1780920000.0_mean_300.0_v3" 201 - "PUT http://172.18.0.2:8080/v1/AUTH_a9a47695f86f49b68ac9b1e01c782c0c/gnocchi.948138fe-449d-4b21-96d1-c83865b34cb9/1780920000.0_mean_300.0_v3" "tx5eef8f597f4f412fbcf30-006a2e7630" "proxy-server 20" 0.0116 "-" 24 0
Jun 14 09:36:48 standalone proxy-server[129724]: 172.18.0.2 172.18.0.100 14/Jun/2026/09/36/48 PUT /v1/AUTH_a9a47695f86f49b68ac9b1e01c782c0c/gnocchi.948138fe-449d-4b21-96d1-c83865b34cb9/1780920000.0_mean_300.0_v3 HTTP/1.0 201 - python-swiftclient-3.11.1 gAAAAABqLnWpTmF8... 16 - - tx5eef8f597f4f412fbcf30-006a2e7630 - 0.0256 - - 1781429808.658272743 1781429808.683847427 0
Jun 14 09:36:48 standalone container-server[127445]: 172.20.0.100 - - [14/Jun/2026:09:36:48 +0000] "PUT /d1/399/AUTH_a9a47695f86f49b68ac9b1e01c782c0c/gnocchi.948138fe-449d-4b21-96d1-c83865b34cb9/none_v3" 201 - "PUT http://172.18.0.2:8080/d1/257/AUTH_a9a47695f86f49b68ac9b1e01c782c0c/gnocchi.948138fe-449d-4b21-96d1-c83865b34cb9/none_v3" "tx814009179f9c405fbde23-006a2e7630" "object-server 24" 0.0005 "-" 20 0
Jun 14 09:36:48 standalone object-server[127690]: 172.20.0.100 - - [14/Jun/2026:09:36:48 +0000] "PUT /d1/257/AUTH_a9a47695f86f49b68ac9b1e01c782c0c/gnocchi.948138fe-449d-4b21-96d1-c83865b34cb9/none_v3" 201 - "PUT http://172.18.0.2:8080/v1/AUTH_a9a47695f86f49b68ac9b1e01c782c0c/gnocchi.948138fe-449d-4b21-96d1-c83865b34cb9/none_v3" "tx814009179f9c405fbde23-006a2e7630" "proxy-server 20" 0.0115 "-" 24 0
Jun 14 09:36:48 standalone proxy-server[129724]: 172.18.0.2 172.18.0.100 14/Jun/2026/09/36/48 PUT /v1/AUTH_a9a47695f86f49b68ac9b1e01c782c0c/gnocchi.948138fe-449d-4b21-96d1-c83865b34cb9/none_v3 HTTP/1.0 201 - python-swiftclient-3.11.1 gAAAAABqLnWpTmF8... 51 - - tx814009179f9c405fbde23-006a2e7630 - 0.0204 - - 1781429808.691511869 1781429808.711908340 0
Jun 14 09:36:48 standalone object-server[127690]: 172.20.0.100 - - [14/Jun/2026:09:36:48 +0000] "GET /d1/719/AUTH_a9a47695f86f49b68ac9b1e01c782c0c/gnocchi.58254306-477a-4af8-ac7d-b85e188993ea/none_v3" 200 22 "GET http://172.18.0.2:8080/v1/AUTH_a9a47695f86f49b68ac9b1e01c782c0c/gnocchi.58254306-477a-4af8-ac7d-b85e188993ea/none_v3" "txcf809ccaa9f04c65995c0-006a2e7630" "proxy-server 20" 0.0011 "-" 24 0
Jun 14 09:36:48 standalone proxy-server[129724]: 172.18.0.2 172.18.0.100 14/Jun/2026/09/36/48 GET /v1/AUTH_a9a47695f86f49b68ac9b1e01c782c0c/gnocchi.58254306-477a-4af8-ac7d-b85e188993ea/none_v3 HTTP/1.0 200 - python-swiftclient-3.11.1 gAAAAABqLnWpTmF8... - 22 - txcf809ccaa9f04c65995c0-006a2e7630 - 0.0098 - - 1781429808.731037140 1781429808.740825176 0
Jun 14 09:36:48 standalone container-server[127449]: 172.20.0.100 - - [14/Jun/2026:09:36:48 +0000] "GET /d1/552/AUTH_a9a47695f86f49b68ac9b1e01c782c0c/gnocchi.58254306-477a-4af8-ac7d-b85e188993ea" 200 357 "GET http://172.18.0.2:8080/v1/AUTH_a9a47695f86f49b68ac9b1e01c782c0c/gnocchi.58254306-477a-4af8-ac7d-b85e188993ea?format=json&states=listing" "txbdf44d2a78874c47b5621-006a2e7630" "proxy-server 20" 0.0066 "-" 22 0
Jun 14 09:36:48 standalone proxy-server[129724]: 172.18.0.2 172.18.0.100 14/Jun/2026/09/36/48 GET /v1/AUTH_a9a47695f86f49b68ac9b1e01c782c0c/gnocchi.58254306-477a-4af8-ac7d-b85e188993ea%3Fformat%3Djson%26states%3Dlisting HTTP/1.0 200 - python-swiftclient-3.11.1 gAAAAABqLnWpTmF8... - 357 - txbdf44d2a78874c47b5621-006a2e7630 - 0.0152 - - 1781429808.756463766 1781429808.771647692 0
Jun 14 09:36:48 standalone container-server[127447]: 172.20.0.100 - - [14/Jun/2026:09:36:48 +0000] "GET /d1/552/AUTH_a9a47695f86f49b68ac9b1e01c782c0c/gnocchi.58254306-477a-4af8-ac7d-b85e188993ea" 200 2 "GET http://172.18.0.2:8080/v1/AUTH_a9a47695f86f49b68ac9b1e01c782c0c/gnocchi.58254306-477a-4af8-ac7d-b85e188993ea?format=json&marker=none_v3&states=listing" "txcc9979e61566482293b64-006a2e7630" "proxy-server 20" 0.0023 "-" 21 0
Jun 14 09:36:48 standalone proxy-server[129724]: 172.18.0.2 172.18.0.100 14/Jun/2026/09/36/48 GET /v1/AUTH_a9a47695f86f49b68ac9b1e01c782c0c/gnocchi.58254306-477a-4af8-ac7d-b85e188993ea%3Fformat%3Djson%26marker%3Dnone_v3%26states%3Dlisting HTTP/1.0 200 - python-swiftclient-3.11.1 gAAAAABqLnWpTmF8... - 2 - txcc9979e61566482293b64-006a2e7630 - 0.0100 - - 1781429808.775426388 1781429808.785449505 0
Jun 14 09:36:48 standalone object-server[127680]: 172.20.0.100 - - [14/Jun/2026:09:36:48 +0000] "GET /d1/961/AUTH_a9a47695f86f49b68ac9b1e01c782c0c/gnocchi.58254306-477a-4af8-ac7d-b85e188993ea/1780920000.0_mean_300.0_v3" 200 16 "GET http://172.18.0.2:8080/v1/AUTH_a9a47695f86f49b68ac9b1e01c782c0c/gnocchi.58254306-477a-4af8-ac7d-b85e188993ea/1780920000.0_mean_300.0_v3" "tx711d4c1f233e483c898ab-006a2e7630" "proxy-server 20" 0.0007 "-" 22 0
Jun 14 09:36:48 standalone proxy-server[129724]: 172.18.0.2 172.18.0.100 14/Jun/2026/09/36/48 GET /v1/AUTH_a9a47695f86f49b68ac9b1e01c782c0c/gnocchi.58254306-477a-4af8-ac7d-b85e188993ea/1780920000.0_mean_300.0_v3 HTTP/1.0 200 - python-swiftclient-3.11.1 gAAAAABqLnWpTmF8... - 16 - tx711d4c1f233e483c898ab-006a2e7630 - 0.0099 - - 1781429808.789303780 1781429808.799210310 0
Jun 14 09:36:48 standalone container-server[127449]: 172.20.0.100 - - [14/Jun/2026:09:36:48 +0000] "PUT /d1/552/AUTH_a9a47695f86f49b68ac9b1e01c782c0c/gnocchi.58254306-477a-4af8-ac7d-b85e188993ea/1780920000.0_mean_300.0_v3" 201 - "PUT http://172.18.0.2:8080/d1/961/AUTH_a9a47695f86f49b68ac9b1e01c782c0c/gnocchi.58254306-477a-4af8-ac7d-b85e188993ea/1780920000.0_mean_300.0_v3" "tx0259dd5028d64c1bb2dd5-006a2e7630" "object-server 22" 0.0008 "-" 22 0
Jun 14 09:36:48 standalone object-server[127680]: 172.20.0.100 - - [14/Jun/2026:09:36:48 +0000] "PUT /d1/961/AUTH_a9a47695f86f49b68ac9b1e01c782c0c/gnocchi.58254306-477a-4af8-ac7d-b85e188993ea/1780920000.0_mean_300.0_v3" 201 - "PUT http://172.18.0.2:8080/v1/AUTH_a9a47695f86f49b68ac9b1e01c782c0c/gnocchi.58254306-477a-4af8-ac7d-b85e188993ea/1780920000.0_mean_300.0_v3" "tx0259dd5028d64c1bb2dd5-006a2e7630" "proxy-server 20" 0.0183 "-" 22 0
Jun 14 09:36:48 standalone proxy-server[129724]: 172.18.0.2 172.18.0.100 14/Jun/2026/09/36/48 PUT /v1/AUTH_a9a47695f86f49b68ac9b1e01c782c0c/gnocchi.58254306-477a-4af8-ac7d-b85e188993ea/1780920000.0_mean_300.0_v3 HTTP/1.0 201 - python-swiftclient-3.11.1 gAAAAABqLnWpTmF8... 16 - - tx0259dd5028d64c1bb2dd5-006a2e7630 - 0.0249 - - 1781429808.804231882 1781429808.829117298 0
Jun 14 09:36:48 standalone container-server[127445]: 172.20.0.100 - - [14/Jun/2026:09:36:48 +0000] "PUT /d1/552/AUTH_a9a47695f86f49b68ac9b1e01c782c0c/gnocchi.58254306-477a-4af8-ac7d-b85e188993ea/none_v3" 201 - "PUT http://172.18.0.2:8080/d1/719/AUTH_a9a47695f86f49b68ac9b1e01c782c0c/gnocchi.58254306-477a-4af8-ac7d-b85e188993ea/none_v3" "txfeadb8fe5e1f49dd822d3-006a2e7630" "object-server 22" 0.0009 "-" 20 0
Jun 14 09:36:48 standalone object-server[127680]: 172.20.0.100 - - [14/Jun/2026:09:36:48 +0000] "PUT /d1/719/AUTH_a9a47695f86f49b68ac9b1e01c782c0c/gnocchi.58254306-477a-4af8-ac7d-b85e188993ea/none_v3" 201 - "PUT http://172.18.0.2:8080/v1/AUTH_a9a47695f86f49b68ac9b1e01c782c0c/gnocchi.58254306-477a-4af8-ac7d-b85e188993ea/none_v3" "txfeadb8fe5e1f49dd822d3-006a2e7630" "proxy-server 20" 0.0119 "-" 22 0
Jun 14 09:36:48 standalone proxy-server[129724]: 172.18.0.2 172.18.0.100 14/Jun/2026/09/36/48 PUT /v1/AUTH_a9a47695f86f49b68ac9b1e01c782c0c/gnocchi.58254306-477a-4af8-ac7d-b85e188993ea/none_v3 HTTP/1.0 201 - python-swiftclient-3.11.1 gAAAAABqLnWpTmF8... 32 - - txfeadb8fe5e1f49dd822d3-006a2e7630 - 0.0183 - - 1781429808.832213402 1781429808.850553513 0
Jun 14 09:36:48 standalone object-server[127701]: 172.20.0.100 - - [14/Jun/2026:09:36:48 +0000] "GET /d1/1019/AUTH_a9a47695f86f49b68ac9b1e01c782c0c/gnocchi.2d1df638-e70e-440d-a743-cfe4ddde0ed2/none_v3" 200 22 "GET http://172.18.0.2:8080/v1/AUTH_a9a47695f86f49b68ac9b1e01c782c0c/gnocchi.2d1df638-e70e-440d-a743-cfe4ddde0ed2/none_v3" "txee0cc190c63f4efcb0832-006a2e7630" "proxy-server 20" 0.0006 "-" 25 0
Jun 14 09:36:48 standalone proxy-server[129724]: 172.18.0.2 172.18.0.100 14/Jun/2026/09/36/48 GET /v1/AUTH_a9a47695f86f49b68ac9b1e01c782c0c/gnocchi.2d1df638-e70e-440d-a743-cfe4ddde0ed2/none_v3 HTTP/1.0 200 - python-swiftclient-3.11.1 gAAAAABqLnWpTmF8... - 22 - txee0cc190c63f4efcb0832-006a2e7630 - 0.0116 - - 1781429808.860491753 1781429808.872094631 0
Jun 14 09:36:48 standalone container-server[127445]: 172.20.0.100 - - [14/Jun/2026:09:36:48 +0000] "GET /d1/79/AUTH_a9a47695f86f49b68ac9b1e01c782c0c/gnocchi.2d1df638-e70e-440d-a743-cfe4ddde0ed2" 200 357 "GET http://172.18.0.2:8080/v1/AUTH_a9a47695f86f49b68ac9b1e01c782c0c/gnocchi.2d1df638-e70e-440d-a743-cfe4ddde0ed2?format=json&states=listing" "txacbf83fdae3c4a5f8302f-006a2e7630" "proxy-server 20" 0.0081 "-" 20 0
Jun 14 09:36:48 standalone proxy-server[129724]: 172.18.0.2 172.18.0.100 14/Jun/2026/09/36/48 GET /v1/AUTH_a9a47695f86f49b68ac9b1e01c782c0c/gnocchi.2d1df638-e70e-440d-a743-cfe4ddde0ed2%3Fformat%3Djson%26states%3Dlisting HTTP/1.0 200 - python-swiftclient-3.11.1 gAAAAABqLnWpTmF8... - 357 - txacbf83fdae3c4a5f8302f-006a2e7630 - 0.0152 - - 1781429808.874926805 1781429808.890158176 0
Jun 14 09:36:48 standalone container-server[127447]: 172.20.0.100 - - [14/Jun/2026:09:36:48 +0000] "GET /d1/79/AUTH_a9a47695f86f49b68ac9b1e01c782c0c/gnocchi.2d1df638-e70e-440d-a743-cfe4ddde0ed2" 200 2 "GET http://172.18.0.2:8080/v1/AUTH_a9a47695f86f49b68ac9b1e01c782c0c/gnocchi.2d1df638-e70e-440d-a743-cfe4ddde0ed2?format=json&marker=none_v3&states=listing" "tx1bc1bb5d0bb54607a795d-006a2e7630" "proxy-server 20" 0.0018 "-" 21 0
Jun 14 09:36:48 standalone proxy-server[129724]: 172.18.0.2 172.18.0.100 14/Jun/2026/09/36/48 GET /v1/AUTH_a9a47695f86f49b68ac9b1e01c782c0c/gnocchi.2d1df638-e70e-440d-a743-cfe4ddde0ed2%3Fformat%3Djson%26marker%3Dnone_v3%26states%3Dlisting HTTP/1.0 200 - python-swiftclient-3.11.1 gAAAAABqLnWpTmF8... - 2 - tx1bc1bb5d0bb54607a795d-006a2e7630 - 0.0067 - - 1781429808.892742634 1781429808.899486303 0
Jun 14 09:36:48 standalone object-server[127701]: 172.20.0.100 - - [14/Jun/2026:09:36:48 +0000] "GET /d1/521/AUTH_a9a47695f86f49b68ac9b1e01c782c0c/gnocchi.2d1df638-e70e-440d-a743-cfe4ddde0ed2/1780920000.0_mean_300.0_v3" 200 16 "GET http://172.18.0.2:8080/v1/AUTH_a9a47695f86f49b68ac9b1e01c782c0c/gnocchi.2d1df638-e70e-440d-a743-cfe4ddde0ed2/1780920000.0_mean_300.0_v3" "tx516efc940a5e4c7698088-006a2e7630" "proxy-server 20" 0.0008 "-" 25 0
Jun 14 09:36:48 standalone proxy-server[129724]: 172.18.0.2 172.18.0.100 14/Jun/2026/09/36/48 GET /v1/AUTH_a9a47695f86f49b68ac9b1e01c782c0c/gnocchi.2d1df638-e70e-440d-a743-cfe4ddde0ed2/1780920000.0_mean_300.0_v3 HTTP/1.0 200 - python-swiftclient-3.11.1 gAAAAABqLnWpTmF8... - 16 - tx516efc940a5e4c7698088-006a2e7630 - 0.0061 - - 1781429808.902237177 1781429808.908334732 0
Jun 14 09:36:48 standalone container-server[127447]: 172.20.0.100 - - [14/Jun/2026:09:36:48 +0000] "PUT /d1/79/AUTH_a9a47695f86f49b68ac9b1e01c782c0c/gnocchi.2d1df638-e70e-440d-a743-cfe4ddde0ed2/1780920000.0_mean_300.0_v3" 201 - "PUT http://172.18.0.2:8080/d1/521/AUTH_a9a47695f86f49b68ac9b1e01c782c0c/gnocchi.2d1df638-e70e-440d-a743-cfe4ddde0ed2/1780920000.0_mean_300.0_v3" "txc1526d1a6285454f9f868-006a2e7630" "object-server 23" 0.0008 "-" 21 0
Jun 14 09:36:48 standalone object-server[127687]: 172.20.0.100 - - [14/Jun/2026:09:36:48 +0000] "PUT /d1/521/AUTH_a9a47695f86f49b68ac9b1e01c782c0c/gnocchi.2d1df638-e70e-440d-a743-cfe4ddde0ed2/1780920000.0_mean_300.0_v3" 201 - "PUT http://172.18.0.2:8080/v1/AUTH_a9a47695f86f49b68ac9b1e01c782c0c/gnocchi.2d1df638-e70e-440d-a743-cfe4ddde0ed2/1780920000.0_mean_300.0_v3" "txc1526d1a6285454f9f868-006a2e7630" "proxy-server 20" 0.0140 "-" 23 0
Jun 14 09:36:48 standalone proxy-server[129724]: 172.18.0.2 172.18.0.100 14/Jun/2026/09/36/48 PUT /v1/AUTH_a9a47695f86f49b68ac9b1e01c782c0c/gnocchi.2d1df638-e70e-440d-a743-cfe4ddde0ed2/1780920000.0_mean_300.0_v3 HTTP/1.0 201 - python-swiftclient-3.11.1 gAAAAABqLnWpTmF8... 16 - - txc1526d1a6285454f9f868-006a2e7630 - 0.0188 - - 1781429808.910372257 1781429808.929214239 0
Jun 14 09:36:48 standalone container-server[127447]: 172.20.0.100 - - [14/Jun/2026:09:36:48 +0000] "PUT /d1/79/AUTH_a9a47695f86f49b68ac9b1e01c782c0c/gnocchi.2d1df638-e70e-440d-a743-cfe4ddde0ed2/none_v3" 201 - "PUT http://172.18.0.2:8080/d1/1019/AUTH_a9a47695f86f49b68ac9b1e01c782c0c/gnocchi.2d1df638-e70e-440d-a743-cfe4ddde0ed2/none_v3" "tx95c48bf721d148daba287-006a2e7630" "object-server 22" 0.0009 "-" 21 0
Jun 14 09:36:48 standalone object-server[127680]: 172.20.0.100 - - [14/Jun/2026:09:36:48 +0000] "PUT /d1/1019/AUTH_a9a47695f86f49b68ac9b1e01c782c0c/gnocchi.2d1df638-e70e-440d-a743-cfe4ddde0ed2/none_v3" 201 - "PUT http://172.18.0.2:8080/v1/AUTH_a9a47695f86f49b68ac9b1e01c782c0c/gnocchi.2d1df638-e70e-440d-a743-cfe4ddde0ed2/none_v3" "tx95c48bf721d148daba287-006a2e7630" "proxy-server 20" 0.0185 "-" 22 0
Jun 14 09:36:48 standalone proxy-server[129724]: 172.18.0.2 172.18.0.100 14/Jun/2026/09/36/48 PUT /v1/AUTH_a9a47695f86f49b68ac9b1e01c782c0c/gnocchi.2d1df638-e70e-440d-a743-cfe4ddde0ed2/none_v3 HTTP/1.0 201 - python-swiftclient-3.11.1 gAAAAABqLnWpTmF8... 32 - - tx95c48bf721d148daba287-006a2e7630 - 0.0237 - - 1781429808.932137728 1781429808.955869436 0
Jun 14 09:36:48 standalone object-server[127687]: 172.20.0.100 - - [14/Jun/2026:09:36:48 +0000] "GET /d1/424/AUTH_a9a47695f86f49b68ac9b1e01c782c0c/gnocchi.da874404-d27e-43cf-9121-04392970a27b/none_v3" 200 22 "GET http://172.18.0.2:8080/v1/AUTH_a9a47695f86f49b68ac9b1e01c782c0c/gnocchi.da874404-d27e-43cf-9121-04392970a27b/none_v3" "txd677762704014069bb0f4-006a2e7630" "proxy-server 20" 0.0007 "-" 23 0
Jun 14 09:36:48 standalone proxy-server[129724]: 172.18.0.2 172.18.0.100 14/Jun/2026/09/36/48 GET /v1/AUTH_a9a47695f86f49b68ac9b1e01c782c0c/gnocchi.da874404-d27e-43cf-9121-04392970a27b/none_v3 HTTP/1.0 200 - python-swiftclient-3.11.1 gAAAAABqLnWpTmF8... - 22 - txd677762704014069bb0f4-006a2e7630 - 0.0055 - - 1781429808.969437122 1781429808.974906683 0
Jun 14 09:36:48 standalone container-server[127447]: 172.20.0.100 - - [14/Jun/2026:09:36:48 +0000] "GET /d1/470/AUTH_a9a47695f86f49b68ac9b1e01c782c0c/gnocchi.da874404-d27e-43cf-9121-04392970a27b" 200 357 "GET http://172.18.0.2:8080/v1/AUTH_a9a47695f86f49b68ac9b1e01c782c0c/gnocchi.da874404-d27e-43cf-9121-04392970a27b?format=json&states=listing" "tx4618d8ede37740a382f1e-006a2e7630" "proxy-server 20" 0.0152 "-" 21 0
Jun 14 09:36:48 standalone proxy-server[129724]: 172.18.0.2 172.18.0.100 14/Jun/2026/09/36/48 GET /v1/AUTH_a9a47695f86f49b68ac9b1e01c782c0c/gnocchi.da874404-d27e-43cf-9121-04392970a27b%3Fformat%3Djson%26states%3Dlisting HTTP/1.0 200 - python-swiftclient-3.11.1 gAAAAABqLnWpTmF8... - 357 - tx4618d8ede37740a382f1e-006a2e7630 - 0.0216 - - 1781429808.977524519 1781429808.999128342 0
Jun 14 09:36:49 standalone container-server[127452]: 172.20.0.100 - - [14/Jun/2026:09:36:49 +0000] "GET /d1/470/AUTH_a9a47695f86f49b68ac9b1e01c782c0c/gnocchi.da874404-d27e-43cf-9121-04392970a27b" 200 2 "GET http://172.18.0.2:8080/v1/AUTH_a9a47695f86f49b68ac9b1e01c782c0c/gnocchi.da874404-d27e-43cf-9121-04392970a27b?format=json&marker=none_v3&states=listing" "tx54a9f624afdc4063a20c8-006a2e7631" "proxy-server 20" 0.0020 "-" 23 0
Jun 14 09:36:49 standalone proxy-server[129724]: 172.18.0.2 172.18.0.100 14/Jun/2026/09/36/49 GET /v1/AUTH_a9a47695f86f49b68ac9b1e01c782c0c/gnocchi.da874404-d27e-43cf-9121-04392970a27b%3Fformat%3Djson%26marker%3Dnone_v3%26states%3Dlisting HTTP/1.0 200 - python-swiftclient-3.11.1 gAAAAABqLnWpTmF8... - 2 - tx54a9f624afdc4063a20c8-006a2e7631 - 0.0145 - - 1781429809.001287222 1781429809.015813589 0
Jun 14 09:36:49 standalone object-server[127690]: 172.20.0.100 - - [14/Jun/2026:09:36:49 +0000] "GET /d1/338/AUTH_a9a47695f86f49b68ac9b1e01c782c0c/gnocchi.da874404-d27e-43cf-9121-04392970a27b/1780920000.0_mean_300.0_v3" 200 16 "GET http://172.18.0.2:8080/v1/AUTH_a9a47695f86f49b68ac9b1e01c782c0c/gnocchi.da874404-d27e-43cf-9121-04392970a27b/1780920000.0_mean_300.0_v3" "tx481e814a04054daea00ef-006a2e7631" "proxy-server 20" 0.0006 "-" 24 0
Jun 14 09:36:49 standalone proxy-server[129724]: 172.18.0.2 172.18.0.100 14/Jun/2026/09/36/49 GET /v1/AUTH_a9a47695f86f49b68ac9b1e01c782c0c/gnocchi.da874404-d27e-43cf-9121-04392970a27b/1780920000.0_mean_300.0_v3 HTTP/1.0 200 - python-swiftclient-3.11.1 gAAAAABqLnWpTmF8... - 16 - tx481e814a04054daea00ef-006a2e7631 - 0.0080 - - 1781429809.019721031 1781429809.027682066 0
Jun 14 09:36:49 standalone container-server[127445]: 172.20.0.100 - - [14/Jun/2026:09:36:49 +0000] "PUT /d1/470/AUTH_a9a47695f86f49b68ac9b1e01c782c0c/gnocchi.da874404-d27e-43cf-9121-04392970a27b/1780920000.0_mean_300.0_v3" 201 - "PUT http://172.18.0.2:8080/d1/338/AUTH_a9a47695f86f49b68ac9b1e01c782c0c/gnocchi.da874404-d27e-43cf-9121-04392970a27b/1780920000.0_mean_300.0_v3" "txbec178fd01b44a83b7294-006a2e7631" "object-server 24" 0.0006 "-" 20 0
Jun 14 09:36:49 standalone object-server[127690]: 172.20.0.100 - - [14/Jun/2026:09:36:49 +0000] "PUT /d1/338/AUTH_a9a47695f86f49b68ac9b1e01c782c0c/gnocchi.da874404-d27e-43cf-9121-04392970a27b/1780920000.0_mean_300.0_v3" 201 - "PUT http://172.18.0.2:8080/v1/AUTH_a9a47695f86f49b68ac9b1e01c782c0c/gnocchi.da874404-d27e-43cf-9121-04392970a27b/1780920000.0_mean_300.0_v3" "txbec178fd01b44a83b7294-006a2e7631" "proxy-server 20" 0.0084 "-" 24 0
Jun 14 09:36:49 standalone proxy-server[129724]: 172.18.0.2 172.18.0.100 14/Jun/2026/09/36/49 PUT /v1/AUTH_a9a47695f86f49b68ac9b1e01c782c0c/gnocchi.da874404-d27e-43cf-9121-04392970a27b/1780920000.0_mean_300.0_v3 HTTP/1.0 201 - python-swiftclient-3.11.1 gAAAAABqLnWpTmF8... 16 - - txbec178fd01b44a83b7294-006a2e7631 - 0.0135 - - 1781429809.030998230 1781429809.044484138 0
Jun 14 09:36:49 standalone container-server[127449]: 172.20.0.100 - - [14/Jun/2026:09:36:49 +0000] "PUT /d1/470/AUTH_a9a47695f86f49b68ac9b1e01c782c0c/gnocchi.da874404-d27e-43cf-9121-04392970a27b/none_v3" 201 - "PUT http://172.18.0.2:8080/d1/424/AUTH_a9a47695f86f49b68ac9b1e01c782c0c/gnocchi.da874404-d27e-43cf-9121-04392970a27b/none_v3" "tx9e9fee140243425fbef08-006a2e7631" "object-server 24" 0.0014 "-" 22 0
Jun 14 09:36:49 standalone object-server[127690]: 172.20.0.100 - - [14/Jun/2026:09:36:49 +0000] "PUT /d1/424/AUTH_a9a47695f86f49b68ac9b1e01c782c0c/gnocchi.da874404-d27e-43cf-9121-04392970a27b/none_v3" 201 - "PUT http://172.18.0.2:8080/v1/AUTH_a9a47695f86f49b68ac9b1e01c782c0c/gnocchi.da874404-d27e-43cf-9121-04392970a27b/none_v3" "tx9e9fee140243425fbef08-006a2e7631" "proxy-server 20" 0.0088 "-" 24 0
Jun 14 09:36:49 standalone proxy-server[129724]: 172.18.0.2 172.18.0.100 14/Jun/2026/09/36/49 PUT /v1/AUTH_a9a47695f86f49b68ac9b1e01c782c0c/gnocchi.da874404-d27e-43cf-9121-04392970a27b/none_v3 HTTP/1.0 201 - python-swiftclient-3.11.1 gAAAAABqLnWpTmF8... 32 - - tx9e9fee140243425fbef08-006a2e7631 - 0.0133 - - 1781429809.046782732 1781429809.060046434 0
Jun 14 09:36:49 standalone container-server[127449]: 172.20.0.100 - - [14/Jun/2026:09:36:49 +0000] "HEAD /d1/60/AUTH_a9a47695f86f49b68ac9b1e01c782c0c/gnocchi.902a998a-8973-4c41-843c-f69b902d4662" 204 - "HEAD http://172.18.0.2:8080/v1/AUTH_a9a47695f86f49b68ac9b1e01c782c0c/gnocchi.902a998a-8973-4c41-843c-f69b902d4662?format=json&states=listing" "txe23276e6f98e41a68bfa6-006a2e7631" "proxy-server 20" 0.0256 "-" 22 0
Jun 14 09:36:49 standalone object-server[127701]: 172.20.0.100 - - [14/Jun/2026:09:36:49 +0000] "GET /d1/31/AUTH_a9a47695f86f49b68ac9b1e01c782c0c/gnocchi.902a998a-8973-4c41-843c-f69b902d4662/none_v3" 200 22 "GET http://172.18.0.2:8080/v1/AUTH_a9a47695f86f49b68ac9b1e01c782c0c/gnocchi.902a998a-8973-4c41-843c-f69b902d4662/none_v3" "txe23276e6f98e41a68bfa6-006a2e7631" "proxy-server 20" 0.0006 "-" 25 0
Jun 14 09:36:49 standalone proxy-server[129724]: 172.18.0.2 172.18.0.100 14/Jun/2026/09/36/49 GET /v1/AUTH_a9a47695f86f49b68ac9b1e01c782c0c/gnocchi.902a998a-8973-4c41-843c-f69b902d4662/none_v3 HTTP/1.0 200 - python-swiftclient-3.11.1 gAAAAABqLnWpTmF8... - 22 - txe23276e6f98e41a68bfa6-006a2e7631 - 0.0367 - - 1781429809.068111658 1781429809.104839325 0
Jun 14 09:36:49 standalone container-server[127449]: 172.20.0.100 - - [14/Jun/2026:09:36:49 +0000] "GET /d1/60/AUTH_a9a47695f86f49b68ac9b1e01c782c0c/gnocchi.902a998a-8973-4c41-843c-f69b902d4662" 200 357 "GET http://172.18.0.2:8080/v1/AUTH_a9a47695f86f49b68ac9b1e01c782c0c/gnocchi.902a998a-8973-4c41-843c-f69b902d4662?format=json&states=listing" "txbea9bed7a1944944b73f1-006a2e7631" "proxy-server 20" 0.0027 "-" 22 0
Jun 14 09:36:49 standalone proxy-server[129724]: 172.18.0.2 172.18.0.100 14/Jun/2026/09/36/49 GET /v1/AUTH_a9a47695f86f49b68ac9b1e01c782c0c/gnocchi.902a998a-8973-4c41-843c-f69b902d4662%3Fformat%3Djson%26states%3Dlisting HTTP/1.0 200 - python-swiftclient-3.11.1 gAAAAABqLnWpTmF8... - 357 - txbea9bed7a1944944b73f1-006a2e7631 - 0.0091 - - 1781429809.108285189 1781429809.117370129 0
Jun 14 09:36:49 standalone container-server[127445]: 172.20.0.100 - - [14/Jun/2026:09:36:49 +0000] "GET /d1/60/AUTH_a9a47695f86f49b68ac9b1e01c782c0c/gnocchi.902a998a-8973-4c41-843c-f69b902d4662" 200 2 "GET http://172.18.0.2:8080/v1/AUTH_a9a47695f86f49b68ac9b1e01c782c0c/gnocchi.902a998a-8973-4c41-843c-f69b902d4662?format=json&marker=none_v3&states=listing" "txcf08db386252421994fe6-006a2e7631" "proxy-server 20" 0.0020 "-" 20 0
Jun 14 09:36:49 standalone proxy-server[129724]: 172.18.0.2 172.18.0.100 14/Jun/2026/09/36/49 GET /v1/AUTH_a9a47695f86f49b68ac9b1e01c782c0c/gnocchi.902a998a-8973-4c41-843c-f69b902d4662%3Fformat%3Djson%26marker%3Dnone_v3%26states%3Dlisting HTTP/1.0 200 - python-swiftclient-3.11.1 gAAAAABqLnWpTmF8... - 2 - txcf08db386252421994fe6-006a2e7631 - 0.0073 - - 1781429809.119690418 1781429809.127020836 0
Jun 14 09:36:49 standalone object-server[127690]: 172.20.0.100 - - [14/Jun/2026:09:36:49 +0000] "GET /d1/669/AUTH_a9a47695f86f49b68ac9b1e01c782c0c/gnocchi.902a998a-8973-4c41-843c-f69b902d4662/1780920000.0_mean_300.0_v3" 200 16 "GET http://172.18.0.2:8080/v1/AUTH_a9a47695f86f49b68ac9b1e01c782c0c/gnocchi.902a998a-8973-4c41-843c-f69b902d4662/1780920000.0_mean_300.0_v3" "tx63df2aa48fcc414896c21-006a2e7631" "proxy-server 20" 0.0005 "-" 24 0
Jun 14 09:36:49 standalone proxy-server[129724]: 172.18.0.2 172.18.0.100 14/Jun/2026/09/36/49 GET /v1/AUTH_a9a47695f86f49b68ac9b1e01c782c0c/gnocchi.902a998a-8973-4c41-843c-f69b902d4662/1780920000.0_mean_300.0_v3 HTTP/1.0 200 - python-swiftclient-3.11.1 gAAAAABqLnWpTmF8... - 16 - tx63df2aa48fcc414896c21-006a2e7631 - 0.0047 - - 1781429809.129734993 1781429809.134467363 0
Jun 14 09:36:49 standalone container-server[127445]: 172.20.0.100 - - [14/Jun/2026:09:36:49 +0000] "PUT /d1/60/AUTH_a9a47695f86f49b68ac9b1e01c782c0c/gnocchi.902a998a-8973-4c41-843c-f69b902d4662/1780920000.0_mean_300.0_v3" 201 - "PUT http://172.18.0.2:8080/d1/669/AUTH_a9a47695f86f49b68ac9b1e01c782c0c/gnocchi.902a998a-8973-4c41-843c-f69b902d4662/1780920000.0_mean_300.0_v3" "txb12112a3ae57450b9a1a1-006a2e7631" "object-server 23" 0.0008 "-" 20 0
Jun 14 09:36:49 standalone object-server[127687]: 172.20.0.100 - - [14/Jun/2026:09:36:49 +0000] "PUT /d1/669/AUTH_a9a47695f86f49b68ac9b1e01c782c0c/gnocchi.902a998a-8973-4c41-843c-f69b902d4662/1780920000.0_mean_300.0_v3" 201 - "PUT http://172.18.0.2:8080/v1/AUTH_a9a47695f86f49b68ac9b1e01c782c0c/gnocchi.902a998a-8973-4c41-843c-f69b902d4662/1780920000.0_mean_300.0_v3" "txb12112a3ae57450b9a1a1-006a2e7631" "proxy-server 20" 0.0116 "-" 23 0
Jun 14 09:36:49 standalone proxy-server[129724]: 172.18.0.2 172.18.0.100 14/Jun/2026/09/36/49 PUT /v1/AUTH_a9a47695f86f49b68ac9b1e01c782c0c/gnocchi.902a998a-8973-4c41-843c-f69b902d4662/1780920000.0_mean_300.0_v3 HTTP/1.0 201 - python-swiftclient-3.11.1 gAAAAABqLnWpTmF8... 16 - - txb12112a3ae57450b9a1a1-006a2e7631 - 0.0163 - - 1781429809.136440754 1781429809.152734518 0
Jun 14 09:36:49 standalone container-server[127447]: 172.20.0.100 - - [14/Jun/2026:09:36:49 +0000] "PUT /d1/60/AUTH_a9a47695f86f49b68ac9b1e01c782c0c/gnocchi.902a998a-8973-4c41-843c-f69b902d4662/none_v3" 201 - "PUT http://172.18.0.2:8080/d1/31/AUTH_a9a47695f86f49b68ac9b1e01c782c0c/gnocchi.902a998a-8973-4c41-843c-f69b902d4662/none_v3" "tx7dd06d53ad994c5a9b5da-006a2e7631" "object-server 25" 0.0009 "-" 21 0
Jun 14 09:36:49 standalone object-server[127701]: 172.20.0.100 - - [14/Jun/2026:09:36:49 +0000] "PUT /d1/31/AUTH_a9a47695f86f49b68ac9b1e01c782c0c/gnocchi.902a998a-8973-4c41-843c-f69b902d4662/none_v3" 201 - "PUT http://172.18.0.2:8080/v1/AUTH_a9a47695f86f49b68ac9b1e01c782c0c/gnocchi.902a998a-8973-4c41-843c-f69b902d4662/none_v3" "tx7dd06d53ad994c5a9b5da-006a2e7631" "proxy-server 20" 0.0088 "-" 25 0
Jun 14 09:36:49 standalone proxy-server[129724]: 172.18.0.2 172.18.0.100 14/Jun/2026/09/36/49 PUT /v1/AUTH_a9a47695f86f49b68ac9b1e01c782c0c/gnocchi.902a998a-8973-4c41-843c-f69b902d4662/none_v3 HTTP/1.0 201 - python-swiftclient-3.11.1 gAAAAABqLnWpTmF8... 32 - - tx7dd06d53ad994c5a9b5da-006a2e7631 - 0.0126 - - 1781429809.156145334 1781429809.168783426 0
Jun 14 09:36:52 standalone container-server[127449]: 172.20.0.100 - - [14/Jun/2026:09:36:52 +0000] "HEAD /d1/154/AUTH_a9a47695f86f49b68ac9b1e01c782c0c/gnocchi.201a04cd-f64b-4c0a-8c64-5c027683b287" 404 - "HEAD http://172.18.0.2:8080/v1/AUTH_a9a47695f86f49b68ac9b1e01c782c0c/gnocchi.201a04cd-f64b-4c0a-8c64-5c027683b287?format=json&states=listing" "txcd99ce67d83847c39d80a-006a2e7634" "proxy-server 20" 0.0009 "-" 22 0
Jun 14 09:36:52 standalone object-server[127690]: 172.20.0.100 - - [14/Jun/2026:09:36:52 +0000] "GET /d1/228/AUTH_a9a47695f86f49b68ac9b1e01c782c0c/gnocchi.201a04cd-f64b-4c0a-8c64-5c027683b287/none_v3" 404 70 "GET http://172.18.0.2:8080/v1/AUTH_a9a47695f86f49b68ac9b1e01c782c0c/gnocchi.201a04cd-f64b-4c0a-8c64-5c027683b287/none_v3" "txcd99ce67d83847c39d80a-006a2e7634" "proxy-server 20" 0.0015 "-" 24 0
Jun 14 09:36:52 standalone proxy-server[129724]: 172.18.0.2 172.18.0.100 14/Jun/2026/09/36/52 GET /v1/AUTH_a9a47695f86f49b68ac9b1e01c782c0c/gnocchi.201a04cd-f64b-4c0a-8c64-5c027683b287/none_v3 HTTP/1.0 404 - python-swiftclient-3.11.1 gAAAAABqLnWpTmF8... - 70 - txcd99ce67d83847c39d80a-006a2e7634 - 0.0235 - - 1781429812.532946825 1781429812.556425810 0
Jun 14 09:36:52 standalone account-server[127310]: 172.20.0.100 - - [14/Jun/2026:09:36:52 +0000] "PUT /d1/186/AUTH_a9a47695f86f49b68ac9b1e01c782c0c/gnocchi.201a04cd-f64b-4c0a-8c64-5c027683b287" 201 - "PUT http://172.20.0.100:6001/d1/154/AUTH_a9a47695f86f49b68ac9b1e01c782c0c/gnocchi.201a04cd-f64b-4c0a-8c64-5c027683b287" "tx3c40bc3097d34a9e8c9c9-006a2e7634" "container-server 21" 0.0028 "-" 23 0
Jun 14 09:36:52 standalone container-server[127447]: 172.20.0.100 - - [14/Jun/2026:09:36:52 +0000] "PUT /d1/154/AUTH_a9a47695f86f49b68ac9b1e01c782c0c/gnocchi.201a04cd-f64b-4c0a-8c64-5c027683b287" 201 - "PUT http://172.18.0.2:8080/v1/AUTH_a9a47695f86f49b68ac9b1e01c782c0c/gnocchi.201a04cd-f64b-4c0a-8c64-5c027683b287" "tx3c40bc3097d34a9e8c9c9-006a2e7634" "proxy-server 20" 0.0187 "-" 21 0
Jun 14 09:36:52 standalone proxy-server[129724]: 172.18.0.2 172.18.0.100 14/Jun/2026/09/36/52 PUT /v1/AUTH_a9a47695f86f49b68ac9b1e01c782c0c/gnocchi.201a04cd-f64b-4c0a-8c64-5c027683b287 HTTP/1.0 201 - python-swiftclient-3.11.1 gAAAAABqLnWpTmF8... - - - tx3c40bc3097d34a9e8c9c9-006a2e7634 - 0.0316 - - 1781429812.562592745 1781429812.594154596 0
Jun 14 09:36:52 standalone container-server[127447]: 172.20.0.100 - - [14/Jun/2026:09:36:52 +0000] "HEAD /d1/154/AUTH_a9a47695f86f49b68ac9b1e01c782c0c/gnocchi.201a04cd-f64b-4c0a-8c64-5c027683b287" 204 - "HEAD http://172.18.0.2:8080/v1/AUTH_a9a47695f86f49b68ac9b1e01c782c0c/gnocchi.201a04cd-f64b-4c0a-8c64-5c027683b287?format=json&states=listing" "tx67195208f2764b1389b23-006a2e7634" "proxy-server 20" 0.0021 "-" 21 0
Jun 14 09:36:52 standalone proxy-server[129724]: - - 14/Jun/2026/09/36/52 HEAD /v1/AUTH_a9a47695f86f49b68ac9b1e01c782c0c/gnocchi.201a04cd-f64b-4c0a-8c64-5c027683b287%3Fformat%3Djson%26states%3Dlisting HTTP/1.0 204 - Swift - - - - tx67195208f2764b1389b23-006a2e7634 - 0.0105 RL - 1781429812.602212667 1781429812.612753868 0
Jun 14 09:36:52 standalone container-server[127447]: 172.20.0.100 - - [14/Jun/2026:09:36:52 +0000] "GET /d1/154/AUTH_a9a47695f86f49b68ac9b1e01c782c0c/gnocchi.201a04cd-f64b-4c0a-8c64-5c027683b287" 200 2 "GET http://172.18.0.2:8080/v1/AUTH_a9a47695f86f49b68ac9b1e01c782c0c/gnocchi.201a04cd-f64b-4c0a-8c64-5c027683b287?format=json&states=listing" "tx67195208f2764b1389b23-006a2e7634" "proxy-server 20" 0.0032 "-" 21 0
Jun 14 09:36:52 standalone proxy-server[129724]: 172.18.0.2 172.18.0.100 14/Jun/2026/09/36/52 GET /v1/AUTH_a9a47695f86f49b68ac9b1e01c782c0c/gnocchi.201a04cd-f64b-4c0a-8c64-5c027683b287%3Fformat%3Djson%26states%3Dlisting HTTP/1.0 200 - python-swiftclient-3.11.1 gAAAAABqLnWpTmF8... - 2 - tx67195208f2764b1389b23-006a2e7634 - 0.0289 - - 1781429812.599270821 1781429812.628144503 0
Jun 14 09:36:52 standalone object-server[127687]: 172.20.0.100 - - [14/Jun/2026:09:36:52 +0000] "GET /d1/928/AUTH_a9a47695f86f49b68ac9b1e01c782c0c/gnocchi.201a04cd-f64b-4c0a-8c64-5c027683b287/1780920000.0_mean_300.0_v3" 404 70 "GET http://172.18.0.2:8080/v1/AUTH_a9a47695f86f49b68ac9b1e01c782c0c/gnocchi.201a04cd-f64b-4c0a-8c64-5c027683b287/1780920000.0_mean_300.0_v3" "tx0aee328966d7458ebdbcb-006a2e7634" "proxy-server 20" 0.0007 "-" 23 0
Jun 14 09:36:52 standalone proxy-server[129724]: 172.18.0.2 172.18.0.100 14/Jun/2026/09/36/52 GET /v1/AUTH_a9a47695f86f49b68ac9b1e01c782c0c/gnocchi.201a04cd-f64b-4c0a-8c64-5c027683b287/1780920000.0_mean_300.0_v3 HTTP/1.0 404 - python-swiftclient-3.11.1 gAAAAABqLnWpTmF8... - 70 - tx0aee328966d7458ebdbcb-006a2e7634 - 0.0099 - - 1781429812.632515669 1781429812.642383575 0
Jun 14 09:36:52 standalone container-server[127452]: 172.20.0.100 - - [14/Jun/2026:09:36:52 +0000] "PUT /d1/154/AUTH_a9a47695f86f49b68ac9b1e01c782c0c/gnocchi.201a04cd-f64b-4c0a-8c64-5c027683b287/1780920000.0_mean_300.0_v3" 201 - "PUT http://172.18.0.2:8080/d1/928/AUTH_a9a47695f86f49b68ac9b1e01c782c0c/gnocchi.201a04cd-f64b-4c0a-8c64-5c027683b287/1780920000.0_mean_300.0_v3" "tx8780c98e19d14fb280daa-006a2e7634" "object-server 23" 0.0012 "-" 23 0
Jun 14 09:36:52 standalone object-server[127687]: 172.20.0.100 - - [14/Jun/2026:09:36:52 +0000] "PUT /d1/928/AUTH_a9a47695f86f49b68ac9b1e01c782c0c/gnocchi.201a04cd-f64b-4c0a-8c64-5c027683b287/1780920000.0_mean_300.0_v3" 201 - "PUT http://172.18.0.2:8080/v1/AUTH_a9a47695f86f49b68ac9b1e01c782c0c/gnocchi.201a04cd-f64b-4c0a-8c64-5c027683b287/1780920000.0_mean_300.0_v3" "tx8780c98e19d14fb280daa-006a2e7634" "proxy-server 20" 0.0220 "-" 23 0
Jun 14 09:36:52 standalone proxy-server[129724]: 172.18.0.2 172.18.0.100 14/Jun/2026/09/36/52 PUT /v1/AUTH_a9a47695f86f49b68ac9b1e01c782c0c/gnocchi.201a04cd-f64b-4c0a-8c64-5c027683b287/1780920000.0_mean_300.0_v3 HTTP/1.0 201 - python-swiftclient-3.11.1 gAAAAABqLnWpTmF8... 16 - - tx8780c98e19d14fb280daa-006a2e7634 - 0.0329 - - 1781429812.646363974 1781429812.679305315 0
Jun 14 09:36:52 standalone container-server[127445]: 172.20.0.100 - - [14/Jun/2026:09:36:52 +0000] "PUT /d1/154/AUTH_a9a47695f86f49b68ac9b1e01c782c0c/gnocchi.201a04cd-f64b-4c0a-8c64-5c027683b287/none_v3" 201 - "PUT http://172.18.0.2:8080/d1/228/AUTH_a9a47695f86f49b68ac9b1e01c782c0c/gnocchi.201a04cd-f64b-4c0a-8c64-5c027683b287/none_v3" "txabf9afc47cf64d62a9112-006a2e7634" "object-server 23" 0.0011 "-" 20 0
Jun 14 09:36:52 standalone object-server[127687]: 172.20.0.100 - - [14/Jun/2026:09:36:52 +0000] "PUT /d1/228/AUTH_a9a47695f86f49b68ac9b1e01c782c0c/gnocchi.201a04cd-f64b-4c0a-8c64-5c027683b287/none_v3" 201 - "PUT http://172.18.0.2:8080/v1/AUTH_a9a47695f86f49b68ac9b1e01c782c0c/gnocchi.201a04cd-f64b-4c0a-8c64-5c027683b287/none_v3" "txabf9afc47cf64d62a9112-006a2e7634" "proxy-server 20" 0.0180 "-" 23 0
Jun 14 09:36:52 standalone proxy-server[129724]: 172.18.0.2 172.18.0.100 14/Jun/2026/09/36/52 PUT /v1/AUTH_a9a47695f86f49b68ac9b1e01c782c0c/gnocchi.201a04cd-f64b-4c0a-8c64-5c027683b287/none_v3 HTTP/1.0 201 - python-swiftclient-3.11.1 gAAAAABqLnWpTmF8... 22 - - txabf9afc47cf64d62a9112-006a2e7634 - 0.0281 - - 1781429812.684857130 1781429812.712998867 0
Jun 14 09:36:52 standalone object-server[127690]: 172.20.0.100 - - [14/Jun/2026:09:36:52 +0000] "GET /d1/68/AUTH_a9a47695f86f49b68ac9b1e01c782c0c/gnocchi.7fd8841f-f268-4071-b2f2-4c1994bb93e3/none_v3" 200 33 "GET http://172.18.0.2:8080/v1/AUTH_a9a47695f86f49b68ac9b1e01c782c0c/gnocchi.7fd8841f-f268-4071-b2f2-4c1994bb93e3/none_v3" "tx9beac5d20d8a464db6a49-006a2e7634" "proxy-server 20" 0.0011 "-" 24 0
Jun 14 09:36:52 standalone proxy-server[129724]: 172.18.0.2 172.18.0.100 14/Jun/2026/09/36/52 GET /v1/AUTH_a9a47695f86f49b68ac9b1e01c782c0c/gnocchi.7fd8841f-f268-4071-b2f2-4c1994bb93e3/none_v3 HTTP/1.0 200 - python-swiftclient-3.11.1 gAAAAABqLnWpTmF8... - 33 - tx9beac5d20d8a464db6a49-006a2e7634 - 0.0142 - - 1781429812.825659752 1781429812.839905262 0
Jun 14 09:36:52 standalone container-server[127445]: 172.20.0.100 - - [14/Jun/2026:09:36:52 +0000] "GET /d1/294/AUTH_a9a47695f86f49b68ac9b1e01c782c0c/gnocchi.7fd8841f-f268-4071-b2f2-4c1994bb93e3" 200 357 "GET http://172.18.0.2:8080/v1/AUTH_a9a47695f86f49b68ac9b1e01c782c0c/gnocchi.7fd8841f-f268-4071-b2f2-4c1994bb93e3?format=json&states=listing" "txd9da352b494c4cc5b2896-006a2e7634" "proxy-server 20" 0.0101 "-" 20 0
Jun 14 09:36:52 standalone proxy-server[129724]: 172.18.0.2 172.18.0.100 14/Jun/2026/09/36/52 GET /v1/AUTH_a9a47695f86f49b68ac9b1e01c782c0c/gnocchi.7fd8841f-f268-4071-b2f2-4c1994bb93e3%3Fformat%3Djson%26states%3Dlisting HTTP/1.0 200 - python-swiftclient-3.11.1 gAAAAABqLnWpTmF8... - 357 - txd9da352b494c4cc5b2896-006a2e7634 - 0.0244 - - 1781429812.843584299 1781429812.867943287 0
Jun 14 09:36:52 standalone container-server[127447]: 172.20.0.100 - - [14/Jun/2026:09:36:52 +0000] "GET /d1/294/AUTH_a9a47695f86f49b68ac9b1e01c782c0c/gnocchi.7fd8841f-f268-4071-b2f2-4c1994bb93e3" 200 2 "GET http://172.18.0.2:8080/v1/AUTH_a9a47695f86f49b68ac9b1e01c782c0c/gnocchi.7fd8841f-f268-4071-b2f2-4c1994bb93e3?format=json&marker=none_v3&states=listing" "tx94df64ab923a4198913d0-006a2e7634" "proxy-server 20" 0.0043 "-" 21 0
Jun 14 09:36:52 standalone proxy-server[129724]: 172.18.0.2 172.18.0.100 14/Jun/2026/09/36/52 GET /v1/AUTH_a9a47695f86f49b68ac9b1e01c782c0c/gnocchi.7fd8841f-f268-4071-b2f2-4c1994bb93e3%3Fformat%3Djson%26marker%3Dnone_v3%26states%3Dlisting HTTP/1.0 200 - python-swiftclient-3.11.1 gAAAAABqLnWpTmF8... - 2 - tx94df64ab923a4198913d0-006a2e7634 - 0.0154 - - 1781429812.871113062 1781429812.886504889 0
Jun 14 09:36:52 standalone object-server[127701]: 172.20.0.100 - - [14/Jun/2026:09:36:52 +0000] "GET /d1/623/AUTH_a9a47695f86f49b68ac9b1e01c782c0c/gnocchi.7fd8841f-f268-4071-b2f2-4c1994bb93e3/1780920000.0_mean_300.0_v3" 200 16 "GET http://172.18.0.2:8080/v1/AUTH_a9a47695f86f49b68ac9b1e01c782c0c/gnocchi.7fd8841f-f268-4071-b2f2-4c1994bb93e3/1780920000.0_mean_300.0_v3" "tx798726a85eb14a6096448-006a2e7634" "proxy-server 20" 0.0011 "-" 25 0
