Jun 11 14:00:22 standalone account-server[127293]: Starting 2
Jun 11 14:00:23 standalone container-server[127452]: Starting 2
Jun 11 14:00:23 standalone container-server[127386]: Option allow_versions is deprecated. Configure the versioned_writes middleware in the proxy-server instead. This option will be ignored in a future release.
Jun 11 14:00:23 standalone container-server[127739]: Option allow_versions is deprecated. Configure the versioned_writes middleware in the proxy-server instead. This option will be ignored in a future release.
Jun 11 14:00:23 standalone container-server[127386]: Started child 20 from parent 2
Jun 11 14:00:23 standalone container-server[127740]: Option allow_versions is deprecated. Configure the versioned_writes middleware in the proxy-server instead. This option will be ignored in a future release.
Jun 11 14:00:23 standalone container-server[127386]: Started child 21 from parent 2
Jun 11 14:00:23 standalone container-server[127743]: Option allow_versions is deprecated. Configure the versioned_writes middleware in the proxy-server instead. This option will be ignored in a future release.
Jun 11 14:00:23 standalone container-server[127386]: Started child 22 from parent 2
Jun 11 14:00:23 standalone container-server[127751]: Option allow_versions is deprecated. Configure the versioned_writes middleware in the proxy-server instead. This option will be ignored in a future release.
Jun 11 14:00:23 standalone container-server[127386]: Started child 23 from parent 2
Jun 11 14:00:23 standalone account-server[127419]: Started child 20 from parent 2
Jun 11 14:00:23 standalone account-server[127419]: Started child 21 from parent 2
Jun 11 14:00:23 standalone account-server[127419]: Started child 22 from parent 2
Jun 11 14:00:23 standalone account-server[127419]: Started child 23 from parent 2
Jun 11 14:00:23 standalone object-expirer[127707]: Starting 2
Jun 11 14:00:23 standalone object-expirer[127707]: Option auto_create_account_prefix is deprecated. Configure auto_create_account_prefix under the swift-constraints section of swift.conf. This option will be ignored in a future release.
Jun 11 14:00:23 standalone object-server[127747]: Started child 21 from parent 2
Jun 11 14:00:23 standalone object-server[127747]: Started child 22 from parent 2
Jun 11 14:00:23 standalone object-server[127747]: Started child 23 from parent 2
Jun 11 14:00:23 standalone object-server[127747]: Started child 24 from parent 2
Jun 11 14:00:24 standalone object-server[127834]: Starting 2
Jun 11 14:00:30 standalone proxy-server[129545]: Starting Keystone auth_token middleware
Jun 11 14:00:30 standalone proxy-server[129545]: AuthToken middleware is set with keystone_authtoken.service_token_roles_required set to False. This is backwards compatible but deprecated behaviour. Please set this to True.
Jun 11 14:00:30 standalone proxy-server[129811]: Starting Keystone auth_token middleware
Jun 11 14:00:30 standalone proxy-server[129811]: STDERR: The option "bind_port" is not known to keystonemiddleware
Jun 11 14:00:30 standalone proxy-server[129811]: STDERR: The option "workers" is not known to keystonemiddleware
Jun 11 14:00:30 standalone proxy-server[129811]: STDERR: The option "user" is not known to keystonemiddleware
Jun 11 14:00:30 standalone proxy-server[129811]: STDERR: The option "bind_ip" is not known to keystonemiddleware
Jun 11 14:00:30 standalone proxy-server[129811]: STDERR: The option "log_name" is not known to keystonemiddleware
Jun 11 14:00:30 standalone proxy-server[129811]: STDERR: The option "log_facility" is not known to keystonemiddleware
Jun 11 14:00:30 standalone proxy-server[129811]: STDERR: The option "log_level" is not known to keystonemiddleware
Jun 11 14:00:30 standalone proxy-server[129811]: STDERR: The option "log_headers" is not known to keystonemiddleware
Jun 11 14:00:30 standalone proxy-server[129811]: STDERR: The option "log_address" is not known to keystonemiddleware
Jun 11 14:00:30 standalone proxy-server[129811]: STDERR: The option "project_name" is not known to keystonemiddleware
Jun 11 14:00:30 standalone proxy-server[129811]: STDERR: The option "username" is not known to keystonemiddleware
Jun 11 14:00:30 standalone proxy-server[129811]: STDERR: The option "password" is not known to keystonemiddleware
Jun 11 14:00:30 standalone proxy-server[129811]: STDERR: The option "auth_url" is not known to keystonemiddleware
Jun 11 14:00:30 standalone proxy-server[129811]: STDERR: The option "signing_dir" is not known to keystonemiddleware
Jun 11 14:00:30 standalone proxy-server[129811]: STDERR: The option "project_domain_id" is not known to keystonemiddleware
Jun 11 14:00:30 standalone proxy-server[129811]: STDERR: The option "user_domain_id" is not known to keystonemiddleware
Jun 11 14:00:30 standalone proxy-server[129811]: STDERR: The option "__name__" is not known to keystonemiddleware
Jun 11 14:00:30 standalone proxy-server[129811]: AuthToken middleware is set with keystone_authtoken.service_token_roles_required set to False. This is backwards compatible but deprecated behaviour. Please set this to True.
Jun 11 14:00:30 standalone proxy-server[129545]: Started child 20 from parent 2
Jun 11 14:00:48 standalone object-server[127834]: Begin object update sweep
Jun 11 14:00:48 standalone object-server[131570]: Object update sweep starting on /srv/node/d1 (pid: 11)
Jun 11 14:00:48 standalone object-server[131570]: Object update sweep completed on /srv/node/d1 in 0.00s seconds:, 0 successes, 0 failures, 0 quarantines, 0 unlinks, 0 errors, 0 redirects (pid: 11)
Jun 11 14:00:48 standalone object-server[131570]: Object update sweep of d1 completed: 0.00s, 0 successes, 0 failures, 0 quarantines, 0 unlinks, 0 errors, 0 redirects
Jun 11 14:00:48 standalone object-server[127834]: Object update sweep completed: 0.08s
Jun 11 14:04:12 standalone container-server[127452]: Begin container update sweep
Jun 11 14:04:12 standalone container-server[127452]: Container update sweep completed: 0.00s
Jun 11 14:04:59 standalone account-server[127791]: 172.20.0.100 - - [11/Jun/2026:14:04:59 +0000] "HEAD /d1/577/.expiring_objects" 404 - "HEAD http://localhost/v1/.expiring_objects?format=json" "txe6f1bca7be7c42b4ae220-006a2ac08b" "proxy-server 2" 0.0016 "-" 21 -
Jun 11 14:04:59 standalone object-expirer[127707]: Pass completed in 0s; 0 objects expired (txn: txe6f1bca7be7c42b4ae220-006a2ac08b)
Jun 11 14:05:48 standalone object-server[127834]: Begin object update sweep
Jun 11 14:05:48 standalone object-server[167990]: Object update sweep starting on /srv/node/d1 (pid: 13)
Jun 11 14:05:48 standalone object-server[167990]: Object update sweep completed on /srv/node/d1 in 0.00s seconds:, 0 successes, 0 failures, 0 quarantines, 0 unlinks, 0 errors, 0 redirects (pid: 13)
Jun 11 14:05:48 standalone object-server[167990]: Object update sweep of d1 completed: 0.00s, 0 successes, 0 failures, 0 quarantines, 0 unlinks, 0 errors, 0 redirects
Jun 11 14:05:48 standalone object-server[127834]: Object update sweep completed: 0.06s
Jun 11 14:09:12 standalone container-server[127452]: Begin container update sweep
Jun 11 14:09:12 standalone container-server[127452]: Container update sweep completed: 0.00s
Jun 11 14:09:17 standalone account-server[127797]: 172.20.0.100 - - [11/Jun/2026:14:09:17 +0000] "HEAD /d1/577/.expiring_objects" 404 - "HEAD http://localhost/v1/.expiring_objects?format=json" "tx067839e938184824a50b9-006a2ac18d" "proxy-server 2" 0.0010 "-" 23 -
Jun 11 14:09:17 standalone object-expirer[127707]: Pass completed in 0s; 0 objects expired (txn: tx067839e938184824a50b9-006a2ac18d)
Jun 11 14:10:48 standalone object-server[127834]: Begin object update sweep
Jun 11 14:10:48 standalone object-server[210452]: Object update sweep starting on /srv/node/d1 (pid: 14)
Jun 11 14:10:48 standalone object-server[210452]: Object update sweep completed on /srv/node/d1 in 0.00s seconds:, 0 successes, 0 failures, 0 quarantines, 0 unlinks, 0 errors, 0 redirects (pid: 14)
Jun 11 14:10:48 standalone object-server[210452]: Object update sweep of d1 completed: 0.00s, 0 successes, 0 failures, 0 quarantines, 0 unlinks, 0 errors, 0 redirects
Jun 11 14:10:48 standalone object-server[127834]: Object update sweep completed: 0.09s
Jun 11 14:11:35 standalone account-server[127794]: 172.20.0.100 - - [11/Jun/2026:14:11:35 +0000] "HEAD /d1/493/AUTH_0e20f6338368451eb70c530ef9d9943c" 404 - "HEAD http://172.18.0.2:8080/v1/AUTH_0e20f6338368451eb70c530ef9d9943c?format=json" "tx025059b54dfc4cb689c39-006a2ac217" "proxy-server 20" 0.0010 "-" 22 -
Jun 11 14:11:35 standalone proxy-server[129811]: - - 11/Jun/2026/14/11/35 HEAD /v1/AUTH_0e20f6338368451eb70c530ef9d9943c%3Fformat%3Djson HTTP/1.0 200 - Swift - - - - tx025059b54dfc4cb689c39-006a2ac217 - 0.0065 RL - 1781187095.820660830 1781187095.827171087 -
Jun 11 14:11:36 standalone object-server[127876]: 172.20.0.100 - - [11/Jun/2026:14:11:36 +0000] "GET /d1/785/AUTH_0e20f6338368451eb70c530ef9d9943c/gnocchi.0f164196-d737-4efa-a525-fa9ab2853c0d/none_v3" 404 70 "GET http://172.18.0.2:8080/v1/AUTH_0e20f6338368451eb70c530ef9d9943c/gnocchi.0f164196-d737-4efa-a525-fa9ab2853c0d/none_v3" "tx025059b54dfc4cb689c39-006a2ac217" "proxy-server 20" 0.0014 "-" 21 0
Jun 11 14:11:36 standalone proxy-server[129811]: 172.18.0.2 172.18.0.100 11/Jun/2026/14/11/36 GET /v1/AUTH_0e20f6338368451eb70c530ef9d9943c/gnocchi.0f164196-d737-4efa-a525-fa9ab2853c0d/none_v3 HTTP/1.0 404 - python-swiftclient-3.11.1 gAAAAABqKsIXQn8w... - 70 - tx025059b54dfc4cb689c39-006a2ac217 - 0.3852 - - 1781187095.816828251 1781187096.202028275 0
Jun 11 14:11:36 standalone account-server[127794]: 172.20.0.100 - - [11/Jun/2026:14:11:36 +0000] "PUT /d1/493/AUTH_0e20f6338368451eb70c530ef9d9943c" 201 - "-" "txeb450b77d98f4bada4051-006a2ac218" "-" 0.0189 "-" 22 -
Jun 11 14:11:36 standalone proxy-server[129811]: autocreate account '/AUTH_0e20f6338368451eb70c530ef9d9943c' (txn: txeb450b77d98f4bada4051-006a2ac218)
Jun 11 14:11:36 standalone account-server[127789]: 172.20.0.100 - - [11/Jun/2026:14:11:36 +0000] "HEAD /d1/493/AUTH_0e20f6338368451eb70c530ef9d9943c" 204 - "HEAD http://172.18.0.2:8080/v1/AUTH_0e20f6338368451eb70c530ef9d9943c?format=json" "txeb450b77d98f4bada4051-006a2ac218" "proxy-server 20" 0.0020 "-" 20 -
Jun 11 14:11:36 standalone account-server[127797]: 172.20.0.100 - - [11/Jun/2026:14:11:36 +0000] "PUT /d1/493/AUTH_0e20f6338368451eb70c530ef9d9943c/gnocchi.0f164196-d737-4efa-a525-fa9ab2853c0d" 201 - "PUT http://172.20.0.100:6001/d1/818/AUTH_0e20f6338368451eb70c530ef9d9943c/gnocchi.0f164196-d737-4efa-a525-fa9ab2853c0d" "txeb450b77d98f4bada4051-006a2ac218" "container-server 23" 0.0027 "-" 23 0
Jun 11 14:11:36 standalone container-server[127751]: 172.20.0.100 - - [11/Jun/2026:14:11:36 +0000] "PUT /d1/818/AUTH_0e20f6338368451eb70c530ef9d9943c/gnocchi.0f164196-d737-4efa-a525-fa9ab2853c0d" 201 - "PUT http://172.18.0.2:8080/v1/AUTH_0e20f6338368451eb70c530ef9d9943c/gnocchi.0f164196-d737-4efa-a525-fa9ab2853c0d" "txeb450b77d98f4bada4051-006a2ac218" "proxy-server 20" 0.0164 "-" 23 0
Jun 11 14:11:36 standalone proxy-server[129811]: 172.18.0.2 172.18.0.100 11/Jun/2026/14/11/36 PUT /v1/AUTH_0e20f6338368451eb70c530ef9d9943c/gnocchi.0f164196-d737-4efa-a525-fa9ab2853c0d HTTP/1.0 201 - python-swiftclient-3.11.1 gAAAAABqKsIXQn8w... - - - txeb450b77d98f4bada4051-006a2ac218 - 0.0534 - - 1781187096.206579208 1781187096.259939671 0
Jun 11 14:11:36 standalone container-server[127739]: 172.20.0.100 - - [11/Jun/2026:14:11:36 +0000] "HEAD /d1/818/AUTH_0e20f6338368451eb70c530ef9d9943c/gnocchi.0f164196-d737-4efa-a525-fa9ab2853c0d" 204 - "HEAD http://172.18.0.2:8080/v1/AUTH_0e20f6338368451eb70c530ef9d9943c/gnocchi.0f164196-d737-4efa-a525-fa9ab2853c0d?format=json&states=listing" "tx99363612880d45538db26-006a2ac218" "proxy-server 20" 0.0023 "-" 20 0
Jun 11 14:11:36 standalone proxy-server[129811]: - - 11/Jun/2026/14/11/36 HEAD /v1/AUTH_0e20f6338368451eb70c530ef9d9943c/gnocchi.0f164196-d737-4efa-a525-fa9ab2853c0d%3Fformat%3Djson%26states%3Dlisting HTTP/1.0 204 - Swift - - - - tx99363612880d45538db26-006a2ac218 - 0.0073 RL - 1781187096.265845776 1781187096.273170710 0
Jun 11 14:11:36 standalone container-server[127751]: 172.20.0.100 - - [11/Jun/2026:14:11:36 +0000] "GET /d1/818/AUTH_0e20f6338368451eb70c530ef9d9943c/gnocchi.0f164196-d737-4efa-a525-fa9ab2853c0d" 200 2 "GET http://172.18.0.2:8080/v1/AUTH_0e20f6338368451eb70c530ef9d9943c/gnocchi.0f164196-d737-4efa-a525-fa9ab2853c0d?format=json&states=listing" "tx99363612880d45538db26-006a2ac218" "proxy-server 20" 0.0040 "-" 23 0
Jun 11 14:11:36 standalone proxy-server[129811]: 172.18.0.2 172.18.0.100 11/Jun/2026/14/11/36 GET /v1/AUTH_0e20f6338368451eb70c530ef9d9943c/gnocchi.0f164196-d737-4efa-a525-fa9ab2853c0d%3Fformat%3Djson%26states%3Dlisting HTTP/1.0 200 - python-swiftclient-3.11.1 gAAAAABqKsIXQn8w... - 2 - tx99363612880d45538db26-006a2ac218 - 0.0218 - - 1781187096.264408350 1781187096.286190033 0
Jun 11 14:11:36 standalone object-server[127878]: 172.20.0.100 - - [11/Jun/2026:14:11:36 +0000] "GET /d1/324/AUTH_0e20f6338368451eb70c530ef9d9943c/gnocchi.0f164196-d737-4efa-a525-fa9ab2853c0d/1780920000.0_mean_300.0_v3" 404 70 "GET http://172.18.0.2:8080/v1/AUTH_0e20f6338368451eb70c530ef9d9943c/gnocchi.0f164196-d737-4efa-a525-fa9ab2853c0d/1780920000.0_mean_300.0_v3" "txef77c7037ffd44d088185-006a2ac218" "proxy-server 20" 0.0007 "-" 23 0
Jun 11 14:11:36 standalone proxy-server[129811]: 172.18.0.2 172.18.0.100 11/Jun/2026/14/11/36 GET /v1/AUTH_0e20f6338368451eb70c530ef9d9943c/gnocchi.0f164196-d737-4efa-a525-fa9ab2853c0d/1780920000.0_mean_300.0_v3 HTTP/1.0 404 - python-swiftclient-3.11.1 gAAAAABqKsIXQn8w... - 70 - txef77c7037ffd44d088185-006a2ac218 - 0.0075 - - 1781187096.291436434 1781187096.298947096 0
Jun 11 14:11:36 standalone container-server[127740]: 172.20.0.100 - - [11/Jun/2026:14:11:36 +0000] "PUT /d1/818/AUTH_0e20f6338368451eb70c530ef9d9943c/gnocchi.0f164196-d737-4efa-a525-fa9ab2853c0d/1780920000.0_mean_300.0_v3" 201 - "PUT http://172.18.0.2:8080/d1/324/AUTH_0e20f6338368451eb70c530ef9d9943c/gnocchi.0f164196-d737-4efa-a525-fa9ab2853c0d/1780920000.0_mean_300.0_v3" "tx9ae012da17c04449acc49-006a2ac218" "object-server 24" 0.0018 "-" 21 0
Jun 11 14:11:36 standalone object-server[127883]: 172.20.0.100 - - [11/Jun/2026:14:11:36 +0000] "PUT /d1/324/AUTH_0e20f6338368451eb70c530ef9d9943c/gnocchi.0f164196-d737-4efa-a525-fa9ab2853c0d/1780920000.0_mean_300.0_v3" 201 - "PUT http://172.18.0.2:8080/v1/AUTH_0e20f6338368451eb70c530ef9d9943c/gnocchi.0f164196-d737-4efa-a525-fa9ab2853c0d/1780920000.0_mean_300.0_v3" "tx9ae012da17c04449acc49-006a2ac218" "proxy-server 20" 0.0288 "-" 24 0
Jun 11 14:11:36 standalone proxy-server[129811]: 172.18.0.2 172.18.0.100 11/Jun/2026/14/11/36 PUT /v1/AUTH_0e20f6338368451eb70c530ef9d9943c/gnocchi.0f164196-d737-4efa-a525-fa9ab2853c0d/1780920000.0_mean_300.0_v3 HTTP/1.0 201 - python-swiftclient-3.11.1 gAAAAABqKsIXQn8w... 16 - - tx9ae012da17c04449acc49-006a2ac218 - 0.0365 - - 1781187096.302185297 1781187096.338709354 0
Jun 11 14:11:36 standalone container-server[127743]: 172.20.0.100 - - [11/Jun/2026:14:11:36 +0000] "PUT /d1/818/AUTH_0e20f6338368451eb70c530ef9d9943c/gnocchi.0f164196-d737-4efa-a525-fa9ab2853c0d/none_v3" 201 - "PUT http://172.18.0.2:8080/d1/785/AUTH_0e20f6338368451eb70c530ef9d9943c/gnocchi.0f164196-d737-4efa-a525-fa9ab2853c0d/none_v3" "tx10a9130af2194237aa68d-006a2ac218" "object-server 21" 0.0017 "-" 22 0
Jun 11 14:11:36 standalone object-server[127876]: 172.20.0.100 - - [11/Jun/2026:14:11:36 +0000] "PUT /d1/785/AUTH_0e20f6338368451eb70c530ef9d9943c/gnocchi.0f164196-d737-4efa-a525-fa9ab2853c0d/none_v3" 201 - "PUT http://172.18.0.2:8080/v1/AUTH_0e20f6338368451eb70c530ef9d9943c/gnocchi.0f164196-d737-4efa-a525-fa9ab2853c0d/none_v3" "tx10a9130af2194237aa68d-006a2ac218" "proxy-server 20" 0.0313 "-" 21 0
Jun 11 14:11:36 standalone proxy-server[129811]: 172.18.0.2 172.18.0.100 11/Jun/2026/14/11/36 PUT /v1/AUTH_0e20f6338368451eb70c530ef9d9943c/gnocchi.0f164196-d737-4efa-a525-fa9ab2853c0d/none_v3 HTTP/1.0 201 - python-swiftclient-3.11.1 gAAAAABqKsIXQn8w... 32 - - tx10a9130af2194237aa68d-006a2ac218 - 0.0402 - - 1781187096.342611313 1781187096.382836580 0
Jun 11 14:11:42 standalone account-server[127293]: Devices pass completed: 0.00s
Jun 11 14:12:34 standalone container-server[127740]: 172.20.0.100 - - [11/Jun/2026:14:12:34 +0000] "HEAD /d1/709/AUTH_0e20f6338368451eb70c530ef9d9943c/gnocchi.2902040a-17ba-4e4f-8e6e-8e022be08a42" 404 - "HEAD http://172.18.0.2:8080/v1/AUTH_0e20f6338368451eb70c530ef9d9943c/gnocchi.2902040a-17ba-4e4f-8e6e-8e022be08a42?format=json&states=listing" "txc0a6ddbcc59d4b25843e3-006a2ac252" "proxy-server 20" 0.0009 "-" 21 0
Jun 11 14:12:34 standalone object-server[127878]: 172.20.0.100 - - [11/Jun/2026:14:12:34 +0000] "GET /d1/811/AUTH_0e20f6338368451eb70c530ef9d9943c/gnocchi.2902040a-17ba-4e4f-8e6e-8e022be08a42/none_v3" 404 70 "GET http://172.18.0.2:8080/v1/AUTH_0e20f6338368451eb70c530ef9d9943c/gnocchi.2902040a-17ba-4e4f-8e6e-8e022be08a42/none_v3" "txc0a6ddbcc59d4b25843e3-006a2ac252" "proxy-server 20" 0.0007 "-" 23 0
Jun 11 14:12:34 standalone proxy-server[129811]: 172.18.0.2 172.18.0.100 11/Jun/2026/14/12/34 GET /v1/AUTH_0e20f6338368451eb70c530ef9d9943c/gnocchi.2902040a-17ba-4e4f-8e6e-8e022be08a42/none_v3 HTTP/1.0 404 - python-swiftclient-3.11.1 gAAAAABqKsIXQn8w... - 70 - txc0a6ddbcc59d4b25843e3-006a2ac252 - 0.0181 - - 1781187154.680057049 1781187154.698145628 0
Jun 11 14:12:34 standalone account-server[127797]: 172.20.0.100 - - [11/Jun/2026:14:12:34 +0000] "PUT /d1/493/AUTH_0e20f6338368451eb70c530ef9d9943c/gnocchi.2902040a-17ba-4e4f-8e6e-8e022be08a42" 201 - "PUT http://172.20.0.100:6001/d1/709/AUTH_0e20f6338368451eb70c530ef9d9943c/gnocchi.2902040a-17ba-4e4f-8e6e-8e022be08a42" "txee149ea98b3446f69fedf-006a2ac252" "container-server 22" 0.0070 "-" 23 0
Jun 11 14:12:34 standalone container-server[127743]: 172.20.0.100 - - [11/Jun/2026:14:12:34 +0000] "PUT /d1/709/AUTH_0e20f6338368451eb70c530ef9d9943c/gnocchi.2902040a-17ba-4e4f-8e6e-8e022be08a42" 201 - "PUT http://172.18.0.2:8080/v1/AUTH_0e20f6338368451eb70c530ef9d9943c/gnocchi.2902040a-17ba-4e4f-8e6e-8e022be08a42" "txee149ea98b3446f69fedf-006a2ac252" "proxy-server 20" 0.0188 "-" 22 0
Jun 11 14:12:34 standalone proxy-server[129811]: 172.18.0.2 172.18.0.100 11/Jun/2026/14/12/34 PUT /v1/AUTH_0e20f6338368451eb70c530ef9d9943c/gnocchi.2902040a-17ba-4e4f-8e6e-8e022be08a42 HTTP/1.0 201 - python-swiftclient-3.11.1 gAAAAABqKsIXQn8w... - - - txee149ea98b3446f69fedf-006a2ac252 - 0.0257 - - 1781187154.702026844 1781187154.727719307 0
Jun 11 14:12:34 standalone container-server[127740]: 172.20.0.100 - - [11/Jun/2026:14:12:34 +0000] "HEAD /d1/709/AUTH_0e20f6338368451eb70c530ef9d9943c/gnocchi.2902040a-17ba-4e4f-8e6e-8e022be08a42" 204 - "HEAD http://172.18.0.2:8080/v1/AUTH_0e20f6338368451eb70c530ef9d9943c/gnocchi.2902040a-17ba-4e4f-8e6e-8e022be08a42?format=json&states=listing" "txba18aa0d01a14d398e8e6-006a2ac252" "proxy-server 20" 0.0017 "-" 21 0
Jun 11 14:12:34 standalone proxy-server[129811]: - - 11/Jun/2026/14/12/34 HEAD /v1/AUTH_0e20f6338368451eb70c530ef9d9943c/gnocchi.2902040a-17ba-4e4f-8e6e-8e022be08a42%3Fformat%3Djson%26states%3Dlisting HTTP/1.0 204 - Swift - - - - txba18aa0d01a14d398e8e6-006a2ac252 - 0.0065 RL - 1781187154.735743046 1781187154.742211580 0
Jun 11 14:12:34 standalone container-server[127751]: 172.20.0.100 - - [11/Jun/2026:14:12:34 +0000] "GET /d1/709/AUTH_0e20f6338368451eb70c530ef9d9943c/gnocchi.2902040a-17ba-4e4f-8e6e-8e022be08a42" 200 2 "GET http://172.18.0.2:8080/v1/AUTH_0e20f6338368451eb70c530ef9d9943c/gnocchi.2902040a-17ba-4e4f-8e6e-8e022be08a42?format=json&states=listing" "txba18aa0d01a14d398e8e6-006a2ac252" "proxy-server 20" 0.0032 "-" 23 0
Jun 11 14:12:34 standalone proxy-server[129811]: 172.18.0.2 172.18.0.100 11/Jun/2026/14/12/34 GET /v1/AUTH_0e20f6338368451eb70c530ef9d9943c/gnocchi.2902040a-17ba-4e4f-8e6e-8e022be08a42%3Fformat%3Djson%26states%3Dlisting HTTP/1.0 200 - python-swiftclient-3.11.1 gAAAAABqKsIXQn8w... - 2 - txba18aa0d01a14d398e8e6-006a2ac252 - 0.0202 - - 1781187154.733715534 1781187154.753930092 0
Jun 11 14:12:34 standalone object-server[127883]: 172.20.0.100 - - [11/Jun/2026:14:12:34 +0000] "GET /d1/460/AUTH_0e20f6338368451eb70c530ef9d9943c/gnocchi.2902040a-17ba-4e4f-8e6e-8e022be08a42/1780920000.0_mean_300.0_v3" 404 70 "GET http://172.18.0.2:8080/v1/AUTH_0e20f6338368451eb70c530ef9d9943c/gnocchi.2902040a-17ba-4e4f-8e6e-8e022be08a42/1780920000.0_mean_300.0_v3" "tx05eda9464a1b400aaa533-006a2ac252" "proxy-server 20" 0.0004 "-" 24 0
Jun 11 14:12:34 standalone proxy-server[129811]: 172.18.0.2 172.18.0.100 11/Jun/2026/14/12/34 GET /v1/AUTH_0e20f6338368451eb70c530ef9d9943c/gnocchi.2902040a-17ba-4e4f-8e6e-8e022be08a42/1780920000.0_mean_300.0_v3 HTTP/1.0 404 - python-swiftclient-3.11.1 gAAAAABqKsIXQn8w... - 70 - tx05eda9464a1b400aaa533-006a2ac252 - 0.0070 - - 1781187154.759396553 1781187154.766385555 0
Jun 11 14:12:34 standalone container-server[127743]: 172.20.0.100 - - [11/Jun/2026:14:12:34 +0000] "PUT /d1/709/AUTH_0e20f6338368451eb70c530ef9d9943c/gnocchi.2902040a-17ba-4e4f-8e6e-8e022be08a42/1780920000.0_mean_300.0_v3" 201 - "PUT http://172.18.0.2:8080/d1/460/AUTH_0e20f6338368451eb70c530ef9d9943c/gnocchi.2902040a-17ba-4e4f-8e6e-8e022be08a42/1780920000.0_mean_300.0_v3" "tx066e8fe282f54bed94840-006a2ac252" "object-server 22" 0.0007 "-" 22 0
Jun 11 14:12:34 standalone object-server[127877]: 172.20.0.100 - - [11/Jun/2026:14:12:34 +0000] "PUT /d1/460/AUTH_0e20f6338368451eb70c530ef9d9943c/gnocchi.2902040a-17ba-4e4f-8e6e-8e022be08a42/1780920000.0_mean_300.0_v3" 201 - "PUT http://172.18.0.2:8080/v1/AUTH_0e20f6338368451eb70c530ef9d9943c/gnocchi.2902040a-17ba-4e4f-8e6e-8e022be08a42/1780920000.0_mean_300.0_v3" "tx066e8fe282f54bed94840-006a2ac252" "proxy-server 20" 0.0319 "-" 22 0
Jun 11 14:12:34 standalone proxy-server[129811]: 172.18.0.2 172.18.0.100 11/Jun/2026/14/12/34 PUT /v1/AUTH_0e20f6338368451eb70c530ef9d9943c/gnocchi.2902040a-17ba-4e4f-8e6e-8e022be08a42/1780920000.0_mean_300.0_v3 HTTP/1.0 201 - python-swiftclient-3.11.1 gAAAAABqKsIXQn8w... 16 - - tx066e8fe282f54bed94840-006a2ac252 - 0.0397 - - 1781187154.770752192 1781187154.810451746 0
Jun 11 14:12:34 standalone container-server[127740]: 172.20.0.100 - - [11/Jun/2026:14:12:34 +0000] "PUT /d1/709/AUTH_0e20f6338368451eb70c530ef9d9943c/gnocchi.2902040a-17ba-4e4f-8e6e-8e022be08a42/none_v3" 201 - "PUT http://172.18.0.2:8080/d1/811/AUTH_0e20f6338368451eb70c530ef9d9943c/gnocchi.2902040a-17ba-4e4f-8e6e-8e022be08a42/none_v3" "tx2b560ab73fd74c3b86b7c-006a2ac252" "object-server 22" 0.0004 "-" 21 0
Jun 11 14:12:34 standalone object-server[127877]: 172.20.0.100 - - [11/Jun/2026:14:12:34 +0000] "PUT /d1/811/AUTH_0e20f6338368451eb70c530ef9d9943c/gnocchi.2902040a-17ba-4e4f-8e6e-8e022be08a42/none_v3" 201 - "PUT http://172.18.0.2:8080/v1/AUTH_0e20f6338368451eb70c530ef9d9943c/gnocchi.2902040a-17ba-4e4f-8e6e-8e022be08a42/none_v3" "tx2b560ab73fd74c3b86b7c-006a2ac252" "proxy-server 20" 0.0107 "-" 22 0
Jun 11 14:12:34 standalone proxy-server[129811]: 172.18.0.2 172.18.0.100 11/Jun/2026/14/12/34 PUT /v1/AUTH_0e20f6338368451eb70c530ef9d9943c/gnocchi.2902040a-17ba-4e4f-8e6e-8e022be08a42/none_v3 HTTP/1.0 201 - python-swiftclient-3.11.1 gAAAAABqKsIXQn8w... 22 - - tx2b560ab73fd74c3b86b7c-006a2ac252 - 0.0178 - - 1781187154.814665079 1781187154.832465410 0
Jun 11 14:12:34 standalone container-server[127740]: 172.20.0.100 - - [11/Jun/2026:14:12:34 +0000] "HEAD /d1/536/AUTH_0e20f6338368451eb70c530ef9d9943c/gnocchi.def6bf01-33ec-4fa2-9876-59a400ba7edb" 404 - "HEAD http://172.18.0.2:8080/v1/AUTH_0e20f6338368451eb70c530ef9d9943c/gnocchi.def6bf01-33ec-4fa2-9876-59a400ba7edb?format=json&states=listing" "tx48857a84be8c4689ad193-006a2ac252" "proxy-server 20" 0.0003 "-" 21 0
Jun 11 14:12:34 standalone object-server[127883]: 172.20.0.100 - - [11/Jun/2026:14:12:34 +0000] "GET /d1/539/AUTH_0e20f6338368451eb70c530ef9d9943c/gnocchi.def6bf01-33ec-4fa2-9876-59a400ba7edb/none_v3" 404 70 "GET http://172.18.0.2:8080/v1/AUTH_0e20f6338368451eb70c530ef9d9943c/gnocchi.def6bf01-33ec-4fa2-9876-59a400ba7edb/none_v3" "tx48857a84be8c4689ad193-006a2ac252" "proxy-server 20" 0.0003 "-" 24 0
Jun 11 14:12:34 standalone proxy-server[129811]: 172.18.0.2 172.18.0.100 11/Jun/2026/14/12/34 GET /v1/AUTH_0e20f6338368451eb70c530ef9d9943c/gnocchi.def6bf01-33ec-4fa2-9876-59a400ba7edb/none_v3 HTTP/1.0 404 - python-swiftclient-3.11.1 gAAAAABqKsIXQn8w... - 70 - tx48857a84be8c4689ad193-006a2ac252 - 0.0134 - - 1781187154.845017910 1781187154.858453989 0
Jun 11 14:12:34 standalone account-server[127791]: 172.20.0.100 - - [11/Jun/2026:14:12:34 +0000] "PUT /d1/493/AUTH_0e20f6338368451eb70c530ef9d9943c/gnocchi.def6bf01-33ec-4fa2-9876-59a400ba7edb" 201 - "PUT http://172.20.0.100:6001/d1/536/AUTH_0e20f6338368451eb70c530ef9d9943c/gnocchi.def6bf01-33ec-4fa2-9876-59a400ba7edb" "tx48356d8415394537b6471-006a2ac252" "container-server 20" 0.0212 "-" 21 0
Jun 11 14:12:34 standalone container-server[127739]: 172.20.0.100 - - [11/Jun/2026:14:12:34 +0000] "PUT /d1/536/AUTH_0e20f6338368451eb70c530ef9d9943c/gnocchi.def6bf01-33ec-4fa2-9876-59a400ba7edb" 201 - "PUT http://172.18.0.2:8080/v1/AUTH_0e20f6338368451eb70c530ef9d9943c/gnocchi.def6bf01-33ec-4fa2-9876-59a400ba7edb" "tx48356d8415394537b6471-006a2ac252" "proxy-server 20" 0.0456 "-" 20 0
Jun 11 14:12:34 standalone proxy-server[129811]: 172.18.0.2 172.18.0.100 11/Jun/2026/14/12/34 PUT /v1/AUTH_0e20f6338368451eb70c530ef9d9943c/gnocchi.def6bf01-33ec-4fa2-9876-59a400ba7edb HTTP/1.0 201 - python-swiftclient-3.11.1 gAAAAABqKsIXQn8w... - - - tx48356d8415394537b6471-006a2ac252 - 0.0573 - - 1781187154.862162113 1781187154.919414043 0
Jun 11 14:12:34 standalone container-server[127740]: 172.20.0.100 - - [11/Jun/2026:14:12:34 +0000] "HEAD /d1/536/AUTH_0e20f6338368451eb70c530ef9d9943c/gnocchi.def6bf01-33ec-4fa2-9876-59a400ba7edb" 204 - "HEAD http://172.18.0.2:8080/v1/AUTH_0e20f6338368451eb70c530ef9d9943c/gnocchi.def6bf01-33ec-4fa2-9876-59a400ba7edb?format=json&states=listing" "tx85716f11763141f0bffc2-006a2ac252" "proxy-server 20" 0.0032 "-" 21 0
Jun 11 14:12:34 standalone proxy-server[129811]: - - 11/Jun/2026/14/12/34 HEAD /v1/AUTH_0e20f6338368451eb70c530ef9d9943c/gnocchi.def6bf01-33ec-4fa2-9876-59a400ba7edb%3Fformat%3Djson%26states%3Dlisting HTTP/1.0 204 - Swift - - - - tx85716f11763141f0bffc2-006a2ac252 - 0.0097 RL - 1781187154.928848028 1781187154.938560486 0
Jun 11 14:12:34 standalone container-server[127743]: 172.20.0.100 - - [11/Jun/2026:14:12:34 +0000] "GET /d1/536/AUTH_0e20f6338368451eb70c530ef9d9943c/gnocchi.def6bf01-33ec-4fa2-9876-59a400ba7edb" 200 2 "GET http://172.18.0.2:8080/v1/AUTH_0e20f6338368451eb70c530ef9d9943c/gnocchi.def6bf01-33ec-4fa2-9876-59a400ba7edb?format=json&states=listing" "tx85716f11763141f0bffc2-006a2ac252" "proxy-server 20" 0.0028 "-" 22 0
Jun 11 14:12:34 standalone proxy-server[129811]: 172.18.0.2 172.18.0.100 11/Jun/2026/14/12/34 GET /v1/AUTH_0e20f6338368451eb70c530ef9d9943c/gnocchi.def6bf01-33ec-4fa2-9876-59a400ba7edb%3Fformat%3Djson%26states%3Dlisting HTTP/1.0 200 - python-swiftclient-3.11.1 gAAAAABqKsIXQn8w... - 2 - tx85716f11763141f0bffc2-006a2ac252 - 0.0284 - - 1781187154.927120686 1781187154.955483198 0
Jun 11 14:12:34 standalone object-server[127883]: 172.20.0.100 - - [11/Jun/2026:14:12:34 +0000] "GET /d1/368/AUTH_0e20f6338368451eb70c530ef9d9943c/gnocchi.def6bf01-33ec-4fa2-9876-59a400ba7edb/1780920000.0_mean_300.0_v3" 404 70 "GET http://172.18.0.2:8080/v1/AUTH_0e20f6338368451eb70c530ef9d9943c/gnocchi.def6bf01-33ec-4fa2-9876-59a400ba7edb/1780920000.0_mean_300.0_v3" "txfe1793d7328847fab7a0a-006a2ac252" "proxy-server 20" 0.0005 "-" 24 0
Jun 11 14:12:34 standalone proxy-server[129811]: 172.18.0.2 172.18.0.100 11/Jun/2026/14/12/34 GET /v1/AUTH_0e20f6338368451eb70c530ef9d9943c/gnocchi.def6bf01-33ec-4fa2-9876-59a400ba7edb/1780920000.0_mean_300.0_v3 HTTP/1.0 404 - python-swiftclient-3.11.1 gAAAAABqKsIXQn8w... - 70 - txfe1793d7328847fab7a0a-006a2ac252 - 0.0065 - - 1781187154.961227417 1781187154.967685223 0
Jun 11 14:12:35 standalone container-server[127740]: 172.20.0.100 - - [11/Jun/2026:14:12:35 +0000] "PUT /d1/536/AUTH_0e20f6338368451eb70c530ef9d9943c/gnocchi.def6bf01-33ec-4fa2-9876-59a400ba7edb/1780920000.0_mean_300.0_v3" 201 - "PUT http://172.18.0.2:8080/d1/368/AUTH_0e20f6338368451eb70c530ef9d9943c/gnocchi.def6bf01-33ec-4fa2-9876-59a400ba7edb/1780920000.0_mean_300.0_v3" "tx4c9d5aef95db48f6b3f64-006a2ac252" "object-server 23" 0.0009 "-" 21 0
Jun 11 14:12:35 standalone object-server[127878]: 172.20.0.100 - - [11/Jun/2026:14:12:35 +0000] "PUT /d1/368/AUTH_0e20f6338368451eb70c530ef9d9943c/gnocchi.def6bf01-33ec-4fa2-9876-59a400ba7edb/1780920000.0_mean_300.0_v3" 201 - "PUT http://172.18.0.2:8080/v1/AUTH_0e20f6338368451eb70c530ef9d9943c/gnocchi.def6bf01-33ec-4fa2-9876-59a400ba7edb/1780920000.0_mean_300.0_v3" "tx4c9d5aef95db48f6b3f64-006a2ac252" "proxy-server 20" 0.0511 "-" 23 0
Jun 11 14:12:35 standalone proxy-server[129811]: 172.18.0.2 172.18.0.100 11/Jun/2026/14/12/35 PUT /v1/AUTH_0e20f6338368451eb70c530ef9d9943c/gnocchi.def6bf01-33ec-4fa2-9876-59a400ba7edb/1780920000.0_mean_300.0_v3 HTTP/1.0 201 - python-swiftclient-3.11.1 gAAAAABqKsIXQn8w... 16 - - tx4c9d5aef95db48f6b3f64-006a2ac252 - 0.0591 - - 1781187154.979918003 1781187155.039055347 0
Jun 11 14:12:35 standalone container-server[127743]: 172.20.0.100 - - [11/Jun/2026:14:12:35 +0000] "PUT /d1/536/AUTH_0e20f6338368451eb70c530ef9d9943c/gnocchi.def6bf01-33ec-4fa2-9876-59a400ba7edb/none_v3" 201 - "PUT http://172.18.0.2:8080/d1/539/AUTH_0e20f6338368451eb70c530ef9d9943c/gnocchi.def6bf01-33ec-4fa2-9876-59a400ba7edb/none_v3" "tx48e0394fa44242b9b4628-006a2ac253" "object-server 22" 0.0006 "-" 22 0
Jun 11 14:12:35 standalone object-server[127877]: 172.20.0.100 - - [11/Jun/2026:14:12:35 +0000] "PUT /d1/539/AUTH_0e20f6338368451eb70c530ef9d9943c/gnocchi.def6bf01-33ec-4fa2-9876-59a400ba7edb/none_v3" 201 - "PUT http://172.18.0.2:8080/v1/AUTH_0e20f6338368451eb70c530ef9d9943c/gnocchi.def6bf01-33ec-4fa2-9876-59a400ba7edb/none_v3" "tx48e0394fa44242b9b4628-006a2ac253" "proxy-server 20" 0.0345 "-" 22 0
Jun 11 14:12:35 standalone proxy-server[129811]: 172.18.0.2 172.18.0.100 11/Jun/2026/14/12/35 PUT /v1/AUTH_0e20f6338368451eb70c530ef9d9943c/gnocchi.def6bf01-33ec-4fa2-9876-59a400ba7edb/none_v3 HTTP/1.0 201 - python-swiftclient-3.11.1 gAAAAABqKsIXQn8w... 22 - - tx48e0394fa44242b9b4628-006a2ac253 - 0.0424 - - 1781187155.042266130 1781187155.084669352 0
Jun 11 14:12:43 standalone account-server[127797]: 172.20.0.100 - - [11/Jun/2026:14:12:43 +0000] "HEAD /d1/493/AUTH_0e20f6338368451eb70c530ef9d9943c" 204 - "HEAD http://172.18.0.2:8080/v1/AUTH_0e20f6338368451eb70c530ef9d9943c?format=json" "txa6ba82a6d7c74f6a99e2e-006a2ac25b" "proxy-server 20" 0.0052 "-" 23 -
Jun 11 14:12:43 standalone proxy-server[129811]: - - 11/Jun/2026/14/12/43 HEAD /v1/AUTH_0e20f6338368451eb70c530ef9d9943c%3Fformat%3Djson HTTP/1.0 204 - Swift - - - - txa6ba82a6d7c74f6a99e2e-006a2ac25b - 0.0099 RL - 1781187163.400807381 1781187163.410708904 -
Jun 11 14:12:43 standalone container-server[127740]: 172.20.0.100 - - [11/Jun/2026:14:12:43 +0000] "HEAD /d1/3/AUTH_0e20f6338368451eb70c530ef9d9943c/gnocchi.4b749699-5b70-46f5-8239-470eb89d3501" 404 - "HEAD http://172.18.0.2:8080/v1/AUTH_0e20f6338368451eb70c530ef9d9943c/gnocchi.4b749699-5b70-46f5-8239-470eb89d3501?format=json&states=listing" "txa6ba82a6d7c74f6a99e2e-006a2ac25b" "proxy-server 20" 0.0006 "-" 21 0
Jun 11 14:12:43 standalone object-server[127883]: 172.20.0.100 - - [11/Jun/2026:14:12:43 +0000] "GET /d1/538/AUTH_0e20f6338368451eb70c530ef9d9943c/gnocchi.4b749699-5b70-46f5-8239-470eb89d3501/none_v3" 404 70 "GET http://172.18.0.2:8080/v1/AUTH_0e20f6338368451eb70c530ef9d9943c/gnocchi.4b749699-5b70-46f5-8239-470eb89d3501/none_v3" "txa6ba82a6d7c74f6a99e2e-006a2ac25b" "proxy-server 20" 0.0009 "-" 24 0
Jun 11 14:12:43 standalone proxy-server[129811]: 172.18.0.2 172.18.0.100 11/Jun/2026/14/12/43 GET /v1/AUTH_0e20f6338368451eb70c530ef9d9943c/gnocchi.4b749699-5b70-46f5-8239-470eb89d3501/none_v3 HTTP/1.0 404 - python-swiftclient-3.11.1 gAAAAABqKsIXQn8w... - 70 - txa6ba82a6d7c74f6a99e2e-006a2ac25b - 0.0276 - - 1781187163.399083614 1781187163.426665545 0
Jun 11 14:12:43 standalone account-server[127797]: 172.20.0.100 - - [11/Jun/2026:14:12:43 +0000] "PUT /d1/493/AUTH_0e20f6338368451eb70c530ef9d9943c/gnocchi.4b749699-5b70-46f5-8239-470eb89d3501" 201 - "PUT http://172.20.0.100:6001/d1/3/AUTH_0e20f6338368451eb70c530ef9d9943c/gnocchi.4b749699-5b70-46f5-8239-470eb89d3501" "tx641f386a07a5420c88a29-006a2ac25b" "container-server 21" 0.0011 "-" 23 0
Jun 11 14:12:43 standalone container-server[127740]: 172.20.0.100 - - [11/Jun/2026:14:12:43 +0000] "PUT /d1/3/AUTH_0e20f6338368451eb70c530ef9d9943c/gnocchi.4b749699-5b70-46f5-8239-470eb89d3501" 201 - "PUT http://172.18.0.2:8080/v1/AUTH_0e20f6338368451eb70c530ef9d9943c/gnocchi.4b749699-5b70-46f5-8239-470eb89d3501" "tx641f386a07a5420c88a29-006a2ac25b" "proxy-server 20" 0.0207 "-" 21 0
Jun 11 14:12:43 standalone proxy-server[129811]: 172.18.0.2 172.18.0.100 11/Jun/2026/14/12/43 PUT /v1/AUTH_0e20f6338368451eb70c530ef9d9943c/gnocchi.4b749699-5b70-46f5-8239-470eb89d3501 HTTP/1.0 201 - python-swiftclient-3.11.1 gAAAAABqKsIXQn8w... - - - tx641f386a07a5420c88a29-006a2ac25b - 0.0295 - - 1781187163.432184935 1781187163.461726427 0
Jun 11 14:12:43 standalone container-server[127751]: 172.20.0.100 - - [11/Jun/2026:14:12:43 +0000] "HEAD /d1/3/AUTH_0e20f6338368451eb70c530ef9d9943c/gnocchi.4b749699-5b70-46f5-8239-470eb89d3501" 204 - "HEAD http://172.18.0.2:8080/v1/AUTH_0e20f6338368451eb70c530ef9d9943c/gnocchi.4b749699-5b70-46f5-8239-470eb89d3501?format=json&states=listing" "tx7ab865aa57484667aa1fa-006a2ac25b" "proxy-server 20" 0.0012 "-" 23 0
Jun 11 14:12:43 standalone proxy-server[129811]: - - 11/Jun/2026/14/12/43 HEAD /v1/AUTH_0e20f6338368451eb70c530ef9d9943c/gnocchi.4b749699-5b70-46f5-8239-470eb89d3501%3Fformat%3Djson%26states%3Dlisting HTTP/1.0 204 - Swift - - - - tx7ab865aa57484667aa1fa-006a2ac25b - 0.0067 RL - 1781187163.470086098 1781187163.476778507 0
Jun 11 14:12:43 standalone container-server[127751]: 172.20.0.100 - - [11/Jun/2026:14:12:43 +0000] "GET /d1/3/AUTH_0e20f6338368451eb70c530ef9d9943c/gnocchi.4b749699-5b70-46f5-8239-470eb89d3501" 200 2 "GET http://172.18.0.2:8080/v1/AUTH_0e20f6338368451eb70c530ef9d9943c/gnocchi.4b749699-5b70-46f5-8239-470eb89d3501?format=json&states=listing" "tx7ab865aa57484667aa1fa-006a2ac25b" "proxy-server 20" 0.0020 "-" 23 0
Jun 11 14:12:43 standalone proxy-server[129811]: 172.18.0.2 172.18.0.100 11/Jun/2026/14/12/43 GET /v1/AUTH_0e20f6338368451eb70c530ef9d9943c/gnocchi.4b749699-5b70-46f5-8239-470eb89d3501%3Fformat%3Djson%26states%3Dlisting HTTP/1.0 200 - python-swiftclient-3.11.1 gAAAAABqKsIXQn8w... - 2 - tx7ab865aa57484667aa1fa-006a2ac25b - 0.0213 - - 1781187163.468151808 1781187163.489467382 0
Jun 11 14:12:43 standalone object-server[127877]: 172.20.0.100 - - [11/Jun/2026:14:12:43 +0000] "GET /d1/1/AUTH_0e20f6338368451eb70c530ef9d9943c/gnocchi.4b749699-5b70-46f5-8239-470eb89d3501/1780920000.0_mean_300.0_v3" 404 70 "GET http://172.18.0.2:8080/v1/AUTH_0e20f6338368451eb70c530ef9d9943c/gnocchi.4b749699-5b70-46f5-8239-470eb89d3501/1780920000.0_mean_300.0_v3" "txa2292359956746a5a8551-006a2ac25b" "proxy-server 20" 0.0003 "-" 22 0
Jun 11 14:12:43 standalone proxy-server[129811]: 172.18.0.2 172.18.0.100 11/Jun/2026/14/12/43 GET /v1/AUTH_0e20f6338368451eb70c530ef9d9943c/gnocchi.4b749699-5b70-46f5-8239-470eb89d3501/1780920000.0_mean_300.0_v3 HTTP/1.0 404 - python-swiftclient-3.11.1 gAAAAABqKsIXQn8w... - 70 - txa2292359956746a5a8551-006a2ac25b - 0.0099 - - 1781187163.497362852 1781187163.507260561 0
Jun 11 14:12:43 standalone container-server[127751]: 172.20.0.100 - - [11/Jun/2026:14:12:43 +0000] "PUT /d1/3/AUTH_0e20f6338368451eb70c530ef9d9943c/gnocchi.4b749699-5b70-46f5-8239-470eb89d3501/1780920000.0_mean_300.0_v3" 201 - "PUT http://172.18.0.2:8080/d1/1/AUTH_0e20f6338368451eb70c530ef9d9943c/gnocchi.4b749699-5b70-46f5-8239-470eb89d3501/1780920000.0_mean_300.0_v3" "txcc5bdd44dca5498c9d680-006a2ac25b" "object-server 21" 0.0005 "-" 23 0
Jun 11 14:12:43 standalone object-server[127876]: 172.20.0.100 - - [11/Jun/2026:14:12:43 +0000] "PUT /d1/1/AUTH_0e20f6338368451eb70c530ef9d9943c/gnocchi.4b749699-5b70-46f5-8239-470eb89d3501/1780920000.0_mean_300.0_v3" 201 - "PUT http://172.18.0.2:8080/v1/AUTH_0e20f6338368451eb70c530ef9d9943c/gnocchi.4b749699-5b70-46f5-8239-470eb89d3501/1780920000.0_mean_300.0_v3" "txcc5bdd44dca5498c9d680-006a2ac25b" "proxy-server 20" 0.0149 "-" 21 0
Jun 11 14:12:43 standalone proxy-server[129811]: 172.18.0.2 172.18.0.100 11/Jun/2026/14/12/43 PUT /v1/AUTH_0e20f6338368451eb70c530ef9d9943c/gnocchi.4b749699-5b70-46f5-8239-470eb89d3501/1780920000.0_mean_300.0_v3 HTTP/1.0 201 - python-swiftclient-3.11.1 gAAAAABqKsIXQn8w... 16 - - txcc5bdd44dca5498c9d680-006a2ac25b - 0.0237 - - 1781187163.513373852 1781187163.537043810 0
Jun 11 14:12:43 standalone container-server[127739]: 172.20.0.100 - - [11/Jun/2026:14:12:43 +0000] "PUT /d1/3/AUTH_0e20f6338368451eb70c530ef9d9943c/gnocchi.4b749699-5b70-46f5-8239-470eb89d3501/none_v3" 201 - "PUT http://172.18.0.2:8080/d1/538/AUTH_0e20f6338368451eb70c530ef9d9943c/gnocchi.4b749699-5b70-46f5-8239-470eb89d3501/none_v3" "tx1244b11c44d842f280d86-006a2ac25b" "object-server 21" 0.0009 "-" 20 0
Jun 11 14:12:43 standalone object-server[127876]: 172.20.0.100 - - [11/Jun/2026:14:12:43 +0000] "PUT /d1/538/AUTH_0e20f6338368451eb70c530ef9d9943c/gnocchi.4b749699-5b70-46f5-8239-470eb89d3501/none_v3" 201 - "PUT http://172.18.0.2:8080/v1/AUTH_0e20f6338368451eb70c530ef9d9943c/gnocchi.4b749699-5b70-46f5-8239-470eb89d3501/none_v3" "tx1244b11c44d842f280d86-006a2ac25b" "proxy-server 20" 0.0131 "-" 21 0
Jun 11 14:12:43 standalone proxy-server[129811]: 172.18.0.2 172.18.0.100 11/Jun/2026/14/12/43 PUT /v1/AUTH_0e20f6338368451eb70c530ef9d9943c/gnocchi.4b749699-5b70-46f5-8239-470eb89d3501/none_v3 HTTP/1.0 201 - python-swiftclient-3.11.1 gAAAAABqKsIXQn8w... 22 - - tx1244b11c44d842f280d86-006a2ac25b - 0.0222 - - 1781187163.545395851 1781187163.567639828 0
Jun 11 14:12:43 standalone container-server[127739]: 172.20.0.100 - - [11/Jun/2026:14:12:43 +0000] "HEAD /d1/497/AUTH_0e20f6338368451eb70c530ef9d9943c/gnocchi.2afe5ba8-d563-4eea-b95f-8c7ce50fc20f" 404 - "HEAD http://172.18.0.2:8080/v1/AUTH_0e20f6338368451eb70c530ef9d9943c/gnocchi.2afe5ba8-d563-4eea-b95f-8c7ce50fc20f?format=json&states=listing" "tx5ac55d9187fe4759a9852-006a2ac25b" "proxy-server 20" 0.0007 "-" 20 0
Jun 11 14:12:43 standalone object-server[127876]: 172.20.0.100 - - [11/Jun/2026:14:12:43 +0000] "GET /d1/354/AUTH_0e20f6338368451eb70c530ef9d9943c/gnocchi.2afe5ba8-d563-4eea-b95f-8c7ce50fc20f/none_v3" 404 70 "GET http://172.18.0.2:8080/v1/AUTH_0e20f6338368451eb70c530ef9d9943c/gnocchi.2afe5ba8-d563-4eea-b95f-8c7ce50fc20f/none_v3" "tx5ac55d9187fe4759a9852-006a2ac25b" "proxy-server 20" 0.0004 "-" 21 0
Jun 11 14:12:43 standalone proxy-server[129811]: 172.18.0.2 172.18.0.100 11/Jun/2026/14/12/43 GET /v1/AUTH_0e20f6338368451eb70c530ef9d9943c/gnocchi.2afe5ba8-d563-4eea-b95f-8c7ce50fc20f/none_v3 HTTP/1.0 404 - python-swiftclient-3.11.1 gAAAAABqKsIXQn8w... - 70 - tx5ac55d9187fe4759a9852-006a2ac25b - 0.0116 - - 1781187163.622217894 1781187163.633773088 0
Jun 11 14:12:43 standalone account-server[127794]: 172.20.0.100 - - [11/Jun/2026:14:12:43 +0000] "PUT /d1/493/AUTH_0e20f6338368451eb70c530ef9d9943c/gnocchi.2afe5ba8-d563-4eea-b95f-8c7ce50fc20f" 201 - "PUT http://172.20.0.100:6001/d1/497/AUTH_0e20f6338368451eb70c530ef9d9943c/gnocchi.2afe5ba8-d563-4eea-b95f-8c7ce50fc20f" "tx4535c3ce3d9b4ca0a6287-006a2ac25b" "container-server 23" 0.0085 "-" 22 0
Jun 11 14:12:43 standalone container-server[127751]: 172.20.0.100 - - [11/Jun/2026:14:12:43 +0000] "PUT /d1/497/AUTH_0e20f6338368451eb70c530ef9d9943c/gnocchi.2afe5ba8-d563-4eea-b95f-8c7ce50fc20f" 201 - "PUT http://172.18.0.2:8080/v1/AUTH_0e20f6338368451eb70c530ef9d9943c/gnocchi.2afe5ba8-d563-4eea-b95f-8c7ce50fc20f" "tx4535c3ce3d9b4ca0a6287-006a2ac25b" "proxy-server 20" 0.0197 "-" 23 0
Jun 11 14:12:43 standalone proxy-server[129811]: 172.18.0.2 172.18.0.100 11/Jun/2026/14/12/43 PUT /v1/AUTH_0e20f6338368451eb70c530ef9d9943c/gnocchi.2afe5ba8-d563-4eea-b95f-8c7ce50fc20f HTTP/1.0 201 - python-swiftclient-3.11.1 gAAAAABqKsIXQn8w... - - - tx4535c3ce3d9b4ca0a6287-006a2ac25b - 0.0252 - - 1781187163.638802528 1781187163.664046288 0
Jun 11 14:12:43 standalone container-server[127740]: 172.20.0.100 - - [11/Jun/2026:14:12:43 +0000] "HEAD /d1/497/AUTH_0e20f6338368451eb70c530ef9d9943c/gnocchi.2afe5ba8-d563-4eea-b95f-8c7ce50fc20f" 204 - "HEAD http://172.18.0.2:8080/v1/AUTH_0e20f6338368451eb70c530ef9d9943c/gnocchi.2afe5ba8-d563-4eea-b95f-8c7ce50fc20f?format=json&states=listing" "txfb5bee8981c84e9b80d79-006a2ac25b" "proxy-server 20" 0.0021 "-" 21 0
Jun 11 14:12:43 standalone proxy-server[129811]: - - 11/Jun/2026/14/12/43 HEAD /v1/AUTH_0e20f6338368451eb70c530ef9d9943c/gnocchi.2afe5ba8-d563-4eea-b95f-8c7ce50fc20f%3Fformat%3Djson%26states%3Dlisting HTTP/1.0 204 - Swift - - - - txfb5bee8981c84e9b80d79-006a2ac25b - 0.0074 RL - 1781187163.673191309 1781187163.680547476 0
Jun 11 14:12:43 standalone container-server[127751]: 172.20.0.100 - - [11/Jun/2026:14:12:43 +0000] "GET /d1/497/AUTH_0e20f6338368451eb70c530ef9d9943c/gnocchi.2afe5ba8-d563-4eea-b95f-8c7ce50fc20f" 200 2 "GET http://172.18.0.2:8080/v1/AUTH_0e20f6338368451eb70c530ef9d9943c/gnocchi.2afe5ba8-d563-4eea-b95f-8c7ce50fc20f?format=json&states=listing" "txfb5bee8981c84e9b80d79-006a2ac25b" "proxy-server 20" 0.0023 "-" 23 0
Jun 11 14:12:43 standalone proxy-server[129811]: 172.18.0.2 172.18.0.100 11/Jun/2026/14/12/43 GET /v1/AUTH_0e20f6338368451eb70c530ef9d9943c/gnocchi.2afe5ba8-d563-4eea-b95f-8c7ce50fc20f%3Fformat%3Djson%26states%3Dlisting HTTP/1.0 200 - python-swiftclient-3.11.1 gAAAAABqKsIXQn8w... - 2 - txfb5bee8981c84e9b80d79-006a2ac25b - 0.0172 - - 1781187163.672092199 1781187163.689307213 0
Jun 11 14:12:43 standalone object-server[127878]: 172.20.0.100 - - [11/Jun/2026:14:12:43 +0000] "GET /d1/119/AUTH_0e20f6338368451eb70c530ef9d9943c/gnocchi.2afe5ba8-d563-4eea-b95f-8c7ce50fc20f/1780920000.0_mean_300.0_v3" 404 70 "GET http://172.18.0.2:8080/v1/AUTH_0e20f6338368451eb70c530ef9d9943c/gnocchi.2afe5ba8-d563-4eea-b95f-8c7ce50fc20f/1780920000.0_mean_300.0_v3" "tx29160b0132ad453db5adc-006a2ac25b" "proxy-server 20" 0.0006 "-" 23 0
Jun 11 14:12:43 standalone proxy-server[129811]: 172.18.0.2 172.18.0.100 11/Jun/2026/14/12/43 GET /v1/AUTH_0e20f6338368451eb70c530ef9d9943c/gnocchi.2afe5ba8-d563-4eea-b95f-8c7ce50fc20f/1780920000.0_mean_300.0_v3 HTTP/1.0 404 - python-swiftclient-3.11.1 gAAAAABqKsIXQn8w... - 70 - tx29160b0132ad453db5adc-006a2ac25b - 0.0077 - - 1781187163.700474739 1781187163.708146334 0
Jun 11 14:12:43 standalone container-server[127740]: 172.20.0.100 - - [11/Jun/2026:14:12:43 +0000] "PUT /d1/497/AUTH_0e20f6338368451eb70c530ef9d9943c/gnocchi.2afe5ba8-d563-4eea-b95f-8c7ce50fc20f/1780920000.0_mean_300.0_v3" 201 - "PUT http://172.18.0.2:8080/d1/119/AUTH_0e20f6338368451eb70c530ef9d9943c/gnocchi.2afe5ba8-d563-4eea-b95f-8c7ce50fc20f/1780920000.0_mean_300.0_v3" "tx4d6ad5c52bc04fd7a1460-006a2ac25b" "object-server 21" 0.0010 "-" 21 0
Jun 11 14:12:43 standalone object-server[127876]: 172.20.0.100 - - [11/Jun/2026:14:12:43 +0000] "PUT /d1/119/AUTH_0e20f6338368451eb70c530ef9d9943c/gnocchi.2afe5ba8-d563-4eea-b95f-8c7ce50fc20f/1780920000.0_mean_300.0_v3" 201 - "PUT http://172.18.0.2:8080/v1/AUTH_0e20f6338368451eb70c530ef9d9943c/gnocchi.2afe5ba8-d563-4eea-b95f-8c7ce50fc20f/1780920000.0_mean_300.0_v3" "tx4d6ad5c52bc04fd7a1460-006a2ac25b" "proxy-server 20" 0.0157 "-" 21 0
Jun 11 14:12:43 standalone proxy-server[129811]: 172.18.0.2 172.18.0.100 11/Jun/2026/14/12/43 PUT /v1/AUTH_0e20f6338368451eb70c530ef9d9943c/gnocchi.2afe5ba8-d563-4eea-b95f-8c7ce50fc20f/1780920000.0_mean_300.0_v3 HTTP/1.0 201 - python-swiftclient-3.11.1 gAAAAABqKsIXQn8w... 16 - - tx4d6ad5c52bc04fd7a1460-006a2ac25b - 0.0322 - - 1781187163.713621855 1781187163.745841265 0
Jun 11 14:12:43 standalone container-server[127739]: 172.20.0.100 - - [11/Jun/2026:14:12:43 +0000] "PUT /d1/497/AUTH_0e20f6338368451eb70c530ef9d9943c/gnocchi.2afe5ba8-d563-4eea-b95f-8c7ce50fc20f/none_v3" 201 - "PUT http://172.18.0.2:8080/d1/354/AUTH_0e20f6338368451eb70c530ef9d9943c/gnocchi.2afe5ba8-d563-4eea-b95f-8c7ce50fc20f/none_v3" "tx9cae04b5a34543aca8a06-006a2ac25b" "object-server 24" 0.0012 "-" 20 0
Jun 11 14:12:43 standalone object-server[127883]: 172.20.0.100 - - [11/Jun/2026:14:12:43 +0000] "PUT /d1/354/AUTH_0e20f6338368451eb70c530ef9d9943c/gnocchi.2afe5ba8-d563-4eea-b95f-8c7ce50fc20f/none_v3" 201 - "PUT http://172.18.0.2:8080/v1/AUTH_0e20f6338368451eb70c530ef9d9943c/gnocchi.2afe5ba8-d563-4eea-b95f-8c7ce50fc20f/none_v3" "tx9cae04b5a34543aca8a06-006a2ac25b" "proxy-server 20" 0.0149 "-" 24 0
Jun 11 14:12:43 standalone proxy-server[129811]: 172.18.0.2 172.18.0.100 11/Jun/2026/14/12/43 PUT /v1/AUTH_0e20f6338368451eb70c530ef9d9943c/gnocchi.2afe5ba8-d563-4eea-b95f-8c7ce50fc20f/none_v3 HTTP/1.0 201 - python-swiftclient-3.11.1 gAAAAABqKsIXQn8w... 22 - - tx9cae04b5a34543aca8a06-006a2ac25b - 0.0231 - - 1781187163.751553774 1781187163.774689436 0
Jun 11 14:12:43 standalone container-server[127751]: 172.20.0.100 - - [11/Jun/2026:14:12:43 +0000] "HEAD /d1/260/AUTH_0e20f6338368451eb70c530ef9d9943c/gnocchi.a7532435-0df4-4760-b5f2-3820e29f374d" 404 - "HEAD http://172.18.0.2:8080/v1/AUTH_0e20f6338368451eb70c530ef9d9943c/gnocchi.a7532435-0df4-4760-b5f2-3820e29f374d?format=json&states=listing" "tx68d3ff97685a48b0907af-006a2ac25b" "proxy-server 20" 0.0005 "-" 23 0
Jun 11 14:12:43 standalone object-server[127876]: 172.20.0.100 - - [11/Jun/2026:14:12:43 +0000] "GET /d1/730/AUTH_0e20f6338368451eb70c530ef9d9943c/gnocchi.a7532435-0df4-4760-b5f2-3820e29f374d/none_v3" 404 70 "GET http://172.18.0.2:8080/v1/AUTH_0e20f6338368451eb70c530ef9d9943c/gnocchi.a7532435-0df4-4760-b5f2-3820e29f374d/none_v3" "tx68d3ff97685a48b0907af-006a2ac25b" "proxy-server 20" 0.0005 "-" 21 0
Jun 11 14:12:43 standalone proxy-server[129811]: 172.18.0.2 172.18.0.100 11/Jun/2026/14/12/43 GET /v1/AUTH_0e20f6338368451eb70c530ef9d9943c/gnocchi.a7532435-0df4-4760-b5f2-3820e29f374d/none_v3 HTTP/1.0 404 - python-swiftclient-3.11.1 gAAAAABqKsIXQn8w... - 70 - tx68d3ff97685a48b0907af-006a2ac25b - 0.0122 - - 1781187163.861560583 1781187163.873788595 0
Jun 11 14:12:43 standalone account-server[127797]: 172.20.0.100 - - [11/Jun/2026:14:12:43 +0000] "PUT /d1/493/AUTH_0e20f6338368451eb70c530ef9d9943c/gnocchi.a7532435-0df4-4760-b5f2-3820e29f374d" 201 - "PUT http://172.20.0.100:6001/d1/260/AUTH_0e20f6338368451eb70c530ef9d9943c/gnocchi.a7532435-0df4-4760-b5f2-3820e29f374d" "tx4d3816cc67ea485bac4b7-006a2ac25b" "container-server 22" 0.0077 "-" 23 0
Jun 11 14:12:43 standalone container-server[127743]: 172.20.0.100 - - [11/Jun/2026:14:12:43 +0000] "PUT /d1/260/AUTH_0e20f6338368451eb70c530ef9d9943c/gnocchi.a7532435-0df4-4760-b5f2-3820e29f374d" 201 - "PUT http://172.18.0.2:8080/v1/AUTH_0e20f6338368451eb70c530ef9d9943c/gnocchi.a7532435-0df4-4760-b5f2-3820e29f374d" "tx4d3816cc67ea485bac4b7-006a2ac25b" "proxy-server 20" 0.0186 "-" 22 0
Jun 11 14:12:43 standalone proxy-server[129811]: 172.18.0.2 172.18.0.100 11/Jun/2026/14/12/43 PUT /v1/AUTH_0e20f6338368451eb70c530ef9d9943c/gnocchi.a7532435-0df4-4760-b5f2-3820e29f374d HTTP/1.0 201 - python-swiftclient-3.11.1 gAAAAABqKsIXQn8w... - - - tx4d3816cc67ea485bac4b7-006a2ac25b - 0.0235 - - 1781187163.876133204 1781187163.899588823 0
Jun 11 14:12:43 standalone container-server[127751]: 172.20.0.100 - - [11/Jun/2026:14:12:43 +0000] "HEAD /d1/260/AUTH_0e20f6338368451eb70c530ef9d9943c/gnocchi.a7532435-0df4-4760-b5f2-3820e29f374d" 204 - "HEAD http://172.18.0.2:8080/v1/AUTH_0e20f6338368451eb70c530ef9d9943c/gnocchi.a7532435-0df4-4760-b5f2-3820e29f374d?format=json&states=listing" "txebb87526bbc040179ff7e-006a2ac25b" "proxy-server 20" 0.0021 "-" 23 0
Jun 11 14:12:43 standalone proxy-server[129811]: - - 11/Jun/2026/14/12/43 HEAD /v1/AUTH_0e20f6338368451eb70c530ef9d9943c/gnocchi.a7532435-0df4-4760-b5f2-3820e29f374d%3Fformat%3Djson%26states%3Dlisting HTTP/1.0 204 - Swift - - - - txebb87526bbc040179ff7e-006a2ac25b - 0.0062 RL - 1781187163.907833338 1781187163.914029121 0
Jun 11 14:12:43 standalone container-server[127751]: 172.20.0.100 - - [11/Jun/2026:14:12:43 +0000] "GET /d1/260/AUTH_0e20f6338368451eb70c530ef9d9943c/gnocchi.a7532435-0df4-4760-b5f2-3820e29f374d" 200 2 "GET http://172.18.0.2:8080/v1/AUTH_0e20f6338368451eb70c530ef9d9943c/gnocchi.a7532435-0df4-4760-b5f2-3820e29f374d?format=json&states=listing" "txebb87526bbc040179ff7e-006a2ac25b" "proxy-server 20" 0.0032 "-" 23 0
Jun 11 14:12:43 standalone proxy-server[129811]: 172.18.0.2 172.18.0.100 11/Jun/2026/14/12/43 GET /v1/AUTH_0e20f6338368451eb70c530ef9d9943c/gnocchi.a7532435-0df4-4760-b5f2-3820e29f374d%3Fformat%3Djson%26states%3Dlisting HTTP/1.0 200 - python-swiftclient-3.11.1 gAAAAABqKsIXQn8w... - 2 - txebb87526bbc040179ff7e-006a2ac25b - 0.0182 - - 1781187163.906611919 1781187163.924792528 0
Jun 11 14:12:43 standalone object-server[127878]: 172.20.0.100 - - [11/Jun/2026:14:12:43 +0000] "GET /d1/126/AUTH_0e20f6338368451eb70c530ef9d9943c/gnocchi.a7532435-0df4-4760-b5f2-3820e29f374d/1780920000.0_mean_300.0_v3" 404 70 "GET http://172.18.0.2:8080/v1/AUTH_0e20f6338368451eb70c530ef9d9943c/gnocchi.a7532435-0df4-4760-b5f2-3820e29f374d/1780920000.0_mean_300.0_v3" "tx51a3a70389a549bbbb513-006a2ac25b" "proxy-server 20" 0.0005 "-" 23 0
Jun 11 14:12:43 standalone proxy-server[129811]: 172.18.0.2 172.18.0.100 11/Jun/2026/14/12/43 GET /v1/AUTH_0e20f6338368451eb70c530ef9d9943c/gnocchi.a7532435-0df4-4760-b5f2-3820e29f374d/1780920000.0_mean_300.0_v3 HTTP/1.0 404 - python-swiftclient-3.11.1 gAAAAABqKsIXQn8w... - 70 - tx51a3a70389a549bbbb513-006a2ac25b - 0.0064 - - 1781187163.928271055 1781187163.934683561 0
