Jun 11 14:13:29 standalone object-server[127878]: 172.20.0.100 - - [11/Jun/2026:14:13:29 +0000] "GET /d1/445/AUTH_0e20f6338368451eb70c530ef9d9943c/gnocchi.8e8f6d3f-2b88-4b10-b12d-9fb5fd22a7b9/1780920000.0_mean_300.0_v3" 200 16 "GET http://172.18.0.2:8080/v1/AUTH_0e20f6338368451eb70c530ef9d9943c/gnocchi.8e8f6d3f-2b88-4b10-b12d-9fb5fd22a7b9/1780920000.0_mean_300.0_v3" "tx4cfefad3bbb9471bbe62c-006a2ac289" "proxy-server 20" 0.0008 "-" 23 0
Jun 11 14:13:29 standalone proxy-server[129811]: 172.18.0.2 172.18.0.100 11/Jun/2026/14/13/29 GET /v1/AUTH_0e20f6338368451eb70c530ef9d9943c/gnocchi.8e8f6d3f-2b88-4b10-b12d-9fb5fd22a7b9/1780920000.0_mean_300.0_v3 HTTP/1.0 200 - python-swiftclient-3.11.1 gAAAAABqKsIXQn8w... - 16 - tx4cfefad3bbb9471bbe62c-006a2ac289 - 0.0080 - - 1781187209.617499113 1781187209.625544786 0
Jun 11 14:13:29 standalone container-server[127740]: 172.20.0.100 - - [11/Jun/2026:14:13:29 +0000] "PUT /d1/839/AUTH_0e20f6338368451eb70c530ef9d9943c/gnocchi.8e8f6d3f-2b88-4b10-b12d-9fb5fd22a7b9/1780920000.0_mean_300.0_v3" 201 - "PUT http://172.18.0.2:8080/d1/445/AUTH_0e20f6338368451eb70c530ef9d9943c/gnocchi.8e8f6d3f-2b88-4b10-b12d-9fb5fd22a7b9/1780920000.0_mean_300.0_v3" "tx75e19ac52e91477c95fc5-006a2ac289" "object-server 21" 0.0007 "-" 21 0
Jun 11 14:13:29 standalone object-server[127876]: 172.20.0.100 - - [11/Jun/2026:14:13:29 +0000] "PUT /d1/445/AUTH_0e20f6338368451eb70c530ef9d9943c/gnocchi.8e8f6d3f-2b88-4b10-b12d-9fb5fd22a7b9/1780920000.0_mean_300.0_v3" 201 - "PUT http://172.18.0.2:8080/v1/AUTH_0e20f6338368451eb70c530ef9d9943c/gnocchi.8e8f6d3f-2b88-4b10-b12d-9fb5fd22a7b9/1780920000.0_mean_300.0_v3" "tx75e19ac52e91477c95fc5-006a2ac289" "proxy-server 20" 0.0123 "-" 21 0
Jun 11 14:13:29 standalone proxy-server[129811]: 172.18.0.2 172.18.0.100 11/Jun/2026/14/13/29 PUT /v1/AUTH_0e20f6338368451eb70c530ef9d9943c/gnocchi.8e8f6d3f-2b88-4b10-b12d-9fb5fd22a7b9/1780920000.0_mean_300.0_v3 HTTP/1.0 201 - python-swiftclient-3.11.1 gAAAAABqKsIXQn8w... 16 - - tx75e19ac52e91477c95fc5-006a2ac289 - 0.0185 - - 1781187209.629697084 1781187209.648175716 0
Jun 11 14:13:29 standalone container-server[127743]: 172.20.0.100 - - [11/Jun/2026:14:13:29 +0000] "PUT /d1/839/AUTH_0e20f6338368451eb70c530ef9d9943c/gnocchi.8e8f6d3f-2b88-4b10-b12d-9fb5fd22a7b9/none_v3" 201 - "PUT http://172.18.0.2:8080/d1/427/AUTH_0e20f6338368451eb70c530ef9d9943c/gnocchi.8e8f6d3f-2b88-4b10-b12d-9fb5fd22a7b9/none_v3" "txae4a2d265fa748a18c81a-006a2ac289" "object-server 24" 0.0005 "-" 22 0
Jun 11 14:13:29 standalone object-server[127883]: 172.20.0.100 - - [11/Jun/2026:14:13:29 +0000] "PUT /d1/427/AUTH_0e20f6338368451eb70c530ef9d9943c/gnocchi.8e8f6d3f-2b88-4b10-b12d-9fb5fd22a7b9/none_v3" 201 - "PUT http://172.18.0.2:8080/v1/AUTH_0e20f6338368451eb70c530ef9d9943c/gnocchi.8e8f6d3f-2b88-4b10-b12d-9fb5fd22a7b9/none_v3" "txae4a2d265fa748a18c81a-006a2ac289" "proxy-server 20" 0.0090 "-" 24 0
Jun 11 14:13:29 standalone proxy-server[129811]: 172.18.0.2 172.18.0.100 11/Jun/2026/14/13/29 PUT /v1/AUTH_0e20f6338368451eb70c530ef9d9943c/gnocchi.8e8f6d3f-2b88-4b10-b12d-9fb5fd22a7b9/none_v3 HTTP/1.0 201 - python-swiftclient-3.11.1 gAAAAABqKsIXQn8w... 31 - - txae4a2d265fa748a18c81a-006a2ac289 - 0.0146 - - 1781187209.651020050 1781187209.665609837 0
Jun 11 14:13:38 standalone object-server[127878]: 172.20.0.100 - - [11/Jun/2026:14:13:38 +0000] "GET /d1/154/AUTH_0e20f6338368451eb70c530ef9d9943c/gnocchi.fa6bb486-63a0-4964-ba11-39f298900e6a/none_v3" 200 31 "GET http://172.18.0.2:8080/v1/AUTH_0e20f6338368451eb70c530ef9d9943c/gnocchi.fa6bb486-63a0-4964-ba11-39f298900e6a/none_v3" "tx8584ae16d40545a48f35c-006a2ac292" "proxy-server 20" 0.0010 "-" 23 0
Jun 11 14:13:38 standalone proxy-server[129811]: 172.18.0.2 172.18.0.100 11/Jun/2026/14/13/38 GET /v1/AUTH_0e20f6338368451eb70c530ef9d9943c/gnocchi.fa6bb486-63a0-4964-ba11-39f298900e6a/none_v3 HTTP/1.0 200 - python-swiftclient-3.11.1 gAAAAABqKsIXQn8w... - 31 - tx8584ae16d40545a48f35c-006a2ac292 - 0.0107 - - 1781187218.356331587 1781187218.366982460 0
Jun 11 14:13:38 standalone container-server[127743]: 172.20.0.100 - - [11/Jun/2026:14:13:38 +0000] "GET /d1/304/AUTH_0e20f6338368451eb70c530ef9d9943c/gnocchi.fa6bb486-63a0-4964-ba11-39f298900e6a" 200 357 "GET http://172.18.0.2:8080/v1/AUTH_0e20f6338368451eb70c530ef9d9943c/gnocchi.fa6bb486-63a0-4964-ba11-39f298900e6a?format=json&states=listing" "tx771724f25a044a1c85465-006a2ac292" "proxy-server 20" 0.0096 "-" 22 0
Jun 11 14:13:38 standalone proxy-server[129811]: 172.18.0.2 172.18.0.100 11/Jun/2026/14/13/38 GET /v1/AUTH_0e20f6338368451eb70c530ef9d9943c/gnocchi.fa6bb486-63a0-4964-ba11-39f298900e6a%3Fformat%3Djson%26states%3Dlisting HTTP/1.0 200 - python-swiftclient-3.11.1 gAAAAABqKsIXQn8w... - 357 - tx771724f25a044a1c85465-006a2ac292 - 0.0161 - - 1781187218.371545315 1781187218.387692451 0
Jun 11 14:13:38 standalone container-server[127751]: 172.20.0.100 - - [11/Jun/2026:14:13:38 +0000] "GET /d1/304/AUTH_0e20f6338368451eb70c530ef9d9943c/gnocchi.fa6bb486-63a0-4964-ba11-39f298900e6a" 200 2 "GET http://172.18.0.2:8080/v1/AUTH_0e20f6338368451eb70c530ef9d9943c/gnocchi.fa6bb486-63a0-4964-ba11-39f298900e6a?format=json&marker=none_v3&states=listing" "tx53f0078a9f73451381a2f-006a2ac292" "proxy-server 20" 0.0025 "-" 23 0
Jun 11 14:13:38 standalone proxy-server[129811]: 172.18.0.2 172.18.0.100 11/Jun/2026/14/13/38 GET /v1/AUTH_0e20f6338368451eb70c530ef9d9943c/gnocchi.fa6bb486-63a0-4964-ba11-39f298900e6a%3Fformat%3Djson%26marker%3Dnone_v3%26states%3Dlisting HTTP/1.0 200 - python-swiftclient-3.11.1 gAAAAABqKsIXQn8w... - 2 - tx53f0078a9f73451381a2f-006a2ac292 - 0.0158 - - 1781187218.391670465 1781187218.407435179 0
Jun 11 14:13:38 standalone object-server[127883]: 172.20.0.100 - - [11/Jun/2026:14:13:38 +0000] "GET /d1/365/AUTH_0e20f6338368451eb70c530ef9d9943c/gnocchi.fa6bb486-63a0-4964-ba11-39f298900e6a/1780920000.0_mean_300.0_v3" 200 16 "GET http://172.18.0.2:8080/v1/AUTH_0e20f6338368451eb70c530ef9d9943c/gnocchi.fa6bb486-63a0-4964-ba11-39f298900e6a/1780920000.0_mean_300.0_v3" "tx843d38e029974e5d9dae9-006a2ac292" "proxy-server 20" 0.0007 "-" 24 0
Jun 11 14:13:38 standalone proxy-server[129811]: 172.18.0.2 172.18.0.100 11/Jun/2026/14/13/38 GET /v1/AUTH_0e20f6338368451eb70c530ef9d9943c/gnocchi.fa6bb486-63a0-4964-ba11-39f298900e6a/1780920000.0_mean_300.0_v3 HTTP/1.0 200 - python-swiftclient-3.11.1 gAAAAABqKsIXQn8w... - 16 - tx843d38e029974e5d9dae9-006a2ac292 - 0.0051 - - 1781187218.412032604 1781187218.417147398 0
Jun 11 14:13:38 standalone container-server[127751]: 172.20.0.100 - - [11/Jun/2026:14:13:38 +0000] "PUT /d1/304/AUTH_0e20f6338368451eb70c530ef9d9943c/gnocchi.fa6bb486-63a0-4964-ba11-39f298900e6a/1780920000.0_mean_300.0_v3" 201 - "PUT http://172.18.0.2:8080/d1/365/AUTH_0e20f6338368451eb70c530ef9d9943c/gnocchi.fa6bb486-63a0-4964-ba11-39f298900e6a/1780920000.0_mean_300.0_v3" "txdf869c2690214cb994137-006a2ac292" "object-server 24" 0.0010 "-" 23 0
Jun 11 14:13:38 standalone object-server[127883]: 172.20.0.100 - - [11/Jun/2026:14:13:38 +0000] "PUT /d1/365/AUTH_0e20f6338368451eb70c530ef9d9943c/gnocchi.fa6bb486-63a0-4964-ba11-39f298900e6a/1780920000.0_mean_300.0_v3" 201 - "PUT http://172.18.0.2:8080/v1/AUTH_0e20f6338368451eb70c530ef9d9943c/gnocchi.fa6bb486-63a0-4964-ba11-39f298900e6a/1780920000.0_mean_300.0_v3" "txdf869c2690214cb994137-006a2ac292" "proxy-server 20" 0.0120 "-" 24 0
Jun 11 14:13:38 standalone proxy-server[129811]: 172.18.0.2 172.18.0.100 11/Jun/2026/14/13/38 PUT /v1/AUTH_0e20f6338368451eb70c530ef9d9943c/gnocchi.fa6bb486-63a0-4964-ba11-39f298900e6a/1780920000.0_mean_300.0_v3 HTTP/1.0 201 - python-swiftclient-3.11.1 gAAAAABqKsIXQn8w... 16 - - txdf869c2690214cb994137-006a2ac292 - 0.0160 - - 1781187218.421086788 1781187218.437084436 0
Jun 11 14:13:38 standalone container-server[127740]: 172.20.0.100 - - [11/Jun/2026:14:13:38 +0000] "PUT /d1/304/AUTH_0e20f6338368451eb70c530ef9d9943c/gnocchi.fa6bb486-63a0-4964-ba11-39f298900e6a/none_v3" 201 - "PUT http://172.18.0.2:8080/d1/154/AUTH_0e20f6338368451eb70c530ef9d9943c/gnocchi.fa6bb486-63a0-4964-ba11-39f298900e6a/none_v3" "tx10d8b671546a4224a4906-006a2ac292" "object-server 24" 0.0004 "-" 21 0
Jun 11 14:13:38 standalone object-server[127883]: 172.20.0.100 - - [11/Jun/2026:14:13:38 +0000] "PUT /d1/154/AUTH_0e20f6338368451eb70c530ef9d9943c/gnocchi.fa6bb486-63a0-4964-ba11-39f298900e6a/none_v3" 201 - "PUT http://172.18.0.2:8080/v1/AUTH_0e20f6338368451eb70c530ef9d9943c/gnocchi.fa6bb486-63a0-4964-ba11-39f298900e6a/none_v3" "tx10d8b671546a4224a4906-006a2ac292" "proxy-server 20" 0.0168 "-" 24 0
Jun 11 14:13:38 standalone proxy-server[129811]: 172.18.0.2 172.18.0.100 11/Jun/2026/14/13/38 PUT /v1/AUTH_0e20f6338368451eb70c530ef9d9943c/gnocchi.fa6bb486-63a0-4964-ba11-39f298900e6a/none_v3 HTTP/1.0 201 - python-swiftclient-3.11.1 gAAAAABqKsIXQn8w... 46 - - tx10d8b671546a4224a4906-006a2ac292 - 0.0235 - - 1781187218.442183256 1781187218.465721369 0
Jun 11 14:13:39 standalone object-server[127883]: 172.20.0.100 - - [11/Jun/2026:14:13:39 +0000] "GET /d1/154/AUTH_0e20f6338368451eb70c530ef9d9943c/gnocchi.fa6bb486-63a0-4964-ba11-39f298900e6a/none_v3" 200 46 "GET http://172.18.0.2:8080/v1/AUTH_0e20f6338368451eb70c530ef9d9943c/gnocchi.fa6bb486-63a0-4964-ba11-39f298900e6a/none_v3" "txf7a0754c4b364b679c62e-006a2ac293" "proxy-server 20" 0.0007 "-" 24 0
Jun 11 14:13:39 standalone proxy-server[129811]: 172.18.0.2 172.18.0.100 11/Jun/2026/14/13/39 GET /v1/AUTH_0e20f6338368451eb70c530ef9d9943c/gnocchi.fa6bb486-63a0-4964-ba11-39f298900e6a/none_v3 HTTP/1.0 200 - python-swiftclient-3.11.1 gAAAAABqKsIXQn8w... - 46 - txf7a0754c4b364b679c62e-006a2ac293 - 0.0079 - - 1781187219.230558634 1781187219.238492012 0
Jun 11 14:13:39 standalone container-server[127743]: 172.20.0.100 - - [11/Jun/2026:14:13:39 +0000] "GET /d1/304/AUTH_0e20f6338368451eb70c530ef9d9943c/gnocchi.fa6bb486-63a0-4964-ba11-39f298900e6a" 200 357 "GET http://172.18.0.2:8080/v1/AUTH_0e20f6338368451eb70c530ef9d9943c/gnocchi.fa6bb486-63a0-4964-ba11-39f298900e6a?format=json&states=listing" "txcb698e8171f3487b8f0e8-006a2ac293" "proxy-server 20" 0.0120 "-" 22 0
Jun 11 14:13:39 standalone proxy-server[129811]: 172.18.0.2 172.18.0.100 11/Jun/2026/14/13/39 GET /v1/AUTH_0e20f6338368451eb70c530ef9d9943c/gnocchi.fa6bb486-63a0-4964-ba11-39f298900e6a%3Fformat%3Djson%26states%3Dlisting HTTP/1.0 200 - python-swiftclient-3.11.1 gAAAAABqKsIXQn8w... - 357 - txcb698e8171f3487b8f0e8-006a2ac293 - 0.0203 - - 1781187219.243920803 1781187219.264221668 0
Jun 11 14:13:39 standalone container-server[127751]: 172.20.0.100 - - [11/Jun/2026:14:13:39 +0000] "GET /d1/304/AUTH_0e20f6338368451eb70c530ef9d9943c/gnocchi.fa6bb486-63a0-4964-ba11-39f298900e6a" 200 2 "GET http://172.18.0.2:8080/v1/AUTH_0e20f6338368451eb70c530ef9d9943c/gnocchi.fa6bb486-63a0-4964-ba11-39f298900e6a?format=json&marker=none_v3&states=listing" "tx15d7dc15a52c4a7c93ec8-006a2ac293" "proxy-server 20" 0.0038 "-" 23 0
Jun 11 14:13:39 standalone proxy-server[129811]: 172.18.0.2 172.18.0.100 11/Jun/2026/14/13/39 GET /v1/AUTH_0e20f6338368451eb70c530ef9d9943c/gnocchi.fa6bb486-63a0-4964-ba11-39f298900e6a%3Fformat%3Djson%26marker%3Dnone_v3%26states%3Dlisting HTTP/1.0 200 - python-swiftclient-3.11.1 gAAAAABqKsIXQn8w... - 2 - tx15d7dc15a52c4a7c93ec8-006a2ac293 - 0.0125 - - 1781187219.268186808 1781187219.280646563 0
Jun 11 14:13:39 standalone object-server[127878]: 172.20.0.100 - - [11/Jun/2026:14:13:39 +0000] "GET /d1/365/AUTH_0e20f6338368451eb70c530ef9d9943c/gnocchi.fa6bb486-63a0-4964-ba11-39f298900e6a/1780920000.0_mean_300.0_v3" 200 16 "GET http://172.18.0.2:8080/v1/AUTH_0e20f6338368451eb70c530ef9d9943c/gnocchi.fa6bb486-63a0-4964-ba11-39f298900e6a/1780920000.0_mean_300.0_v3" "txcc8118eb8db84ab18d892-006a2ac293" "proxy-server 20" 0.0005 "-" 23 0
Jun 11 14:13:39 standalone proxy-server[129811]: 172.18.0.2 172.18.0.100 11/Jun/2026/14/13/39 GET /v1/AUTH_0e20f6338368451eb70c530ef9d9943c/gnocchi.fa6bb486-63a0-4964-ba11-39f298900e6a/1780920000.0_mean_300.0_v3 HTTP/1.0 200 - python-swiftclient-3.11.1 gAAAAABqKsIXQn8w... - 16 - txcc8118eb8db84ab18d892-006a2ac293 - 0.0071 - - 1781187219.285754442 1781187219.292804956 0
Jun 11 14:13:39 standalone container-server[127739]: 172.20.0.100 - - [11/Jun/2026:14:13:39 +0000] "PUT /d1/304/AUTH_0e20f6338368451eb70c530ef9d9943c/gnocchi.fa6bb486-63a0-4964-ba11-39f298900e6a/1780920000.0_mean_300.0_v3" 201 - "PUT http://172.18.0.2:8080/d1/365/AUTH_0e20f6338368451eb70c530ef9d9943c/gnocchi.fa6bb486-63a0-4964-ba11-39f298900e6a/1780920000.0_mean_300.0_v3" "txb3fb7b342fb04b1a9af0d-006a2ac293" "object-server 21" 0.0008 "-" 20 0
Jun 11 14:13:39 standalone object-server[127876]: 172.20.0.100 - - [11/Jun/2026:14:13:39 +0000] "PUT /d1/365/AUTH_0e20f6338368451eb70c530ef9d9943c/gnocchi.fa6bb486-63a0-4964-ba11-39f298900e6a/1780920000.0_mean_300.0_v3" 201 - "PUT http://172.18.0.2:8080/v1/AUTH_0e20f6338368451eb70c530ef9d9943c/gnocchi.fa6bb486-63a0-4964-ba11-39f298900e6a/1780920000.0_mean_300.0_v3" "txb3fb7b342fb04b1a9af0d-006a2ac293" "proxy-server 20" 0.0103 "-" 21 0
Jun 11 14:13:39 standalone proxy-server[129811]: 172.18.0.2 172.18.0.100 11/Jun/2026/14/13/39 PUT /v1/AUTH_0e20f6338368451eb70c530ef9d9943c/gnocchi.fa6bb486-63a0-4964-ba11-39f298900e6a/1780920000.0_mean_300.0_v3 HTTP/1.0 201 - python-swiftclient-3.11.1 gAAAAABqKsIXQn8w... 16 - - txb3fb7b342fb04b1a9af0d-006a2ac293 - 0.0175 - - 1781187219.297013283 1781187219.314530134 0
Jun 11 14:13:39 standalone container-server[127739]: 172.20.0.100 - - [11/Jun/2026:14:13:39 +0000] "PUT /d1/304/AUTH_0e20f6338368451eb70c530ef9d9943c/gnocchi.fa6bb486-63a0-4964-ba11-39f298900e6a/none_v3" 201 - "PUT http://172.18.0.2:8080/d1/154/AUTH_0e20f6338368451eb70c530ef9d9943c/gnocchi.fa6bb486-63a0-4964-ba11-39f298900e6a/none_v3" "tx6b0443d37ff2470583fc1-006a2ac293" "object-server 22" 0.0007 "-" 20 0
Jun 11 14:13:39 standalone object-server[127877]: 172.20.0.100 - - [11/Jun/2026:14:13:39 +0000] "PUT /d1/154/AUTH_0e20f6338368451eb70c530ef9d9943c/gnocchi.fa6bb486-63a0-4964-ba11-39f298900e6a/none_v3" 201 - "PUT http://172.18.0.2:8080/v1/AUTH_0e20f6338368451eb70c530ef9d9943c/gnocchi.fa6bb486-63a0-4964-ba11-39f298900e6a/none_v3" "tx6b0443d37ff2470583fc1-006a2ac293" "proxy-server 20" 0.0089 "-" 22 0
Jun 11 14:13:39 standalone proxy-server[129811]: 172.18.0.2 172.18.0.100 11/Jun/2026/14/13/39 PUT /v1/AUTH_0e20f6338368451eb70c530ef9d9943c/gnocchi.fa6bb486-63a0-4964-ba11-39f298900e6a/none_v3 HTTP/1.0 201 - python-swiftclient-3.11.1 gAAAAABqKsIXQn8w... 51 - - tx6b0443d37ff2470583fc1-006a2ac293 - 0.0189 - - 1781187219.318925142 1781187219.337833405 0
Jun 11 14:13:39 standalone object-server[127878]: 172.20.0.100 - - [11/Jun/2026:14:13:39 +0000] "GET /d1/369/AUTH_0e20f6338368451eb70c530ef9d9943c/gnocchi.8756b490-b6af-4ed1-86c5-305b50cb1172/none_v3" 200 22 "GET http://172.18.0.2:8080/v1/AUTH_0e20f6338368451eb70c530ef9d9943c/gnocchi.8756b490-b6af-4ed1-86c5-305b50cb1172/none_v3" "txddb7aa231d7946d7b2e1c-006a2ac293" "proxy-server 20" 0.0004 "-" 23 0
Jun 11 14:13:39 standalone proxy-server[129811]: 172.18.0.2 172.18.0.100 11/Jun/2026/14/13/39 GET /v1/AUTH_0e20f6338368451eb70c530ef9d9943c/gnocchi.8756b490-b6af-4ed1-86c5-305b50cb1172/none_v3 HTTP/1.0 200 - python-swiftclient-3.11.1 gAAAAABqKsIXQn8w... - 22 - txddb7aa231d7946d7b2e1c-006a2ac293 - 0.0070 - - 1781187219.351621151 1781187219.358656406 0
Jun 11 14:13:39 standalone object-server[127877]: 172.20.0.100 - - [11/Jun/2026:14:13:39 +0000] "GET /d1/905/AUTH_0e20f6338368451eb70c530ef9d9943c/gnocchi.c32cbadc-ea9c-439c-8d35-b2fd7c951af2/none_v3" 200 22 "GET http://172.18.0.2:8080/v1/AUTH_0e20f6338368451eb70c530ef9d9943c/gnocchi.c32cbadc-ea9c-439c-8d35-b2fd7c951af2/none_v3" "txb40ad2b39a494c70bc0ae-006a2ac293" "proxy-server 20" 0.0005 "-" 22 0
Jun 11 14:13:39 standalone proxy-server[129811]: 172.18.0.2 172.18.0.100 11/Jun/2026/14/13/39 GET /v1/AUTH_0e20f6338368451eb70c530ef9d9943c/gnocchi.c32cbadc-ea9c-439c-8d35-b2fd7c951af2/none_v3 HTTP/1.0 200 - python-swiftclient-3.11.1 gAAAAABqKsIXQn8w... - 22 - txb40ad2b39a494c70bc0ae-006a2ac293 - 0.0069 - - 1781187219.362752914 1781187219.369618177 0
Jun 11 14:13:39 standalone container-server[127740]: 172.20.0.100 - - [11/Jun/2026:14:13:39 +0000] "GET /d1/929/AUTH_0e20f6338368451eb70c530ef9d9943c/gnocchi.8756b490-b6af-4ed1-86c5-305b50cb1172" 200 357 "GET http://172.18.0.2:8080/v1/AUTH_0e20f6338368451eb70c530ef9d9943c/gnocchi.8756b490-b6af-4ed1-86c5-305b50cb1172?format=json&states=listing" "tx1f08f5c43178487086342-006a2ac293" "proxy-server 20" 0.0095 "-" 21 0
Jun 11 14:13:39 standalone proxy-server[129811]: 172.18.0.2 172.18.0.100 11/Jun/2026/14/13/39 GET /v1/AUTH_0e20f6338368451eb70c530ef9d9943c/gnocchi.8756b490-b6af-4ed1-86c5-305b50cb1172%3Fformat%3Djson%26states%3Dlisting HTTP/1.0 200 - python-swiftclient-3.11.1 gAAAAABqKsIXQn8w... - 357 - tx1f08f5c43178487086342-006a2ac293 - 0.0174 - - 1781187219.374084234 1781187219.391458273 0
Jun 11 14:13:39 standalone container-server[127751]: 172.20.0.100 - - [11/Jun/2026:14:13:39 +0000] "GET /d1/929/AUTH_0e20f6338368451eb70c530ef9d9943c/gnocchi.8756b490-b6af-4ed1-86c5-305b50cb1172" 200 2 "GET http://172.18.0.2:8080/v1/AUTH_0e20f6338368451eb70c530ef9d9943c/gnocchi.8756b490-b6af-4ed1-86c5-305b50cb1172?format=json&marker=none_v3&states=listing" "tx4416ce00b5f745a4b508d-006a2ac293" "proxy-server 20" 0.0035 "-" 23 0
Jun 11 14:13:39 standalone proxy-server[129811]: 172.18.0.2 172.18.0.100 11/Jun/2026/14/13/39 GET /v1/AUTH_0e20f6338368451eb70c530ef9d9943c/gnocchi.8756b490-b6af-4ed1-86c5-305b50cb1172%3Fformat%3Djson%26marker%3Dnone_v3%26states%3Dlisting HTTP/1.0 200 - python-swiftclient-3.11.1 gAAAAABqKsIXQn8w... - 2 - tx4416ce00b5f745a4b508d-006a2ac293 - 0.0113 - - 1781187219.395212173 1781187219.406499386 0
Jun 11 14:13:39 standalone container-server[127739]: 172.20.0.100 - - [11/Jun/2026:14:13:39 +0000] "GET /d1/821/AUTH_0e20f6338368451eb70c530ef9d9943c/gnocchi.c32cbadc-ea9c-439c-8d35-b2fd7c951af2" 200 357 "GET http://172.18.0.2:8080/v1/AUTH_0e20f6338368451eb70c530ef9d9943c/gnocchi.c32cbadc-ea9c-439c-8d35-b2fd7c951af2?format=json&states=listing" "tx902c0d7757724544a7312-006a2ac293" "proxy-server 20" 0.0146 "-" 20 0
Jun 11 14:13:39 standalone proxy-server[129811]: 172.18.0.2 172.18.0.100 11/Jun/2026/14/13/39 GET /v1/AUTH_0e20f6338368451eb70c530ef9d9943c/gnocchi.c32cbadc-ea9c-439c-8d35-b2fd7c951af2%3Fformat%3Djson%26states%3Dlisting HTTP/1.0 200 - python-swiftclient-3.11.1 gAAAAABqKsIXQn8w... - 357 - tx902c0d7757724544a7312-006a2ac293 - 0.0231 - - 1781187219.413774014 1781187219.436852455 0
Jun 11 14:13:39 standalone container-server[127743]: 172.20.0.100 - - [11/Jun/2026:14:13:39 +0000] "GET /d1/821/AUTH_0e20f6338368451eb70c530ef9d9943c/gnocchi.c32cbadc-ea9c-439c-8d35-b2fd7c951af2" 200 2 "GET http://172.18.0.2:8080/v1/AUTH_0e20f6338368451eb70c530ef9d9943c/gnocchi.c32cbadc-ea9c-439c-8d35-b2fd7c951af2?format=json&marker=none_v3&states=listing" "txe80d2d6b73aa407693232-006a2ac293" "proxy-server 20" 0.0045 "-" 22 0
Jun 11 14:13:39 standalone proxy-server[129811]: 172.18.0.2 172.18.0.100 11/Jun/2026/14/13/39 GET /v1/AUTH_0e20f6338368451eb70c530ef9d9943c/gnocchi.c32cbadc-ea9c-439c-8d35-b2fd7c951af2%3Fformat%3Djson%26marker%3Dnone_v3%26states%3Dlisting HTTP/1.0 200 - python-swiftclient-3.11.1 gAAAAABqKsIXQn8w... - 2 - txe80d2d6b73aa407693232-006a2ac293 - 0.0175 - - 1781187219.440790176 1781187219.458307266 0
Jun 11 14:13:39 standalone object-server[127877]: 172.20.0.100 - - [11/Jun/2026:14:13:39 +0000] "GET /d1/301/AUTH_0e20f6338368451eb70c530ef9d9943c/gnocchi.8756b490-b6af-4ed1-86c5-305b50cb1172/1780920000.0_mean_300.0_v3" 200 16 "GET http://172.18.0.2:8080/v1/AUTH_0e20f6338368451eb70c530ef9d9943c/gnocchi.8756b490-b6af-4ed1-86c5-305b50cb1172/1780920000.0_mean_300.0_v3" "tx37cfa282a1fb4f16a8236-006a2ac293" "proxy-server 20" 0.0011 "-" 22 0
Jun 11 14:13:39 standalone proxy-server[129811]: 172.18.0.2 172.18.0.100 11/Jun/2026/14/13/39 GET /v1/AUTH_0e20f6338368451eb70c530ef9d9943c/gnocchi.8756b490-b6af-4ed1-86c5-305b50cb1172/1780920000.0_mean_300.0_v3 HTTP/1.0 200 - python-swiftclient-3.11.1 gAAAAABqKsIXQn8w... - 16 - tx37cfa282a1fb4f16a8236-006a2ac293 - 0.0058 - - 1781187219.462584257 1781187219.468424797 0
Jun 11 14:13:39 standalone object-server[127878]: 172.20.0.100 - - [11/Jun/2026:14:13:39 +0000] "GET /d1/770/AUTH_0e20f6338368451eb70c530ef9d9943c/gnocchi.c32cbadc-ea9c-439c-8d35-b2fd7c951af2/1780920000.0_mean_300.0_v3" 200 16 "GET http://172.18.0.2:8080/v1/AUTH_0e20f6338368451eb70c530ef9d9943c/gnocchi.c32cbadc-ea9c-439c-8d35-b2fd7c951af2/1780920000.0_mean_300.0_v3" "tx0f0436a64c7f425f94fe1-006a2ac293" "proxy-server 20" 0.0006 "-" 23 0
Jun 11 14:13:39 standalone proxy-server[129811]: 172.18.0.2 172.18.0.100 11/Jun/2026/14/13/39 GET /v1/AUTH_0e20f6338368451eb70c530ef9d9943c/gnocchi.c32cbadc-ea9c-439c-8d35-b2fd7c951af2/1780920000.0_mean_300.0_v3 HTTP/1.0 200 - python-swiftclient-3.11.1 gAAAAABqKsIXQn8w... - 16 - tx0f0436a64c7f425f94fe1-006a2ac293 - 0.0045 - - 1781187219.471657038 1781187219.476168394 0
Jun 11 14:13:39 standalone container-server[127739]: 172.20.0.100 - - [11/Jun/2026:14:13:39 +0000] "PUT /d1/929/AUTH_0e20f6338368451eb70c530ef9d9943c/gnocchi.8756b490-b6af-4ed1-86c5-305b50cb1172/1780920000.0_mean_300.0_v3" 201 - "PUT http://172.18.0.2:8080/d1/301/AUTH_0e20f6338368451eb70c530ef9d9943c/gnocchi.8756b490-b6af-4ed1-86c5-305b50cb1172/1780920000.0_mean_300.0_v3" "txeed1347eac614cb89a157-006a2ac293" "object-server 22" 0.0008 "-" 20 0
Jun 11 14:13:39 standalone object-server[127877]: 172.20.0.100 - - [11/Jun/2026:14:13:39 +0000] "PUT /d1/301/AUTH_0e20f6338368451eb70c530ef9d9943c/gnocchi.8756b490-b6af-4ed1-86c5-305b50cb1172/1780920000.0_mean_300.0_v3" 201 - "PUT http://172.18.0.2:8080/v1/AUTH_0e20f6338368451eb70c530ef9d9943c/gnocchi.8756b490-b6af-4ed1-86c5-305b50cb1172/1780920000.0_mean_300.0_v3" "txeed1347eac614cb89a157-006a2ac293" "proxy-server 20" 0.0094 "-" 22 0
Jun 11 14:13:39 standalone proxy-server[129811]: 172.18.0.2 172.18.0.100 11/Jun/2026/14/13/39 PUT /v1/AUTH_0e20f6338368451eb70c530ef9d9943c/gnocchi.8756b490-b6af-4ed1-86c5-305b50cb1172/1780920000.0_mean_300.0_v3 HTTP/1.0 201 - python-swiftclient-3.11.1 gAAAAABqKsIXQn8w... 16 - - txeed1347eac614cb89a157-006a2ac293 - 0.0129 - - 1781187219.480362892 1781187219.493218660 0
Jun 11 14:13:39 standalone container-server[127740]: 172.20.0.100 - - [11/Jun/2026:14:13:39 +0000] "PUT /d1/821/AUTH_0e20f6338368451eb70c530ef9d9943c/gnocchi.c32cbadc-ea9c-439c-8d35-b2fd7c951af2/1780920000.0_mean_300.0_v3" 201 - "PUT http://172.18.0.2:8080/d1/770/AUTH_0e20f6338368451eb70c530ef9d9943c/gnocchi.c32cbadc-ea9c-439c-8d35-b2fd7c951af2/1780920000.0_mean_300.0_v3" "tx97c9da80dcf4489b87d11-006a2ac293" "object-server 22" 0.0008 "-" 21 0
Jun 11 14:13:39 standalone object-server[127877]: 172.20.0.100 - - [11/Jun/2026:14:13:39 +0000] "PUT /d1/770/AUTH_0e20f6338368451eb70c530ef9d9943c/gnocchi.c32cbadc-ea9c-439c-8d35-b2fd7c951af2/1780920000.0_mean_300.0_v3" 201 - "PUT http://172.18.0.2:8080/v1/AUTH_0e20f6338368451eb70c530ef9d9943c/gnocchi.c32cbadc-ea9c-439c-8d35-b2fd7c951af2/1780920000.0_mean_300.0_v3" "tx97c9da80dcf4489b87d11-006a2ac293" "proxy-server 20" 0.0091 "-" 22 0
Jun 11 14:13:39 standalone proxy-server[129811]: 172.18.0.2 172.18.0.100 11/Jun/2026/14/13/39 PUT /v1/AUTH_0e20f6338368451eb70c530ef9d9943c/gnocchi.c32cbadc-ea9c-439c-8d35-b2fd7c951af2/1780920000.0_mean_300.0_v3 HTTP/1.0 201 - python-swiftclient-3.11.1 gAAAAABqKsIXQn8w... 16 - - tx97c9da80dcf4489b87d11-006a2ac293 - 0.0128 - - 1781187219.496135950 1781187219.508941889 0
Jun 11 14:13:39 standalone container-server[127740]: 172.20.0.100 - - [11/Jun/2026:14:13:39 +0000] "PUT /d1/929/AUTH_0e20f6338368451eb70c530ef9d9943c/gnocchi.8756b490-b6af-4ed1-86c5-305b50cb1172/none_v3" 201 - "PUT http://172.18.0.2:8080/d1/369/AUTH_0e20f6338368451eb70c530ef9d9943c/gnocchi.8756b490-b6af-4ed1-86c5-305b50cb1172/none_v3" "txc0f768ce2f8248c0ba885-006a2ac293" "object-server 21" 0.0007 "-" 21 0
Jun 11 14:13:39 standalone object-server[127876]: 172.20.0.100 - - [11/Jun/2026:14:13:39 +0000] "PUT /d1/369/AUTH_0e20f6338368451eb70c530ef9d9943c/gnocchi.8756b490-b6af-4ed1-86c5-305b50cb1172/none_v3" 201 - "PUT http://172.18.0.2:8080/v1/AUTH_0e20f6338368451eb70c530ef9d9943c/gnocchi.8756b490-b6af-4ed1-86c5-305b50cb1172/none_v3" "txc0f768ce2f8248c0ba885-006a2ac293" "proxy-server 20" 0.0120 "-" 21 0
Jun 11 14:13:39 standalone proxy-server[129811]: 172.18.0.2 172.18.0.100 11/Jun/2026/14/13/39 PUT /v1/AUTH_0e20f6338368451eb70c530ef9d9943c/gnocchi.8756b490-b6af-4ed1-86c5-305b50cb1172/none_v3 HTTP/1.0 201 - python-swiftclient-3.11.1 gAAAAABqKsIXQn8w... 32 - - txc0f768ce2f8248c0ba885-006a2ac293 - 0.0174 - - 1781187219.511927605 1781187219.529351711 0
Jun 11 14:13:39 standalone container-server[127743]: 172.20.0.100 - - [11/Jun/2026:14:13:39 +0000] "PUT /d1/821/AUTH_0e20f6338368451eb70c530ef9d9943c/gnocchi.c32cbadc-ea9c-439c-8d35-b2fd7c951af2/none_v3" 201 - "PUT http://172.18.0.2:8080/d1/905/AUTH_0e20f6338368451eb70c530ef9d9943c/gnocchi.c32cbadc-ea9c-439c-8d35-b2fd7c951af2/none_v3" "tx9c31520524244908b2e20-006a2ac293" "object-server 22" 0.0007 "-" 22 0
Jun 11 14:13:39 standalone object-server[127877]: 172.20.0.100 - - [11/Jun/2026:14:13:39 +0000] "PUT /d1/905/AUTH_0e20f6338368451eb70c530ef9d9943c/gnocchi.c32cbadc-ea9c-439c-8d35-b2fd7c951af2/none_v3" 201 - "PUT http://172.18.0.2:8080/v1/AUTH_0e20f6338368451eb70c530ef9d9943c/gnocchi.c32cbadc-ea9c-439c-8d35-b2fd7c951af2/none_v3" "tx9c31520524244908b2e20-006a2ac293" "proxy-server 20" 0.0080 "-" 22 0
Jun 11 14:13:39 standalone proxy-server[129811]: 172.18.0.2 172.18.0.100 11/Jun/2026/14/13/39 PUT /v1/AUTH_0e20f6338368451eb70c530ef9d9943c/gnocchi.c32cbadc-ea9c-439c-8d35-b2fd7c951af2/none_v3 HTTP/1.0 201 - python-swiftclient-3.11.1 gAAAAABqKsIXQn8w... 32 - - tx9c31520524244908b2e20-006a2ac293 - 0.0122 - - 1781187219.532391071 1781187219.544631243 0
Jun 11 14:13:39 standalone object-server[127876]: 172.20.0.100 - - [11/Jun/2026:14:13:39 +0000] "GET /d1/538/AUTH_0e20f6338368451eb70c530ef9d9943c/gnocchi.4b749699-5b70-46f5-8239-470eb89d3501/none_v3" 200 22 "GET http://172.18.0.2:8080/v1/AUTH_0e20f6338368451eb70c530ef9d9943c/gnocchi.4b749699-5b70-46f5-8239-470eb89d3501/none_v3" "tx26ff3a8d96ad4528a656f-006a2ac293" "proxy-server 20" 0.0010 "-" 21 0
Jun 11 14:13:39 standalone proxy-server[129811]: 172.18.0.2 172.18.0.100 11/Jun/2026/14/13/39 GET /v1/AUTH_0e20f6338368451eb70c530ef9d9943c/gnocchi.4b749699-5b70-46f5-8239-470eb89d3501/none_v3 HTTP/1.0 200 - python-swiftclient-3.11.1 gAAAAABqKsIXQn8w... - 22 - tx26ff3a8d96ad4528a656f-006a2ac293 - 0.0070 - - 1781187219.556985378 1781187219.564016104 0
Jun 11 14:13:39 standalone container-server[127740]: 172.20.0.100 - - [11/Jun/2026:14:13:39 +0000] "GET /d1/3/AUTH_0e20f6338368451eb70c530ef9d9943c/gnocchi.4b749699-5b70-46f5-8239-470eb89d3501" 200 357 "GET http://172.18.0.2:8080/v1/AUTH_0e20f6338368451eb70c530ef9d9943c/gnocchi.4b749699-5b70-46f5-8239-470eb89d3501?format=json&states=listing" "txacbeabd8200749cc8317f-006a2ac293" "proxy-server 20" 0.0086 "-" 21 0
Jun 11 14:13:39 standalone proxy-server[129811]: 172.18.0.2 172.18.0.100 11/Jun/2026/14/13/39 GET /v1/AUTH_0e20f6338368451eb70c530ef9d9943c/gnocchi.4b749699-5b70-46f5-8239-470eb89d3501%3Fformat%3Djson%26states%3Dlisting HTTP/1.0 200 - python-swiftclient-3.11.1 gAAAAABqKsIXQn8w... - 357 - txacbeabd8200749cc8317f-006a2ac293 - 0.0146 - - 1781187219.567807913 1781187219.582420826 0
Jun 11 14:13:39 standalone container-server[127743]: 172.20.0.100 - - [11/Jun/2026:14:13:39 +0000] "GET /d1/3/AUTH_0e20f6338368451eb70c530ef9d9943c/gnocchi.4b749699-5b70-46f5-8239-470eb89d3501" 200 2 "GET http://172.18.0.2:8080/v1/AUTH_0e20f6338368451eb70c530ef9d9943c/gnocchi.4b749699-5b70-46f5-8239-470eb89d3501?format=json&marker=none_v3&states=listing" "tx9c3ad58a824f4f65bad0c-006a2ac293" "proxy-server 20" 0.0033 "-" 22 0
Jun 11 14:13:39 standalone proxy-server[129811]: 172.18.0.2 172.18.0.100 11/Jun/2026/14/13/39 GET /v1/AUTH_0e20f6338368451eb70c530ef9d9943c/gnocchi.4b749699-5b70-46f5-8239-470eb89d3501%3Fformat%3Djson%26marker%3Dnone_v3%26states%3Dlisting HTTP/1.0 200 - python-swiftclient-3.11.1 gAAAAABqKsIXQn8w... - 2 - tx9c3ad58a824f4f65bad0c-006a2ac293 - 0.0093 - - 1781187219.585554123 1781187219.594819069 0
Jun 11 14:13:39 standalone object-server[127877]: 172.20.0.100 - - [11/Jun/2026:14:13:39 +0000] "GET /d1/1/AUTH_0e20f6338368451eb70c530ef9d9943c/gnocchi.4b749699-5b70-46f5-8239-470eb89d3501/1780920000.0_mean_300.0_v3" 200 16 "GET http://172.18.0.2:8080/v1/AUTH_0e20f6338368451eb70c530ef9d9943c/gnocchi.4b749699-5b70-46f5-8239-470eb89d3501/1780920000.0_mean_300.0_v3" "txa78cf5dfd80f41daa4fdd-006a2ac293" "proxy-server 20" 0.0005 "-" 22 0
Jun 11 14:13:39 standalone proxy-server[129811]: 172.18.0.2 172.18.0.100 11/Jun/2026/14/13/39 GET /v1/AUTH_0e20f6338368451eb70c530ef9d9943c/gnocchi.4b749699-5b70-46f5-8239-470eb89d3501/1780920000.0_mean_300.0_v3 HTTP/1.0 200 - python-swiftclient-3.11.1 gAAAAABqKsIXQn8w... - 16 - txa78cf5dfd80f41daa4fdd-006a2ac293 - 0.0052 - - 1781187219.598773956 1781187219.603941202 0
Jun 11 14:13:39 standalone container-server[127751]: 172.20.0.100 - - [11/Jun/2026:14:13:39 +0000] "PUT /d1/3/AUTH_0e20f6338368451eb70c530ef9d9943c/gnocchi.4b749699-5b70-46f5-8239-470eb89d3501/1780920000.0_mean_300.0_v3" 201 - "PUT http://172.18.0.2:8080/d1/1/AUTH_0e20f6338368451eb70c530ef9d9943c/gnocchi.4b749699-5b70-46f5-8239-470eb89d3501/1780920000.0_mean_300.0_v3" "txb400b55f1ada4ca2a119f-006a2ac293" "object-server 24" 0.0008 "-" 23 0
Jun 11 14:13:39 standalone object-server[127883]: 172.20.0.100 - - [11/Jun/2026:14:13:39 +0000] "PUT /d1/1/AUTH_0e20f6338368451eb70c530ef9d9943c/gnocchi.4b749699-5b70-46f5-8239-470eb89d3501/1780920000.0_mean_300.0_v3" 201 - "PUT http://172.18.0.2:8080/v1/AUTH_0e20f6338368451eb70c530ef9d9943c/gnocchi.4b749699-5b70-46f5-8239-470eb89d3501/1780920000.0_mean_300.0_v3" "txb400b55f1ada4ca2a119f-006a2ac293" "proxy-server 20" 0.0096 "-" 24 0
Jun 11 14:13:39 standalone proxy-server[129811]: 172.18.0.2 172.18.0.100 11/Jun/2026/14/13/39 PUT /v1/AUTH_0e20f6338368451eb70c530ef9d9943c/gnocchi.4b749699-5b70-46f5-8239-470eb89d3501/1780920000.0_mean_300.0_v3 HTTP/1.0 201 - python-swiftclient-3.11.1 gAAAAABqKsIXQn8w... 16 - - txb400b55f1ada4ca2a119f-006a2ac293 - 0.0140 - - 1781187219.607329845 1781187219.621299744 0
Jun 11 14:13:39 standalone container-server[127739]: 172.20.0.100 - - [11/Jun/2026:14:13:39 +0000] "PUT /d1/3/AUTH_0e20f6338368451eb70c530ef9d9943c/gnocchi.4b749699-5b70-46f5-8239-470eb89d3501/none_v3" 201 - "PUT http://172.18.0.2:8080/d1/538/AUTH_0e20f6338368451eb70c530ef9d9943c/gnocchi.4b749699-5b70-46f5-8239-470eb89d3501/none_v3" "txfc82e3ed330749ddad9c7-006a2ac293" "object-server 24" 0.0009 "-" 20 0
Jun 11 14:13:39 standalone object-server[127883]: 172.20.0.100 - - [11/Jun/2026:14:13:39 +0000] "PUT /d1/538/AUTH_0e20f6338368451eb70c530ef9d9943c/gnocchi.4b749699-5b70-46f5-8239-470eb89d3501/none_v3" 201 - "PUT http://172.18.0.2:8080/v1/AUTH_0e20f6338368451eb70c530ef9d9943c/gnocchi.4b749699-5b70-46f5-8239-470eb89d3501/none_v3" "txfc82e3ed330749ddad9c7-006a2ac293" "proxy-server 20" 0.0088 "-" 24 0
Jun 11 14:13:39 standalone proxy-server[129811]: 172.18.0.2 172.18.0.100 11/Jun/2026/14/13/39 PUT /v1/AUTH_0e20f6338368451eb70c530ef9d9943c/gnocchi.4b749699-5b70-46f5-8239-470eb89d3501/none_v3 HTTP/1.0 201 - python-swiftclient-3.11.1 gAAAAABqKsIXQn8w... 32 - - txfc82e3ed330749ddad9c7-006a2ac293 - 0.0131 - - 1781187219.624355316 1781187219.637425423 0
Jun 11 14:13:39 standalone object-server[127883]: 172.20.0.100 - - [11/Jun/2026:14:13:39 +0000] "GET /d1/354/AUTH_0e20f6338368451eb70c530ef9d9943c/gnocchi.2afe5ba8-d563-4eea-b95f-8c7ce50fc20f/none_v3" 200 22 "GET http://172.18.0.2:8080/v1/AUTH_0e20f6338368451eb70c530ef9d9943c/gnocchi.2afe5ba8-d563-4eea-b95f-8c7ce50fc20f/none_v3" "tx24baf7e3f5b54f1ba12a5-006a2ac293" "proxy-server 20" 0.0004 "-" 24 0
Jun 11 14:13:39 standalone proxy-server[129811]: 172.18.0.2 172.18.0.100 11/Jun/2026/14/13/39 GET /v1/AUTH_0e20f6338368451eb70c530ef9d9943c/gnocchi.2afe5ba8-d563-4eea-b95f-8c7ce50fc20f/none_v3 HTTP/1.0 200 - python-swiftclient-3.11.1 gAAAAABqKsIXQn8w... - 22 - tx24baf7e3f5b54f1ba12a5-006a2ac293 - 0.0072 - - 1781187219.649176598 1781187219.656359196 0
Jun 11 14:13:39 standalone container-server[127751]: 172.20.0.100 - - [11/Jun/2026:14:13:39 +0000] "GET /d1/497/AUTH_0e20f6338368451eb70c530ef9d9943c/gnocchi.2afe5ba8-d563-4eea-b95f-8c7ce50fc20f" 200 357 "GET http://172.18.0.2:8080/v1/AUTH_0e20f6338368451eb70c530ef9d9943c/gnocchi.2afe5ba8-d563-4eea-b95f-8c7ce50fc20f?format=json&states=listing" "txe53b9be3b3b94436822fe-006a2ac293" "proxy-server 20" 0.0097 "-" 23 0
Jun 11 14:13:39 standalone proxy-server[129811]: 172.18.0.2 172.18.0.100 11/Jun/2026/14/13/39 GET /v1/AUTH_0e20f6338368451eb70c530ef9d9943c/gnocchi.2afe5ba8-d563-4eea-b95f-8c7ce50fc20f%3Fformat%3Djson%26states%3Dlisting HTTP/1.0 200 - python-swiftclient-3.11.1 gAAAAABqKsIXQn8w... - 357 - txe53b9be3b3b94436822fe-006a2ac293 - 0.0190 - - 1781187219.660802603 1781187219.679780006 0
Jun 11 14:13:39 standalone container-server[127739]: 172.20.0.100 - - [11/Jun/2026:14:13:39 +0000] "GET /d1/497/AUTH_0e20f6338368451eb70c530ef9d9943c/gnocchi.2afe5ba8-d563-4eea-b95f-8c7ce50fc20f" 200 2 "GET http://172.18.0.2:8080/v1/AUTH_0e20f6338368451eb70c530ef9d9943c/gnocchi.2afe5ba8-d563-4eea-b95f-8c7ce50fc20f?format=json&marker=none_v3&states=listing" "tx617d52973e9a4bec9596d-006a2ac293" "proxy-server 20" 0.0036 "-" 20 0
Jun 11 14:13:39 standalone proxy-server[129811]: 172.18.0.2 172.18.0.100 11/Jun/2026/14/13/39 GET /v1/AUTH_0e20f6338368451eb70c530ef9d9943c/gnocchi.2afe5ba8-d563-4eea-b95f-8c7ce50fc20f%3Fformat%3Djson%26marker%3Dnone_v3%26states%3Dlisting HTTP/1.0 200 - python-swiftclient-3.11.1 gAAAAABqKsIXQn8w... - 2 - tx617d52973e9a4bec9596d-006a2ac293 - 0.0180 - - 1781187219.684983253 1781187219.702945232 0
Jun 11 14:13:39 standalone object-server[127877]: 172.20.0.100 - - [11/Jun/2026:14:13:39 +0000] "GET /d1/119/AUTH_0e20f6338368451eb70c530ef9d9943c/gnocchi.2afe5ba8-d563-4eea-b95f-8c7ce50fc20f/1780920000.0_mean_300.0_v3" 200 16 "GET http://172.18.0.2:8080/v1/AUTH_0e20f6338368451eb70c530ef9d9943c/gnocchi.2afe5ba8-d563-4eea-b95f-8c7ce50fc20f/1780920000.0_mean_300.0_v3" "txd264cd3806524973be1d4-006a2ac293" "proxy-server 20" 0.0011 "-" 22 0
Jun 11 14:13:39 standalone proxy-server[129811]: 172.18.0.2 172.18.0.100 11/Jun/2026/14/13/39 GET /v1/AUTH_0e20f6338368451eb70c530ef9d9943c/gnocchi.2afe5ba8-d563-4eea-b95f-8c7ce50fc20f/1780920000.0_mean_300.0_v3 HTTP/1.0 200 - python-swiftclient-3.11.1 gAAAAABqKsIXQn8w... - 16 - txd264cd3806524973be1d4-006a2ac293 - 0.0092 - - 1781187219.707674742 1781187219.716880322 0
Jun 11 14:13:39 standalone container-server[127751]: 172.20.0.100 - - [11/Jun/2026:14:13:39 +0000] "PUT /d1/497/AUTH_0e20f6338368451eb70c530ef9d9943c/gnocchi.2afe5ba8-d563-4eea-b95f-8c7ce50fc20f/1780920000.0_mean_300.0_v3" 201 - "PUT http://172.18.0.2:8080/d1/119/AUTH_0e20f6338368451eb70c530ef9d9943c/gnocchi.2afe5ba8-d563-4eea-b95f-8c7ce50fc20f/1780920000.0_mean_300.0_v3" "txcf191bce35a345a49a764-006a2ac293" "object-server 24" 0.0008 "-" 23 0
Jun 11 14:13:39 standalone object-server[127883]: 172.20.0.100 - - [11/Jun/2026:14:13:39 +0000] "PUT /d1/119/AUTH_0e20f6338368451eb70c530ef9d9943c/gnocchi.2afe5ba8-d563-4eea-b95f-8c7ce50fc20f/1780920000.0_mean_300.0_v3" 201 - "PUT http://172.18.0.2:8080/v1/AUTH_0e20f6338368451eb70c530ef9d9943c/gnocchi.2afe5ba8-d563-4eea-b95f-8c7ce50fc20f/1780920000.0_mean_300.0_v3" "txcf191bce35a345a49a764-006a2ac293" "proxy-server 20" 0.0116 "-" 24 0
Jun 11 14:13:39 standalone proxy-server[129811]: 172.18.0.2 172.18.0.100 11/Jun/2026/14/13/39 PUT /v1/AUTH_0e20f6338368451eb70c530ef9d9943c/gnocchi.2afe5ba8-d563-4eea-b95f-8c7ce50fc20f/1780920000.0_mean_300.0_v3 HTTP/1.0 201 - python-swiftclient-3.11.1 gAAAAABqKsIXQn8w... 16 - - txcf191bce35a345a49a764-006a2ac293 - 0.0221 - - 1781187219.721280813 1781187219.743360996 0
Jun 11 14:13:39 standalone container-server[127751]: 172.20.0.100 - - [11/Jun/2026:14:13:39 +0000] "PUT /d1/497/AUTH_0e20f6338368451eb70c530ef9d9943c/gnocchi.2afe5ba8-d563-4eea-b95f-8c7ce50fc20f/none_v3" 201 - "PUT http://172.18.0.2:8080/d1/354/AUTH_0e20f6338368451eb70c530ef9d9943c/gnocchi.2afe5ba8-d563-4eea-b95f-8c7ce50fc20f/none_v3" "tx21a82bc3b3ef43f595d32-006a2ac293" "object-server 24" 0.0008 "-" 23 0
Jun 11 14:13:39 standalone object-server[127883]: 172.20.0.100 - - [11/Jun/2026:14:13:39 +0000] "PUT /d1/354/AUTH_0e20f6338368451eb70c530ef9d9943c/gnocchi.2afe5ba8-d563-4eea-b95f-8c7ce50fc20f/none_v3" 201 - "PUT http://172.18.0.2:8080/v1/AUTH_0e20f6338368451eb70c530ef9d9943c/gnocchi.2afe5ba8-d563-4eea-b95f-8c7ce50fc20f/none_v3" "tx21a82bc3b3ef43f595d32-006a2ac293" "proxy-server 20" 0.0114 "-" 24 0
Jun 11 14:13:39 standalone proxy-server[129811]: 172.18.0.2 172.18.0.100 11/Jun/2026/14/13/39 PUT /v1/AUTH_0e20f6338368451eb70c530ef9d9943c/gnocchi.2afe5ba8-d563-4eea-b95f-8c7ce50fc20f/none_v3 HTTP/1.0 201 - python-swiftclient-3.11.1 gAAAAABqKsIXQn8w... 32 - - tx21a82bc3b3ef43f595d32-006a2ac293 - 0.0196 - - 1781187219.749340773 1781187219.768910170 0
Jun 11 14:13:40 standalone account-server[127797]: 172.20.0.100 - - [11/Jun/2026:14:13:40 +0000] "HEAD /d1/577/.expiring_objects" 404 - "HEAD http://localhost/v1/.expiring_objects?format=json" "tx6d75662485d5424d91707-006a2ac294" "proxy-server 2" 0.0007 "-" 23 -
Jun 11 14:13:40 standalone object-expirer[127707]: Pass completed in 0s; 0 objects expired (txn: tx6d75662485d5424d91707-006a2ac294)
Jun 11 14:13:43 standalone account-server[127791]: 172.20.0.100 - - [11/Jun/2026:14:13:43 +0000] "HEAD /d1/493/AUTH_0e20f6338368451eb70c530ef9d9943c" 204 - "HEAD http://172.18.0.2:8080/v1/AUTH_0e20f6338368451eb70c530ef9d9943c?format=json" "tx4c9fe21f5c18439ab867f-006a2ac297" "proxy-server 20" 0.0099 "-" 21 -
Jun 11 14:13:43 standalone proxy-server[129811]: - - 11/Jun/2026/14/13/43 HEAD /v1/AUTH_0e20f6338368451eb70c530ef9d9943c%3Fformat%3Djson HTTP/1.0 204 - Swift - - - - tx4c9fe21f5c18439ab867f-006a2ac297 - 0.0147 RL - 1781187223.203827381 1781187223.218525648 -
Jun 11 14:13:43 standalone container-server[127740]: 172.20.0.100 - - [11/Jun/2026:14:13:43 +0000] "HEAD /d1/183/AUTH_0e20f6338368451eb70c530ef9d9943c/gnocchi.159143f2-aa85-4f27-9dea-17cb1b4b73f2" 404 - "HEAD http://172.18.0.2:8080/v1/AUTH_0e20f6338368451eb70c530ef9d9943c/gnocchi.159143f2-aa85-4f27-9dea-17cb1b4b73f2?format=json&states=listing" "tx4c9fe21f5c18439ab867f-006a2ac297" "proxy-server 20" 0.0008 "-" 21 0
Jun 11 14:13:43 standalone object-server[127878]: 172.20.0.100 - - [11/Jun/2026:14:13:43 +0000] "GET /d1/711/AUTH_0e20f6338368451eb70c530ef9d9943c/gnocchi.159143f2-aa85-4f27-9dea-17cb1b4b73f2/none_v3" 404 70 "GET http://172.18.0.2:8080/v1/AUTH_0e20f6338368451eb70c530ef9d9943c/gnocchi.159143f2-aa85-4f27-9dea-17cb1b4b73f2/none_v3" "tx4c9fe21f5c18439ab867f-006a2ac297" "proxy-server 20" 0.0005 "-" 23 0
Jun 11 14:13:43 standalone proxy-server[129811]: 172.18.0.2 172.18.0.100 11/Jun/2026/14/13/43 GET /v1/AUTH_0e20f6338368451eb70c530ef9d9943c/gnocchi.159143f2-aa85-4f27-9dea-17cb1b4b73f2/none_v3 HTTP/1.0 404 - python-swiftclient-3.11.1 gAAAAABqKsIXQn8w... - 70 - tx4c9fe21f5c18439ab867f-006a2ac297 - 0.0264 - - 1781187223.202889442 1781187223.229317665 0
Jun 11 14:13:43 standalone account-server[127794]: 172.20.0.100 - - [11/Jun/2026:14:13:43 +0000] "PUT /d1/493/AUTH_0e20f6338368451eb70c530ef9d9943c/gnocchi.159143f2-aa85-4f27-9dea-17cb1b4b73f2" 201 - "PUT http://172.20.0.100:6001/d1/183/AUTH_0e20f6338368451eb70c530ef9d9943c/gnocchi.159143f2-aa85-4f27-9dea-17cb1b4b73f2" "tx0c677d30b74c45d5b0d97-006a2ac297" "container-server 21" 0.0015 "-" 22 0
Jun 11 14:13:43 standalone container-server[127740]: 172.20.0.100 - - [11/Jun/2026:14:13:43 +0000] "PUT /d1/183/AUTH_0e20f6338368451eb70c530ef9d9943c/gnocchi.159143f2-aa85-4f27-9dea-17cb1b4b73f2" 201 - "PUT http://172.18.0.2:8080/v1/AUTH_0e20f6338368451eb70c530ef9d9943c/gnocchi.159143f2-aa85-4f27-9dea-17cb1b4b73f2" "tx0c677d30b74c45d5b0d97-006a2ac297" "proxy-server 20" 0.0108 "-" 21 0
Jun 11 14:13:43 standalone proxy-server[129811]: 172.18.0.2 172.18.0.100 11/Jun/2026/14/13/43 PUT /v1/AUTH_0e20f6338368451eb70c530ef9d9943c/gnocchi.159143f2-aa85-4f27-9dea-17cb1b4b73f2 HTTP/1.0 201 - python-swiftclient-3.11.1 gAAAAABqKsIXQn8w... - - - tx0c677d30b74c45d5b0d97-006a2ac297 - 0.0141 - - 1781187223.233274937 1781187223.247396708 0
Jun 11 14:13:43 standalone container-server[127740]: 172.20.0.100 - - [11/Jun/2026:14:13:43 +0000] "HEAD /d1/183/AUTH_0e20f6338368451eb70c530ef9d9943c/gnocchi.159143f2-aa85-4f27-9dea-17cb1b4b73f2" 204 - "HEAD http://172.18.0.2:8080/v1/AUTH_0e20f6338368451eb70c530ef9d9943c/gnocchi.159143f2-aa85-4f27-9dea-17cb1b4b73f2?format=json&states=listing" "tx0ad74103ff6c45b496ffb-006a2ac297" "proxy-server 20" 0.0014 "-" 21 0
Jun 11 14:13:43 standalone proxy-server[129811]: - - 11/Jun/2026/14/13/43 HEAD /v1/AUTH_0e20f6338368451eb70c530ef9d9943c/gnocchi.159143f2-aa85-4f27-9dea-17cb1b4b73f2%3Fformat%3Djson%26states%3Dlisting HTTP/1.0 204 - Swift - - - - tx0ad74103ff6c45b496ffb-006a2ac297 - 0.0080 RL - 1781187223.251512766 1781187223.259463787 0
Jun 11 14:13:43 standalone container-server[127739]: 172.20.0.100 - - [11/Jun/2026:14:13:43 +0000] "GET /d1/183/AUTH_0e20f6338368451eb70c530ef9d9943c/gnocchi.159143f2-aa85-4f27-9dea-17cb1b4b73f2" 200 2 "GET http://172.18.0.2:8080/v1/AUTH_0e20f6338368451eb70c530ef9d9943c/gnocchi.159143f2-aa85-4f27-9dea-17cb1b4b73f2?format=json&states=listing" "tx0ad74103ff6c45b496ffb-006a2ac297" "proxy-server 20" 0.0024 "-" 20 0
Jun 11 14:13:43 standalone proxy-server[129811]: 172.18.0.2 172.18.0.100 11/Jun/2026/14/13/43 GET /v1/AUTH_0e20f6338368451eb70c530ef9d9943c/gnocchi.159143f2-aa85-4f27-9dea-17cb1b4b73f2%3Fformat%3Djson%26states%3Dlisting HTTP/1.0 200 - python-swiftclient-3.11.1 gAAAAABqKsIXQn8w... - 2 - tx0ad74103ff6c45b496ffb-006a2ac297 - 0.0171 - - 1781187223.250775099 1781187223.267904282 0
Jun 11 14:13:43 standalone object-server[127878]: 172.20.0.100 - - [11/Jun/2026:14:13:43 +0000] "GET /d1/506/AUTH_0e20f6338368451eb70c530ef9d9943c/gnocchi.159143f2-aa85-4f27-9dea-17cb1b4b73f2/1780920000.0_mean_300.0_v3" 404 70 "GET http://172.18.0.2:8080/v1/AUTH_0e20f6338368451eb70c530ef9d9943c/gnocchi.159143f2-aa85-4f27-9dea-17cb1b4b73f2/1780920000.0_mean_300.0_v3" "txd518e34dc398494c838ed-006a2ac297" "proxy-server 20" 0.0004 "-" 23 0
Jun 11 14:13:43 standalone proxy-server[129811]: 172.18.0.2 172.18.0.100 11/Jun/2026/14/13/43 GET /v1/AUTH_0e20f6338368451eb70c530ef9d9943c/gnocchi.159143f2-aa85-4f27-9dea-17cb1b4b73f2/1780920000.0_mean_300.0_v3 HTTP/1.0 404 - python-swiftclient-3.11.1 gAAAAABqKsIXQn8w... - 70 - txd518e34dc398494c838ed-006a2ac297 - 0.0054 - - 1781187223.276466846 1781187223.281847715 0
Jun 11 14:13:43 standalone container-server[127740]: 172.20.0.100 - - [11/Jun/2026:14:13:43 +0000] "PUT /d1/183/AUTH_0e20f6338368451eb70c530ef9d9943c/gnocchi.159143f2-aa85-4f27-9dea-17cb1b4b73f2/1780920000.0_mean_300.0_v3" 201 - "PUT http://172.18.0.2:8080/d1/506/AUTH_0e20f6338368451eb70c530ef9d9943c/gnocchi.159143f2-aa85-4f27-9dea-17cb1b4b73f2/1780920000.0_mean_300.0_v3" "txc366cf54908c466e865c9-006a2ac297" "object-server 21" 0.0006 "-" 21 0
Jun 11 14:13:43 standalone object-server[127876]: 172.20.0.100 - - [11/Jun/2026:14:13:43 +0000] "PUT /d1/506/AUTH_0e20f6338368451eb70c530ef9d9943c/gnocchi.159143f2-aa85-4f27-9dea-17cb1b4b73f2/1780920000.0_mean_300.0_v3" 201 - "PUT http://172.18.0.2:8080/v1/AUTH_0e20f6338368451eb70c530ef9d9943c/gnocchi.159143f2-aa85-4f27-9dea-17cb1b4b73f2/1780920000.0_mean_300.0_v3" "txc366cf54908c466e865c9-006a2ac297" "proxy-server 20" 0.0090 "-" 21 0
Jun 11 14:13:43 standalone proxy-server[129811]: 172.18.0.2 172.18.0.100 11/Jun/2026/14/13/43 PUT /v1/AUTH_0e20f6338368451eb70c530ef9d9943c/gnocchi.159143f2-aa85-4f27-9dea-17cb1b4b73f2/1780920000.0_mean_300.0_v3 HTTP/1.0 201 - python-swiftclient-3.11.1 gAAAAABqKsIXQn8w... 16 - - txc366cf54908c466e865c9-006a2ac297 - 0.0142 - - 1781187223.286096573 1781187223.300286055 0
Jun 11 14:13:43 standalone container-server[127740]: 172.20.0.100 - - [11/Jun/2026:14:13:43 +0000] "PUT /d1/183/AUTH_0e20f6338368451eb70c530ef9d9943c/gnocchi.159143f2-aa85-4f27-9dea-17cb1b4b73f2/none_v3" 201 - "PUT http://172.18.0.2:8080/d1/711/AUTH_0e20f6338368451eb70c530ef9d9943c/gnocchi.159143f2-aa85-4f27-9dea-17cb1b4b73f2/none_v3" "txa1fe4906c33c475cba3b5-006a2ac297" "object-server 23" 0.0005 "-" 21 0
Jun 11 14:13:43 standalone object-server[127878]: 172.20.0.100 - - [11/Jun/2026:14:13:43 +0000] "PUT /d1/711/AUTH_0e20f6338368451eb70c530ef9d9943c/gnocchi.159143f2-aa85-4f27-9dea-17cb1b4b73f2/none_v3" 201 - "PUT http://172.18.0.2:8080/v1/AUTH_0e20f6338368451eb70c530ef9d9943c/gnocchi.159143f2-aa85-4f27-9dea-17cb1b4b73f2/none_v3" "txa1fe4906c33c475cba3b5-006a2ac297" "proxy-server 20" 0.0129 "-" 23 0
Jun 11 14:13:43 standalone proxy-server[129811]: 172.18.0.2 172.18.0.100 11/Jun/2026/14/13/43 PUT /v1/AUTH_0e20f6338368451eb70c530ef9d9943c/gnocchi.159143f2-aa85-4f27-9dea-17cb1b4b73f2/none_v3 HTTP/1.0 201 - python-swiftclient-3.11.1 gAAAAABqKsIXQn8w... 22 - - txa1fe4906c33c475cba3b5-006a2ac297 - 0.0247 - - 1781187223.304390907 1781187223.329118729 0
Jun 11 14:13:43 standalone object-server[127883]: 172.20.0.100 - - [11/Jun/2026:14:13:43 +0000] "GET /d1/811/AUTH_0e20f6338368451eb70c530ef9d9943c/gnocchi.2902040a-17ba-4e4f-8e6e-8e022be08a42/none_v3" 200 33 "GET http://172.18.0.2:8080/v1/AUTH_0e20f6338368451eb70c530ef9d9943c/gnocchi.2902040a-17ba-4e4f-8e6e-8e022be08a42/none_v3" "tx26474fa851314f98836f9-006a2ac297" "proxy-server 20" 0.0007 "-" 24 0
Jun 11 14:13:43 standalone proxy-server[129811]: 172.18.0.2 172.18.0.100 11/Jun/2026/14/13/43 GET /v1/AUTH_0e20f6338368451eb70c530ef9d9943c/gnocchi.2902040a-17ba-4e4f-8e6e-8e022be08a42/none_v3 HTTP/1.0 200 - python-swiftclient-3.11.1 gAAAAABqKsIXQn8w... - 33 - tx26474fa851314f98836f9-006a2ac297 - 0.0081 - - 1781187223.556179762 1781187223.564306736 0
Jun 11 14:13:43 standalone container-server[127751]: 172.20.0.100 - - [11/Jun/2026:14:13:43 +0000] "GET /d1/709/AUTH_0e20f6338368451eb70c530ef9d9943c/gnocchi.2902040a-17ba-4e4f-8e6e-8e022be08a42" 200 357 "GET http://172.18.0.2:8080/v1/AUTH_0e20f6338368451eb70c530ef9d9943c/gnocchi.2902040a-17ba-4e4f-8e6e-8e022be08a42?format=json&states=listing" "tx6126b4e030414b11839ef-006a2ac297" "proxy-server 20" 0.0055 "-" 23 0
Jun 11 14:13:43 standalone proxy-server[129811]: 172.18.0.2 172.18.0.100 11/Jun/2026/14/13/43 GET /v1/AUTH_0e20f6338368451eb70c530ef9d9943c/gnocchi.2902040a-17ba-4e4f-8e6e-8e022be08a42%3Fformat%3Djson%26states%3Dlisting HTTP/1.0 200 - python-swiftclient-3.11.1 gAAAAABqKsIXQn8w... - 357 - tx6126b4e030414b11839ef-006a2ac297 - 0.0124 - - 1781187223.570497751 1781187223.582901955 0
Jun 11 14:13:43 standalone container-server[127739]: 172.20.0.100 - - [11/Jun/2026:14:13:43 +0000] "GET /d1/709/AUTH_0e20f6338368451eb70c530ef9d9943c/gnocchi.2902040a-17ba-4e4f-8e6e-8e022be08a42" 200 2 "GET http://172.18.0.2:8080/v1/AUTH_0e20f6338368451eb70c530ef9d9943c/gnocchi.2902040a-17ba-4e4f-8e6e-8e022be08a42?format=json&marker=none_v3&states=listing" "tx3404f99fbda24318ae34d-006a2ac297" "proxy-server 20" 0.0022 "-" 20 0
Jun 11 14:13:43 standalone proxy-server[129811]: 172.18.0.2 172.18.0.100 11/Jun/2026/14/13/43 GET /v1/AUTH_0e20f6338368451eb70c530ef9d9943c/gnocchi.2902040a-17ba-4e4f-8e6e-8e022be08a42%3Fformat%3Djson%26marker%3Dnone_v3%26states%3Dlisting HTTP/1.0 200 - python-swiftclient-3.11.1 gAAAAABqKsIXQn8w... - 2 - tx3404f99fbda24318ae34d-006a2ac297 - 0.0107 - - 1781187223.588014364 1781187223.598741055 0
Jun 11 14:13:43 standalone object-server[127878]: 172.20.0.100 - - [11/Jun/2026:14:13:43 +0000] "GET /d1/460/AUTH_0e20f6338368451eb70c530ef9d9943c/gnocchi.2902040a-17ba-4e4f-8e6e-8e022be08a42/1780920000.0_mean_300.0_v3" 200 16 "GET http://172.18.0.2:8080/v1/AUTH_0e20f6338368451eb70c530ef9d9943c/gnocchi.2902040a-17ba-4e4f-8e6e-8e022be08a42/1780920000.0_mean_300.0_v3" "tx902d242c81ae4cac9e31c-006a2ac297" "proxy-server 20" 0.0006 "-" 23 0
Jun 11 14:13:43 standalone proxy-server[129811]: 172.18.0.2 172.18.0.100 11/Jun/2026/14/13/43 GET /v1/AUTH_0e20f6338368451eb70c530ef9d9943c/gnocchi.2902040a-17ba-4e4f-8e6e-8e022be08a42/1780920000.0_mean_300.0_v3 HTTP/1.0 200 - python-swiftclient-3.11.1 gAAAAABqKsIXQn8w... - 16 - tx902d242c81ae4cac9e31c-006a2ac297 - 0.0178 - - 1781187223.611524105 1781187223.629316330 0
Jun 11 14:13:43 standalone container-server[127743]: 172.20.0.100 - - [11/Jun/2026:14:13:43 +0000] "PUT /d1/709/AUTH_0e20f6338368451eb70c530ef9d9943c/gnocchi.2902040a-17ba-4e4f-8e6e-8e022be08a42/1780920000.0_mean_300.0_v3" 201 - "PUT http://172.18.0.2:8080/d1/460/AUTH_0e20f6338368451eb70c530ef9d9943c/gnocchi.2902040a-17ba-4e4f-8e6e-8e022be08a42/1780920000.0_mean_300.0_v3" "tx856d803a56c14c91a2d3f-006a2ac297" "object-server 24" 0.0005 "-" 22 0
Jun 11 14:13:43 standalone object-server[127883]: 172.20.0.100 - - [11/Jun/2026:14:13:43 +0000] "PUT /d1/460/AUTH_0e20f6338368451eb70c530ef9d9943c/gnocchi.2902040a-17ba-4e4f-8e6e-8e022be08a42/1780920000.0_mean_300.0_v3" 201 - "PUT http://172.18.0.2:8080/v1/AUTH_0e20f6338368451eb70c530ef9d9943c/gnocchi.2902040a-17ba-4e4f-8e6e-8e022be08a42/1780920000.0_mean_300.0_v3" "tx856d803a56c14c91a2d3f-006a2ac297" "proxy-server 20" 0.0385 "-" 24 0
Jun 11 14:13:43 standalone proxy-server[129811]: 172.18.0.2 172.18.0.100 11/Jun/2026/14/13/43 PUT /v1/AUTH_0e20f6338368451eb70c530ef9d9943c/gnocchi.2902040a-17ba-4e4f-8e6e-8e022be08a42/1780920000.0_mean_300.0_v3 HTTP/1.0 201 - python-swiftclient-3.11.1 gAAAAABqKsIXQn8w... 16 - - tx856d803a56c14c91a2d3f-006a2ac297 - 0.0464 - - 1781187223.632371187 1781187223.678744316 0
Jun 11 14:13:43 standalone container-server[127739]: 172.20.0.100 - - [11/Jun/2026:14:13:43 +0000] "PUT /d1/709/AUTH_0e20f6338368451eb70c530ef9d9943c/gnocchi.2902040a-17ba-4e4f-8e6e-8e022be08a42/none_v3" 201 - "PUT http://172.18.0.2:8080/d1/811/AUTH_0e20f6338368451eb70c530ef9d9943c/gnocchi.2902040a-17ba-4e4f-8e6e-8e022be08a42/none_v3" "tx39da21e5c9964fd78f110-006a2ac297" "object-server 24" 0.0006 "-" 20 0
