Jun 11 14:13:57 standalone proxy-server[129811]: 172.18.0.2 172.18.0.100 11/Jun/2026/14/13/57 PUT /v1/AUTH_0e20f6338368451eb70c530ef9d9943c/gnocchi.50492f17-2e07-4bbc-bae6-d0cbbcd86cf5/1780920000.0_mean_300.0_v3 HTTP/1.0 201 - python-swiftclient-3.11.1 gAAAAABqKsIXQn8w... 16 - - txe767ac55d5904aff9f360-006a2ac2a5 - 0.0192 - - 1781187237.098953009 1781187237.118120432 0
Jun 11 14:13:57 standalone container-server[127743]: 172.20.0.100 - - [11/Jun/2026:14:13:57 +0000] "PUT /d1/751/AUTH_0e20f6338368451eb70c530ef9d9943c/gnocchi.50492f17-2e07-4bbc-bae6-d0cbbcd86cf5/none_v3" 201 - "PUT http://172.18.0.2:8080/d1/802/AUTH_0e20f6338368451eb70c530ef9d9943c/gnocchi.50492f17-2e07-4bbc-bae6-d0cbbcd86cf5/none_v3" "txfbf5df2245af4867bfda7-006a2ac2a5" "object-server 21" 0.0005 "-" 22 0
Jun 11 14:13:57 standalone object-server[127876]: 172.20.0.100 - - [11/Jun/2026:14:13:57 +0000] "PUT /d1/802/AUTH_0e20f6338368451eb70c530ef9d9943c/gnocchi.50492f17-2e07-4bbc-bae6-d0cbbcd86cf5/none_v3" 201 - "PUT http://172.18.0.2:8080/v1/AUTH_0e20f6338368451eb70c530ef9d9943c/gnocchi.50492f17-2e07-4bbc-bae6-d0cbbcd86cf5/none_v3" "txfbf5df2245af4867bfda7-006a2ac2a5" "proxy-server 20" 0.0106 "-" 21 0
Jun 11 14:13:57 standalone proxy-server[129811]: 172.18.0.2 172.18.0.100 11/Jun/2026/14/13/57 PUT /v1/AUTH_0e20f6338368451eb70c530ef9d9943c/gnocchi.50492f17-2e07-4bbc-bae6-d0cbbcd86cf5/none_v3 HTTP/1.0 201 - python-swiftclient-3.11.1 gAAAAABqKsIXQn8w... 22 - - txfbf5df2245af4867bfda7-006a2ac2a5 - 0.0176 - - 1781187237.122418642 1781187237.140012980 0
Jun 11 14:13:57 standalone container-server[127739]: 172.20.0.100 - - [11/Jun/2026:14:13:57 +0000] "HEAD /d1/286/AUTH_0e20f6338368451eb70c530ef9d9943c/gnocchi.25e63dee-7d2d-413c-becc-b66a55a5324f" 404 - "HEAD http://172.18.0.2:8080/v1/AUTH_0e20f6338368451eb70c530ef9d9943c/gnocchi.25e63dee-7d2d-413c-becc-b66a55a5324f?format=json&states=listing" "txde3c10171399471889b8c-006a2ac2a5" "proxy-server 20" 0.0004 "-" 20 0
Jun 11 14:13:57 standalone object-server[127878]: 172.20.0.100 - - [11/Jun/2026:14:13:57 +0000] "GET /d1/843/AUTH_0e20f6338368451eb70c530ef9d9943c/gnocchi.25e63dee-7d2d-413c-becc-b66a55a5324f/none_v3" 404 70 "GET http://172.18.0.2:8080/v1/AUTH_0e20f6338368451eb70c530ef9d9943c/gnocchi.25e63dee-7d2d-413c-becc-b66a55a5324f/none_v3" "txde3c10171399471889b8c-006a2ac2a5" "proxy-server 20" 0.0003 "-" 23 0
Jun 11 14:13:57 standalone proxy-server[129811]: 172.18.0.2 172.18.0.100 11/Jun/2026/14/13/57 GET /v1/AUTH_0e20f6338368451eb70c530ef9d9943c/gnocchi.25e63dee-7d2d-413c-becc-b66a55a5324f/none_v3 HTTP/1.0 404 - python-swiftclient-3.11.1 gAAAAABqKsIXQn8w... - 70 - txde3c10171399471889b8c-006a2ac2a5 - 0.0105 - - 1781187237.152952909 1781187237.163464546 0
Jun 11 14:13:57 standalone account-server[127797]: 172.20.0.100 - - [11/Jun/2026:14:13:57 +0000] "PUT /d1/493/AUTH_0e20f6338368451eb70c530ef9d9943c/gnocchi.25e63dee-7d2d-413c-becc-b66a55a5324f" 201 - "PUT http://172.20.0.100:6001/d1/286/AUTH_0e20f6338368451eb70c530ef9d9943c/gnocchi.25e63dee-7d2d-413c-becc-b66a55a5324f" "txca7f4466902c4bdf8725f-006a2ac2a5" "container-server 21" 0.0051 "-" 23 0
Jun 11 14:13:57 standalone container-server[127740]: 172.20.0.100 - - [11/Jun/2026:14:13:57 +0000] "PUT /d1/286/AUTH_0e20f6338368451eb70c530ef9d9943c/gnocchi.25e63dee-7d2d-413c-becc-b66a55a5324f" 201 - "PUT http://172.18.0.2:8080/v1/AUTH_0e20f6338368451eb70c530ef9d9943c/gnocchi.25e63dee-7d2d-413c-becc-b66a55a5324f" "txca7f4466902c4bdf8725f-006a2ac2a5" "proxy-server 20" 0.0293 "-" 21 0
Jun 11 14:13:57 standalone proxy-server[129811]: 172.18.0.2 172.18.0.100 11/Jun/2026/14/13/57 PUT /v1/AUTH_0e20f6338368451eb70c530ef9d9943c/gnocchi.25e63dee-7d2d-413c-becc-b66a55a5324f HTTP/1.0 201 - python-swiftclient-3.11.1 gAAAAABqKsIXQn8w... - - - txca7f4466902c4bdf8725f-006a2ac2a5 - 0.0358 - - 1781187237.166641235 1781187237.202434063 0
Jun 11 14:13:57 standalone container-server[127751]: 172.20.0.100 - - [11/Jun/2026:14:13:57 +0000] "HEAD /d1/286/AUTH_0e20f6338368451eb70c530ef9d9943c/gnocchi.25e63dee-7d2d-413c-becc-b66a55a5324f" 204 - "HEAD http://172.18.0.2:8080/v1/AUTH_0e20f6338368451eb70c530ef9d9943c/gnocchi.25e63dee-7d2d-413c-becc-b66a55a5324f?format=json&states=listing" "tx97ff8a409a4d48e5a8aaf-006a2ac2a5" "proxy-server 20" 0.0015 "-" 23 0
Jun 11 14:13:57 standalone proxy-server[129811]: - - 11/Jun/2026/14/13/57 HEAD /v1/AUTH_0e20f6338368451eb70c530ef9d9943c/gnocchi.25e63dee-7d2d-413c-becc-b66a55a5324f%3Fformat%3Djson%26states%3Dlisting HTTP/1.0 204 - Swift - - - - tx97ff8a409a4d48e5a8aaf-006a2ac2a5 - 0.0053 RL - 1781187237.207447529 1781187237.212743521 0
Jun 11 14:13:57 standalone container-server[127743]: 172.20.0.100 - - [11/Jun/2026:14:13:57 +0000] "GET /d1/286/AUTH_0e20f6338368451eb70c530ef9d9943c/gnocchi.25e63dee-7d2d-413c-becc-b66a55a5324f" 200 2 "GET http://172.18.0.2:8080/v1/AUTH_0e20f6338368451eb70c530ef9d9943c/gnocchi.25e63dee-7d2d-413c-becc-b66a55a5324f?format=json&states=listing" "tx97ff8a409a4d48e5a8aaf-006a2ac2a5" "proxy-server 20" 0.0021 "-" 22 0
Jun 11 14:13:57 standalone proxy-server[129811]: 172.18.0.2 172.18.0.100 11/Jun/2026/14/13/57 GET /v1/AUTH_0e20f6338368451eb70c530ef9d9943c/gnocchi.25e63dee-7d2d-413c-becc-b66a55a5324f%3Fformat%3Djson%26states%3Dlisting HTTP/1.0 200 - python-swiftclient-3.11.1 gAAAAABqKsIXQn8w... - 2 - tx97ff8a409a4d48e5a8aaf-006a2ac2a5 - 0.0183 - - 1781187237.206370831 1781187237.224638939 0
Jun 11 14:13:57 standalone object-server[127876]: 172.20.0.100 - - [11/Jun/2026:14:13:57 +0000] "GET /d1/115/AUTH_0e20f6338368451eb70c530ef9d9943c/gnocchi.25e63dee-7d2d-413c-becc-b66a55a5324f/1780920000.0_mean_300.0_v3" 404 70 "GET http://172.18.0.2:8080/v1/AUTH_0e20f6338368451eb70c530ef9d9943c/gnocchi.25e63dee-7d2d-413c-becc-b66a55a5324f/1780920000.0_mean_300.0_v3" "txf7c23da4062542cd96fbf-006a2ac2a5" "proxy-server 20" 0.0005 "-" 21 0
Jun 11 14:13:57 standalone proxy-server[129811]: 172.18.0.2 172.18.0.100 11/Jun/2026/14/13/57 GET /v1/AUTH_0e20f6338368451eb70c530ef9d9943c/gnocchi.25e63dee-7d2d-413c-becc-b66a55a5324f/1780920000.0_mean_300.0_v3 HTTP/1.0 404 - python-swiftclient-3.11.1 gAAAAABqKsIXQn8w... - 70 - txf7c23da4062542cd96fbf-006a2ac2a5 - 0.0069 - - 1781187237.229510069 1781187237.236426592 0
Jun 11 14:13:57 standalone container-server[127751]: 172.20.0.100 - - [11/Jun/2026:14:13:57 +0000] "PUT /d1/286/AUTH_0e20f6338368451eb70c530ef9d9943c/gnocchi.25e63dee-7d2d-413c-becc-b66a55a5324f/1780920000.0_mean_300.0_v3" 201 - "PUT http://172.18.0.2:8080/d1/115/AUTH_0e20f6338368451eb70c530ef9d9943c/gnocchi.25e63dee-7d2d-413c-becc-b66a55a5324f/1780920000.0_mean_300.0_v3" "tx0766ed74aedd459999e70-006a2ac2a5" "object-server 21" 0.0013 "-" 23 0
Jun 11 14:13:57 standalone object-server[127876]: 172.20.0.100 - - [11/Jun/2026:14:13:57 +0000] "PUT /d1/115/AUTH_0e20f6338368451eb70c530ef9d9943c/gnocchi.25e63dee-7d2d-413c-becc-b66a55a5324f/1780920000.0_mean_300.0_v3" 201 - "PUT http://172.18.0.2:8080/v1/AUTH_0e20f6338368451eb70c530ef9d9943c/gnocchi.25e63dee-7d2d-413c-becc-b66a55a5324f/1780920000.0_mean_300.0_v3" "tx0766ed74aedd459999e70-006a2ac2a5" "proxy-server 20" 0.0170 "-" 21 0
Jun 11 14:13:57 standalone proxy-server[129811]: 172.18.0.2 172.18.0.100 11/Jun/2026/14/13/57 PUT /v1/AUTH_0e20f6338368451eb70c530ef9d9943c/gnocchi.25e63dee-7d2d-413c-becc-b66a55a5324f/1780920000.0_mean_300.0_v3 HTTP/1.0 201 - python-swiftclient-3.11.1 gAAAAABqKsIXQn8w... 16 - - tx0766ed74aedd459999e70-006a2ac2a5 - 0.0244 - - 1781187237.240993738 1781187237.265439749 0
Jun 11 14:13:57 standalone container-server[127743]: 172.20.0.100 - - [11/Jun/2026:14:13:57 +0000] "PUT /d1/286/AUTH_0e20f6338368451eb70c530ef9d9943c/gnocchi.25e63dee-7d2d-413c-becc-b66a55a5324f/none_v3" 201 - "PUT http://172.18.0.2:8080/d1/843/AUTH_0e20f6338368451eb70c530ef9d9943c/gnocchi.25e63dee-7d2d-413c-becc-b66a55a5324f/none_v3" "txc5f1d0334f85443a82000-006a2ac2a5" "object-server 24" 0.0005 "-" 22 0
Jun 11 14:13:57 standalone object-server[127883]: 172.20.0.100 - - [11/Jun/2026:14:13:57 +0000] "PUT /d1/843/AUTH_0e20f6338368451eb70c530ef9d9943c/gnocchi.25e63dee-7d2d-413c-becc-b66a55a5324f/none_v3" 201 - "PUT http://172.18.0.2:8080/v1/AUTH_0e20f6338368451eb70c530ef9d9943c/gnocchi.25e63dee-7d2d-413c-becc-b66a55a5324f/none_v3" "txc5f1d0334f85443a82000-006a2ac2a5" "proxy-server 20" 0.0087 "-" 24 0
Jun 11 14:13:57 standalone proxy-server[129811]: 172.18.0.2 172.18.0.100 11/Jun/2026/14/13/57 PUT /v1/AUTH_0e20f6338368451eb70c530ef9d9943c/gnocchi.25e63dee-7d2d-413c-becc-b66a55a5324f/none_v3 HTTP/1.0 201 - python-swiftclient-3.11.1 gAAAAABqKsIXQn8w... 22 - - txc5f1d0334f85443a82000-006a2ac2a5 - 0.0133 - - 1781187237.270417690 1781187237.283734560 0
Jun 11 14:14:03 standalone container-server[127751]: 172.20.0.100 - - [11/Jun/2026:14:14:03 +0000] "HEAD /d1/921/AUTH_0e20f6338368451eb70c530ef9d9943c/gnocchi.7717ad1c-05ef-4814-9703-6bd399d83506" 404 - "HEAD http://172.18.0.2:8080/v1/AUTH_0e20f6338368451eb70c530ef9d9943c/gnocchi.7717ad1c-05ef-4814-9703-6bd399d83506?format=json&states=listing" "tx276654b0a0d2417398632-006a2ac2ab" "proxy-server 20" 0.0006 "-" 23 0
Jun 11 14:14:03 standalone object-server[127877]: 172.20.0.100 - - [11/Jun/2026:14:14:03 +0000] "GET /d1/25/AUTH_0e20f6338368451eb70c530ef9d9943c/gnocchi.7717ad1c-05ef-4814-9703-6bd399d83506/none_v3" 404 70 "GET http://172.18.0.2:8080/v1/AUTH_0e20f6338368451eb70c530ef9d9943c/gnocchi.7717ad1c-05ef-4814-9703-6bd399d83506/none_v3" "tx276654b0a0d2417398632-006a2ac2ab" "proxy-server 20" 0.0006 "-" 22 0
Jun 11 14:14:03 standalone proxy-server[129811]: 172.18.0.2 172.18.0.100 11/Jun/2026/14/14/03 GET /v1/AUTH_0e20f6338368451eb70c530ef9d9943c/gnocchi.7717ad1c-05ef-4814-9703-6bd399d83506/none_v3 HTTP/1.0 404 - python-swiftclient-3.11.1 gAAAAABqKsIXQn8w... - 70 - tx276654b0a0d2417398632-006a2ac2ab - 0.0168 - - 1781187243.314207315 1781187243.331039906 0
Jun 11 14:14:03 standalone account-server[127789]: 172.20.0.100 - - [11/Jun/2026:14:14:03 +0000] "PUT /d1/493/AUTH_0e20f6338368451eb70c530ef9d9943c/gnocchi.7717ad1c-05ef-4814-9703-6bd399d83506" 201 - "PUT http://172.20.0.100:6001/d1/921/AUTH_0e20f6338368451eb70c530ef9d9943c/gnocchi.7717ad1c-05ef-4814-9703-6bd399d83506" "tx956e8d00483843ac8a4ff-006a2ac2ab" "container-server 23" 0.0043 "-" 20 0
Jun 11 14:14:03 standalone container-server[127751]: 172.20.0.100 - - [11/Jun/2026:14:14:03 +0000] "PUT /d1/921/AUTH_0e20f6338368451eb70c530ef9d9943c/gnocchi.7717ad1c-05ef-4814-9703-6bd399d83506" 201 - "PUT http://172.18.0.2:8080/v1/AUTH_0e20f6338368451eb70c530ef9d9943c/gnocchi.7717ad1c-05ef-4814-9703-6bd399d83506" "tx956e8d00483843ac8a4ff-006a2ac2ab" "proxy-server 20" 0.0159 "-" 23 0
Jun 11 14:14:03 standalone proxy-server[129811]: 172.18.0.2 172.18.0.100 11/Jun/2026/14/14/03 PUT /v1/AUTH_0e20f6338368451eb70c530ef9d9943c/gnocchi.7717ad1c-05ef-4814-9703-6bd399d83506 HTTP/1.0 201 - python-swiftclient-3.11.1 gAAAAABqKsIXQn8w... - - - tx956e8d00483843ac8a4ff-006a2ac2ab - 0.0268 - - 1781187243.334660053 1781187243.361453772 0
Jun 11 14:14:03 standalone container-server[127751]: 172.20.0.100 - - [11/Jun/2026:14:14:03 +0000] "HEAD /d1/921/AUTH_0e20f6338368451eb70c530ef9d9943c/gnocchi.7717ad1c-05ef-4814-9703-6bd399d83506" 204 - "HEAD http://172.18.0.2:8080/v1/AUTH_0e20f6338368451eb70c530ef9d9943c/gnocchi.7717ad1c-05ef-4814-9703-6bd399d83506?format=json&states=listing" "txba97a234b28f4d61b66db-006a2ac2ab" "proxy-server 20" 0.0016 "-" 23 0
Jun 11 14:14:03 standalone proxy-server[129811]: - - 11/Jun/2026/14/14/03 HEAD /v1/AUTH_0e20f6338368451eb70c530ef9d9943c/gnocchi.7717ad1c-05ef-4814-9703-6bd399d83506%3Fformat%3Djson%26states%3Dlisting HTTP/1.0 204 - Swift - - - - txba97a234b28f4d61b66db-006a2ac2ab - 0.0064 RL - 1781187243.375504017 1781187243.381953001 0
Jun 11 14:14:03 standalone container-server[127740]: 172.20.0.100 - - [11/Jun/2026:14:14:03 +0000] "GET /d1/921/AUTH_0e20f6338368451eb70c530ef9d9943c/gnocchi.7717ad1c-05ef-4814-9703-6bd399d83506" 200 2 "GET http://172.18.0.2:8080/v1/AUTH_0e20f6338368451eb70c530ef9d9943c/gnocchi.7717ad1c-05ef-4814-9703-6bd399d83506?format=json&states=listing" "txba97a234b28f4d61b66db-006a2ac2ab" "proxy-server 20" 0.0017 "-" 21 0
Jun 11 14:14:03 standalone proxy-server[129811]: 172.18.0.2 172.18.0.100 11/Jun/2026/14/14/03 GET /v1/AUTH_0e20f6338368451eb70c530ef9d9943c/gnocchi.7717ad1c-05ef-4814-9703-6bd399d83506%3Fformat%3Djson%26states%3Dlisting HTTP/1.0 200 - python-swiftclient-3.11.1 gAAAAABqKsIXQn8w... - 2 - txba97a234b28f4d61b66db-006a2ac2ab - 0.0189 - - 1781187243.373311043 1781187243.392204285 0
Jun 11 14:14:03 standalone object-server[127883]: 172.20.0.100 - - [11/Jun/2026:14:14:03 +0000] "GET /d1/482/AUTH_0e20f6338368451eb70c530ef9d9943c/gnocchi.7717ad1c-05ef-4814-9703-6bd399d83506/1780920000.0_mean_300.0_v3" 404 70 "GET http://172.18.0.2:8080/v1/AUTH_0e20f6338368451eb70c530ef9d9943c/gnocchi.7717ad1c-05ef-4814-9703-6bd399d83506/1780920000.0_mean_300.0_v3" "txad6a4919b4154640af3fe-006a2ac2ab" "proxy-server 20" 0.0006 "-" 24 0
Jun 11 14:14:03 standalone proxy-server[129811]: 172.18.0.2 172.18.0.100 11/Jun/2026/14/14/03 GET /v1/AUTH_0e20f6338368451eb70c530ef9d9943c/gnocchi.7717ad1c-05ef-4814-9703-6bd399d83506/1780920000.0_mean_300.0_v3 HTTP/1.0 404 - python-swiftclient-3.11.1 gAAAAABqKsIXQn8w... - 70 - txad6a4919b4154640af3fe-006a2ac2ab - 0.0084 - - 1781187243.396810293 1781187243.405195951 0
Jun 11 14:14:03 standalone container-server[127740]: 172.20.0.100 - - [11/Jun/2026:14:14:03 +0000] "PUT /d1/921/AUTH_0e20f6338368451eb70c530ef9d9943c/gnocchi.7717ad1c-05ef-4814-9703-6bd399d83506/1780920000.0_mean_300.0_v3" 201 - "PUT http://172.18.0.2:8080/d1/482/AUTH_0e20f6338368451eb70c530ef9d9943c/gnocchi.7717ad1c-05ef-4814-9703-6bd399d83506/1780920000.0_mean_300.0_v3" "txe33bea6cbabb46e7b7788-006a2ac2ab" "object-server 23" 0.0005 "-" 21 0
Jun 11 14:14:03 standalone object-server[127878]: 172.20.0.100 - - [11/Jun/2026:14:14:03 +0000] "PUT /d1/482/AUTH_0e20f6338368451eb70c530ef9d9943c/gnocchi.7717ad1c-05ef-4814-9703-6bd399d83506/1780920000.0_mean_300.0_v3" 201 - "PUT http://172.18.0.2:8080/v1/AUTH_0e20f6338368451eb70c530ef9d9943c/gnocchi.7717ad1c-05ef-4814-9703-6bd399d83506/1780920000.0_mean_300.0_v3" "txe33bea6cbabb46e7b7788-006a2ac2ab" "proxy-server 20" 0.0110 "-" 23 0
Jun 11 14:14:03 standalone proxy-server[129811]: 172.18.0.2 172.18.0.100 11/Jun/2026/14/14/03 PUT /v1/AUTH_0e20f6338368451eb70c530ef9d9943c/gnocchi.7717ad1c-05ef-4814-9703-6bd399d83506/1780920000.0_mean_300.0_v3 HTTP/1.0 201 - python-swiftclient-3.11.1 gAAAAABqKsIXQn8w... 16 - - txe33bea6cbabb46e7b7788-006a2ac2ab - 0.0166 - - 1781187243.408361197 1781187243.424986601 0
Jun 11 14:14:03 standalone container-server[127739]: 172.20.0.100 - - [11/Jun/2026:14:14:03 +0000] "PUT /d1/921/AUTH_0e20f6338368451eb70c530ef9d9943c/gnocchi.7717ad1c-05ef-4814-9703-6bd399d83506/none_v3" 201 - "PUT http://172.18.0.2:8080/d1/25/AUTH_0e20f6338368451eb70c530ef9d9943c/gnocchi.7717ad1c-05ef-4814-9703-6bd399d83506/none_v3" "tx07422ea1db174e5096f62-006a2ac2ab" "object-server 24" 0.0008 "-" 20 0
Jun 11 14:14:03 standalone object-server[127883]: 172.20.0.100 - - [11/Jun/2026:14:14:03 +0000] "PUT /d1/25/AUTH_0e20f6338368451eb70c530ef9d9943c/gnocchi.7717ad1c-05ef-4814-9703-6bd399d83506/none_v3" 201 - "PUT http://172.18.0.2:8080/v1/AUTH_0e20f6338368451eb70c530ef9d9943c/gnocchi.7717ad1c-05ef-4814-9703-6bd399d83506/none_v3" "tx07422ea1db174e5096f62-006a2ac2ab" "proxy-server 20" 0.0111 "-" 24 0
Jun 11 14:14:03 standalone proxy-server[129811]: 172.18.0.2 172.18.0.100 11/Jun/2026/14/14/03 PUT /v1/AUTH_0e20f6338368451eb70c530ef9d9943c/gnocchi.7717ad1c-05ef-4814-9703-6bd399d83506/none_v3 HTTP/1.0 201 - python-swiftclient-3.11.1 gAAAAABqKsIXQn8w... 22 - - tx07422ea1db174e5096f62-006a2ac2ab - 0.0165 - - 1781187243.428028584 1781187243.444530249 0
Jun 11 14:14:08 standalone object-server[127876]: 172.20.0.100 - - [11/Jun/2026:14:14:08 +0000] "GET /d1/25/AUTH_0e20f6338368451eb70c530ef9d9943c/gnocchi.7717ad1c-05ef-4814-9703-6bd399d83506/none_v3" 200 22 "GET http://172.18.0.2:8080/v1/AUTH_0e20f6338368451eb70c530ef9d9943c/gnocchi.7717ad1c-05ef-4814-9703-6bd399d83506/none_v3" "tx771b0c24f71b45aea1290-006a2ac2b0" "proxy-server 20" 0.0012 "-" 21 0
Jun 11 14:14:08 standalone proxy-server[129811]: 172.18.0.2 172.18.0.100 11/Jun/2026/14/14/08 GET /v1/AUTH_0e20f6338368451eb70c530ef9d9943c/gnocchi.7717ad1c-05ef-4814-9703-6bd399d83506/none_v3 HTTP/1.0 200 - python-swiftclient-3.11.1 gAAAAABqKsIXQn8w... - 22 - tx771b0c24f71b45aea1290-006a2ac2b0 - 0.0107 - - 1781187248.735306501 1781187248.746027470 0
Jun 11 14:14:08 standalone container-server[127751]: 172.20.0.100 - - [11/Jun/2026:14:14:08 +0000] "GET /d1/921/AUTH_0e20f6338368451eb70c530ef9d9943c/gnocchi.7717ad1c-05ef-4814-9703-6bd399d83506" 200 357 "GET http://172.18.0.2:8080/v1/AUTH_0e20f6338368451eb70c530ef9d9943c/gnocchi.7717ad1c-05ef-4814-9703-6bd399d83506?format=json&states=listing" "txf60f9fd591e942059c1a3-006a2ac2b0" "proxy-server 20" 0.0073 "-" 23 0
Jun 11 14:14:08 standalone proxy-server[129811]: 172.18.0.2 172.18.0.100 11/Jun/2026/14/14/08 GET /v1/AUTH_0e20f6338368451eb70c530ef9d9943c/gnocchi.7717ad1c-05ef-4814-9703-6bd399d83506%3Fformat%3Djson%26states%3Dlisting HTTP/1.0 200 - python-swiftclient-3.11.1 gAAAAABqKsIXQn8w... - 357 - txf60f9fd591e942059c1a3-006a2ac2b0 - 0.0138 - - 1781187248.750016689 1781187248.763806105 0
Jun 11 14:14:08 standalone container-server[127739]: 172.20.0.100 - - [11/Jun/2026:14:14:08 +0000] "GET /d1/921/AUTH_0e20f6338368451eb70c530ef9d9943c/gnocchi.7717ad1c-05ef-4814-9703-6bd399d83506" 200 2 "GET http://172.18.0.2:8080/v1/AUTH_0e20f6338368451eb70c530ef9d9943c/gnocchi.7717ad1c-05ef-4814-9703-6bd399d83506?format=json&marker=none_v3&states=listing" "txb1969bb9f55b4b54b6e61-006a2ac2b0" "proxy-server 20" 0.0025 "-" 20 0
Jun 11 14:14:08 standalone proxy-server[129811]: 172.18.0.2 172.18.0.100 11/Jun/2026/14/14/08 GET /v1/AUTH_0e20f6338368451eb70c530ef9d9943c/gnocchi.7717ad1c-05ef-4814-9703-6bd399d83506%3Fformat%3Djson%26marker%3Dnone_v3%26states%3Dlisting HTTP/1.0 200 - python-swiftclient-3.11.1 gAAAAABqKsIXQn8w... - 2 - txb1969bb9f55b4b54b6e61-006a2ac2b0 - 0.0091 - - 1781187248.766691923 1781187248.775783539 0
Jun 11 14:14:08 standalone object-server[127876]: 172.20.0.100 - - [11/Jun/2026:14:14:08 +0000] "GET /d1/482/AUTH_0e20f6338368451eb70c530ef9d9943c/gnocchi.7717ad1c-05ef-4814-9703-6bd399d83506/1780920000.0_mean_300.0_v3" 200 16 "GET http://172.18.0.2:8080/v1/AUTH_0e20f6338368451eb70c530ef9d9943c/gnocchi.7717ad1c-05ef-4814-9703-6bd399d83506/1780920000.0_mean_300.0_v3" "txcbb7821c7fa14c7980bb5-006a2ac2b0" "proxy-server 20" 0.0013 "-" 21 0
Jun 11 14:14:08 standalone proxy-server[129811]: 172.18.0.2 172.18.0.100 11/Jun/2026/14/14/08 GET /v1/AUTH_0e20f6338368451eb70c530ef9d9943c/gnocchi.7717ad1c-05ef-4814-9703-6bd399d83506/1780920000.0_mean_300.0_v3 HTTP/1.0 200 - python-swiftclient-3.11.1 gAAAAABqKsIXQn8w... - 16 - txcbb7821c7fa14c7980bb5-006a2ac2b0 - 0.0082 - - 1781187248.778978348 1781187248.787188768 0
Jun 11 14:14:08 standalone container-server[127743]: 172.20.0.100 - - [11/Jun/2026:14:14:08 +0000] "PUT /d1/921/AUTH_0e20f6338368451eb70c530ef9d9943c/gnocchi.7717ad1c-05ef-4814-9703-6bd399d83506/1780920000.0_mean_300.0_v3" 201 - "PUT http://172.18.0.2:8080/d1/482/AUTH_0e20f6338368451eb70c530ef9d9943c/gnocchi.7717ad1c-05ef-4814-9703-6bd399d83506/1780920000.0_mean_300.0_v3" "txbd038014d9d24aa493854-006a2ac2b0" "object-server 21" 0.0011 "-" 22 0
Jun 11 14:14:08 standalone object-server[127876]: 172.20.0.100 - - [11/Jun/2026:14:14:08 +0000] "PUT /d1/482/AUTH_0e20f6338368451eb70c530ef9d9943c/gnocchi.7717ad1c-05ef-4814-9703-6bd399d83506/1780920000.0_mean_300.0_v3" 201 - "PUT http://172.18.0.2:8080/v1/AUTH_0e20f6338368451eb70c530ef9d9943c/gnocchi.7717ad1c-05ef-4814-9703-6bd399d83506/1780920000.0_mean_300.0_v3" "txbd038014d9d24aa493854-006a2ac2b0" "proxy-server 20" 0.0136 "-" 21 0
Jun 11 14:14:08 standalone proxy-server[129811]: 172.18.0.2 172.18.0.100 11/Jun/2026/14/14/08 PUT /v1/AUTH_0e20f6338368451eb70c530ef9d9943c/gnocchi.7717ad1c-05ef-4814-9703-6bd399d83506/1780920000.0_mean_300.0_v3 HTTP/1.0 201 - python-swiftclient-3.11.1 gAAAAABqKsIXQn8w... 16 - - txbd038014d9d24aa493854-006a2ac2b0 - 0.0196 - - 1781187248.789723158 1781187248.809362173 0
Jun 11 14:14:08 standalone container-server[127739]: 172.20.0.100 - - [11/Jun/2026:14:14:08 +0000] "PUT /d1/921/AUTH_0e20f6338368451eb70c530ef9d9943c/gnocchi.7717ad1c-05ef-4814-9703-6bd399d83506/none_v3" 201 - "PUT http://172.18.0.2:8080/d1/25/AUTH_0e20f6338368451eb70c530ef9d9943c/gnocchi.7717ad1c-05ef-4814-9703-6bd399d83506/none_v3" "txcd759f956044499a924a2-006a2ac2b0" "object-server 21" 0.0006 "-" 20 0
Jun 11 14:14:08 standalone object-server[127876]: 172.20.0.100 - - [11/Jun/2026:14:14:08 +0000] "PUT /d1/25/AUTH_0e20f6338368451eb70c530ef9d9943c/gnocchi.7717ad1c-05ef-4814-9703-6bd399d83506/none_v3" 201 - "PUT http://172.18.0.2:8080/v1/AUTH_0e20f6338368451eb70c530ef9d9943c/gnocchi.7717ad1c-05ef-4814-9703-6bd399d83506/none_v3" "txcd759f956044499a924a2-006a2ac2b0" "proxy-server 20" 0.0124 "-" 21 0
Jun 11 14:14:08 standalone proxy-server[129811]: 172.18.0.2 172.18.0.100 11/Jun/2026/14/14/08 PUT /v1/AUTH_0e20f6338368451eb70c530ef9d9943c/gnocchi.7717ad1c-05ef-4814-9703-6bd399d83506/none_v3 HTTP/1.0 201 - python-swiftclient-3.11.1 gAAAAABqKsIXQn8w... 32 - - txcd759f956044499a924a2-006a2ac2b0 - 0.0184 - - 1781187248.812598228 1781187248.831046581 0
Jun 11 14:14:12 standalone container-server[127452]: Begin container update sweep
Jun 11 14:14:12 standalone account-server[127791]: 172.20.0.100 - - [11/Jun/2026:14:14:12 +0000] "PUT /d1/493/AUTH_0e20f6338368451eb70c530ef9d9943c/gnocchi.2afe5ba8-d563-4eea-b95f-8c7ce50fc20f" 201 - "-" "-" "container-updater 2" 0.0011 "-" 21 0
Jun 11 14:14:12 standalone account-server[127794]: 172.20.0.100 - - [11/Jun/2026:14:14:12 +0000] "PUT /d1/493/AUTH_0e20f6338368451eb70c530ef9d9943c/gnocchi.4b749699-5b70-46f5-8239-470eb89d3501" 201 - "-" "-" "container-updater 2" 0.0007 "-" 22 0
Jun 11 14:14:12 standalone account-server[127791]: 172.20.0.100 - - [11/Jun/2026:14:14:12 +0000] "PUT /d1/493/AUTH_0e20f6338368451eb70c530ef9d9943c/gnocchi.7717ad1c-05ef-4814-9703-6bd399d83506" 201 - "-" "-" "container-updater 2" 0.0005 "-" 21 0
Jun 11 14:14:12 standalone account-server[127794]: 172.20.0.100 - - [11/Jun/2026:14:14:12 +0000] "PUT /d1/493/AUTH_0e20f6338368451eb70c530ef9d9943c/gnocchi.def6bf01-33ec-4fa2-9876-59a400ba7edb" 201 - "-" "-" "container-updater 2" 0.0012 "-" 22 0
Jun 11 14:14:12 standalone account-server[127797]: 172.20.0.100 - - [11/Jun/2026:14:14:12 +0000] "PUT /d1/493/AUTH_0e20f6338368451eb70c530ef9d9943c/gnocchi.159143f2-aa85-4f27-9dea-17cb1b4b73f2" 201 - "-" "-" "container-updater 2" 0.0006 "-" 23 0
Jun 11 14:14:12 standalone account-server[127794]: 172.20.0.100 - - [11/Jun/2026:14:14:12 +0000] "PUT /d1/493/AUTH_0e20f6338368451eb70c530ef9d9943c/gnocchi.a7532435-0df4-4760-b5f2-3820e29f374d" 201 - "-" "-" "container-updater 2" 0.0007 "-" 22 0
Jun 11 14:14:13 standalone account-server[127789]: 172.20.0.100 - - [11/Jun/2026:14:14:13 +0000] "PUT /d1/493/AUTH_0e20f6338368451eb70c530ef9d9943c/gnocchi.25e63dee-7d2d-413c-becc-b66a55a5324f" 201 - "-" "-" "container-updater 2" 0.0007 "-" 20 0
Jun 11 14:14:13 standalone account-server[127794]: 172.20.0.100 - - [11/Jun/2026:14:14:13 +0000] "PUT /d1/493/AUTH_0e20f6338368451eb70c530ef9d9943c/gnocchi.50492f17-2e07-4bbc-bae6-d0cbbcd86cf5" 201 - "-" "-" "container-updater 2" 0.0006 "-" 22 0
Jun 11 14:14:13 standalone account-server[127791]: 172.20.0.100 - - [11/Jun/2026:14:14:13 +0000] "PUT /d1/493/AUTH_0e20f6338368451eb70c530ef9d9943c/gnocchi.8e8f6d3f-2b88-4b10-b12d-9fb5fd22a7b9" 201 - "-" "-" "container-updater 2" 0.0006 "-" 21 0
Jun 11 14:14:13 standalone account-server[127794]: 172.20.0.100 - - [11/Jun/2026:14:14:13 +0000] "PUT /d1/493/AUTH_0e20f6338368451eb70c530ef9d9943c/gnocchi.3d72b825-a789-4909-b647-20a58e0fdf76" 201 - "-" "-" "container-updater 2" 0.0007 "-" 22 0
Jun 11 14:14:13 standalone account-server[127797]: 172.20.0.100 - - [11/Jun/2026:14:14:13 +0000] "PUT /d1/493/AUTH_0e20f6338368451eb70c530ef9d9943c/gnocchi.0f164196-d737-4efa-a525-fa9ab2853c0d" 201 - "-" "-" "container-updater 2" 0.0007 "-" 23 0
Jun 11 14:14:13 standalone account-server[127797]: 172.20.0.100 - - [11/Jun/2026:14:14:13 +0000] "PUT /d1/493/AUTH_0e20f6338368451eb70c530ef9d9943c/gnocchi.8756b490-b6af-4ed1-86c5-305b50cb1172" 201 - "-" "-" "container-updater 2" 0.0006 "-" 23 0
Jun 11 14:14:13 standalone account-server[127797]: 172.20.0.100 - - [11/Jun/2026:14:14:13 +0000] "PUT /d1/493/AUTH_0e20f6338368451eb70c530ef9d9943c/gnocchi.9a8828e8-727f-4690-9d13-28c18031b955" 201 - "-" "-" "container-updater 2" 0.0006 "-" 23 0
Jun 11 14:14:13 standalone account-server[127791]: 172.20.0.100 - - [11/Jun/2026:14:14:13 +0000] "PUT /d1/493/AUTH_0e20f6338368451eb70c530ef9d9943c/gnocchi.fa6bb486-63a0-4964-ba11-39f298900e6a" 201 - "-" "-" "container-updater 2" 0.0007 "-" 21 0
Jun 11 14:14:13 standalone account-server[127797]: 172.20.0.100 - - [11/Jun/2026:14:14:13 +0000] "PUT /d1/493/AUTH_0e20f6338368451eb70c530ef9d9943c/gnocchi.2902040a-17ba-4e4f-8e6e-8e022be08a42" 201 - "-" "-" "container-updater 2" 0.0006 "-" 23 0
Jun 11 14:14:13 standalone account-server[127794]: 172.20.0.100 - - [11/Jun/2026:14:14:13 +0000] "PUT /d1/493/AUTH_0e20f6338368451eb70c530ef9d9943c/gnocchi.40c08cde-c96f-4b35-a947-cd98265232e3" 201 - "-" "-" "container-updater 2" 0.0003 "-" 22 0
Jun 11 14:14:13 standalone account-server[127789]: 172.20.0.100 - - [11/Jun/2026:14:14:13 +0000] "PUT /d1/493/AUTH_0e20f6338368451eb70c530ef9d9943c/gnocchi.c32cbadc-ea9c-439c-8d35-b2fd7c951af2" 201 - "-" "-" "container-updater 2" 0.0007 "-" 20 0
Jun 11 14:14:13 standalone container-server[127452]: Container update sweep completed: 1.51s
Jun 11 14:15:20 standalone account-server[127791]: 172.20.0.100 - - [11/Jun/2026:14:15:20 +0000] "HEAD /d1/493/AUTH_0e20f6338368451eb70c530ef9d9943c" 204 - "HEAD http://172.18.0.2:8080/v1/AUTH_0e20f6338368451eb70c530ef9d9943c?format=json" "tx8caf2aebc04a425babd73-006a2ac2f8" "proxy-server 20" 0.0058 "-" 21 -
Jun 11 14:15:20 standalone proxy-server[129811]: - - 11/Jun/2026/14/15/20 HEAD /v1/AUTH_0e20f6338368451eb70c530ef9d9943c%3Fformat%3Djson HTTP/1.0 204 - Swift - - - - tx8caf2aebc04a425babd73-006a2ac2f8 - 0.0101 RL - 1781187320.064642906 1781187320.074697495 -
Jun 11 14:15:20 standalone container-server[127740]: 172.20.0.100 - - [11/Jun/2026:14:15:20 +0000] "HEAD /d1/377/AUTH_0e20f6338368451eb70c530ef9d9943c/gnocchi.0f1ff109-bdf9-453d-a1ca-4f83c81e5a93" 404 - "HEAD http://172.18.0.2:8080/v1/AUTH_0e20f6338368451eb70c530ef9d9943c/gnocchi.0f1ff109-bdf9-453d-a1ca-4f83c81e5a93?format=json&states=listing" "tx8caf2aebc04a425babd73-006a2ac2f8" "proxy-server 20" 0.0012 "-" 21 0
Jun 11 14:15:20 standalone object-server[127883]: 172.20.0.100 - - [11/Jun/2026:14:15:20 +0000] "GET /d1/117/AUTH_0e20f6338368451eb70c530ef9d9943c/gnocchi.0f1ff109-bdf9-453d-a1ca-4f83c81e5a93/none_v3" 404 70 "GET http://172.18.0.2:8080/v1/AUTH_0e20f6338368451eb70c530ef9d9943c/gnocchi.0f1ff109-bdf9-453d-a1ca-4f83c81e5a93/none_v3" "tx8caf2aebc04a425babd73-006a2ac2f8" "proxy-server 20" 0.0006 "-" 24 0
Jun 11 14:15:20 standalone proxy-server[129811]: 172.18.0.2 172.18.0.100 11/Jun/2026/14/15/20 GET /v1/AUTH_0e20f6338368451eb70c530ef9d9943c/gnocchi.0f1ff109-bdf9-453d-a1ca-4f83c81e5a93/none_v3 HTTP/1.0 404 - python-swiftclient-3.11.1 gAAAAABqKsIXQn8w... - 70 - tx8caf2aebc04a425babd73-006a2ac2f8 - 0.0236 - - 1781187320.063068151 1781187320.086703539 0
Jun 11 14:15:20 standalone account-server[127794]: 172.20.0.100 - - [11/Jun/2026:14:15:20 +0000] "PUT /d1/493/AUTH_0e20f6338368451eb70c530ef9d9943c/gnocchi.0f1ff109-bdf9-453d-a1ca-4f83c81e5a93" 201 - "PUT http://172.20.0.100:6001/d1/377/AUTH_0e20f6338368451eb70c530ef9d9943c/gnocchi.0f1ff109-bdf9-453d-a1ca-4f83c81e5a93" "txcdfb1870ab7142dd8a709-006a2ac2f8" "container-server 23" 0.0010 "-" 22 0
Jun 11 14:15:20 standalone container-server[127751]: 172.20.0.100 - - [11/Jun/2026:14:15:20 +0000] "PUT /d1/377/AUTH_0e20f6338368451eb70c530ef9d9943c/gnocchi.0f1ff109-bdf9-453d-a1ca-4f83c81e5a93" 201 - "PUT http://172.18.0.2:8080/v1/AUTH_0e20f6338368451eb70c530ef9d9943c/gnocchi.0f1ff109-bdf9-453d-a1ca-4f83c81e5a93" "txcdfb1870ab7142dd8a709-006a2ac2f8" "proxy-server 20" 0.0118 "-" 23 0
Jun 11 14:15:20 standalone proxy-server[129811]: 172.18.0.2 172.18.0.100 11/Jun/2026/14/15/20 PUT /v1/AUTH_0e20f6338368451eb70c530ef9d9943c/gnocchi.0f1ff109-bdf9-453d-a1ca-4f83c81e5a93 HTTP/1.0 201 - python-swiftclient-3.11.1 gAAAAABqKsIXQn8w... - - - txcdfb1870ab7142dd8a709-006a2ac2f8 - 0.0165 - - 1781187320.089240313 1781187320.105696201 0
Jun 11 14:15:20 standalone container-server[127740]: 172.20.0.100 - - [11/Jun/2026:14:15:20 +0000] "HEAD /d1/377/AUTH_0e20f6338368451eb70c530ef9d9943c/gnocchi.0f1ff109-bdf9-453d-a1ca-4f83c81e5a93" 204 - "HEAD http://172.18.0.2:8080/v1/AUTH_0e20f6338368451eb70c530ef9d9943c/gnocchi.0f1ff109-bdf9-453d-a1ca-4f83c81e5a93?format=json&states=listing" "tx373dc3133f7649b4b0957-006a2ac2f8" "proxy-server 20" 0.0033 "-" 21 0
Jun 11 14:15:20 standalone proxy-server[129811]: - - 11/Jun/2026/14/15/20 HEAD /v1/AUTH_0e20f6338368451eb70c530ef9d9943c/gnocchi.0f1ff109-bdf9-453d-a1ca-4f83c81e5a93%3Fformat%3Djson%26states%3Dlisting HTTP/1.0 204 - Swift - - - - tx373dc3133f7649b4b0957-006a2ac2f8 - 0.0072 RL - 1781187320.111200571 1781187320.118414879 0
Jun 11 14:15:20 standalone container-server[127743]: 172.20.0.100 - - [11/Jun/2026:14:15:20 +0000] "GET /d1/377/AUTH_0e20f6338368451eb70c530ef9d9943c/gnocchi.0f1ff109-bdf9-453d-a1ca-4f83c81e5a93" 200 2 "GET http://172.18.0.2:8080/v1/AUTH_0e20f6338368451eb70c530ef9d9943c/gnocchi.0f1ff109-bdf9-453d-a1ca-4f83c81e5a93?format=json&states=listing" "tx373dc3133f7649b4b0957-006a2ac2f8" "proxy-server 20" 0.0038 "-" 22 0
Jun 11 14:15:20 standalone proxy-server[129811]: 172.18.0.2 172.18.0.100 11/Jun/2026/14/15/20 GET /v1/AUTH_0e20f6338368451eb70c530ef9d9943c/gnocchi.0f1ff109-bdf9-453d-a1ca-4f83c81e5a93%3Fformat%3Djson%26states%3Dlisting HTTP/1.0 200 - python-swiftclient-3.11.1 gAAAAABqKsIXQn8w... - 2 - tx373dc3133f7649b4b0957-006a2ac2f8 - 0.0191 - - 1781187320.108778715 1781187320.127927542 0
Jun 11 14:15:20 standalone object-server[127877]: 172.20.0.100 - - [11/Jun/2026:14:15:20 +0000] "GET /d1/782/AUTH_0e20f6338368451eb70c530ef9d9943c/gnocchi.0f1ff109-bdf9-453d-a1ca-4f83c81e5a93/1780920000.0_mean_300.0_v3" 404 70 "GET http://172.18.0.2:8080/v1/AUTH_0e20f6338368451eb70c530ef9d9943c/gnocchi.0f1ff109-bdf9-453d-a1ca-4f83c81e5a93/1780920000.0_mean_300.0_v3" "txe991118ae03c45d685465-006a2ac2f8" "proxy-server 20" 0.0004 "-" 22 0
Jun 11 14:15:20 standalone proxy-server[129811]: 172.18.0.2 172.18.0.100 11/Jun/2026/14/15/20 GET /v1/AUTH_0e20f6338368451eb70c530ef9d9943c/gnocchi.0f1ff109-bdf9-453d-a1ca-4f83c81e5a93/1780920000.0_mean_300.0_v3 HTTP/1.0 404 - python-swiftclient-3.11.1 gAAAAABqKsIXQn8w... - 70 - txe991118ae03c45d685465-006a2ac2f8 - 0.0046 - - 1781187320.130860806 1781187320.135411024 0
Jun 11 14:15:20 standalone container-server[127751]: 172.20.0.100 - - [11/Jun/2026:14:15:20 +0000] "PUT /d1/377/AUTH_0e20f6338368451eb70c530ef9d9943c/gnocchi.0f1ff109-bdf9-453d-a1ca-4f83c81e5a93/1780920000.0_mean_300.0_v3" 201 - "PUT http://172.18.0.2:8080/d1/782/AUTH_0e20f6338368451eb70c530ef9d9943c/gnocchi.0f1ff109-bdf9-453d-a1ca-4f83c81e5a93/1780920000.0_mean_300.0_v3" "txc92c6a4b6ecb48d686c72-006a2ac2f8" "object-server 21" 0.0009 "-" 23 0
Jun 11 14:15:20 standalone object-server[127876]: 172.20.0.100 - - [11/Jun/2026:14:15:20 +0000] "PUT /d1/782/AUTH_0e20f6338368451eb70c530ef9d9943c/gnocchi.0f1ff109-bdf9-453d-a1ca-4f83c81e5a93/1780920000.0_mean_300.0_v3" 201 - "PUT http://172.18.0.2:8080/v1/AUTH_0e20f6338368451eb70c530ef9d9943c/gnocchi.0f1ff109-bdf9-453d-a1ca-4f83c81e5a93/1780920000.0_mean_300.0_v3" "txc92c6a4b6ecb48d686c72-006a2ac2f8" "proxy-server 20" 0.0140 "-" 21 0
Jun 11 14:15:20 standalone proxy-server[129811]: 172.18.0.2 172.18.0.100 11/Jun/2026/14/15/20 PUT /v1/AUTH_0e20f6338368451eb70c530ef9d9943c/gnocchi.0f1ff109-bdf9-453d-a1ca-4f83c81e5a93/1780920000.0_mean_300.0_v3 HTTP/1.0 201 - python-swiftclient-3.11.1 gAAAAABqKsIXQn8w... 16 - - txc92c6a4b6ecb48d686c72-006a2ac2f8 - 0.0196 - - 1781187320.137829781 1781187320.157469511 0
Jun 11 14:15:20 standalone container-server[127740]: 172.20.0.100 - - [11/Jun/2026:14:15:20 +0000] "PUT /d1/377/AUTH_0e20f6338368451eb70c530ef9d9943c/gnocchi.0f1ff109-bdf9-453d-a1ca-4f83c81e5a93/none_v3" 201 - "PUT http://172.18.0.2:8080/d1/117/AUTH_0e20f6338368451eb70c530ef9d9943c/gnocchi.0f1ff109-bdf9-453d-a1ca-4f83c81e5a93/none_v3" "tx0af74f4411dc42b8824ef-006a2ac2f8" "object-server 23" 0.0042 "-" 21 0
Jun 11 14:15:20 standalone object-server[127878]: 172.20.0.100 - - [11/Jun/2026:14:15:20 +0000] "PUT /d1/117/AUTH_0e20f6338368451eb70c530ef9d9943c/gnocchi.0f1ff109-bdf9-453d-a1ca-4f83c81e5a93/none_v3" 201 - "PUT http://172.18.0.2:8080/v1/AUTH_0e20f6338368451eb70c530ef9d9943c/gnocchi.0f1ff109-bdf9-453d-a1ca-4f83c81e5a93/none_v3" "tx0af74f4411dc42b8824ef-006a2ac2f8" "proxy-server 20" 0.0149 "-" 23 0
Jun 11 14:15:20 standalone proxy-server[129811]: 172.18.0.2 172.18.0.100 11/Jun/2026/14/15/20 PUT /v1/AUTH_0e20f6338368451eb70c530ef9d9943c/gnocchi.0f1ff109-bdf9-453d-a1ca-4f83c81e5a93/none_v3 HTTP/1.0 201 - python-swiftclient-3.11.1 gAAAAABqKsIXQn8w... 22 - - tx0af74f4411dc42b8824ef-006a2ac2f8 - 0.0222 - - 1781187320.159927130 1781187320.182102203 0
Jun 11 14:15:20 standalone container-server[127740]: 172.20.0.100 - - [11/Jun/2026:14:15:20 +0000] "HEAD /d1/501/AUTH_0e20f6338368451eb70c530ef9d9943c/gnocchi.ddfd2c11-8378-4a60-b22e-4723cf5943fc" 404 - "HEAD http://172.18.0.2:8080/v1/AUTH_0e20f6338368451eb70c530ef9d9943c/gnocchi.ddfd2c11-8378-4a60-b22e-4723cf5943fc?format=json&states=listing" "txa67dd1c2d0bc4720a6dcd-006a2ac2f8" "proxy-server 20" 0.0006 "-" 21 0
Jun 11 14:15:20 standalone object-server[127878]: 172.20.0.100 - - [11/Jun/2026:14:15:20 +0000] "GET /d1/324/AUTH_0e20f6338368451eb70c530ef9d9943c/gnocchi.ddfd2c11-8378-4a60-b22e-4723cf5943fc/none_v3" 404 70 "GET http://172.18.0.2:8080/v1/AUTH_0e20f6338368451eb70c530ef9d9943c/gnocchi.ddfd2c11-8378-4a60-b22e-4723cf5943fc/none_v3" "txa67dd1c2d0bc4720a6dcd-006a2ac2f8" "proxy-server 20" 0.0003 "-" 23 0
Jun 11 14:15:20 standalone proxy-server[129811]: 172.18.0.2 172.18.0.100 11/Jun/2026/14/15/20 GET /v1/AUTH_0e20f6338368451eb70c530ef9d9943c/gnocchi.ddfd2c11-8378-4a60-b22e-4723cf5943fc/none_v3 HTTP/1.0 404 - python-swiftclient-3.11.1 gAAAAABqKsIXQn8w... - 70 - txa67dd1c2d0bc4720a6dcd-006a2ac2f8 - 0.0120 - - 1781187320.191782475 1781187320.203805685 0
Jun 11 14:15:20 standalone account-server[127794]: 172.20.0.100 - - [11/Jun/2026:14:15:20 +0000] "PUT /d1/493/AUTH_0e20f6338368451eb70c530ef9d9943c/gnocchi.ddfd2c11-8378-4a60-b22e-4723cf5943fc" 201 - "PUT http://172.20.0.100:6001/d1/501/AUTH_0e20f6338368451eb70c530ef9d9943c/gnocchi.ddfd2c11-8378-4a60-b22e-4723cf5943fc" "txe5c4f5cec25046dbb18de-006a2ac2f8" "container-server 20" 0.0047 "-" 22 0
Jun 11 14:15:20 standalone container-server[127739]: 172.20.0.100 - - [11/Jun/2026:14:15:20 +0000] "PUT /d1/501/AUTH_0e20f6338368451eb70c530ef9d9943c/gnocchi.ddfd2c11-8378-4a60-b22e-4723cf5943fc" 201 - "PUT http://172.18.0.2:8080/v1/AUTH_0e20f6338368451eb70c530ef9d9943c/gnocchi.ddfd2c11-8378-4a60-b22e-4723cf5943fc" "txe5c4f5cec25046dbb18de-006a2ac2f8" "proxy-server 20" 0.0157 "-" 20 0
Jun 11 14:15:20 standalone proxy-server[129811]: 172.18.0.2 172.18.0.100 11/Jun/2026/14/15/20 PUT /v1/AUTH_0e20f6338368451eb70c530ef9d9943c/gnocchi.ddfd2c11-8378-4a60-b22e-4723cf5943fc HTTP/1.0 201 - python-swiftclient-3.11.1 gAAAAABqKsIXQn8w... - - - txe5c4f5cec25046dbb18de-006a2ac2f8 - 0.0216 - - 1781187320.206844091 1781187320.228399754 0
Jun 11 14:15:20 standalone container-server[127751]: 172.20.0.100 - - [11/Jun/2026:14:15:20 +0000] "HEAD /d1/501/AUTH_0e20f6338368451eb70c530ef9d9943c/gnocchi.ddfd2c11-8378-4a60-b22e-4723cf5943fc" 204 - "HEAD http://172.18.0.2:8080/v1/AUTH_0e20f6338368451eb70c530ef9d9943c/gnocchi.ddfd2c11-8378-4a60-b22e-4723cf5943fc?format=json&states=listing" "tx70138dd04fbe4afcb7124-006a2ac2f8" "proxy-server 20" 0.0012 "-" 23 0
Jun 11 14:15:20 standalone proxy-server[129811]: - - 11/Jun/2026/14/15/20 HEAD /v1/AUTH_0e20f6338368451eb70c530ef9d9943c/gnocchi.ddfd2c11-8378-4a60-b22e-4723cf5943fc%3Fformat%3Djson%26states%3Dlisting HTTP/1.0 204 - Swift - - - - tx70138dd04fbe4afcb7124-006a2ac2f8 - 0.0054 RL - 1781187320.235903502 1781187320.241264820 0
Jun 11 14:15:20 standalone container-server[127740]: 172.20.0.100 - - [11/Jun/2026:14:15:20 +0000] "GET /d1/501/AUTH_0e20f6338368451eb70c530ef9d9943c/gnocchi.ddfd2c11-8378-4a60-b22e-4723cf5943fc" 200 2 "GET http://172.18.0.2:8080/v1/AUTH_0e20f6338368451eb70c530ef9d9943c/gnocchi.ddfd2c11-8378-4a60-b22e-4723cf5943fc?format=json&states=listing" "tx70138dd04fbe4afcb7124-006a2ac2f8" "proxy-server 20" 0.0032 "-" 21 0
Jun 11 14:15:20 standalone proxy-server[129811]: 172.18.0.2 172.18.0.100 11/Jun/2026/14/15/20 GET /v1/AUTH_0e20f6338368451eb70c530ef9d9943c/gnocchi.ddfd2c11-8378-4a60-b22e-4723cf5943fc%3Fformat%3Djson%26states%3Dlisting HTTP/1.0 200 - python-swiftclient-3.11.1 gAAAAABqKsIXQn8w... - 2 - tx70138dd04fbe4afcb7124-006a2ac2f8 - 0.0205 - - 1781187320.234691620 1781187320.255198956 0
Jun 11 14:15:20 standalone object-server[127876]: 172.20.0.100 - - [11/Jun/2026:14:15:20 +0000] "GET /d1/967/AUTH_0e20f6338368451eb70c530ef9d9943c/gnocchi.ddfd2c11-8378-4a60-b22e-4723cf5943fc/1780920000.0_mean_300.0_v3" 404 70 "GET http://172.18.0.2:8080/v1/AUTH_0e20f6338368451eb70c530ef9d9943c/gnocchi.ddfd2c11-8378-4a60-b22e-4723cf5943fc/1780920000.0_mean_300.0_v3" "txe7393db65fb544bbb1f0b-006a2ac2f8" "proxy-server 20" 0.0005 "-" 21 0
Jun 11 14:15:20 standalone proxy-server[129811]: 172.18.0.2 172.18.0.100 11/Jun/2026/14/15/20 GET /v1/AUTH_0e20f6338368451eb70c530ef9d9943c/gnocchi.ddfd2c11-8378-4a60-b22e-4723cf5943fc/1780920000.0_mean_300.0_v3 HTTP/1.0 404 - python-swiftclient-3.11.1 gAAAAABqKsIXQn8w... - 70 - txe7393db65fb544bbb1f0b-006a2ac2f8 - 0.0065 - - 1781187320.259197950 1781187320.265711308 0
Jun 11 14:15:20 standalone container-server[127751]: 172.20.0.100 - - [11/Jun/2026:14:15:20 +0000] "PUT /d1/501/AUTH_0e20f6338368451eb70c530ef9d9943c/gnocchi.ddfd2c11-8378-4a60-b22e-4723cf5943fc/1780920000.0_mean_300.0_v3" 201 - "PUT http://172.18.0.2:8080/d1/967/AUTH_0e20f6338368451eb70c530ef9d9943c/gnocchi.ddfd2c11-8378-4a60-b22e-4723cf5943fc/1780920000.0_mean_300.0_v3" "tx8d68d64b906a4f8ca8af4-006a2ac2f8" "object-server 21" 0.0006 "-" 23 0
Jun 11 14:15:20 standalone object-server[127876]: 172.20.0.100 - - [11/Jun/2026:14:15:20 +0000] "PUT /d1/967/AUTH_0e20f6338368451eb70c530ef9d9943c/gnocchi.ddfd2c11-8378-4a60-b22e-4723cf5943fc/1780920000.0_mean_300.0_v3" 201 - "PUT http://172.18.0.2:8080/v1/AUTH_0e20f6338368451eb70c530ef9d9943c/gnocchi.ddfd2c11-8378-4a60-b22e-4723cf5943fc/1780920000.0_mean_300.0_v3" "tx8d68d64b906a4f8ca8af4-006a2ac2f8" "proxy-server 20" 0.0088 "-" 21 0
Jun 11 14:15:20 standalone proxy-server[129811]: 172.18.0.2 172.18.0.100 11/Jun/2026/14/15/20 PUT /v1/AUTH_0e20f6338368451eb70c530ef9d9943c/gnocchi.ddfd2c11-8378-4a60-b22e-4723cf5943fc/1780920000.0_mean_300.0_v3 HTTP/1.0 201 - python-swiftclient-3.11.1 gAAAAABqKsIXQn8w... 16 - - tx8d68d64b906a4f8ca8af4-006a2ac2f8 - 0.0147 - - 1781187320.269102573 1781187320.283844709 0
Jun 11 14:15:20 standalone container-server[127740]: 172.20.0.100 - - [11/Jun/2026:14:15:20 +0000] "PUT /d1/501/AUTH_0e20f6338368451eb70c530ef9d9943c/gnocchi.ddfd2c11-8378-4a60-b22e-4723cf5943fc/none_v3" 201 - "PUT http://172.18.0.2:8080/d1/324/AUTH_0e20f6338368451eb70c530ef9d9943c/gnocchi.ddfd2c11-8378-4a60-b22e-4723cf5943fc/none_v3" "tx10578b622343423caf1af-006a2ac2f8" "object-server 22" 0.0006 "-" 21 0
Jun 11 14:15:20 standalone object-server[127877]: 172.20.0.100 - - [11/Jun/2026:14:15:20 +0000] "PUT /d1/324/AUTH_0e20f6338368451eb70c530ef9d9943c/gnocchi.ddfd2c11-8378-4a60-b22e-4723cf5943fc/none_v3" 201 - "PUT http://172.18.0.2:8080/v1/AUTH_0e20f6338368451eb70c530ef9d9943c/gnocchi.ddfd2c11-8378-4a60-b22e-4723cf5943fc/none_v3" "tx10578b622343423caf1af-006a2ac2f8" "proxy-server 20" 0.0098 "-" 22 0
Jun 11 14:15:20 standalone proxy-server[129811]: 172.18.0.2 172.18.0.100 11/Jun/2026/14/15/20 PUT /v1/AUTH_0e20f6338368451eb70c530ef9d9943c/gnocchi.ddfd2c11-8378-4a60-b22e-4723cf5943fc/none_v3 HTTP/1.0 201 - python-swiftclient-3.11.1 gAAAAABqKsIXQn8w... 22 - - tx10578b622343423caf1af-006a2ac2f8 - 0.0156 - - 1781187320.287177324 1781187320.302750349 0
Jun 11 14:15:20 standalone container-server[127740]: 172.20.0.100 - - [11/Jun/2026:14:15:20 +0000] "HEAD /d1/800/AUTH_0e20f6338368451eb70c530ef9d9943c/gnocchi.cd4b1a25-027d-487d-8def-e2b0a99d0568" 404 - "HEAD http://172.18.0.2:8080/v1/AUTH_0e20f6338368451eb70c530ef9d9943c/gnocchi.cd4b1a25-027d-487d-8def-e2b0a99d0568?format=json&states=listing" "tx0c79051ded7847a7a5f4d-006a2ac2f8" "proxy-server 20" 0.0004 "-" 21 0
Jun 11 14:15:20 standalone object-server[127883]: 172.20.0.100 - - [11/Jun/2026:14:15:20 +0000] "GET /d1/1000/AUTH_0e20f6338368451eb70c530ef9d9943c/gnocchi.cd4b1a25-027d-487d-8def-e2b0a99d0568/none_v3" 404 70 "GET http://172.18.0.2:8080/v1/AUTH_0e20f6338368451eb70c530ef9d9943c/gnocchi.cd4b1a25-027d-487d-8def-e2b0a99d0568/none_v3" "tx0c79051ded7847a7a5f4d-006a2ac2f8" "proxy-server 20" 0.0004 "-" 24 0
Jun 11 14:15:20 standalone proxy-server[129811]: 172.18.0.2 172.18.0.100 11/Jun/2026/14/15/20 GET /v1/AUTH_0e20f6338368451eb70c530ef9d9943c/gnocchi.cd4b1a25-027d-487d-8def-e2b0a99d0568/none_v3 HTTP/1.0 404 - python-swiftclient-3.11.1 gAAAAABqKsIXQn8w... - 70 - tx0c79051ded7847a7a5f4d-006a2ac2f8 - 0.0123 - - 1781187320.316070318 1781187320.328404188 0
Jun 11 14:15:20 standalone account-server[127794]: 172.20.0.100 - - [11/Jun/2026:14:15:20 +0000] "PUT /d1/493/AUTH_0e20f6338368451eb70c530ef9d9943c/gnocchi.cd4b1a25-027d-487d-8def-e2b0a99d0568" 201 - "PUT http://172.20.0.100:6001/d1/800/AUTH_0e20f6338368451eb70c530ef9d9943c/gnocchi.cd4b1a25-027d-487d-8def-e2b0a99d0568" "txd5990b43de524ef191a14-006a2ac2f8" "container-server 21" 0.0041 "-" 22 0
Jun 11 14:15:20 standalone container-server[127740]: 172.20.0.100 - - [11/Jun/2026:14:15:20 +0000] "PUT /d1/800/AUTH_0e20f6338368451eb70c530ef9d9943c/gnocchi.cd4b1a25-027d-487d-8def-e2b0a99d0568" 201 - "PUT http://172.18.0.2:8080/v1/AUTH_0e20f6338368451eb70c530ef9d9943c/gnocchi.cd4b1a25-027d-487d-8def-e2b0a99d0568" "txd5990b43de524ef191a14-006a2ac2f8" "proxy-server 20" 0.0131 "-" 21 0
Jun 11 14:15:20 standalone proxy-server[129811]: 172.18.0.2 172.18.0.100 11/Jun/2026/14/15/20 PUT /v1/AUTH_0e20f6338368451eb70c530ef9d9943c/gnocchi.cd4b1a25-027d-487d-8def-e2b0a99d0568 HTTP/1.0 201 - python-swiftclient-3.11.1 gAAAAABqKsIXQn8w... - - - txd5990b43de524ef191a14-006a2ac2f8 - 0.0197 - - 1781187320.333527565 1781187320.353196144 0
Jun 11 14:15:20 standalone container-server[127743]: 172.20.0.100 - - [11/Jun/2026:14:15:20 +0000] "HEAD /d1/800/AUTH_0e20f6338368451eb70c530ef9d9943c/gnocchi.cd4b1a25-027d-487d-8def-e2b0a99d0568" 204 - "HEAD http://172.18.0.2:8080/v1/AUTH_0e20f6338368451eb70c530ef9d9943c/gnocchi.cd4b1a25-027d-487d-8def-e2b0a99d0568?format=json&states=listing" "txa15694c8f102421ab3d50-006a2ac2f8" "proxy-server 20" 0.0015 "-" 22 0
Jun 11 14:15:20 standalone proxy-server[129811]: - - 11/Jun/2026/14/15/20 HEAD /v1/AUTH_0e20f6338368451eb70c530ef9d9943c/gnocchi.cd4b1a25-027d-487d-8def-e2b0a99d0568%3Fformat%3Djson%26states%3Dlisting HTTP/1.0 204 - Swift - - - - txa15694c8f102421ab3d50-006a2ac2f8 - 0.0043 RL - 1781187320.359596491 1781187320.363887548 0
Jun 11 14:15:20 standalone container-server[127740]: 172.20.0.100 - - [11/Jun/2026:14:15:20 +0000] "GET /d1/800/AUTH_0e20f6338368451eb70c530ef9d9943c/gnocchi.cd4b1a25-027d-487d-8def-e2b0a99d0568" 200 2 "GET http://172.18.0.2:8080/v1/AUTH_0e20f6338368451eb70c530ef9d9943c/gnocchi.cd4b1a25-027d-487d-8def-e2b0a99d0568?format=json&states=listing" "txa15694c8f102421ab3d50-006a2ac2f8" "proxy-server 20" 0.0030 "-" 21 0
Jun 11 14:15:20 standalone proxy-server[129811]: 172.18.0.2 172.18.0.100 11/Jun/2026/14/15/20 GET /v1/AUTH_0e20f6338368451eb70c530ef9d9943c/gnocchi.cd4b1a25-027d-487d-8def-e2b0a99d0568%3Fformat%3Djson%26states%3Dlisting HTTP/1.0 200 - python-swiftclient-3.11.1 gAAAAABqKsIXQn8w... - 2 - txa15694c8f102421ab3d50-006a2ac2f8 - 0.0139 - - 1781187320.358456850 1781187320.372365475 0
Jun 11 14:15:20 standalone object-server[127878]: 172.20.0.100 - - [11/Jun/2026:14:15:20 +0000] "GET /d1/198/AUTH_0e20f6338368451eb70c530ef9d9943c/gnocchi.cd4b1a25-027d-487d-8def-e2b0a99d0568/1780920000.0_mean_300.0_v3" 404 70 "GET http://172.18.0.2:8080/v1/AUTH_0e20f6338368451eb70c530ef9d9943c/gnocchi.cd4b1a25-027d-487d-8def-e2b0a99d0568/1780920000.0_mean_300.0_v3" "txfc93edd9d0464680a5a4c-006a2ac2f8" "proxy-server 20" 0.0004 "-" 23 0
Jun 11 14:15:20 standalone proxy-server[129811]: 172.18.0.2 172.18.0.100 11/Jun/2026/14/15/20 GET /v1/AUTH_0e20f6338368451eb70c530ef9d9943c/gnocchi.cd4b1a25-027d-487d-8def-e2b0a99d0568/1780920000.0_mean_300.0_v3 HTTP/1.0 404 - python-swiftclient-3.11.1 gAAAAABqKsIXQn8w... - 70 - txfc93edd9d0464680a5a4c-006a2ac2f8 - 0.0046 - - 1781187320.375524759 1781187320.380082607 0
Jun 11 14:15:20 standalone container-server[127740]: 172.20.0.100 - - [11/Jun/2026:14:15:20 +0000] "PUT /d1/800/AUTH_0e20f6338368451eb70c530ef9d9943c/gnocchi.cd4b1a25-027d-487d-8def-e2b0a99d0568/1780920000.0_mean_300.0_v3" 201 - "PUT http://172.18.0.2:8080/d1/198/AUTH_0e20f6338368451eb70c530ef9d9943c/gnocchi.cd4b1a25-027d-487d-8def-e2b0a99d0568/1780920000.0_mean_300.0_v3" "tx4afaf33e2a6843d4b1080-006a2ac2f8" "object-server 23" 0.0007 "-" 21 0
Jun 11 14:15:20 standalone object-server[127878]: 172.20.0.100 - - [11/Jun/2026:14:15:20 +0000] "PUT /d1/198/AUTH_0e20f6338368451eb70c530ef9d9943c/gnocchi.cd4b1a25-027d-487d-8def-e2b0a99d0568/1780920000.0_mean_300.0_v3" 201 - "PUT http://172.18.0.2:8080/v1/AUTH_0e20f6338368451eb70c530ef9d9943c/gnocchi.cd4b1a25-027d-487d-8def-e2b0a99d0568/1780920000.0_mean_300.0_v3" "tx4afaf33e2a6843d4b1080-006a2ac2f8" "proxy-server 20" 0.0076 "-" 23 0
Jun 11 14:15:20 standalone proxy-server[129811]: 172.18.0.2 172.18.0.100 11/Jun/2026/14/15/20 PUT /v1/AUTH_0e20f6338368451eb70c530ef9d9943c/gnocchi.cd4b1a25-027d-487d-8def-e2b0a99d0568/1780920000.0_mean_300.0_v3 HTTP/1.0 201 - python-swiftclient-3.11.1 gAAAAABqKsIXQn8w... 16 - - tx4afaf33e2a6843d4b1080-006a2ac2f8 - 0.0140 - - 1781187320.382009506 1781187320.396024942 0
Jun 11 14:15:20 standalone container-server[127743]: 172.20.0.100 - - [11/Jun/2026:14:15:20 +0000] "PUT /d1/800/AUTH_0e20f6338368451eb70c530ef9d9943c/gnocchi.cd4b1a25-027d-487d-8def-e2b0a99d0568/none_v3" 201 - "PUT http://172.18.0.2:8080/d1/1000/AUTH_0e20f6338368451eb70c530ef9d9943c/gnocchi.cd4b1a25-027d-487d-8def-e2b0a99d0568/none_v3" "tx3d720e99920d4d3a8299a-006a2ac2f8" "object-server 24" 0.0005 "-" 22 0
Jun 11 14:15:20 standalone object-server[127883]: 172.20.0.100 - - [11/Jun/2026:14:15:20 +0000] "PUT /d1/1000/AUTH_0e20f6338368451eb70c530ef9d9943c/gnocchi.cd4b1a25-027d-487d-8def-e2b0a99d0568/none_v3" 201 - "PUT http://172.18.0.2:8080/v1/AUTH_0e20f6338368451eb70c530ef9d9943c/gnocchi.cd4b1a25-027d-487d-8def-e2b0a99d0568/none_v3" "tx3d720e99920d4d3a8299a-006a2ac2f8" "proxy-server 20" 0.0092 "-" 24 0
Jun 11 14:15:20 standalone proxy-server[129811]: 172.18.0.2 172.18.0.100 11/Jun/2026/14/15/20 PUT /v1/AUTH_0e20f6338368451eb70c530ef9d9943c/gnocchi.cd4b1a25-027d-487d-8def-e2b0a99d0568/none_v3 HTTP/1.0 201 - python-swiftclient-3.11.1 gAAAAABqKsIXQn8w... 22 - - tx3d720e99920d4d3a8299a-006a2ac2f8 - 0.0145 - - 1781187320.398344994 1781187320.412801027 0
Jun 11 14:15:20 standalone container-server[127739]: 172.20.0.100 - - [11/Jun/2026:14:15:20 +0000] "HEAD /d1/587/AUTH_0e20f6338368451eb70c530ef9d9943c/gnocchi.703ec50e-8ebf-4b3a-a9ba-34bf82a9289a" 404 - "HEAD http://172.18.0.2:8080/v1/AUTH_0e20f6338368451eb70c530ef9d9943c/gnocchi.703ec50e-8ebf-4b3a-a9ba-34bf82a9289a?format=json&states=listing" "tx87787d7b92064042ad176-006a2ac2f8" "proxy-server 20" 0.0004 "-" 20 0
Jun 11 14:15:20 standalone object-server[127883]: 172.20.0.100 - - [11/Jun/2026:14:15:20 +0000] "GET /d1/126/AUTH_0e20f6338368451eb70c530ef9d9943c/gnocchi.703ec50e-8ebf-4b3a-a9ba-34bf82a9289a/none_v3" 404 70 "GET http://172.18.0.2:8080/v1/AUTH_0e20f6338368451eb70c530ef9d9943c/gnocchi.703ec50e-8ebf-4b3a-a9ba-34bf82a9289a/none_v3" "tx87787d7b92064042ad176-006a2ac2f8" "proxy-server 20" 0.0003 "-" 24 0
Jun 11 14:15:20 standalone proxy-server[129811]: 172.18.0.2 172.18.0.100 11/Jun/2026/14/15/20 GET /v1/AUTH_0e20f6338368451eb70c530ef9d9943c/gnocchi.703ec50e-8ebf-4b3a-a9ba-34bf82a9289a/none_v3 HTTP/1.0 404 - python-swiftclient-3.11.1 gAAAAABqKsIXQn8w... - 70 - tx87787d7b92064042ad176-006a2ac2f8 - 0.0078 - - 1781187320.419500828 1781187320.427274227 0
Jun 11 14:15:20 standalone account-server[127794]: 172.20.0.100 - - [11/Jun/2026:14:15:20 +0000] "PUT /d1/493/AUTH_0e20f6338368451eb70c530ef9d9943c/gnocchi.703ec50e-8ebf-4b3a-a9ba-34bf82a9289a" 201 - "PUT http://172.20.0.100:6001/d1/587/AUTH_0e20f6338368451eb70c530ef9d9943c/gnocchi.703ec50e-8ebf-4b3a-a9ba-34bf82a9289a" "tx788672beb23a41c3931d9-006a2ac2f8" "container-server 20" 0.0060 "-" 22 0
Jun 11 14:15:20 standalone container-server[127739]: 172.20.0.100 - - [11/Jun/2026:14:15:20 +0000] "PUT /d1/587/AUTH_0e20f6338368451eb70c530ef9d9943c/gnocchi.703ec50e-8ebf-4b3a-a9ba-34bf82a9289a" 201 - "PUT http://172.18.0.2:8080/v1/AUTH_0e20f6338368451eb70c530ef9d9943c/gnocchi.703ec50e-8ebf-4b3a-a9ba-34bf82a9289a" "tx788672beb23a41c3931d9-006a2ac2f8" "proxy-server 20" 0.0150 "-" 20 0
Jun 11 14:15:20 standalone proxy-server[129811]: 172.18.0.2 172.18.0.100 11/Jun/2026/14/15/20 PUT /v1/AUTH_0e20f6338368451eb70c530ef9d9943c/gnocchi.703ec50e-8ebf-4b3a-a9ba-34bf82a9289a HTTP/1.0 201 - python-swiftclient-3.11.1 gAAAAABqKsIXQn8w... - - - tx788672beb23a41c3931d9-006a2ac2f8 - 0.0197 - - 1781187320.429123878 1781187320.448795080 0
