Jun 10 13:00:11 standalone account-server[127397]: Starting 2
Jun 10 13:00:12 standalone account-server[127478]: Started child 20 from parent 2
Jun 10 13:00:12 standalone account-server[127478]: Started child 21 from parent 2
Jun 10 13:00:12 standalone account-server[127478]: Started child 22 from parent 2
Jun 10 13:00:12 standalone account-server[127478]: Started child 23 from parent 2
Jun 10 13:00:12 standalone container-server[127773]: Starting 2
Jun 10 13:00:12 standalone container-server[127657]: Option allow_versions is deprecated. Configure the versioned_writes middleware in the proxy-server instead. This option will be ignored in a future release.
Jun 10 13:00:12 standalone container-server[127946]: Option allow_versions is deprecated. Configure the versioned_writes middleware in the proxy-server instead. This option will be ignored in a future release.
Jun 10 13:00:12 standalone container-server[127657]: Started child 20 from parent 2
Jun 10 13:00:12 standalone container-server[127948]: Option allow_versions is deprecated. Configure the versioned_writes middleware in the proxy-server instead. This option will be ignored in a future release.
Jun 10 13:00:12 standalone container-server[127657]: Started child 21 from parent 2
Jun 10 13:00:12 standalone container-server[127949]: Option allow_versions is deprecated. Configure the versioned_writes middleware in the proxy-server instead. This option will be ignored in a future release.
Jun 10 13:00:12 standalone container-server[127657]: Started child 22 from parent 2
Jun 10 13:00:12 standalone container-server[127954]: Option allow_versions is deprecated. Configure the versioned_writes middleware in the proxy-server instead. This option will be ignored in a future release.
Jun 10 13:00:12 standalone container-server[127657]: Started child 23 from parent 2
Jun 10 13:00:12 standalone object-expirer[127779]: Starting 2
Jun 10 13:00:12 standalone object-expirer[127779]: Option auto_create_account_prefix is deprecated. Configure auto_create_account_prefix under the swift-constraints section of swift.conf. This option will be ignored in a future release.
Jun 10 13:00:13 standalone object-server[127959]: Started child 21 from parent 2
Jun 10 13:00:13 standalone object-server[127989]: Starting 2
Jun 10 13:00:13 standalone object-server[127959]: Started child 22 from parent 2
Jun 10 13:00:13 standalone object-server[127959]: Started child 23 from parent 2
Jun 10 13:00:13 standalone object-server[127959]: Started child 24 from parent 2
Jun 10 13:00:18 standalone proxy-server[129795]: Starting Keystone auth_token middleware
Jun 10 13:00:18 standalone proxy-server[129795]: AuthToken middleware is set with keystone_authtoken.service_token_roles_required set to False. This is backwards compatible but deprecated behaviour. Please set this to True.
Jun 10 13:00:19 standalone proxy-server[130032]: Starting Keystone auth_token middleware
Jun 10 13:00:19 standalone proxy-server[130032]: STDERR: The option "bind_port" is not known to keystonemiddleware
Jun 10 13:00:19 standalone proxy-server[130032]: STDERR: The option "workers" is not known to keystonemiddleware
Jun 10 13:00:19 standalone proxy-server[130032]: STDERR: The option "user" is not known to keystonemiddleware
Jun 10 13:00:19 standalone proxy-server[130032]: STDERR: The option "bind_ip" is not known to keystonemiddleware
Jun 10 13:00:19 standalone proxy-server[130032]: STDERR: The option "log_name" is not known to keystonemiddleware
Jun 10 13:00:19 standalone proxy-server[130032]: STDERR: The option "log_facility" is not known to keystonemiddleware
Jun 10 13:00:19 standalone proxy-server[130032]: STDERR: The option "log_level" is not known to keystonemiddleware
Jun 10 13:00:19 standalone proxy-server[130032]: STDERR: The option "log_headers" is not known to keystonemiddleware
Jun 10 13:00:19 standalone proxy-server[130032]: STDERR: The option "log_address" is not known to keystonemiddleware
Jun 10 13:00:19 standalone proxy-server[130032]: STDERR: The option "project_name" is not known to keystonemiddleware
Jun 10 13:00:19 standalone proxy-server[130032]: STDERR: The option "username" is not known to keystonemiddleware
Jun 10 13:00:19 standalone proxy-server[130032]: STDERR: The option "password" is not known to keystonemiddleware
Jun 10 13:00:19 standalone proxy-server[130032]: STDERR: The option "auth_url" is not known to keystonemiddleware
Jun 10 13:00:19 standalone proxy-server[130032]: STDERR: The option "signing_dir" is not known to keystonemiddleware
Jun 10 13:00:19 standalone proxy-server[130032]: STDERR: The option "project_domain_id" is not known to keystonemiddleware
Jun 10 13:00:19 standalone proxy-server[130032]: STDERR: The option "user_domain_id" is not known to keystonemiddleware
Jun 10 13:00:19 standalone proxy-server[130032]: STDERR: The option "__name__" is not known to keystonemiddleware
Jun 10 13:00:19 standalone proxy-server[130032]: AuthToken middleware is set with keystone_authtoken.service_token_roles_required set to False. This is backwards compatible but deprecated behaviour. Please set this to True.
Jun 10 13:00:19 standalone proxy-server[129795]: Started child 20 from parent 2
Jun 10 13:02:37 standalone account-server[127772]: 172.20.0.100 - - [10/Jun/2026:13:02:37 +0000] "HEAD /d1/930/.expiring_objects" 404 - "HEAD http://localhost/v1/.expiring_objects?format=json" "txaf13fe0826ea47f5b2adb-006a29606d" "proxy-server 2" 0.0016 "-" 23 -
Jun 10 13:02:37 standalone object-expirer[127779]: Pass completed in 0s; 0 objects expired (txn: txaf13fe0826ea47f5b2adb-006a29606d)
Jun 10 13:03:00 standalone container-server[127773]: Begin container update sweep
Jun 10 13:03:00 standalone container-server[127773]: Container update sweep completed: 0.00s
Jun 10 13:03:03 standalone account-server[127757]: 172.20.0.100 - - [10/Jun/2026:13:03:03 +0000] "HEAD /d1/930/.expiring_objects" 404 - "HEAD http://localhost/v1/.expiring_objects?format=json" "tx8046fd9842124233b4c2b-006a296087" "proxy-server 2" 0.0017 "-" 22 -
Jun 10 13:03:03 standalone object-expirer[127779]: Pass completed in 0s; 0 objects expired (txn: tx8046fd9842124233b4c2b-006a296087)
Jun 10 13:04:54 standalone object-server[127989]: Begin object update sweep
Jun 10 13:04:54 standalone object-server[161803]: Object update sweep starting on /srv/node/d1 (pid: 12)
Jun 10 13:04:54 standalone object-server[161803]: Object update sweep completed on /srv/node/d1 in 0.00s seconds:, 0 successes, 0 failures, 0 quarantines, 0 unlinks, 0 errors, 0 redirects (pid: 12)
Jun 10 13:04:54 standalone object-server[161803]: Object update sweep of d1 completed: 0.00s, 0 successes, 0 failures, 0 quarantines, 0 unlinks, 0 errors, 0 redirects
Jun 10 13:04:54 standalone object-server[127989]: Object update sweep completed: 0.08s
Jun 10 13:05:16 standalone account-server[127757]: 172.20.0.100 - - [10/Jun/2026:13:05:16 +0000] "HEAD /d1/930/.expiring_objects" 404 - "HEAD http://localhost/v1/.expiring_objects?format=json" "txc585d8ca46d142cd9c66b-006a29610c" "proxy-server 2" 0.0006 "-" 22 -
Jun 10 13:05:16 standalone object-expirer[127779]: Pass completed in 0s; 0 objects expired (txn: txc585d8ca46d142cd9c66b-006a29610c)
Jun 10 13:07:13 standalone account-server[127757]: 172.20.0.100 - - [10/Jun/2026:13:07:13 +0000] "HEAD /d1/930/.expiring_objects" 404 - "HEAD http://localhost/v1/.expiring_objects?format=json" "tx1280008ba9b1449c9ba9d-006a296181" "proxy-server 2" 0.0009 "-" 22 -
Jun 10 13:07:13 standalone object-expirer[127779]: Pass completed in 0s; 0 objects expired (txn: tx1280008ba9b1449c9ba9d-006a296181)
Jun 10 13:08:00 standalone container-server[127773]: Begin container update sweep
Jun 10 13:08:00 standalone container-server[127773]: Container update sweep completed: 0.00s
Jun 10 13:09:16 standalone account-server[127734]: 172.20.0.100 - - [10/Jun/2026:13:09:16 +0000] "HEAD /d1/930/.expiring_objects" 404 - "HEAD http://localhost/v1/.expiring_objects?format=json" "tx9a7a453cec7d406a9a0a6-006a2961fc" "proxy-server 2" 0.0016 "-" 20 -
Jun 10 13:09:16 standalone object-expirer[127779]: Pass completed in 0s; 0 objects expired (txn: tx9a7a453cec7d406a9a0a6-006a2961fc)
Jun 10 13:09:54 standalone object-server[127989]: Begin object update sweep
Jun 10 13:09:54 standalone object-server[205032]: Object update sweep starting on /srv/node/d1 (pid: 13)
Jun 10 13:09:54 standalone object-server[205032]: Object update sweep completed on /srv/node/d1 in 0.00s seconds:, 0 successes, 0 failures, 0 quarantines, 0 unlinks, 0 errors, 0 redirects (pid: 13)
Jun 10 13:09:54 standalone object-server[205032]: Object update sweep of d1 completed: 0.00s, 0 successes, 0 failures, 0 quarantines, 0 unlinks, 0 errors, 0 redirects
Jun 10 13:09:54 standalone object-server[127989]: Object update sweep completed: 0.08s
Jun 10 13:12:10 standalone account-server[127757]: 172.20.0.100 - - [10/Jun/2026:13:12:10 +0000] "HEAD /d1/665/AUTH_b0651100e7594062b00f3d325faec881" 404 - "HEAD http://172.18.0.2:8080/v1/AUTH_b0651100e7594062b00f3d325faec881?format=json" "tx918e65bff21b4258815bf-006a2962aa" "proxy-server 20" 0.0007 "-" 22 -
Jun 10 13:12:10 standalone proxy-server[130032]: - - 10/Jun/2026/13/12/10 HEAD /v1/AUTH_b0651100e7594062b00f3d325faec881%3Fformat%3Djson HTTP/1.0 200 - Swift - - - - tx918e65bff21b4258815bf-006a2962aa - 0.0059 RL - 1781097130.765776396 1781097130.771691084 -
Jun 10 13:12:11 standalone object-server[128136]: 172.20.0.100 - - [10/Jun/2026:13:12:11 +0000] "GET /d1/868/AUTH_b0651100e7594062b00f3d325faec881/gnocchi.e03f8ef2-9323-4c56-bc5d-f724a874b7c3/none_v3" 404 70 "GET http://172.18.0.2:8080/v1/AUTH_b0651100e7594062b00f3d325faec881/gnocchi.e03f8ef2-9323-4c56-bc5d-f724a874b7c3/none_v3" "tx918e65bff21b4258815bf-006a2962aa" "proxy-server 20" 0.0010 "-" 24 0
Jun 10 13:12:11 standalone proxy-server[130032]: 172.18.0.2 172.18.0.100 10/Jun/2026/13/12/11 GET /v1/AUTH_b0651100e7594062b00f3d325faec881/gnocchi.e03f8ef2-9323-4c56-bc5d-f724a874b7c3/none_v3 HTTP/1.0 404 - python-swiftclient-3.11.1 gAAAAABqKWKqlyGc... - 70 - tx918e65bff21b4258815bf-006a2962aa - 0.4186 - - 1781097130.763654947 1781097131.182282925 0
Jun 10 13:12:11 standalone account-server[127772]: 172.20.0.100 - - [10/Jun/2026:13:12:11 +0000] "PUT /d1/665/AUTH_b0651100e7594062b00f3d325faec881" 201 - "-" "tx4e0b88f3eb9b4388be5e5-006a2962ab" "-" 0.0170 "-" 23 -
Jun 10 13:12:11 standalone proxy-server[130032]: autocreate account '/AUTH_b0651100e7594062b00f3d325faec881' (txn: tx4e0b88f3eb9b4388be5e5-006a2962ab)
Jun 10 13:12:11 standalone account-server[127745]: 172.20.0.100 - - [10/Jun/2026:13:12:11 +0000] "HEAD /d1/665/AUTH_b0651100e7594062b00f3d325faec881" 204 - "HEAD http://172.18.0.2:8080/v1/AUTH_b0651100e7594062b00f3d325faec881?format=json" "tx4e0b88f3eb9b4388be5e5-006a2962ab" "proxy-server 20" 0.0026 "-" 21 -
Jun 10 13:12:11 standalone account-server[127734]: 172.20.0.100 - - [10/Jun/2026:13:12:11 +0000] "PUT /d1/665/AUTH_b0651100e7594062b00f3d325faec881/gnocchi.e03f8ef2-9323-4c56-bc5d-f724a874b7c3" 201 - "PUT http://172.20.0.100:6001/d1/911/AUTH_b0651100e7594062b00f3d325faec881/gnocchi.e03f8ef2-9323-4c56-bc5d-f724a874b7c3" "tx4e0b88f3eb9b4388be5e5-006a2962ab" "container-server 22" 0.0014 "-" 20 0
Jun 10 13:12:11 standalone container-server[127949]: 172.20.0.100 - - [10/Jun/2026:13:12:11 +0000] "PUT /d1/911/AUTH_b0651100e7594062b00f3d325faec881/gnocchi.e03f8ef2-9323-4c56-bc5d-f724a874b7c3" 201 - "PUT http://172.18.0.2:8080/v1/AUTH_b0651100e7594062b00f3d325faec881/gnocchi.e03f8ef2-9323-4c56-bc5d-f724a874b7c3" "tx4e0b88f3eb9b4388be5e5-006a2962ab" "proxy-server 20" 0.0175 "-" 22 0
Jun 10 13:12:11 standalone proxy-server[130032]: 172.18.0.2 172.18.0.100 10/Jun/2026/13/12/11 PUT /v1/AUTH_b0651100e7594062b00f3d325faec881/gnocchi.e03f8ef2-9323-4c56-bc5d-f724a874b7c3 HTTP/1.0 201 - python-swiftclient-3.11.1 gAAAAABqKWKqlyGc... - - - tx4e0b88f3eb9b4388be5e5-006a2962ab - 0.0521 - - 1781097131.188702345 1781097131.240830898 0
Jun 10 13:12:11 standalone container-server[127954]: 172.20.0.100 - - [10/Jun/2026:13:12:11 +0000] "HEAD /d1/911/AUTH_b0651100e7594062b00f3d325faec881/gnocchi.e03f8ef2-9323-4c56-bc5d-f724a874b7c3" 204 - "HEAD http://172.18.0.2:8080/v1/AUTH_b0651100e7594062b00f3d325faec881/gnocchi.e03f8ef2-9323-4c56-bc5d-f724a874b7c3?format=json&states=listing" "tx27189e45c666450b9a6da-006a2962ab" "proxy-server 20" 0.0022 "-" 23 0
Jun 10 13:12:11 standalone proxy-server[130032]: - - 10/Jun/2026/13/12/11 HEAD /v1/AUTH_b0651100e7594062b00f3d325faec881/gnocchi.e03f8ef2-9323-4c56-bc5d-f724a874b7c3%3Fformat%3Djson%26states%3Dlisting HTTP/1.0 204 - Swift - - - - tx27189e45c666450b9a6da-006a2962ab - 0.0060 RL - 1781097131.247345686 1781097131.253318071 0
Jun 10 13:12:11 standalone container-server[127954]: 172.20.0.100 - - [10/Jun/2026:13:12:11 +0000] "GET /d1/911/AUTH_b0651100e7594062b00f3d325faec881/gnocchi.e03f8ef2-9323-4c56-bc5d-f724a874b7c3" 200 2 "GET http://172.18.0.2:8080/v1/AUTH_b0651100e7594062b00f3d325faec881/gnocchi.e03f8ef2-9323-4c56-bc5d-f724a874b7c3?format=json&states=listing" "tx27189e45c666450b9a6da-006a2962ab" "proxy-server 20" 0.0015 "-" 23 0
Jun 10 13:12:11 standalone proxy-server[130032]: 172.18.0.2 172.18.0.100 10/Jun/2026/13/12/11 GET /v1/AUTH_b0651100e7594062b00f3d325faec881/gnocchi.e03f8ef2-9323-4c56-bc5d-f724a874b7c3%3Fformat%3Djson%26states%3Dlisting HTTP/1.0 200 - python-swiftclient-3.11.1 gAAAAABqKWKqlyGc... - 2 - tx27189e45c666450b9a6da-006a2962ab - 0.0159 - - 1781097131.245658636 1781097131.261526823 0
Jun 10 13:12:11 standalone object-server[128107]: 172.20.0.100 - - [10/Jun/2026:13:12:11 +0000] "GET /d1/431/AUTH_b0651100e7594062b00f3d325faec881/gnocchi.e03f8ef2-9323-4c56-bc5d-f724a874b7c3/1780920000.0_mean_300.0_v3" 404 70 "GET http://172.18.0.2:8080/v1/AUTH_b0651100e7594062b00f3d325faec881/gnocchi.e03f8ef2-9323-4c56-bc5d-f724a874b7c3/1780920000.0_mean_300.0_v3" "txe73acc0607254ad6ad250-006a2962ab" "proxy-server 20" 0.0010 "-" 21 0
Jun 10 13:12:11 standalone proxy-server[130032]: 172.18.0.2 172.18.0.100 10/Jun/2026/13/12/11 GET /v1/AUTH_b0651100e7594062b00f3d325faec881/gnocchi.e03f8ef2-9323-4c56-bc5d-f724a874b7c3/1780920000.0_mean_300.0_v3 HTTP/1.0 404 - python-swiftclient-3.11.1 gAAAAABqKWKqlyGc... - 70 - txe73acc0607254ad6ad250-006a2962ab - 0.0077 - - 1781097131.267380953 1781097131.275050640 0
Jun 10 13:12:11 standalone container-server[127948]: 172.20.0.100 - - [10/Jun/2026:13:12:11 +0000] "PUT /d1/911/AUTH_b0651100e7594062b00f3d325faec881/gnocchi.e03f8ef2-9323-4c56-bc5d-f724a874b7c3/1780920000.0_mean_300.0_v3" 201 - "PUT http://172.18.0.2:8080/d1/431/AUTH_b0651100e7594062b00f3d325faec881/gnocchi.e03f8ef2-9323-4c56-bc5d-f724a874b7c3/1780920000.0_mean_300.0_v3" "txa17d5b9fef264a30b6639-006a2962ab" "object-server 23" 0.0017 "-" 21 0
Jun 10 13:12:11 standalone object-server[128122]: 172.20.0.100 - - [10/Jun/2026:13:12:11 +0000] "PUT /d1/431/AUTH_b0651100e7594062b00f3d325faec881/gnocchi.e03f8ef2-9323-4c56-bc5d-f724a874b7c3/1780920000.0_mean_300.0_v3" 201 - "PUT http://172.18.0.2:8080/v1/AUTH_b0651100e7594062b00f3d325faec881/gnocchi.e03f8ef2-9323-4c56-bc5d-f724a874b7c3/1780920000.0_mean_300.0_v3" "txa17d5b9fef264a30b6639-006a2962ab" "proxy-server 20" 0.0343 "-" 23 0
Jun 10 13:12:11 standalone proxy-server[130032]: 172.18.0.2 172.18.0.100 10/Jun/2026/13/12/11 PUT /v1/AUTH_b0651100e7594062b00f3d325faec881/gnocchi.e03f8ef2-9323-4c56-bc5d-f724a874b7c3/1780920000.0_mean_300.0_v3 HTTP/1.0 201 - python-swiftclient-3.11.1 gAAAAABqKWKqlyGc... 16 - - txa17d5b9fef264a30b6639-006a2962ab - 0.0420 - - 1781097131.278946638 1781097131.320904732 0
Jun 10 13:12:11 standalone container-server[127946]: 172.20.0.100 - - [10/Jun/2026:13:12:11 +0000] "PUT /d1/911/AUTH_b0651100e7594062b00f3d325faec881/gnocchi.e03f8ef2-9323-4c56-bc5d-f724a874b7c3/none_v3" 201 - "PUT http://172.18.0.2:8080/d1/868/AUTH_b0651100e7594062b00f3d325faec881/gnocchi.e03f8ef2-9323-4c56-bc5d-f724a874b7c3/none_v3" "tx19855ce07991462fb3395-006a2962ab" "object-server 23" 0.0016 "-" 20 0
Jun 10 13:12:11 standalone object-server[128122]: 172.20.0.100 - - [10/Jun/2026:13:12:11 +0000] "PUT /d1/868/AUTH_b0651100e7594062b00f3d325faec881/gnocchi.e03f8ef2-9323-4c56-bc5d-f724a874b7c3/none_v3" 201 - "PUT http://172.18.0.2:8080/v1/AUTH_b0651100e7594062b00f3d325faec881/gnocchi.e03f8ef2-9323-4c56-bc5d-f724a874b7c3/none_v3" "tx19855ce07991462fb3395-006a2962ab" "proxy-server 20" 0.0133 "-" 23 0
Jun 10 13:12:11 standalone proxy-server[130032]: 172.18.0.2 172.18.0.100 10/Jun/2026/13/12/11 PUT /v1/AUTH_b0651100e7594062b00f3d325faec881/gnocchi.e03f8ef2-9323-4c56-bc5d-f724a874b7c3/none_v3 HTTP/1.0 201 - python-swiftclient-3.11.1 gAAAAABqKWKqlyGc... 32 - - tx19855ce07991462fb3395-006a2962ab - 0.0199 - - 1781097131.324949980 1781097131.344844103 0
Jun 10 13:13:00 standalone container-server[127773]: Begin container update sweep
Jun 10 13:13:00 standalone account-server[127772]: 172.20.0.100 - - [10/Jun/2026:13:13:00 +0000] "PUT /d1/665/AUTH_b0651100e7594062b00f3d325faec881/gnocchi.e03f8ef2-9323-4c56-bc5d-f724a874b7c3" 201 - "-" "-" "container-updater 2" 0.0016 "-" 23 0
Jun 10 13:13:00 standalone container-server[127773]: Container update sweep completed: 0.16s
Jun 10 13:13:50 standalone account-server[127772]: 172.20.0.100 - - [10/Jun/2026:13:13:50 +0000] "HEAD /d1/930/.expiring_objects" 404 - "HEAD http://localhost/v1/.expiring_objects?format=json" "txfd33073ed08e4ac78d282-006a29630e" "proxy-server 2" 0.0010 "-" 23 -
Jun 10 13:13:50 standalone object-expirer[127779]: Pass completed in 0s; 0 objects expired (txn: txfd33073ed08e4ac78d282-006a29630e)
Jun 10 13:14:42 standalone account-server[127745]: 172.20.0.100 - - [10/Jun/2026:13:14:42 +0000] "HEAD /d1/665/AUTH_b0651100e7594062b00f3d325faec881" 204 - "HEAD http://172.18.0.2:8080/v1/AUTH_b0651100e7594062b00f3d325faec881?format=json" "tx35bb978b6d30440daf816-006a296342" "proxy-server 20" 0.0067 "-" 21 -
Jun 10 13:14:42 standalone proxy-server[130032]: - - 10/Jun/2026/13/14/42 HEAD /v1/AUTH_b0651100e7594062b00f3d325faec881%3Fformat%3Djson HTTP/1.0 204 - Swift - - - - tx35bb978b6d30440daf816-006a296342 - 0.0146 RL - 1781097282.173637390 1781097282.188282728 -
Jun 10 13:14:42 standalone container-server[127946]: 172.20.0.100 - - [10/Jun/2026:13:14:42 +0000] "HEAD /d1/901/AUTH_b0651100e7594062b00f3d325faec881/gnocchi.e479b3ef-0990-4a0e-93f8-9e7e2e99ec15" 404 - "HEAD http://172.18.0.2:8080/v1/AUTH_b0651100e7594062b00f3d325faec881/gnocchi.e479b3ef-0990-4a0e-93f8-9e7e2e99ec15?format=json&states=listing" "tx35bb978b6d30440daf816-006a296342" "proxy-server 20" 0.0012 "-" 20 0
Jun 10 13:14:42 standalone object-server[128136]: 172.20.0.100 - - [10/Jun/2026:13:14:42 +0000] "GET /d1/505/AUTH_b0651100e7594062b00f3d325faec881/gnocchi.e479b3ef-0990-4a0e-93f8-9e7e2e99ec15/none_v3" 404 70 "GET http://172.18.0.2:8080/v1/AUTH_b0651100e7594062b00f3d325faec881/gnocchi.e479b3ef-0990-4a0e-93f8-9e7e2e99ec15/none_v3" "tx35bb978b6d30440daf816-006a296342" "proxy-server 20" 0.0004 "-" 24 0
Jun 10 13:14:42 standalone proxy-server[130032]: 172.18.0.2 172.18.0.100 10/Jun/2026/13/14/42 GET /v1/AUTH_b0651100e7594062b00f3d325faec881/gnocchi.e479b3ef-0990-4a0e-93f8-9e7e2e99ec15/none_v3 HTTP/1.0 404 - python-swiftclient-3.11.1 gAAAAABqKWKqlyGc... - 70 - tx35bb978b6d30440daf816-006a296342 - 0.0325 - - 1781097282.172379971 1781097282.204851389 0
Jun 10 13:14:42 standalone account-server[127772]: 172.20.0.100 - - [10/Jun/2026:13:14:42 +0000] "PUT /d1/665/AUTH_b0651100e7594062b00f3d325faec881/gnocchi.e479b3ef-0990-4a0e-93f8-9e7e2e99ec15" 201 - "PUT http://172.20.0.100:6001/d1/901/AUTH_b0651100e7594062b00f3d325faec881/gnocchi.e479b3ef-0990-4a0e-93f8-9e7e2e99ec15" "tx2dbc6299cbd64d38aadfe-006a296342" "container-server 22" 0.0010 "-" 23 0
Jun 10 13:14:42 standalone container-server[127949]: 172.20.0.100 - - [10/Jun/2026:13:14:42 +0000] "PUT /d1/901/AUTH_b0651100e7594062b00f3d325faec881/gnocchi.e479b3ef-0990-4a0e-93f8-9e7e2e99ec15" 201 - "PUT http://172.18.0.2:8080/v1/AUTH_b0651100e7594062b00f3d325faec881/gnocchi.e479b3ef-0990-4a0e-93f8-9e7e2e99ec15" "tx2dbc6299cbd64d38aadfe-006a296342" "proxy-server 20" 0.0127 "-" 22 0
Jun 10 13:14:42 standalone proxy-server[130032]: 172.18.0.2 172.18.0.100 10/Jun/2026/13/14/42 PUT /v1/AUTH_b0651100e7594062b00f3d325faec881/gnocchi.e479b3ef-0990-4a0e-93f8-9e7e2e99ec15 HTTP/1.0 201 - python-swiftclient-3.11.1 gAAAAABqKWKqlyGc... - - - tx2dbc6299cbd64d38aadfe-006a296342 - 0.0195 - - 1781097282.208019733 1781097282.227547646 0
Jun 10 13:14:42 standalone container-server[127948]: 172.20.0.100 - - [10/Jun/2026:13:14:42 +0000] "HEAD /d1/901/AUTH_b0651100e7594062b00f3d325faec881/gnocchi.e479b3ef-0990-4a0e-93f8-9e7e2e99ec15" 204 - "HEAD http://172.18.0.2:8080/v1/AUTH_b0651100e7594062b00f3d325faec881/gnocchi.e479b3ef-0990-4a0e-93f8-9e7e2e99ec15?format=json&states=listing" "tx984cd5c3efee452692367-006a296342" "proxy-server 20" 0.0018 "-" 21 0
Jun 10 13:14:42 standalone proxy-server[130032]: - - 10/Jun/2026/13/14/42 HEAD /v1/AUTH_b0651100e7594062b00f3d325faec881/gnocchi.e479b3ef-0990-4a0e-93f8-9e7e2e99ec15%3Fformat%3Djson%26states%3Dlisting HTTP/1.0 204 - Swift - - - - tx984cd5c3efee452692367-006a296342 - 0.0058 RL - 1781097282.232464075 1781097282.238254786 0
Jun 10 13:14:42 standalone container-server[127946]: 172.20.0.100 - - [10/Jun/2026:13:14:42 +0000] "GET /d1/901/AUTH_b0651100e7594062b00f3d325faec881/gnocchi.e479b3ef-0990-4a0e-93f8-9e7e2e99ec15" 200 2 "GET http://172.18.0.2:8080/v1/AUTH_b0651100e7594062b00f3d325faec881/gnocchi.e479b3ef-0990-4a0e-93f8-9e7e2e99ec15?format=json&states=listing" "tx984cd5c3efee452692367-006a296342" "proxy-server 20" 0.0047 "-" 20 0
Jun 10 13:14:42 standalone proxy-server[130032]: 172.18.0.2 172.18.0.100 10/Jun/2026/13/14/42 GET /v1/AUTH_b0651100e7594062b00f3d325faec881/gnocchi.e479b3ef-0990-4a0e-93f8-9e7e2e99ec15%3Fformat%3Djson%26states%3Dlisting HTTP/1.0 200 - python-swiftclient-3.11.1 gAAAAABqKWKqlyGc... - 2 - tx984cd5c3efee452692367-006a296342 - 0.0211 - - 1781097282.230998278 1781097282.252051830 0
Jun 10 13:14:42 standalone object-server[128136]: 172.20.0.100 - - [10/Jun/2026:13:14:42 +0000] "GET /d1/495/AUTH_b0651100e7594062b00f3d325faec881/gnocchi.e479b3ef-0990-4a0e-93f8-9e7e2e99ec15/1780920000.0_mean_300.0_v3" 404 70 "GET http://172.18.0.2:8080/v1/AUTH_b0651100e7594062b00f3d325faec881/gnocchi.e479b3ef-0990-4a0e-93f8-9e7e2e99ec15/1780920000.0_mean_300.0_v3" "tx41cb4f5205034065b3636-006a296342" "proxy-server 20" 0.0003 "-" 24 0
Jun 10 13:14:42 standalone proxy-server[130032]: 172.18.0.2 172.18.0.100 10/Jun/2026/13/14/42 GET /v1/AUTH_b0651100e7594062b00f3d325faec881/gnocchi.e479b3ef-0990-4a0e-93f8-9e7e2e99ec15/1780920000.0_mean_300.0_v3 HTTP/1.0 404 - python-swiftclient-3.11.1 gAAAAABqKWKqlyGc... - 70 - tx41cb4f5205034065b3636-006a296342 - 0.0047 - - 1781097282.255690336 1781097282.260434866 0
Jun 10 13:14:42 standalone container-server[127946]: 172.20.0.100 - - [10/Jun/2026:13:14:42 +0000] "PUT /d1/901/AUTH_b0651100e7594062b00f3d325faec881/gnocchi.e479b3ef-0990-4a0e-93f8-9e7e2e99ec15/1780920000.0_mean_300.0_v3" 201 - "PUT http://172.18.0.2:8080/d1/495/AUTH_b0651100e7594062b00f3d325faec881/gnocchi.e479b3ef-0990-4a0e-93f8-9e7e2e99ec15/1780920000.0_mean_300.0_v3" "tx29940f99af3e401b9df34-006a296342" "object-server 22" 0.0006 "-" 20 0
Jun 10 13:14:42 standalone object-server[128115]: 172.20.0.100 - - [10/Jun/2026:13:14:42 +0000] "PUT /d1/495/AUTH_b0651100e7594062b00f3d325faec881/gnocchi.e479b3ef-0990-4a0e-93f8-9e7e2e99ec15/1780920000.0_mean_300.0_v3" 201 - "PUT http://172.18.0.2:8080/v1/AUTH_b0651100e7594062b00f3d325faec881/gnocchi.e479b3ef-0990-4a0e-93f8-9e7e2e99ec15/1780920000.0_mean_300.0_v3" "tx29940f99af3e401b9df34-006a296342" "proxy-server 20" 0.0255 "-" 22 0
Jun 10 13:14:42 standalone proxy-server[130032]: 172.18.0.2 172.18.0.100 10/Jun/2026/13/14/42 PUT /v1/AUTH_b0651100e7594062b00f3d325faec881/gnocchi.e479b3ef-0990-4a0e-93f8-9e7e2e99ec15/1780920000.0_mean_300.0_v3 HTTP/1.0 201 - python-swiftclient-3.11.1 gAAAAABqKWKqlyGc... 16 - - tx29940f99af3e401b9df34-006a296342 - 0.0314 - - 1781097282.263054371 1781097282.294463634 0
Jun 10 13:14:42 standalone container-server[127948]: 172.20.0.100 - - [10/Jun/2026:13:14:42 +0000] "PUT /d1/901/AUTH_b0651100e7594062b00f3d325faec881/gnocchi.e479b3ef-0990-4a0e-93f8-9e7e2e99ec15/none_v3" 201 - "PUT http://172.18.0.2:8080/d1/505/AUTH_b0651100e7594062b00f3d325faec881/gnocchi.e479b3ef-0990-4a0e-93f8-9e7e2e99ec15/none_v3" "tx1ac0cb3c93c04b609c8e6-006a296342" "object-server 24" 0.0004 "-" 21 0
Jun 10 13:14:42 standalone object-server[128136]: 172.20.0.100 - - [10/Jun/2026:13:14:42 +0000] "PUT /d1/505/AUTH_b0651100e7594062b00f3d325faec881/gnocchi.e479b3ef-0990-4a0e-93f8-9e7e2e99ec15/none_v3" 201 - "PUT http://172.18.0.2:8080/v1/AUTH_b0651100e7594062b00f3d325faec881/gnocchi.e479b3ef-0990-4a0e-93f8-9e7e2e99ec15/none_v3" "tx1ac0cb3c93c04b609c8e6-006a296342" "proxy-server 20" 0.0264 "-" 24 0
Jun 10 13:14:42 standalone proxy-server[130032]: 172.18.0.2 172.18.0.100 10/Jun/2026/13/14/42 PUT /v1/AUTH_b0651100e7594062b00f3d325faec881/gnocchi.e479b3ef-0990-4a0e-93f8-9e7e2e99ec15/none_v3 HTTP/1.0 201 - python-swiftclient-3.11.1 gAAAAABqKWKqlyGc... 22 - - tx1ac0cb3c93c04b609c8e6-006a296342 - 0.0325 - - 1781097282.297104597 1781097282.329567671 0
Jun 10 13:14:42 standalone container-server[127954]: 172.20.0.100 - - [10/Jun/2026:13:14:42 +0000] "HEAD /d1/230/AUTH_b0651100e7594062b00f3d325faec881/gnocchi.bcf08204-9e42-4b4c-ae8e-a49cdbced772" 404 - "HEAD http://172.18.0.2:8080/v1/AUTH_b0651100e7594062b00f3d325faec881/gnocchi.bcf08204-9e42-4b4c-ae8e-a49cdbced772?format=json&states=listing" "tx76c4fbd9978a4c979026a-006a296342" "proxy-server 20" 0.0003 "-" 23 0
Jun 10 13:14:42 standalone object-server[128122]: 172.20.0.100 - - [10/Jun/2026:13:14:42 +0000] "GET /d1/55/AUTH_b0651100e7594062b00f3d325faec881/gnocchi.bcf08204-9e42-4b4c-ae8e-a49cdbced772/none_v3" 404 70 "GET http://172.18.0.2:8080/v1/AUTH_b0651100e7594062b00f3d325faec881/gnocchi.bcf08204-9e42-4b4c-ae8e-a49cdbced772/none_v3" "tx76c4fbd9978a4c979026a-006a296342" "proxy-server 20" 0.0004 "-" 23 0
Jun 10 13:14:42 standalone proxy-server[130032]: 172.18.0.2 172.18.0.100 10/Jun/2026/13/14/42 GET /v1/AUTH_b0651100e7594062b00f3d325faec881/gnocchi.bcf08204-9e42-4b4c-ae8e-a49cdbced772/none_v3 HTTP/1.0 404 - python-swiftclient-3.11.1 gAAAAABqKWKqlyGc... - 70 - tx76c4fbd9978a4c979026a-006a296342 - 0.0077 - - 1781097282.337794781 1781097282.345515490 0
Jun 10 13:14:42 standalone account-server[127734]: 172.20.0.100 - - [10/Jun/2026:13:14:42 +0000] "PUT /d1/665/AUTH_b0651100e7594062b00f3d325faec881/gnocchi.bcf08204-9e42-4b4c-ae8e-a49cdbced772" 201 - "PUT http://172.20.0.100:6001/d1/230/AUTH_b0651100e7594062b00f3d325faec881/gnocchi.bcf08204-9e42-4b4c-ae8e-a49cdbced772" "tx0db14a1c7dbc40daa006e-006a296342" "container-server 21" 0.0040 "-" 20 0
Jun 10 13:14:42 standalone container-server[127948]: 172.20.0.100 - - [10/Jun/2026:13:14:42 +0000] "PUT /d1/230/AUTH_b0651100e7594062b00f3d325faec881/gnocchi.bcf08204-9e42-4b4c-ae8e-a49cdbced772" 201 - "PUT http://172.18.0.2:8080/v1/AUTH_b0651100e7594062b00f3d325faec881/gnocchi.bcf08204-9e42-4b4c-ae8e-a49cdbced772" "tx0db14a1c7dbc40daa006e-006a296342" "proxy-server 20" 0.0128 "-" 21 0
Jun 10 13:14:42 standalone proxy-server[130032]: 172.18.0.2 172.18.0.100 10/Jun/2026/13/14/42 PUT /v1/AUTH_b0651100e7594062b00f3d325faec881/gnocchi.bcf08204-9e42-4b4c-ae8e-a49cdbced772 HTTP/1.0 201 - python-swiftclient-3.11.1 gAAAAABqKWKqlyGc... - - - tx0db14a1c7dbc40daa006e-006a296342 - 0.0160 - - 1781097282.347525597 1781097282.363536835 0
Jun 10 13:14:42 standalone container-server[127948]: 172.20.0.100 - - [10/Jun/2026:13:14:42 +0000] "HEAD /d1/230/AUTH_b0651100e7594062b00f3d325faec881/gnocchi.bcf08204-9e42-4b4c-ae8e-a49cdbced772" 204 - "HEAD http://172.18.0.2:8080/v1/AUTH_b0651100e7594062b00f3d325faec881/gnocchi.bcf08204-9e42-4b4c-ae8e-a49cdbced772?format=json&states=listing" "txa6465fcef77c45e883fe5-006a296342" "proxy-server 20" 0.0008 "-" 21 0
Jun 10 13:14:42 standalone proxy-server[130032]: - - 10/Jun/2026/13/14/42 HEAD /v1/AUTH_b0651100e7594062b00f3d325faec881/gnocchi.bcf08204-9e42-4b4c-ae8e-a49cdbced772%3Fformat%3Djson%26states%3Dlisting HTTP/1.0 204 - Swift - - - - txa6465fcef77c45e883fe5-006a296342 - 0.0033 RL - 1781097282.366970301 1781097282.370259285 0
Jun 10 13:14:42 standalone container-server[127946]: 172.20.0.100 - - [10/Jun/2026:13:14:42 +0000] "GET /d1/230/AUTH_b0651100e7594062b00f3d325faec881/gnocchi.bcf08204-9e42-4b4c-ae8e-a49cdbced772" 200 2 "GET http://172.18.0.2:8080/v1/AUTH_b0651100e7594062b00f3d325faec881/gnocchi.bcf08204-9e42-4b4c-ae8e-a49cdbced772?format=json&states=listing" "txa6465fcef77c45e883fe5-006a296342" "proxy-server 20" 0.0023 "-" 20 0
Jun 10 13:14:42 standalone proxy-server[130032]: 172.18.0.2 172.18.0.100 10/Jun/2026/13/14/42 GET /v1/AUTH_b0651100e7594062b00f3d325faec881/gnocchi.bcf08204-9e42-4b4c-ae8e-a49cdbced772%3Fformat%3Djson%26states%3Dlisting HTTP/1.0 200 - python-swiftclient-3.11.1 gAAAAABqKWKqlyGc... - 2 - txa6465fcef77c45e883fe5-006a296342 - 0.0107 - - 1781097282.366197824 1781097282.376882076 0
Jun 10 13:14:42 standalone object-server[128122]: 172.20.0.100 - - [10/Jun/2026:13:14:42 +0000] "GET /d1/70/AUTH_b0651100e7594062b00f3d325faec881/gnocchi.bcf08204-9e42-4b4c-ae8e-a49cdbced772/1780920000.0_mean_300.0_v3" 404 70 "GET http://172.18.0.2:8080/v1/AUTH_b0651100e7594062b00f3d325faec881/gnocchi.bcf08204-9e42-4b4c-ae8e-a49cdbced772/1780920000.0_mean_300.0_v3" "tx051843160f9547c992c6b-006a296342" "proxy-server 20" 0.0004 "-" 23 0
Jun 10 13:14:42 standalone proxy-server[130032]: 172.18.0.2 172.18.0.100 10/Jun/2026/13/14/42 GET /v1/AUTH_b0651100e7594062b00f3d325faec881/gnocchi.bcf08204-9e42-4b4c-ae8e-a49cdbced772/1780920000.0_mean_300.0_v3 HTTP/1.0 404 - python-swiftclient-3.11.1 gAAAAABqKWKqlyGc... - 70 - tx051843160f9547c992c6b-006a296342 - 0.0047 - - 1781097282.379249573 1781097282.383957148 0
Jun 10 13:14:42 standalone container-server[127948]: 172.20.0.100 - - [10/Jun/2026:13:14:42 +0000] "PUT /d1/230/AUTH_b0651100e7594062b00f3d325faec881/gnocchi.bcf08204-9e42-4b4c-ae8e-a49cdbced772/1780920000.0_mean_300.0_v3" 201 - "PUT http://172.18.0.2:8080/d1/70/AUTH_b0651100e7594062b00f3d325faec881/gnocchi.bcf08204-9e42-4b4c-ae8e-a49cdbced772/1780920000.0_mean_300.0_v3" "tx8bc9a479ab0f4786a868a-006a296342" "object-server 24" 0.0003 "-" 21 0
Jun 10 13:14:42 standalone object-server[128136]: 172.20.0.100 - - [10/Jun/2026:13:14:42 +0000] "PUT /d1/70/AUTH_b0651100e7594062b00f3d325faec881/gnocchi.bcf08204-9e42-4b4c-ae8e-a49cdbced772/1780920000.0_mean_300.0_v3" 201 - "PUT http://172.18.0.2:8080/v1/AUTH_b0651100e7594062b00f3d325faec881/gnocchi.bcf08204-9e42-4b4c-ae8e-a49cdbced772/1780920000.0_mean_300.0_v3" "tx8bc9a479ab0f4786a868a-006a296342" "proxy-server 20" 0.0117 "-" 24 0
Jun 10 13:14:42 standalone proxy-server[130032]: 172.18.0.2 172.18.0.100 10/Jun/2026/13/14/42 PUT /v1/AUTH_b0651100e7594062b00f3d325faec881/gnocchi.bcf08204-9e42-4b4c-ae8e-a49cdbced772/1780920000.0_mean_300.0_v3 HTTP/1.0 201 - python-swiftclient-3.11.1 gAAAAABqKWKqlyGc... 16 - - tx8bc9a479ab0f4786a868a-006a296342 - 0.0160 - - 1781097282.387345552 1781097282.403319359 0
Jun 10 13:14:42 standalone container-server[127946]: 172.20.0.100 - - [10/Jun/2026:13:14:42 +0000] "PUT /d1/230/AUTH_b0651100e7594062b00f3d325faec881/gnocchi.bcf08204-9e42-4b4c-ae8e-a49cdbced772/none_v3" 201 - "PUT http://172.18.0.2:8080/d1/55/AUTH_b0651100e7594062b00f3d325faec881/gnocchi.bcf08204-9e42-4b4c-ae8e-a49cdbced772/none_v3" "tx3b9b5efbb3f84abdb5bae-006a296342" "object-server 24" 0.0012 "-" 20 0
Jun 10 13:14:42 standalone object-server[128136]: 172.20.0.100 - - [10/Jun/2026:13:14:42 +0000] "PUT /d1/55/AUTH_b0651100e7594062b00f3d325faec881/gnocchi.bcf08204-9e42-4b4c-ae8e-a49cdbced772/none_v3" 201 - "PUT http://172.18.0.2:8080/v1/AUTH_b0651100e7594062b00f3d325faec881/gnocchi.bcf08204-9e42-4b4c-ae8e-a49cdbced772/none_v3" "tx3b9b5efbb3f84abdb5bae-006a296342" "proxy-server 20" 0.0166 "-" 24 0
Jun 10 13:14:42 standalone proxy-server[130032]: 172.18.0.2 172.18.0.100 10/Jun/2026/13/14/42 PUT /v1/AUTH_b0651100e7594062b00f3d325faec881/gnocchi.bcf08204-9e42-4b4c-ae8e-a49cdbced772/none_v3 HTTP/1.0 201 - python-swiftclient-3.11.1 gAAAAABqKWKqlyGc... 22 - - tx3b9b5efbb3f84abdb5bae-006a296342 - 0.0229 - - 1781097282.405385494 1781097282.428291798 0
Jun 10 13:14:50 standalone container-server[127948]: 172.20.0.100 - - [10/Jun/2026:13:14:50 +0000] "HEAD /d1/1011/AUTH_b0651100e7594062b00f3d325faec881/gnocchi.e9037b17-f065-40ea-8456-c40bf0c3b1f5" 404 - "HEAD http://172.18.0.2:8080/v1/AUTH_b0651100e7594062b00f3d325faec881/gnocchi.e9037b17-f065-40ea-8456-c40bf0c3b1f5?format=json&states=listing" "txecf539e7684b495ab3d2c-006a29634a" "proxy-server 20" 0.0011 "-" 21 0
Jun 10 13:14:50 standalone object-server[128107]: 172.20.0.100 - - [10/Jun/2026:13:14:50 +0000] "GET /d1/917/AUTH_b0651100e7594062b00f3d325faec881/gnocchi.e9037b17-f065-40ea-8456-c40bf0c3b1f5/none_v3" 404 70 "GET http://172.18.0.2:8080/v1/AUTH_b0651100e7594062b00f3d325faec881/gnocchi.e9037b17-f065-40ea-8456-c40bf0c3b1f5/none_v3" "txecf539e7684b495ab3d2c-006a29634a" "proxy-server 20" 0.0009 "-" 21 0
Jun 10 13:14:50 standalone proxy-server[130032]: 172.18.0.2 172.18.0.100 10/Jun/2026/13/14/50 GET /v1/AUTH_b0651100e7594062b00f3d325faec881/gnocchi.e9037b17-f065-40ea-8456-c40bf0c3b1f5/none_v3 HTTP/1.0 404 - python-swiftclient-3.11.1 gAAAAABqKWKqlyGc... - 70 - txecf539e7684b495ab3d2c-006a29634a - 0.0223 - - 1781097290.014142513 1781097290.036394596 0
Jun 10 13:14:50 standalone account-server[127772]: 172.20.0.100 - - [10/Jun/2026:13:14:50 +0000] "PUT /d1/665/AUTH_b0651100e7594062b00f3d325faec881/gnocchi.e9037b17-f065-40ea-8456-c40bf0c3b1f5" 201 - "PUT http://172.20.0.100:6001/d1/1011/AUTH_b0651100e7594062b00f3d325faec881/gnocchi.e9037b17-f065-40ea-8456-c40bf0c3b1f5" "tx9d770832fb8e4c13a86e3-006a29634a" "container-server 23" 0.0054 "-" 23 0
Jun 10 13:14:50 standalone container-server[127954]: 172.20.0.100 - - [10/Jun/2026:13:14:50 +0000] "PUT /d1/1011/AUTH_b0651100e7594062b00f3d325faec881/gnocchi.e9037b17-f065-40ea-8456-c40bf0c3b1f5" 201 - "PUT http://172.18.0.2:8080/v1/AUTH_b0651100e7594062b00f3d325faec881/gnocchi.e9037b17-f065-40ea-8456-c40bf0c3b1f5" "tx9d770832fb8e4c13a86e3-006a29634a" "proxy-server 20" 0.0163 "-" 23 0
Jun 10 13:14:50 standalone proxy-server[130032]: 172.18.0.2 172.18.0.100 10/Jun/2026/13/14/50 PUT /v1/AUTH_b0651100e7594062b00f3d325faec881/gnocchi.e9037b17-f065-40ea-8456-c40bf0c3b1f5 HTTP/1.0 201 - python-swiftclient-3.11.1 gAAAAABqKWKqlyGc... - - - tx9d770832fb8e4c13a86e3-006a29634a - 0.0236 - - 1781097290.039924383 1781097290.063570499 0
Jun 10 13:14:50 standalone container-server[127949]: 172.20.0.100 - - [10/Jun/2026:13:14:50 +0000] "HEAD /d1/1011/AUTH_b0651100e7594062b00f3d325faec881/gnocchi.e9037b17-f065-40ea-8456-c40bf0c3b1f5" 204 - "HEAD http://172.18.0.2:8080/v1/AUTH_b0651100e7594062b00f3d325faec881/gnocchi.e9037b17-f065-40ea-8456-c40bf0c3b1f5?format=json&states=listing" "txe494bfbe685e4803bc37d-006a29634a" "proxy-server 20" 0.0024 "-" 22 0
Jun 10 13:14:50 standalone proxy-server[130032]: - - 10/Jun/2026/13/14/50 HEAD /v1/AUTH_b0651100e7594062b00f3d325faec881/gnocchi.e9037b17-f065-40ea-8456-c40bf0c3b1f5%3Fformat%3Djson%26states%3Dlisting HTTP/1.0 204 - Swift - - - - txe494bfbe685e4803bc37d-006a29634a - 0.0084 RL - 1781097290.088974953 1781097290.097365618 0
Jun 10 13:14:50 standalone container-server[127948]: 172.20.0.100 - - [10/Jun/2026:13:14:50 +0000] "GET /d1/1011/AUTH_b0651100e7594062b00f3d325faec881/gnocchi.e9037b17-f065-40ea-8456-c40bf0c3b1f5" 200 2 "GET http://172.18.0.2:8080/v1/AUTH_b0651100e7594062b00f3d325faec881/gnocchi.e9037b17-f065-40ea-8456-c40bf0c3b1f5?format=json&states=listing" "txe494bfbe685e4803bc37d-006a29634a" "proxy-server 20" 0.0032 "-" 21 0
Jun 10 13:14:50 standalone proxy-server[130032]: 172.18.0.2 172.18.0.100 10/Jun/2026/13/14/50 GET /v1/AUTH_b0651100e7594062b00f3d325faec881/gnocchi.e9037b17-f065-40ea-8456-c40bf0c3b1f5%3Fformat%3Djson%26states%3Dlisting HTTP/1.0 200 - python-swiftclient-3.11.1 gAAAAABqKWKqlyGc... - 2 - txe494bfbe685e4803bc37d-006a29634a - 0.0404 - - 1781097290.067351580 1781097290.107727051 0
Jun 10 13:14:50 standalone object-server[128107]: 172.20.0.100 - - [10/Jun/2026:13:14:50 +0000] "GET /d1/647/AUTH_b0651100e7594062b00f3d325faec881/gnocchi.e9037b17-f065-40ea-8456-c40bf0c3b1f5/1780920000.0_mean_300.0_v3" 404 70 "GET http://172.18.0.2:8080/v1/AUTH_b0651100e7594062b00f3d325faec881/gnocchi.e9037b17-f065-40ea-8456-c40bf0c3b1f5/1780920000.0_mean_300.0_v3" "tx1af27c4f2ea94e8cbd2c5-006a29634a" "proxy-server 20" 0.0004 "-" 21 0
Jun 10 13:14:50 standalone proxy-server[130032]: 172.18.0.2 172.18.0.100 10/Jun/2026/13/14/50 GET /v1/AUTH_b0651100e7594062b00f3d325faec881/gnocchi.e9037b17-f065-40ea-8456-c40bf0c3b1f5/1780920000.0_mean_300.0_v3 HTTP/1.0 404 - python-swiftclient-3.11.1 gAAAAABqKWKqlyGc... - 70 - tx1af27c4f2ea94e8cbd2c5-006a29634a - 0.0075 - - 1781097290.151650667 1781097290.159137487 0
Jun 10 13:14:50 standalone container-server[127948]: 172.20.0.100 - - [10/Jun/2026:13:14:50 +0000] "PUT /d1/1011/AUTH_b0651100e7594062b00f3d325faec881/gnocchi.e9037b17-f065-40ea-8456-c40bf0c3b1f5/1780920000.0_mean_300.0_v3" 201 - "PUT http://172.18.0.2:8080/d1/647/AUTH_b0651100e7594062b00f3d325faec881/gnocchi.e9037b17-f065-40ea-8456-c40bf0c3b1f5/1780920000.0_mean_300.0_v3" "txf9b839fb7c3c4c049c47f-006a29634a" "object-server 24" 0.0009 "-" 21 0
Jun 10 13:14:50 standalone object-server[128136]: 172.20.0.100 - - [10/Jun/2026:13:14:50 +0000] "PUT /d1/647/AUTH_b0651100e7594062b00f3d325faec881/gnocchi.e9037b17-f065-40ea-8456-c40bf0c3b1f5/1780920000.0_mean_300.0_v3" 201 - "PUT http://172.18.0.2:8080/v1/AUTH_b0651100e7594062b00f3d325faec881/gnocchi.e9037b17-f065-40ea-8456-c40bf0c3b1f5/1780920000.0_mean_300.0_v3" "txf9b839fb7c3c4c049c47f-006a29634a" "proxy-server 20" 0.0142 "-" 24 0
Jun 10 13:14:50 standalone proxy-server[130032]: 172.18.0.2 172.18.0.100 10/Jun/2026/13/14/50 PUT /v1/AUTH_b0651100e7594062b00f3d325faec881/gnocchi.e9037b17-f065-40ea-8456-c40bf0c3b1f5/1780920000.0_mean_300.0_v3 HTTP/1.0 201 - python-swiftclient-3.11.1 gAAAAABqKWKqlyGc... 16 - - txf9b839fb7c3c4c049c47f-006a29634a - 0.0194 - - 1781097290.162260056 1781097290.181673527 0
Jun 10 13:14:50 standalone container-server[127948]: 172.20.0.100 - - [10/Jun/2026:13:14:50 +0000] "PUT /d1/1011/AUTH_b0651100e7594062b00f3d325faec881/gnocchi.e9037b17-f065-40ea-8456-c40bf0c3b1f5/none_v3" 201 - "PUT http://172.18.0.2:8080/d1/917/AUTH_b0651100e7594062b00f3d325faec881/gnocchi.e9037b17-f065-40ea-8456-c40bf0c3b1f5/none_v3" "tx00bd2013ab36451d8f52c-006a29634a" "object-server 21" 0.0007 "-" 21 0
Jun 10 13:14:50 standalone object-server[128107]: 172.20.0.100 - - [10/Jun/2026:13:14:50 +0000] "PUT /d1/917/AUTH_b0651100e7594062b00f3d325faec881/gnocchi.e9037b17-f065-40ea-8456-c40bf0c3b1f5/none_v3" 201 - "PUT http://172.18.0.2:8080/v1/AUTH_b0651100e7594062b00f3d325faec881/gnocchi.e9037b17-f065-40ea-8456-c40bf0c3b1f5/none_v3" "tx00bd2013ab36451d8f52c-006a29634a" "proxy-server 20" 0.0434 "-" 21 0
Jun 10 13:14:50 standalone proxy-server[130032]: 172.18.0.2 172.18.0.100 10/Jun/2026/13/14/50 PUT /v1/AUTH_b0651100e7594062b00f3d325faec881/gnocchi.e9037b17-f065-40ea-8456-c40bf0c3b1f5/none_v3 HTTP/1.0 201 - python-swiftclient-3.11.1 gAAAAABqKWKqlyGc... 22 - - tx00bd2013ab36451d8f52c-006a29634a - 0.0499 - - 1781097290.184079170 1781097290.233963013 0
Jun 10 13:14:50 standalone container-server[127948]: 172.20.0.100 - - [10/Jun/2026:13:14:50 +0000] "HEAD /d1/601/AUTH_b0651100e7594062b00f3d325faec881/gnocchi.d66b5481-7186-4660-b3d2-7f2a918e589c" 404 - "HEAD http://172.18.0.2:8080/v1/AUTH_b0651100e7594062b00f3d325faec881/gnocchi.d66b5481-7186-4660-b3d2-7f2a918e589c?format=json&states=listing" "txa40930914fcf4038aa88f-006a29634a" "proxy-server 20" 0.0004 "-" 21 0
Jun 10 13:14:50 standalone object-server[128122]: 172.20.0.100 - - [10/Jun/2026:13:14:50 +0000] "GET /d1/384/AUTH_b0651100e7594062b00f3d325faec881/gnocchi.d66b5481-7186-4660-b3d2-7f2a918e589c/none_v3" 404 70 "GET http://172.18.0.2:8080/v1/AUTH_b0651100e7594062b00f3d325faec881/gnocchi.d66b5481-7186-4660-b3d2-7f2a918e589c/none_v3" "txa40930914fcf4038aa88f-006a29634a" "proxy-server 20" 0.0013 "-" 23 0
Jun 10 13:14:50 standalone proxy-server[130032]: 172.18.0.2 172.18.0.100 10/Jun/2026/13/14/50 GET /v1/AUTH_b0651100e7594062b00f3d325faec881/gnocchi.d66b5481-7186-4660-b3d2-7f2a918e589c/none_v3 HTTP/1.0 404 - python-swiftclient-3.11.1 gAAAAABqKWKqlyGc... - 70 - txa40930914fcf4038aa88f-006a29634a - 0.0186 - - 1781097290.246439219 1781097290.265005827 0
Jun 10 13:14:50 standalone account-server[127772]: 172.20.0.100 - - [10/Jun/2026:13:14:50 +0000] "PUT /d1/665/AUTH_b0651100e7594062b00f3d325faec881/gnocchi.d66b5481-7186-4660-b3d2-7f2a918e589c" 201 - "PUT http://172.20.0.100:6001/d1/601/AUTH_b0651100e7594062b00f3d325faec881/gnocchi.d66b5481-7186-4660-b3d2-7f2a918e589c" "tx63d3f82507544dcebec57-006a29634a" "container-server 21" 0.0044 "-" 23 0
Jun 10 13:14:50 standalone container-server[127948]: 172.20.0.100 - - [10/Jun/2026:13:14:50 +0000] "PUT /d1/601/AUTH_b0651100e7594062b00f3d325faec881/gnocchi.d66b5481-7186-4660-b3d2-7f2a918e589c" 201 - "PUT http://172.18.0.2:8080/v1/AUTH_b0651100e7594062b00f3d325faec881/gnocchi.d66b5481-7186-4660-b3d2-7f2a918e589c" "tx63d3f82507544dcebec57-006a29634a" "proxy-server 20" 0.0238 "-" 21 0
Jun 10 13:14:50 standalone proxy-server[130032]: 172.18.0.2 172.18.0.100 10/Jun/2026/13/14/50 PUT /v1/AUTH_b0651100e7594062b00f3d325faec881/gnocchi.d66b5481-7186-4660-b3d2-7f2a918e589c HTTP/1.0 201 - python-swiftclient-3.11.1 gAAAAABqKWKqlyGc... - - - tx63d3f82507544dcebec57-006a29634a - 0.0294 - - 1781097290.268720388 1781097290.298096895 0
Jun 10 13:14:50 standalone container-server[127946]: 172.20.0.100 - - [10/Jun/2026:13:14:50 +0000] "HEAD /d1/601/AUTH_b0651100e7594062b00f3d325faec881/gnocchi.d66b5481-7186-4660-b3d2-7f2a918e589c" 204 - "HEAD http://172.18.0.2:8080/v1/AUTH_b0651100e7594062b00f3d325faec881/gnocchi.d66b5481-7186-4660-b3d2-7f2a918e589c?format=json&states=listing" "txe2fb7c53b3014cebb67d8-006a29634a" "proxy-server 20" 0.0039 "-" 20 0
Jun 10 13:14:50 standalone proxy-server[130032]: - - 10/Jun/2026/13/14/50 HEAD /v1/AUTH_b0651100e7594062b00f3d325faec881/gnocchi.d66b5481-7186-4660-b3d2-7f2a918e589c%3Fformat%3Djson%26states%3Dlisting HTTP/1.0 204 - Swift - - - - txe2fb7c53b3014cebb67d8-006a29634a - 0.0088 RL - 1781097290.302752495 1781097290.311529875 0
Jun 10 13:14:50 standalone container-server[127949]: 172.20.0.100 - - [10/Jun/2026:13:14:50 +0000] "GET /d1/601/AUTH_b0651100e7594062b00f3d325faec881/gnocchi.d66b5481-7186-4660-b3d2-7f2a918e589c" 200 2 "GET http://172.18.0.2:8080/v1/AUTH_b0651100e7594062b00f3d325faec881/gnocchi.d66b5481-7186-4660-b3d2-7f2a918e589c?format=json&states=listing" "txe2fb7c53b3014cebb67d8-006a29634a" "proxy-server 20" 0.0090 "-" 22 0
Jun 10 13:14:50 standalone proxy-server[130032]: 172.18.0.2 172.18.0.100 10/Jun/2026/13/14/50 GET /v1/AUTH_b0651100e7594062b00f3d325faec881/gnocchi.d66b5481-7186-4660-b3d2-7f2a918e589c%3Fformat%3Djson%26states%3Dlisting HTTP/1.0 200 - python-swiftclient-3.11.1 gAAAAABqKWKqlyGc... - 2 - txe2fb7c53b3014cebb67d8-006a29634a - 0.0307 - - 1781097290.301632166 1781097290.332339048 0
Jun 10 13:14:50 standalone object-server[128107]: 172.20.0.100 - - [10/Jun/2026:13:14:50 +0000] "GET /d1/977/AUTH_b0651100e7594062b00f3d325faec881/gnocchi.d66b5481-7186-4660-b3d2-7f2a918e589c/1780920000.0_mean_300.0_v3" 404 70 "GET http://172.18.0.2:8080/v1/AUTH_b0651100e7594062b00f3d325faec881/gnocchi.d66b5481-7186-4660-b3d2-7f2a918e589c/1780920000.0_mean_300.0_v3" "tx7a166faed6af43b6ab776-006a29634a" "proxy-server 20" 0.0012 "-" 21 0
Jun 10 13:14:50 standalone proxy-server[130032]: 172.18.0.2 172.18.0.100 10/Jun/2026/13/14/50 GET /v1/AUTH_b0651100e7594062b00f3d325faec881/gnocchi.d66b5481-7186-4660-b3d2-7f2a918e589c/1780920000.0_mean_300.0_v3 HTTP/1.0 404 - python-swiftclient-3.11.1 gAAAAABqKWKqlyGc... - 70 - tx7a166faed6af43b6ab776-006a29634a - 0.0161 - - 1781097290.343088150 1781097290.359226942 0
Jun 10 13:14:50 standalone container-server[127946]: 172.20.0.100 - - [10/Jun/2026:13:14:50 +0000] "PUT /d1/601/AUTH_b0651100e7594062b00f3d325faec881/gnocchi.d66b5481-7186-4660-b3d2-7f2a918e589c/1780920000.0_mean_300.0_v3" 201 - "PUT http://172.18.0.2:8080/d1/977/AUTH_b0651100e7594062b00f3d325faec881/gnocchi.d66b5481-7186-4660-b3d2-7f2a918e589c/1780920000.0_mean_300.0_v3" "txb5bfb4ffe4794c07bc4be-006a29634a" "object-server 21" 0.0015 "-" 20 0
Jun 10 13:14:50 standalone object-server[128107]: 172.20.0.100 - - [10/Jun/2026:13:14:50 +0000] "PUT /d1/977/AUTH_b0651100e7594062b00f3d325faec881/gnocchi.d66b5481-7186-4660-b3d2-7f2a918e589c/1780920000.0_mean_300.0_v3" 201 - "PUT http://172.18.0.2:8080/v1/AUTH_b0651100e7594062b00f3d325faec881/gnocchi.d66b5481-7186-4660-b3d2-7f2a918e589c/1780920000.0_mean_300.0_v3" "txb5bfb4ffe4794c07bc4be-006a29634a" "proxy-server 20" 0.0107 "-" 21 0
Jun 10 13:14:50 standalone proxy-server[130032]: 172.18.0.2 172.18.0.100 10/Jun/2026/13/14/50 PUT /v1/AUTH_b0651100e7594062b00f3d325faec881/gnocchi.d66b5481-7186-4660-b3d2-7f2a918e589c/1780920000.0_mean_300.0_v3 HTTP/1.0 201 - python-swiftclient-3.11.1 gAAAAABqKWKqlyGc... 16 - - txb5bfb4ffe4794c07bc4be-006a29634a - 0.0218 - - 1781097290.371710777 1781097290.393474340 0
Jun 10 13:14:50 standalone container-server[127946]: 172.20.0.100 - - [10/Jun/2026:13:14:50 +0000] "PUT /d1/601/AUTH_b0651100e7594062b00f3d325faec881/gnocchi.d66b5481-7186-4660-b3d2-7f2a918e589c/none_v3" 201 - "PUT http://172.18.0.2:8080/d1/384/AUTH_b0651100e7594062b00f3d325faec881/gnocchi.d66b5481-7186-4660-b3d2-7f2a918e589c/none_v3" "tx3bab76acdb1b457aac731-006a29634a" "object-server 21" 0.0027 "-" 20 0
Jun 10 13:14:50 standalone object-server[128107]: 172.20.0.100 - - [10/Jun/2026:13:14:50 +0000] "PUT /d1/384/AUTH_b0651100e7594062b00f3d325faec881/gnocchi.d66b5481-7186-4660-b3d2-7f2a918e589c/none_v3" 201 - "PUT http://172.18.0.2:8080/v1/AUTH_b0651100e7594062b00f3d325faec881/gnocchi.d66b5481-7186-4660-b3d2-7f2a918e589c/none_v3" "tx3bab76acdb1b457aac731-006a29634a" "proxy-server 20" 0.0158 "-" 21 0
Jun 10 13:14:50 standalone proxy-server[130032]: 172.18.0.2 172.18.0.100 10/Jun/2026/13/14/50 PUT /v1/AUTH_b0651100e7594062b00f3d325faec881/gnocchi.d66b5481-7186-4660-b3d2-7f2a918e589c/none_v3 HTTP/1.0 201 - python-swiftclient-3.11.1 gAAAAABqKWKqlyGc... 22 - - tx3bab76acdb1b457aac731-006a29634a - 0.0331 - - 1781097290.397547483 1781097290.430601120 0
Jun 10 13:14:50 standalone container-server[127949]: 172.20.0.100 - - [10/Jun/2026:13:14:50 +0000] "HEAD /d1/491/AUTH_b0651100e7594062b00f3d325faec881/gnocchi.1ec40ab6-d494-4dca-b0c5-99b840a632d9" 404 - "HEAD http://172.18.0.2:8080/v1/AUTH_b0651100e7594062b00f3d325faec881/gnocchi.1ec40ab6-d494-4dca-b0c5-99b840a632d9?format=json&states=listing" "txc204f8c8ebd9416f95207-006a29634a" "proxy-server 20" 0.0010 "-" 22 0
Jun 10 13:14:50 standalone object-server[128122]: 172.20.0.100 - - [10/Jun/2026:13:14:50 +0000] "GET /d1/833/AUTH_b0651100e7594062b00f3d325faec881/gnocchi.1ec40ab6-d494-4dca-b0c5-99b840a632d9/none_v3" 404 70 "GET http://172.18.0.2:8080/v1/AUTH_b0651100e7594062b00f3d325faec881/gnocchi.1ec40ab6-d494-4dca-b0c5-99b840a632d9/none_v3" "txc204f8c8ebd9416f95207-006a29634a" "proxy-server 20" 0.0008 "-" 23 0
Jun 10 13:14:50 standalone proxy-server[130032]: 172.18.0.2 172.18.0.100 10/Jun/2026/13/14/50 GET /v1/AUTH_b0651100e7594062b00f3d325faec881/gnocchi.1ec40ab6-d494-4dca-b0c5-99b840a632d9/none_v3 HTTP/1.0 404 - python-swiftclient-3.11.1 gAAAAABqKWKqlyGc... - 70 - txc204f8c8ebd9416f95207-006a29634a - 0.0742 - - 1781097290.441282988 1781097290.515453577 0
Jun 10 13:14:50 standalone account-server[127757]: 172.20.0.100 - - [10/Jun/2026:13:14:50 +0000] "PUT /d1/665/AUTH_b0651100e7594062b00f3d325faec881/gnocchi.1ec40ab6-d494-4dca-b0c5-99b840a632d9" 201 - "PUT http://172.20.0.100:6001/d1/491/AUTH_b0651100e7594062b00f3d325faec881/gnocchi.1ec40ab6-d494-4dca-b0c5-99b840a632d9" "txb5a857004fc24a73b5ced-006a29634a" "container-server 20" 0.0073 "-" 22 0
Jun 10 13:14:50 standalone container-server[127946]: 172.20.0.100 - - [10/Jun/2026:13:14:50 +0000] "PUT /d1/491/AUTH_b0651100e7594062b00f3d325faec881/gnocchi.1ec40ab6-d494-4dca-b0c5-99b840a632d9" 201 - "PUT http://172.18.0.2:8080/v1/AUTH_b0651100e7594062b00f3d325faec881/gnocchi.1ec40ab6-d494-4dca-b0c5-99b840a632d9" "txb5a857004fc24a73b5ced-006a29634a" "proxy-server 20" 0.0325 "-" 20 0
Jun 10 13:14:50 standalone proxy-server[130032]: 172.18.0.2 172.18.0.100 10/Jun/2026/13/14/50 PUT /v1/AUTH_b0651100e7594062b00f3d325faec881/gnocchi.1ec40ab6-d494-4dca-b0c5-99b840a632d9 HTTP/1.0 201 - python-swiftclient-3.11.1 gAAAAABqKWKqlyGc... - - - txb5a857004fc24a73b5ced-006a29634a - 0.0396 - - 1781097290.517940283 1781097290.557542562 0
Jun 10 13:14:50 standalone container-server[127948]: 172.20.0.100 - - [10/Jun/2026:13:14:50 +0000] "HEAD /d1/491/AUTH_b0651100e7594062b00f3d325faec881/gnocchi.1ec40ab6-d494-4dca-b0c5-99b840a632d9" 204 - "HEAD http://172.18.0.2:8080/v1/AUTH_b0651100e7594062b00f3d325faec881/gnocchi.1ec40ab6-d494-4dca-b0c5-99b840a632d9?format=json&states=listing" "txa36db6692e3c4f3a9efa3-006a29634a" "proxy-server 20" 0.0021 "-" 21 0
Jun 10 13:14:50 standalone proxy-server[130032]: - - 10/Jun/2026/13/14/50 HEAD /v1/AUTH_b0651100e7594062b00f3d325faec881/gnocchi.1ec40ab6-d494-4dca-b0c5-99b840a632d9%3Fformat%3Djson%26states%3Dlisting HTTP/1.0 204 - Swift - - - - txa36db6692e3c4f3a9efa3-006a29634a - 0.0070 RL - 1781097290.563235521 1781097290.570232630 0
Jun 10 13:14:50 standalone container-server[127946]: 172.20.0.100 - - [10/Jun/2026:13:14:50 +0000] "GET /d1/491/AUTH_b0651100e7594062b00f3d325faec881/gnocchi.1ec40ab6-d494-4dca-b0c5-99b840a632d9" 200 2 "GET http://172.18.0.2:8080/v1/AUTH_b0651100e7594062b00f3d325faec881/gnocchi.1ec40ab6-d494-4dca-b0c5-99b840a632d9?format=json&states=listing" "txa36db6692e3c4f3a9efa3-006a29634a" "proxy-server 20" 0.0089 "-" 20 0
