Jun 10 13:15:59 standalone container-server[127946]: 172.20.0.100 - - [10/Jun/2026:13:15:59 +0000] "PUT /d1/871/AUTH_b0651100e7594062b00f3d325faec881/gnocchi.6dde24d3-89db-4ed3-ab2e-c3b523c478bc/1780920000.0_mean_300.0_v3" 201 - "PUT http://172.18.0.2:8080/d1/689/AUTH_b0651100e7594062b00f3d325faec881/gnocchi.6dde24d3-89db-4ed3-ab2e-c3b523c478bc/1780920000.0_mean_300.0_v3" "tx2c8850febeaa4526a3ff9-006a29638f" "object-server 24" 0.0006 "-" 20 0
Jun 10 13:15:59 standalone object-server[128136]: 172.20.0.100 - - [10/Jun/2026:13:15:59 +0000] "PUT /d1/689/AUTH_b0651100e7594062b00f3d325faec881/gnocchi.6dde24d3-89db-4ed3-ab2e-c3b523c478bc/1780920000.0_mean_300.0_v3" 201 - "PUT http://172.18.0.2:8080/v1/AUTH_b0651100e7594062b00f3d325faec881/gnocchi.6dde24d3-89db-4ed3-ab2e-c3b523c478bc/1780920000.0_mean_300.0_v3" "tx2c8850febeaa4526a3ff9-006a29638f" "proxy-server 20" 0.0088 "-" 24 0
Jun 10 13:15:59 standalone proxy-server[130032]: 172.18.0.2 172.18.0.100 10/Jun/2026/13/15/59 PUT /v1/AUTH_b0651100e7594062b00f3d325faec881/gnocchi.6dde24d3-89db-4ed3-ab2e-c3b523c478bc/1780920000.0_mean_300.0_v3 HTTP/1.0 201 - python-swiftclient-3.11.1 gAAAAABqKWKqlyGc... 16 - - tx2c8850febeaa4526a3ff9-006a29638f - 0.0147 - - 1781097359.719579458 1781097359.734302998 0
Jun 10 13:15:59 standalone container-server[127949]: 172.20.0.100 - - [10/Jun/2026:13:15:59 +0000] "PUT /d1/871/AUTH_b0651100e7594062b00f3d325faec881/gnocchi.6dde24d3-89db-4ed3-ab2e-c3b523c478bc/none_v3" 201 - "PUT http://172.18.0.2:8080/d1/339/AUTH_b0651100e7594062b00f3d325faec881/gnocchi.6dde24d3-89db-4ed3-ab2e-c3b523c478bc/none_v3" "txdb764b7833af4bd1833d0-006a29638f" "object-server 24" 0.0006 "-" 22 0
Jun 10 13:15:59 standalone object-server[128136]: 172.20.0.100 - - [10/Jun/2026:13:15:59 +0000] "PUT /d1/339/AUTH_b0651100e7594062b00f3d325faec881/gnocchi.6dde24d3-89db-4ed3-ab2e-c3b523c478bc/none_v3" 201 - "PUT http://172.18.0.2:8080/v1/AUTH_b0651100e7594062b00f3d325faec881/gnocchi.6dde24d3-89db-4ed3-ab2e-c3b523c478bc/none_v3" "txdb764b7833af4bd1833d0-006a29638f" "proxy-server 20" 0.0118 "-" 24 0
Jun 10 13:15:59 standalone proxy-server[130032]: 172.18.0.2 172.18.0.100 10/Jun/2026/13/15/59 PUT /v1/AUTH_b0651100e7594062b00f3d325faec881/gnocchi.6dde24d3-89db-4ed3-ab2e-c3b523c478bc/none_v3 HTTP/1.0 201 - python-swiftclient-3.11.1 gAAAAABqKWKqlyGc... 22 - - txdb764b7833af4bd1833d0-006a29638f - 0.0185 - - 1781097359.737287760 1781097359.755737782 0
Jun 10 13:15:59 standalone container-server[127954]: 172.20.0.100 - - [10/Jun/2026:13:15:59 +0000] "HEAD /d1/130/AUTH_b0651100e7594062b00f3d325faec881/gnocchi.5f478e22-ff7c-4290-b3d3-da11669d891d" 404 - "HEAD http://172.18.0.2:8080/v1/AUTH_b0651100e7594062b00f3d325faec881/gnocchi.5f478e22-ff7c-4290-b3d3-da11669d891d?format=json&states=listing" "tx860cabb1e4784755b1701-006a29638f" "proxy-server 20" 0.0008 "-" 23 0
Jun 10 13:15:59 standalone object-server[128122]: 172.20.0.100 - - [10/Jun/2026:13:15:59 +0000] "GET /d1/193/AUTH_b0651100e7594062b00f3d325faec881/gnocchi.5f478e22-ff7c-4290-b3d3-da11669d891d/none_v3" 404 70 "GET http://172.18.0.2:8080/v1/AUTH_b0651100e7594062b00f3d325faec881/gnocchi.5f478e22-ff7c-4290-b3d3-da11669d891d/none_v3" "tx860cabb1e4784755b1701-006a29638f" "proxy-server 20" 0.0004 "-" 23 0
Jun 10 13:15:59 standalone proxy-server[130032]: 172.18.0.2 172.18.0.100 10/Jun/2026/13/15/59 GET /v1/AUTH_b0651100e7594062b00f3d325faec881/gnocchi.5f478e22-ff7c-4290-b3d3-da11669d891d/none_v3 HTTP/1.0 404 - python-swiftclient-3.11.1 gAAAAABqKWKqlyGc... - 70 - tx860cabb1e4784755b1701-006a29638f - 0.0125 - - 1781097359.765354633 1781097359.777901649 0
Jun 10 13:15:59 standalone account-server[127772]: 172.20.0.100 - - [10/Jun/2026:13:15:59 +0000] "PUT /d1/665/AUTH_b0651100e7594062b00f3d325faec881/gnocchi.5f478e22-ff7c-4290-b3d3-da11669d891d" 201 - "PUT http://172.20.0.100:6001/d1/130/AUTH_b0651100e7594062b00f3d325faec881/gnocchi.5f478e22-ff7c-4290-b3d3-da11669d891d" "tx2efd64a1d3104481823d3-006a29638f" "container-server 20" 0.0073 "-" 23 0
Jun 10 13:15:59 standalone container-server[127946]: 172.20.0.100 - - [10/Jun/2026:13:15:59 +0000] "PUT /d1/130/AUTH_b0651100e7594062b00f3d325faec881/gnocchi.5f478e22-ff7c-4290-b3d3-da11669d891d" 201 - "PUT http://172.18.0.2:8080/v1/AUTH_b0651100e7594062b00f3d325faec881/gnocchi.5f478e22-ff7c-4290-b3d3-da11669d891d" "tx2efd64a1d3104481823d3-006a29638f" "proxy-server 20" 0.0166 "-" 20 0
Jun 10 13:15:59 standalone proxy-server[130032]: 172.18.0.2 172.18.0.100 10/Jun/2026/13/15/59 PUT /v1/AUTH_b0651100e7594062b00f3d325faec881/gnocchi.5f478e22-ff7c-4290-b3d3-da11669d891d HTTP/1.0 201 - python-swiftclient-3.11.1 gAAAAABqKWKqlyGc... - - - tx2efd64a1d3104481823d3-006a29638f - 0.0304 - - 1781097359.780543089 1781097359.810988903 0
Jun 10 13:15:59 standalone container-server[127948]: 172.20.0.100 - - [10/Jun/2026:13:15:59 +0000] "HEAD /d1/130/AUTH_b0651100e7594062b00f3d325faec881/gnocchi.5f478e22-ff7c-4290-b3d3-da11669d891d" 204 - "HEAD http://172.18.0.2:8080/v1/AUTH_b0651100e7594062b00f3d325faec881/gnocchi.5f478e22-ff7c-4290-b3d3-da11669d891d?format=json&states=listing" "txc95e42fede2940628c665-006a29638f" "proxy-server 20" 0.0032 "-" 21 0
Jun 10 13:15:59 standalone proxy-server[130032]: - - 10/Jun/2026/13/15/59 HEAD /v1/AUTH_b0651100e7594062b00f3d325faec881/gnocchi.5f478e22-ff7c-4290-b3d3-da11669d891d%3Fformat%3Djson%26states%3Dlisting HTTP/1.0 204 - Swift - - - - txc95e42fede2940628c665-006a29638f - 0.0075 RL - 1781097359.815295935 1781097359.822787762 0
Jun 10 13:15:59 standalone container-server[127946]: 172.20.0.100 - - [10/Jun/2026:13:15:59 +0000] "GET /d1/130/AUTH_b0651100e7594062b00f3d325faec881/gnocchi.5f478e22-ff7c-4290-b3d3-da11669d891d" 200 2 "GET http://172.18.0.2:8080/v1/AUTH_b0651100e7594062b00f3d325faec881/gnocchi.5f478e22-ff7c-4290-b3d3-da11669d891d?format=json&states=listing" "txc95e42fede2940628c665-006a29638f" "proxy-server 20" 0.0017 "-" 20 0
Jun 10 13:15:59 standalone proxy-server[130032]: 172.18.0.2 172.18.0.100 10/Jun/2026/13/15/59 GET /v1/AUTH_b0651100e7594062b00f3d325faec881/gnocchi.5f478e22-ff7c-4290-b3d3-da11669d891d%3Fformat%3Djson%26states%3Dlisting HTTP/1.0 200 - python-swiftclient-3.11.1 gAAAAABqKWKqlyGc... - 2 - txc95e42fede2940628c665-006a29638f - 0.0189 - - 1781097359.814123631 1781097359.832992315 0
Jun 10 13:15:59 standalone object-server[128107]: 172.20.0.100 - - [10/Jun/2026:13:15:59 +0000] "GET /d1/629/AUTH_b0651100e7594062b00f3d325faec881/gnocchi.5f478e22-ff7c-4290-b3d3-da11669d891d/1780920000.0_mean_300.0_v3" 404 70 "GET http://172.18.0.2:8080/v1/AUTH_b0651100e7594062b00f3d325faec881/gnocchi.5f478e22-ff7c-4290-b3d3-da11669d891d/1780920000.0_mean_300.0_v3" "tx1d2805ca8bab41b5934fb-006a29638f" "proxy-server 20" 0.0006 "-" 21 0
Jun 10 13:15:59 standalone proxy-server[130032]: 172.18.0.2 172.18.0.100 10/Jun/2026/13/15/59 GET /v1/AUTH_b0651100e7594062b00f3d325faec881/gnocchi.5f478e22-ff7c-4290-b3d3-da11669d891d/1780920000.0_mean_300.0_v3 HTTP/1.0 404 - python-swiftclient-3.11.1 gAAAAABqKWKqlyGc... - 70 - tx1d2805ca8bab41b5934fb-006a29638f - 0.0146 - - 1781097359.836072683 1781097359.850673914 0
Jun 10 13:15:59 standalone container-server[127948]: 172.20.0.100 - - [10/Jun/2026:13:15:59 +0000] "PUT /d1/130/AUTH_b0651100e7594062b00f3d325faec881/gnocchi.5f478e22-ff7c-4290-b3d3-da11669d891d/1780920000.0_mean_300.0_v3" 201 - "PUT http://172.18.0.2:8080/d1/629/AUTH_b0651100e7594062b00f3d325faec881/gnocchi.5f478e22-ff7c-4290-b3d3-da11669d891d/1780920000.0_mean_300.0_v3" "tx0f3568aa25a3454394135-006a29638f" "object-server 21" 0.0012 "-" 21 0
Jun 10 13:15:59 standalone object-server[128107]: 172.20.0.100 - - [10/Jun/2026:13:15:59 +0000] "PUT /d1/629/AUTH_b0651100e7594062b00f3d325faec881/gnocchi.5f478e22-ff7c-4290-b3d3-da11669d891d/1780920000.0_mean_300.0_v3" 201 - "PUT http://172.18.0.2:8080/v1/AUTH_b0651100e7594062b00f3d325faec881/gnocchi.5f478e22-ff7c-4290-b3d3-da11669d891d/1780920000.0_mean_300.0_v3" "tx0f3568aa25a3454394135-006a29638f" "proxy-server 20" 0.0121 "-" 21 0
Jun 10 13:15:59 standalone proxy-server[130032]: 172.18.0.2 172.18.0.100 10/Jun/2026/13/15/59 PUT /v1/AUTH_b0651100e7594062b00f3d325faec881/gnocchi.5f478e22-ff7c-4290-b3d3-da11669d891d/1780920000.0_mean_300.0_v3 HTTP/1.0 201 - python-swiftclient-3.11.1 gAAAAABqKWKqlyGc... 16 - - tx0f3568aa25a3454394135-006a29638f - 0.0195 - - 1781097359.853119373 1781097359.872632504 0
Jun 10 13:15:59 standalone container-server[127954]: 172.20.0.100 - - [10/Jun/2026:13:15:59 +0000] "PUT /d1/130/AUTH_b0651100e7594062b00f3d325faec881/gnocchi.5f478e22-ff7c-4290-b3d3-da11669d891d/none_v3" 201 - "PUT http://172.18.0.2:8080/d1/193/AUTH_b0651100e7594062b00f3d325faec881/gnocchi.5f478e22-ff7c-4290-b3d3-da11669d891d/none_v3" "tx61f6ed993c4f4c39b72a7-006a29638f" "object-server 23" 0.0011 "-" 23 0
Jun 10 13:15:59 standalone object-server[128122]: 172.20.0.100 - - [10/Jun/2026:13:15:59 +0000] "PUT /d1/193/AUTH_b0651100e7594062b00f3d325faec881/gnocchi.5f478e22-ff7c-4290-b3d3-da11669d891d/none_v3" 201 - "PUT http://172.18.0.2:8080/v1/AUTH_b0651100e7594062b00f3d325faec881/gnocchi.5f478e22-ff7c-4290-b3d3-da11669d891d/none_v3" "tx61f6ed993c4f4c39b72a7-006a29638f" "proxy-server 20" 0.0142 "-" 23 0
Jun 10 13:15:59 standalone proxy-server[130032]: 172.18.0.2 172.18.0.100 10/Jun/2026/13/15/59 PUT /v1/AUTH_b0651100e7594062b00f3d325faec881/gnocchi.5f478e22-ff7c-4290-b3d3-da11669d891d/none_v3 HTTP/1.0 201 - python-swiftclient-3.11.1 gAAAAABqKWKqlyGc... 22 - - tx61f6ed993c4f4c39b72a7-006a29638f - 0.0220 - - 1781097359.874977589 1781097359.897016287 0
Jun 10 13:16:06 standalone container-server[127946]: 172.20.0.100 - - [10/Jun/2026:13:16:06 +0000] "HEAD /d1/264/AUTH_b0651100e7594062b00f3d325faec881/gnocchi.a0ef9973-23ce-46e0-affd-ff7a7e5d55d3" 404 - "HEAD http://172.18.0.2:8080/v1/AUTH_b0651100e7594062b00f3d325faec881/gnocchi.a0ef9973-23ce-46e0-affd-ff7a7e5d55d3?format=json&states=listing" "tx4d1913c921ae425b8b075-006a296396" "proxy-server 20" 0.0004 "-" 20 0
Jun 10 13:16:06 standalone object-server[128107]: 172.20.0.100 - - [10/Jun/2026:13:16:06 +0000] "GET /d1/410/AUTH_b0651100e7594062b00f3d325faec881/gnocchi.a0ef9973-23ce-46e0-affd-ff7a7e5d55d3/none_v3" 404 70 "GET http://172.18.0.2:8080/v1/AUTH_b0651100e7594062b00f3d325faec881/gnocchi.a0ef9973-23ce-46e0-affd-ff7a7e5d55d3/none_v3" "tx4d1913c921ae425b8b075-006a296396" "proxy-server 20" 0.0003 "-" 21 0
Jun 10 13:16:06 standalone proxy-server[130032]: 172.18.0.2 172.18.0.100 10/Jun/2026/13/16/06 GET /v1/AUTH_b0651100e7594062b00f3d325faec881/gnocchi.a0ef9973-23ce-46e0-affd-ff7a7e5d55d3/none_v3 HTTP/1.0 404 - python-swiftclient-3.11.1 gAAAAABqKWKqlyGc... - 70 - tx4d1913c921ae425b8b075-006a296396 - 0.0078 - - 1781097366.745609999 1781097366.753376484 0
Jun 10 13:16:06 standalone account-server[127757]: 172.20.0.100 - - [10/Jun/2026:13:16:06 +0000] "PUT /d1/665/AUTH_b0651100e7594062b00f3d325faec881/gnocchi.a0ef9973-23ce-46e0-affd-ff7a7e5d55d3" 201 - "PUT http://172.20.0.100:6001/d1/264/AUTH_b0651100e7594062b00f3d325faec881/gnocchi.a0ef9973-23ce-46e0-affd-ff7a7e5d55d3" "tx4eaf485b9bc54db690c2e-006a296396" "container-server 23" 0.0037 "-" 22 0
Jun 10 13:16:06 standalone container-server[127954]: 172.20.0.100 - - [10/Jun/2026:13:16:06 +0000] "PUT /d1/264/AUTH_b0651100e7594062b00f3d325faec881/gnocchi.a0ef9973-23ce-46e0-affd-ff7a7e5d55d3" 201 - "PUT http://172.18.0.2:8080/v1/AUTH_b0651100e7594062b00f3d325faec881/gnocchi.a0ef9973-23ce-46e0-affd-ff7a7e5d55d3" "tx4eaf485b9bc54db690c2e-006a296396" "proxy-server 20" 0.0129 "-" 23 0
Jun 10 13:16:06 standalone proxy-server[130032]: 172.18.0.2 172.18.0.100 10/Jun/2026/13/16/06 PUT /v1/AUTH_b0651100e7594062b00f3d325faec881/gnocchi.a0ef9973-23ce-46e0-affd-ff7a7e5d55d3 HTTP/1.0 201 - python-swiftclient-3.11.1 gAAAAABqKWKqlyGc... - - - tx4eaf485b9bc54db690c2e-006a296396 - 0.0167 - - 1781097366.755341530 1781097366.772004604 0
Jun 10 13:16:06 standalone container-server[127948]: 172.20.0.100 - - [10/Jun/2026:13:16:06 +0000] "HEAD /d1/264/AUTH_b0651100e7594062b00f3d325faec881/gnocchi.a0ef9973-23ce-46e0-affd-ff7a7e5d55d3" 204 - "HEAD http://172.18.0.2:8080/v1/AUTH_b0651100e7594062b00f3d325faec881/gnocchi.a0ef9973-23ce-46e0-affd-ff7a7e5d55d3?format=json&states=listing" "tx4941274d4fd34e109d112-006a296396" "proxy-server 20" 0.0012 "-" 21 0
Jun 10 13:16:06 standalone proxy-server[130032]: - - 10/Jun/2026/13/16/06 HEAD /v1/AUTH_b0651100e7594062b00f3d325faec881/gnocchi.a0ef9973-23ce-46e0-affd-ff7a7e5d55d3%3Fformat%3Djson%26states%3Dlisting HTTP/1.0 204 - Swift - - - - tx4941274d4fd34e109d112-006a296396 - 0.0038 RL - 1781097366.775209904 1781097366.778993845 0
Jun 10 13:16:06 standalone container-server[127946]: 172.20.0.100 - - [10/Jun/2026:13:16:06 +0000] "GET /d1/264/AUTH_b0651100e7594062b00f3d325faec881/gnocchi.a0ef9973-23ce-46e0-affd-ff7a7e5d55d3" 200 2 "GET http://172.18.0.2:8080/v1/AUTH_b0651100e7594062b00f3d325faec881/gnocchi.a0ef9973-23ce-46e0-affd-ff7a7e5d55d3?format=json&states=listing" "tx4941274d4fd34e109d112-006a296396" "proxy-server 20" 0.0016 "-" 20 0
Jun 10 13:16:06 standalone proxy-server[130032]: 172.18.0.2 172.18.0.100 10/Jun/2026/13/16/06 GET /v1/AUTH_b0651100e7594062b00f3d325faec881/gnocchi.a0ef9973-23ce-46e0-affd-ff7a7e5d55d3%3Fformat%3Djson%26states%3Dlisting HTTP/1.0 200 - python-swiftclient-3.11.1 gAAAAABqKWKqlyGc... - 2 - tx4941274d4fd34e109d112-006a296396 - 0.0100 - - 1781097366.774466515 1781097366.784511805 0
Jun 10 13:16:06 standalone object-server[128136]: 172.20.0.100 - - [10/Jun/2026:13:16:06 +0000] "GET /d1/839/AUTH_b0651100e7594062b00f3d325faec881/gnocchi.a0ef9973-23ce-46e0-affd-ff7a7e5d55d3/1780920000.0_mean_300.0_v3" 404 70 "GET http://172.18.0.2:8080/v1/AUTH_b0651100e7594062b00f3d325faec881/gnocchi.a0ef9973-23ce-46e0-affd-ff7a7e5d55d3/1780920000.0_mean_300.0_v3" "tx40781e8dd1d44b4892a4f-006a296396" "proxy-server 20" 0.0003 "-" 24 0
Jun 10 13:16:06 standalone proxy-server[130032]: 172.18.0.2 172.18.0.100 10/Jun/2026/13/16/06 GET /v1/AUTH_b0651100e7594062b00f3d325faec881/gnocchi.a0ef9973-23ce-46e0-affd-ff7a7e5d55d3/1780920000.0_mean_300.0_v3 HTTP/1.0 404 - python-swiftclient-3.11.1 gAAAAABqKWKqlyGc... - 70 - tx40781e8dd1d44b4892a4f-006a296396 - 0.0040 - - 1781097366.786793470 1781097366.790748119 0
Jun 10 13:16:06 standalone container-server[127946]: 172.20.0.100 - - [10/Jun/2026:13:16:06 +0000] "PUT /d1/264/AUTH_b0651100e7594062b00f3d325faec881/gnocchi.a0ef9973-23ce-46e0-affd-ff7a7e5d55d3/1780920000.0_mean_300.0_v3" 201 - "PUT http://172.18.0.2:8080/d1/839/AUTH_b0651100e7594062b00f3d325faec881/gnocchi.a0ef9973-23ce-46e0-affd-ff7a7e5d55d3/1780920000.0_mean_300.0_v3" "txb3ceffbb63e143bc87b32-006a296396" "object-server 24" 0.0005 "-" 20 0
Jun 10 13:16:06 standalone object-server[128136]: 172.20.0.100 - - [10/Jun/2026:13:16:06 +0000] "PUT /d1/839/AUTH_b0651100e7594062b00f3d325faec881/gnocchi.a0ef9973-23ce-46e0-affd-ff7a7e5d55d3/1780920000.0_mean_300.0_v3" 201 - "PUT http://172.18.0.2:8080/v1/AUTH_b0651100e7594062b00f3d325faec881/gnocchi.a0ef9973-23ce-46e0-affd-ff7a7e5d55d3/1780920000.0_mean_300.0_v3" "txb3ceffbb63e143bc87b32-006a296396" "proxy-server 20" 0.0082 "-" 24 0
Jun 10 13:16:06 standalone proxy-server[130032]: 172.18.0.2 172.18.0.100 10/Jun/2026/13/16/06 PUT /v1/AUTH_b0651100e7594062b00f3d325faec881/gnocchi.a0ef9973-23ce-46e0-affd-ff7a7e5d55d3/1780920000.0_mean_300.0_v3 HTTP/1.0 201 - python-swiftclient-3.11.1 gAAAAABqKWKqlyGc... 16 - - txb3ceffbb63e143bc87b32-006a296396 - 0.0114 - - 1781097366.793393612 1781097366.804779530 0
Jun 10 13:16:06 standalone container-server[127954]: 172.20.0.100 - - [10/Jun/2026:13:16:06 +0000] "PUT /d1/264/AUTH_b0651100e7594062b00f3d325faec881/gnocchi.a0ef9973-23ce-46e0-affd-ff7a7e5d55d3/none_v3" 201 - "PUT http://172.18.0.2:8080/d1/410/AUTH_b0651100e7594062b00f3d325faec881/gnocchi.a0ef9973-23ce-46e0-affd-ff7a7e5d55d3/none_v3" "tx86a7ef179bcf40a2b26cc-006a296396" "object-server 21" 0.0009 "-" 23 0
Jun 10 13:16:06 standalone object-server[128107]: 172.20.0.100 - - [10/Jun/2026:13:16:06 +0000] "PUT /d1/410/AUTH_b0651100e7594062b00f3d325faec881/gnocchi.a0ef9973-23ce-46e0-affd-ff7a7e5d55d3/none_v3" 201 - "PUT http://172.18.0.2:8080/v1/AUTH_b0651100e7594062b00f3d325faec881/gnocchi.a0ef9973-23ce-46e0-affd-ff7a7e5d55d3/none_v3" "tx86a7ef179bcf40a2b26cc-006a296396" "proxy-server 20" 0.0201 "-" 21 0
Jun 10 13:16:06 standalone proxy-server[130032]: 172.18.0.2 172.18.0.100 10/Jun/2026/13/16/06 PUT /v1/AUTH_b0651100e7594062b00f3d325faec881/gnocchi.a0ef9973-23ce-46e0-affd-ff7a7e5d55d3/none_v3 HTTP/1.0 201 - python-swiftclient-3.11.1 gAAAAABqKWKqlyGc... 22 - - tx86a7ef179bcf40a2b26cc-006a296396 - 0.0243 - - 1781097366.806502819 1781097366.830781460 0
Jun 10 13:16:07 standalone account-server[127745]: 172.20.0.100 - - [10/Jun/2026:13:16:07 +0000] "HEAD /d1/930/.expiring_objects" 404 - "HEAD http://localhost/v1/.expiring_objects?format=json" "tx3780a7b419554220aa6e1-006a296397" "proxy-server 2" 0.0005 "-" 21 -
Jun 10 13:16:07 standalone object-expirer[127779]: Pass completed in 0s; 0 objects expired (txn: tx3780a7b419554220aa6e1-006a296397)
Jun 10 13:16:12 standalone object-server[128107]: 172.20.0.100 - - [10/Jun/2026:13:16:12 +0000] "GET /d1/410/AUTH_b0651100e7594062b00f3d325faec881/gnocchi.a0ef9973-23ce-46e0-affd-ff7a7e5d55d3/none_v3" 200 22 "GET http://172.18.0.2:8080/v1/AUTH_b0651100e7594062b00f3d325faec881/gnocchi.a0ef9973-23ce-46e0-affd-ff7a7e5d55d3/none_v3" "tx024f1a30af4245cca36bc-006a29639c" "proxy-server 20" 0.0007 "-" 21 0
Jun 10 13:16:12 standalone proxy-server[130032]: 172.18.0.2 172.18.0.100 10/Jun/2026/13/16/12 GET /v1/AUTH_b0651100e7594062b00f3d325faec881/gnocchi.a0ef9973-23ce-46e0-affd-ff7a7e5d55d3/none_v3 HTTP/1.0 200 - python-swiftclient-3.11.1 gAAAAABqKWKqlyGc... - 22 - tx024f1a30af4245cca36bc-006a29639c - 0.0062 - - 1781097372.482475996 1781097372.488708019 0
Jun 10 13:16:12 standalone container-server[127948]: 172.20.0.100 - - [10/Jun/2026:13:16:12 +0000] "GET /d1/264/AUTH_b0651100e7594062b00f3d325faec881/gnocchi.a0ef9973-23ce-46e0-affd-ff7a7e5d55d3" 200 357 "GET http://172.18.0.2:8080/v1/AUTH_b0651100e7594062b00f3d325faec881/gnocchi.a0ef9973-23ce-46e0-affd-ff7a7e5d55d3?format=json&states=listing" "txd8fa2d0aa92e41738490a-006a29639c" "proxy-server 20" 0.0067 "-" 21 0
Jun 10 13:16:12 standalone proxy-server[130032]: 172.18.0.2 172.18.0.100 10/Jun/2026/13/16/12 GET /v1/AUTH_b0651100e7594062b00f3d325faec881/gnocchi.a0ef9973-23ce-46e0-affd-ff7a7e5d55d3%3Fformat%3Djson%26states%3Dlisting HTTP/1.0 200 - python-swiftclient-3.11.1 gAAAAABqKWKqlyGc... - 357 - txd8fa2d0aa92e41738490a-006a29639c - 0.0130 - - 1781097372.493396759 1781097372.506372213 0
Jun 10 13:16:12 standalone container-server[127948]: 172.20.0.100 - - [10/Jun/2026:13:16:12 +0000] "GET /d1/264/AUTH_b0651100e7594062b00f3d325faec881/gnocchi.a0ef9973-23ce-46e0-affd-ff7a7e5d55d3" 200 2 "GET http://172.18.0.2:8080/v1/AUTH_b0651100e7594062b00f3d325faec881/gnocchi.a0ef9973-23ce-46e0-affd-ff7a7e5d55d3?format=json&marker=none_v3&states=listing" "txfb7359ef727e443986e8a-006a29639c" "proxy-server 20" 0.0016 "-" 21 0
Jun 10 13:16:12 standalone proxy-server[130032]: 172.18.0.2 172.18.0.100 10/Jun/2026/13/16/12 GET /v1/AUTH_b0651100e7594062b00f3d325faec881/gnocchi.a0ef9973-23ce-46e0-affd-ff7a7e5d55d3%3Fformat%3Djson%26marker%3Dnone_v3%26states%3Dlisting HTTP/1.0 200 - python-swiftclient-3.11.1 gAAAAABqKWKqlyGc... - 2 - txfb7359ef727e443986e8a-006a29639c - 0.0095 - - 1781097372.510262012 1781097372.519755840 0
Jun 10 13:16:12 standalone object-server[128136]: 172.20.0.100 - - [10/Jun/2026:13:16:12 +0000] "GET /d1/839/AUTH_b0651100e7594062b00f3d325faec881/gnocchi.a0ef9973-23ce-46e0-affd-ff7a7e5d55d3/1780920000.0_mean_300.0_v3" 200 16 "GET http://172.18.0.2:8080/v1/AUTH_b0651100e7594062b00f3d325faec881/gnocchi.a0ef9973-23ce-46e0-affd-ff7a7e5d55d3/1780920000.0_mean_300.0_v3" "txc8dea8bacfbb421f98e40-006a29639c" "proxy-server 20" 0.0013 "-" 24 0
Jun 10 13:16:12 standalone proxy-server[130032]: 172.18.0.2 172.18.0.100 10/Jun/2026/13/16/12 GET /v1/AUTH_b0651100e7594062b00f3d325faec881/gnocchi.a0ef9973-23ce-46e0-affd-ff7a7e5d55d3/1780920000.0_mean_300.0_v3 HTTP/1.0 200 - python-swiftclient-3.11.1 gAAAAABqKWKqlyGc... - 16 - txc8dea8bacfbb421f98e40-006a29639c - 0.0097 - - 1781097372.524763107 1781097372.534472466 0
Jun 10 13:16:12 standalone container-server[127946]: 172.20.0.100 - - [10/Jun/2026:13:16:12 +0000] "PUT /d1/264/AUTH_b0651100e7594062b00f3d325faec881/gnocchi.a0ef9973-23ce-46e0-affd-ff7a7e5d55d3/1780920000.0_mean_300.0_v3" 201 - "PUT http://172.18.0.2:8080/d1/839/AUTH_b0651100e7594062b00f3d325faec881/gnocchi.a0ef9973-23ce-46e0-affd-ff7a7e5d55d3/1780920000.0_mean_300.0_v3" "txf9efe9ebff944ae2bb1e7-006a29639c" "object-server 23" 0.0009 "-" 20 0
Jun 10 13:16:12 standalone object-server[128122]: 172.20.0.100 - - [10/Jun/2026:13:16:12 +0000] "PUT /d1/839/AUTH_b0651100e7594062b00f3d325faec881/gnocchi.a0ef9973-23ce-46e0-affd-ff7a7e5d55d3/1780920000.0_mean_300.0_v3" 201 - "PUT http://172.18.0.2:8080/v1/AUTH_b0651100e7594062b00f3d325faec881/gnocchi.a0ef9973-23ce-46e0-affd-ff7a7e5d55d3/1780920000.0_mean_300.0_v3" "txf9efe9ebff944ae2bb1e7-006a29639c" "proxy-server 20" 0.0131 "-" 23 0
Jun 10 13:16:12 standalone proxy-server[130032]: 172.18.0.2 172.18.0.100 10/Jun/2026/13/16/12 PUT /v1/AUTH_b0651100e7594062b00f3d325faec881/gnocchi.a0ef9973-23ce-46e0-affd-ff7a7e5d55d3/1780920000.0_mean_300.0_v3 HTTP/1.0 201 - python-swiftclient-3.11.1 gAAAAABqKWKqlyGc... 16 - - txf9efe9ebff944ae2bb1e7-006a29639c - 0.0191 - - 1781097372.537987471 1781097372.557085991 0
Jun 10 13:16:12 standalone container-server[127946]: 172.20.0.100 - - [10/Jun/2026:13:16:12 +0000] "PUT /d1/264/AUTH_b0651100e7594062b00f3d325faec881/gnocchi.a0ef9973-23ce-46e0-affd-ff7a7e5d55d3/none_v3" 201 - "PUT http://172.18.0.2:8080/d1/410/AUTH_b0651100e7594062b00f3d325faec881/gnocchi.a0ef9973-23ce-46e0-affd-ff7a7e5d55d3/none_v3" "tx4b8473a72cd648a399f1c-006a29639c" "object-server 21" 0.0007 "-" 20 0
Jun 10 13:16:12 standalone object-server[128107]: 172.20.0.100 - - [10/Jun/2026:13:16:12 +0000] "PUT /d1/410/AUTH_b0651100e7594062b00f3d325faec881/gnocchi.a0ef9973-23ce-46e0-affd-ff7a7e5d55d3/none_v3" 201 - "PUT http://172.18.0.2:8080/v1/AUTH_b0651100e7594062b00f3d325faec881/gnocchi.a0ef9973-23ce-46e0-affd-ff7a7e5d55d3/none_v3" "tx4b8473a72cd648a399f1c-006a29639c" "proxy-server 20" 0.0137 "-" 21 0
Jun 10 13:16:12 standalone proxy-server[130032]: 172.18.0.2 172.18.0.100 10/Jun/2026/13/16/12 PUT /v1/AUTH_b0651100e7594062b00f3d325faec881/gnocchi.a0ef9973-23ce-46e0-affd-ff7a7e5d55d3/none_v3 HTTP/1.0 201 - python-swiftclient-3.11.1 gAAAAABqKWKqlyGc... 32 - - tx4b8473a72cd648a399f1c-006a29639c - 0.0190 - - 1781097372.560167789 1781097372.579193115 0
Jun 10 13:18:00 standalone container-server[127773]: Begin container update sweep
Jun 10 13:18:00 standalone account-server[127772]: 172.20.0.100 - - [10/Jun/2026:13:18:00 +0000] "PUT /d1/665/AUTH_b0651100e7594062b00f3d325faec881/gnocchi.773b134b-625e-455f-a78d-58c2e0c4534f" 201 - "-" "-" "container-updater 2" 0.0007 "-" 23 0
Jun 10 13:18:00 standalone account-server[127772]: 172.20.0.100 - - [10/Jun/2026:13:18:00 +0000] "PUT /d1/665/AUTH_b0651100e7594062b00f3d325faec881/gnocchi.32f18d5a-e924-4029-ad8b-980a2a807890" 201 - "-" "-" "container-updater 2" 0.0004 "-" 23 0
Jun 10 13:18:00 standalone account-server[127745]: 172.20.0.100 - - [10/Jun/2026:13:18:00 +0000] "PUT /d1/665/AUTH_b0651100e7594062b00f3d325faec881/gnocchi.4ed9752f-c9d3-4cda-9383-55bc2abdbba1" 201 - "-" "-" "container-updater 2" 0.0006 "-" 21 0
Jun 10 13:18:00 standalone account-server[127757]: 172.20.0.100 - - [10/Jun/2026:13:18:00 +0000] "PUT /d1/665/AUTH_b0651100e7594062b00f3d325faec881/gnocchi.a0ef9973-23ce-46e0-affd-ff7a7e5d55d3" 201 - "-" "-" "container-updater 2" 0.0007 "-" 22 0
Jun 10 13:18:00 standalone account-server[127757]: 172.20.0.100 - - [10/Jun/2026:13:18:00 +0000] "PUT /d1/665/AUTH_b0651100e7594062b00f3d325faec881/gnocchi.6c1a1ece-b5dd-4716-bf90-bf78c6b965f3" 201 - "-" "-" "container-updater 2" 0.0006 "-" 22 0
Jun 10 13:18:01 standalone account-server[127757]: 172.20.0.100 - - [10/Jun/2026:13:18:01 +0000] "PUT /d1/665/AUTH_b0651100e7594062b00f3d325faec881/gnocchi.b8644431-2e71-4def-8d71-6d7f5da83a6b" 201 - "-" "-" "container-updater 2" 0.0007 "-" 22 0
Jun 10 13:18:01 standalone account-server[127772]: 172.20.0.100 - - [10/Jun/2026:13:18:01 +0000] "PUT /d1/665/AUTH_b0651100e7594062b00f3d325faec881/gnocchi.d66b5481-7186-4660-b3d2-7f2a918e589c" 201 - "-" "-" "container-updater 2" 0.0004 "-" 23 0
Jun 10 13:18:01 standalone account-server[127757]: 172.20.0.100 - - [10/Jun/2026:13:18:01 +0000] "PUT /d1/665/AUTH_b0651100e7594062b00f3d325faec881/gnocchi.d6f12f40-affe-4cc3-ac3c-343e4d92bbfe" 201 - "-" "-" "container-updater 2" 0.0007 "-" 22 0
Jun 10 13:18:01 standalone account-server[127772]: 172.20.0.100 - - [10/Jun/2026:13:18:01 +0000] "PUT /d1/665/AUTH_b0651100e7594062b00f3d325faec881/gnocchi.1ec40ab6-d494-4dca-b0c5-99b840a632d9" 201 - "-" "-" "container-updater 2" 0.0007 "-" 23 0
Jun 10 13:18:01 standalone account-server[127757]: 172.20.0.100 - - [10/Jun/2026:13:18:01 +0000] "PUT /d1/665/AUTH_b0651100e7594062b00f3d325faec881/gnocchi.0c8d1c41-dd8d-4050-9ecd-4760e6e0bef9" 201 - "-" "-" "container-updater 2" 0.0008 "-" 22 0
Jun 10 13:18:01 standalone account-server[127745]: 172.20.0.100 - - [10/Jun/2026:13:18:01 +0000] "PUT /d1/665/AUTH_b0651100e7594062b00f3d325faec881/gnocchi.2c969aaf-1b89-4c2a-b933-382f21221eda" 201 - "-" "-" "container-updater 2" 0.0005 "-" 21 0
Jun 10 13:18:01 standalone account-server[127734]: 172.20.0.100 - - [10/Jun/2026:13:18:01 +0000] "PUT /d1/665/AUTH_b0651100e7594062b00f3d325faec881/gnocchi.e479b3ef-0990-4a0e-93f8-9e7e2e99ec15" 201 - "-" "-" "container-updater 2" 0.0006 "-" 20 0
Jun 10 13:18:01 standalone account-server[127745]: 172.20.0.100 - - [10/Jun/2026:13:18:01 +0000] "PUT /d1/665/AUTH_b0651100e7594062b00f3d325faec881/gnocchi.c89de3f9-0ddf-412a-8403-2d2423b54c68" 201 - "-" "-" "container-updater 2" 0.0008 "-" 21 0
Jun 10 13:18:01 standalone account-server[127745]: 172.20.0.100 - - [10/Jun/2026:13:18:01 +0000] "PUT /d1/665/AUTH_b0651100e7594062b00f3d325faec881/gnocchi.ec38d7dd-5817-4c5e-b09c-18fc550ca9fd" 201 - "-" "-" "container-updater 2" 0.0007 "-" 21 0
Jun 10 13:18:01 standalone account-server[127772]: 172.20.0.100 - - [10/Jun/2026:13:18:01 +0000] "PUT /d1/665/AUTH_b0651100e7594062b00f3d325faec881/gnocchi.c71866b7-f816-4941-86c9-a1584d89d28d" 201 - "-" "-" "container-updater 2" 0.0007 "-" 23 0
Jun 10 13:18:01 standalone account-server[127772]: 172.20.0.100 - - [10/Jun/2026:13:18:01 +0000] "PUT /d1/665/AUTH_b0651100e7594062b00f3d325faec881/gnocchi.421d2e6f-646a-4dfe-986c-9a152eb8082f" 201 - "-" "-" "container-updater 2" 0.0006 "-" 23 0
Jun 10 13:18:02 standalone account-server[127772]: 172.20.0.100 - - [10/Jun/2026:13:18:02 +0000] "PUT /d1/665/AUTH_b0651100e7594062b00f3d325faec881/gnocchi.6f880e5d-bad2-4327-94e4-da6875ddd97c" 201 - "-" "-" "container-updater 2" 0.0006 "-" 23 0
Jun 10 13:18:02 standalone account-server[127772]: 172.20.0.100 - - [10/Jun/2026:13:18:02 +0000] "PUT /d1/665/AUTH_b0651100e7594062b00f3d325faec881/gnocchi.bcf08204-9e42-4b4c-ae8e-a49cdbced772" 201 - "-" "-" "container-updater 2" 0.0005 "-" 23 0
Jun 10 13:18:02 standalone account-server[127757]: 172.20.0.100 - - [10/Jun/2026:13:18:02 +0000] "PUT /d1/665/AUTH_b0651100e7594062b00f3d325faec881/gnocchi.6dde24d3-89db-4ed3-ab2e-c3b523c478bc" 201 - "-" "-" "container-updater 2" 0.0009 "-" 22 0
Jun 10 13:18:02 standalone account-server[127757]: 172.20.0.100 - - [10/Jun/2026:13:18:02 +0000] "PUT /d1/665/AUTH_b0651100e7594062b00f3d325faec881/gnocchi.e9037b17-f065-40ea-8456-c40bf0c3b1f5" 201 - "-" "-" "container-updater 2" 0.0010 "-" 22 0
Jun 10 13:18:02 standalone account-server[127772]: 172.20.0.100 - - [10/Jun/2026:13:18:02 +0000] "PUT /d1/665/AUTH_b0651100e7594062b00f3d325faec881/gnocchi.df09ced2-dfd2-4939-9f97-6e4d3d905c3e" 201 - "-" "-" "container-updater 2" 0.0006 "-" 23 0
Jun 10 13:18:02 standalone account-server[127757]: 172.20.0.100 - - [10/Jun/2026:13:18:02 +0000] "PUT /d1/665/AUTH_b0651100e7594062b00f3d325faec881/gnocchi.3c102488-26d0-42ec-895b-a2969b528f8b" 201 - "-" "-" "container-updater 2" 0.0004 "-" 22 0
Jun 10 13:18:02 standalone account-server[127757]: 172.20.0.100 - - [10/Jun/2026:13:18:02 +0000] "PUT /d1/665/AUTH_b0651100e7594062b00f3d325faec881/gnocchi.5f478e22-ff7c-4290-b3d3-da11669d891d" 201 - "-" "-" "container-updater 2" 0.0005 "-" 22 0
Jun 10 13:18:02 standalone account-server[127772]: 172.20.0.100 - - [10/Jun/2026:13:18:02 +0000] "PUT /d1/665/AUTH_b0651100e7594062b00f3d325faec881/gnocchi.1d925360-b090-468f-b925-e3d98c0b63ae" 201 - "-" "-" "container-updater 2" 0.0006 "-" 23 0
Jun 10 13:18:02 standalone account-server[127772]: 172.20.0.100 - - [10/Jun/2026:13:18:02 +0000] "PUT /d1/665/AUTH_b0651100e7594062b00f3d325faec881/gnocchi.774f302d-2554-4934-8fd1-27bcd21e58fe" 201 - "-" "-" "container-updater 2" 0.0005 "-" 23 0
Jun 10 13:18:02 standalone account-server[127734]: 172.20.0.100 - - [10/Jun/2026:13:18:02 +0000] "PUT /d1/665/AUTH_b0651100e7594062b00f3d325faec881/gnocchi.4ac25dfc-6638-4a07-adc3-355d7a2e2824" 201 - "-" "-" "container-updater 2" 0.0005 "-" 20 0
Jun 10 13:18:03 standalone account-server[127734]: 172.20.0.100 - - [10/Jun/2026:13:18:03 +0000] "PUT /d1/665/AUTH_b0651100e7594062b00f3d325faec881/gnocchi.c666ff68-b158-46fb-b5b2-ffc80273892a" 201 - "-" "-" "container-updater 2" 0.0007 "-" 20 0
Jun 10 13:18:03 standalone account-server[127757]: 172.20.0.100 - - [10/Jun/2026:13:18:03 +0000] "PUT /d1/665/AUTH_b0651100e7594062b00f3d325faec881/gnocchi.cef781bf-8597-43b2-8790-c2414ded5a3a" 201 - "-" "-" "container-updater 2" 0.0005 "-" 22 0
Jun 10 13:18:03 standalone account-server[127772]: 172.20.0.100 - - [10/Jun/2026:13:18:03 +0000] "PUT /d1/665/AUTH_b0651100e7594062b00f3d325faec881/gnocchi.7df43c90-1bac-4821-aa3e-59c225961a1e" 201 - "-" "-" "container-updater 2" 0.0007 "-" 23 0
Jun 10 13:18:03 standalone account-server[127757]: 172.20.0.100 - - [10/Jun/2026:13:18:03 +0000] "PUT /d1/665/AUTH_b0651100e7594062b00f3d325faec881/gnocchi.69b2c90e-aa5f-4a41-8d3a-4878f5c0a758" 201 - "-" "-" "container-updater 2" 0.0007 "-" 22 0
Jun 10 13:18:03 standalone container-server[127773]: Container update sweep completed: 3.01s
Jun 10 13:19:49 standalone account-server[127757]: 172.20.0.100 - - [10/Jun/2026:13:19:49 +0000] "HEAD /d1/930/.expiring_objects" 404 - "HEAD http://localhost/v1/.expiring_objects?format=json" "tx85a329a4e99348ca92d16-006a296475" "proxy-server 2" 0.0006 "-" 22 -
Jun 10 13:19:49 standalone object-expirer[127779]: Pass completed in 0s; 0 objects expired (txn: tx85a329a4e99348ca92d16-006a296475)
Jun 10 13:19:54 standalone object-server[127989]: Begin object update sweep
Jun 10 13:19:54 standalone object-server[271279]: Object update sweep starting on /srv/node/d1 (pid: 15)
Jun 10 13:19:54 standalone object-server[271279]: Object update sweep completed on /srv/node/d1 in 0.00s seconds:, 0 successes, 0 failures, 0 quarantines, 0 unlinks, 0 errors, 0 redirects (pid: 15)
Jun 10 13:19:54 standalone object-server[271279]: Object update sweep of d1 completed: 0.00s, 0 successes, 0 failures, 0 quarantines, 0 unlinks, 0 errors, 0 redirects
Jun 10 13:19:54 standalone object-server[127989]: Object update sweep completed: 0.09s
Jun 10 13:20:53 standalone account-server[127745]: 172.20.0.100 - - [10/Jun/2026:13:20:53 +0000] "HEAD /d1/930/.expiring_objects" 404 - "HEAD http://localhost/v1/.expiring_objects?format=json" "tx89de8c4749a0436aae32b-006a2964b5" "proxy-server 2" 0.0006 "-" 21 -
Jun 10 13:20:53 standalone object-expirer[127779]: Pass completed in 0s; 0 objects expired (txn: tx89de8c4749a0436aae32b-006a2964b5)
Jun 10 13:22:23 standalone account-server[127745]: 172.20.0.100 - - [10/Jun/2026:13:22:23 +0000] "HEAD /d1/930/.expiring_objects" 404 - "HEAD http://localhost/v1/.expiring_objects?format=json" "tx01d1b82f3da146dd9e3fe-006a29650f" "proxy-server 2" 0.0006 "-" 21 -
Jun 10 13:22:23 standalone object-expirer[127779]: Pass completed in 0s; 0 objects expired (txn: tx01d1b82f3da146dd9e3fe-006a29650f)
Jun 10 13:23:00 standalone container-server[127773]: Begin container update sweep
Jun 10 13:23:02 standalone container-server[127773]: Container update sweep completed: 2.13s
Jun 10 13:24:44 standalone account-server[127757]: 172.20.0.100 - - [10/Jun/2026:13:24:44 +0000] "HEAD /d1/930/.expiring_objects" 404 - "HEAD http://localhost/v1/.expiring_objects?format=json" "tx0c39ed832ddb4b8984300-006a29659c" "proxy-server 2" 0.0008 "-" 22 -
Jun 10 13:24:44 standalone object-expirer[127779]: Pass completed in 0s; 0 objects expired (txn: tx0c39ed832ddb4b8984300-006a29659c)
Jun 10 13:24:54 standalone object-server[127989]: Begin object update sweep
Jun 10 13:24:54 standalone object-server[297606]: Object update sweep starting on /srv/node/d1 (pid: 16)
Jun 10 13:24:54 standalone object-server[297606]: Object update sweep completed on /srv/node/d1 in 0.00s seconds:, 0 successes, 0 failures, 0 quarantines, 0 unlinks, 0 errors, 0 redirects (pid: 16)
Jun 10 13:24:54 standalone object-server[297606]: Object update sweep of d1 completed: 0.00s, 0 successes, 0 failures, 0 quarantines, 0 unlinks, 0 errors, 0 redirects
Jun 10 13:24:54 standalone object-server[127989]: Object update sweep completed: 0.08s
Jun 10 13:28:00 standalone container-server[127773]: Begin container update sweep
Jun 10 13:28:02 standalone container-server[127773]: Container update sweep completed: 1.75s
Jun 10 13:28:39 standalone account-server[127772]: 172.20.0.100 - - [10/Jun/2026:13:28:39 +0000] "HEAD /d1/930/.expiring_objects" 404 - "HEAD http://localhost/v1/.expiring_objects?format=json" "tx07550b4d4d9341b28e534-006a296687" "proxy-server 2" 0.0006 "-" 23 -
Jun 10 13:28:39 standalone object-expirer[127779]: Pass completed in 0s; 0 objects expired (txn: tx07550b4d4d9341b28e534-006a296687)
Jun 10 13:29:38 standalone account-server[127757]: 172.20.0.100 - - [10/Jun/2026:13:29:38 +0000] "HEAD /d1/930/.expiring_objects" 404 - "HEAD http://localhost/v1/.expiring_objects?format=json" "tx13a9548aada5434bb657c-006a2966c2" "proxy-server 2" 0.0005 "-" 22 -
Jun 10 13:29:38 standalone object-expirer[127779]: Pass completed in 0s; 0 objects expired (txn: tx13a9548aada5434bb657c-006a2966c2)
Jun 10 13:29:47 standalone account-server[127397]: Devices pass completed: 0.00s
Jun 10 13:29:54 standalone object-server[127989]: Begin object update sweep
Jun 10 13:29:54 standalone object-server[324092]: Object update sweep starting on /srv/node/d1 (pid: 17)
Jun 10 13:29:54 standalone object-server[324092]: Object update sweep completed on /srv/node/d1 in 0.00s seconds:, 0 successes, 0 failures, 0 quarantines, 0 unlinks, 0 errors, 0 redirects (pid: 17)
Jun 10 13:29:54 standalone object-server[324092]: Object update sweep of d1 completed: 0.00s, 0 successes, 0 failures, 0 quarantines, 0 unlinks, 0 errors, 0 redirects
Jun 10 13:29:54 standalone object-server[127989]: Object update sweep completed: 0.09s
Jun 10 13:33:00 standalone container-server[127773]: Begin container update sweep
Jun 10 13:33:03 standalone container-server[127773]: Container update sweep completed: 2.23s
Jun 10 13:34:33 standalone account-server[127757]: 172.20.0.100 - - [10/Jun/2026:13:34:33 +0000] "HEAD /d1/930/.expiring_objects" 404 - "HEAD http://localhost/v1/.expiring_objects?format=json" "tx9decd1828a3e48b19c69a-006a2967e9" "proxy-server 2" 0.0008 "-" 22 -
Jun 10 13:34:33 standalone object-expirer[127779]: Pass completed in 0s; 0 objects expired (txn: tx9decd1828a3e48b19c69a-006a2967e9)
Jun 10 13:34:54 standalone object-server[127989]: Begin object update sweep
Jun 10 13:34:54 standalone object-server[345409]: Object update sweep starting on /srv/node/d1 (pid: 18)
Jun 10 13:34:54 standalone object-server[345409]: Object update sweep completed on /srv/node/d1 in 0.00s seconds:, 0 successes, 0 failures, 0 quarantines, 0 unlinks, 0 errors, 0 redirects (pid: 18)
Jun 10 13:34:54 standalone object-server[345409]: Object update sweep of d1 completed: 0.00s, 0 successes, 0 failures, 0 quarantines, 0 unlinks, 0 errors, 0 redirects
Jun 10 13:34:54 standalone object-server[127989]: Object update sweep completed: 0.11s
Jun 10 13:37:03 standalone account-server[127757]: 172.20.0.100 - - [10/Jun/2026:13:37:03 +0000] "HEAD /d1/930/.expiring_objects" 404 - "HEAD http://localhost/v1/.expiring_objects?format=json" "tx31ff7e3dbe84401c96a0d-006a29687f" "proxy-server 2" 0.0009 "-" 22 -
Jun 10 13:37:03 standalone object-expirer[127779]: Pass completed in 0s; 0 objects expired (txn: tx31ff7e3dbe84401c96a0d-006a29687f)
Jun 10 13:38:00 standalone container-server[127773]: Begin container update sweep
Jun 10 13:38:03 standalone container-server[127773]: Container update sweep completed: 2.85s
Jun 10 13:38:15 standalone account-server[127757]: 172.20.0.100 - - [10/Jun/2026:13:38:15 +0000] "HEAD /d1/930/.expiring_objects" 404 - "HEAD http://localhost/v1/.expiring_objects?format=json" "tx8600913acdda4a5986c20-006a2968c7" "proxy-server 2" 0.0006 "-" 22 -
Jun 10 13:38:15 standalone object-expirer[127779]: Pass completed in 0s; 0 objects expired (txn: tx8600913acdda4a5986c20-006a2968c7)
Jun 10 13:38:44 standalone account-server[127745]: 172.20.0.100 - - [10/Jun/2026:13:38:44 +0000] "HEAD /d1/930/.expiring_objects" 404 - "HEAD http://localhost/v1/.expiring_objects?format=json" "tx5e205fd3c9d6486489957-006a2968e4" "proxy-server 2" 0.0009 "-" 21 -
Jun 10 13:38:44 standalone object-expirer[127779]: Pass completed in 0s; 0 objects expired (txn: tx5e205fd3c9d6486489957-006a2968e4)
Jun 10 13:39:54 standalone object-server[127989]: Begin object update sweep
Jun 10 13:39:54 standalone object-server[366615]: Object update sweep starting on /srv/node/d1 (pid: 19)
Jun 10 13:39:54 standalone object-server[366615]: Object update sweep completed on /srv/node/d1 in 0.00s seconds:, 0 successes, 0 failures, 0 quarantines, 0 unlinks, 0 errors, 0 redirects (pid: 19)
Jun 10 13:39:54 standalone object-server[366615]: Object update sweep of d1 completed: 0.00s, 0 successes, 0 failures, 0 quarantines, 0 unlinks, 0 errors, 0 redirects
Jun 10 13:39:54 standalone object-server[127989]: Object update sweep completed: 0.07s
Jun 10 13:40:47 standalone account-server[127734]: 172.20.0.100 - - [10/Jun/2026:13:40:47 +0000] "HEAD /d1/930/.expiring_objects" 404 - "HEAD http://localhost/v1/.expiring_objects?format=json" "tx4658e5e4f1af4043b48cf-006a29695f" "proxy-server 2" 0.0006 "-" 20 -
Jun 10 13:40:47 standalone object-expirer[127779]: Pass completed in 0s; 0 objects expired (txn: tx4658e5e4f1af4043b48cf-006a29695f)