Jun 10 13:15:31 standalone proxy-server[130032]: 172.18.0.2 172.18.0.100 10/Jun/2026/13/15/31 GET /v1/AUTH_b0651100e7594062b00f3d325faec881/gnocchi.df09ced2-dfd2-4939-9f97-6e4d3d905c3e%3Fformat%3Djson%26states%3Dlisting HTTP/1.0 200 - python-swiftclient-3.11.1 gAAAAABqKWKqlyGc... - 357 - tx9d28acf565364a5787c02-006a296373 - 0.0292 - - 1781097331.813037157 1781097331.842272282 0
Jun 10 13:15:31 standalone container-server[127949]: 172.20.0.100 - - [10/Jun/2026:13:15:31 +0000] "GET /d1/812/AUTH_b0651100e7594062b00f3d325faec881/gnocchi.df09ced2-dfd2-4939-9f97-6e4d3d905c3e" 200 2 "GET http://172.18.0.2:8080/v1/AUTH_b0651100e7594062b00f3d325faec881/gnocchi.df09ced2-dfd2-4939-9f97-6e4d3d905c3e?format=json&marker=none_v3&states=listing" "tx83e9313b42aa47e4a817f-006a296373" "proxy-server 20" 0.0039 "-" 22 0
Jun 10 13:15:31 standalone proxy-server[130032]: 172.18.0.2 172.18.0.100 10/Jun/2026/13/15/31 GET /v1/AUTH_b0651100e7594062b00f3d325faec881/gnocchi.df09ced2-dfd2-4939-9f97-6e4d3d905c3e%3Fformat%3Djson%26marker%3Dnone_v3%26states%3Dlisting HTTP/1.0 200 - python-swiftclient-3.11.1 gAAAAABqKWKqlyGc... - 2 - tx83e9313b42aa47e4a817f-006a296373 - 0.0149 - - 1781097331.847146273 1781097331.862029552 0
Jun 10 13:15:31 standalone object-server[128107]: 172.20.0.100 - - [10/Jun/2026:13:15:31 +0000] "GET /d1/694/AUTH_b0651100e7594062b00f3d325faec881/gnocchi.df09ced2-dfd2-4939-9f97-6e4d3d905c3e/1780920000.0_mean_300.0_v3" 200 16 "GET http://172.18.0.2:8080/v1/AUTH_b0651100e7594062b00f3d325faec881/gnocchi.df09ced2-dfd2-4939-9f97-6e4d3d905c3e/1780920000.0_mean_300.0_v3" "tx20bef05d1cee4c12bb514-006a296373" "proxy-server 20" 0.0006 "-" 21 0
Jun 10 13:15:31 standalone proxy-server[130032]: 172.18.0.2 172.18.0.100 10/Jun/2026/13/15/31 GET /v1/AUTH_b0651100e7594062b00f3d325faec881/gnocchi.df09ced2-dfd2-4939-9f97-6e4d3d905c3e/1780920000.0_mean_300.0_v3 HTTP/1.0 200 - python-swiftclient-3.11.1 gAAAAABqKWKqlyGc... - 16 - tx20bef05d1cee4c12bb514-006a296373 - 0.0090 - - 1781097331.868150949 1781097331.877124310 0
Jun 10 13:15:31 standalone container-server[127948]: 172.20.0.100 - - [10/Jun/2026:13:15:31 +0000] "PUT /d1/812/AUTH_b0651100e7594062b00f3d325faec881/gnocchi.df09ced2-dfd2-4939-9f97-6e4d3d905c3e/1780920000.0_mean_300.0_v3" 201 - "PUT http://172.18.0.2:8080/d1/694/AUTH_b0651100e7594062b00f3d325faec881/gnocchi.df09ced2-dfd2-4939-9f97-6e4d3d905c3e/1780920000.0_mean_300.0_v3" "tx040d574dbd194e26aceb4-006a296373" "object-server 21" 0.0008 "-" 21 0
Jun 10 13:15:31 standalone object-server[128107]: 172.20.0.100 - - [10/Jun/2026:13:15:31 +0000] "PUT /d1/694/AUTH_b0651100e7594062b00f3d325faec881/gnocchi.df09ced2-dfd2-4939-9f97-6e4d3d905c3e/1780920000.0_mean_300.0_v3" 201 - "PUT http://172.18.0.2:8080/v1/AUTH_b0651100e7594062b00f3d325faec881/gnocchi.df09ced2-dfd2-4939-9f97-6e4d3d905c3e/1780920000.0_mean_300.0_v3" "tx040d574dbd194e26aceb4-006a296373" "proxy-server 20" 0.0121 "-" 21 0
Jun 10 13:15:31 standalone proxy-server[130032]: 172.18.0.2 172.18.0.100 10/Jun/2026/13/15/31 PUT /v1/AUTH_b0651100e7594062b00f3d325faec881/gnocchi.df09ced2-dfd2-4939-9f97-6e4d3d905c3e/1780920000.0_mean_300.0_v3 HTTP/1.0 201 - python-swiftclient-3.11.1 gAAAAABqKWKqlyGc... 16 - - tx040d574dbd194e26aceb4-006a296373 - 0.0197 - - 1781097331.881580830 1781097331.901262760 0
Jun 10 13:15:31 standalone container-server[127954]: 172.20.0.100 - - [10/Jun/2026:13:15:31 +0000] "PUT /d1/812/AUTH_b0651100e7594062b00f3d325faec881/gnocchi.df09ced2-dfd2-4939-9f97-6e4d3d905c3e/none_v3" 201 - "PUT http://172.18.0.2:8080/d1/481/AUTH_b0651100e7594062b00f3d325faec881/gnocchi.df09ced2-dfd2-4939-9f97-6e4d3d905c3e/none_v3" "tx7a9d6549b0ab4c72a37d8-006a296373" "object-server 24" 0.0005 "-" 23 0
Jun 10 13:15:31 standalone object-server[128136]: 172.20.0.100 - - [10/Jun/2026:13:15:31 +0000] "PUT /d1/481/AUTH_b0651100e7594062b00f3d325faec881/gnocchi.df09ced2-dfd2-4939-9f97-6e4d3d905c3e/none_v3" 201 - "PUT http://172.18.0.2:8080/v1/AUTH_b0651100e7594062b00f3d325faec881/gnocchi.df09ced2-dfd2-4939-9f97-6e4d3d905c3e/none_v3" "tx7a9d6549b0ab4c72a37d8-006a296373" "proxy-server 20" 0.0093 "-" 24 0
Jun 10 13:15:31 standalone proxy-server[130032]: 172.18.0.2 172.18.0.100 10/Jun/2026/13/15/31 PUT /v1/AUTH_b0651100e7594062b00f3d325faec881/gnocchi.df09ced2-dfd2-4939-9f97-6e4d3d905c3e/none_v3 HTTP/1.0 201 - python-swiftclient-3.11.1 gAAAAABqKWKqlyGc... 31 - - tx7a9d6549b0ab4c72a37d8-006a296373 - 0.0186 - - 1781097331.905262709 1781097331.923851490 0
Jun 10 13:15:40 standalone object-server[128136]: 172.20.0.100 - - [10/Jun/2026:13:15:40 +0000] "GET /d1/756/AUTH_b0651100e7594062b00f3d325faec881/gnocchi.6f880e5d-bad2-4327-94e4-da6875ddd97c/none_v3" 200 32 "GET http://172.18.0.2:8080/v1/AUTH_b0651100e7594062b00f3d325faec881/gnocchi.6f880e5d-bad2-4327-94e4-da6875ddd97c/none_v3" "tx093561e5d536471eaad57-006a29637c" "proxy-server 20" 0.0018 "-" 24 0
Jun 10 13:15:40 standalone proxy-server[130032]: 172.18.0.2 172.18.0.100 10/Jun/2026/13/15/40 GET /v1/AUTH_b0651100e7594062b00f3d325faec881/gnocchi.6f880e5d-bad2-4327-94e4-da6875ddd97c/none_v3 HTTP/1.0 200 - python-swiftclient-3.11.1 gAAAAABqKWKqlyGc... - 32 - tx093561e5d536471eaad57-006a29637c - 0.0111 - - 1781097340.814860106 1781097340.825921297 0
Jun 10 13:15:40 standalone container-server[127946]: 172.20.0.100 - - [10/Jun/2026:13:15:40 +0000] "GET /d1/423/AUTH_b0651100e7594062b00f3d325faec881/gnocchi.6f880e5d-bad2-4327-94e4-da6875ddd97c" 200 357 "GET http://172.18.0.2:8080/v1/AUTH_b0651100e7594062b00f3d325faec881/gnocchi.6f880e5d-bad2-4327-94e4-da6875ddd97c?format=json&states=listing" "tx87c633a632964018961df-006a29637c" "proxy-server 20" 0.0229 "-" 20 0
Jun 10 13:15:40 standalone proxy-server[130032]: 172.18.0.2 172.18.0.100 10/Jun/2026/13/15/40 GET /v1/AUTH_b0651100e7594062b00f3d325faec881/gnocchi.6f880e5d-bad2-4327-94e4-da6875ddd97c%3Fformat%3Djson%26states%3Dlisting HTTP/1.0 200 - python-swiftclient-3.11.1 gAAAAABqKWKqlyGc... - 357 - tx87c633a632964018961df-006a29637c - 0.0332 - - 1781097340.835986614 1781097340.869155884 0
Jun 10 13:15:40 standalone container-server[127948]: 172.20.0.100 - - [10/Jun/2026:13:15:40 +0000] "GET /d1/423/AUTH_b0651100e7594062b00f3d325faec881/gnocchi.6f880e5d-bad2-4327-94e4-da6875ddd97c" 200 2 "GET http://172.18.0.2:8080/v1/AUTH_b0651100e7594062b00f3d325faec881/gnocchi.6f880e5d-bad2-4327-94e4-da6875ddd97c?format=json&marker=none_v3&states=listing" "tx0e5f0f3e8229475b9cc05-006a29637c" "proxy-server 20" 0.0022 "-" 21 0
Jun 10 13:15:40 standalone proxy-server[130032]: 172.18.0.2 172.18.0.100 10/Jun/2026/13/15/40 GET /v1/AUTH_b0651100e7594062b00f3d325faec881/gnocchi.6f880e5d-bad2-4327-94e4-da6875ddd97c%3Fformat%3Djson%26marker%3Dnone_v3%26states%3Dlisting HTTP/1.0 200 - python-swiftclient-3.11.1 gAAAAABqKWKqlyGc... - 2 - tx0e5f0f3e8229475b9cc05-006a29637c - 0.0088 - - 1781097340.877898216 1781097340.886710882 0
Jun 10 13:15:40 standalone object-server[128122]: 172.20.0.100 - - [10/Jun/2026:13:15:40 +0000] "GET /d1/367/AUTH_b0651100e7594062b00f3d325faec881/gnocchi.6f880e5d-bad2-4327-94e4-da6875ddd97c/1780920000.0_mean_300.0_v3" 200 16 "GET http://172.18.0.2:8080/v1/AUTH_b0651100e7594062b00f3d325faec881/gnocchi.6f880e5d-bad2-4327-94e4-da6875ddd97c/1780920000.0_mean_300.0_v3" "txd967388436934993bea4f-006a29637c" "proxy-server 20" 0.0009 "-" 23 0
Jun 10 13:15:40 standalone proxy-server[130032]: 172.18.0.2 172.18.0.100 10/Jun/2026/13/15/40 GET /v1/AUTH_b0651100e7594062b00f3d325faec881/gnocchi.6f880e5d-bad2-4327-94e4-da6875ddd97c/1780920000.0_mean_300.0_v3 HTTP/1.0 200 - python-swiftclient-3.11.1 gAAAAABqKWKqlyGc... - 16 - txd967388436934993bea4f-006a29637c - 0.0077 - - 1781097340.889634609 1781097340.897286654 0
Jun 10 13:15:40 standalone container-server[127954]: 172.20.0.100 - - [10/Jun/2026:13:15:40 +0000] "PUT /d1/423/AUTH_b0651100e7594062b00f3d325faec881/gnocchi.6f880e5d-bad2-4327-94e4-da6875ddd97c/1780920000.0_mean_300.0_v3" 201 - "PUT http://172.18.0.2:8080/d1/367/AUTH_b0651100e7594062b00f3d325faec881/gnocchi.6f880e5d-bad2-4327-94e4-da6875ddd97c/1780920000.0_mean_300.0_v3" "txfc76c6d5567e4bd3bd5e9-006a29637c" "object-server 24" 0.0005 "-" 23 0
Jun 10 13:15:40 standalone object-server[128136]: 172.20.0.100 - - [10/Jun/2026:13:15:40 +0000] "PUT /d1/367/AUTH_b0651100e7594062b00f3d325faec881/gnocchi.6f880e5d-bad2-4327-94e4-da6875ddd97c/1780920000.0_mean_300.0_v3" 201 - "PUT http://172.18.0.2:8080/v1/AUTH_b0651100e7594062b00f3d325faec881/gnocchi.6f880e5d-bad2-4327-94e4-da6875ddd97c/1780920000.0_mean_300.0_v3" "txfc76c6d5567e4bd3bd5e9-006a29637c" "proxy-server 20" 0.0131 "-" 24 0
Jun 10 13:15:40 standalone proxy-server[130032]: 172.18.0.2 172.18.0.100 10/Jun/2026/13/15/40 PUT /v1/AUTH_b0651100e7594062b00f3d325faec881/gnocchi.6f880e5d-bad2-4327-94e4-da6875ddd97c/1780920000.0_mean_300.0_v3 HTTP/1.0 201 - python-swiftclient-3.11.1 gAAAAABqKWKqlyGc... 16 - - txfc76c6d5567e4bd3bd5e9-006a29637c - 0.0218 - - 1781097340.904347181 1781097340.926155567 0
Jun 10 13:15:40 standalone container-server[127949]: 172.20.0.100 - - [10/Jun/2026:13:15:40 +0000] "PUT /d1/423/AUTH_b0651100e7594062b00f3d325faec881/gnocchi.6f880e5d-bad2-4327-94e4-da6875ddd97c/none_v3" 201 - "PUT http://172.18.0.2:8080/d1/756/AUTH_b0651100e7594062b00f3d325faec881/gnocchi.6f880e5d-bad2-4327-94e4-da6875ddd97c/none_v3" "tx9745e2d861764484b7b1f-006a29637c" "object-server 22" 0.0007 "-" 22 0
Jun 10 13:15:40 standalone object-server[128115]: 172.20.0.100 - - [10/Jun/2026:13:15:40 +0000] "PUT /d1/756/AUTH_b0651100e7594062b00f3d325faec881/gnocchi.6f880e5d-bad2-4327-94e4-da6875ddd97c/none_v3" 201 - "PUT http://172.18.0.2:8080/v1/AUTH_b0651100e7594062b00f3d325faec881/gnocchi.6f880e5d-bad2-4327-94e4-da6875ddd97c/none_v3" "tx9745e2d861764484b7b1f-006a29637c" "proxy-server 20" 0.0127 "-" 22 0
Jun 10 13:15:40 standalone proxy-server[130032]: 172.18.0.2 172.18.0.100 10/Jun/2026/13/15/40 PUT /v1/AUTH_b0651100e7594062b00f3d325faec881/gnocchi.6f880e5d-bad2-4327-94e4-da6875ddd97c/none_v3 HTTP/1.0 201 - python-swiftclient-3.11.1 gAAAAABqKWKqlyGc... 46 - - tx9745e2d861764484b7b1f-006a29637c - 0.0182 - - 1781097340.928716898 1781097340.946914911 0
Jun 10 13:15:41 standalone account-server[127757]: 172.20.0.100 - - [10/Jun/2026:13:15:41 +0000] "HEAD /d1/665/AUTH_b0651100e7594062b00f3d325faec881" 204 - "HEAD http://172.18.0.2:8080/v1/AUTH_b0651100e7594062b00f3d325faec881?format=json" "tx5447f8a12c194d86a2945-006a29637d" "proxy-server 20" 0.0058 "-" 22 -
Jun 10 13:15:41 standalone proxy-server[130032]: - - 10/Jun/2026/13/15/41 HEAD /v1/AUTH_b0651100e7594062b00f3d325faec881%3Fformat%3Djson HTTP/1.0 204 - Swift - - - - tx5447f8a12c194d86a2945-006a29637d - 0.0100 RL - 1781097341.730969191 1781097341.741017103 -
Jun 10 13:15:41 standalone object-server[128136]: 172.20.0.100 - - [10/Jun/2026:13:15:41 +0000] "GET /d1/756/AUTH_b0651100e7594062b00f3d325faec881/gnocchi.6f880e5d-bad2-4327-94e4-da6875ddd97c/none_v3" 200 46 "GET http://172.18.0.2:8080/v1/AUTH_b0651100e7594062b00f3d325faec881/gnocchi.6f880e5d-bad2-4327-94e4-da6875ddd97c/none_v3" "tx5447f8a12c194d86a2945-006a29637d" "proxy-server 20" 0.0008 "-" 24 0
Jun 10 13:15:41 standalone proxy-server[130032]: 172.18.0.2 172.18.0.100 10/Jun/2026/13/15/41 GET /v1/AUTH_b0651100e7594062b00f3d325faec881/gnocchi.6f880e5d-bad2-4327-94e4-da6875ddd97c/none_v3 HTTP/1.0 200 - python-swiftclient-3.11.1 gAAAAABqKWKqlyGc... - 46 - tx5447f8a12c194d86a2945-006a29637d - 0.0173 - - 1781097341.729987860 1781097341.747323275 0
Jun 10 13:15:41 standalone container-server[127948]: 172.20.0.100 - - [10/Jun/2026:13:15:41 +0000] "GET /d1/423/AUTH_b0651100e7594062b00f3d325faec881/gnocchi.6f880e5d-bad2-4327-94e4-da6875ddd97c" 200 357 "GET http://172.18.0.2:8080/v1/AUTH_b0651100e7594062b00f3d325faec881/gnocchi.6f880e5d-bad2-4327-94e4-da6875ddd97c?format=json&states=listing" "tx85c7180f5b3843fd9acb1-006a29637d" "proxy-server 20" 0.0205 "-" 21 0
Jun 10 13:15:41 standalone proxy-server[130032]: 172.18.0.2 172.18.0.100 10/Jun/2026/13/15/41 GET /v1/AUTH_b0651100e7594062b00f3d325faec881/gnocchi.6f880e5d-bad2-4327-94e4-da6875ddd97c%3Fformat%3Djson%26states%3Dlisting HTTP/1.0 200 - python-swiftclient-3.11.1 gAAAAABqKWKqlyGc... - 357 - tx85c7180f5b3843fd9acb1-006a29637d - 0.0295 - - 1781097341.752356052 1781097341.781830549 0
Jun 10 13:15:41 standalone container-server[127954]: 172.20.0.100 - - [10/Jun/2026:13:15:41 +0000] "GET /d1/423/AUTH_b0651100e7594062b00f3d325faec881/gnocchi.6f880e5d-bad2-4327-94e4-da6875ddd97c" 200 2 "GET http://172.18.0.2:8080/v1/AUTH_b0651100e7594062b00f3d325faec881/gnocchi.6f880e5d-bad2-4327-94e4-da6875ddd97c?format=json&marker=none_v3&states=listing" "txb40dfa46153f4bfe92395-006a29637d" "proxy-server 20" 0.0023 "-" 23 0
Jun 10 13:15:41 standalone proxy-server[130032]: 172.18.0.2 172.18.0.100 10/Jun/2026/13/15/41 GET /v1/AUTH_b0651100e7594062b00f3d325faec881/gnocchi.6f880e5d-bad2-4327-94e4-da6875ddd97c%3Fformat%3Djson%26marker%3Dnone_v3%26states%3Dlisting HTTP/1.0 200 - python-swiftclient-3.11.1 gAAAAABqKWKqlyGc... - 2 - txb40dfa46153f4bfe92395-006a29637d - 0.0071 - - 1781097341.784339190 1781097341.791480064 0
Jun 10 13:15:41 standalone object-server[128136]: 172.20.0.100 - - [10/Jun/2026:13:15:41 +0000] "GET /d1/367/AUTH_b0651100e7594062b00f3d325faec881/gnocchi.6f880e5d-bad2-4327-94e4-da6875ddd97c/1780920000.0_mean_300.0_v3" 200 16 "GET http://172.18.0.2:8080/v1/AUTH_b0651100e7594062b00f3d325faec881/gnocchi.6f880e5d-bad2-4327-94e4-da6875ddd97c/1780920000.0_mean_300.0_v3" "txfae3cb25ceba4c7aa4fb2-006a29637d" "proxy-server 20" 0.0007 "-" 24 0
Jun 10 13:15:41 standalone proxy-server[130032]: 172.18.0.2 172.18.0.100 10/Jun/2026/13/15/41 GET /v1/AUTH_b0651100e7594062b00f3d325faec881/gnocchi.6f880e5d-bad2-4327-94e4-da6875ddd97c/1780920000.0_mean_300.0_v3 HTTP/1.0 200 - python-swiftclient-3.11.1 gAAAAABqKWKqlyGc... - 16 - txfae3cb25ceba4c7aa4fb2-006a29637d - 0.0049 - - 1781097341.793901682 1781097341.798764467 0
Jun 10 13:15:41 standalone container-server[127949]: 172.20.0.100 - - [10/Jun/2026:13:15:41 +0000] "PUT /d1/423/AUTH_b0651100e7594062b00f3d325faec881/gnocchi.6f880e5d-bad2-4327-94e4-da6875ddd97c/1780920000.0_mean_300.0_v3" 201 - "PUT http://172.18.0.2:8080/d1/367/AUTH_b0651100e7594062b00f3d325faec881/gnocchi.6f880e5d-bad2-4327-94e4-da6875ddd97c/1780920000.0_mean_300.0_v3" "tx935a83f9f45d4df091382-006a29637d" "object-server 22" 0.0005 "-" 22 0
Jun 10 13:15:41 standalone object-server[128115]: 172.20.0.100 - - [10/Jun/2026:13:15:41 +0000] "PUT /d1/367/AUTH_b0651100e7594062b00f3d325faec881/gnocchi.6f880e5d-bad2-4327-94e4-da6875ddd97c/1780920000.0_mean_300.0_v3" 201 - "PUT http://172.18.0.2:8080/v1/AUTH_b0651100e7594062b00f3d325faec881/gnocchi.6f880e5d-bad2-4327-94e4-da6875ddd97c/1780920000.0_mean_300.0_v3" "tx935a83f9f45d4df091382-006a29637d" "proxy-server 20" 0.0076 "-" 22 0
Jun 10 13:15:41 standalone proxy-server[130032]: 172.18.0.2 172.18.0.100 10/Jun/2026/13/15/41 PUT /v1/AUTH_b0651100e7594062b00f3d325faec881/gnocchi.6f880e5d-bad2-4327-94e4-da6875ddd97c/1780920000.0_mean_300.0_v3 HTTP/1.0 201 - python-swiftclient-3.11.1 gAAAAABqKWKqlyGc... 16 - - tx935a83f9f45d4df091382-006a29637d - 0.0114 - - 1781097341.800685167 1781097341.812046051 0
Jun 10 13:15:41 standalone container-server[127949]: 172.20.0.100 - - [10/Jun/2026:13:15:41 +0000] "PUT /d1/423/AUTH_b0651100e7594062b00f3d325faec881/gnocchi.6f880e5d-bad2-4327-94e4-da6875ddd97c/none_v3" 201 - "PUT http://172.18.0.2:8080/d1/756/AUTH_b0651100e7594062b00f3d325faec881/gnocchi.6f880e5d-bad2-4327-94e4-da6875ddd97c/none_v3" "tx4617f9794d134a3dbf9db-006a29637d" "object-server 23" 0.0004 "-" 22 0
Jun 10 13:15:41 standalone object-server[128122]: 172.20.0.100 - - [10/Jun/2026:13:15:41 +0000] "PUT /d1/756/AUTH_b0651100e7594062b00f3d325faec881/gnocchi.6f880e5d-bad2-4327-94e4-da6875ddd97c/none_v3" 201 - "PUT http://172.18.0.2:8080/v1/AUTH_b0651100e7594062b00f3d325faec881/gnocchi.6f880e5d-bad2-4327-94e4-da6875ddd97c/none_v3" "tx4617f9794d134a3dbf9db-006a29637d" "proxy-server 20" 0.0157 "-" 23 0
Jun 10 13:15:41 standalone proxy-server[130032]: 172.18.0.2 172.18.0.100 10/Jun/2026/13/15/41 PUT /v1/AUTH_b0651100e7594062b00f3d325faec881/gnocchi.6f880e5d-bad2-4327-94e4-da6875ddd97c/none_v3 HTTP/1.0 201 - python-swiftclient-3.11.1 gAAAAABqKWKqlyGc... 51 - - tx4617f9794d134a3dbf9db-006a29637d - 0.0198 - - 1781097341.813679695 1781097341.833483934 0
Jun 10 13:15:41 standalone object-server[128107]: 172.20.0.100 - - [10/Jun/2026:13:15:41 +0000] "GET /d1/384/AUTH_b0651100e7594062b00f3d325faec881/gnocchi.d66b5481-7186-4660-b3d2-7f2a918e589c/none_v3" 200 22 "GET http://172.18.0.2:8080/v1/AUTH_b0651100e7594062b00f3d325faec881/gnocchi.d66b5481-7186-4660-b3d2-7f2a918e589c/none_v3" "tx40e856ed913a43e99f172-006a29637d" "proxy-server 20" 0.0006 "-" 21 0
Jun 10 13:15:41 standalone proxy-server[130032]: 172.18.0.2 172.18.0.100 10/Jun/2026/13/15/41 GET /v1/AUTH_b0651100e7594062b00f3d325faec881/gnocchi.d66b5481-7186-4660-b3d2-7f2a918e589c/none_v3 HTTP/1.0 200 - python-swiftclient-3.11.1 gAAAAABqKWKqlyGc... - 22 - tx40e856ed913a43e99f172-006a29637d - 0.0057 - - 1781097341.845439672 1781097341.851106405 0
Jun 10 13:15:41 standalone container-server[127948]: 172.20.0.100 - - [10/Jun/2026:13:15:41 +0000] "GET /d1/601/AUTH_b0651100e7594062b00f3d325faec881/gnocchi.d66b5481-7186-4660-b3d2-7f2a918e589c" 200 357 "GET http://172.18.0.2:8080/v1/AUTH_b0651100e7594062b00f3d325faec881/gnocchi.d66b5481-7186-4660-b3d2-7f2a918e589c?format=json&states=listing" "txb7e6a8e12b8a4842bb8e5-006a29637d" "proxy-server 20" 0.0051 "-" 21 0
Jun 10 13:15:41 standalone proxy-server[130032]: 172.18.0.2 172.18.0.100 10/Jun/2026/13/15/41 GET /v1/AUTH_b0651100e7594062b00f3d325faec881/gnocchi.d66b5481-7186-4660-b3d2-7f2a918e589c%3Fformat%3Djson%26states%3Dlisting HTTP/1.0 200 - python-swiftclient-3.11.1 gAAAAABqKWKqlyGc... - 357 - txb7e6a8e12b8a4842bb8e5-006a29637d - 0.0093 - - 1781097341.855007887 1781097341.864288092 0
Jun 10 13:15:41 standalone container-server[127949]: 172.20.0.100 - - [10/Jun/2026:13:15:41 +0000] "GET /d1/601/AUTH_b0651100e7594062b00f3d325faec881/gnocchi.d66b5481-7186-4660-b3d2-7f2a918e589c" 200 2 "GET http://172.18.0.2:8080/v1/AUTH_b0651100e7594062b00f3d325faec881/gnocchi.d66b5481-7186-4660-b3d2-7f2a918e589c?format=json&marker=none_v3&states=listing" "txa66fe777ca944ab4ba2f2-006a29637d" "proxy-server 20" 0.0018 "-" 22 0
Jun 10 13:15:41 standalone proxy-server[130032]: 172.18.0.2 172.18.0.100 10/Jun/2026/13/15/41 GET /v1/AUTH_b0651100e7594062b00f3d325faec881/gnocchi.d66b5481-7186-4660-b3d2-7f2a918e589c%3Fformat%3Djson%26marker%3Dnone_v3%26states%3Dlisting HTTP/1.0 200 - python-swiftclient-3.11.1 gAAAAABqKWKqlyGc... - 2 - txa66fe777ca944ab4ba2f2-006a29637d - 0.0058 - - 1781097341.867545128 1781097341.873341322 0
Jun 10 13:15:41 standalone object-server[128107]: 172.20.0.100 - - [10/Jun/2026:13:15:41 +0000] "GET /d1/977/AUTH_b0651100e7594062b00f3d325faec881/gnocchi.d66b5481-7186-4660-b3d2-7f2a918e589c/1780920000.0_mean_300.0_v3" 200 16 "GET http://172.18.0.2:8080/v1/AUTH_b0651100e7594062b00f3d325faec881/gnocchi.d66b5481-7186-4660-b3d2-7f2a918e589c/1780920000.0_mean_300.0_v3" "txfa41b4d8106d4e6cb1900-006a29637d" "proxy-server 20" 0.0005 "-" 21 0
Jun 10 13:15:41 standalone proxy-server[130032]: 172.18.0.2 172.18.0.100 10/Jun/2026/13/15/41 GET /v1/AUTH_b0651100e7594062b00f3d325faec881/gnocchi.d66b5481-7186-4660-b3d2-7f2a918e589c/1780920000.0_mean_300.0_v3 HTTP/1.0 200 - python-swiftclient-3.11.1 gAAAAABqKWKqlyGc... - 16 - txfa41b4d8106d4e6cb1900-006a29637d - 0.0045 - - 1781097341.877686501 1781097341.882167578 0
Jun 10 13:15:41 standalone container-server[127954]: 172.20.0.100 - - [10/Jun/2026:13:15:41 +0000] "PUT /d1/601/AUTH_b0651100e7594062b00f3d325faec881/gnocchi.d66b5481-7186-4660-b3d2-7f2a918e589c/1780920000.0_mean_300.0_v3" 201 - "PUT http://172.18.0.2:8080/d1/977/AUTH_b0651100e7594062b00f3d325faec881/gnocchi.d66b5481-7186-4660-b3d2-7f2a918e589c/1780920000.0_mean_300.0_v3" "tx42bb35dcbb8f4c6eba285-006a29637d" "object-server 22" 0.0004 "-" 23 0
Jun 10 13:15:41 standalone object-server[128115]: 172.20.0.100 - - [10/Jun/2026:13:15:41 +0000] "PUT /d1/977/AUTH_b0651100e7594062b00f3d325faec881/gnocchi.d66b5481-7186-4660-b3d2-7f2a918e589c/1780920000.0_mean_300.0_v3" 201 - "PUT http://172.18.0.2:8080/v1/AUTH_b0651100e7594062b00f3d325faec881/gnocchi.d66b5481-7186-4660-b3d2-7f2a918e589c/1780920000.0_mean_300.0_v3" "tx42bb35dcbb8f4c6eba285-006a29637d" "proxy-server 20" 0.0084 "-" 22 0
Jun 10 13:15:41 standalone proxy-server[130032]: 172.18.0.2 172.18.0.100 10/Jun/2026/13/15/41 PUT /v1/AUTH_b0651100e7594062b00f3d325faec881/gnocchi.d66b5481-7186-4660-b3d2-7f2a918e589c/1780920000.0_mean_300.0_v3 HTTP/1.0 201 - python-swiftclient-3.11.1 gAAAAABqKWKqlyGc... 23 - - tx42bb35dcbb8f4c6eba285-006a29637d - 0.0119 - - 1781097341.885317564 1781097341.897195816 0
Jun 10 13:15:41 standalone container-server[127949]: 172.20.0.100 - - [10/Jun/2026:13:15:41 +0000] "PUT /d1/601/AUTH_b0651100e7594062b00f3d325faec881/gnocchi.d66b5481-7186-4660-b3d2-7f2a918e589c/none_v3" 201 - "PUT http://172.18.0.2:8080/d1/384/AUTH_b0651100e7594062b00f3d325faec881/gnocchi.d66b5481-7186-4660-b3d2-7f2a918e589c/none_v3" "tx85918b60d2b34a7a96d4c-006a29637d" "object-server 21" 0.0004 "-" 22 0
Jun 10 13:15:41 standalone object-server[128107]: 172.20.0.100 - - [10/Jun/2026:13:15:41 +0000] "PUT /d1/384/AUTH_b0651100e7594062b00f3d325faec881/gnocchi.d66b5481-7186-4660-b3d2-7f2a918e589c/none_v3" 201 - "PUT http://172.18.0.2:8080/v1/AUTH_b0651100e7594062b00f3d325faec881/gnocchi.d66b5481-7186-4660-b3d2-7f2a918e589c/none_v3" "tx85918b60d2b34a7a96d4c-006a29637d" "proxy-server 20" 0.0088 "-" 21 0
Jun 10 13:15:41 standalone proxy-server[130032]: 172.18.0.2 172.18.0.100 10/Jun/2026/13/15/41 PUT /v1/AUTH_b0651100e7594062b00f3d325faec881/gnocchi.d66b5481-7186-4660-b3d2-7f2a918e589c/none_v3 HTTP/1.0 201 - python-swiftclient-3.11.1 gAAAAABqKWKqlyGc... 22 - - tx85918b60d2b34a7a96d4c-006a29637d - 0.0124 - - 1781097341.899912119 1781097341.912301302 0
Jun 10 13:15:41 standalone object-server[128115]: 172.20.0.100 - - [10/Jun/2026:13:15:41 +0000] "GET /d1/917/AUTH_b0651100e7594062b00f3d325faec881/gnocchi.e9037b17-f065-40ea-8456-c40bf0c3b1f5/none_v3" 200 22 "GET http://172.18.0.2:8080/v1/AUTH_b0651100e7594062b00f3d325faec881/gnocchi.e9037b17-f065-40ea-8456-c40bf0c3b1f5/none_v3" "tx126d1c8d7eef424183f53-006a29637d" "proxy-server 20" 0.0005 "-" 22 0
Jun 10 13:15:41 standalone proxy-server[130032]: 172.18.0.2 172.18.0.100 10/Jun/2026/13/15/41 GET /v1/AUTH_b0651100e7594062b00f3d325faec881/gnocchi.e9037b17-f065-40ea-8456-c40bf0c3b1f5/none_v3 HTTP/1.0 200 - python-swiftclient-3.11.1 gAAAAABqKWKqlyGc... - 22 - tx126d1c8d7eef424183f53-006a29637d - 0.0044 - - 1781097341.923448324 1781097341.927806377 0
Jun 10 13:15:41 standalone container-server[127946]: 172.20.0.100 - - [10/Jun/2026:13:15:41 +0000] "GET /d1/1011/AUTH_b0651100e7594062b00f3d325faec881/gnocchi.e9037b17-f065-40ea-8456-c40bf0c3b1f5" 200 357 "GET http://172.18.0.2:8080/v1/AUTH_b0651100e7594062b00f3d325faec881/gnocchi.e9037b17-f065-40ea-8456-c40bf0c3b1f5?format=json&states=listing" "tx7f60ad63bcd74909bb672-006a29637d" "proxy-server 20" 0.0070 "-" 20 0
Jun 10 13:15:41 standalone proxy-server[130032]: 172.18.0.2 172.18.0.100 10/Jun/2026/13/15/41 GET /v1/AUTH_b0651100e7594062b00f3d325faec881/gnocchi.e9037b17-f065-40ea-8456-c40bf0c3b1f5%3Fformat%3Djson%26states%3Dlisting HTTP/1.0 200 - python-swiftclient-3.11.1 gAAAAABqKWKqlyGc... - 357 - tx7f60ad63bcd74909bb672-006a29637d - 0.0113 - - 1781097341.931393385 1781097341.942648649 0
Jun 10 13:15:41 standalone container-server[127946]: 172.20.0.100 - - [10/Jun/2026:13:15:41 +0000] "GET /d1/1011/AUTH_b0651100e7594062b00f3d325faec881/gnocchi.e9037b17-f065-40ea-8456-c40bf0c3b1f5" 200 2 "GET http://172.18.0.2:8080/v1/AUTH_b0651100e7594062b00f3d325faec881/gnocchi.e9037b17-f065-40ea-8456-c40bf0c3b1f5?format=json&marker=none_v3&states=listing" "tx08f51fec07f340a48dfdb-006a29637d" "proxy-server 20" 0.0019 "-" 20 0
Jun 10 13:15:41 standalone proxy-server[130032]: 172.18.0.2 172.18.0.100 10/Jun/2026/13/15/41 GET /v1/AUTH_b0651100e7594062b00f3d325faec881/gnocchi.e9037b17-f065-40ea-8456-c40bf0c3b1f5%3Fformat%3Djson%26marker%3Dnone_v3%26states%3Dlisting HTTP/1.0 200 - python-swiftclient-3.11.1 gAAAAABqKWKqlyGc... - 2 - tx08f51fec07f340a48dfdb-006a29637d - 0.0076 - - 1781097341.950103521 1781097341.957742691 0
Jun 10 13:15:41 standalone object-server[128115]: 172.20.0.100 - - [10/Jun/2026:13:15:41 +0000] "GET /d1/647/AUTH_b0651100e7594062b00f3d325faec881/gnocchi.e9037b17-f065-40ea-8456-c40bf0c3b1f5/1780920000.0_mean_300.0_v3" 200 16 "GET http://172.18.0.2:8080/v1/AUTH_b0651100e7594062b00f3d325faec881/gnocchi.e9037b17-f065-40ea-8456-c40bf0c3b1f5/1780920000.0_mean_300.0_v3" "txcd26e233f4c94f359b7dc-006a29637d" "proxy-server 20" 0.0005 "-" 22 0
Jun 10 13:15:41 standalone proxy-server[130032]: 172.18.0.2 172.18.0.100 10/Jun/2026/13/15/41 GET /v1/AUTH_b0651100e7594062b00f3d325faec881/gnocchi.e9037b17-f065-40ea-8456-c40bf0c3b1f5/1780920000.0_mean_300.0_v3 HTTP/1.0 200 - python-swiftclient-3.11.1 gAAAAABqKWKqlyGc... - 16 - txcd26e233f4c94f359b7dc-006a29637d - 0.0055 - - 1781097341.963508844 1781097341.968998194 0
Jun 10 13:15:41 standalone container-server[127949]: 172.20.0.100 - - [10/Jun/2026:13:15:41 +0000] "PUT /d1/1011/AUTH_b0651100e7594062b00f3d325faec881/gnocchi.e9037b17-f065-40ea-8456-c40bf0c3b1f5/1780920000.0_mean_300.0_v3" 201 - "PUT http://172.18.0.2:8080/d1/647/AUTH_b0651100e7594062b00f3d325faec881/gnocchi.e9037b17-f065-40ea-8456-c40bf0c3b1f5/1780920000.0_mean_300.0_v3" "tx094add4dab7e449fbaaa9-006a29637d" "object-server 21" 0.0006 "-" 22 0
Jun 10 13:15:41 standalone object-server[128107]: 172.20.0.100 - - [10/Jun/2026:13:15:41 +0000] "PUT /d1/647/AUTH_b0651100e7594062b00f3d325faec881/gnocchi.e9037b17-f065-40ea-8456-c40bf0c3b1f5/1780920000.0_mean_300.0_v3" 201 - "PUT http://172.18.0.2:8080/v1/AUTH_b0651100e7594062b00f3d325faec881/gnocchi.e9037b17-f065-40ea-8456-c40bf0c3b1f5/1780920000.0_mean_300.0_v3" "tx094add4dab7e449fbaaa9-006a29637d" "proxy-server 20" 0.0084 "-" 21 0
Jun 10 13:15:41 standalone proxy-server[130032]: 172.18.0.2 172.18.0.100 10/Jun/2026/13/15/41 PUT /v1/AUTH_b0651100e7594062b00f3d325faec881/gnocchi.e9037b17-f065-40ea-8456-c40bf0c3b1f5/1780920000.0_mean_300.0_v3 HTTP/1.0 201 - python-swiftclient-3.11.1 gAAAAABqKWKqlyGc... 23 - - tx094add4dab7e449fbaaa9-006a29637d - 0.0128 - - 1781097341.975838900 1781097341.988676786 0
Jun 10 13:15:42 standalone container-server[127948]: 172.20.0.100 - - [10/Jun/2026:13:15:42 +0000] "PUT /d1/1011/AUTH_b0651100e7594062b00f3d325faec881/gnocchi.e9037b17-f065-40ea-8456-c40bf0c3b1f5/none_v3" 201 - "PUT http://172.18.0.2:8080/d1/917/AUTH_b0651100e7594062b00f3d325faec881/gnocchi.e9037b17-f065-40ea-8456-c40bf0c3b1f5/none_v3" "tx603019de2055449d8ba02-006a29637d" "object-server 21" 0.0005 "-" 21 0
Jun 10 13:15:42 standalone object-server[128107]: 172.20.0.100 - - [10/Jun/2026:13:15:42 +0000] "PUT /d1/917/AUTH_b0651100e7594062b00f3d325faec881/gnocchi.e9037b17-f065-40ea-8456-c40bf0c3b1f5/none_v3" 201 - "PUT http://172.18.0.2:8080/v1/AUTH_b0651100e7594062b00f3d325faec881/gnocchi.e9037b17-f065-40ea-8456-c40bf0c3b1f5/none_v3" "tx603019de2055449d8ba02-006a29637d" "proxy-server 20" 0.0090 "-" 21 0
Jun 10 13:15:42 standalone proxy-server[130032]: 172.18.0.2 172.18.0.100 10/Jun/2026/13/15/42 PUT /v1/AUTH_b0651100e7594062b00f3d325faec881/gnocchi.e9037b17-f065-40ea-8456-c40bf0c3b1f5/none_v3 HTTP/1.0 201 - python-swiftclient-3.11.1 gAAAAABqKWKqlyGc... 22 - - tx603019de2055449d8ba02-006a29637d - 0.0131 - - 1781097341.991486788 1781097342.004591465 0
Jun 10 13:15:42 standalone object-server[128115]: 172.20.0.100 - - [10/Jun/2026:13:15:42 +0000] "GET /d1/833/AUTH_b0651100e7594062b00f3d325faec881/gnocchi.1ec40ab6-d494-4dca-b0c5-99b840a632d9/none_v3" 200 22 "GET http://172.18.0.2:8080/v1/AUTH_b0651100e7594062b00f3d325faec881/gnocchi.1ec40ab6-d494-4dca-b0c5-99b840a632d9/none_v3" "tx1456b8aa11404db5891ac-006a29637e" "proxy-server 20" 0.0005 "-" 22 0
Jun 10 13:15:42 standalone proxy-server[130032]: 172.18.0.2 172.18.0.100 10/Jun/2026/13/15/42 GET /v1/AUTH_b0651100e7594062b00f3d325faec881/gnocchi.1ec40ab6-d494-4dca-b0c5-99b840a632d9/none_v3 HTTP/1.0 200 - python-swiftclient-3.11.1 gAAAAABqKWKqlyGc... - 22 - tx1456b8aa11404db5891ac-006a29637e - 0.0054 - - 1781097342.019969940 1781097342.025328398 0
Jun 10 13:15:42 standalone container-server[127948]: 172.20.0.100 - - [10/Jun/2026:13:15:42 +0000] "GET /d1/491/AUTH_b0651100e7594062b00f3d325faec881/gnocchi.1ec40ab6-d494-4dca-b0c5-99b840a632d9" 200 357 "GET http://172.18.0.2:8080/v1/AUTH_b0651100e7594062b00f3d325faec881/gnocchi.1ec40ab6-d494-4dca-b0c5-99b840a632d9?format=json&states=listing" "tx091df5b635524a3caa287-006a29637e" "proxy-server 20" 0.0076 "-" 21 0
Jun 10 13:15:42 standalone proxy-server[130032]: 172.18.0.2 172.18.0.100 10/Jun/2026/13/15/42 GET /v1/AUTH_b0651100e7594062b00f3d325faec881/gnocchi.1ec40ab6-d494-4dca-b0c5-99b840a632d9%3Fformat%3Djson%26states%3Dlisting HTTP/1.0 200 - python-swiftclient-3.11.1 gAAAAABqKWKqlyGc... - 357 - tx091df5b635524a3caa287-006a29637e - 0.0124 - - 1781097342.029446363 1781097342.041842937 0
Jun 10 13:15:42 standalone container-server[127954]: 172.20.0.100 - - [10/Jun/2026:13:15:42 +0000] "GET /d1/491/AUTH_b0651100e7594062b00f3d325faec881/gnocchi.1ec40ab6-d494-4dca-b0c5-99b840a632d9" 200 2 "GET http://172.18.0.2:8080/v1/AUTH_b0651100e7594062b00f3d325faec881/gnocchi.1ec40ab6-d494-4dca-b0c5-99b840a632d9?format=json&marker=none_v3&states=listing" "tx11cdc2bce6fb4873bd2e0-006a29637e" "proxy-server 20" 0.0019 "-" 23 0
Jun 10 13:15:42 standalone proxy-server[130032]: 172.18.0.2 172.18.0.100 10/Jun/2026/13/15/42 GET /v1/AUTH_b0651100e7594062b00f3d325faec881/gnocchi.1ec40ab6-d494-4dca-b0c5-99b840a632d9%3Fformat%3Djson%26marker%3Dnone_v3%26states%3Dlisting HTTP/1.0 200 - python-swiftclient-3.11.1 gAAAAABqKWKqlyGc... - 2 - tx11cdc2bce6fb4873bd2e0-006a29637e - 0.0061 - - 1781097342.044804573 1781097342.050858736 0
Jun 10 13:15:42 standalone object-server[128107]: 172.20.0.100 - - [10/Jun/2026:13:15:42 +0000] "GET /d1/754/AUTH_b0651100e7594062b00f3d325faec881/gnocchi.1ec40ab6-d494-4dca-b0c5-99b840a632d9/1780920000.0_mean_300.0_v3" 200 16 "GET http://172.18.0.2:8080/v1/AUTH_b0651100e7594062b00f3d325faec881/gnocchi.1ec40ab6-d494-4dca-b0c5-99b840a632d9/1780920000.0_mean_300.0_v3" "txf7617a5f8ef641849187f-006a29637e" "proxy-server 20" 0.0006 "-" 21 0
Jun 10 13:15:42 standalone proxy-server[130032]: 172.18.0.2 172.18.0.100 10/Jun/2026/13/15/42 GET /v1/AUTH_b0651100e7594062b00f3d325faec881/gnocchi.1ec40ab6-d494-4dca-b0c5-99b840a632d9/1780920000.0_mean_300.0_v3 HTTP/1.0 200 - python-swiftclient-3.11.1 gAAAAABqKWKqlyGc... - 16 - txf7617a5f8ef641849187f-006a29637e - 0.0047 - - 1781097342.054531336 1781097342.059207678 0
Jun 10 13:15:42 standalone container-server[127946]: 172.20.0.100 - - [10/Jun/2026:13:15:42 +0000] "PUT /d1/491/AUTH_b0651100e7594062b00f3d325faec881/gnocchi.1ec40ab6-d494-4dca-b0c5-99b840a632d9/1780920000.0_mean_300.0_v3" 201 - "PUT http://172.18.0.2:8080/d1/754/AUTH_b0651100e7594062b00f3d325faec881/gnocchi.1ec40ab6-d494-4dca-b0c5-99b840a632d9/1780920000.0_mean_300.0_v3" "tx63960480fec643719d85d-006a29637e" "object-server 23" 0.0005 "-" 20 0
Jun 10 13:15:42 standalone object-server[128122]: 172.20.0.100 - - [10/Jun/2026:13:15:42 +0000] "PUT /d1/754/AUTH_b0651100e7594062b00f3d325faec881/gnocchi.1ec40ab6-d494-4dca-b0c5-99b840a632d9/1780920000.0_mean_300.0_v3" 201 - "PUT http://172.18.0.2:8080/v1/AUTH_b0651100e7594062b00f3d325faec881/gnocchi.1ec40ab6-d494-4dca-b0c5-99b840a632d9/1780920000.0_mean_300.0_v3" "tx63960480fec643719d85d-006a29637e" "proxy-server 20" 0.0081 "-" 23 0
Jun 10 13:15:42 standalone proxy-server[130032]: 172.18.0.2 172.18.0.100 10/Jun/2026/13/15/42 PUT /v1/AUTH_b0651100e7594062b00f3d325faec881/gnocchi.1ec40ab6-d494-4dca-b0c5-99b840a632d9/1780920000.0_mean_300.0_v3 HTTP/1.0 201 - python-swiftclient-3.11.1 gAAAAABqKWKqlyGc... 23 - - tx63960480fec643719d85d-006a29637e - 0.0156 - - 1781097342.063115358 1781097342.078708410 0
Jun 10 13:15:42 standalone container-server[127954]: 172.20.0.100 - - [10/Jun/2026:13:15:42 +0000] "PUT /d1/491/AUTH_b0651100e7594062b00f3d325faec881/gnocchi.1ec40ab6-d494-4dca-b0c5-99b840a632d9/none_v3" 201 - "PUT http://172.18.0.2:8080/d1/833/AUTH_b0651100e7594062b00f3d325faec881/gnocchi.1ec40ab6-d494-4dca-b0c5-99b840a632d9/none_v3" "tx4970602cb71747f3833d9-006a29637e" "object-server 22" 0.0006 "-" 23 0
Jun 10 13:15:42 standalone object-server[128115]: 172.20.0.100 - - [10/Jun/2026:13:15:42 +0000] "PUT /d1/833/AUTH_b0651100e7594062b00f3d325faec881/gnocchi.1ec40ab6-d494-4dca-b0c5-99b840a632d9/none_v3" 201 - "PUT http://172.18.0.2:8080/v1/AUTH_b0651100e7594062b00f3d325faec881/gnocchi.1ec40ab6-d494-4dca-b0c5-99b840a632d9/none_v3" "tx4970602cb71747f3833d9-006a29637e" "proxy-server 20" 0.0103 "-" 22 0
Jun 10 13:15:42 standalone proxy-server[130032]: 172.18.0.2 172.18.0.100 10/Jun/2026/13/15/42 PUT /v1/AUTH_b0651100e7594062b00f3d325faec881/gnocchi.1ec40ab6-d494-4dca-b0c5-99b840a632d9/none_v3 HTTP/1.0 201 - python-swiftclient-3.11.1 gAAAAABqKWKqlyGc... 22 - - tx4970602cb71747f3833d9-006a29637e - 0.0152 - - 1781097342.081583977 1781097342.096735716 0
Jun 10 13:15:42 standalone object-server[128107]: 172.20.0.100 - - [10/Jun/2026:13:15:42 +0000] "GET /d1/1003/AUTH_b0651100e7594062b00f3d325faec881/gnocchi.2c969aaf-1b89-4c2a-b933-382f21221eda/none_v3" 200 22 "GET http://172.18.0.2:8080/v1/AUTH_b0651100e7594062b00f3d325faec881/gnocchi.2c969aaf-1b89-4c2a-b933-382f21221eda/none_v3" "tx77eca925b864475680472-006a29637e" "proxy-server 20" 0.0011 "-" 21 0
Jun 10 13:15:42 standalone proxy-server[130032]: 172.18.0.2 172.18.0.100 10/Jun/2026/13/15/42 GET /v1/AUTH_b0651100e7594062b00f3d325faec881/gnocchi.2c969aaf-1b89-4c2a-b933-382f21221eda/none_v3 HTTP/1.0 200 - python-swiftclient-3.11.1 gAAAAABqKWKqlyGc... - 22 - tx77eca925b864475680472-006a29637e - 0.0083 - - 1781097342.111038923 1781097342.119326353 0
Jun 10 13:15:42 standalone container-server[127948]: 172.20.0.100 - - [10/Jun/2026:13:15:42 +0000] "GET /d1/751/AUTH_b0651100e7594062b00f3d325faec881/gnocchi.2c969aaf-1b89-4c2a-b933-382f21221eda" 200 357 "GET http://172.18.0.2:8080/v1/AUTH_b0651100e7594062b00f3d325faec881/gnocchi.2c969aaf-1b89-4c2a-b933-382f21221eda?format=json&states=listing" "tx8f0063f6477741769f4a2-006a29637e" "proxy-server 20" 0.0099 "-" 21 0
Jun 10 13:15:42 standalone proxy-server[130032]: 172.18.0.2 172.18.0.100 10/Jun/2026/13/15/42 GET /v1/AUTH_b0651100e7594062b00f3d325faec881/gnocchi.2c969aaf-1b89-4c2a-b933-382f21221eda%3Fformat%3Djson%26states%3Dlisting HTTP/1.0 200 - python-swiftclient-3.11.1 gAAAAABqKWKqlyGc... - 357 - tx8f0063f6477741769f4a2-006a29637e - 0.0202 - - 1781097342.123853922 1781097342.144066811 0
Jun 10 13:15:42 standalone container-server[127948]: 172.20.0.100 - - [10/Jun/2026:13:15:42 +0000] "GET /d1/751/AUTH_b0651100e7594062b00f3d325faec881/gnocchi.2c969aaf-1b89-4c2a-b933-382f21221eda" 200 2 "GET http://172.18.0.2:8080/v1/AUTH_b0651100e7594062b00f3d325faec881/gnocchi.2c969aaf-1b89-4c2a-b933-382f21221eda?format=json&marker=none_v3&states=listing" "tx4085f05174124441a54f3-006a29637e" "proxy-server 20" 0.0037 "-" 21 0
Jun 10 13:15:42 standalone proxy-server[130032]: 172.18.0.2 172.18.0.100 10/Jun/2026/13/15/42 GET /v1/AUTH_b0651100e7594062b00f3d325faec881/gnocchi.2c969aaf-1b89-4c2a-b933-382f21221eda%3Fformat%3Djson%26marker%3Dnone_v3%26states%3Dlisting HTTP/1.0 200 - python-swiftclient-3.11.1 gAAAAABqKWKqlyGc... - 2 - tx4085f05174124441a54f3-006a29637e - 0.0089 - - 1781097342.147074223 1781097342.155926228 0
Jun 10 13:15:42 standalone object-server[128122]: 172.20.0.100 - - [10/Jun/2026:13:15:42 +0000] "GET /d1/585/AUTH_b0651100e7594062b00f3d325faec881/gnocchi.2c969aaf-1b89-4c2a-b933-382f21221eda/1780920000.0_mean_300.0_v3" 200 16 "GET http://172.18.0.2:8080/v1/AUTH_b0651100e7594062b00f3d325faec881/gnocchi.2c969aaf-1b89-4c2a-b933-382f21221eda/1780920000.0_mean_300.0_v3" "txad85a76a11354bd282329-006a29637e" "proxy-server 20" 0.0011 "-" 23 0
Jun 10 13:15:42 standalone proxy-server[130032]: 172.18.0.2 172.18.0.100 10/Jun/2026/13/15/42 GET /v1/AUTH_b0651100e7594062b00f3d325faec881/gnocchi.2c969aaf-1b89-4c2a-b933-382f21221eda/1780920000.0_mean_300.0_v3 HTTP/1.0 200 - python-swiftclient-3.11.1 gAAAAABqKWKqlyGc... - 16 - txad85a76a11354bd282329-006a29637e - 0.0067 - - 1781097342.159680843 1781097342.166373491 0
Jun 10 13:15:42 standalone container-server[127949]: 172.20.0.100 - - [10/Jun/2026:13:15:42 +0000] "PUT /d1/751/AUTH_b0651100e7594062b00f3d325faec881/gnocchi.2c969aaf-1b89-4c2a-b933-382f21221eda/1780920000.0_mean_300.0_v3" 201 - "PUT http://172.18.0.2:8080/d1/585/AUTH_b0651100e7594062b00f3d325faec881/gnocchi.2c969aaf-1b89-4c2a-b933-382f21221eda/1780920000.0_mean_300.0_v3" "tx975be0f39eb741779b9b9-006a29637e" "object-server 22" 0.0005 "-" 22 0
Jun 10 13:15:42 standalone object-server[128115]: 172.20.0.100 - - [10/Jun/2026:13:15:42 +0000] "PUT /d1/585/AUTH_b0651100e7594062b00f3d325faec881/gnocchi.2c969aaf-1b89-4c2a-b933-382f21221eda/1780920000.0_mean_300.0_v3" 201 - "PUT http://172.18.0.2:8080/v1/AUTH_b0651100e7594062b00f3d325faec881/gnocchi.2c969aaf-1b89-4c2a-b933-382f21221eda/1780920000.0_mean_300.0_v3" "tx975be0f39eb741779b9b9-006a29637e" "proxy-server 20" 0.0097 "-" 22 0
Jun 10 13:15:42 standalone proxy-server[130032]: 172.18.0.2 172.18.0.100 10/Jun/2026/13/15/42 PUT /v1/AUTH_b0651100e7594062b00f3d325faec881/gnocchi.2c969aaf-1b89-4c2a-b933-382f21221eda/1780920000.0_mean_300.0_v3 HTTP/1.0 201 - python-swiftclient-3.11.1 gAAAAABqKWKqlyGc... 23 - - tx975be0f39eb741779b9b9-006a29637e - 0.0139 - - 1781097342.169533491 1781097342.183391333 0
Jun 10 13:15:42 standalone container-server[127954]: 172.20.0.100 - - [10/Jun/2026:13:15:42 +0000] "PUT /d1/751/AUTH_b0651100e7594062b00f3d325faec881/gnocchi.2c969aaf-1b89-4c2a-b933-382f21221eda/none_v3" 201 - "PUT http://172.18.0.2:8080/d1/1003/AUTH_b0651100e7594062b00f3d325faec881/gnocchi.2c969aaf-1b89-4c2a-b933-382f21221eda/none_v3" "txfa0c5054e33c40b590b1b-006a29637e" "object-server 24" 0.0008 "-" 23 0
Jun 10 13:15:42 standalone object-server[128136]: 172.20.0.100 - - [10/Jun/2026:13:15:42 +0000] "PUT /d1/1003/AUTH_b0651100e7594062b00f3d325faec881/gnocchi.2c969aaf-1b89-4c2a-b933-382f21221eda/none_v3" 201 - "PUT http://172.18.0.2:8080/v1/AUTH_b0651100e7594062b00f3d325faec881/gnocchi.2c969aaf-1b89-4c2a-b933-382f21221eda/none_v3" "txfa0c5054e33c40b590b1b-006a29637e" "proxy-server 20" 0.0125 "-" 24 0
Jun 10 13:15:42 standalone proxy-server[130032]: 172.18.0.2 172.18.0.100 10/Jun/2026/13/15/42 PUT /v1/AUTH_b0651100e7594062b00f3d325faec881/gnocchi.2c969aaf-1b89-4c2a-b933-382f21221eda/none_v3 HTTP/1.0 201 - python-swiftclient-3.11.1 gAAAAABqKWKqlyGc... 22 - - txfa0c5054e33c40b590b1b-006a29637e - 0.0173 - - 1781097342.186375141 1781097342.203657627 0
Jun 10 13:15:45 standalone container-server[127948]: 172.20.0.100 - - [10/Jun/2026:13:15:45 +0000] "HEAD /d1/516/AUTH_b0651100e7594062b00f3d325faec881/gnocchi.6c1a1ece-b5dd-4716-bf90-bf78c6b965f3" 404 - "HEAD http://172.18.0.2:8080/v1/AUTH_b0651100e7594062b00f3d325faec881/gnocchi.6c1a1ece-b5dd-4716-bf90-bf78c6b965f3?format=json&states=listing" "tx70c3d44fe59942068dc1b-006a296381" "proxy-server 20" 0.0006 "-" 21 0
Jun 10 13:15:45 standalone object-server[128136]: 172.20.0.100 - - [10/Jun/2026:13:15:45 +0000] "GET /d1/3/AUTH_b0651100e7594062b00f3d325faec881/gnocchi.6c1a1ece-b5dd-4716-bf90-bf78c6b965f3/none_v3" 404 70 "GET http://172.18.0.2:8080/v1/AUTH_b0651100e7594062b00f3d325faec881/gnocchi.6c1a1ece-b5dd-4716-bf90-bf78c6b965f3/none_v3" "tx70c3d44fe59942068dc1b-006a296381" "proxy-server 20" 0.0004 "-" 24 0
Jun 10 13:15:45 standalone proxy-server[130032]: 172.18.0.2 172.18.0.100 10/Jun/2026/13/15/45 GET /v1/AUTH_b0651100e7594062b00f3d325faec881/gnocchi.6c1a1ece-b5dd-4716-bf90-bf78c6b965f3/none_v3 HTTP/1.0 404 - python-swiftclient-3.11.1 gAAAAABqKWKqlyGc... - 70 - tx70c3d44fe59942068dc1b-006a296381 - 0.0098 - - 1781097345.790611506 1781097345.800447941 0
Jun 10 13:15:45 standalone account-server[127772]: 172.20.0.100 - - [10/Jun/2026:13:15:45 +0000] "PUT /d1/665/AUTH_b0651100e7594062b00f3d325faec881/gnocchi.6c1a1ece-b5dd-4716-bf90-bf78c6b965f3" 201 - "PUT http://172.20.0.100:6001/d1/516/AUTH_b0651100e7594062b00f3d325faec881/gnocchi.6c1a1ece-b5dd-4716-bf90-bf78c6b965f3" "txe5a411f1f174489e93c41-006a296381" "container-server 21" 0.0010 "-" 23 0
Jun 10 13:15:45 standalone container-server[127948]: 172.20.0.100 - - [10/Jun/2026:13:15:45 +0000] "PUT /d1/516/AUTH_b0651100e7594062b00f3d325faec881/gnocchi.6c1a1ece-b5dd-4716-bf90-bf78c6b965f3" 201 - "PUT http://172.18.0.2:8080/v1/AUTH_b0651100e7594062b00f3d325faec881/gnocchi.6c1a1ece-b5dd-4716-bf90-bf78c6b965f3" "txe5a411f1f174489e93c41-006a296381" "proxy-server 20" 0.0104 "-" 21 0
Jun 10 13:15:45 standalone proxy-server[130032]: 172.18.0.2 172.18.0.100 10/Jun/2026/13/15/45 PUT /v1/AUTH_b0651100e7594062b00f3d325faec881/gnocchi.6c1a1ece-b5dd-4716-bf90-bf78c6b965f3 HTTP/1.0 201 - python-swiftclient-3.11.1 gAAAAABqKWKqlyGc... - - - txe5a411f1f174489e93c41-006a296381 - 0.0148 - - 1781097345.803430796 1781097345.818271637 0
Jun 10 13:15:45 standalone container-server[127948]: 172.20.0.100 - - [10/Jun/2026:13:15:45 +0000] "HEAD /d1/516/AUTH_b0651100e7594062b00f3d325faec881/gnocchi.6c1a1ece-b5dd-4716-bf90-bf78c6b965f3" 204 - "HEAD http://172.18.0.2:8080/v1/AUTH_b0651100e7594062b00f3d325faec881/gnocchi.6c1a1ece-b5dd-4716-bf90-bf78c6b965f3?format=json&states=listing" "tx3af952cf8a49435ab0759-006a296381" "proxy-server 20" 0.0008 "-" 21 0
Jun 10 13:15:45 standalone proxy-server[130032]: - - 10/Jun/2026/13/15/45 HEAD /v1/AUTH_b0651100e7594062b00f3d325faec881/gnocchi.6c1a1ece-b5dd-4716-bf90-bf78c6b965f3%3Fformat%3Djson%26states%3Dlisting HTTP/1.0 204 - Swift - - - - tx3af952cf8a49435ab0759-006a296381 - 0.0046 RL - 1781097345.824443102 1781097345.829014540 0
Jun 10 13:15:45 standalone container-server[127948]: 172.20.0.100 - - [10/Jun/2026:13:15:45 +0000] "GET /d1/516/AUTH_b0651100e7594062b00f3d325faec881/gnocchi.6c1a1ece-b5dd-4716-bf90-bf78c6b965f3" 200 2 "GET http://172.18.0.2:8080/v1/AUTH_b0651100e7594062b00f3d325faec881/gnocchi.6c1a1ece-b5dd-4716-bf90-bf78c6b965f3?format=json&states=listing" "tx3af952cf8a49435ab0759-006a296381" "proxy-server 20" 0.0013 "-" 21 0
Jun 10 13:15:45 standalone proxy-server[130032]: 172.18.0.2 172.18.0.100 10/Jun/2026/13/15/45 GET /v1/AUTH_b0651100e7594062b00f3d325faec881/gnocchi.6c1a1ece-b5dd-4716-bf90-bf78c6b965f3%3Fformat%3Djson%26states%3Dlisting HTTP/1.0 200 - python-swiftclient-3.11.1 gAAAAABqKWKqlyGc... - 2 - tx3af952cf8a49435ab0759-006a296381 - 0.0162 - - 1781097345.822750807 1781097345.838912487 0
Jun 10 13:15:45 standalone object-server[128107]: 172.20.0.100 - - [10/Jun/2026:13:15:45 +0000] "GET /d1/707/AUTH_b0651100e7594062b00f3d325faec881/gnocchi.6c1a1ece-b5dd-4716-bf90-bf78c6b965f3/1780920000.0_mean_300.0_v3" 404 70 "GET http://172.18.0.2:8080/v1/AUTH_b0651100e7594062b00f3d325faec881/gnocchi.6c1a1ece-b5dd-4716-bf90-bf78c6b965f3/1780920000.0_mean_300.0_v3" "tx434ad71de79a4ab2847b6-006a296381" "proxy-server 20" 0.0006 "-" 21 0
Jun 10 13:15:45 standalone proxy-server[130032]: 172.18.0.2 172.18.0.100 10/Jun/2026/13/15/45 GET /v1/AUTH_b0651100e7594062b00f3d325faec881/gnocchi.6c1a1ece-b5dd-4716-bf90-bf78c6b965f3/1780920000.0_mean_300.0_v3 HTTP/1.0 404 - python-swiftclient-3.11.1 gAAAAABqKWKqlyGc... - 70 - tx434ad71de79a4ab2847b6-006a296381 - 0.0086 - - 1781097345.843829393 1781097345.852462769 0
Jun 10 13:15:45 standalone container-server[127946]: 172.20.0.100 - - [10/Jun/2026:13:15:45 +0000] "PUT /d1/516/AUTH_b0651100e7594062b00f3d325faec881/gnocchi.6c1a1ece-b5dd-4716-bf90-bf78c6b965f3/1780920000.0_mean_300.0_v3" 201 - "PUT http://172.18.0.2:8080/d1/707/AUTH_b0651100e7594062b00f3d325faec881/gnocchi.6c1a1ece-b5dd-4716-bf90-bf78c6b965f3/1780920000.0_mean_300.0_v3" "txb0e3a132942c4e1498bcd-006a296381" "object-server 24" 0.0009 "-" 20 0
Jun 10 13:15:45 standalone object-server[128136]: 172.20.0.100 - - [10/Jun/2026:13:15:45 +0000] "PUT /d1/707/AUTH_b0651100e7594062b00f3d325faec881/gnocchi.6c1a1ece-b5dd-4716-bf90-bf78c6b965f3/1780920000.0_mean_300.0_v3" 201 - "PUT http://172.18.0.2:8080/v1/AUTH_b0651100e7594062b00f3d325faec881/gnocchi.6c1a1ece-b5dd-4716-bf90-bf78c6b965f3/1780920000.0_mean_300.0_v3" "txb0e3a132942c4e1498bcd-006a296381" "proxy-server 20" 0.0173 "-" 24 0
Jun 10 13:15:45 standalone proxy-server[130032]: 172.18.0.2 172.18.0.100 10/Jun/2026/13/15/45 PUT /v1/AUTH_b0651100e7594062b00f3d325faec881/gnocchi.6c1a1ece-b5dd-4716-bf90-bf78c6b965f3/1780920000.0_mean_300.0_v3 HTTP/1.0 201 - python-swiftclient-3.11.1 gAAAAABqKWKqlyGc... 16 - - txb0e3a132942c4e1498bcd-006a296381 - 0.0280 - - 1781097345.856363773 1781097345.884346485 0
Jun 10 13:15:45 standalone container-server[127954]: 172.20.0.100 - - [10/Jun/2026:13:15:45 +0000] "PUT /d1/516/AUTH_b0651100e7594062b00f3d325faec881/gnocchi.6c1a1ece-b5dd-4716-bf90-bf78c6b965f3/none_v3" 201 - "PUT http://172.18.0.2:8080/d1/3/AUTH_b0651100e7594062b00f3d325faec881/gnocchi.6c1a1ece-b5dd-4716-bf90-bf78c6b965f3/none_v3" "tx15cd4dd6d5f04e9198145-006a296381" "object-server 24" 0.0009 "-" 23 0
Jun 10 13:15:45 standalone object-server[128136]: 172.20.0.100 - - [10/Jun/2026:13:15:45 +0000] "PUT /d1/3/AUTH_b0651100e7594062b00f3d325faec881/gnocchi.6c1a1ece-b5dd-4716-bf90-bf78c6b965f3/none_v3" 201 - "PUT http://172.18.0.2:8080/v1/AUTH_b0651100e7594062b00f3d325faec881/gnocchi.6c1a1ece-b5dd-4716-bf90-bf78c6b965f3/none_v3" "tx15cd4dd6d5f04e9198145-006a296381" "proxy-server 20" 0.0135 "-" 24 0
Jun 10 13:15:45 standalone proxy-server[130032]: 172.18.0.2 172.18.0.100 10/Jun/2026/13/15/45 PUT /v1/AUTH_b0651100e7594062b00f3d325faec881/gnocchi.6c1a1ece-b5dd-4716-bf90-bf78c6b965f3/none_v3 HTTP/1.0 201 - python-swiftclient-3.11.1 gAAAAABqKWKqlyGc... 22 - - tx15cd4dd6d5f04e9198145-006a296381 - 0.0222 - - 1781097345.888786077 1781097345.911031485 0
Jun 10 13:15:46 standalone object-server[128107]: 172.20.0.100 - - [10/Jun/2026:13:15:46 +0000] "GET /d1/55/AUTH_b0651100e7594062b00f3d325faec881/gnocchi.bcf08204-9e42-4b4c-ae8e-a49cdbced772/none_v3" 200 22 "GET http://172.18.0.2:8080/v1/AUTH_b0651100e7594062b00f3d325faec881/gnocchi.bcf08204-9e42-4b4c-ae8e-a49cdbced772/none_v3" "txebd5753c8d4c44caa096a-006a296382" "proxy-server 20" 0.0015 "-" 21 0
Jun 10 13:15:46 standalone proxy-server[130032]: 172.18.0.2 172.18.0.100 10/Jun/2026/13/15/46 GET /v1/AUTH_b0651100e7594062b00f3d325faec881/gnocchi.bcf08204-9e42-4b4c-ae8e-a49cdbced772/none_v3 HTTP/1.0 200 - python-swiftclient-3.11.1 gAAAAABqKWKqlyGc... - 22 - txebd5753c8d4c44caa096a-006a296382 - 0.0112 - - 1781097346.053598404 1781097346.064760685 0
Jun 10 13:15:46 standalone container-server[127949]: 172.20.0.100 - - [10/Jun/2026:13:15:46 +0000] "GET /d1/230/AUTH_b0651100e7594062b00f3d325faec881/gnocchi.bcf08204-9e42-4b4c-ae8e-a49cdbced772" 200 357 "GET http://172.18.0.2:8080/v1/AUTH_b0651100e7594062b00f3d325faec881/gnocchi.bcf08204-9e42-4b4c-ae8e-a49cdbced772?format=json&states=listing" "txdaf1361738f94c0ca208d-006a296382" "proxy-server 20" 0.0094 "-" 22 0
Jun 10 13:15:46 standalone proxy-server[130032]: 172.18.0.2 172.18.0.100 10/Jun/2026/13/15/46 GET /v1/AUTH_b0651100e7594062b00f3d325faec881/gnocchi.bcf08204-9e42-4b4c-ae8e-a49cdbced772%3Fformat%3Djson%26states%3Dlisting HTTP/1.0 200 - python-swiftclient-3.11.1 gAAAAABqKWKqlyGc... - 357 - txdaf1361738f94c0ca208d-006a296382 - 0.0185 - - 1781097346.069768667 1781097346.088266134 0
Jun 10 13:15:46 standalone container-server[127948]: 172.20.0.100 - - [10/Jun/2026:13:15:46 +0000] "GET /d1/230/AUTH_b0651100e7594062b00f3d325faec881/gnocchi.bcf08204-9e42-4b4c-ae8e-a49cdbced772" 200 2 "GET http://172.18.0.2:8080/v1/AUTH_b0651100e7594062b00f3d325faec881/gnocchi.bcf08204-9e42-4b4c-ae8e-a49cdbced772?format=json&marker=none_v3&states=listing" "tx4cc759d46b84420a9e7ec-006a296382" "proxy-server 20" 0.0023 "-" 21 0
Jun 10 13:15:46 standalone proxy-server[130032]: 172.18.0.2 172.18.0.100 10/Jun/2026/13/15/46 GET /v1/AUTH_b0651100e7594062b00f3d325faec881/gnocchi.bcf08204-9e42-4b4c-ae8e-a49cdbced772%3Fformat%3Djson%26marker%3Dnone_v3%26states%3Dlisting HTTP/1.0 200 - python-swiftclient-3.11.1 gAAAAABqKWKqlyGc... - 2 - tx4cc759d46b84420a9e7ec-006a296382 - 0.0102 - - 1781097346.092363119 1781097346.102585316 0
Jun 10 13:15:46 standalone object-server[128107]: 172.20.0.100 - - [10/Jun/2026:13:15:46 +0000] "GET /d1/70/AUTH_b0651100e7594062b00f3d325faec881/gnocchi.bcf08204-9e42-4b4c-ae8e-a49cdbced772/1780920000.0_mean_300.0_v3" 200 24 "GET http://172.18.0.2:8080/v1/AUTH_b0651100e7594062b00f3d325faec881/gnocchi.bcf08204-9e42-4b4c-ae8e-a49cdbced772/1780920000.0_mean_300.0_v3" "tx0f027382f586409cb48e8-006a296382" "proxy-server 20" 0.0012 "-" 21 0
Jun 10 13:15:46 standalone proxy-server[130032]: 172.18.0.2 172.18.0.100 10/Jun/2026/13/15/46 GET /v1/AUTH_b0651100e7594062b00f3d325faec881/gnocchi.bcf08204-9e42-4b4c-ae8e-a49cdbced772/1780920000.0_mean_300.0_v3 HTTP/1.0 200 - python-swiftclient-3.11.1 gAAAAABqKWKqlyGc... - 24 - tx0f027382f586409cb48e8-006a296382 - 0.0094 - - 1781097346.107622623 1781097346.117056847 0
Jun 10 13:15:46 standalone container-server[127946]: 172.20.0.100 - - [10/Jun/2026:13:15:46 +0000] "PUT /d1/230/AUTH_b0651100e7594062b00f3d325faec881/gnocchi.bcf08204-9e42-4b4c-ae8e-a49cdbced772/1780920000.0_mean_300.0_v3" 201 - "PUT http://172.18.0.2:8080/d1/70/AUTH_b0651100e7594062b00f3d325faec881/gnocchi.bcf08204-9e42-4b4c-ae8e-a49cdbced772/1780920000.0_mean_300.0_v3" "tx6a25bb26598e417ab8777-006a296382" "object-server 22" 0.0010 "-" 20 0
Jun 10 13:15:46 standalone object-server[128115]: 172.20.0.100 - - [10/Jun/2026:13:15:46 +0000] "PUT /d1/70/AUTH_b0651100e7594062b00f3d325faec881/gnocchi.bcf08204-9e42-4b4c-ae8e-a49cdbced772/1780920000.0_mean_300.0_v3" 201 - "PUT http://172.18.0.2:8080/v1/AUTH_b0651100e7594062b00f3d325faec881/gnocchi.bcf08204-9e42-4b4c-ae8e-a49cdbced772/1780920000.0_mean_300.0_v3" "tx6a25bb26598e417ab8777-006a296382" "proxy-server 20" 0.0093 "-" 22 0
