Jun 10 13:14:50 standalone proxy-server[130032]: 172.18.0.2 172.18.0.100 10/Jun/2026/13/14/50 GET /v1/AUTH_b0651100e7594062b00f3d325faec881/gnocchi.1ec40ab6-d494-4dca-b0c5-99b840a632d9%3Fformat%3Djson%26states%3Dlisting HTTP/1.0 200 - python-swiftclient-3.11.1 gAAAAABqKWKqlyGc... - 2 - txa36db6692e3c4f3a9efa3-006a29634a - 0.0296 - - 1781097290.561768770 1781097290.591368675 0
Jun 10 13:14:50 standalone object-server[128136]: 172.20.0.100 - - [10/Jun/2026:13:14:50 +0000] "GET /d1/754/AUTH_b0651100e7594062b00f3d325faec881/gnocchi.1ec40ab6-d494-4dca-b0c5-99b840a632d9/1780920000.0_mean_300.0_v3" 404 70 "GET http://172.18.0.2:8080/v1/AUTH_b0651100e7594062b00f3d325faec881/gnocchi.1ec40ab6-d494-4dca-b0c5-99b840a632d9/1780920000.0_mean_300.0_v3" "txc1099ae69c5e46ea9100e-006a29634a" "proxy-server 20" 0.0003 "-" 24 0
Jun 10 13:14:50 standalone proxy-server[130032]: 172.18.0.2 172.18.0.100 10/Jun/2026/13/14/50 GET /v1/AUTH_b0651100e7594062b00f3d325faec881/gnocchi.1ec40ab6-d494-4dca-b0c5-99b840a632d9/1780920000.0_mean_300.0_v3 HTTP/1.0 404 - python-swiftclient-3.11.1 gAAAAABqKWKqlyGc... - 70 - txc1099ae69c5e46ea9100e-006a29634a - 0.0070 - - 1781097290.595744610 1781097290.602780819 0
Jun 10 13:14:50 standalone container-server[127948]: 172.20.0.100 - - [10/Jun/2026:13:14:50 +0000] "PUT /d1/491/AUTH_b0651100e7594062b00f3d325faec881/gnocchi.1ec40ab6-d494-4dca-b0c5-99b840a632d9/1780920000.0_mean_300.0_v3" 201 - "PUT http://172.18.0.2:8080/d1/754/AUTH_b0651100e7594062b00f3d325faec881/gnocchi.1ec40ab6-d494-4dca-b0c5-99b840a632d9/1780920000.0_mean_300.0_v3" "tx81d3694e34c44c9a9ed6a-006a29634a" "object-server 21" 0.0009 "-" 21 0
Jun 10 13:14:50 standalone object-server[128107]: 172.20.0.100 - - [10/Jun/2026:13:14:50 +0000] "PUT /d1/754/AUTH_b0651100e7594062b00f3d325faec881/gnocchi.1ec40ab6-d494-4dca-b0c5-99b840a632d9/1780920000.0_mean_300.0_v3" 201 - "PUT http://172.18.0.2:8080/v1/AUTH_b0651100e7594062b00f3d325faec881/gnocchi.1ec40ab6-d494-4dca-b0c5-99b840a632d9/1780920000.0_mean_300.0_v3" "tx81d3694e34c44c9a9ed6a-006a29634a" "proxy-server 20" 0.0154 "-" 21 0
Jun 10 13:14:50 standalone proxy-server[130032]: 172.18.0.2 172.18.0.100 10/Jun/2026/13/14/50 PUT /v1/AUTH_b0651100e7594062b00f3d325faec881/gnocchi.1ec40ab6-d494-4dca-b0c5-99b840a632d9/1780920000.0_mean_300.0_v3 HTTP/1.0 201 - python-swiftclient-3.11.1 gAAAAABqKWKqlyGc... 16 - - tx81d3694e34c44c9a9ed6a-006a29634a - 0.0349 - - 1781097290.606104851 1781097290.641002893 0
Jun 10 13:14:50 standalone container-server[127946]: 172.20.0.100 - - [10/Jun/2026:13:14:50 +0000] "PUT /d1/491/AUTH_b0651100e7594062b00f3d325faec881/gnocchi.1ec40ab6-d494-4dca-b0c5-99b840a632d9/none_v3" 201 - "PUT http://172.18.0.2:8080/d1/833/AUTH_b0651100e7594062b00f3d325faec881/gnocchi.1ec40ab6-d494-4dca-b0c5-99b840a632d9/none_v3" "tx56d2e99a7aad45b1af4dc-006a29634a" "object-server 22" 0.0114 "-" 20 0
Jun 10 13:14:50 standalone object-server[128115]: 172.20.0.100 - - [10/Jun/2026:13:14:50 +0000] "PUT /d1/833/AUTH_b0651100e7594062b00f3d325faec881/gnocchi.1ec40ab6-d494-4dca-b0c5-99b840a632d9/none_v3" 201 - "PUT http://172.18.0.2:8080/v1/AUTH_b0651100e7594062b00f3d325faec881/gnocchi.1ec40ab6-d494-4dca-b0c5-99b840a632d9/none_v3" "tx56d2e99a7aad45b1af4dc-006a29634a" "proxy-server 20" 0.0252 "-" 22 0
Jun 10 13:14:50 standalone proxy-server[130032]: 172.18.0.2 172.18.0.100 10/Jun/2026/13/14/50 PUT /v1/AUTH_b0651100e7594062b00f3d325faec881/gnocchi.1ec40ab6-d494-4dca-b0c5-99b840a632d9/none_v3 HTTP/1.0 201 - python-swiftclient-3.11.1 gAAAAABqKWKqlyGc... 22 - - tx56d2e99a7aad45b1af4dc-006a29634a - 0.0469 - - 1781097290.644674063 1781097290.691613197 0
Jun 10 13:14:50 standalone container-server[127946]: 172.20.0.100 - - [10/Jun/2026:13:14:50 +0000] "HEAD /d1/340/AUTH_b0651100e7594062b00f3d325faec881/gnocchi.cef781bf-8597-43b2-8790-c2414ded5a3a" 404 - "HEAD http://172.18.0.2:8080/v1/AUTH_b0651100e7594062b00f3d325faec881/gnocchi.cef781bf-8597-43b2-8790-c2414ded5a3a?format=json&states=listing" "tx33ca9d9346c945a4b05f4-006a29634a" "proxy-server 20" 0.0007 "-" 20 0
Jun 10 13:14:50 standalone object-server[128115]: 172.20.0.100 - - [10/Jun/2026:13:14:50 +0000] "GET /d1/367/AUTH_b0651100e7594062b00f3d325faec881/gnocchi.cef781bf-8597-43b2-8790-c2414ded5a3a/none_v3" 404 70 "GET http://172.18.0.2:8080/v1/AUTH_b0651100e7594062b00f3d325faec881/gnocchi.cef781bf-8597-43b2-8790-c2414ded5a3a/none_v3" "tx33ca9d9346c945a4b05f4-006a29634a" "proxy-server 20" 0.0008 "-" 22 0
Jun 10 13:14:50 standalone proxy-server[130032]: 172.18.0.2 172.18.0.100 10/Jun/2026/13/14/50 GET /v1/AUTH_b0651100e7594062b00f3d325faec881/gnocchi.cef781bf-8597-43b2-8790-c2414ded5a3a/none_v3 HTTP/1.0 404 - python-swiftclient-3.11.1 gAAAAABqKWKqlyGc... - 70 - tx33ca9d9346c945a4b05f4-006a29634a - 0.0179 - - 1781097290.700770855 1781097290.718650341 0
Jun 10 13:14:50 standalone account-server[127745]: 172.20.0.100 - - [10/Jun/2026:13:14:50 +0000] "PUT /d1/665/AUTH_b0651100e7594062b00f3d325faec881/gnocchi.cef781bf-8597-43b2-8790-c2414ded5a3a" 201 - "PUT http://172.20.0.100:6001/d1/340/AUTH_b0651100e7594062b00f3d325faec881/gnocchi.cef781bf-8597-43b2-8790-c2414ded5a3a" "tx6a1c91752a4c42fbadc29-006a29634a" "container-server 21" 0.0035 "-" 21 0
Jun 10 13:14:50 standalone container-server[127948]: 172.20.0.100 - - [10/Jun/2026:13:14:50 +0000] "PUT /d1/340/AUTH_b0651100e7594062b00f3d325faec881/gnocchi.cef781bf-8597-43b2-8790-c2414ded5a3a" 201 - "PUT http://172.18.0.2:8080/v1/AUTH_b0651100e7594062b00f3d325faec881/gnocchi.cef781bf-8597-43b2-8790-c2414ded5a3a" "tx6a1c91752a4c42fbadc29-006a29634a" "proxy-server 20" 0.0135 "-" 21 0
Jun 10 13:14:50 standalone proxy-server[130032]: 172.18.0.2 172.18.0.100 10/Jun/2026/13/14/50 PUT /v1/AUTH_b0651100e7594062b00f3d325faec881/gnocchi.cef781bf-8597-43b2-8790-c2414ded5a3a HTTP/1.0 201 - python-swiftclient-3.11.1 gAAAAABqKWKqlyGc... - - - tx6a1c91752a4c42fbadc29-006a29634a - 0.0174 - - 1781097290.720672607 1781097290.738111973 0
Jun 10 13:14:50 standalone container-server[127949]: 172.20.0.100 - - [10/Jun/2026:13:14:50 +0000] "HEAD /d1/340/AUTH_b0651100e7594062b00f3d325faec881/gnocchi.cef781bf-8597-43b2-8790-c2414ded5a3a" 204 - "HEAD http://172.18.0.2:8080/v1/AUTH_b0651100e7594062b00f3d325faec881/gnocchi.cef781bf-8597-43b2-8790-c2414ded5a3a?format=json&states=listing" "tx495072ae0da34f5591757-006a29634a" "proxy-server 20" 0.0034 "-" 22 0
Jun 10 13:14:50 standalone proxy-server[130032]: - - 10/Jun/2026/13/14/50 HEAD /v1/AUTH_b0651100e7594062b00f3d325faec881/gnocchi.cef781bf-8597-43b2-8790-c2414ded5a3a%3Fformat%3Djson%26states%3Dlisting HTTP/1.0 204 - Swift - - - - tx495072ae0da34f5591757-006a29634a - 0.0097 RL - 1781097290.777961493 1781097290.787694454 0
Jun 10 13:14:50 standalone container-server[127948]: 172.20.0.100 - - [10/Jun/2026:13:14:50 +0000] "GET /d1/340/AUTH_b0651100e7594062b00f3d325faec881/gnocchi.cef781bf-8597-43b2-8790-c2414ded5a3a" 200 2 "GET http://172.18.0.2:8080/v1/AUTH_b0651100e7594062b00f3d325faec881/gnocchi.cef781bf-8597-43b2-8790-c2414ded5a3a?format=json&states=listing" "tx495072ae0da34f5591757-006a29634a" "proxy-server 20" 0.0053 "-" 21 0
Jun 10 13:14:50 standalone proxy-server[130032]: 172.18.0.2 172.18.0.100 10/Jun/2026/13/14/50 GET /v1/AUTH_b0651100e7594062b00f3d325faec881/gnocchi.cef781bf-8597-43b2-8790-c2414ded5a3a%3Fformat%3Djson%26states%3Dlisting HTTP/1.0 200 - python-swiftclient-3.11.1 gAAAAABqKWKqlyGc... - 2 - tx495072ae0da34f5591757-006a29634a - 0.0332 - - 1781097290.776720285 1781097290.809924841 0
Jun 10 13:14:50 standalone object-server[128136]: 172.20.0.100 - - [10/Jun/2026:13:14:50 +0000] "GET /d1/698/AUTH_b0651100e7594062b00f3d325faec881/gnocchi.cef781bf-8597-43b2-8790-c2414ded5a3a/1780920000.0_mean_300.0_v3" 404 70 "GET http://172.18.0.2:8080/v1/AUTH_b0651100e7594062b00f3d325faec881/gnocchi.cef781bf-8597-43b2-8790-c2414ded5a3a/1780920000.0_mean_300.0_v3" "tx9d2a994ce1154a76812e7-006a29634a" "proxy-server 20" 0.0005 "-" 24 0
Jun 10 13:14:50 standalone proxy-server[130032]: 172.18.0.2 172.18.0.100 10/Jun/2026/13/14/50 GET /v1/AUTH_b0651100e7594062b00f3d325faec881/gnocchi.cef781bf-8597-43b2-8790-c2414ded5a3a/1780920000.0_mean_300.0_v3 HTTP/1.0 404 - python-swiftclient-3.11.1 gAAAAABqKWKqlyGc... - 70 - tx9d2a994ce1154a76812e7-006a29634a - 0.0089 - - 1781097290.815314770 1781097290.824251890 0
Jun 10 13:14:50 standalone container-server[127949]: 172.20.0.100 - - [10/Jun/2026:13:14:50 +0000] "PUT /d1/340/AUTH_b0651100e7594062b00f3d325faec881/gnocchi.cef781bf-8597-43b2-8790-c2414ded5a3a/1780920000.0_mean_300.0_v3" 201 - "PUT http://172.18.0.2:8080/d1/698/AUTH_b0651100e7594062b00f3d325faec881/gnocchi.cef781bf-8597-43b2-8790-c2414ded5a3a/1780920000.0_mean_300.0_v3" "txadb85c7f292c423e9e3fa-006a29634a" "object-server 21" 0.0015 "-" 22 0
Jun 10 13:14:50 standalone object-server[128107]: 172.20.0.100 - - [10/Jun/2026:13:14:50 +0000] "PUT /d1/698/AUTH_b0651100e7594062b00f3d325faec881/gnocchi.cef781bf-8597-43b2-8790-c2414ded5a3a/1780920000.0_mean_300.0_v3" 201 - "PUT http://172.18.0.2:8080/v1/AUTH_b0651100e7594062b00f3d325faec881/gnocchi.cef781bf-8597-43b2-8790-c2414ded5a3a/1780920000.0_mean_300.0_v3" "txadb85c7f292c423e9e3fa-006a29634a" "proxy-server 20" 0.0175 "-" 21 0
Jun 10 13:14:50 standalone proxy-server[130032]: 172.18.0.2 172.18.0.100 10/Jun/2026/13/14/50 PUT /v1/AUTH_b0651100e7594062b00f3d325faec881/gnocchi.cef781bf-8597-43b2-8790-c2414ded5a3a/1780920000.0_mean_300.0_v3 HTTP/1.0 201 - python-swiftclient-3.11.1 gAAAAABqKWKqlyGc... 16 - - txadb85c7f292c423e9e3fa-006a29634a - 0.0266 - - 1781097290.827898741 1781097290.854454279 0
Jun 10 13:14:50 standalone container-server[127946]: 172.20.0.100 - - [10/Jun/2026:13:14:50 +0000] "PUT /d1/340/AUTH_b0651100e7594062b00f3d325faec881/gnocchi.cef781bf-8597-43b2-8790-c2414ded5a3a/none_v3" 201 - "PUT http://172.18.0.2:8080/d1/367/AUTH_b0651100e7594062b00f3d325faec881/gnocchi.cef781bf-8597-43b2-8790-c2414ded5a3a/none_v3" "tx0edf91f6d3614914a4a52-006a29634a" "object-server 21" 0.0013 "-" 20 0
Jun 10 13:14:50 standalone object-server[128107]: 172.20.0.100 - - [10/Jun/2026:13:14:50 +0000] "PUT /d1/367/AUTH_b0651100e7594062b00f3d325faec881/gnocchi.cef781bf-8597-43b2-8790-c2414ded5a3a/none_v3" 201 - "PUT http://172.18.0.2:8080/v1/AUTH_b0651100e7594062b00f3d325faec881/gnocchi.cef781bf-8597-43b2-8790-c2414ded5a3a/none_v3" "tx0edf91f6d3614914a4a52-006a29634a" "proxy-server 20" 0.0145 "-" 21 0
Jun 10 13:14:50 standalone proxy-server[130032]: 172.18.0.2 172.18.0.100 10/Jun/2026/13/14/50 PUT /v1/AUTH_b0651100e7594062b00f3d325faec881/gnocchi.cef781bf-8597-43b2-8790-c2414ded5a3a/none_v3 HTTP/1.0 201 - python-swiftclient-3.11.1 gAAAAABqKWKqlyGc... 22 - - tx0edf91f6d3614914a4a52-006a29634a - 0.0265 - - 1781097290.860692739 1781097290.887148380 0
Jun 10 13:14:50 standalone container-server[127949]: 172.20.0.100 - - [10/Jun/2026:13:14:50 +0000] "HEAD /d1/751/AUTH_b0651100e7594062b00f3d325faec881/gnocchi.2c969aaf-1b89-4c2a-b933-382f21221eda" 404 - "HEAD http://172.18.0.2:8080/v1/AUTH_b0651100e7594062b00f3d325faec881/gnocchi.2c969aaf-1b89-4c2a-b933-382f21221eda?format=json&states=listing" "tx33576ce2eccc4063abcd3-006a29634a" "proxy-server 20" 0.0005 "-" 22 0
Jun 10 13:14:50 standalone object-server[128107]: 172.20.0.100 - - [10/Jun/2026:13:14:50 +0000] "GET /d1/1003/AUTH_b0651100e7594062b00f3d325faec881/gnocchi.2c969aaf-1b89-4c2a-b933-382f21221eda/none_v3" 404 70 "GET http://172.18.0.2:8080/v1/AUTH_b0651100e7594062b00f3d325faec881/gnocchi.2c969aaf-1b89-4c2a-b933-382f21221eda/none_v3" "tx33576ce2eccc4063abcd3-006a29634a" "proxy-server 20" 0.0004 "-" 21 0
Jun 10 13:14:50 standalone proxy-server[130032]: 172.18.0.2 172.18.0.100 10/Jun/2026/13/14/50 GET /v1/AUTH_b0651100e7594062b00f3d325faec881/gnocchi.2c969aaf-1b89-4c2a-b933-382f21221eda/none_v3 HTTP/1.0 404 - python-swiftclient-3.11.1 gAAAAABqKWKqlyGc... - 70 - tx33576ce2eccc4063abcd3-006a29634a - 0.0157 - - 1781097290.918947220 1781097290.934659243 0
Jun 10 13:14:50 standalone account-server[127772]: 172.20.0.100 - - [10/Jun/2026:13:14:50 +0000] "PUT /d1/665/AUTH_b0651100e7594062b00f3d325faec881/gnocchi.2c969aaf-1b89-4c2a-b933-382f21221eda" 201 - "PUT http://172.20.0.100:6001/d1/751/AUTH_b0651100e7594062b00f3d325faec881/gnocchi.2c969aaf-1b89-4c2a-b933-382f21221eda" "tx85e79416af5b4183a4703-006a29634a" "container-server 20" 0.0075 "-" 23 0
Jun 10 13:14:50 standalone container-server[127946]: 172.20.0.100 - - [10/Jun/2026:13:14:50 +0000] "PUT /d1/751/AUTH_b0651100e7594062b00f3d325faec881/gnocchi.2c969aaf-1b89-4c2a-b933-382f21221eda" 201 - "PUT http://172.18.0.2:8080/v1/AUTH_b0651100e7594062b00f3d325faec881/gnocchi.2c969aaf-1b89-4c2a-b933-382f21221eda" "tx85e79416af5b4183a4703-006a29634a" "proxy-server 20" 0.0242 "-" 20 0
Jun 10 13:14:50 standalone proxy-server[130032]: 172.18.0.2 172.18.0.100 10/Jun/2026/13/14/50 PUT /v1/AUTH_b0651100e7594062b00f3d325faec881/gnocchi.2c969aaf-1b89-4c2a-b933-382f21221eda HTTP/1.0 201 - python-swiftclient-3.11.1 gAAAAABqKWKqlyGc... - - - tx85e79416af5b4183a4703-006a29634a - 0.0359 - - 1781097290.938821316 1781097290.974729300 0
Jun 10 13:14:50 standalone container-server[127946]: 172.20.0.100 - - [10/Jun/2026:13:14:50 +0000] "HEAD /d1/751/AUTH_b0651100e7594062b00f3d325faec881/gnocchi.2c969aaf-1b89-4c2a-b933-382f21221eda" 204 - "HEAD http://172.18.0.2:8080/v1/AUTH_b0651100e7594062b00f3d325faec881/gnocchi.2c969aaf-1b89-4c2a-b933-382f21221eda?format=json&states=listing" "txec92d73dfb874a2abdb42-006a29634a" "proxy-server 20" 0.0039 "-" 20 0
Jun 10 13:14:50 standalone proxy-server[130032]: - - 10/Jun/2026/13/14/50 HEAD /v1/AUTH_b0651100e7594062b00f3d325faec881/gnocchi.2c969aaf-1b89-4c2a-b933-382f21221eda%3Fformat%3Djson%26states%3Dlisting HTTP/1.0 204 - Swift - - - - txec92d73dfb874a2abdb42-006a29634a - 0.0088 RL - 1781097290.983149767 1781097290.991975307 0
Jun 10 13:14:51 standalone container-server[127946]: 172.20.0.100 - - [10/Jun/2026:13:14:50 +0000] "GET /d1/751/AUTH_b0651100e7594062b00f3d325faec881/gnocchi.2c969aaf-1b89-4c2a-b933-382f21221eda" 200 2 "GET http://172.18.0.2:8080/v1/AUTH_b0651100e7594062b00f3d325faec881/gnocchi.2c969aaf-1b89-4c2a-b933-382f21221eda?format=json&states=listing" "txec92d73dfb874a2abdb42-006a29634a" "proxy-server 20" 0.0031 "-" 20 0
Jun 10 13:14:51 standalone proxy-server[130032]: 172.18.0.2 172.18.0.100 10/Jun/2026/13/14/51 GET /v1/AUTH_b0651100e7594062b00f3d325faec881/gnocchi.2c969aaf-1b89-4c2a-b933-382f21221eda%3Fformat%3Djson%26states%3Dlisting HTTP/1.0 200 - python-swiftclient-3.11.1 gAAAAABqKWKqlyGc... - 2 - txec92d73dfb874a2abdb42-006a29634a - 0.0216 - - 1781097290.981044531 1781097291.002637386 0
Jun 10 13:14:51 standalone object-server[128122]: 172.20.0.100 - - [10/Jun/2026:13:14:51 +0000] "GET /d1/585/AUTH_b0651100e7594062b00f3d325faec881/gnocchi.2c969aaf-1b89-4c2a-b933-382f21221eda/1780920000.0_mean_300.0_v3" 404 70 "GET http://172.18.0.2:8080/v1/AUTH_b0651100e7594062b00f3d325faec881/gnocchi.2c969aaf-1b89-4c2a-b933-382f21221eda/1780920000.0_mean_300.0_v3" "txe1ded9d66620482395471-006a29634b" "proxy-server 20" 0.0005 "-" 23 0
Jun 10 13:14:51 standalone proxy-server[130032]: 172.18.0.2 172.18.0.100 10/Jun/2026/13/14/51 GET /v1/AUTH_b0651100e7594062b00f3d325faec881/gnocchi.2c969aaf-1b89-4c2a-b933-382f21221eda/1780920000.0_mean_300.0_v3 HTTP/1.0 404 - python-swiftclient-3.11.1 gAAAAABqKWKqlyGc... - 70 - txe1ded9d66620482395471-006a29634b - 0.0079 - - 1781097291.007825136 1781097291.015690804 0
Jun 10 13:14:51 standalone container-server[127948]: 172.20.0.100 - - [10/Jun/2026:13:14:51 +0000] "PUT /d1/751/AUTH_b0651100e7594062b00f3d325faec881/gnocchi.2c969aaf-1b89-4c2a-b933-382f21221eda/1780920000.0_mean_300.0_v3" 201 - "PUT http://172.18.0.2:8080/d1/585/AUTH_b0651100e7594062b00f3d325faec881/gnocchi.2c969aaf-1b89-4c2a-b933-382f21221eda/1780920000.0_mean_300.0_v3" "txe1d7ec6feb844f1f98d5f-006a29634b" "object-server 21" 0.0008 "-" 21 0
Jun 10 13:14:51 standalone object-server[128107]: 172.20.0.100 - - [10/Jun/2026:13:14:51 +0000] "PUT /d1/585/AUTH_b0651100e7594062b00f3d325faec881/gnocchi.2c969aaf-1b89-4c2a-b933-382f21221eda/1780920000.0_mean_300.0_v3" 201 - "PUT http://172.18.0.2:8080/v1/AUTH_b0651100e7594062b00f3d325faec881/gnocchi.2c969aaf-1b89-4c2a-b933-382f21221eda/1780920000.0_mean_300.0_v3" "txe1d7ec6feb844f1f98d5f-006a29634b" "proxy-server 20" 0.0176 "-" 21 0
Jun 10 13:14:51 standalone proxy-server[130032]: 172.18.0.2 172.18.0.100 10/Jun/2026/13/14/51 PUT /v1/AUTH_b0651100e7594062b00f3d325faec881/gnocchi.2c969aaf-1b89-4c2a-b933-382f21221eda/1780920000.0_mean_300.0_v3 HTTP/1.0 201 - python-swiftclient-3.11.1 gAAAAABqKWKqlyGc... 16 - - txe1d7ec6feb844f1f98d5f-006a29634b - 0.0248 - - 1781097291.020078897 1781097291.044916391 0
Jun 10 13:14:51 standalone container-server[127949]: 172.20.0.100 - - [10/Jun/2026:13:14:51 +0000] "PUT /d1/751/AUTH_b0651100e7594062b00f3d325faec881/gnocchi.2c969aaf-1b89-4c2a-b933-382f21221eda/none_v3" 201 - "PUT http://172.18.0.2:8080/d1/1003/AUTH_b0651100e7594062b00f3d325faec881/gnocchi.2c969aaf-1b89-4c2a-b933-382f21221eda/none_v3" "tx7d00e409467e4a0792a91-006a29634b" "object-server 24" 0.0012 "-" 22 0
Jun 10 13:14:51 standalone object-server[128136]: 172.20.0.100 - - [10/Jun/2026:13:14:51 +0000] "PUT /d1/1003/AUTH_b0651100e7594062b00f3d325faec881/gnocchi.2c969aaf-1b89-4c2a-b933-382f21221eda/none_v3" 201 - "PUT http://172.18.0.2:8080/v1/AUTH_b0651100e7594062b00f3d325faec881/gnocchi.2c969aaf-1b89-4c2a-b933-382f21221eda/none_v3" "tx7d00e409467e4a0792a91-006a29634b" "proxy-server 20" 0.0125 "-" 24 0
Jun 10 13:14:51 standalone proxy-server[130032]: 172.18.0.2 172.18.0.100 10/Jun/2026/13/14/51 PUT /v1/AUTH_b0651100e7594062b00f3d325faec881/gnocchi.2c969aaf-1b89-4c2a-b933-382f21221eda/none_v3 HTTP/1.0 201 - python-swiftclient-3.11.1 gAAAAABqKWKqlyGc... 22 - - tx7d00e409467e4a0792a91-006a29634b - 0.0195 - - 1781097291.048744440 1781097291.068284512 0
Jun 10 13:14:54 standalone object-server[127989]: Begin object update sweep
Jun 10 13:14:54 standalone object-server[236817]: Object update sweep starting on /srv/node/d1 (pid: 14)
Jun 10 13:14:54 standalone object-server[236817]: Object update sweep completed on /srv/node/d1 in 0.00s seconds:, 0 successes, 0 failures, 0 quarantines, 0 unlinks, 0 errors, 0 redirects (pid: 14)
Jun 10 13:14:54 standalone object-server[236817]: Object update sweep of d1 completed: 0.00s, 0 successes, 0 failures, 0 quarantines, 0 unlinks, 0 errors, 0 redirects
Jun 10 13:14:54 standalone object-server[127989]: Object update sweep completed: 0.06s
Jun 10 13:15:09 standalone container-server[127954]: 172.20.0.100 - - [10/Jun/2026:13:15:09 +0000] "HEAD /d1/824/AUTH_b0651100e7594062b00f3d325faec881/gnocchi.0c8d1c41-dd8d-4050-9ecd-4760e6e0bef9" 404 - "HEAD http://172.18.0.2:8080/v1/AUTH_b0651100e7594062b00f3d325faec881/gnocchi.0c8d1c41-dd8d-4050-9ecd-4760e6e0bef9?format=json&states=listing" "tx0515558cb15644bc8d0c6-006a29635d" "proxy-server 20" 0.0006 "-" 23 0
Jun 10 13:15:09 standalone object-server[128122]: 172.20.0.100 - - [10/Jun/2026:13:15:09 +0000] "GET /d1/50/AUTH_b0651100e7594062b00f3d325faec881/gnocchi.0c8d1c41-dd8d-4050-9ecd-4760e6e0bef9/none_v3" 404 70 "GET http://172.18.0.2:8080/v1/AUTH_b0651100e7594062b00f3d325faec881/gnocchi.0c8d1c41-dd8d-4050-9ecd-4760e6e0bef9/none_v3" "tx0515558cb15644bc8d0c6-006a29635d" "proxy-server 20" 0.0005 "-" 23 0
Jun 10 13:15:09 standalone proxy-server[130032]: 172.18.0.2 172.18.0.100 10/Jun/2026/13/15/09 GET /v1/AUTH_b0651100e7594062b00f3d325faec881/gnocchi.0c8d1c41-dd8d-4050-9ecd-4760e6e0bef9/none_v3 HTTP/1.0 404 - python-swiftclient-3.11.1 gAAAAABqKWKqlyGc... - 70 - tx0515558cb15644bc8d0c6-006a29635d - 0.0163 - - 1781097309.180991888 1781097309.197337151 0
Jun 10 13:15:09 standalone account-server[127734]: 172.20.0.100 - - [10/Jun/2026:13:15:09 +0000] "PUT /d1/665/AUTH_b0651100e7594062b00f3d325faec881/gnocchi.0c8d1c41-dd8d-4050-9ecd-4760e6e0bef9" 201 - "PUT http://172.20.0.100:6001/d1/824/AUTH_b0651100e7594062b00f3d325faec881/gnocchi.0c8d1c41-dd8d-4050-9ecd-4760e6e0bef9" "txb093be60c1f046849e13a-006a29635d" "container-server 23" 0.0053 "-" 20 0
Jun 10 13:15:09 standalone container-server[127954]: 172.20.0.100 - - [10/Jun/2026:13:15:09 +0000] "PUT /d1/824/AUTH_b0651100e7594062b00f3d325faec881/gnocchi.0c8d1c41-dd8d-4050-9ecd-4760e6e0bef9" 201 - "PUT http://172.18.0.2:8080/v1/AUTH_b0651100e7594062b00f3d325faec881/gnocchi.0c8d1c41-dd8d-4050-9ecd-4760e6e0bef9" "txb093be60c1f046849e13a-006a29635d" "proxy-server 20" 0.0159 "-" 23 0
Jun 10 13:15:09 standalone proxy-server[130032]: 172.18.0.2 172.18.0.100 10/Jun/2026/13/15/09 PUT /v1/AUTH_b0651100e7594062b00f3d325faec881/gnocchi.0c8d1c41-dd8d-4050-9ecd-4760e6e0bef9 HTTP/1.0 201 - python-swiftclient-3.11.1 gAAAAABqKWKqlyGc... - - - txb093be60c1f046849e13a-006a29635d - 0.0278 - - 1781097309.202136278 1781097309.229977608 0
Jun 10 13:15:09 standalone container-server[127948]: 172.20.0.100 - - [10/Jun/2026:13:15:09 +0000] "HEAD /d1/824/AUTH_b0651100e7594062b00f3d325faec881/gnocchi.0c8d1c41-dd8d-4050-9ecd-4760e6e0bef9" 204 - "HEAD http://172.18.0.2:8080/v1/AUTH_b0651100e7594062b00f3d325faec881/gnocchi.0c8d1c41-dd8d-4050-9ecd-4760e6e0bef9?format=json&states=listing" "txf9184369d3134126a9640-006a29635d" "proxy-server 20" 0.0011 "-" 21 0
Jun 10 13:15:09 standalone proxy-server[130032]: - - 10/Jun/2026/13/15/09 HEAD /v1/AUTH_b0651100e7594062b00f3d325faec881/gnocchi.0c8d1c41-dd8d-4050-9ecd-4760e6e0bef9%3Fformat%3Djson%26states%3Dlisting HTTP/1.0 204 - Swift - - - - txf9184369d3134126a9640-006a29635d - 0.0060 RL - 1781097309.236310959 1781097309.242263556 0
Jun 10 13:15:09 standalone container-server[127948]: 172.20.0.100 - - [10/Jun/2026:13:15:09 +0000] "GET /d1/824/AUTH_b0651100e7594062b00f3d325faec881/gnocchi.0c8d1c41-dd8d-4050-9ecd-4760e6e0bef9" 200 2 "GET http://172.18.0.2:8080/v1/AUTH_b0651100e7594062b00f3d325faec881/gnocchi.0c8d1c41-dd8d-4050-9ecd-4760e6e0bef9?format=json&states=listing" "txf9184369d3134126a9640-006a29635d" "proxy-server 20" 0.0017 "-" 21 0
Jun 10 13:15:09 standalone proxy-server[130032]: 172.18.0.2 172.18.0.100 10/Jun/2026/13/15/09 GET /v1/AUTH_b0651100e7594062b00f3d325faec881/gnocchi.0c8d1c41-dd8d-4050-9ecd-4760e6e0bef9%3Fformat%3Djson%26states%3Dlisting HTTP/1.0 200 - python-swiftclient-3.11.1 gAAAAABqKWKqlyGc... - 2 - txf9184369d3134126a9640-006a29635d - 0.0168 - - 1781097309.234532833 1781097309.251308918 0
Jun 10 13:15:09 standalone object-server[128107]: 172.20.0.100 - - [10/Jun/2026:13:15:09 +0000] "GET /d1/795/AUTH_b0651100e7594062b00f3d325faec881/gnocchi.0c8d1c41-dd8d-4050-9ecd-4760e6e0bef9/1780920000.0_mean_300.0_v3" 404 70 "GET http://172.18.0.2:8080/v1/AUTH_b0651100e7594062b00f3d325faec881/gnocchi.0c8d1c41-dd8d-4050-9ecd-4760e6e0bef9/1780920000.0_mean_300.0_v3" "txb3a481daee6443d3a8243-006a29635d" "proxy-server 20" 0.0005 "-" 21 0
Jun 10 13:15:09 standalone proxy-server[130032]: 172.18.0.2 172.18.0.100 10/Jun/2026/13/15/09 GET /v1/AUTH_b0651100e7594062b00f3d325faec881/gnocchi.0c8d1c41-dd8d-4050-9ecd-4760e6e0bef9/1780920000.0_mean_300.0_v3 HTTP/1.0 404 - python-swiftclient-3.11.1 gAAAAABqKWKqlyGc... - 70 - txb3a481daee6443d3a8243-006a29635d - 0.0084 - - 1781097309.257882833 1781097309.266319513 0
Jun 10 13:15:09 standalone container-server[127949]: 172.20.0.100 - - [10/Jun/2026:13:15:09 +0000] "PUT /d1/824/AUTH_b0651100e7594062b00f3d325faec881/gnocchi.0c8d1c41-dd8d-4050-9ecd-4760e6e0bef9/1780920000.0_mean_300.0_v3" 201 - "PUT http://172.18.0.2:8080/d1/795/AUTH_b0651100e7594062b00f3d325faec881/gnocchi.0c8d1c41-dd8d-4050-9ecd-4760e6e0bef9/1780920000.0_mean_300.0_v3" "tx67792c8d7d324279861be-006a29635d" "object-server 21" 0.0006 "-" 22 0
Jun 10 13:15:09 standalone object-server[128107]: 172.20.0.100 - - [10/Jun/2026:13:15:09 +0000] "PUT /d1/795/AUTH_b0651100e7594062b00f3d325faec881/gnocchi.0c8d1c41-dd8d-4050-9ecd-4760e6e0bef9/1780920000.0_mean_300.0_v3" 201 - "PUT http://172.18.0.2:8080/v1/AUTH_b0651100e7594062b00f3d325faec881/gnocchi.0c8d1c41-dd8d-4050-9ecd-4760e6e0bef9/1780920000.0_mean_300.0_v3" "tx67792c8d7d324279861be-006a29635d" "proxy-server 20" 0.0079 "-" 21 0
Jun 10 13:15:09 standalone proxy-server[130032]: 172.18.0.2 172.18.0.100 10/Jun/2026/13/15/09 PUT /v1/AUTH_b0651100e7594062b00f3d325faec881/gnocchi.0c8d1c41-dd8d-4050-9ecd-4760e6e0bef9/1780920000.0_mean_300.0_v3 HTTP/1.0 201 - python-swiftclient-3.11.1 gAAAAABqKWKqlyGc... 16 - - tx67792c8d7d324279861be-006a29635d - 0.0158 - - 1781097309.270712137 1781097309.286558151 0
Jun 10 13:15:09 standalone container-server[127946]: 172.20.0.100 - - [10/Jun/2026:13:15:09 +0000] "PUT /d1/824/AUTH_b0651100e7594062b00f3d325faec881/gnocchi.0c8d1c41-dd8d-4050-9ecd-4760e6e0bef9/none_v3" 201 - "PUT http://172.18.0.2:8080/d1/50/AUTH_b0651100e7594062b00f3d325faec881/gnocchi.0c8d1c41-dd8d-4050-9ecd-4760e6e0bef9/none_v3" "txf555d0737701411b9b4ee-006a29635d" "object-server 22" 0.0005 "-" 20 0
Jun 10 13:15:09 standalone object-server[128115]: 172.20.0.100 - - [10/Jun/2026:13:15:09 +0000] "PUT /d1/50/AUTH_b0651100e7594062b00f3d325faec881/gnocchi.0c8d1c41-dd8d-4050-9ecd-4760e6e0bef9/none_v3" 201 - "PUT http://172.18.0.2:8080/v1/AUTH_b0651100e7594062b00f3d325faec881/gnocchi.0c8d1c41-dd8d-4050-9ecd-4760e6e0bef9/none_v3" "txf555d0737701411b9b4ee-006a29635d" "proxy-server 20" 0.0116 "-" 22 0
Jun 10 13:15:09 standalone proxy-server[130032]: 172.18.0.2 172.18.0.100 10/Jun/2026/13/15/09 PUT /v1/AUTH_b0651100e7594062b00f3d325faec881/gnocchi.0c8d1c41-dd8d-4050-9ecd-4760e6e0bef9/none_v3 HTTP/1.0 201 - python-swiftclient-3.11.1 gAAAAABqKWKqlyGc... 22 - - txf555d0737701411b9b4ee-006a29635d - 0.0196 - - 1781097309.289878607 1781097309.309491158 0
Jun 10 13:15:09 standalone container-server[127948]: 172.20.0.100 - - [10/Jun/2026:13:15:09 +0000] "HEAD /d1/552/AUTH_b0651100e7594062b00f3d325faec881/gnocchi.4ac25dfc-6638-4a07-adc3-355d7a2e2824" 404 - "HEAD http://172.18.0.2:8080/v1/AUTH_b0651100e7594062b00f3d325faec881/gnocchi.4ac25dfc-6638-4a07-adc3-355d7a2e2824?format=json&states=listing" "txf5ebcb23f33f40e390f23-006a29635d" "proxy-server 20" 0.0004 "-" 21 0
Jun 10 13:15:09 standalone object-server[128122]: 172.20.0.100 - - [10/Jun/2026:13:15:09 +0000] "GET /d1/588/AUTH_b0651100e7594062b00f3d325faec881/gnocchi.4ac25dfc-6638-4a07-adc3-355d7a2e2824/none_v3" 404 70 "GET http://172.18.0.2:8080/v1/AUTH_b0651100e7594062b00f3d325faec881/gnocchi.4ac25dfc-6638-4a07-adc3-355d7a2e2824/none_v3" "txf5ebcb23f33f40e390f23-006a29635d" "proxy-server 20" 0.0004 "-" 23 0
Jun 10 13:15:09 standalone proxy-server[130032]: 172.18.0.2 172.18.0.100 10/Jun/2026/13/15/09 GET /v1/AUTH_b0651100e7594062b00f3d325faec881/gnocchi.4ac25dfc-6638-4a07-adc3-355d7a2e2824/none_v3 HTTP/1.0 404 - python-swiftclient-3.11.1 gAAAAABqKWKqlyGc... - 70 - txf5ebcb23f33f40e390f23-006a29635d - 0.0112 - - 1781097309.320907116 1781097309.332136393 0
Jun 10 13:15:09 standalone account-server[127745]: 172.20.0.100 - - [10/Jun/2026:13:15:09 +0000] "PUT /d1/665/AUTH_b0651100e7594062b00f3d325faec881/gnocchi.4ac25dfc-6638-4a07-adc3-355d7a2e2824" 201 - "PUT http://172.20.0.100:6001/d1/552/AUTH_b0651100e7594062b00f3d325faec881/gnocchi.4ac25dfc-6638-4a07-adc3-355d7a2e2824" "tx88cb03a3949b4ef2b7847-006a29635d" "container-server 20" 0.0077 "-" 21 0
Jun 10 13:15:09 standalone container-server[127946]: 172.20.0.100 - - [10/Jun/2026:13:15:09 +0000] "PUT /d1/552/AUTH_b0651100e7594062b00f3d325faec881/gnocchi.4ac25dfc-6638-4a07-adc3-355d7a2e2824" 201 - "PUT http://172.18.0.2:8080/v1/AUTH_b0651100e7594062b00f3d325faec881/gnocchi.4ac25dfc-6638-4a07-adc3-355d7a2e2824" "tx88cb03a3949b4ef2b7847-006a29635d" "proxy-server 20" 0.0187 "-" 20 0
Jun 10 13:15:09 standalone proxy-server[130032]: 172.18.0.2 172.18.0.100 10/Jun/2026/13/15/09 PUT /v1/AUTH_b0651100e7594062b00f3d325faec881/gnocchi.4ac25dfc-6638-4a07-adc3-355d7a2e2824 HTTP/1.0 201 - python-swiftclient-3.11.1 gAAAAABqKWKqlyGc... - - - tx88cb03a3949b4ef2b7847-006a29635d - 0.0243 - - 1781097309.335263491 1781097309.359574556 0
Jun 10 13:15:09 standalone container-server[127946]: 172.20.0.100 - - [10/Jun/2026:13:15:09 +0000] "HEAD /d1/552/AUTH_b0651100e7594062b00f3d325faec881/gnocchi.4ac25dfc-6638-4a07-adc3-355d7a2e2824" 204 - "HEAD http://172.18.0.2:8080/v1/AUTH_b0651100e7594062b00f3d325faec881/gnocchi.4ac25dfc-6638-4a07-adc3-355d7a2e2824?format=json&states=listing" "tx52179d5ab94e4e8e9e18d-006a29635d" "proxy-server 20" 0.0019 "-" 20 0
Jun 10 13:15:09 standalone proxy-server[130032]: - - 10/Jun/2026/13/15/09 HEAD /v1/AUTH_b0651100e7594062b00f3d325faec881/gnocchi.4ac25dfc-6638-4a07-adc3-355d7a2e2824%3Fformat%3Djson%26states%3Dlisting HTTP/1.0 204 - Swift - - - - tx52179d5ab94e4e8e9e18d-006a29635d - 0.0056 RL - 1781097309.368748188 1781097309.374387026 0
Jun 10 13:15:09 standalone container-server[127949]: 172.20.0.100 - - [10/Jun/2026:13:15:09 +0000] "GET /d1/552/AUTH_b0651100e7594062b00f3d325faec881/gnocchi.4ac25dfc-6638-4a07-adc3-355d7a2e2824" 200 2 "GET http://172.18.0.2:8080/v1/AUTH_b0651100e7594062b00f3d325faec881/gnocchi.4ac25dfc-6638-4a07-adc3-355d7a2e2824?format=json&states=listing" "tx52179d5ab94e4e8e9e18d-006a29635d" "proxy-server 20" 0.0028 "-" 22 0
Jun 10 13:15:09 standalone proxy-server[130032]: 172.18.0.2 172.18.0.100 10/Jun/2026/13/15/09 GET /v1/AUTH_b0651100e7594062b00f3d325faec881/gnocchi.4ac25dfc-6638-4a07-adc3-355d7a2e2824%3Fformat%3Djson%26states%3Dlisting HTTP/1.0 200 - python-swiftclient-3.11.1 gAAAAABqKWKqlyGc... - 2 - tx52179d5ab94e4e8e9e18d-006a29635d - 0.0154 - - 1781097309.366706133 1781097309.382082701 0
Jun 10 13:15:09 standalone object-server[128136]: 172.20.0.100 - - [10/Jun/2026:13:15:09 +0000] "GET /d1/846/AUTH_b0651100e7594062b00f3d325faec881/gnocchi.4ac25dfc-6638-4a07-adc3-355d7a2e2824/1780920000.0_mean_300.0_v3" 404 70 "GET http://172.18.0.2:8080/v1/AUTH_b0651100e7594062b00f3d325faec881/gnocchi.4ac25dfc-6638-4a07-adc3-355d7a2e2824/1780920000.0_mean_300.0_v3" "tx1fe4a47cbcf2462a86b0b-006a29635d" "proxy-server 20" 0.0004 "-" 24 0
Jun 10 13:15:09 standalone proxy-server[130032]: 172.18.0.2 172.18.0.100 10/Jun/2026/13/15/09 GET /v1/AUTH_b0651100e7594062b00f3d325faec881/gnocchi.4ac25dfc-6638-4a07-adc3-355d7a2e2824/1780920000.0_mean_300.0_v3 HTTP/1.0 404 - python-swiftclient-3.11.1 gAAAAABqKWKqlyGc... - 70 - tx1fe4a47cbcf2462a86b0b-006a29635d - 0.0050 - - 1781097309.385677099 1781097309.390719414 0
Jun 10 13:15:09 standalone container-server[127948]: 172.20.0.100 - - [10/Jun/2026:13:15:09 +0000] "PUT /d1/552/AUTH_b0651100e7594062b00f3d325faec881/gnocchi.4ac25dfc-6638-4a07-adc3-355d7a2e2824/1780920000.0_mean_300.0_v3" 201 - "PUT http://172.18.0.2:8080/d1/846/AUTH_b0651100e7594062b00f3d325faec881/gnocchi.4ac25dfc-6638-4a07-adc3-355d7a2e2824/1780920000.0_mean_300.0_v3" "txabe3a2c8ebae48ffa88bf-006a29635d" "object-server 24" 0.0006 "-" 21 0
Jun 10 13:15:09 standalone object-server[128136]: 172.20.0.100 - - [10/Jun/2026:13:15:09 +0000] "PUT /d1/846/AUTH_b0651100e7594062b00f3d325faec881/gnocchi.4ac25dfc-6638-4a07-adc3-355d7a2e2824/1780920000.0_mean_300.0_v3" 201 - "PUT http://172.18.0.2:8080/v1/AUTH_b0651100e7594062b00f3d325faec881/gnocchi.4ac25dfc-6638-4a07-adc3-355d7a2e2824/1780920000.0_mean_300.0_v3" "txabe3a2c8ebae48ffa88bf-006a29635d" "proxy-server 20" 0.0100 "-" 24 0
Jun 10 13:15:09 standalone proxy-server[130032]: 172.18.0.2 172.18.0.100 10/Jun/2026/13/15/09 PUT /v1/AUTH_b0651100e7594062b00f3d325faec881/gnocchi.4ac25dfc-6638-4a07-adc3-355d7a2e2824/1780920000.0_mean_300.0_v3 HTTP/1.0 201 - python-swiftclient-3.11.1 gAAAAABqKWKqlyGc... 16 - - txabe3a2c8ebae48ffa88bf-006a29635d - 0.0154 - - 1781097309.394509315 1781097309.409861326 0
Jun 10 13:15:09 standalone container-server[127949]: 172.20.0.100 - - [10/Jun/2026:13:15:09 +0000] "PUT /d1/552/AUTH_b0651100e7594062b00f3d325faec881/gnocchi.4ac25dfc-6638-4a07-adc3-355d7a2e2824/none_v3" 201 - "PUT http://172.18.0.2:8080/d1/588/AUTH_b0651100e7594062b00f3d325faec881/gnocchi.4ac25dfc-6638-4a07-adc3-355d7a2e2824/none_v3" "tx5717aa44a2804a56ab1e3-006a29635d" "object-server 22" 0.0005 "-" 22 0
Jun 10 13:15:09 standalone object-server[128115]: 172.20.0.100 - - [10/Jun/2026:13:15:09 +0000] "PUT /d1/588/AUTH_b0651100e7594062b00f3d325faec881/gnocchi.4ac25dfc-6638-4a07-adc3-355d7a2e2824/none_v3" 201 - "PUT http://172.18.0.2:8080/v1/AUTH_b0651100e7594062b00f3d325faec881/gnocchi.4ac25dfc-6638-4a07-adc3-355d7a2e2824/none_v3" "tx5717aa44a2804a56ab1e3-006a29635d" "proxy-server 20" 0.0108 "-" 22 0
Jun 10 13:15:09 standalone proxy-server[130032]: 172.18.0.2 172.18.0.100 10/Jun/2026/13/15/09 PUT /v1/AUTH_b0651100e7594062b00f3d325faec881/gnocchi.4ac25dfc-6638-4a07-adc3-355d7a2e2824/none_v3 HTTP/1.0 201 - python-swiftclient-3.11.1 gAAAAABqKWKqlyGc... 22 - - tx5717aa44a2804a56ab1e3-006a29635d - 0.0244 - - 1781097309.412542582 1781097309.436917543 0
Jun 10 13:15:09 standalone container-server[127949]: 172.20.0.100 - - [10/Jun/2026:13:15:09 +0000] "HEAD /d1/641/AUTH_b0651100e7594062b00f3d325faec881/gnocchi.773b134b-625e-455f-a78d-58c2e0c4534f" 404 - "HEAD http://172.18.0.2:8080/v1/AUTH_b0651100e7594062b00f3d325faec881/gnocchi.773b134b-625e-455f-a78d-58c2e0c4534f?format=json&states=listing" "tx8ec5a41601b04a9ebe9bc-006a29635d" "proxy-server 20" 0.0004 "-" 22 0
Jun 10 13:15:09 standalone object-server[128136]: 172.20.0.100 - - [10/Jun/2026:13:15:09 +0000] "GET /d1/420/AUTH_b0651100e7594062b00f3d325faec881/gnocchi.773b134b-625e-455f-a78d-58c2e0c4534f/none_v3" 404 70 "GET http://172.18.0.2:8080/v1/AUTH_b0651100e7594062b00f3d325faec881/gnocchi.773b134b-625e-455f-a78d-58c2e0c4534f/none_v3" "tx8ec5a41601b04a9ebe9bc-006a29635d" "proxy-server 20" 0.0003 "-" 24 0
Jun 10 13:15:09 standalone proxy-server[130032]: 172.18.0.2 172.18.0.100 10/Jun/2026/13/15/09 GET /v1/AUTH_b0651100e7594062b00f3d325faec881/gnocchi.773b134b-625e-455f-a78d-58c2e0c4534f/none_v3 HTTP/1.0 404 - python-swiftclient-3.11.1 gAAAAABqKWKqlyGc... - 70 - tx8ec5a41601b04a9ebe9bc-006a29635d - 0.0071 - - 1781097309.447725296 1781097309.454844236 0
Jun 10 13:15:09 standalone account-server[127757]: 172.20.0.100 - - [10/Jun/2026:13:15:09 +0000] "PUT /d1/665/AUTH_b0651100e7594062b00f3d325faec881/gnocchi.773b134b-625e-455f-a78d-58c2e0c4534f" 201 - "PUT http://172.20.0.100:6001/d1/641/AUTH_b0651100e7594062b00f3d325faec881/gnocchi.773b134b-625e-455f-a78d-58c2e0c4534f" "tx06e897ba9c994841ac848-006a29635d" "container-server 20" 0.0036 "-" 22 0
Jun 10 13:15:09 standalone container-server[127946]: 172.20.0.100 - - [10/Jun/2026:13:15:09 +0000] "PUT /d1/641/AUTH_b0651100e7594062b00f3d325faec881/gnocchi.773b134b-625e-455f-a78d-58c2e0c4534f" 201 - "PUT http://172.18.0.2:8080/v1/AUTH_b0651100e7594062b00f3d325faec881/gnocchi.773b134b-625e-455f-a78d-58c2e0c4534f" "tx06e897ba9c994841ac848-006a29635d" "proxy-server 20" 0.0128 "-" 20 0
Jun 10 13:15:09 standalone proxy-server[130032]: 172.18.0.2 172.18.0.100 10/Jun/2026/13/15/09 PUT /v1/AUTH_b0651100e7594062b00f3d325faec881/gnocchi.773b134b-625e-455f-a78d-58c2e0c4534f HTTP/1.0 201 - python-swiftclient-3.11.1 gAAAAABqKWKqlyGc... - - - tx06e897ba9c994841ac848-006a29635d - 0.0175 - - 1781097309.457151413 1781097309.474644661 0
Jun 10 13:15:09 standalone container-server[127948]: 172.20.0.100 - - [10/Jun/2026:13:15:09 +0000] "HEAD /d1/641/AUTH_b0651100e7594062b00f3d325faec881/gnocchi.773b134b-625e-455f-a78d-58c2e0c4534f" 204 - "HEAD http://172.18.0.2:8080/v1/AUTH_b0651100e7594062b00f3d325faec881/gnocchi.773b134b-625e-455f-a78d-58c2e0c4534f?format=json&states=listing" "tx03e5d53149f64536b62b3-006a29635d" "proxy-server 20" 0.0015 "-" 21 0
Jun 10 13:15:09 standalone proxy-server[130032]: - - 10/Jun/2026/13/15/09 HEAD /v1/AUTH_b0651100e7594062b00f3d325faec881/gnocchi.773b134b-625e-455f-a78d-58c2e0c4534f%3Fformat%3Djson%26states%3Dlisting HTTP/1.0 204 - Swift - - - - tx03e5d53149f64536b62b3-006a29635d - 0.0044 RL - 1781097309.479293108 1781097309.483691454 0
Jun 10 13:15:09 standalone container-server[127954]: 172.20.0.100 - - [10/Jun/2026:13:15:09 +0000] "GET /d1/641/AUTH_b0651100e7594062b00f3d325faec881/gnocchi.773b134b-625e-455f-a78d-58c2e0c4534f" 200 2 "GET http://172.18.0.2:8080/v1/AUTH_b0651100e7594062b00f3d325faec881/gnocchi.773b134b-625e-455f-a78d-58c2e0c4534f?format=json&states=listing" "tx03e5d53149f64536b62b3-006a29635d" "proxy-server 20" 0.0023 "-" 23 0
Jun 10 13:15:09 standalone proxy-server[130032]: 172.18.0.2 172.18.0.100 10/Jun/2026/13/15/09 GET /v1/AUTH_b0651100e7594062b00f3d325faec881/gnocchi.773b134b-625e-455f-a78d-58c2e0c4534f%3Fformat%3Djson%26states%3Dlisting HTTP/1.0 200 - python-swiftclient-3.11.1 gAAAAABqKWKqlyGc... - 2 - tx03e5d53149f64536b62b3-006a29635d - 0.0124 - - 1781097309.478485823 1781097309.490908384 0
Jun 10 13:15:09 standalone object-server[128107]: 172.20.0.100 - - [10/Jun/2026:13:15:09 +0000] "GET /d1/767/AUTH_b0651100e7594062b00f3d325faec881/gnocchi.773b134b-625e-455f-a78d-58c2e0c4534f/1780920000.0_mean_300.0_v3" 404 70 "GET http://172.18.0.2:8080/v1/AUTH_b0651100e7594062b00f3d325faec881/gnocchi.773b134b-625e-455f-a78d-58c2e0c4534f/1780920000.0_mean_300.0_v3" "tx585df20853e54404adf53-006a29635d" "proxy-server 20" 0.0003 "-" 21 0
Jun 10 13:15:09 standalone proxy-server[130032]: 172.18.0.2 172.18.0.100 10/Jun/2026/13/15/09 GET /v1/AUTH_b0651100e7594062b00f3d325faec881/gnocchi.773b134b-625e-455f-a78d-58c2e0c4534f/1780920000.0_mean_300.0_v3 HTTP/1.0 404 - python-swiftclient-3.11.1 gAAAAABqKWKqlyGc... - 70 - tx585df20853e54404adf53-006a29635d - 0.0045 - - 1781097309.494639635 1781097309.499134302 0
Jun 10 13:15:09 standalone container-server[127949]: 172.20.0.100 - - [10/Jun/2026:13:15:09 +0000] "PUT /d1/641/AUTH_b0651100e7594062b00f3d325faec881/gnocchi.773b134b-625e-455f-a78d-58c2e0c4534f/1780920000.0_mean_300.0_v3" 201 - "PUT http://172.18.0.2:8080/d1/767/AUTH_b0651100e7594062b00f3d325faec881/gnocchi.773b134b-625e-455f-a78d-58c2e0c4534f/1780920000.0_mean_300.0_v3" "txa85f9e471a344753b7196-006a29635d" "object-server 23" 0.0006 "-" 22 0
Jun 10 13:15:09 standalone object-server[128122]: 172.20.0.100 - - [10/Jun/2026:13:15:09 +0000] "PUT /d1/767/AUTH_b0651100e7594062b00f3d325faec881/gnocchi.773b134b-625e-455f-a78d-58c2e0c4534f/1780920000.0_mean_300.0_v3" 201 - "PUT http://172.18.0.2:8080/v1/AUTH_b0651100e7594062b00f3d325faec881/gnocchi.773b134b-625e-455f-a78d-58c2e0c4534f/1780920000.0_mean_300.0_v3" "txa85f9e471a344753b7196-006a29635d" "proxy-server 20" 0.0088 "-" 23 0
Jun 10 13:15:09 standalone proxy-server[130032]: 172.18.0.2 172.18.0.100 10/Jun/2026/13/15/09 PUT /v1/AUTH_b0651100e7594062b00f3d325faec881/gnocchi.773b134b-625e-455f-a78d-58c2e0c4534f/1780920000.0_mean_300.0_v3 HTTP/1.0 201 - python-swiftclient-3.11.1 gAAAAABqKWKqlyGc... 16 - - txa85f9e471a344753b7196-006a29635d - 0.0134 - - 1781097309.501521826 1781097309.514895916 0
Jun 10 13:15:09 standalone container-server[127946]: 172.20.0.100 - - [10/Jun/2026:13:15:09 +0000] "PUT /d1/641/AUTH_b0651100e7594062b00f3d325faec881/gnocchi.773b134b-625e-455f-a78d-58c2e0c4534f/none_v3" 201 - "PUT http://172.18.0.2:8080/d1/420/AUTH_b0651100e7594062b00f3d325faec881/gnocchi.773b134b-625e-455f-a78d-58c2e0c4534f/none_v3" "txdf5193ca02464526a55df-006a29635d" "object-server 21" 0.0006 "-" 20 0
Jun 10 13:15:09 standalone object-server[128107]: 172.20.0.100 - - [10/Jun/2026:13:15:09 +0000] "PUT /d1/420/AUTH_b0651100e7594062b00f3d325faec881/gnocchi.773b134b-625e-455f-a78d-58c2e0c4534f/none_v3" 201 - "PUT http://172.18.0.2:8080/v1/AUTH_b0651100e7594062b00f3d325faec881/gnocchi.773b134b-625e-455f-a78d-58c2e0c4534f/none_v3" "txdf5193ca02464526a55df-006a29635d" "proxy-server 20" 0.0092 "-" 21 0
Jun 10 13:15:09 standalone proxy-server[130032]: 172.18.0.2 172.18.0.100 10/Jun/2026/13/15/09 PUT /v1/AUTH_b0651100e7594062b00f3d325faec881/gnocchi.773b134b-625e-455f-a78d-58c2e0c4534f/none_v3 HTTP/1.0 201 - python-swiftclient-3.11.1 gAAAAABqKWKqlyGc... 22 - - txdf5193ca02464526a55df-006a29635d - 0.0148 - - 1781097309.517908573 1781097309.532729864 0
Jun 10 13:15:09 standalone container-server[127948]: 172.20.0.100 - - [10/Jun/2026:13:15:09 +0000] "HEAD /d1/52/AUTH_b0651100e7594062b00f3d325faec881/gnocchi.421d2e6f-646a-4dfe-986c-9a152eb8082f" 404 - "HEAD http://172.18.0.2:8080/v1/AUTH_b0651100e7594062b00f3d325faec881/gnocchi.421d2e6f-646a-4dfe-986c-9a152eb8082f?format=json&states=listing" "tx20cc28fce15a43bdb4176-006a29635d" "proxy-server 20" 0.0004 "-" 21 0
Jun 10 13:15:09 standalone object-server[128107]: 172.20.0.100 - - [10/Jun/2026:13:15:09 +0000] "GET /d1/568/AUTH_b0651100e7594062b00f3d325faec881/gnocchi.421d2e6f-646a-4dfe-986c-9a152eb8082f/none_v3" 404 70 "GET http://172.18.0.2:8080/v1/AUTH_b0651100e7594062b00f3d325faec881/gnocchi.421d2e6f-646a-4dfe-986c-9a152eb8082f/none_v3" "tx20cc28fce15a43bdb4176-006a29635d" "proxy-server 20" 0.0004 "-" 21 0
Jun 10 13:15:09 standalone proxy-server[130032]: 172.18.0.2 172.18.0.100 10/Jun/2026/13/15/09 GET /v1/AUTH_b0651100e7594062b00f3d325faec881/gnocchi.421d2e6f-646a-4dfe-986c-9a152eb8082f/none_v3 HTTP/1.0 404 - python-swiftclient-3.11.1 gAAAAABqKWKqlyGc... - 70 - tx20cc28fce15a43bdb4176-006a29635d - 0.0101 - - 1781097309.543222189 1781097309.553364038 0
Jun 10 13:15:09 standalone account-server[127772]: 172.20.0.100 - - [10/Jun/2026:13:15:09 +0000] "PUT /d1/665/AUTH_b0651100e7594062b00f3d325faec881/gnocchi.421d2e6f-646a-4dfe-986c-9a152eb8082f" 201 - "PUT http://172.20.0.100:6001/d1/52/AUTH_b0651100e7594062b00f3d325faec881/gnocchi.421d2e6f-646a-4dfe-986c-9a152eb8082f" "txe6db40e35bf14aec86da9-006a29635d" "container-server 22" 0.0058 "-" 23 0
Jun 10 13:15:09 standalone container-server[127949]: 172.20.0.100 - - [10/Jun/2026:13:15:09 +0000] "PUT /d1/52/AUTH_b0651100e7594062b00f3d325faec881/gnocchi.421d2e6f-646a-4dfe-986c-9a152eb8082f" 201 - "PUT http://172.18.0.2:8080/v1/AUTH_b0651100e7594062b00f3d325faec881/gnocchi.421d2e6f-646a-4dfe-986c-9a152eb8082f" "txe6db40e35bf14aec86da9-006a29635d" "proxy-server 20" 0.0168 "-" 22 0
Jun 10 13:15:09 standalone proxy-server[130032]: 172.18.0.2 172.18.0.100 10/Jun/2026/13/15/09 PUT /v1/AUTH_b0651100e7594062b00f3d325faec881/gnocchi.421d2e6f-646a-4dfe-986c-9a152eb8082f HTTP/1.0 201 - python-swiftclient-3.11.1 gAAAAABqKWKqlyGc... - - - txe6db40e35bf14aec86da9-006a29635d - 0.0209 - - 1781097309.555902719 1781097309.576825619 0
Jun 10 13:15:09 standalone container-server[127949]: 172.20.0.100 - - [10/Jun/2026:13:15:09 +0000] "HEAD /d1/52/AUTH_b0651100e7594062b00f3d325faec881/gnocchi.421d2e6f-646a-4dfe-986c-9a152eb8082f" 204 - "HEAD http://172.18.0.2:8080/v1/AUTH_b0651100e7594062b00f3d325faec881/gnocchi.421d2e6f-646a-4dfe-986c-9a152eb8082f?format=json&states=listing" "txbe1d3abe6ad84f17bb58a-006a29635d" "proxy-server 20" 0.0013 "-" 22 0
Jun 10 13:15:09 standalone proxy-server[130032]: - - 10/Jun/2026/13/15/09 HEAD /v1/AUTH_b0651100e7594062b00f3d325faec881/gnocchi.421d2e6f-646a-4dfe-986c-9a152eb8082f%3Fformat%3Djson%26states%3Dlisting HTTP/1.0 204 - Swift - - - - txbe1d3abe6ad84f17bb58a-006a29635d - 0.0038 RL - 1781097309.581452370 1781097309.585291147 0
Jun 10 13:15:09 standalone container-server[127948]: 172.20.0.100 - - [10/Jun/2026:13:15:09 +0000] "GET /d1/52/AUTH_b0651100e7594062b00f3d325faec881/gnocchi.421d2e6f-646a-4dfe-986c-9a152eb8082f" 200 2 "GET http://172.18.0.2:8080/v1/AUTH_b0651100e7594062b00f3d325faec881/gnocchi.421d2e6f-646a-4dfe-986c-9a152eb8082f?format=json&states=listing" "txbe1d3abe6ad84f17bb58a-006a29635d" "proxy-server 20" 0.0023 "-" 21 0
Jun 10 13:15:09 standalone proxy-server[130032]: 172.18.0.2 172.18.0.100 10/Jun/2026/13/15/09 GET /v1/AUTH_b0651100e7594062b00f3d325faec881/gnocchi.421d2e6f-646a-4dfe-986c-9a152eb8082f%3Fformat%3Djson%26states%3Dlisting HTTP/1.0 200 - python-swiftclient-3.11.1 gAAAAABqKWKqlyGc... - 2 - txbe1d3abe6ad84f17bb58a-006a29635d - 0.0118 - - 1781097309.580280066 1781097309.592128277 0
Jun 10 13:15:09 standalone object-server[128136]: 172.20.0.100 - - [10/Jun/2026:13:15:09 +0000] "GET /d1/916/AUTH_b0651100e7594062b00f3d325faec881/gnocchi.421d2e6f-646a-4dfe-986c-9a152eb8082f/1780920000.0_mean_300.0_v3" 404 70 "GET http://172.18.0.2:8080/v1/AUTH_b0651100e7594062b00f3d325faec881/gnocchi.421d2e6f-646a-4dfe-986c-9a152eb8082f/1780920000.0_mean_300.0_v3" "tx010127d92ef847f082d07-006a29635d" "proxy-server 20" 0.0003 "-" 24 0
Jun 10 13:15:09 standalone proxy-server[130032]: 172.18.0.2 172.18.0.100 10/Jun/2026/13/15/09 GET /v1/AUTH_b0651100e7594062b00f3d325faec881/gnocchi.421d2e6f-646a-4dfe-986c-9a152eb8082f/1780920000.0_mean_300.0_v3 HTTP/1.0 404 - python-swiftclient-3.11.1 gAAAAABqKWKqlyGc... - 70 - tx010127d92ef847f082d07-006a29635d - 0.0044 - - 1781097309.595878363 1781097309.600279808 0
Jun 10 13:15:09 standalone container-server[127946]: 172.20.0.100 - - [10/Jun/2026:13:15:09 +0000] "PUT /d1/52/AUTH_b0651100e7594062b00f3d325faec881/gnocchi.421d2e6f-646a-4dfe-986c-9a152eb8082f/1780920000.0_mean_300.0_v3" 201 - "PUT http://172.18.0.2:8080/d1/916/AUTH_b0651100e7594062b00f3d325faec881/gnocchi.421d2e6f-646a-4dfe-986c-9a152eb8082f/1780920000.0_mean_300.0_v3" "tx6629dbd2b0f34dd18b686-006a29635d" "object-server 24" 0.0006 "-" 20 0
Jun 10 13:15:09 standalone object-server[128136]: 172.20.0.100 - - [10/Jun/2026:13:15:09 +0000] "PUT /d1/916/AUTH_b0651100e7594062b00f3d325faec881/gnocchi.421d2e6f-646a-4dfe-986c-9a152eb8082f/1780920000.0_mean_300.0_v3" 201 - "PUT http://172.18.0.2:8080/v1/AUTH_b0651100e7594062b00f3d325faec881/gnocchi.421d2e6f-646a-4dfe-986c-9a152eb8082f/1780920000.0_mean_300.0_v3" "tx6629dbd2b0f34dd18b686-006a29635d" "proxy-server 20" 0.0082 "-" 24 0
Jun 10 13:15:09 standalone proxy-server[130032]: 172.18.0.2 172.18.0.100 10/Jun/2026/13/15/09 PUT /v1/AUTH_b0651100e7594062b00f3d325faec881/gnocchi.421d2e6f-646a-4dfe-986c-9a152eb8082f/1780920000.0_mean_300.0_v3 HTTP/1.0 201 - python-swiftclient-3.11.1 gAAAAABqKWKqlyGc... 16 - - tx6629dbd2b0f34dd18b686-006a29635d - 0.0121 - - 1781097309.602674007 1781097309.614785910 0
Jun 10 13:15:09 standalone container-server[127946]: 172.20.0.100 - - [10/Jun/2026:13:15:09 +0000] "PUT /d1/52/AUTH_b0651100e7594062b00f3d325faec881/gnocchi.421d2e6f-646a-4dfe-986c-9a152eb8082f/none_v3" 201 - "PUT http://172.18.0.2:8080/d1/568/AUTH_b0651100e7594062b00f3d325faec881/gnocchi.421d2e6f-646a-4dfe-986c-9a152eb8082f/none_v3" "tx294c6587ebae4de9807ac-006a29635d" "object-server 23" 0.0004 "-" 20 0
Jun 10 13:15:09 standalone object-server[128122]: 172.20.0.100 - - [10/Jun/2026:13:15:09 +0000] "PUT /d1/568/AUTH_b0651100e7594062b00f3d325faec881/gnocchi.421d2e6f-646a-4dfe-986c-9a152eb8082f/none_v3" 201 - "PUT http://172.18.0.2:8080/v1/AUTH_b0651100e7594062b00f3d325faec881/gnocchi.421d2e6f-646a-4dfe-986c-9a152eb8082f/none_v3" "tx294c6587ebae4de9807ac-006a29635d" "proxy-server 20" 0.0083 "-" 23 0
Jun 10 13:15:09 standalone proxy-server[130032]: 172.18.0.2 172.18.0.100 10/Jun/2026/13/15/09 PUT /v1/AUTH_b0651100e7594062b00f3d325faec881/gnocchi.421d2e6f-646a-4dfe-986c-9a152eb8082f/none_v3 HTTP/1.0 201 - python-swiftclient-3.11.1 gAAAAABqKWKqlyGc... 22 - - tx294c6587ebae4de9807ac-006a29635d - 0.0124 - - 1781097309.617333174 1781097309.629728079 0
Jun 10 13:15:09 standalone container-server[127948]: 172.20.0.100 - - [10/Jun/2026:13:15:09 +0000] "HEAD /d1/260/AUTH_b0651100e7594062b00f3d325faec881/gnocchi.ec38d7dd-5817-4c5e-b09c-18fc550ca9fd" 404 - "HEAD http://172.18.0.2:8080/v1/AUTH_b0651100e7594062b00f3d325faec881/gnocchi.ec38d7dd-5817-4c5e-b09c-18fc550ca9fd?format=json&states=listing" "txaecb847f1e5e4cf2af99c-006a29635d" "proxy-server 20" 0.0006 "-" 21 0
Jun 10 13:15:09 standalone object-server[128115]: 172.20.0.100 - - [10/Jun/2026:13:15:09 +0000] "GET /d1/557/AUTH_b0651100e7594062b00f3d325faec881/gnocchi.ec38d7dd-5817-4c5e-b09c-18fc550ca9fd/none_v3" 404 70 "GET http://172.18.0.2:8080/v1/AUTH_b0651100e7594062b00f3d325faec881/gnocchi.ec38d7dd-5817-4c5e-b09c-18fc550ca9fd/none_v3" "txaecb847f1e5e4cf2af99c-006a29635d" "proxy-server 20" 0.0003 "-" 22 0
Jun 10 13:15:09 standalone proxy-server[130032]: 172.18.0.2 172.18.0.100 10/Jun/2026/13/15/09 GET /v1/AUTH_b0651100e7594062b00f3d325faec881/gnocchi.ec38d7dd-5817-4c5e-b09c-18fc550ca9fd/none_v3 HTTP/1.0 404 - python-swiftclient-3.11.1 gAAAAABqKWKqlyGc... - 70 - txaecb847f1e5e4cf2af99c-006a29635d - 0.0078 - - 1781097309.638934851 1781097309.646708250 0
Jun 10 13:15:09 standalone account-server[127772]: 172.20.0.100 - - [10/Jun/2026:13:15:09 +0000] "PUT /d1/665/AUTH_b0651100e7594062b00f3d325faec881/gnocchi.ec38d7dd-5817-4c5e-b09c-18fc550ca9fd" 201 - "PUT http://172.20.0.100:6001/d1/260/AUTH_b0651100e7594062b00f3d325faec881/gnocchi.ec38d7dd-5817-4c5e-b09c-18fc550ca9fd" "tx56ee90132c654fdba024e-006a29635d" "container-server 23" 0.0063 "-" 23 0
Jun 10 13:15:09 standalone container-server[127954]: 172.20.0.100 - - [10/Jun/2026:13:15:09 +0000] "PUT /d1/260/AUTH_b0651100e7594062b00f3d325faec881/gnocchi.ec38d7dd-5817-4c5e-b09c-18fc550ca9fd" 201 - "PUT http://172.18.0.2:8080/v1/AUTH_b0651100e7594062b00f3d325faec881/gnocchi.ec38d7dd-5817-4c5e-b09c-18fc550ca9fd" "tx56ee90132c654fdba024e-006a29635d" "proxy-server 20" 0.0210 "-" 23 0
Jun 10 13:15:09 standalone proxy-server[130032]: 172.18.0.2 172.18.0.100 10/Jun/2026/13/15/09 PUT /v1/AUTH_b0651100e7594062b00f3d325faec881/gnocchi.ec38d7dd-5817-4c5e-b09c-18fc550ca9fd HTTP/1.0 201 - python-swiftclient-3.11.1 gAAAAABqKWKqlyGc... - - - tx56ee90132c654fdba024e-006a29635d - 0.0252 - - 1781097309.649014473 1781097309.674262524 0
Jun 10 13:15:09 standalone container-server[127948]: 172.20.0.100 - - [10/Jun/2026:13:15:09 +0000] "HEAD /d1/260/AUTH_b0651100e7594062b00f3d325faec881/gnocchi.ec38d7dd-5817-4c5e-b09c-18fc550ca9fd" 204 - "HEAD http://172.18.0.2:8080/v1/AUTH_b0651100e7594062b00f3d325faec881/gnocchi.ec38d7dd-5817-4c5e-b09c-18fc550ca9fd?format=json&states=listing" "tx788dcffc1bf546b9ae28e-006a29635d" "proxy-server 20" 0.0015 "-" 21 0
Jun 10 13:15:09 standalone proxy-server[130032]: - - 10/Jun/2026/13/15/09 HEAD /v1/AUTH_b0651100e7594062b00f3d325faec881/gnocchi.ec38d7dd-5817-4c5e-b09c-18fc550ca9fd%3Fformat%3Djson%26states%3Dlisting HTTP/1.0 204 - Swift - - - - tx788dcffc1bf546b9ae28e-006a29635d - 0.0041 RL - 1781097309.678234339 1781097309.682322741 0
