Jun 10 13:15:09 standalone container-server[127946]: 172.20.0.100 - - [10/Jun/2026:13:15:09 +0000] "GET /d1/260/AUTH_b0651100e7594062b00f3d325faec881/gnocchi.ec38d7dd-5817-4c5e-b09c-18fc550ca9fd" 200 2 "GET http://172.18.0.2:8080/v1/AUTH_b0651100e7594062b00f3d325faec881/gnocchi.ec38d7dd-5817-4c5e-b09c-18fc550ca9fd?format=json&states=listing" "tx788dcffc1bf546b9ae28e-006a29635d" "proxy-server 20" 0.0023 "-" 20 0
Jun 10 13:15:09 standalone proxy-server[130032]: 172.18.0.2 172.18.0.100 10/Jun/2026/13/15/09 GET /v1/AUTH_b0651100e7594062b00f3d325faec881/gnocchi.ec38d7dd-5817-4c5e-b09c-18fc550ca9fd%3Fformat%3Djson%26states%3Dlisting HTTP/1.0 200 - python-swiftclient-3.11.1 gAAAAABqKWKqlyGc... - 2 - tx788dcffc1bf546b9ae28e-006a29635d - 0.0116 - - 1781097309.677476883 1781097309.689071417 0
Jun 10 13:15:09 standalone object-server[128107]: 172.20.0.100 - - [10/Jun/2026:13:15:09 +0000] "GET /d1/835/AUTH_b0651100e7594062b00f3d325faec881/gnocchi.ec38d7dd-5817-4c5e-b09c-18fc550ca9fd/1780920000.0_mean_300.0_v3" 404 70 "GET http://172.18.0.2:8080/v1/AUTH_b0651100e7594062b00f3d325faec881/gnocchi.ec38d7dd-5817-4c5e-b09c-18fc550ca9fd/1780920000.0_mean_300.0_v3" "txeaf9a40ae4a742c1bac5d-006a29635d" "proxy-server 20" 0.0003 "-" 21 0
Jun 10 13:15:09 standalone proxy-server[130032]: 172.18.0.2 172.18.0.100 10/Jun/2026/13/15/09 GET /v1/AUTH_b0651100e7594062b00f3d325faec881/gnocchi.ec38d7dd-5817-4c5e-b09c-18fc550ca9fd/1780920000.0_mean_300.0_v3 HTTP/1.0 404 - python-swiftclient-3.11.1 gAAAAABqKWKqlyGc... - 70 - txeaf9a40ae4a742c1bac5d-006a29635d - 0.0048 - - 1781097309.692227125 1781097309.697010279 0
Jun 10 13:15:09 standalone container-server[127954]: 172.20.0.100 - - [10/Jun/2026:13:15:09 +0000] "PUT /d1/260/AUTH_b0651100e7594062b00f3d325faec881/gnocchi.ec38d7dd-5817-4c5e-b09c-18fc550ca9fd/1780920000.0_mean_300.0_v3" 201 - "PUT http://172.18.0.2:8080/d1/835/AUTH_b0651100e7594062b00f3d325faec881/gnocchi.ec38d7dd-5817-4c5e-b09c-18fc550ca9fd/1780920000.0_mean_300.0_v3" "tx993908798cfd42ee86880-006a29635d" "object-server 21" 0.0010 "-" 23 0
Jun 10 13:15:09 standalone object-server[128107]: 172.20.0.100 - - [10/Jun/2026:13:15:09 +0000] "PUT /d1/835/AUTH_b0651100e7594062b00f3d325faec881/gnocchi.ec38d7dd-5817-4c5e-b09c-18fc550ca9fd/1780920000.0_mean_300.0_v3" 201 - "PUT http://172.18.0.2:8080/v1/AUTH_b0651100e7594062b00f3d325faec881/gnocchi.ec38d7dd-5817-4c5e-b09c-18fc550ca9fd/1780920000.0_mean_300.0_v3" "tx993908798cfd42ee86880-006a29635d" "proxy-server 20" 0.0096 "-" 21 0
Jun 10 13:15:09 standalone proxy-server[130032]: 172.18.0.2 172.18.0.100 10/Jun/2026/13/15/09 PUT /v1/AUTH_b0651100e7594062b00f3d325faec881/gnocchi.ec38d7dd-5817-4c5e-b09c-18fc550ca9fd/1780920000.0_mean_300.0_v3 HTTP/1.0 201 - python-swiftclient-3.11.1 gAAAAABqKWKqlyGc... 16 - - tx993908798cfd42ee86880-006a29635d - 0.0133 - - 1781097309.701014519 1781097309.714333296 0
Jun 10 13:15:09 standalone container-server[127946]: 172.20.0.100 - - [10/Jun/2026:13:15:09 +0000] "PUT /d1/260/AUTH_b0651100e7594062b00f3d325faec881/gnocchi.ec38d7dd-5817-4c5e-b09c-18fc550ca9fd/none_v3" 201 - "PUT http://172.18.0.2:8080/d1/557/AUTH_b0651100e7594062b00f3d325faec881/gnocchi.ec38d7dd-5817-4c5e-b09c-18fc550ca9fd/none_v3" "txe6ffeb352db4438085779-006a29635d" "object-server 24" 0.0008 "-" 20 0
Jun 10 13:15:09 standalone object-server[128136]: 172.20.0.100 - - [10/Jun/2026:13:15:09 +0000] "PUT /d1/557/AUTH_b0651100e7594062b00f3d325faec881/gnocchi.ec38d7dd-5817-4c5e-b09c-18fc550ca9fd/none_v3" 201 - "PUT http://172.18.0.2:8080/v1/AUTH_b0651100e7594062b00f3d325faec881/gnocchi.ec38d7dd-5817-4c5e-b09c-18fc550ca9fd/none_v3" "txe6ffeb352db4438085779-006a29635d" "proxy-server 20" 0.0101 "-" 24 0
Jun 10 13:15:09 standalone proxy-server[130032]: 172.18.0.2 172.18.0.100 10/Jun/2026/13/15/09 PUT /v1/AUTH_b0651100e7594062b00f3d325faec881/gnocchi.ec38d7dd-5817-4c5e-b09c-18fc550ca9fd/none_v3 HTTP/1.0 201 - python-swiftclient-3.11.1 gAAAAABqKWKqlyGc... 22 - - txe6ffeb352db4438085779-006a29635d - 0.0150 - - 1781097309.716494083 1781097309.731540203 0
Jun 10 13:15:09 standalone container-server[127946]: 172.20.0.100 - - [10/Jun/2026:13:15:09 +0000] "HEAD /d1/827/AUTH_b0651100e7594062b00f3d325faec881/gnocchi.c666ff68-b158-46fb-b5b2-ffc80273892a" 404 - "HEAD http://172.18.0.2:8080/v1/AUTH_b0651100e7594062b00f3d325faec881/gnocchi.c666ff68-b158-46fb-b5b2-ffc80273892a?format=json&states=listing" "tx1ef401932ac146e0ae006-006a29635d" "proxy-server 20" 0.0003 "-" 20 0
Jun 10 13:15:09 standalone object-server[128115]: 172.20.0.100 - - [10/Jun/2026:13:15:09 +0000] "GET /d1/309/AUTH_b0651100e7594062b00f3d325faec881/gnocchi.c666ff68-b158-46fb-b5b2-ffc80273892a/none_v3" 404 70 "GET http://172.18.0.2:8080/v1/AUTH_b0651100e7594062b00f3d325faec881/gnocchi.c666ff68-b158-46fb-b5b2-ffc80273892a/none_v3" "tx1ef401932ac146e0ae006-006a29635d" "proxy-server 20" 0.0003 "-" 22 0
Jun 10 13:15:09 standalone proxy-server[130032]: 172.18.0.2 172.18.0.100 10/Jun/2026/13/15/09 GET /v1/AUTH_b0651100e7594062b00f3d325faec881/gnocchi.c666ff68-b158-46fb-b5b2-ffc80273892a/none_v3 HTTP/1.0 404 - python-swiftclient-3.11.1 gAAAAABqKWKqlyGc... - 70 - tx1ef401932ac146e0ae006-006a29635d - 0.0070 - - 1781097309.740680695 1781097309.747680426 0
Jun 10 13:15:09 standalone account-server[127757]: 172.20.0.100 - - [10/Jun/2026:13:15:09 +0000] "PUT /d1/665/AUTH_b0651100e7594062b00f3d325faec881/gnocchi.c666ff68-b158-46fb-b5b2-ffc80273892a" 201 - "PUT http://172.20.0.100:6001/d1/827/AUTH_b0651100e7594062b00f3d325faec881/gnocchi.c666ff68-b158-46fb-b5b2-ffc80273892a" "txa5cbb6fd209b46a982bb0-006a29635d" "container-server 22" 0.0071 "-" 22 0
Jun 10 13:15:09 standalone container-server[127949]: 172.20.0.100 - - [10/Jun/2026:13:15:09 +0000] "PUT /d1/827/AUTH_b0651100e7594062b00f3d325faec881/gnocchi.c666ff68-b158-46fb-b5b2-ffc80273892a" 201 - "PUT http://172.18.0.2:8080/v1/AUTH_b0651100e7594062b00f3d325faec881/gnocchi.c666ff68-b158-46fb-b5b2-ffc80273892a" "txa5cbb6fd209b46a982bb0-006a29635d" "proxy-server 20" 0.0171 "-" 22 0
Jun 10 13:15:09 standalone proxy-server[130032]: 172.18.0.2 172.18.0.100 10/Jun/2026/13/15/09 PUT /v1/AUTH_b0651100e7594062b00f3d325faec881/gnocchi.c666ff68-b158-46fb-b5b2-ffc80273892a HTTP/1.0 201 - python-swiftclient-3.11.1 gAAAAABqKWKqlyGc... - - - txa5cbb6fd209b46a982bb0-006a29635d - 0.0208 - - 1781097309.750698566 1781097309.771453142 0
Jun 10 13:15:09 standalone container-server[127949]: 172.20.0.100 - - [10/Jun/2026:13:15:09 +0000] "HEAD /d1/827/AUTH_b0651100e7594062b00f3d325faec881/gnocchi.c666ff68-b158-46fb-b5b2-ffc80273892a" 204 - "HEAD http://172.18.0.2:8080/v1/AUTH_b0651100e7594062b00f3d325faec881/gnocchi.c666ff68-b158-46fb-b5b2-ffc80273892a?format=json&states=listing" "tx6c88844e6f15413ea21ef-006a29635d" "proxy-server 20" 0.0012 "-" 22 0
Jun 10 13:15:09 standalone proxy-server[130032]: - - 10/Jun/2026/13/15/09 HEAD /v1/AUTH_b0651100e7594062b00f3d325faec881/gnocchi.c666ff68-b158-46fb-b5b2-ffc80273892a%3Fformat%3Djson%26states%3Dlisting HTTP/1.0 204 - Swift - - - - tx6c88844e6f15413ea21ef-006a29635d - 0.0039 RL - 1781097309.775267601 1781097309.779119730 0
Jun 10 13:15:09 standalone container-server[127946]: 172.20.0.100 - - [10/Jun/2026:13:15:09 +0000] "GET /d1/827/AUTH_b0651100e7594062b00f3d325faec881/gnocchi.c666ff68-b158-46fb-b5b2-ffc80273892a" 200 2 "GET http://172.18.0.2:8080/v1/AUTH_b0651100e7594062b00f3d325faec881/gnocchi.c666ff68-b158-46fb-b5b2-ffc80273892a?format=json&states=listing" "tx6c88844e6f15413ea21ef-006a29635d" "proxy-server 20" 0.0022 "-" 20 0
Jun 10 13:15:09 standalone proxy-server[130032]: 172.18.0.2 172.18.0.100 10/Jun/2026/13/15/09 GET /v1/AUTH_b0651100e7594062b00f3d325faec881/gnocchi.c666ff68-b158-46fb-b5b2-ffc80273892a%3Fformat%3Djson%26states%3Dlisting HTTP/1.0 200 - python-swiftclient-3.11.1 gAAAAABqKWKqlyGc... - 2 - tx6c88844e6f15413ea21ef-006a29635d - 0.0123 - - 1781097309.774343252 1781097309.786669970 0
Jun 10 13:15:09 standalone object-server[128107]: 172.20.0.100 - - [10/Jun/2026:13:15:09 +0000] "GET /d1/274/AUTH_b0651100e7594062b00f3d325faec881/gnocchi.c666ff68-b158-46fb-b5b2-ffc80273892a/1780920000.0_mean_300.0_v3" 404 70 "GET http://172.18.0.2:8080/v1/AUTH_b0651100e7594062b00f3d325faec881/gnocchi.c666ff68-b158-46fb-b5b2-ffc80273892a/1780920000.0_mean_300.0_v3" "txcaef7aebc8184a0e9cda5-006a29635d" "proxy-server 20" 0.0004 "-" 21 0
Jun 10 13:15:09 standalone proxy-server[130032]: 172.18.0.2 172.18.0.100 10/Jun/2026/13/15/09 GET /v1/AUTH_b0651100e7594062b00f3d325faec881/gnocchi.c666ff68-b158-46fb-b5b2-ffc80273892a/1780920000.0_mean_300.0_v3 HTTP/1.0 404 - python-swiftclient-3.11.1 gAAAAABqKWKqlyGc... - 70 - txcaef7aebc8184a0e9cda5-006a29635d - 0.0049 - - 1781097309.789545059 1781097309.794478178 0
Jun 10 13:15:09 standalone container-server[127949]: 172.20.0.100 - - [10/Jun/2026:13:15:09 +0000] "PUT /d1/827/AUTH_b0651100e7594062b00f3d325faec881/gnocchi.c666ff68-b158-46fb-b5b2-ffc80273892a/1780920000.0_mean_300.0_v3" 201 - "PUT http://172.18.0.2:8080/d1/274/AUTH_b0651100e7594062b00f3d325faec881/gnocchi.c666ff68-b158-46fb-b5b2-ffc80273892a/1780920000.0_mean_300.0_v3" "txad2df63908df4bd8972d6-006a29635d" "object-server 21" 0.0004 "-" 22 0
Jun 10 13:15:09 standalone object-server[128107]: 172.20.0.100 - - [10/Jun/2026:13:15:09 +0000] "PUT /d1/274/AUTH_b0651100e7594062b00f3d325faec881/gnocchi.c666ff68-b158-46fb-b5b2-ffc80273892a/1780920000.0_mean_300.0_v3" 201 - "PUT http://172.18.0.2:8080/v1/AUTH_b0651100e7594062b00f3d325faec881/gnocchi.c666ff68-b158-46fb-b5b2-ffc80273892a/1780920000.0_mean_300.0_v3" "txad2df63908df4bd8972d6-006a29635d" "proxy-server 20" 0.0089 "-" 21 0
Jun 10 13:15:09 standalone proxy-server[130032]: 172.18.0.2 172.18.0.100 10/Jun/2026/13/15/09 PUT /v1/AUTH_b0651100e7594062b00f3d325faec881/gnocchi.c666ff68-b158-46fb-b5b2-ffc80273892a/1780920000.0_mean_300.0_v3 HTTP/1.0 201 - python-swiftclient-3.11.1 gAAAAABqKWKqlyGc... 16 - - txad2df63908df4bd8972d6-006a29635d - 0.0144 - - 1781097309.797086239 1781097309.811529875 0
Jun 10 13:15:09 standalone container-server[127948]: 172.20.0.100 - - [10/Jun/2026:13:15:09 +0000] "PUT /d1/827/AUTH_b0651100e7594062b00f3d325faec881/gnocchi.c666ff68-b158-46fb-b5b2-ffc80273892a/none_v3" 201 - "PUT http://172.18.0.2:8080/d1/309/AUTH_b0651100e7594062b00f3d325faec881/gnocchi.c666ff68-b158-46fb-b5b2-ffc80273892a/none_v3" "tx8192763ca7e24be485a9a-006a29635d" "object-server 24" 0.0005 "-" 21 0
Jun 10 13:15:09 standalone object-server[128136]: 172.20.0.100 - - [10/Jun/2026:13:15:09 +0000] "PUT /d1/309/AUTH_b0651100e7594062b00f3d325faec881/gnocchi.c666ff68-b158-46fb-b5b2-ffc80273892a/none_v3" 201 - "PUT http://172.18.0.2:8080/v1/AUTH_b0651100e7594062b00f3d325faec881/gnocchi.c666ff68-b158-46fb-b5b2-ffc80273892a/none_v3" "tx8192763ca7e24be485a9a-006a29635d" "proxy-server 20" 0.0143 "-" 24 0
Jun 10 13:15:09 standalone proxy-server[130032]: 172.18.0.2 172.18.0.100 10/Jun/2026/13/15/09 PUT /v1/AUTH_b0651100e7594062b00f3d325faec881/gnocchi.c666ff68-b158-46fb-b5b2-ffc80273892a/none_v3 HTTP/1.0 201 - python-swiftclient-3.11.1 gAAAAABqKWKqlyGc... 22 - - tx8192763ca7e24be485a9a-006a29635d - 0.0202 - - 1781097309.814135551 1781097309.834286690 0
Jun 10 13:15:09 standalone container-server[127954]: 172.20.0.100 - - [10/Jun/2026:13:15:09 +0000] "HEAD /d1/621/AUTH_b0651100e7594062b00f3d325faec881/gnocchi.69b2c90e-aa5f-4a41-8d3a-4878f5c0a758" 404 - "HEAD http://172.18.0.2:8080/v1/AUTH_b0651100e7594062b00f3d325faec881/gnocchi.69b2c90e-aa5f-4a41-8d3a-4878f5c0a758?format=json&states=listing" "tx115c68c0f22f40c19a10b-006a29635d" "proxy-server 20" 0.0005 "-" 23 0
Jun 10 13:15:09 standalone object-server[128107]: 172.20.0.100 - - [10/Jun/2026:13:15:09 +0000] "GET /d1/187/AUTH_b0651100e7594062b00f3d325faec881/gnocchi.69b2c90e-aa5f-4a41-8d3a-4878f5c0a758/none_v3" 404 70 "GET http://172.18.0.2:8080/v1/AUTH_b0651100e7594062b00f3d325faec881/gnocchi.69b2c90e-aa5f-4a41-8d3a-4878f5c0a758/none_v3" "tx115c68c0f22f40c19a10b-006a29635d" "proxy-server 20" 0.0003 "-" 21 0
Jun 10 13:15:09 standalone proxy-server[130032]: 172.18.0.2 172.18.0.100 10/Jun/2026/13/15/09 GET /v1/AUTH_b0651100e7594062b00f3d325faec881/gnocchi.69b2c90e-aa5f-4a41-8d3a-4878f5c0a758/none_v3 HTTP/1.0 404 - python-swiftclient-3.11.1 gAAAAABqKWKqlyGc... - 70 - tx115c68c0f22f40c19a10b-006a29635d - 0.0095 - - 1781097309.843307734 1781097309.852808714 0
Jun 10 13:15:09 standalone account-server[127745]: 172.20.0.100 - - [10/Jun/2026:13:15:09 +0000] "PUT /d1/665/AUTH_b0651100e7594062b00f3d325faec881/gnocchi.69b2c90e-aa5f-4a41-8d3a-4878f5c0a758" 201 - "PUT http://172.20.0.100:6001/d1/621/AUTH_b0651100e7594062b00f3d325faec881/gnocchi.69b2c90e-aa5f-4a41-8d3a-4878f5c0a758" "tx027446191fd544f694740-006a29635d" "container-server 21" 0.0048 "-" 21 0
Jun 10 13:15:09 standalone container-server[127948]: 172.20.0.100 - - [10/Jun/2026:13:15:09 +0000] "PUT /d1/621/AUTH_b0651100e7594062b00f3d325faec881/gnocchi.69b2c90e-aa5f-4a41-8d3a-4878f5c0a758" 201 - "PUT http://172.18.0.2:8080/v1/AUTH_b0651100e7594062b00f3d325faec881/gnocchi.69b2c90e-aa5f-4a41-8d3a-4878f5c0a758" "tx027446191fd544f694740-006a29635d" "proxy-server 20" 0.0136 "-" 21 0
Jun 10 13:15:09 standalone proxy-server[130032]: 172.18.0.2 172.18.0.100 10/Jun/2026/13/15/09 PUT /v1/AUTH_b0651100e7594062b00f3d325faec881/gnocchi.69b2c90e-aa5f-4a41-8d3a-4878f5c0a758 HTTP/1.0 201 - python-swiftclient-3.11.1 gAAAAABqKWKqlyGc... - - - tx027446191fd544f694740-006a29635d - 0.0187 - - 1781097309.856133938 1781097309.874817133 0
Jun 10 13:15:09 standalone container-server[127954]: 172.20.0.100 - - [10/Jun/2026:13:15:09 +0000] "HEAD /d1/621/AUTH_b0651100e7594062b00f3d325faec881/gnocchi.69b2c90e-aa5f-4a41-8d3a-4878f5c0a758" 204 - "HEAD http://172.18.0.2:8080/v1/AUTH_b0651100e7594062b00f3d325faec881/gnocchi.69b2c90e-aa5f-4a41-8d3a-4878f5c0a758?format=json&states=listing" "tx912f7f736f424094826a4-006a29635d" "proxy-server 20" 0.0025 "-" 23 0
Jun 10 13:15:09 standalone proxy-server[130032]: - - 10/Jun/2026/13/15/09 HEAD /v1/AUTH_b0651100e7594062b00f3d325faec881/gnocchi.69b2c90e-aa5f-4a41-8d3a-4878f5c0a758%3Fformat%3Djson%26states%3Dlisting HTTP/1.0 204 - Swift - - - - tx912f7f736f424094826a4-006a29635d - 0.0060 RL - 1781097309.879523516 1781097309.885523796 0
Jun 10 13:15:09 standalone container-server[127948]: 172.20.0.100 - - [10/Jun/2026:13:15:09 +0000] "GET /d1/621/AUTH_b0651100e7594062b00f3d325faec881/gnocchi.69b2c90e-aa5f-4a41-8d3a-4878f5c0a758" 200 2 "GET http://172.18.0.2:8080/v1/AUTH_b0651100e7594062b00f3d325faec881/gnocchi.69b2c90e-aa5f-4a41-8d3a-4878f5c0a758?format=json&states=listing" "tx912f7f736f424094826a4-006a29635d" "proxy-server 20" 0.0020 "-" 21 0
Jun 10 13:15:09 standalone proxy-server[130032]: 172.18.0.2 172.18.0.100 10/Jun/2026/13/15/09 GET /v1/AUTH_b0651100e7594062b00f3d325faec881/gnocchi.69b2c90e-aa5f-4a41-8d3a-4878f5c0a758%3Fformat%3Djson%26states%3Dlisting HTTP/1.0 200 - python-swiftclient-3.11.1 gAAAAABqKWKqlyGc... - 2 - tx912f7f736f424094826a4-006a29635d - 0.0142 - - 1781097309.878574133 1781097309.892725706 0
Jun 10 13:15:09 standalone object-server[128115]: 172.20.0.100 - - [10/Jun/2026:13:15:09 +0000] "GET /d1/457/AUTH_b0651100e7594062b00f3d325faec881/gnocchi.69b2c90e-aa5f-4a41-8d3a-4878f5c0a758/1780920000.0_mean_300.0_v3" 404 70 "GET http://172.18.0.2:8080/v1/AUTH_b0651100e7594062b00f3d325faec881/gnocchi.69b2c90e-aa5f-4a41-8d3a-4878f5c0a758/1780920000.0_mean_300.0_v3" "txdb972b1f33be43d9ae8b1-006a29635d" "proxy-server 20" 0.0003 "-" 22 0
Jun 10 13:15:09 standalone proxy-server[130032]: 172.18.0.2 172.18.0.100 10/Jun/2026/13/15/09 GET /v1/AUTH_b0651100e7594062b00f3d325faec881/gnocchi.69b2c90e-aa5f-4a41-8d3a-4878f5c0a758/1780920000.0_mean_300.0_v3 HTTP/1.0 404 - python-swiftclient-3.11.1 gAAAAABqKWKqlyGc... - 70 - txdb972b1f33be43d9ae8b1-006a29635d - 0.0047 - - 1781097309.896114826 1781097309.900824070 0
Jun 10 13:15:09 standalone container-server[127948]: 172.20.0.100 - - [10/Jun/2026:13:15:09 +0000] "PUT /d1/621/AUTH_b0651100e7594062b00f3d325faec881/gnocchi.69b2c90e-aa5f-4a41-8d3a-4878f5c0a758/1780920000.0_mean_300.0_v3" 201 - "PUT http://172.18.0.2:8080/d1/457/AUTH_b0651100e7594062b00f3d325faec881/gnocchi.69b2c90e-aa5f-4a41-8d3a-4878f5c0a758/1780920000.0_mean_300.0_v3" "tx7b2172965e0d48dd97640-006a29635d" "object-server 22" 0.0006 "-" 21 0
Jun 10 13:15:09 standalone object-server[128115]: 172.20.0.100 - - [10/Jun/2026:13:15:09 +0000] "PUT /d1/457/AUTH_b0651100e7594062b00f3d325faec881/gnocchi.69b2c90e-aa5f-4a41-8d3a-4878f5c0a758/1780920000.0_mean_300.0_v3" 201 - "PUT http://172.18.0.2:8080/v1/AUTH_b0651100e7594062b00f3d325faec881/gnocchi.69b2c90e-aa5f-4a41-8d3a-4878f5c0a758/1780920000.0_mean_300.0_v3" "tx7b2172965e0d48dd97640-006a29635d" "proxy-server 20" 0.0121 "-" 22 0
Jun 10 13:15:09 standalone proxy-server[130032]: 172.18.0.2 172.18.0.100 10/Jun/2026/13/15/09 PUT /v1/AUTH_b0651100e7594062b00f3d325faec881/gnocchi.69b2c90e-aa5f-4a41-8d3a-4878f5c0a758/1780920000.0_mean_300.0_v3 HTTP/1.0 201 - python-swiftclient-3.11.1 gAAAAABqKWKqlyGc... 16 - - tx7b2172965e0d48dd97640-006a29635d - 0.0208 - - 1781097309.903261423 1781097309.924077749 0
Jun 10 13:15:09 standalone container-server[127948]: 172.20.0.100 - - [10/Jun/2026:13:15:09 +0000] "PUT /d1/621/AUTH_b0651100e7594062b00f3d325faec881/gnocchi.69b2c90e-aa5f-4a41-8d3a-4878f5c0a758/none_v3" 201 - "PUT http://172.18.0.2:8080/d1/187/AUTH_b0651100e7594062b00f3d325faec881/gnocchi.69b2c90e-aa5f-4a41-8d3a-4878f5c0a758/none_v3" "tx63c119289b5f45b8a56e9-006a29635d" "object-server 21" 0.0006 "-" 21 0
Jun 10 13:15:09 standalone object-server[128107]: 172.20.0.100 - - [10/Jun/2026:13:15:09 +0000] "PUT /d1/187/AUTH_b0651100e7594062b00f3d325faec881/gnocchi.69b2c90e-aa5f-4a41-8d3a-4878f5c0a758/none_v3" 201 - "PUT http://172.18.0.2:8080/v1/AUTH_b0651100e7594062b00f3d325faec881/gnocchi.69b2c90e-aa5f-4a41-8d3a-4878f5c0a758/none_v3" "tx63c119289b5f45b8a56e9-006a29635d" "proxy-server 20" 0.0108 "-" 21 0
Jun 10 13:15:09 standalone proxy-server[130032]: 172.18.0.2 172.18.0.100 10/Jun/2026/13/15/09 PUT /v1/AUTH_b0651100e7594062b00f3d325faec881/gnocchi.69b2c90e-aa5f-4a41-8d3a-4878f5c0a758/none_v3 HTTP/1.0 201 - python-swiftclient-3.11.1 gAAAAABqKWKqlyGc... 22 - - tx63c119289b5f45b8a56e9-006a29635d - 0.0167 - - 1781097309.926951647 1781097309.943693638 0
Jun 10 13:15:09 standalone container-server[127948]: 172.20.0.100 - - [10/Jun/2026:13:15:09 +0000] "HEAD /d1/669/AUTH_b0651100e7594062b00f3d325faec881/gnocchi.c71866b7-f816-4941-86c9-a1584d89d28d" 404 - "HEAD http://172.18.0.2:8080/v1/AUTH_b0651100e7594062b00f3d325faec881/gnocchi.c71866b7-f816-4941-86c9-a1584d89d28d?format=json&states=listing" "txfbdb03bfb2404aa6b8150-006a29635d" "proxy-server 20" 0.0004 "-" 21 0
Jun 10 13:15:09 standalone object-server[128115]: 172.20.0.100 - - [10/Jun/2026:13:15:09 +0000] "GET /d1/838/AUTH_b0651100e7594062b00f3d325faec881/gnocchi.c71866b7-f816-4941-86c9-a1584d89d28d/none_v3" 404 70 "GET http://172.18.0.2:8080/v1/AUTH_b0651100e7594062b00f3d325faec881/gnocchi.c71866b7-f816-4941-86c9-a1584d89d28d/none_v3" "txfbdb03bfb2404aa6b8150-006a29635d" "proxy-server 20" 0.0003 "-" 22 0
Jun 10 13:15:09 standalone proxy-server[130032]: 172.18.0.2 172.18.0.100 10/Jun/2026/13/15/09 GET /v1/AUTH_b0651100e7594062b00f3d325faec881/gnocchi.c71866b7-f816-4941-86c9-a1584d89d28d/none_v3 HTTP/1.0 404 - python-swiftclient-3.11.1 gAAAAABqKWKqlyGc... - 70 - txfbdb03bfb2404aa6b8150-006a29635d - 0.0081 - - 1781097309.953248739 1781097309.961303711 0
Jun 10 13:15:09 standalone account-server[127772]: 172.20.0.100 - - [10/Jun/2026:13:15:09 +0000] "PUT /d1/665/AUTH_b0651100e7594062b00f3d325faec881/gnocchi.c71866b7-f816-4941-86c9-a1584d89d28d" 201 - "PUT http://172.20.0.100:6001/d1/669/AUTH_b0651100e7594062b00f3d325faec881/gnocchi.c71866b7-f816-4941-86c9-a1584d89d28d" "tx8f3dd874338f42cdbda1a-006a29635d" "container-server 21" 0.0064 "-" 23 0
Jun 10 13:15:09 standalone container-server[127948]: 172.20.0.100 - - [10/Jun/2026:13:15:09 +0000] "PUT /d1/669/AUTH_b0651100e7594062b00f3d325faec881/gnocchi.c71866b7-f816-4941-86c9-a1584d89d28d" 201 - "PUT http://172.18.0.2:8080/v1/AUTH_b0651100e7594062b00f3d325faec881/gnocchi.c71866b7-f816-4941-86c9-a1584d89d28d" "tx8f3dd874338f42cdbda1a-006a29635d" "proxy-server 20" 0.0177 "-" 21 0
Jun 10 13:15:09 standalone proxy-server[130032]: 172.18.0.2 172.18.0.100 10/Jun/2026/13/15/09 PUT /v1/AUTH_b0651100e7594062b00f3d325faec881/gnocchi.c71866b7-f816-4941-86c9-a1584d89d28d HTTP/1.0 201 - python-swiftclient-3.11.1 gAAAAABqKWKqlyGc... - - - tx8f3dd874338f42cdbda1a-006a29635d - 0.0217 - - 1781097309.963824749 1781097309.985526323 0
Jun 10 13:15:09 standalone container-server[127946]: 172.20.0.100 - - [10/Jun/2026:13:15:09 +0000] "HEAD /d1/669/AUTH_b0651100e7594062b00f3d325faec881/gnocchi.c71866b7-f816-4941-86c9-a1584d89d28d" 204 - "HEAD http://172.18.0.2:8080/v1/AUTH_b0651100e7594062b00f3d325faec881/gnocchi.c71866b7-f816-4941-86c9-a1584d89d28d?format=json&states=listing" "tx5f70f332c127457684d29-006a29635d" "proxy-server 20" 0.0011 "-" 20 0
Jun 10 13:15:09 standalone proxy-server[130032]: - - 10/Jun/2026/13/15/09 HEAD /v1/AUTH_b0651100e7594062b00f3d325faec881/gnocchi.c71866b7-f816-4941-86c9-a1584d89d28d%3Fformat%3Djson%26states%3Dlisting HTTP/1.0 204 - Swift - - - - tx5f70f332c127457684d29-006a29635d - 0.0038 RL - 1781097309.989514351 1781097309.993286371 0
Jun 10 13:15:10 standalone container-server[127954]: 172.20.0.100 - - [10/Jun/2026:13:15:10 +0000] "GET /d1/669/AUTH_b0651100e7594062b00f3d325faec881/gnocchi.c71866b7-f816-4941-86c9-a1584d89d28d" 200 2 "GET http://172.18.0.2:8080/v1/AUTH_b0651100e7594062b00f3d325faec881/gnocchi.c71866b7-f816-4941-86c9-a1584d89d28d?format=json&states=listing" "tx5f70f332c127457684d29-006a29635d" "proxy-server 20" 0.0037 "-" 23 0
Jun 10 13:15:10 standalone proxy-server[130032]: 172.18.0.2 172.18.0.100 10/Jun/2026/13/15/10 GET /v1/AUTH_b0651100e7594062b00f3d325faec881/gnocchi.c71866b7-f816-4941-86c9-a1584d89d28d%3Fformat%3Djson%26states%3Dlisting HTTP/1.0 200 - python-swiftclient-3.11.1 gAAAAABqKWKqlyGc... - 2 - tx5f70f332c127457684d29-006a29635d - 0.0151 - - 1781097309.988671064 1781097310.003724337 0
Jun 10 13:15:10 standalone object-server[128122]: 172.20.0.100 - - [10/Jun/2026:13:15:10 +0000] "GET /d1/574/AUTH_b0651100e7594062b00f3d325faec881/gnocchi.c71866b7-f816-4941-86c9-a1584d89d28d/1780920000.0_mean_300.0_v3" 404 70 "GET http://172.18.0.2:8080/v1/AUTH_b0651100e7594062b00f3d325faec881/gnocchi.c71866b7-f816-4941-86c9-a1584d89d28d/1780920000.0_mean_300.0_v3" "txba49e915deee4d7181d82-006a29635e" "proxy-server 20" 0.0003 "-" 23 0
Jun 10 13:15:10 standalone proxy-server[130032]: 172.18.0.2 172.18.0.100 10/Jun/2026/13/15/10 GET /v1/AUTH_b0651100e7594062b00f3d325faec881/gnocchi.c71866b7-f816-4941-86c9-a1584d89d28d/1780920000.0_mean_300.0_v3 HTTP/1.0 404 - python-swiftclient-3.11.1 gAAAAABqKWKqlyGc... - 70 - txba49e915deee4d7181d82-006a29635e - 0.0096 - - 1781097310.007146358 1781097310.016735315 0
Jun 10 13:15:10 standalone container-server[127949]: 172.20.0.100 - - [10/Jun/2026:13:15:10 +0000] "PUT /d1/669/AUTH_b0651100e7594062b00f3d325faec881/gnocchi.c71866b7-f816-4941-86c9-a1584d89d28d/1780920000.0_mean_300.0_v3" 201 - "PUT http://172.18.0.2:8080/d1/574/AUTH_b0651100e7594062b00f3d325faec881/gnocchi.c71866b7-f816-4941-86c9-a1584d89d28d/1780920000.0_mean_300.0_v3" "txafa1bfac220b4a4d80682-006a29635e" "object-server 23" 0.0005 "-" 22 0
Jun 10 13:15:10 standalone object-server[128122]: 172.20.0.100 - - [10/Jun/2026:13:15:10 +0000] "PUT /d1/574/AUTH_b0651100e7594062b00f3d325faec881/gnocchi.c71866b7-f816-4941-86c9-a1584d89d28d/1780920000.0_mean_300.0_v3" 201 - "PUT http://172.18.0.2:8080/v1/AUTH_b0651100e7594062b00f3d325faec881/gnocchi.c71866b7-f816-4941-86c9-a1584d89d28d/1780920000.0_mean_300.0_v3" "txafa1bfac220b4a4d80682-006a29635e" "proxy-server 20" 0.0091 "-" 23 0
Jun 10 13:15:10 standalone proxy-server[130032]: 172.18.0.2 172.18.0.100 10/Jun/2026/13/15/10 PUT /v1/AUTH_b0651100e7594062b00f3d325faec881/gnocchi.c71866b7-f816-4941-86c9-a1584d89d28d/1780920000.0_mean_300.0_v3 HTTP/1.0 201 - python-swiftclient-3.11.1 gAAAAABqKWKqlyGc... 16 - - txafa1bfac220b4a4d80682-006a29635e - 0.0195 - - 1781097310.020615578 1781097310.040118933 0
Jun 10 13:15:10 standalone container-server[127948]: 172.20.0.100 - - [10/Jun/2026:13:15:10 +0000] "PUT /d1/669/AUTH_b0651100e7594062b00f3d325faec881/gnocchi.c71866b7-f816-4941-86c9-a1584d89d28d/none_v3" 201 - "PUT http://172.18.0.2:8080/d1/838/AUTH_b0651100e7594062b00f3d325faec881/gnocchi.c71866b7-f816-4941-86c9-a1584d89d28d/none_v3" "txa9ae84d84fb541538e1e8-006a29635e" "object-server 22" 0.0006 "-" 21 0
Jun 10 13:15:10 standalone object-server[128115]: 172.20.0.100 - - [10/Jun/2026:13:15:10 +0000] "PUT /d1/838/AUTH_b0651100e7594062b00f3d325faec881/gnocchi.c71866b7-f816-4941-86c9-a1584d89d28d/none_v3" 201 - "PUT http://172.18.0.2:8080/v1/AUTH_b0651100e7594062b00f3d325faec881/gnocchi.c71866b7-f816-4941-86c9-a1584d89d28d/none_v3" "txa9ae84d84fb541538e1e8-006a29635e" "proxy-server 20" 0.0086 "-" 22 0
Jun 10 13:15:10 standalone proxy-server[130032]: 172.18.0.2 172.18.0.100 10/Jun/2026/13/15/10 PUT /v1/AUTH_b0651100e7594062b00f3d325faec881/gnocchi.c71866b7-f816-4941-86c9-a1584d89d28d/none_v3 HTTP/1.0 201 - python-swiftclient-3.11.1 gAAAAABqKWKqlyGc... 22 - - txa9ae84d84fb541538e1e8-006a29635e - 0.0143 - - 1781097310.051877022 1781097310.066207647 0
Jun 10 13:15:10 standalone container-server[127946]: 172.20.0.100 - - [10/Jun/2026:13:15:10 +0000] "HEAD /d1/861/AUTH_b0651100e7594062b00f3d325faec881/gnocchi.4ed9752f-c9d3-4cda-9383-55bc2abdbba1" 404 - "HEAD http://172.18.0.2:8080/v1/AUTH_b0651100e7594062b00f3d325faec881/gnocchi.4ed9752f-c9d3-4cda-9383-55bc2abdbba1?format=json&states=listing" "txfa69b73bc89c4a7895d3f-006a29635e" "proxy-server 20" 0.0003 "-" 20 0
Jun 10 13:15:10 standalone object-server[128115]: 172.20.0.100 - - [10/Jun/2026:13:15:10 +0000] "GET /d1/993/AUTH_b0651100e7594062b00f3d325faec881/gnocchi.4ed9752f-c9d3-4cda-9383-55bc2abdbba1/none_v3" 404 70 "GET http://172.18.0.2:8080/v1/AUTH_b0651100e7594062b00f3d325faec881/gnocchi.4ed9752f-c9d3-4cda-9383-55bc2abdbba1/none_v3" "txfa69b73bc89c4a7895d3f-006a29635e" "proxy-server 20" 0.0002 "-" 22 0
Jun 10 13:15:10 standalone proxy-server[130032]: 172.18.0.2 172.18.0.100 10/Jun/2026/13/15/10 GET /v1/AUTH_b0651100e7594062b00f3d325faec881/gnocchi.4ed9752f-c9d3-4cda-9383-55bc2abdbba1/none_v3 HTTP/1.0 404 - python-swiftclient-3.11.1 gAAAAABqKWKqlyGc... - 70 - txfa69b73bc89c4a7895d3f-006a29635e - 0.0108 - - 1781097310.082601070 1781097310.093365669 0
Jun 10 13:15:10 standalone account-server[127745]: 172.20.0.100 - - [10/Jun/2026:13:15:10 +0000] "PUT /d1/665/AUTH_b0651100e7594062b00f3d325faec881/gnocchi.4ed9752f-c9d3-4cda-9383-55bc2abdbba1" 201 - "PUT http://172.20.0.100:6001/d1/861/AUTH_b0651100e7594062b00f3d325faec881/gnocchi.4ed9752f-c9d3-4cda-9383-55bc2abdbba1" "txff65a79f889b4d8bbf5e6-006a29635e" "container-server 23" 0.0054 "-" 21 0
Jun 10 13:15:10 standalone container-server[127954]: 172.20.0.100 - - [10/Jun/2026:13:15:10 +0000] "PUT /d1/861/AUTH_b0651100e7594062b00f3d325faec881/gnocchi.4ed9752f-c9d3-4cda-9383-55bc2abdbba1" 201 - "PUT http://172.18.0.2:8080/v1/AUTH_b0651100e7594062b00f3d325faec881/gnocchi.4ed9752f-c9d3-4cda-9383-55bc2abdbba1" "txff65a79f889b4d8bbf5e6-006a29635e" "proxy-server 20" 0.0209 "-" 23 0
Jun 10 13:15:10 standalone proxy-server[130032]: 172.18.0.2 172.18.0.100 10/Jun/2026/13/15/10 PUT /v1/AUTH_b0651100e7594062b00f3d325faec881/gnocchi.4ed9752f-c9d3-4cda-9383-55bc2abdbba1 HTTP/1.0 201 - python-swiftclient-3.11.1 gAAAAABqKWKqlyGc... - - - txff65a79f889b4d8bbf5e6-006a29635e - 0.0282 - - 1781097310.095690489 1781097310.123903751 0
Jun 10 13:15:10 standalone container-server[127948]: 172.20.0.100 - - [10/Jun/2026:13:15:10 +0000] "HEAD /d1/861/AUTH_b0651100e7594062b00f3d325faec881/gnocchi.4ed9752f-c9d3-4cda-9383-55bc2abdbba1" 204 - "HEAD http://172.18.0.2:8080/v1/AUTH_b0651100e7594062b00f3d325faec881/gnocchi.4ed9752f-c9d3-4cda-9383-55bc2abdbba1?format=json&states=listing" "tx1f4b7fae201949799be7f-006a29635e" "proxy-server 20" 0.0015 "-" 21 0
Jun 10 13:15:10 standalone proxy-server[130032]: - - 10/Jun/2026/13/15/10 HEAD /v1/AUTH_b0651100e7594062b00f3d325faec881/gnocchi.4ed9752f-c9d3-4cda-9383-55bc2abdbba1%3Fformat%3Djson%26states%3Dlisting HTTP/1.0 204 - Swift - - - - tx1f4b7fae201949799be7f-006a29635e - 0.0066 RL - 1781097310.129393339 1781097310.135958672 0
Jun 10 13:15:10 standalone container-server[127954]: 172.20.0.100 - - [10/Jun/2026:13:15:10 +0000] "GET /d1/861/AUTH_b0651100e7594062b00f3d325faec881/gnocchi.4ed9752f-c9d3-4cda-9383-55bc2abdbba1" 200 2 "GET http://172.18.0.2:8080/v1/AUTH_b0651100e7594062b00f3d325faec881/gnocchi.4ed9752f-c9d3-4cda-9383-55bc2abdbba1?format=json&states=listing" "tx1f4b7fae201949799be7f-006a29635e" "proxy-server 20" 0.0057 "-" 23 0
Jun 10 13:15:10 standalone proxy-server[130032]: 172.18.0.2 172.18.0.100 10/Jun/2026/13/15/10 GET /v1/AUTH_b0651100e7594062b00f3d325faec881/gnocchi.4ed9752f-c9d3-4cda-9383-55bc2abdbba1%3Fformat%3Djson%26states%3Dlisting HTTP/1.0 200 - python-swiftclient-3.11.1 gAAAAABqKWKqlyGc... - 2 - tx1f4b7fae201949799be7f-006a29635e - 0.0219 - - 1781097310.127531052 1781097310.149426937 0
Jun 10 13:15:10 standalone object-server[128107]: 172.20.0.100 - - [10/Jun/2026:13:15:10 +0000] "GET /d1/645/AUTH_b0651100e7594062b00f3d325faec881/gnocchi.4ed9752f-c9d3-4cda-9383-55bc2abdbba1/1780920000.0_mean_300.0_v3" 404 70 "GET http://172.18.0.2:8080/v1/AUTH_b0651100e7594062b00f3d325faec881/gnocchi.4ed9752f-c9d3-4cda-9383-55bc2abdbba1/1780920000.0_mean_300.0_v3" "txdace594c2d654633881df-006a29635e" "proxy-server 20" 0.0005 "-" 21 0
Jun 10 13:15:10 standalone proxy-server[130032]: 172.18.0.2 172.18.0.100 10/Jun/2026/13/15/10 GET /v1/AUTH_b0651100e7594062b00f3d325faec881/gnocchi.4ed9752f-c9d3-4cda-9383-55bc2abdbba1/1780920000.0_mean_300.0_v3 HTTP/1.0 404 - python-swiftclient-3.11.1 gAAAAABqKWKqlyGc... - 70 - txdace594c2d654633881df-006a29635e - 0.0108 - - 1781097310.152440310 1781097310.163205624 0
Jun 10 13:15:10 standalone container-server[127946]: 172.20.0.100 - - [10/Jun/2026:13:15:10 +0000] "PUT /d1/861/AUTH_b0651100e7594062b00f3d325faec881/gnocchi.4ed9752f-c9d3-4cda-9383-55bc2abdbba1/1780920000.0_mean_300.0_v3" 201 - "PUT http://172.18.0.2:8080/d1/645/AUTH_b0651100e7594062b00f3d325faec881/gnocchi.4ed9752f-c9d3-4cda-9383-55bc2abdbba1/1780920000.0_mean_300.0_v3" "tx12d87afcb618439585c22-006a29635e" "object-server 24" 0.0006 "-" 20 0
Jun 10 13:15:10 standalone object-server[128136]: 172.20.0.100 - - [10/Jun/2026:13:15:10 +0000] "PUT /d1/645/AUTH_b0651100e7594062b00f3d325faec881/gnocchi.4ed9752f-c9d3-4cda-9383-55bc2abdbba1/1780920000.0_mean_300.0_v3" 201 - "PUT http://172.18.0.2:8080/v1/AUTH_b0651100e7594062b00f3d325faec881/gnocchi.4ed9752f-c9d3-4cda-9383-55bc2abdbba1/1780920000.0_mean_300.0_v3" "tx12d87afcb618439585c22-006a29635e" "proxy-server 20" 0.0149 "-" 24 0
Jun 10 13:15:10 standalone proxy-server[130032]: 172.18.0.2 172.18.0.100 10/Jun/2026/13/15/10 PUT /v1/AUTH_b0651100e7594062b00f3d325faec881/gnocchi.4ed9752f-c9d3-4cda-9383-55bc2abdbba1/1780920000.0_mean_300.0_v3 HTTP/1.0 201 - python-swiftclient-3.11.1 gAAAAABqKWKqlyGc... 16 - - tx12d87afcb618439585c22-006a29635e - 0.0250 - - 1781097310.166148186 1781097310.191107512 0
Jun 10 13:15:10 standalone container-server[127948]: 172.20.0.100 - - [10/Jun/2026:13:15:10 +0000] "PUT /d1/861/AUTH_b0651100e7594062b00f3d325faec881/gnocchi.4ed9752f-c9d3-4cda-9383-55bc2abdbba1/none_v3" 201 - "PUT http://172.18.0.2:8080/d1/993/AUTH_b0651100e7594062b00f3d325faec881/gnocchi.4ed9752f-c9d3-4cda-9383-55bc2abdbba1/none_v3" "tx08e9cd04d05f4813aca7a-006a29635e" "object-server 24" 0.0004 "-" 21 0
Jun 10 13:15:10 standalone object-server[128136]: 172.20.0.100 - - [10/Jun/2026:13:15:10 +0000] "PUT /d1/993/AUTH_b0651100e7594062b00f3d325faec881/gnocchi.4ed9752f-c9d3-4cda-9383-55bc2abdbba1/none_v3" 201 - "PUT http://172.18.0.2:8080/v1/AUTH_b0651100e7594062b00f3d325faec881/gnocchi.4ed9752f-c9d3-4cda-9383-55bc2abdbba1/none_v3" "tx08e9cd04d05f4813aca7a-006a29635e" "proxy-server 20" 0.0407 "-" 24 0
Jun 10 13:15:10 standalone proxy-server[130032]: 172.18.0.2 172.18.0.100 10/Jun/2026/13/15/10 PUT /v1/AUTH_b0651100e7594062b00f3d325faec881/gnocchi.4ed9752f-c9d3-4cda-9383-55bc2abdbba1/none_v3 HTTP/1.0 201 - python-swiftclient-3.11.1 gAAAAABqKWKqlyGc... 22 - - tx08e9cd04d05f4813aca7a-006a29635e - 0.0470 - - 1781097310.195087433 1781097310.242053986 0
Jun 10 13:15:10 standalone container-server[127949]: 172.20.0.100 - - [10/Jun/2026:13:15:10 +0000] "HEAD /d1/164/AUTH_b0651100e7594062b00f3d325faec881/gnocchi.774f302d-2554-4934-8fd1-27bcd21e58fe" 404 - "HEAD http://172.18.0.2:8080/v1/AUTH_b0651100e7594062b00f3d325faec881/gnocchi.774f302d-2554-4934-8fd1-27bcd21e58fe?format=json&states=listing" "tx51ed0a7b3cd54d0fa9a8e-006a29635e" "proxy-server 20" 0.0004 "-" 22 0
Jun 10 13:15:10 standalone object-server[128115]: 172.20.0.100 - - [10/Jun/2026:13:15:10 +0000] "GET /d1/229/AUTH_b0651100e7594062b00f3d325faec881/gnocchi.774f302d-2554-4934-8fd1-27bcd21e58fe/none_v3" 404 70 "GET http://172.18.0.2:8080/v1/AUTH_b0651100e7594062b00f3d325faec881/gnocchi.774f302d-2554-4934-8fd1-27bcd21e58fe/none_v3" "tx51ed0a7b3cd54d0fa9a8e-006a29635e" "proxy-server 20" 0.0003 "-" 22 0
Jun 10 13:15:10 standalone proxy-server[130032]: 172.18.0.2 172.18.0.100 10/Jun/2026/13/15/10 GET /v1/AUTH_b0651100e7594062b00f3d325faec881/gnocchi.774f302d-2554-4934-8fd1-27bcd21e58fe/none_v3 HTTP/1.0 404 - python-swiftclient-3.11.1 gAAAAABqKWKqlyGc... - 70 - tx51ed0a7b3cd54d0fa9a8e-006a29635e - 0.0119 - - 1781097310.254896164 1781097310.266831636 0
Jun 10 13:15:10 standalone account-server[127745]: 172.20.0.100 - - [10/Jun/2026:13:15:10 +0000] "PUT /d1/665/AUTH_b0651100e7594062b00f3d325faec881/gnocchi.774f302d-2554-4934-8fd1-27bcd21e58fe" 201 - "PUT http://172.20.0.100:6001/d1/164/AUTH_b0651100e7594062b00f3d325faec881/gnocchi.774f302d-2554-4934-8fd1-27bcd21e58fe" "txd1e36daeded8445697913-006a29635e" "container-server 23" 0.0066 "-" 21 0
Jun 10 13:15:10 standalone container-server[127954]: 172.20.0.100 - - [10/Jun/2026:13:15:10 +0000] "PUT /d1/164/AUTH_b0651100e7594062b00f3d325faec881/gnocchi.774f302d-2554-4934-8fd1-27bcd21e58fe" 201 - "PUT http://172.18.0.2:8080/v1/AUTH_b0651100e7594062b00f3d325faec881/gnocchi.774f302d-2554-4934-8fd1-27bcd21e58fe" "txd1e36daeded8445697913-006a29635e" "proxy-server 20" 0.0197 "-" 23 0
Jun 10 13:15:10 standalone proxy-server[130032]: 172.18.0.2 172.18.0.100 10/Jun/2026/13/15/10 PUT /v1/AUTH_b0651100e7594062b00f3d325faec881/gnocchi.774f302d-2554-4934-8fd1-27bcd21e58fe HTTP/1.0 201 - python-swiftclient-3.11.1 gAAAAABqKWKqlyGc... - - - txd1e36daeded8445697913-006a29635e - 0.0237 - - 1781097310.270282984 1781097310.294007778 0
Jun 10 13:15:10 standalone container-server[127948]: 172.20.0.100 - - [10/Jun/2026:13:15:10 +0000] "HEAD /d1/856/AUTH_b0651100e7594062b00f3d325faec881/gnocchi.d6f12f40-affe-4cc3-ac3c-343e4d92bbfe" 404 - "HEAD http://172.18.0.2:8080/v1/AUTH_b0651100e7594062b00f3d325faec881/gnocchi.d6f12f40-affe-4cc3-ac3c-343e4d92bbfe?format=json&states=listing" "txd08560cc581c4753b75f2-006a29635e" "proxy-server 20" 0.0003 "-" 21 0
Jun 10 13:15:10 standalone object-server[128122]: 172.20.0.100 - - [10/Jun/2026:13:15:10 +0000] "GET /d1/420/AUTH_b0651100e7594062b00f3d325faec881/gnocchi.d6f12f40-affe-4cc3-ac3c-343e4d92bbfe/none_v3" 404 70 "GET http://172.18.0.2:8080/v1/AUTH_b0651100e7594062b00f3d325faec881/gnocchi.d6f12f40-affe-4cc3-ac3c-343e4d92bbfe/none_v3" "txd08560cc581c4753b75f2-006a29635e" "proxy-server 20" 0.0003 "-" 23 0
Jun 10 13:15:10 standalone proxy-server[130032]: 172.18.0.2 172.18.0.100 10/Jun/2026/13/15/10 GET /v1/AUTH_b0651100e7594062b00f3d325faec881/gnocchi.d6f12f40-affe-4cc3-ac3c-343e4d92bbfe/none_v3 HTTP/1.0 404 - python-swiftclient-3.11.1 gAAAAABqKWKqlyGc... - 70 - txd08560cc581c4753b75f2-006a29635e - 0.0152 - - 1781097310.296226740 1781097310.311407566 0
Jun 10 13:15:10 standalone account-server[127734]: 172.20.0.100 - - [10/Jun/2026:13:15:10 +0000] "PUT /d1/665/AUTH_b0651100e7594062b00f3d325faec881/gnocchi.d6f12f40-affe-4cc3-ac3c-343e4d92bbfe" 201 - "PUT http://172.20.0.100:6001/d1/856/AUTH_b0651100e7594062b00f3d325faec881/gnocchi.d6f12f40-affe-4cc3-ac3c-343e4d92bbfe" "txb775a23d13b3458e88bb6-006a29635e" "container-server 23" 0.0047 "-" 20 0
Jun 10 13:15:10 standalone container-server[127954]: 172.20.0.100 - - [10/Jun/2026:13:15:10 +0000] "PUT /d1/856/AUTH_b0651100e7594062b00f3d325faec881/gnocchi.d6f12f40-affe-4cc3-ac3c-343e4d92bbfe" 201 - "PUT http://172.18.0.2:8080/v1/AUTH_b0651100e7594062b00f3d325faec881/gnocchi.d6f12f40-affe-4cc3-ac3c-343e4d92bbfe" "txb775a23d13b3458e88bb6-006a29635e" "proxy-server 20" 0.0141 "-" 23 0
Jun 10 13:15:10 standalone proxy-server[130032]: 172.18.0.2 172.18.0.100 10/Jun/2026/13/15/10 PUT /v1/AUTH_b0651100e7594062b00f3d325faec881/gnocchi.d6f12f40-affe-4cc3-ac3c-343e4d92bbfe HTTP/1.0 201 - python-swiftclient-3.11.1 gAAAAABqKWKqlyGc... - - - txb775a23d13b3458e88bb6-006a29635e - 0.0188 - - 1781097310.314129829 1781097310.332963467 0
Jun 10 13:15:10 standalone container-server[127954]: 172.20.0.100 - - [10/Jun/2026:13:15:10 +0000] "HEAD /d1/164/AUTH_b0651100e7594062b00f3d325faec881/gnocchi.774f302d-2554-4934-8fd1-27bcd21e58fe" 204 - "HEAD http://172.18.0.2:8080/v1/AUTH_b0651100e7594062b00f3d325faec881/gnocchi.774f302d-2554-4934-8fd1-27bcd21e58fe?format=json&states=listing" "txfbe952b2cd70478593504-006a29635e" "proxy-server 20" 0.0013 "-" 23 0
Jun 10 13:15:10 standalone proxy-server[130032]: - - 10/Jun/2026/13/15/10 HEAD /v1/AUTH_b0651100e7594062b00f3d325faec881/gnocchi.774f302d-2554-4934-8fd1-27bcd21e58fe%3Fformat%3Djson%26states%3Dlisting HTTP/1.0 204 - Swift - - - - txfbe952b2cd70478593504-006a29635e - 0.0038 RL - 1781097310.339386940 1781097310.343220234 0
Jun 10 13:15:10 standalone container-server[127954]: 172.20.0.100 - - [10/Jun/2026:13:15:10 +0000] "GET /d1/164/AUTH_b0651100e7594062b00f3d325faec881/gnocchi.774f302d-2554-4934-8fd1-27bcd21e58fe" 200 2 "GET http://172.18.0.2:8080/v1/AUTH_b0651100e7594062b00f3d325faec881/gnocchi.774f302d-2554-4934-8fd1-27bcd21e58fe?format=json&states=listing" "txfbe952b2cd70478593504-006a29635e" "proxy-server 20" 0.0016 "-" 23 0
Jun 10 13:15:10 standalone proxy-server[130032]: 172.18.0.2 172.18.0.100 10/Jun/2026/13/15/10 GET /v1/AUTH_b0651100e7594062b00f3d325faec881/gnocchi.774f302d-2554-4934-8fd1-27bcd21e58fe%3Fformat%3Djson%26states%3Dlisting HTTP/1.0 200 - python-swiftclient-3.11.1 gAAAAABqKWKqlyGc... - 2 - txfbe952b2cd70478593504-006a29635e - 0.0124 - - 1781097310.338588953 1781097310.350940943 0
Jun 10 13:15:10 standalone container-server[127946]: 172.20.0.100 - - [10/Jun/2026:13:15:10 +0000] "HEAD /d1/856/AUTH_b0651100e7594062b00f3d325faec881/gnocchi.d6f12f40-affe-4cc3-ac3c-343e4d92bbfe" 204 - "HEAD http://172.18.0.2:8080/v1/AUTH_b0651100e7594062b00f3d325faec881/gnocchi.d6f12f40-affe-4cc3-ac3c-343e4d92bbfe?format=json&states=listing" "txeda75e8a6a424bf08dd81-006a29635e" "proxy-server 20" 0.0016 "-" 20 0
Jun 10 13:15:10 standalone proxy-server[130032]: - - 10/Jun/2026/13/15/10 HEAD /v1/AUTH_b0651100e7594062b00f3d325faec881/gnocchi.d6f12f40-affe-4cc3-ac3c-343e4d92bbfe%3Fformat%3Djson%26states%3Dlisting HTTP/1.0 204 - Swift - - - - txeda75e8a6a424bf08dd81-006a29635e - 0.0064 RL - 1781097310.354752302 1781097310.361129999 0
Jun 10 13:15:10 standalone container-server[127954]: 172.20.0.100 - - [10/Jun/2026:13:15:10 +0000] "GET /d1/856/AUTH_b0651100e7594062b00f3d325faec881/gnocchi.d6f12f40-affe-4cc3-ac3c-343e4d92bbfe" 200 2 "GET http://172.18.0.2:8080/v1/AUTH_b0651100e7594062b00f3d325faec881/gnocchi.d6f12f40-affe-4cc3-ac3c-343e4d92bbfe?format=json&states=listing" "txeda75e8a6a424bf08dd81-006a29635e" "proxy-server 20" 0.0017 "-" 23 0
Jun 10 13:15:10 standalone proxy-server[130032]: 172.18.0.2 172.18.0.100 10/Jun/2026/13/15/10 GET /v1/AUTH_b0651100e7594062b00f3d325faec881/gnocchi.d6f12f40-affe-4cc3-ac3c-343e4d92bbfe%3Fformat%3Djson%26states%3Dlisting HTTP/1.0 200 - python-swiftclient-3.11.1 gAAAAABqKWKqlyGc... - 2 - txeda75e8a6a424bf08dd81-006a29635e - 0.0141 - - 1781097310.353962183 1781097310.368081093 0
Jun 10 13:15:10 standalone object-server[128136]: 172.20.0.100 - - [10/Jun/2026:13:15:10 +0000] "GET /d1/286/AUTH_b0651100e7594062b00f3d325faec881/gnocchi.774f302d-2554-4934-8fd1-27bcd21e58fe/1780920000.0_mean_300.0_v3" 404 70 "GET http://172.18.0.2:8080/v1/AUTH_b0651100e7594062b00f3d325faec881/gnocchi.774f302d-2554-4934-8fd1-27bcd21e58fe/1780920000.0_mean_300.0_v3" "txe8bef68c94fc489c8a7a5-006a29635e" "proxy-server 20" 0.0004 "-" 24 0
Jun 10 13:15:10 standalone proxy-server[130032]: 172.18.0.2 172.18.0.100 10/Jun/2026/13/15/10 GET /v1/AUTH_b0651100e7594062b00f3d325faec881/gnocchi.774f302d-2554-4934-8fd1-27bcd21e58fe/1780920000.0_mean_300.0_v3 HTTP/1.0 404 - python-swiftclient-3.11.1 gAAAAABqKWKqlyGc... - 70 - txe8bef68c94fc489c8a7a5-006a29635e - 0.0058 - - 1781097310.371117115 1781097310.376934052 0
Jun 10 13:15:10 standalone object-server[128122]: 172.20.0.100 - - [10/Jun/2026:13:15:10 +0000] "GET /d1/925/AUTH_b0651100e7594062b00f3d325faec881/gnocchi.d6f12f40-affe-4cc3-ac3c-343e4d92bbfe/1780920000.0_mean_300.0_v3" 404 70 "GET http://172.18.0.2:8080/v1/AUTH_b0651100e7594062b00f3d325faec881/gnocchi.d6f12f40-affe-4cc3-ac3c-343e4d92bbfe/1780920000.0_mean_300.0_v3" "txf58ffe510a7a400380592-006a29635e" "proxy-server 20" 0.0003 "-" 23 0
Jun 10 13:15:10 standalone proxy-server[130032]: 172.18.0.2 172.18.0.100 10/Jun/2026/13/15/10 GET /v1/AUTH_b0651100e7594062b00f3d325faec881/gnocchi.d6f12f40-affe-4cc3-ac3c-343e4d92bbfe/1780920000.0_mean_300.0_v3 HTTP/1.0 404 - python-swiftclient-3.11.1 gAAAAABqKWKqlyGc... - 70 - txf58ffe510a7a400380592-006a29635e - 0.0085 - - 1781097310.379788876 1781097310.388267040 0
Jun 10 13:15:10 standalone container-server[127949]: 172.20.0.100 - - [10/Jun/2026:13:15:10 +0000] "PUT /d1/164/AUTH_b0651100e7594062b00f3d325faec881/gnocchi.774f302d-2554-4934-8fd1-27bcd21e58fe/1780920000.0_mean_300.0_v3" 201 - "PUT http://172.18.0.2:8080/d1/286/AUTH_b0651100e7594062b00f3d325faec881/gnocchi.774f302d-2554-4934-8fd1-27bcd21e58fe/1780920000.0_mean_300.0_v3" "tx3d321754c7784eeca8923-006a29635e" "object-server 21" 0.0007 "-" 22 0
Jun 10 13:15:10 standalone object-server[128107]: 172.20.0.100 - - [10/Jun/2026:13:15:10 +0000] "PUT /d1/286/AUTH_b0651100e7594062b00f3d325faec881/gnocchi.774f302d-2554-4934-8fd1-27bcd21e58fe/1780920000.0_mean_300.0_v3" 201 - "PUT http://172.18.0.2:8080/v1/AUTH_b0651100e7594062b00f3d325faec881/gnocchi.774f302d-2554-4934-8fd1-27bcd21e58fe/1780920000.0_mean_300.0_v3" "tx3d321754c7784eeca8923-006a29635e" "proxy-server 20" 0.0182 "-" 21 0
Jun 10 13:15:10 standalone proxy-server[130032]: 172.18.0.2 172.18.0.100 10/Jun/2026/13/15/10 PUT /v1/AUTH_b0651100e7594062b00f3d325faec881/gnocchi.774f302d-2554-4934-8fd1-27bcd21e58fe/1780920000.0_mean_300.0_v3 HTTP/1.0 201 - python-swiftclient-3.11.1 gAAAAABqKWKqlyGc... 16 - - tx3d321754c7784eeca8923-006a29635e - 0.0246 - - 1781097310.392033815 1781097310.416645050 0
Jun 10 13:15:10 standalone container-server[127949]: 172.20.0.100 - - [10/Jun/2026:13:15:10 +0000] "PUT /d1/856/AUTH_b0651100e7594062b00f3d325faec881/gnocchi.d6f12f40-affe-4cc3-ac3c-343e4d92bbfe/1780920000.0_mean_300.0_v3" 201 - "PUT http://172.18.0.2:8080/d1/925/AUTH_b0651100e7594062b00f3d325faec881/gnocchi.d6f12f40-affe-4cc3-ac3c-343e4d92bbfe/1780920000.0_mean_300.0_v3" "txe4c21045f9364e17ad3ad-006a29635e" "object-server 21" 0.0005 "-" 22 0
Jun 10 13:15:10 standalone object-server[128107]: 172.20.0.100 - - [10/Jun/2026:13:15:10 +0000] "PUT /d1/925/AUTH_b0651100e7594062b00f3d325faec881/gnocchi.d6f12f40-affe-4cc3-ac3c-343e4d92bbfe/1780920000.0_mean_300.0_v3" 201 - "PUT http://172.18.0.2:8080/v1/AUTH_b0651100e7594062b00f3d325faec881/gnocchi.d6f12f40-affe-4cc3-ac3c-343e4d92bbfe/1780920000.0_mean_300.0_v3" "txe4c21045f9364e17ad3ad-006a29635e" "proxy-server 20" 0.0204 "-" 21 0
Jun 10 13:15:10 standalone proxy-server[130032]: 172.18.0.2 172.18.0.100 10/Jun/2026/13/15/10 PUT /v1/AUTH_b0651100e7594062b00f3d325faec881/gnocchi.d6f12f40-affe-4cc3-ac3c-343e4d92bbfe/1780920000.0_mean_300.0_v3 HTTP/1.0 201 - python-swiftclient-3.11.1 gAAAAABqKWKqlyGc... 16 - - txe4c21045f9364e17ad3ad-006a29635e - 0.0286 - - 1781097310.420532703 1781097310.449155092 0
Jun 10 13:15:10 standalone container-server[127946]: 172.20.0.100 - - [10/Jun/2026:13:15:10 +0000] "PUT /d1/164/AUTH_b0651100e7594062b00f3d325faec881/gnocchi.774f302d-2554-4934-8fd1-27bcd21e58fe/none_v3" 201 - "PUT http://172.18.0.2:8080/d1/229/AUTH_b0651100e7594062b00f3d325faec881/gnocchi.774f302d-2554-4934-8fd1-27bcd21e58fe/none_v3" "tx926522ab4b1e48bba6b6f-006a29635e" "object-server 24" 0.0004 "-" 20 0
Jun 10 13:15:10 standalone object-server[128136]: 172.20.0.100 - - [10/Jun/2026:13:15:10 +0000] "PUT /d1/229/AUTH_b0651100e7594062b00f3d325faec881/gnocchi.774f302d-2554-4934-8fd1-27bcd21e58fe/none_v3" 201 - "PUT http://172.18.0.2:8080/v1/AUTH_b0651100e7594062b00f3d325faec881/gnocchi.774f302d-2554-4934-8fd1-27bcd21e58fe/none_v3" "tx926522ab4b1e48bba6b6f-006a29635e" "proxy-server 20" 0.0133 "-" 24 0
Jun 10 13:15:10 standalone proxy-server[130032]: 172.18.0.2 172.18.0.100 10/Jun/2026/13/15/10 PUT /v1/AUTH_b0651100e7594062b00f3d325faec881/gnocchi.774f302d-2554-4934-8fd1-27bcd21e58fe/none_v3 HTTP/1.0 201 - python-swiftclient-3.11.1 gAAAAABqKWKqlyGc... 22 - - tx926522ab4b1e48bba6b6f-006a29635e - 0.0182 - - 1781097310.452751875 1781097310.470902205 0
Jun 10 13:15:10 standalone container-server[127946]: 172.20.0.100 - - [10/Jun/2026:13:15:10 +0000] "PUT /d1/856/AUTH_b0651100e7594062b00f3d325faec881/gnocchi.d6f12f40-affe-4cc3-ac3c-343e4d92bbfe/none_v3" 201 - "PUT http://172.18.0.2:8080/d1/420/AUTH_b0651100e7594062b00f3d325faec881/gnocchi.d6f12f40-affe-4cc3-ac3c-343e4d92bbfe/none_v3" "txdc4a9b7e11564a5a86ef9-006a29635e" "object-server 23" 0.0007 "-" 20 0
Jun 10 13:15:10 standalone object-server[128122]: 172.20.0.100 - - [10/Jun/2026:13:15:10 +0000] "PUT /d1/420/AUTH_b0651100e7594062b00f3d325faec881/gnocchi.d6f12f40-affe-4cc3-ac3c-343e4d92bbfe/none_v3" 201 - "PUT http://172.18.0.2:8080/v1/AUTH_b0651100e7594062b00f3d325faec881/gnocchi.d6f12f40-affe-4cc3-ac3c-343e4d92bbfe/none_v3" "txdc4a9b7e11564a5a86ef9-006a29635e" "proxy-server 20" 0.0133 "-" 23 0
Jun 10 13:15:10 standalone proxy-server[130032]: 172.18.0.2 172.18.0.100 10/Jun/2026/13/15/10 PUT /v1/AUTH_b0651100e7594062b00f3d325faec881/gnocchi.d6f12f40-affe-4cc3-ac3c-343e4d92bbfe/none_v3 HTTP/1.0 201 - python-swiftclient-3.11.1 gAAAAABqKWKqlyGc... 22 - - txdc4a9b7e11564a5a86ef9-006a29635e - 0.0221 - - 1781097310.475606203 1781097310.497730255 0
Jun 10 13:15:10 standalone container-server[127946]: 172.20.0.100 - - [10/Jun/2026:13:15:10 +0000] "HEAD /d1/765/AUTH_b0651100e7594062b00f3d325faec881/gnocchi.32f18d5a-e924-4029-ad8b-980a2a807890" 404 - "HEAD http://172.18.0.2:8080/v1/AUTH_b0651100e7594062b00f3d325faec881/gnocchi.32f18d5a-e924-4029-ad8b-980a2a807890?format=json&states=listing" "txea0c6d514e414d9bbec10-006a29635e" "proxy-server 20" 0.0003 "-" 20 0
Jun 10 13:15:10 standalone object-server[128107]: 172.20.0.100 - - [10/Jun/2026:13:15:10 +0000] "GET /d1/53/AUTH_b0651100e7594062b00f3d325faec881/gnocchi.32f18d5a-e924-4029-ad8b-980a2a807890/none_v3" 404 70 "GET http://172.18.0.2:8080/v1/AUTH_b0651100e7594062b00f3d325faec881/gnocchi.32f18d5a-e924-4029-ad8b-980a2a807890/none_v3" "txea0c6d514e414d9bbec10-006a29635e" "proxy-server 20" 0.0004 "-" 21 0
Jun 10 13:15:10 standalone proxy-server[130032]: 172.18.0.2 172.18.0.100 10/Jun/2026/13/15/10 GET /v1/AUTH_b0651100e7594062b00f3d325faec881/gnocchi.32f18d5a-e924-4029-ad8b-980a2a807890/none_v3 HTTP/1.0 404 - python-swiftclient-3.11.1 gAAAAABqKWKqlyGc... - 70 - txea0c6d514e414d9bbec10-006a29635e - 0.0079 - - 1781097310.507944822 1781097310.515812397 0
Jun 10 13:15:10 standalone account-server[127772]: 172.20.0.100 - - [10/Jun/2026:13:15:10 +0000] "PUT /d1/665/AUTH_b0651100e7594062b00f3d325faec881/gnocchi.32f18d5a-e924-4029-ad8b-980a2a807890" 201 - "PUT http://172.20.0.100:6001/d1/765/AUTH_b0651100e7594062b00f3d325faec881/gnocchi.32f18d5a-e924-4029-ad8b-980a2a807890" "tx4343496fe5ea44e2a6078-006a29635e" "container-server 21" 0.0087 "-" 23 0
Jun 10 13:15:10 standalone container-server[127948]: 172.20.0.100 - - [10/Jun/2026:13:15:10 +0000] "PUT /d1/765/AUTH_b0651100e7594062b00f3d325faec881/gnocchi.32f18d5a-e924-4029-ad8b-980a2a807890" 201 - "PUT http://172.18.0.2:8080/v1/AUTH_b0651100e7594062b00f3d325faec881/gnocchi.32f18d5a-e924-4029-ad8b-980a2a807890" "tx4343496fe5ea44e2a6078-006a29635e" "proxy-server 20" 0.0220 "-" 21 0
Jun 10 13:15:10 standalone proxy-server[130032]: 172.18.0.2 172.18.0.100 10/Jun/2026/13/15/10 PUT /v1/AUTH_b0651100e7594062b00f3d325faec881/gnocchi.32f18d5a-e924-4029-ad8b-980a2a807890 HTTP/1.0 201 - python-swiftclient-3.11.1 gAAAAABqKWKqlyGc... - - - tx4343496fe5ea44e2a6078-006a29635e - 0.0327 - - 1781097310.517729282 1781097310.550473213 0
Jun 10 13:15:10 standalone container-server[127948]: 172.20.0.100 - - [10/Jun/2026:13:15:10 +0000] "HEAD /d1/765/AUTH_b0651100e7594062b00f3d325faec881/gnocchi.32f18d5a-e924-4029-ad8b-980a2a807890" 204 - "HEAD http://172.18.0.2:8080/v1/AUTH_b0651100e7594062b00f3d325faec881/gnocchi.32f18d5a-e924-4029-ad8b-980a2a807890?format=json&states=listing" "txee97f18938f6440daaa68-006a29635e" "proxy-server 20" 0.0014 "-" 21 0
Jun 10 13:15:10 standalone proxy-server[130032]: - - 10/Jun/2026/13/15/10 HEAD /v1/AUTH_b0651100e7594062b00f3d325faec881/gnocchi.32f18d5a-e924-4029-ad8b-980a2a807890%3Fformat%3Djson%26states%3Dlisting HTTP/1.0 204 - Swift - - - - txee97f18938f6440daaa68-006a29635e - 0.0051 RL - 1781097310.554784060 1781097310.559883118 0
Jun 10 13:15:10 standalone container-server[127949]: 172.20.0.100 - - [10/Jun/2026:13:15:10 +0000] "GET /d1/765/AUTH_b0651100e7594062b00f3d325faec881/gnocchi.32f18d5a-e924-4029-ad8b-980a2a807890" 200 2 "GET http://172.18.0.2:8080/v1/AUTH_b0651100e7594062b00f3d325faec881/gnocchi.32f18d5a-e924-4029-ad8b-980a2a807890?format=json&states=listing" "txee97f18938f6440daaa68-006a29635e" "proxy-server 20" 0.0022 "-" 22 0
