Jun 11 14:05:55 standalone account-server[122949]: Starting 2
Jun 11 14:05:55 standalone account-server[123037]: Started child 19 from parent 2
Jun 11 14:05:55 standalone account-server[123037]: Started child 21 from parent 2
Jun 11 14:05:55 standalone account-server[123037]: Started child 22 from parent 2
Jun 11 14:05:55 standalone account-server[123037]: Started child 23 from parent 2
Jun 11 14:05:55 standalone container-server[123102]: Starting 2
Jun 11 14:05:56 standalone container-server[123157]: Option allow_versions is deprecated. Configure the versioned_writes middleware in the proxy-server instead. This option will be ignored in a future release.
Jun 11 14:05:56 standalone container-server[123354]: Option allow_versions is deprecated. Configure the versioned_writes middleware in the proxy-server instead. This option will be ignored in a future release.
Jun 11 14:05:56 standalone container-server[123157]: Started child 19 from parent 2
Jun 11 14:05:56 standalone container-server[123368]: Option allow_versions is deprecated. Configure the versioned_writes middleware in the proxy-server instead. This option will be ignored in a future release.
Jun 11 14:05:56 standalone container-server[123157]: Started child 20 from parent 2
Jun 11 14:05:56 standalone container-server[123373]: Option allow_versions is deprecated. Configure the versioned_writes middleware in the proxy-server instead. This option will be ignored in a future release.
Jun 11 14:05:56 standalone container-server[123157]: Started child 22 from parent 2
Jun 11 14:05:56 standalone container-server[123382]: Option allow_versions is deprecated. Configure the versioned_writes middleware in the proxy-server instead. This option will be ignored in a future release.
Jun 11 14:05:56 standalone container-server[123157]: Started child 23 from parent 2
Jun 11 14:05:56 standalone object-expirer[123336]: Starting 2
Jun 11 14:05:56 standalone object-expirer[123336]: Option auto_create_account_prefix is deprecated. Configure auto_create_account_prefix under the swift-constraints section of swift.conf. This option will be ignored in a future release.
Jun 11 14:05:56 standalone object-server[123427]: Started child 22 from parent 2
Jun 11 14:05:56 standalone object-server[123427]: Started child 23 from parent 2
Jun 11 14:05:56 standalone object-server[123427]: Started child 24 from parent 2
Jun 11 14:05:56 standalone object-server[123427]: Started child 25 from parent 2
Jun 11 14:05:56 standalone object-server[123470]: Starting 2
Jun 11 14:06:02 standalone proxy-server[125312]: Starting Keystone auth_token middleware
Jun 11 14:06:02 standalone proxy-server[125312]: AuthToken middleware is set with keystone_authtoken.service_token_roles_required set to False. This is backwards compatible but deprecated behaviour. Please set this to True.
Jun 11 14:06:02 standalone proxy-server[125464]: Starting Keystone auth_token middleware
Jun 11 14:06:02 standalone proxy-server[125464]: STDERR: The option "bind_port" is not known to keystonemiddleware
Jun 11 14:06:02 standalone proxy-server[125464]: STDERR: The option "workers" is not known to keystonemiddleware
Jun 11 14:06:02 standalone proxy-server[125464]: STDERR: The option "user" is not known to keystonemiddleware
Jun 11 14:06:02 standalone proxy-server[125464]: STDERR: The option "bind_ip" is not known to keystonemiddleware
Jun 11 14:06:02 standalone proxy-server[125464]: STDERR: The option "log_name" is not known to keystonemiddleware
Jun 11 14:06:02 standalone proxy-server[125464]: STDERR: The option "log_facility" is not known to keystonemiddleware
Jun 11 14:06:02 standalone proxy-server[125464]: STDERR: The option "log_level" is not known to keystonemiddleware
Jun 11 14:06:02 standalone proxy-server[125464]: STDERR: The option "log_headers" is not known to keystonemiddleware
Jun 11 14:06:02 standalone proxy-server[125464]: STDERR: The option "log_address" is not known to keystonemiddleware
Jun 11 14:06:02 standalone proxy-server[125464]: STDERR: The option "project_name" is not known to keystonemiddleware
Jun 11 14:06:02 standalone proxy-server[125464]: STDERR: The option "username" is not known to keystonemiddleware
Jun 11 14:06:02 standalone proxy-server[125464]: STDERR: The option "password" is not known to keystonemiddleware
Jun 11 14:06:02 standalone proxy-server[125464]: STDERR: The option "auth_url" is not known to keystonemiddleware
Jun 11 14:06:02 standalone proxy-server[125464]: STDERR: The option "signing_dir" is not known to keystonemiddleware
Jun 11 14:06:02 standalone proxy-server[125464]: STDERR: The option "project_domain_id" is not known to keystonemiddleware
Jun 11 14:06:02 standalone proxy-server[125464]: STDERR: The option "user_domain_id" is not known to keystonemiddleware
Jun 11 14:06:02 standalone proxy-server[125464]: STDERR: The option "__name__" is not known to keystonemiddleware
Jun 11 14:06:02 standalone proxy-server[125464]: AuthToken middleware is set with keystone_authtoken.service_token_roles_required set to False. This is backwards compatible but deprecated behaviour. Please set this to True.
Jun 11 14:06:02 standalone proxy-server[125312]: Started child 21 from parent 2
Jun 11 14:07:53 standalone object-server[123470]: Begin object update sweep
Jun 11 14:07:53 standalone object-server[138173]: Object update sweep starting on /srv/node/d1 (pid: 11)
Jun 11 14:07:53 standalone object-server[138173]: Object update sweep completed on /srv/node/d1 in 0.00s seconds:, 0 successes, 0 failures, 0 quarantines, 0 unlinks, 0 errors, 0 redirects (pid: 11)
Jun 11 14:07:53 standalone object-server[138173]: Object update sweep of d1 completed: 0.00s, 0 successes, 0 failures, 0 quarantines, 0 unlinks, 0 errors, 0 redirects
Jun 11 14:07:54 standalone object-server[123470]: Object update sweep completed: 0.08s
Jun 11 14:09:01 standalone account-server[123271]: 172.20.0.100 - - [11/Jun/2026:14:09:01 +0000] "HEAD /d1/451/.expiring_objects" 404 - "HEAD http://localhost/v1/.expiring_objects?format=json" "tx002e598ed2d54c3487356-006a2ac17d" "proxy-server 2" 0.0015 "-" 22 -
Jun 11 14:09:01 standalone object-expirer[123336]: Pass completed in 0s; 0 objects expired (txn: tx002e598ed2d54c3487356-006a2ac17d)
Jun 11 14:09:05 standalone container-server[123102]: Begin container update sweep
Jun 11 14:09:05 standalone container-server[123102]: Container update sweep completed: 0.00s
Jun 11 14:09:28 standalone account-server[123271]: 172.20.0.100 - - [11/Jun/2026:14:09:28 +0000] "HEAD /d1/451/.expiring_objects" 404 - "HEAD http://localhost/v1/.expiring_objects?format=json" "tx4827deafb6064c10b75c9-006a2ac198" "proxy-server 2" 0.0007 "-" 22 -
Jun 11 14:09:28 standalone object-expirer[123336]: Pass completed in 0s; 0 objects expired (txn: tx4827deafb6064c10b75c9-006a2ac198)
Jun 11 14:12:08 standalone account-server[123247]: 172.20.0.100 - - [11/Jun/2026:14:12:08 +0000] "HEAD /d1/451/.expiring_objects" 404 - "HEAD http://localhost/v1/.expiring_objects?format=json" "tx48a548f89659474cb6e5e-006a2ac238" "proxy-server 2" 0.0010 "-" 19 -
Jun 11 14:12:08 standalone object-expirer[123336]: Pass completed in 0s; 0 objects expired (txn: tx48a548f89659474cb6e5e-006a2ac238)
Jun 11 14:12:14 standalone account-server[123247]: 172.20.0.100 - - [11/Jun/2026:14:12:14 +0000] "HEAD /d1/451/.expiring_objects" 404 - "HEAD http://localhost/v1/.expiring_objects?format=json" "txb295d479c7d242be8dfa2-006a2ac23e" "proxy-server 2" 0.0006 "-" 19 -
Jun 11 14:12:14 standalone object-expirer[123336]: Pass completed in 0s; 0 objects expired (txn: txb295d479c7d242be8dfa2-006a2ac23e)
Jun 11 14:12:16 standalone account-server[123271]: 172.20.0.100 - - [11/Jun/2026:14:12:16 +0000] "HEAD /d1/776/AUTH_91b28f897c244f42b65e8c48e62eec50" 404 - "HEAD http://localhost:8080/v1/AUTH_91b28f897c244f42b65e8c48e62eec50?format=json" "tx643b8ead63e348ab93003-006a2ac240" "proxy-server 21" 0.0005 "-" 22 -
Jun 11 14:12:16 standalone proxy-server[125464]: - - 11/Jun/2026/14/12/16 HEAD /v1/AUTH_91b28f897c244f42b65e8c48e62eec50%3Fformat%3Djson HTTP/1.0 200 - Swift - - - - tx643b8ead63e348ab93003-006a2ac240 - 0.0043 RL - 1781187136.878263712 1781187136.882515430 -
Jun 11 14:12:17 standalone proxy-server[125464]: 172.18.0.2 ::1 11/Jun/2026/14/12/17 HEAD /v1/AUTH_91b28f897c244f42b65e8c48e62eec50/glance%3Fformat%3Djson HTTP/1.0 404 - python-swiftclient-3.11.1 gAAAAABqKsJAiVEF... - - - tx643b8ead63e348ab93003-006a2ac240 - 0.4487 - - 1781187136.873267651 1781187137.321943998 -
Jun 11 14:12:17 standalone account-server[123285]: 172.20.0.100 - - [11/Jun/2026:14:12:17 +0000] "PUT /d1/776/AUTH_91b28f897c244f42b65e8c48e62eec50" 201 - "-" "tx83497553796547efa8c73-006a2ac241" "-" 0.0136 "-" 23 -
Jun 11 14:12:17 standalone proxy-server[125464]: autocreate account '/AUTH_91b28f897c244f42b65e8c48e62eec50' (txn: tx83497553796547efa8c73-006a2ac241)
Jun 11 14:12:17 standalone account-server[123285]: 172.20.0.100 - - [11/Jun/2026:14:12:17 +0000] "HEAD /d1/776/AUTH_91b28f897c244f42b65e8c48e62eec50" 204 - "HEAD http://localhost:8080/v1/AUTH_91b28f897c244f42b65e8c48e62eec50?format=json" "tx83497553796547efa8c73-006a2ac241" "proxy-server 21" 0.0014 "-" 23 -
Jun 11 14:12:17 standalone account-server[123271]: 172.20.0.100 - - [11/Jun/2026:14:12:17 +0000] "PUT /d1/776/AUTH_91b28f897c244f42b65e8c48e62eec50/glance" 201 - "PUT http://172.20.0.100:6001/d1/998/AUTH_91b28f897c244f42b65e8c48e62eec50/glance" "tx83497553796547efa8c73-006a2ac241" "container-server 22" 0.0026 "-" 22 0
Jun 11 14:12:17 standalone container-server[123373]: 172.20.0.100 - - [11/Jun/2026:14:12:17 +0000] "PUT /d1/998/AUTH_91b28f897c244f42b65e8c48e62eec50/glance" 201 - "PUT http://localhost:8080/v1/AUTH_91b28f897c244f42b65e8c48e62eec50/glance" "tx83497553796547efa8c73-006a2ac241" "proxy-server 21" 0.0135 "-" 22 0
Jun 11 14:12:17 standalone proxy-server[125464]: 172.18.0.2 ::1 11/Jun/2026/14/12/17 PUT /v1/AUTH_91b28f897c244f42b65e8c48e62eec50/glance HTTP/1.0 201 - python-swiftclient-3.11.1 gAAAAABqKsJAiVEF... - - - tx83497553796547efa8c73-006a2ac241 - 0.0401 - - 1781187137.329088688 1781187137.369153261 0
Jun 11 14:12:17 standalone container-server[123368]: 172.20.0.100 - - [11/Jun/2026:14:12:17 +0000] "HEAD /d1/998/AUTH_91b28f897c244f42b65e8c48e62eec50/glance" 204 - "HEAD http://localhost:8080/v1/AUTH_91b28f897c244f42b65e8c48e62eec50/glance?format=json&states=listing" "tx79cdf781d473447492805-006a2ac241" "proxy-server 21" 0.0027 "-" 20 0
Jun 11 14:12:17 standalone proxy-server[125464]: - - 11/Jun/2026/14/12/17 HEAD /v1/AUTH_91b28f897c244f42b65e8c48e62eec50/glance%3Fformat%3Djson%26states%3Dlisting HTTP/1.0 204 - Swift - - - - tx79cdf781d473447492805-006a2ac241 - 0.0199 RL - 1781187137.379007816 1781187137.398907661 0
Jun 11 14:12:33 standalone container-server[123368]: 172.20.0.100 - - [11/Jun/2026:14:12:33 +0000] "PUT /d1/998/AUTH_91b28f897c244f42b65e8c48e62eec50/glance/a7f65c9f-251e-440c-929b-da1fc61e53b9" 201 - "PUT http://localhost:8080/d1/328/AUTH_91b28f897c244f42b65e8c48e62eec50/glance/a7f65c9f-251e-440c-929b-da1fc61e53b9" "tx79cdf781d473447492805-006a2ac241" "object-server 25" 0.0012 "-" 20 0
Jun 11 14:12:33 standalone object-server[123543]: 172.20.0.100 - - [11/Jun/2026:14:12:33 +0000] "PUT /d1/328/AUTH_91b28f897c244f42b65e8c48e62eec50/glance/a7f65c9f-251e-440c-929b-da1fc61e53b9" 201 - "PUT http://localhost:8080/v1/AUTH_91b28f897c244f42b65e8c48e62eec50/glance/a7f65c9f-251e-440c-929b-da1fc61e53b9" "tx79cdf781d473447492805-006a2ac241" "proxy-server 21" 15.7771 "-" 25 0
Jun 11 14:12:33 standalone proxy-server[125464]: 172.18.0.2 ::1 11/Jun/2026/14/12/33 PUT /v1/AUTH_91b28f897c244f42b65e8c48e62eec50/glance/a7f65c9f-251e-440c-929b-da1fc61e53b9 HTTP/1.0 201 - python-swiftclient-3.11.1 gAAAAABqKsJAiVEF... 1481900032 - - tx79cdf781d473447492805-006a2ac241 - 15.8071 - - 1781187137.377918482 1781187153.185017109 0
Jun 11 14:12:38 standalone account-server[122949]: Devices pass completed: 0.00s
Jun 11 14:12:54 standalone object-server[123470]: Begin object update sweep
Jun 11 14:12:54 standalone object-server[175265]: Object update sweep starting on /srv/node/d1 (pid: 13)
Jun 11 14:12:54 standalone object-server[175265]: Object update sweep completed on /srv/node/d1 in 0.00s seconds:, 0 successes, 0 failures, 0 quarantines, 0 unlinks, 0 errors, 0 redirects (pid: 13)
Jun 11 14:12:54 standalone object-server[175265]: Object update sweep of d1 completed: 0.00s, 0 successes, 0 failures, 0 quarantines, 0 unlinks, 0 errors, 0 redirects
Jun 11 14:12:54 standalone object-server[123470]: Object update sweep completed: 0.05s
Jun 11 14:14:02 standalone account-server[123285]: 172.20.0.100 - - [11/Jun/2026:14:14:02 +0000] "HEAD /d1/451/.expiring_objects" 404 - "HEAD http://localhost/v1/.expiring_objects?format=json" "txf101483ee27a4ddd89a1d-006a2ac2aa" "proxy-server 2" 0.0008 "-" 23 -
Jun 11 14:14:02 standalone object-expirer[123336]: Pass completed in 0s; 0 objects expired (txn: txf101483ee27a4ddd89a1d-006a2ac2aa)
Jun 11 14:14:05 standalone container-server[123102]: Begin container update sweep
Jun 11 14:14:05 standalone account-server[123285]: 172.20.0.100 - - [11/Jun/2026:14:14:05 +0000] "PUT /d1/776/AUTH_91b28f897c244f42b65e8c48e62eec50/glance" 201 - "-" "-" "container-updater 2" 0.0007 "-" 23 0
Jun 11 14:14:05 standalone container-server[123102]: Container update sweep completed: 0.07s
Jun 11 14:15:04 standalone account-server[123271]: 172.20.0.100 - - [11/Jun/2026:14:15:04 +0000] "HEAD /d1/451/.expiring_objects" 404 - "HEAD http://localhost/v1/.expiring_objects?format=json" "tx2786bb63a9c740d792fac-006a2ac2e8" "proxy-server 2" 0.0008 "-" 22 -
Jun 11 14:15:04 standalone object-expirer[123336]: Pass completed in 0s; 0 objects expired (txn: tx2786bb63a9c740d792fac-006a2ac2e8)
Jun 11 14:15:23 standalone account-server[123262]: 172.20.0.100 - - [11/Jun/2026:14:15:23 +0000] "HEAD /d1/451/.expiring_objects" 404 - "HEAD http://localhost/v1/.expiring_objects?format=json" "tx246cf4226565476bb692b-006a2ac2fb" "proxy-server 2" 0.0022 "-" 21 -
Jun 11 14:15:23 standalone object-expirer[123336]: Pass completed in 0s; 0 objects expired (txn: tx246cf4226565476bb692b-006a2ac2fb)
Jun 11 14:16:38 standalone account-server[123262]: 172.20.0.100 - - [11/Jun/2026:14:16:38 +0000] "HEAD /d1/776/AUTH_91b28f897c244f42b65e8c48e62eec50" 204 - "HEAD http://localhost:8080/v1/AUTH_91b28f897c244f42b65e8c48e62eec50?format=json" "txe2bf02e7916e45d0b9447-006a2ac346" "proxy-server 21" 0.0083 "-" 21 -
Jun 11 14:16:38 standalone proxy-server[125464]: - - 11/Jun/2026/14/16/38 HEAD /v1/AUTH_91b28f897c244f42b65e8c48e62eec50%3Fformat%3Djson HTTP/1.0 204 - Swift - - - - txe2bf02e7916e45d0b9447-006a2ac346 - 0.0146 RL - 1781187398.331240892 1781187398.345872879 -
Jun 11 14:16:38 standalone container-server[123354]: 172.20.0.100 - - [11/Jun/2026:14:16:38 +0000] "HEAD /d1/998/AUTH_91b28f897c244f42b65e8c48e62eec50/glance" 204 - "HEAD http://localhost:8080/v1/AUTH_91b28f897c244f42b65e8c48e62eec50/glance?format=json&states=listing" "txe2bf02e7916e45d0b9447-006a2ac346" "proxy-server 21" 0.0028 "-" 19 0
Jun 11 14:16:38 standalone proxy-server[125464]: 172.18.0.2 ::1 11/Jun/2026/14/16/38 HEAD /v1/AUTH_91b28f897c244f42b65e8c48e62eec50/glance%3Fformat%3Djson%26states%3Dlisting HTTP/1.0 204 - python-swiftclient-3.11.1 gAAAAABqKsNGPZ_P... - - - txe2bf02e7916e45d0b9447-006a2ac346 - 0.1138 - - 1781187398.329713106 1781187398.443546295 0
Jun 11 14:16:41 standalone container-server[123382]: 172.20.0.100 - - [11/Jun/2026:14:16:41 +0000] "PUT /d1/998/AUTH_91b28f897c244f42b65e8c48e62eec50/glance/4a31a165-8849-461c-a9eb-c6758a807fd9-00001" 201 - "PUT http://localhost:8080/d1/144/AUTH_91b28f897c244f42b65e8c48e62eec50/glance/4a31a165-8849-461c-a9eb-c6758a807fd9-00001" "txac51098939fc4de289962-006a2ac346" "object-server 24" 0.0012 "-" 23 0
Jun 11 14:16:41 standalone object-server[123542]: 172.20.0.100 - - [11/Jun/2026:14:16:41 +0000] "PUT /d1/144/AUTH_91b28f897c244f42b65e8c48e62eec50/glance/4a31a165-8849-461c-a9eb-c6758a807fd9-00001" 201 - "PUT http://localhost:8080/v1/AUTH_91b28f897c244f42b65e8c48e62eec50/glance/4a31a165-8849-461c-a9eb-c6758a807fd9-00001" "txac51098939fc4de289962-006a2ac346" "proxy-server 21" 2.8000 "-" 24 0
Jun 11 14:16:41 standalone proxy-server[125464]: 172.18.0.2 ::1 11/Jun/2026/14/16/41 PUT /v1/AUTH_91b28f897c244f42b65e8c48e62eec50/glance/4a31a165-8849-461c-a9eb-c6758a807fd9-00001 HTTP/1.0 201 - python-swiftclient-3.11.1 gAAAAABqKsNGPZ_P... 21692416 - - txac51098939fc4de289962-006a2ac346 - 2.8080 - - 1781187398.448817492 1781187401.256775618 0
Jun 11 14:16:41 standalone container-server[123354]: 172.20.0.100 - - [11/Jun/2026:14:16:41 +0000] "PUT /d1/998/AUTH_91b28f897c244f42b65e8c48e62eec50/glance/4a31a165-8849-461c-a9eb-c6758a807fd9" 201 - "PUT http://localhost:8080/d1/168/AUTH_91b28f897c244f42b65e8c48e62eec50/glance/4a31a165-8849-461c-a9eb-c6758a807fd9" "tx748fc3ad78ee41f9acf4f-006a2ac349" "object-server 24" 0.0005 "-" 19 0
Jun 11 14:16:41 standalone object-server[123542]: 172.20.0.100 - - [11/Jun/2026:14:16:41 +0000] "PUT /d1/168/AUTH_91b28f897c244f42b65e8c48e62eec50/glance/4a31a165-8849-461c-a9eb-c6758a807fd9" 201 - "PUT http://localhost:8080/v1/AUTH_91b28f897c244f42b65e8c48e62eec50/glance/4a31a165-8849-461c-a9eb-c6758a807fd9" "tx748fc3ad78ee41f9acf4f-006a2ac349" "proxy-server 21" 0.0072 "-" 24 0
Jun 11 14:16:41 standalone proxy-server[125464]: 172.18.0.2 ::1 11/Jun/2026/14/16/41 PUT /v1/AUTH_91b28f897c244f42b65e8c48e62eec50/glance/4a31a165-8849-461c-a9eb-c6758a807fd9 HTTP/1.0 201 - python-swiftclient-3.11.1 gAAAAABqKsNGPZ_P... - - - tx748fc3ad78ee41f9acf4f-006a2ac349 - 0.0122 - - 1781187401.262122393 1781187401.274370193 0
Jun 11 14:16:41 standalone container-server[123382]: 172.20.0.100 - - [11/Jun/2026:14:16:41 +0000] "HEAD /d1/946/AUTH_91b28f897c244f42b65e8c48e62eec50/gnocchi.12714033-531c-4ace-9164-733acd633099" 404 - "HEAD http://localhost:8080/v1/AUTH_91b28f897c244f42b65e8c48e62eec50/gnocchi.12714033-531c-4ace-9164-733acd633099?format=json&states=listing" "txa94e3a1239544c6e9a7e5-006a2ac349" "proxy-server 21" 0.0010 "-" 23 0
Jun 11 14:16:41 standalone object-server[123543]: 172.20.0.100 - - [11/Jun/2026:14:16:41 +0000] "GET /d1/302/AUTH_91b28f897c244f42b65e8c48e62eec50/gnocchi.12714033-531c-4ace-9164-733acd633099/none_v3" 404 70 "GET http://localhost:8080/v1/AUTH_91b28f897c244f42b65e8c48e62eec50/gnocchi.12714033-531c-4ace-9164-733acd633099/none_v3" "txa94e3a1239544c6e9a7e5-006a2ac349" "proxy-server 21" 0.0005 "-" 25 0
Jun 11 14:16:41 standalone proxy-server[125464]: 172.18.0.2 ::1 11/Jun/2026/14/16/41 GET /v1/AUTH_91b28f897c244f42b65e8c48e62eec50/gnocchi.12714033-531c-4ace-9164-733acd633099/none_v3 HTTP/1.0 404 - python-swiftclient-3.11.1 gAAAAABqKsNJEM4O... - 70 - txa94e3a1239544c6e9a7e5-006a2ac349 - 0.0325 - - 1781187401.959010363 1781187401.991463900 0
Jun 11 14:16:42 standalone account-server[123262]: 172.20.0.100 - - [11/Jun/2026:14:16:42 +0000] "PUT /d1/776/AUTH_91b28f897c244f42b65e8c48e62eec50/gnocchi.12714033-531c-4ace-9164-733acd633099" 201 - "PUT http://172.20.0.100:6001/d1/946/AUTH_91b28f897c244f42b65e8c48e62eec50/gnocchi.12714033-531c-4ace-9164-733acd633099" "tx196300e121b44f938356b-006a2ac349" "container-server 20" 0.0011 "-" 21 0
Jun 11 14:16:42 standalone container-server[123368]: 172.20.0.100 - - [11/Jun/2026:14:16:42 +0000] "PUT /d1/946/AUTH_91b28f897c244f42b65e8c48e62eec50/gnocchi.12714033-531c-4ace-9164-733acd633099" 201 - "PUT http://localhost:8080/v1/AUTH_91b28f897c244f42b65e8c48e62eec50/gnocchi.12714033-531c-4ace-9164-733acd633099" "tx196300e121b44f938356b-006a2ac349" "proxy-server 21" 0.0114 "-" 20 0
Jun 11 14:16:42 standalone proxy-server[125464]: 172.18.0.2 ::1 11/Jun/2026/14/16/42 PUT /v1/AUTH_91b28f897c244f42b65e8c48e62eec50/gnocchi.12714033-531c-4ace-9164-733acd633099 HTTP/1.0 201 - python-swiftclient-3.11.1 gAAAAABqKsNJEM4O... - - - tx196300e121b44f938356b-006a2ac349 - 0.0151 - - 1781187401.995149136 1781187402.010288954 0
Jun 11 14:16:42 standalone container-server[123382]: 172.20.0.100 - - [11/Jun/2026:14:16:42 +0000] "HEAD /d1/946/AUTH_91b28f897c244f42b65e8c48e62eec50/gnocchi.12714033-531c-4ace-9164-733acd633099" 204 - "HEAD http://localhost:8080/v1/AUTH_91b28f897c244f42b65e8c48e62eec50/gnocchi.12714033-531c-4ace-9164-733acd633099?format=json&states=listing" "tx5420cf7cf4b84009b86ae-006a2ac34a" "proxy-server 21" 0.0030 "-" 23 0
Jun 11 14:16:42 standalone proxy-server[125464]: - - 11/Jun/2026/14/16/42 HEAD /v1/AUTH_91b28f897c244f42b65e8c48e62eec50/gnocchi.12714033-531c-4ace-9164-733acd633099%3Fformat%3Djson%26states%3Dlisting HTTP/1.0 204 - Swift - - - - tx5420cf7cf4b84009b86ae-006a2ac34a - 0.0062 RL - 1781187402.021325827 1781187402.027513266 0
Jun 11 14:16:42 standalone container-server[123354]: 172.20.0.100 - - [11/Jun/2026:14:16:42 +0000] "GET /d1/946/AUTH_91b28f897c244f42b65e8c48e62eec50/gnocchi.12714033-531c-4ace-9164-733acd633099" 200 2 "GET http://localhost:8080/v1/AUTH_91b28f897c244f42b65e8c48e62eec50/gnocchi.12714033-531c-4ace-9164-733acd633099?format=json&states=listing" "tx5420cf7cf4b84009b86ae-006a2ac34a" "proxy-server 21" 0.0042 "-" 19 0
Jun 11 14:16:42 standalone proxy-server[125464]: 172.18.0.2 ::1 11/Jun/2026/14/16/42 GET /v1/AUTH_91b28f897c244f42b65e8c48e62eec50/gnocchi.12714033-531c-4ace-9164-733acd633099%3Fformat%3Djson%26states%3Dlisting HTTP/1.0 200 - python-swiftclient-3.11.1 gAAAAABqKsNJEM4O... - 2 - tx5420cf7cf4b84009b86ae-006a2ac34a - 0.0166 - - 1781187402.020454884 1781187402.037054539 0
Jun 11 14:16:42 standalone object-server[123543]: 172.20.0.100 - - [11/Jun/2026:14:16:42 +0000] "GET /d1/269/AUTH_91b28f897c244f42b65e8c48e62eec50/gnocchi.12714033-531c-4ace-9164-733acd633099/1780920000.0_mean_300.0_v3" 404 70 "GET http://localhost:8080/v1/AUTH_91b28f897c244f42b65e8c48e62eec50/gnocchi.12714033-531c-4ace-9164-733acd633099/1780920000.0_mean_300.0_v3" "tx8c4ca339ccee4b6c89306-006a2ac34a" "proxy-server 21" 0.0003 "-" 25 0
Jun 11 14:16:42 standalone proxy-server[125464]: 172.18.0.2 ::1 11/Jun/2026/14/16/42 GET /v1/AUTH_91b28f897c244f42b65e8c48e62eec50/gnocchi.12714033-531c-4ace-9164-733acd633099/1780920000.0_mean_300.0_v3 HTTP/1.0 404 - python-swiftclient-3.11.1 gAAAAABqKsNJEM4O... - 70 - tx8c4ca339ccee4b6c89306-006a2ac34a - 0.0042 - - 1781187402.041624784 1781187402.045775890 0
Jun 11 14:16:42 standalone container-server[123368]: 172.20.0.100 - - [11/Jun/2026:14:16:42 +0000] "PUT /d1/946/AUTH_91b28f897c244f42b65e8c48e62eec50/gnocchi.12714033-531c-4ace-9164-733acd633099/1780920000.0_mean_300.0_v3" 201 - "PUT http://localhost:8080/d1/269/AUTH_91b28f897c244f42b65e8c48e62eec50/gnocchi.12714033-531c-4ace-9164-733acd633099/1780920000.0_mean_300.0_v3" "txad834e53a0694845b15c7-006a2ac34a" "object-server 23" 0.0005 "-" 20 0
Jun 11 14:16:42 standalone object-server[123541]: 172.20.0.100 - - [11/Jun/2026:14:16:42 +0000] "PUT /d1/269/AUTH_91b28f897c244f42b65e8c48e62eec50/gnocchi.12714033-531c-4ace-9164-733acd633099/1780920000.0_mean_300.0_v3" 201 - "PUT http://localhost:8080/v1/AUTH_91b28f897c244f42b65e8c48e62eec50/gnocchi.12714033-531c-4ace-9164-733acd633099/1780920000.0_mean_300.0_v3" "txad834e53a0694845b15c7-006a2ac34a" "proxy-server 21" 0.0287 "-" 23 0
Jun 11 14:16:42 standalone proxy-server[125464]: 172.18.0.2 ::1 11/Jun/2026/14/16/42 PUT /v1/AUTH_91b28f897c244f42b65e8c48e62eec50/gnocchi.12714033-531c-4ace-9164-733acd633099/1780920000.0_mean_300.0_v3 HTTP/1.0 201 - python-swiftclient-3.11.1 gAAAAABqKsNJEM4O... 16 - - txad834e53a0694845b15c7-006a2ac34a - 0.0342 - - 1781187402.052861452 1781187402.087044239 0
Jun 11 14:16:42 standalone container-server[123354]: 172.20.0.100 - - [11/Jun/2026:14:16:42 +0000] "PUT /d1/946/AUTH_91b28f897c244f42b65e8c48e62eec50/gnocchi.12714033-531c-4ace-9164-733acd633099/none_v3" 201 - "PUT http://localhost:8080/d1/302/AUTH_91b28f897c244f42b65e8c48e62eec50/gnocchi.12714033-531c-4ace-9164-733acd633099/none_v3" "tx8793a1bd7bf847c59c3f2-006a2ac34a" "object-server 23" 0.0007 "-" 19 0
Jun 11 14:16:42 standalone object-server[123541]: 172.20.0.100 - - [11/Jun/2026:14:16:42 +0000] "PUT /d1/302/AUTH_91b28f897c244f42b65e8c48e62eec50/gnocchi.12714033-531c-4ace-9164-733acd633099/none_v3" 201 - "PUT http://localhost:8080/v1/AUTH_91b28f897c244f42b65e8c48e62eec50/gnocchi.12714033-531c-4ace-9164-733acd633099/none_v3" "tx8793a1bd7bf847c59c3f2-006a2ac34a" "proxy-server 21" 0.0112 "-" 23 0
Jun 11 14:16:42 standalone proxy-server[125464]: 172.18.0.2 ::1 11/Jun/2026/14/16/42 PUT /v1/AUTH_91b28f897c244f42b65e8c48e62eec50/gnocchi.12714033-531c-4ace-9164-733acd633099/none_v3 HTTP/1.0 201 - python-swiftclient-3.11.1 gAAAAABqKsNJEM4O... 22 - - tx8793a1bd7bf847c59c3f2-006a2ac34a - 0.0161 - - 1781187402.090502501 1781187402.106578112 0
Jun 11 14:17:11 standalone object-server[123540]: 172.20.0.100 - - [11/Jun/2026:14:17:11 +0000] "GET /d1/302/AUTH_91b28f897c244f42b65e8c48e62eec50/gnocchi.12714033-531c-4ace-9164-733acd633099/none_v3" 200 22 "GET http://localhost:8080/v1/AUTH_91b28f897c244f42b65e8c48e62eec50/gnocchi.12714033-531c-4ace-9164-733acd633099/none_v3" "txce95d772c3dd4ccaa1c19-006a2ac367" "proxy-server 21" 0.0024 "-" 22 0
Jun 11 14:17:11 standalone proxy-server[125464]: 172.18.0.2 ::1 11/Jun/2026/14/17/11 GET /v1/AUTH_91b28f897c244f42b65e8c48e62eec50/gnocchi.12714033-531c-4ace-9164-733acd633099/none_v3 HTTP/1.0 200 - python-swiftclient-3.11.1 gAAAAABqKsNJEM4O... - 22 - txce95d772c3dd4ccaa1c19-006a2ac367 - 0.0235 - - 1781187431.536898375 1781187431.560368061 0
Jun 11 14:17:11 standalone container-server[123373]: 172.20.0.100 - - [11/Jun/2026:14:17:11 +0000] "GET /d1/946/AUTH_91b28f897c244f42b65e8c48e62eec50/gnocchi.12714033-531c-4ace-9164-733acd633099" 200 357 "GET http://localhost:8080/v1/AUTH_91b28f897c244f42b65e8c48e62eec50/gnocchi.12714033-531c-4ace-9164-733acd633099?format=json&states=listing" "tx59035758d571450d8016f-006a2ac367" "proxy-server 21" 0.0203 "-" 22 0
Jun 11 14:17:11 standalone proxy-server[125464]: 172.18.0.2 ::1 11/Jun/2026/14/17/11 GET /v1/AUTH_91b28f897c244f42b65e8c48e62eec50/gnocchi.12714033-531c-4ace-9164-733acd633099%3Fformat%3Djson%26states%3Dlisting HTTP/1.0 200 - python-swiftclient-3.11.1 gAAAAABqKsNJEM4O... - 357 - tx59035758d571450d8016f-006a2ac367 - 0.0370 - - 1781187431.567094088 1781187431.604073286 0
Jun 11 14:17:11 standalone container-server[123382]: 172.20.0.100 - - [11/Jun/2026:14:17:11 +0000] "GET /d1/946/AUTH_91b28f897c244f42b65e8c48e62eec50/gnocchi.12714033-531c-4ace-9164-733acd633099" 200 2 "GET http://localhost:8080/v1/AUTH_91b28f897c244f42b65e8c48e62eec50/gnocchi.12714033-531c-4ace-9164-733acd633099?format=json&marker=none_v3&states=listing" "tx2eae2f595c5644159cb14-006a2ac367" "proxy-server 21" 0.0039 "-" 23 0
Jun 11 14:17:11 standalone proxy-server[125464]: 172.18.0.2 ::1 11/Jun/2026/14/17/11 GET /v1/AUTH_91b28f897c244f42b65e8c48e62eec50/gnocchi.12714033-531c-4ace-9164-733acd633099%3Fformat%3Djson%26marker%3Dnone_v3%26states%3Dlisting HTTP/1.0 200 - python-swiftclient-3.11.1 gAAAAABqKsNJEM4O... - 2 - tx2eae2f595c5644159cb14-006a2ac367 - 0.0137 - - 1781187431.610050678 1781187431.623774767 0
Jun 11 14:17:11 standalone object-server[123541]: 172.20.0.100 - - [11/Jun/2026:14:17:11 +0000] "GET /d1/269/AUTH_91b28f897c244f42b65e8c48e62eec50/gnocchi.12714033-531c-4ace-9164-733acd633099/1780920000.0_mean_300.0_v3" 200 16 "GET http://localhost:8080/v1/AUTH_91b28f897c244f42b65e8c48e62eec50/gnocchi.12714033-531c-4ace-9164-733acd633099/1780920000.0_mean_300.0_v3" "txe0fd0e80569b42b88556f-006a2ac367" "proxy-server 21" 0.0014 "-" 23 0
Jun 11 14:17:11 standalone proxy-server[125464]: 172.18.0.2 ::1 11/Jun/2026/14/17/11 GET /v1/AUTH_91b28f897c244f42b65e8c48e62eec50/gnocchi.12714033-531c-4ace-9164-733acd633099/1780920000.0_mean_300.0_v3 HTTP/1.0 200 - python-swiftclient-3.11.1 gAAAAABqKsNJEM4O... - 16 - txe0fd0e80569b42b88556f-006a2ac367 - 0.0100 - - 1781187431.627461672 1781187431.637426853 0
Jun 11 14:17:11 standalone container-server[123382]: 172.20.0.100 - - [11/Jun/2026:14:17:11 +0000] "PUT /d1/946/AUTH_91b28f897c244f42b65e8c48e62eec50/gnocchi.12714033-531c-4ace-9164-733acd633099/1780920000.0_mean_300.0_v3" 201 - "PUT http://localhost:8080/d1/269/AUTH_91b28f897c244f42b65e8c48e62eec50/gnocchi.12714033-531c-4ace-9164-733acd633099/1780920000.0_mean_300.0_v3" "tx67ae3d64b34643a8be1f7-006a2ac367" "object-server 23" 0.0011 "-" 23 0
Jun 11 14:17:11 standalone object-server[123541]: 172.20.0.100 - - [11/Jun/2026:14:17:11 +0000] "PUT /d1/269/AUTH_91b28f897c244f42b65e8c48e62eec50/gnocchi.12714033-531c-4ace-9164-733acd633099/1780920000.0_mean_300.0_v3" 201 - "PUT http://localhost:8080/v1/AUTH_91b28f897c244f42b65e8c48e62eec50/gnocchi.12714033-531c-4ace-9164-733acd633099/1780920000.0_mean_300.0_v3" "tx67ae3d64b34643a8be1f7-006a2ac367" "proxy-server 21" 0.0113 "-" 23 0
Jun 11 14:17:11 standalone proxy-server[125464]: 172.18.0.2 ::1 11/Jun/2026/14/17/11 PUT /v1/AUTH_91b28f897c244f42b65e8c48e62eec50/gnocchi.12714033-531c-4ace-9164-733acd633099/1780920000.0_mean_300.0_v3 HTTP/1.0 201 - python-swiftclient-3.11.1 gAAAAABqKsNJEM4O... 16 - - tx67ae3d64b34643a8be1f7-006a2ac367 - 0.0192 - - 1781187431.640548944 1781187431.659738064 0
Jun 11 14:17:11 standalone container-server[123354]: 172.20.0.100 - - [11/Jun/2026:14:17:11 +0000] "PUT /d1/946/AUTH_91b28f897c244f42b65e8c48e62eec50/gnocchi.12714033-531c-4ace-9164-733acd633099/none_v3" 201 - "PUT http://localhost:8080/d1/302/AUTH_91b28f897c244f42b65e8c48e62eec50/gnocchi.12714033-531c-4ace-9164-733acd633099/none_v3" "tx6633874e1f3149fb8cace-006a2ac367" "object-server 23" 0.0008 "-" 19 0
Jun 11 14:17:11 standalone object-server[123541]: 172.20.0.100 - - [11/Jun/2026:14:17:11 +0000] "PUT /d1/302/AUTH_91b28f897c244f42b65e8c48e62eec50/gnocchi.12714033-531c-4ace-9164-733acd633099/none_v3" 201 - "PUT http://localhost:8080/v1/AUTH_91b28f897c244f42b65e8c48e62eec50/gnocchi.12714033-531c-4ace-9164-733acd633099/none_v3" "tx6633874e1f3149fb8cace-006a2ac367" "proxy-server 21" 0.0125 "-" 23 0
Jun 11 14:17:11 standalone proxy-server[125464]: 172.18.0.2 ::1 11/Jun/2026/14/17/11 PUT /v1/AUTH_91b28f897c244f42b65e8c48e62eec50/gnocchi.12714033-531c-4ace-9164-733acd633099/none_v3 HTTP/1.0 201 - python-swiftclient-3.11.1 gAAAAABqKsNJEM4O... 32 - - tx6633874e1f3149fb8cace-006a2ac367 - 0.0197 - - 1781187431.662881136 1781187431.682564497 0
Jun 11 14:17:41 standalone account-server[123285]: 172.20.0.100 - - [11/Jun/2026:14:17:41 +0000] "HEAD /d1/776/AUTH_91b28f897c244f42b65e8c48e62eec50" 204 - "HEAD http://localhost:8080/v1/AUTH_91b28f897c244f42b65e8c48e62eec50?format=json" "tx8685e85ca0e4435e93339-006a2ac385" "proxy-server 21" 0.0078 "-" 23 -
Jun 11 14:17:41 standalone proxy-server[125464]: - - 11/Jun/2026/14/17/41 HEAD /v1/AUTH_91b28f897c244f42b65e8c48e62eec50%3Fformat%3Djson HTTP/1.0 204 - Swift - - - - tx8685e85ca0e4435e93339-006a2ac385 - 0.0153 RL - 1781187461.167999268 1781187461.183268070 -
Jun 11 14:17:41 standalone container-server[123373]: 172.20.0.100 - - [11/Jun/2026:14:17:41 +0000] "HEAD /d1/998/AUTH_91b28f897c244f42b65e8c48e62eec50/glance" 204 - "HEAD http://localhost:8080/v1/AUTH_91b28f897c244f42b65e8c48e62eec50/glance?format=json&states=listing" "tx8685e85ca0e4435e93339-006a2ac385" "proxy-server 21" 0.0082 "-" 22 0
Jun 11 14:17:41 standalone object-server[123542]: 172.20.0.100 - - [11/Jun/2026:14:17:41 +0000] "GET /d1/168/AUTH_91b28f897c244f42b65e8c48e62eec50/glance/4a31a165-8849-461c-a9eb-c6758a807fd9" 200 - "GET http://localhost:8080/v1/AUTH_91b28f897c244f42b65e8c48e62eec50/glance/4a31a165-8849-461c-a9eb-c6758a807fd9" "tx8685e85ca0e4435e93339-006a2ac385" "proxy-server 21" 0.0012 "-" 24 0
Jun 11 14:17:41 standalone container-server[123354]: 172.20.0.100 - - [11/Jun/2026:14:17:41 +0000] "GET /d1/998/AUTH_91b28f897c244f42b65e8c48e62eec50/glance" 200 210 "GET http://localhost:8080/v1/AUTH_91b28f897c244f42b65e8c48e62eec50/glance?prefix=4a31a165-8849-461c-a9eb-c6758a807fd9-&format=json&states=listing" "tx8685e85ca0e4435e93339-006a2ac385" "proxy-server 21" 0.0019 "-" 19 0
Jun 11 14:17:41 standalone proxy-server[125464]: - - 11/Jun/2026/14/17/41 GET /v1/AUTH_91b28f897c244f42b65e8c48e62eec50/glance%3Fprefix%3D4a31a165-8849-461c-a9eb-c6758a807fd9-%26format%3Djson%26states%3Dlisting HTTP/1.0 200 - python-swiftclient-3.11.1%20DLO%20MultipartGET gAAAAABqKsOFxjp2... - 210 - tx8685e85ca0e4435e93339-006a2ac385 - 0.0060 DLO - 1781187461.289531469 1781187461.295510054 0
Jun 11 14:17:41 standalone object-server[123542]: 172.20.0.100 - - [11/Jun/2026:14:17:41 +0000] "GET /d1/144/AUTH_91b28f897c244f42b65e8c48e62eec50/glance/4a31a165-8849-461c-a9eb-c6758a807fd9-00001" 200 21692416 "GET http://localhost:8080/v1/AUTH_91b28f897c244f42b65e8c48e62eec50/glance/4a31a165-8849-461c-a9eb-c6758a807fd9-00001?multipart-manifest=get" "tx8685e85ca0e4435e93339-006a2ac385" "proxy-server 21" 0.0007 "-" 24 0
Jun 11 14:17:41 standalone proxy-server[125464]: - - 11/Jun/2026/14/17/41 GET /v1/AUTH_91b28f897c244f42b65e8c48e62eec50/glance/4a31a165-8849-461c-a9eb-c6758a807fd9-00001%3Fmultipart-manifest%3Dget HTTP/1.0 200 - python-swiftclient-3.11.1%20%20DLO%20MultipartGET gAAAAABqKsOFxjp2... - 21692416 - tx8685e85ca0e4435e93339-006a2ac385 - 0.1378 DLO - 1781187461.296370268 1781187461.434142351 0
Jun 11 14:17:41 standalone proxy-server[125464]: 172.18.0.2 ::1 11/Jun/2026/14/17/41 GET /v1/AUTH_91b28f897c244f42b65e8c48e62eec50/glance/4a31a165-8849-461c-a9eb-c6758a807fd9 HTTP/1.0 200 - python-swiftclient-3.11.1 gAAAAABqKsOFxjp2... - 21692416 - tx8685e85ca0e4435e93339-006a2ac385 - 0.2684 - - 1781187461.166331291 1781187461.434722900 0
Jun 11 14:17:42 standalone container-server[123368]: 172.20.0.100 - - [11/Jun/2026:14:17:42 +0000] "HEAD /d1/628/AUTH_91b28f897c244f42b65e8c48e62eec50/gnocchi.86ad3087-104a-4519-9543-cda5b64612aa" 404 - "HEAD http://localhost:8080/v1/AUTH_91b28f897c244f42b65e8c48e62eec50/gnocchi.86ad3087-104a-4519-9543-cda5b64612aa?format=json&states=listing" "tx9698fc7c27b84df892a0a-006a2ac386" "proxy-server 21" 0.0004 "-" 20 0
Jun 11 14:17:42 standalone object-server[123540]: 172.20.0.100 - - [11/Jun/2026:14:17:42 +0000] "GET /d1/253/AUTH_91b28f897c244f42b65e8c48e62eec50/gnocchi.86ad3087-104a-4519-9543-cda5b64612aa/none_v3" 404 70 "GET http://localhost:8080/v1/AUTH_91b28f897c244f42b65e8c48e62eec50/gnocchi.86ad3087-104a-4519-9543-cda5b64612aa/none_v3" "tx9698fc7c27b84df892a0a-006a2ac386" "proxy-server 21" 0.0006 "-" 22 0
Jun 11 14:17:42 standalone proxy-server[125464]: 172.18.0.2 ::1 11/Jun/2026/14/17/42 GET /v1/AUTH_91b28f897c244f42b65e8c48e62eec50/gnocchi.86ad3087-104a-4519-9543-cda5b64612aa/none_v3 HTTP/1.0 404 - python-swiftclient-3.11.1 gAAAAABqKsNJEM4O... - 70 - tx9698fc7c27b84df892a0a-006a2ac386 - 0.0108 - - 1781187462.665506840 1781187462.676271200 0
Jun 11 14:17:42 standalone account-server[123262]: 172.20.0.100 - - [11/Jun/2026:14:17:42 +0000] "PUT /d1/776/AUTH_91b28f897c244f42b65e8c48e62eec50/gnocchi.86ad3087-104a-4519-9543-cda5b64612aa" 201 - "PUT http://172.20.0.100:6001/d1/628/AUTH_91b28f897c244f42b65e8c48e62eec50/gnocchi.86ad3087-104a-4519-9543-cda5b64612aa" "txd1b6c5ac1ab640489dd1d-006a2ac386" "container-server 22" 0.0012 "-" 21 0
Jun 11 14:17:42 standalone container-server[123373]: 172.20.0.100 - - [11/Jun/2026:14:17:42 +0000] "PUT /d1/628/AUTH_91b28f897c244f42b65e8c48e62eec50/gnocchi.86ad3087-104a-4519-9543-cda5b64612aa" 201 - "PUT http://localhost:8080/v1/AUTH_91b28f897c244f42b65e8c48e62eec50/gnocchi.86ad3087-104a-4519-9543-cda5b64612aa" "txd1b6c5ac1ab640489dd1d-006a2ac386" "proxy-server 21" 0.0113 "-" 22 0
Jun 11 14:17:42 standalone proxy-server[125464]: 172.18.0.2 ::1 11/Jun/2026/14/17/42 PUT /v1/AUTH_91b28f897c244f42b65e8c48e62eec50/gnocchi.86ad3087-104a-4519-9543-cda5b64612aa HTTP/1.0 201 - python-swiftclient-3.11.1 gAAAAABqKsNJEM4O... - - - txd1b6c5ac1ab640489dd1d-006a2ac386 - 0.0156 - - 1781187462.679264307 1781187462.694897413 0
Jun 11 14:17:42 standalone container-server[123373]: 172.20.0.100 - - [11/Jun/2026:14:17:42 +0000] "HEAD /d1/628/AUTH_91b28f897c244f42b65e8c48e62eec50/gnocchi.86ad3087-104a-4519-9543-cda5b64612aa" 204 - "HEAD http://localhost:8080/v1/AUTH_91b28f897c244f42b65e8c48e62eec50/gnocchi.86ad3087-104a-4519-9543-cda5b64612aa?format=json&states=listing" "tx2b0ebf400ec54bf197b2b-006a2ac386" "proxy-server 21" 0.0012 "-" 22 0
Jun 11 14:17:42 standalone proxy-server[125464]: - - 11/Jun/2026/14/17/42 HEAD /v1/AUTH_91b28f897c244f42b65e8c48e62eec50/gnocchi.86ad3087-104a-4519-9543-cda5b64612aa%3Fformat%3Djson%26states%3Dlisting HTTP/1.0 204 - Swift - - - - tx2b0ebf400ec54bf197b2b-006a2ac386 - 0.0036 RL - 1781187462.698567152 1781187462.702162743 0
Jun 11 14:17:42 standalone container-server[123368]: 172.20.0.100 - - [11/Jun/2026:14:17:42 +0000] "GET /d1/628/AUTH_91b28f897c244f42b65e8c48e62eec50/gnocchi.86ad3087-104a-4519-9543-cda5b64612aa" 200 2 "GET http://localhost:8080/v1/AUTH_91b28f897c244f42b65e8c48e62eec50/gnocchi.86ad3087-104a-4519-9543-cda5b64612aa?format=json&states=listing" "tx2b0ebf400ec54bf197b2b-006a2ac386" "proxy-server 21" 0.0018 "-" 20 0
Jun 11 14:17:42 standalone proxy-server[125464]: 172.18.0.2 ::1 11/Jun/2026/14/17/42 GET /v1/AUTH_91b28f897c244f42b65e8c48e62eec50/gnocchi.86ad3087-104a-4519-9543-cda5b64612aa%3Fformat%3Djson%26states%3Dlisting HTTP/1.0 200 - python-swiftclient-3.11.1 gAAAAABqKsNJEM4O... - 2 - tx2b0ebf400ec54bf197b2b-006a2ac386 - 0.0120 - - 1781187462.697750568 1781187462.709793568 0
Jun 11 14:17:42 standalone object-server[123543]: 172.20.0.100 - - [11/Jun/2026:14:17:42 +0000] "GET /d1/427/AUTH_91b28f897c244f42b65e8c48e62eec50/gnocchi.86ad3087-104a-4519-9543-cda5b64612aa/1780920000.0_mean_300.0_v3" 404 70 "GET http://localhost:8080/v1/AUTH_91b28f897c244f42b65e8c48e62eec50/gnocchi.86ad3087-104a-4519-9543-cda5b64612aa/1780920000.0_mean_300.0_v3" "txe51b9a1b3d4947e5926a7-006a2ac386" "proxy-server 21" 0.0003 "-" 25 0
Jun 11 14:17:42 standalone proxy-server[125464]: 172.18.0.2 ::1 11/Jun/2026/14/17/42 GET /v1/AUTH_91b28f897c244f42b65e8c48e62eec50/gnocchi.86ad3087-104a-4519-9543-cda5b64612aa/1780920000.0_mean_300.0_v3 HTTP/1.0 404 - python-swiftclient-3.11.1 gAAAAABqKsNJEM4O... - 70 - txe51b9a1b3d4947e5926a7-006a2ac386 - 0.0043 - - 1781187462.713960171 1781187462.718235731 0
Jun 11 14:17:42 standalone container-server[123382]: 172.20.0.100 - - [11/Jun/2026:14:17:42 +0000] "PUT /d1/628/AUTH_91b28f897c244f42b65e8c48e62eec50/gnocchi.86ad3087-104a-4519-9543-cda5b64612aa/1780920000.0_mean_300.0_v3" 201 - "PUT http://localhost:8080/d1/427/AUTH_91b28f897c244f42b65e8c48e62eec50/gnocchi.86ad3087-104a-4519-9543-cda5b64612aa/1780920000.0_mean_300.0_v3" "tx39cd856179214c3b816b3-006a2ac386" "object-server 22" 0.0009 "-" 23 0
Jun 11 14:17:42 standalone object-server[123540]: 172.20.0.100 - - [11/Jun/2026:14:17:42 +0000] "PUT /d1/427/AUTH_91b28f897c244f42b65e8c48e62eec50/gnocchi.86ad3087-104a-4519-9543-cda5b64612aa/1780920000.0_mean_300.0_v3" 201 - "PUT http://localhost:8080/v1/AUTH_91b28f897c244f42b65e8c48e62eec50/gnocchi.86ad3087-104a-4519-9543-cda5b64612aa/1780920000.0_mean_300.0_v3" "tx39cd856179214c3b816b3-006a2ac386" "proxy-server 21" 0.0217 "-" 22 0
Jun 11 14:17:42 standalone proxy-server[125464]: 172.18.0.2 ::1 11/Jun/2026/14/17/42 PUT /v1/AUTH_91b28f897c244f42b65e8c48e62eec50/gnocchi.86ad3087-104a-4519-9543-cda5b64612aa/1780920000.0_mean_300.0_v3 HTTP/1.0 201 - python-swiftclient-3.11.1 gAAAAABqKsNJEM4O... 16 - - tx39cd856179214c3b816b3-006a2ac386 - 0.0264 - - 1781187462.720909595 1781187462.747352362 0
Jun 11 14:17:42 standalone container-server[123373]: 172.20.0.100 - - [11/Jun/2026:14:17:42 +0000] "PUT /d1/628/AUTH_91b28f897c244f42b65e8c48e62eec50/gnocchi.86ad3087-104a-4519-9543-cda5b64612aa/none_v3" 201 - "PUT http://localhost:8080/d1/253/AUTH_91b28f897c244f42b65e8c48e62eec50/gnocchi.86ad3087-104a-4519-9543-cda5b64612aa/none_v3" "txcc37326059dc4a32b7be0-006a2ac386" "object-server 22" 0.0008 "-" 22 0
Jun 11 14:17:42 standalone object-server[123540]: 172.20.0.100 - - [11/Jun/2026:14:17:42 +0000] "PUT /d1/253/AUTH_91b28f897c244f42b65e8c48e62eec50/gnocchi.86ad3087-104a-4519-9543-cda5b64612aa/none_v3" 201 - "PUT http://localhost:8080/v1/AUTH_91b28f897c244f42b65e8c48e62eec50/gnocchi.86ad3087-104a-4519-9543-cda5b64612aa/none_v3" "txcc37326059dc4a32b7be0-006a2ac386" "proxy-server 21" 0.0170 "-" 22 0
Jun 11 14:17:42 standalone proxy-server[125464]: 172.18.0.2 ::1 11/Jun/2026/14/17/42 PUT /v1/AUTH_91b28f897c244f42b65e8c48e62eec50/gnocchi.86ad3087-104a-4519-9543-cda5b64612aa/none_v3 HTTP/1.0 201 - python-swiftclient-3.11.1 gAAAAABqKsNJEM4O... 22 - - txcc37326059dc4a32b7be0-006a2ac386 - 0.0216 - - 1781187462.750197649 1781187462.771792173 0
Jun 11 14:17:42 standalone container-server[123354]: 172.20.0.100 - - [11/Jun/2026:14:17:42 +0000] "HEAD /d1/730/AUTH_91b28f897c244f42b65e8c48e62eec50/gnocchi.98a9923b-316a-4096-bf66-0af61fa63ec0" 404 - "HEAD http://localhost:8080/v1/AUTH_91b28f897c244f42b65e8c48e62eec50/gnocchi.98a9923b-316a-4096-bf66-0af61fa63ec0?format=json&states=listing" "txbd0e133e01a445b1932ae-006a2ac386" "proxy-server 21" 0.0004 "-" 19 0
Jun 11 14:17:42 standalone object-server[123540]: 172.20.0.100 - - [11/Jun/2026:14:17:42 +0000] "GET /d1/851/AUTH_91b28f897c244f42b65e8c48e62eec50/gnocchi.98a9923b-316a-4096-bf66-0af61fa63ec0/none_v3" 404 70 "GET http://localhost:8080/v1/AUTH_91b28f897c244f42b65e8c48e62eec50/gnocchi.98a9923b-316a-4096-bf66-0af61fa63ec0/none_v3" "txbd0e133e01a445b1932ae-006a2ac386" "proxy-server 21" 0.0003 "-" 22 0
Jun 11 14:17:42 standalone proxy-server[125464]: 172.18.0.2 ::1 11/Jun/2026/14/17/42 GET /v1/AUTH_91b28f897c244f42b65e8c48e62eec50/gnocchi.98a9923b-316a-4096-bf66-0af61fa63ec0/none_v3 HTTP/1.0 404 - python-swiftclient-3.11.1 gAAAAABqKsNJEM4O... - 70 - txbd0e133e01a445b1932ae-006a2ac386 - 0.0089 - - 1781187462.810849190 1781187462.819776773 0
Jun 11 14:17:42 standalone account-server[123271]: 172.20.0.100 - - [11/Jun/2026:14:17:42 +0000] "PUT /d1/776/AUTH_91b28f897c244f42b65e8c48e62eec50/gnocchi.98a9923b-316a-4096-bf66-0af61fa63ec0" 201 - "PUT http://172.20.0.100:6001/d1/730/AUTH_91b28f897c244f42b65e8c48e62eec50/gnocchi.98a9923b-316a-4096-bf66-0af61fa63ec0" "tx516ed5d6687043f49b0e4-006a2ac386" "container-server 19" 0.0056 "-" 22 0
Jun 11 14:17:42 standalone container-server[123354]: 172.20.0.100 - - [11/Jun/2026:14:17:42 +0000] "PUT /d1/730/AUTH_91b28f897c244f42b65e8c48e62eec50/gnocchi.98a9923b-316a-4096-bf66-0af61fa63ec0" 201 - "PUT http://localhost:8080/v1/AUTH_91b28f897c244f42b65e8c48e62eec50/gnocchi.98a9923b-316a-4096-bf66-0af61fa63ec0" "tx516ed5d6687043f49b0e4-006a2ac386" "proxy-server 21" 0.0187 "-" 19 0
Jun 11 14:17:42 standalone proxy-server[125464]: 172.18.0.2 ::1 11/Jun/2026/14/17/42 PUT /v1/AUTH_91b28f897c244f42b65e8c48e62eec50/gnocchi.98a9923b-316a-4096-bf66-0af61fa63ec0 HTTP/1.0 201 - python-swiftclient-3.11.1 gAAAAABqKsNJEM4O... - - - tx516ed5d6687043f49b0e4-006a2ac386 - 0.0232 - - 1781187462.822862387 1781187462.846022367 0
Jun 11 14:17:42 standalone container-server[123368]: 172.20.0.100 - - [11/Jun/2026:14:17:42 +0000] "HEAD /d1/730/AUTH_91b28f897c244f42b65e8c48e62eec50/gnocchi.98a9923b-316a-4096-bf66-0af61fa63ec0" 204 - "HEAD http://localhost:8080/v1/AUTH_91b28f897c244f42b65e8c48e62eec50/gnocchi.98a9923b-316a-4096-bf66-0af61fa63ec0?format=json&states=listing" "txbc11feb9571a4c7a8931b-006a2ac386" "proxy-server 21" 0.0011 "-" 20 0
Jun 11 14:17:42 standalone proxy-server[125464]: - - 11/Jun/2026/14/17/42 HEAD /v1/AUTH_91b28f897c244f42b65e8c48e62eec50/gnocchi.98a9923b-316a-4096-bf66-0af61fa63ec0%3Fformat%3Djson%26states%3Dlisting HTTP/1.0 204 - Swift - - - - txbc11feb9571a4c7a8931b-006a2ac386 - 0.0038 RL - 1781187462.850263119 1781187462.854091883 0
Jun 11 14:17:42 standalone container-server[123368]: 172.20.0.100 - - [11/Jun/2026:14:17:42 +0000] "GET /d1/730/AUTH_91b28f897c244f42b65e8c48e62eec50/gnocchi.98a9923b-316a-4096-bf66-0af61fa63ec0" 200 2 "GET http://localhost:8080/v1/AUTH_91b28f897c244f42b65e8c48e62eec50/gnocchi.98a9923b-316a-4096-bf66-0af61fa63ec0?format=json&states=listing" "txbc11feb9571a4c7a8931b-006a2ac386" "proxy-server 21" 0.0014 "-" 20 0
Jun 11 14:17:42 standalone proxy-server[125464]: 172.18.0.2 ::1 11/Jun/2026/14/17/42 GET /v1/AUTH_91b28f897c244f42b65e8c48e62eec50/gnocchi.98a9923b-316a-4096-bf66-0af61fa63ec0%3Fformat%3Djson%26states%3Dlisting HTTP/1.0 200 - python-swiftclient-3.11.1 gAAAAABqKsNJEM4O... - 2 - txbc11feb9571a4c7a8931b-006a2ac386 - 0.0104 - - 1781187462.849365473 1781187462.859718800 0
Jun 11 14:17:42 standalone object-server[123542]: 172.20.0.100 - - [11/Jun/2026:14:17:42 +0000] "GET /d1/740/AUTH_91b28f897c244f42b65e8c48e62eec50/gnocchi.98a9923b-316a-4096-bf66-0af61fa63ec0/1780920000.0_mean_300.0_v3" 404 70 "GET http://localhost:8080/v1/AUTH_91b28f897c244f42b65e8c48e62eec50/gnocchi.98a9923b-316a-4096-bf66-0af61fa63ec0/1780920000.0_mean_300.0_v3" "tx92610643d1624d978c240-006a2ac386" "proxy-server 21" 0.0003 "-" 24 0
Jun 11 14:17:42 standalone proxy-server[125464]: 172.18.0.2 ::1 11/Jun/2026/14/17/42 GET /v1/AUTH_91b28f897c244f42b65e8c48e62eec50/gnocchi.98a9923b-316a-4096-bf66-0af61fa63ec0/1780920000.0_mean_300.0_v3 HTTP/1.0 404 - python-swiftclient-3.11.1 gAAAAABqKsNJEM4O... - 70 - tx92610643d1624d978c240-006a2ac386 - 0.0052 - - 1781187462.862367630 1781187462.867580891 0
Jun 11 14:17:42 standalone container-server[123368]: 172.20.0.100 - - [11/Jun/2026:14:17:42 +0000] "PUT /d1/730/AUTH_91b28f897c244f42b65e8c48e62eec50/gnocchi.98a9923b-316a-4096-bf66-0af61fa63ec0/1780920000.0_mean_300.0_v3" 201 - "PUT http://localhost:8080/d1/740/AUTH_91b28f897c244f42b65e8c48e62eec50/gnocchi.98a9923b-316a-4096-bf66-0af61fa63ec0/1780920000.0_mean_300.0_v3" "txd3a882ec25584894ae0ea-006a2ac386" "object-server 23" 0.0005 "-" 20 0
Jun 11 14:17:42 standalone object-server[123541]: 172.20.0.100 - - [11/Jun/2026:14:17:42 +0000] "PUT /d1/740/AUTH_91b28f897c244f42b65e8c48e62eec50/gnocchi.98a9923b-316a-4096-bf66-0af61fa63ec0/1780920000.0_mean_300.0_v3" 201 - "PUT http://localhost:8080/v1/AUTH_91b28f897c244f42b65e8c48e62eec50/gnocchi.98a9923b-316a-4096-bf66-0af61fa63ec0/1780920000.0_mean_300.0_v3" "txd3a882ec25584894ae0ea-006a2ac386" "proxy-server 21" 0.0110 "-" 23 0
Jun 11 14:17:42 standalone proxy-server[125464]: 172.18.0.2 ::1 11/Jun/2026/14/17/42 PUT /v1/AUTH_91b28f897c244f42b65e8c48e62eec50/gnocchi.98a9923b-316a-4096-bf66-0af61fa63ec0/1780920000.0_mean_300.0_v3 HTTP/1.0 201 - python-swiftclient-3.11.1 gAAAAABqKsNJEM4O... 16 - - txd3a882ec25584894ae0ea-006a2ac386 - 0.0159 - - 1781187462.869952440 1781187462.885820866 0
Jun 11 14:17:42 standalone container-server[123354]: 172.20.0.100 - - [11/Jun/2026:14:17:42 +0000] "PUT /d1/730/AUTH_91b28f897c244f42b65e8c48e62eec50/gnocchi.98a9923b-316a-4096-bf66-0af61fa63ec0/none_v3" 201 - "PUT http://localhost:8080/d1/851/AUTH_91b28f897c244f42b65e8c48e62eec50/gnocchi.98a9923b-316a-4096-bf66-0af61fa63ec0/none_v3" "txc761310b83094769b2ec7-006a2ac386" "object-server 22" 0.0007 "-" 19 0
Jun 11 14:17:42 standalone object-server[123540]: 172.20.0.100 - - [11/Jun/2026:14:17:42 +0000] "PUT /d1/851/AUTH_91b28f897c244f42b65e8c48e62eec50/gnocchi.98a9923b-316a-4096-bf66-0af61fa63ec0/none_v3" 201 - "PUT http://localhost:8080/v1/AUTH_91b28f897c244f42b65e8c48e62eec50/gnocchi.98a9923b-316a-4096-bf66-0af61fa63ec0/none_v3" "txc761310b83094769b2ec7-006a2ac386" "proxy-server 21" 0.0101 "-" 22 0
Jun 11 14:17:42 standalone proxy-server[125464]: 172.18.0.2 ::1 11/Jun/2026/14/17/42 PUT /v1/AUTH_91b28f897c244f42b65e8c48e62eec50/gnocchi.98a9923b-316a-4096-bf66-0af61fa63ec0/none_v3 HTTP/1.0 201 - python-swiftclient-3.11.1 gAAAAABqKsNJEM4O... 22 - - txc761310b83094769b2ec7-006a2ac386 - 0.0161 - - 1781187462.889137506 1781187462.905237913 0
Jun 11 14:17:47 standalone container-server[123354]: 172.20.0.100 - - [11/Jun/2026:14:17:47 +0000] "HEAD /d1/524/AUTH_91b28f897c244f42b65e8c48e62eec50/gnocchi.476570e3-3ac4-4893-9604-cc335932c7f3" 404 - "HEAD http://localhost:8080/v1/AUTH_91b28f897c244f42b65e8c48e62eec50/gnocchi.476570e3-3ac4-4893-9604-cc335932c7f3?format=json&states=listing" "tx1ee87ea2f3594de8b4b8d-006a2ac38b" "proxy-server 21" 0.0015 "-" 19 0
Jun 11 14:17:47 standalone object-server[123540]: 172.20.0.100 - - [11/Jun/2026:14:17:47 +0000] "GET /d1/428/AUTH_91b28f897c244f42b65e8c48e62eec50/gnocchi.476570e3-3ac4-4893-9604-cc335932c7f3/none_v3" 404 70 "GET http://localhost:8080/v1/AUTH_91b28f897c244f42b65e8c48e62eec50/gnocchi.476570e3-3ac4-4893-9604-cc335932c7f3/none_v3" "tx1ee87ea2f3594de8b4b8d-006a2ac38b" "proxy-server 21" 0.0013 "-" 22 0
Jun 11 14:17:47 standalone proxy-server[125464]: 172.18.0.2 ::1 11/Jun/2026/14/17/47 GET /v1/AUTH_91b28f897c244f42b65e8c48e62eec50/gnocchi.476570e3-3ac4-4893-9604-cc335932c7f3/none_v3 HTTP/1.0 404 - python-swiftclient-3.11.1 gAAAAABqKsNJEM4O... - 70 - tx1ee87ea2f3594de8b4b8d-006a2ac38b - 0.0312 - - 1781187467.533390045 1781187467.564593077 0
Jun 11 14:17:47 standalone account-server[123262]: 172.20.0.100 - - [11/Jun/2026:14:17:47 +0000] "PUT /d1/776/AUTH_91b28f897c244f42b65e8c48e62eec50/gnocchi.476570e3-3ac4-4893-9604-cc335932c7f3" 201 - "PUT http://172.20.0.100:6001/d1/524/AUTH_91b28f897c244f42b65e8c48e62eec50/gnocchi.476570e3-3ac4-4893-9604-cc335932c7f3" "tx68aa75024ce344fe888aa-006a2ac38b" "container-server 19" 0.0076 "-" 21 0
Jun 11 14:17:47 standalone container-server[123354]: 172.20.0.100 - - [11/Jun/2026:14:17:47 +0000] "PUT /d1/524/AUTH_91b28f897c244f42b65e8c48e62eec50/gnocchi.476570e3-3ac4-4893-9604-cc335932c7f3" 201 - "PUT http://localhost:8080/v1/AUTH_91b28f897c244f42b65e8c48e62eec50/gnocchi.476570e3-3ac4-4893-9604-cc335932c7f3" "tx68aa75024ce344fe888aa-006a2ac38b" "proxy-server 21" 0.0258 "-" 19 0
Jun 11 14:17:47 standalone proxy-server[125464]: 172.18.0.2 ::1 11/Jun/2026/14/17/47 PUT /v1/AUTH_91b28f897c244f42b65e8c48e62eec50/gnocchi.476570e3-3ac4-4893-9604-cc335932c7f3 HTTP/1.0 201 - python-swiftclient-3.11.1 gAAAAABqKsNJEM4O... - - - tx68aa75024ce344fe888aa-006a2ac38b - 0.0427 - - 1781187467.582082510 1781187467.624812126 0
