Jun 11 14:17:47 standalone container-server[123354]: 172.20.0.100 - - [11/Jun/2026:14:17:47 +0000] "HEAD /d1/524/AUTH_91b28f897c244f42b65e8c48e62eec50/gnocchi.476570e3-3ac4-4893-9604-cc335932c7f3" 204 - "HEAD http://localhost:8080/v1/AUTH_91b28f897c244f42b65e8c48e62eec50/gnocchi.476570e3-3ac4-4893-9604-cc335932c7f3?format=json&states=listing" "tx7bba214f7e0b448cbd2c9-006a2ac38b" "proxy-server 21" 0.0019 "-" 19 0
Jun 11 14:17:47 standalone proxy-server[125464]: - - 11/Jun/2026/14/17/47 HEAD /v1/AUTH_91b28f897c244f42b65e8c48e62eec50/gnocchi.476570e3-3ac4-4893-9604-cc335932c7f3%3Fformat%3Djson%26states%3Dlisting HTTP/1.0 204 - Swift - - - - tx7bba214f7e0b448cbd2c9-006a2ac38b - 0.0055 RL - 1781187467.632380009 1781187467.637866020 0
Jun 11 14:17:47 standalone container-server[123354]: 172.20.0.100 - - [11/Jun/2026:14:17:47 +0000] "GET /d1/524/AUTH_91b28f897c244f42b65e8c48e62eec50/gnocchi.476570e3-3ac4-4893-9604-cc335932c7f3" 200 2 "GET http://localhost:8080/v1/AUTH_91b28f897c244f42b65e8c48e62eec50/gnocchi.476570e3-3ac4-4893-9604-cc335932c7f3?format=json&states=listing" "tx7bba214f7e0b448cbd2c9-006a2ac38b" "proxy-server 21" 0.0028 "-" 19 0
Jun 11 14:17:47 standalone proxy-server[125464]: 172.18.0.2 ::1 11/Jun/2026/14/17/47 GET /v1/AUTH_91b28f897c244f42b65e8c48e62eec50/gnocchi.476570e3-3ac4-4893-9604-cc335932c7f3%3Fformat%3Djson%26states%3Dlisting HTTP/1.0 200 - python-swiftclient-3.11.1 gAAAAABqKsNJEM4O... - 2 - tx7bba214f7e0b448cbd2c9-006a2ac38b - 0.0176 - - 1781187467.630753279 1781187467.648335934 0
Jun 11 14:17:47 standalone object-server[123541]: 172.20.0.100 - - [11/Jun/2026:14:17:47 +0000] "GET /d1/294/AUTH_91b28f897c244f42b65e8c48e62eec50/gnocchi.476570e3-3ac4-4893-9604-cc335932c7f3/1780920000.0_mean_300.0_v3" 404 70 "GET http://localhost:8080/v1/AUTH_91b28f897c244f42b65e8c48e62eec50/gnocchi.476570e3-3ac4-4893-9604-cc335932c7f3/1780920000.0_mean_300.0_v3" "txf8b06c1176444951b3940-006a2ac38b" "proxy-server 21" 0.0004 "-" 23 0
Jun 11 14:17:47 standalone proxy-server[125464]: 172.18.0.2 ::1 11/Jun/2026/14/17/47 GET /v1/AUTH_91b28f897c244f42b65e8c48e62eec50/gnocchi.476570e3-3ac4-4893-9604-cc335932c7f3/1780920000.0_mean_300.0_v3 HTTP/1.0 404 - python-swiftclient-3.11.1 gAAAAABqKsNJEM4O... - 70 - txf8b06c1176444951b3940-006a2ac38b - 0.0061 - - 1781187467.653589725 1781187467.659681082 0
Jun 11 14:17:47 standalone container-server[123382]: 172.20.0.100 - - [11/Jun/2026:14:17:47 +0000] "PUT /d1/524/AUTH_91b28f897c244f42b65e8c48e62eec50/gnocchi.476570e3-3ac4-4893-9604-cc335932c7f3/1780920000.0_mean_300.0_v3" 201 - "PUT http://localhost:8080/d1/294/AUTH_91b28f897c244f42b65e8c48e62eec50/gnocchi.476570e3-3ac4-4893-9604-cc335932c7f3/1780920000.0_mean_300.0_v3" "tx5add700ae2ec4567ac396-006a2ac38b" "object-server 22" 0.0006 "-" 23 0
Jun 11 14:17:47 standalone object-server[123540]: 172.20.0.100 - - [11/Jun/2026:14:17:47 +0000] "PUT /d1/294/AUTH_91b28f897c244f42b65e8c48e62eec50/gnocchi.476570e3-3ac4-4893-9604-cc335932c7f3/1780920000.0_mean_300.0_v3" 201 - "PUT http://localhost:8080/v1/AUTH_91b28f897c244f42b65e8c48e62eec50/gnocchi.476570e3-3ac4-4893-9604-cc335932c7f3/1780920000.0_mean_300.0_v3" "tx5add700ae2ec4567ac396-006a2ac38b" "proxy-server 21" 0.0130 "-" 22 0
Jun 11 14:17:47 standalone proxy-server[125464]: 172.18.0.2 ::1 11/Jun/2026/14/17/47 PUT /v1/AUTH_91b28f897c244f42b65e8c48e62eec50/gnocchi.476570e3-3ac4-4893-9604-cc335932c7f3/1780920000.0_mean_300.0_v3 HTTP/1.0 201 - python-swiftclient-3.11.1 gAAAAABqKsNJEM4O... 16 - - tx5add700ae2ec4567ac396-006a2ac38b - 0.0252 - - 1781187467.664999723 1781187467.690199614 0
Jun 11 14:17:47 standalone container-server[123354]: 172.20.0.100 - - [11/Jun/2026:14:17:47 +0000] "PUT /d1/524/AUTH_91b28f897c244f42b65e8c48e62eec50/gnocchi.476570e3-3ac4-4893-9604-cc335932c7f3/none_v3" 201 - "PUT http://localhost:8080/d1/428/AUTH_91b28f897c244f42b65e8c48e62eec50/gnocchi.476570e3-3ac4-4893-9604-cc335932c7f3/none_v3" "txe31c3db0a862443eb05a2-006a2ac38b" "object-server 22" 0.0009 "-" 19 0
Jun 11 14:17:47 standalone object-server[123540]: 172.20.0.100 - - [11/Jun/2026:14:17:47 +0000] "PUT /d1/428/AUTH_91b28f897c244f42b65e8c48e62eec50/gnocchi.476570e3-3ac4-4893-9604-cc335932c7f3/none_v3" 201 - "PUT http://localhost:8080/v1/AUTH_91b28f897c244f42b65e8c48e62eec50/gnocchi.476570e3-3ac4-4893-9604-cc335932c7f3/none_v3" "txe31c3db0a862443eb05a2-006a2ac38b" "proxy-server 21" 0.0106 "-" 22 0
Jun 11 14:17:47 standalone proxy-server[125464]: 172.18.0.2 ::1 11/Jun/2026/14/17/47 PUT /v1/AUTH_91b28f897c244f42b65e8c48e62eec50/gnocchi.476570e3-3ac4-4893-9604-cc335932c7f3/none_v3 HTTP/1.0 201 - python-swiftclient-3.11.1 gAAAAABqKsNJEM4O... 22 - - txe31c3db0a862443eb05a2-006a2ac38b - 0.0177 - - 1781187467.695625782 1781187467.713334560 0
Jun 11 14:17:47 standalone container-server[123373]: 172.20.0.100 - - [11/Jun/2026:14:17:47 +0000] "HEAD /d1/440/AUTH_91b28f897c244f42b65e8c48e62eec50/gnocchi.f0e75824-31c9-41fa-8314-b5c4f3ed71fc" 404 - "HEAD http://localhost:8080/v1/AUTH_91b28f897c244f42b65e8c48e62eec50/gnocchi.f0e75824-31c9-41fa-8314-b5c4f3ed71fc?format=json&states=listing" "txa3e7cb68210041a5a00f8-006a2ac38b" "proxy-server 21" 0.0010 "-" 22 0
Jun 11 14:17:47 standalone object-server[123540]: 172.20.0.100 - - [11/Jun/2026:14:17:47 +0000] "GET /d1/351/AUTH_91b28f897c244f42b65e8c48e62eec50/gnocchi.f0e75824-31c9-41fa-8314-b5c4f3ed71fc/none_v3" 404 70 "GET http://localhost:8080/v1/AUTH_91b28f897c244f42b65e8c48e62eec50/gnocchi.f0e75824-31c9-41fa-8314-b5c4f3ed71fc/none_v3" "txa3e7cb68210041a5a00f8-006a2ac38b" "proxy-server 21" 0.0006 "-" 22 0
Jun 11 14:17:47 standalone proxy-server[125464]: 172.18.0.2 ::1 11/Jun/2026/14/17/47 GET /v1/AUTH_91b28f897c244f42b65e8c48e62eec50/gnocchi.f0e75824-31c9-41fa-8314-b5c4f3ed71fc/none_v3 HTTP/1.0 404 - python-swiftclient-3.11.1 gAAAAABqKsNJEM4O... - 70 - txa3e7cb68210041a5a00f8-006a2ac38b - 0.0158 - - 1781187467.733443499 1781187467.749235153 0
Jun 11 14:17:47 standalone account-server[123271]: 172.20.0.100 - - [11/Jun/2026:14:17:47 +0000] "PUT /d1/776/AUTH_91b28f897c244f42b65e8c48e62eec50/gnocchi.f0e75824-31c9-41fa-8314-b5c4f3ed71fc" 201 - "PUT http://172.20.0.100:6001/d1/440/AUTH_91b28f897c244f42b65e8c48e62eec50/gnocchi.f0e75824-31c9-41fa-8314-b5c4f3ed71fc" "tx38f6dfbfe2674101b045d-006a2ac38b" "container-server 20" 0.0090 "-" 22 0
Jun 11 14:17:47 standalone container-server[123368]: 172.20.0.100 - - [11/Jun/2026:14:17:47 +0000] "PUT /d1/440/AUTH_91b28f897c244f42b65e8c48e62eec50/gnocchi.f0e75824-31c9-41fa-8314-b5c4f3ed71fc" 201 - "PUT http://localhost:8080/v1/AUTH_91b28f897c244f42b65e8c48e62eec50/gnocchi.f0e75824-31c9-41fa-8314-b5c4f3ed71fc" "tx38f6dfbfe2674101b045d-006a2ac38b" "proxy-server 21" 0.0245 "-" 20 0
Jun 11 14:17:47 standalone proxy-server[125464]: 172.18.0.2 ::1 11/Jun/2026/14/17/47 PUT /v1/AUTH_91b28f897c244f42b65e8c48e62eec50/gnocchi.f0e75824-31c9-41fa-8314-b5c4f3ed71fc HTTP/1.0 201 - python-swiftclient-3.11.1 gAAAAABqKsNJEM4O... - - - tx38f6dfbfe2674101b045d-006a2ac38b - 0.0319 - - 1781187467.757586002 1781187467.789465427 0
Jun 11 14:17:47 standalone container-server[123373]: 172.20.0.100 - - [11/Jun/2026:14:17:47 +0000] "HEAD /d1/440/AUTH_91b28f897c244f42b65e8c48e62eec50/gnocchi.f0e75824-31c9-41fa-8314-b5c4f3ed71fc" 204 - "HEAD http://localhost:8080/v1/AUTH_91b28f897c244f42b65e8c48e62eec50/gnocchi.f0e75824-31c9-41fa-8314-b5c4f3ed71fc?format=json&states=listing" "tx90118e9bddf44c46bfaaa-006a2ac38b" "proxy-server 21" 0.0033 "-" 22 0
Jun 11 14:17:47 standalone proxy-server[125464]: - - 11/Jun/2026/14/17/47 HEAD /v1/AUTH_91b28f897c244f42b65e8c48e62eec50/gnocchi.f0e75824-31c9-41fa-8314-b5c4f3ed71fc%3Fformat%3Djson%26states%3Dlisting HTTP/1.0 204 - Swift - - - - tx90118e9bddf44c46bfaaa-006a2ac38b - 0.0084 RL - 1781187467.799167395 1781187467.807600975 0
Jun 11 14:17:47 standalone container-server[123368]: 172.20.0.100 - - [11/Jun/2026:14:17:47 +0000] "GET /d1/440/AUTH_91b28f897c244f42b65e8c48e62eec50/gnocchi.f0e75824-31c9-41fa-8314-b5c4f3ed71fc" 200 2 "GET http://localhost:8080/v1/AUTH_91b28f897c244f42b65e8c48e62eec50/gnocchi.f0e75824-31c9-41fa-8314-b5c4f3ed71fc?format=json&states=listing" "tx90118e9bddf44c46bfaaa-006a2ac38b" "proxy-server 21" 0.0028 "-" 20 0
Jun 11 14:17:47 standalone proxy-server[125464]: 172.18.0.2 ::1 11/Jun/2026/14/17/47 GET /v1/AUTH_91b28f897c244f42b65e8c48e62eec50/gnocchi.f0e75824-31c9-41fa-8314-b5c4f3ed71fc%3Fformat%3Djson%26states%3Dlisting HTTP/1.0 200 - python-swiftclient-3.11.1 gAAAAABqKsNJEM4O... - 2 - tx90118e9bddf44c46bfaaa-006a2ac38b - 0.0208 - - 1781187467.797446489 1781187467.818273306 0
Jun 11 14:17:47 standalone object-server[123542]: 172.20.0.100 - - [11/Jun/2026:14:17:47 +0000] "GET /d1/518/AUTH_91b28f897c244f42b65e8c48e62eec50/gnocchi.f0e75824-31c9-41fa-8314-b5c4f3ed71fc/1780920000.0_mean_300.0_v3" 404 70 "GET http://localhost:8080/v1/AUTH_91b28f897c244f42b65e8c48e62eec50/gnocchi.f0e75824-31c9-41fa-8314-b5c4f3ed71fc/1780920000.0_mean_300.0_v3" "tx4ff796d3ac5944df9023e-006a2ac38b" "proxy-server 21" 0.0004 "-" 24 0
Jun 11 14:17:47 standalone proxy-server[125464]: 172.18.0.2 ::1 11/Jun/2026/14/17/47 GET /v1/AUTH_91b28f897c244f42b65e8c48e62eec50/gnocchi.f0e75824-31c9-41fa-8314-b5c4f3ed71fc/1780920000.0_mean_300.0_v3 HTTP/1.0 404 - python-swiftclient-3.11.1 gAAAAABqKsNJEM4O... - 70 - tx4ff796d3ac5944df9023e-006a2ac38b - 0.0078 - - 1781187467.825911760 1781187467.833712816 0
Jun 11 14:17:47 standalone container-server[123368]: 172.20.0.100 - - [11/Jun/2026:14:17:47 +0000] "PUT /d1/440/AUTH_91b28f897c244f42b65e8c48e62eec50/gnocchi.f0e75824-31c9-41fa-8314-b5c4f3ed71fc/1780920000.0_mean_300.0_v3" 201 - "PUT http://localhost:8080/d1/518/AUTH_91b28f897c244f42b65e8c48e62eec50/gnocchi.f0e75824-31c9-41fa-8314-b5c4f3ed71fc/1780920000.0_mean_300.0_v3" "tx6a3050ff8f4c46ad8188e-006a2ac38b" "object-server 25" 0.0005 "-" 20 0
Jun 11 14:17:47 standalone object-server[123543]: 172.20.0.100 - - [11/Jun/2026:14:17:47 +0000] "PUT /d1/518/AUTH_91b28f897c244f42b65e8c48e62eec50/gnocchi.f0e75824-31c9-41fa-8314-b5c4f3ed71fc/1780920000.0_mean_300.0_v3" 201 - "PUT http://localhost:8080/v1/AUTH_91b28f897c244f42b65e8c48e62eec50/gnocchi.f0e75824-31c9-41fa-8314-b5c4f3ed71fc/1780920000.0_mean_300.0_v3" "tx6a3050ff8f4c46ad8188e-006a2ac38b" "proxy-server 21" 0.0092 "-" 25 0
Jun 11 14:17:47 standalone proxy-server[125464]: 172.18.0.2 ::1 11/Jun/2026/14/17/47 PUT /v1/AUTH_91b28f897c244f42b65e8c48e62eec50/gnocchi.f0e75824-31c9-41fa-8314-b5c4f3ed71fc/1780920000.0_mean_300.0_v3 HTTP/1.0 201 - python-swiftclient-3.11.1 gAAAAABqKsNJEM4O... 16 - - tx6a3050ff8f4c46ad8188e-006a2ac38b - 0.0161 - - 1781187467.840570450 1781187467.856664658 0
Jun 11 14:17:47 standalone container-server[123382]: 172.20.0.100 - - [11/Jun/2026:14:17:47 +0000] "PUT /d1/440/AUTH_91b28f897c244f42b65e8c48e62eec50/gnocchi.f0e75824-31c9-41fa-8314-b5c4f3ed71fc/none_v3" 201 - "PUT http://localhost:8080/d1/351/AUTH_91b28f897c244f42b65e8c48e62eec50/gnocchi.f0e75824-31c9-41fa-8314-b5c4f3ed71fc/none_v3" "txdcac84187b8c44538c3be-006a2ac38b" "object-server 22" 0.0004 "-" 23 0
Jun 11 14:17:47 standalone object-server[123540]: 172.20.0.100 - - [11/Jun/2026:14:17:47 +0000] "PUT /d1/351/AUTH_91b28f897c244f42b65e8c48e62eec50/gnocchi.f0e75824-31c9-41fa-8314-b5c4f3ed71fc/none_v3" 201 - "PUT http://localhost:8080/v1/AUTH_91b28f897c244f42b65e8c48e62eec50/gnocchi.f0e75824-31c9-41fa-8314-b5c4f3ed71fc/none_v3" "txdcac84187b8c44538c3be-006a2ac38b" "proxy-server 21" 0.0126 "-" 22 0
Jun 11 14:17:47 standalone proxy-server[125464]: 172.18.0.2 ::1 11/Jun/2026/14/17/47 PUT /v1/AUTH_91b28f897c244f42b65e8c48e62eec50/gnocchi.f0e75824-31c9-41fa-8314-b5c4f3ed71fc/none_v3 HTTP/1.0 201 - python-swiftclient-3.11.1 gAAAAABqKsNJEM4O... 22 - - txdcac84187b8c44538c3be-006a2ac38b - 0.0223 - - 1781187467.865360737 1781187467.887637615 0
Jun 11 14:17:47 standalone container-server[123382]: 172.20.0.100 - - [11/Jun/2026:14:17:47 +0000] "HEAD /d1/541/AUTH_91b28f897c244f42b65e8c48e62eec50/gnocchi.6aea51de-58de-46a4-852c-61c9ede48362" 404 - "HEAD http://localhost:8080/v1/AUTH_91b28f897c244f42b65e8c48e62eec50/gnocchi.6aea51de-58de-46a4-852c-61c9ede48362?format=json&states=listing" "tx0ca998a61dc34967885b8-006a2ac38b" "proxy-server 21" 0.0006 "-" 23 0
Jun 11 14:17:47 standalone object-server[123540]: 172.20.0.100 - - [11/Jun/2026:14:17:47 +0000] "GET /d1/508/AUTH_91b28f897c244f42b65e8c48e62eec50/gnocchi.6aea51de-58de-46a4-852c-61c9ede48362/none_v3" 404 70 "GET http://localhost:8080/v1/AUTH_91b28f897c244f42b65e8c48e62eec50/gnocchi.6aea51de-58de-46a4-852c-61c9ede48362/none_v3" "tx0ca998a61dc34967885b8-006a2ac38b" "proxy-server 21" 0.0006 "-" 22 0
Jun 11 14:17:47 standalone proxy-server[125464]: 172.18.0.2 ::1 11/Jun/2026/14/17/47 GET /v1/AUTH_91b28f897c244f42b65e8c48e62eec50/gnocchi.6aea51de-58de-46a4-852c-61c9ede48362/none_v3 HTTP/1.0 404 - python-swiftclient-3.11.1 gAAAAABqKsNJEM4O... - 70 - tx0ca998a61dc34967885b8-006a2ac38b - 0.0182 - - 1781187467.910137892 1781187467.928290606 0
Jun 11 14:17:47 standalone account-server[123247]: 172.20.0.100 - - [11/Jun/2026:14:17:47 +0000] "PUT /d1/776/AUTH_91b28f897c244f42b65e8c48e62eec50/gnocchi.6aea51de-58de-46a4-852c-61c9ede48362" 201 - "PUT http://172.20.0.100:6001/d1/541/AUTH_91b28f897c244f42b65e8c48e62eec50/gnocchi.6aea51de-58de-46a4-852c-61c9ede48362" "txeb9c2cca17974d87bfbd0-006a2ac38b" "container-server 23" 0.0090 "-" 19 0
Jun 11 14:17:47 standalone container-server[123382]: 172.20.0.100 - - [11/Jun/2026:14:17:47 +0000] "PUT /d1/541/AUTH_91b28f897c244f42b65e8c48e62eec50/gnocchi.6aea51de-58de-46a4-852c-61c9ede48362" 201 - "PUT http://localhost:8080/v1/AUTH_91b28f897c244f42b65e8c48e62eec50/gnocchi.6aea51de-58de-46a4-852c-61c9ede48362" "txeb9c2cca17974d87bfbd0-006a2ac38b" "proxy-server 21" 0.0350 "-" 23 0
Jun 11 14:17:47 standalone proxy-server[125464]: 172.18.0.2 ::1 11/Jun/2026/14/17/47 PUT /v1/AUTH_91b28f897c244f42b65e8c48e62eec50/gnocchi.6aea51de-58de-46a4-852c-61c9ede48362 HTTP/1.0 201 - python-swiftclient-3.11.1 gAAAAABqKsNJEM4O... - - - txeb9c2cca17974d87bfbd0-006a2ac38b - 0.0560 - - 1781187467.934506655 1781187467.990494490 0
Jun 11 14:17:48 standalone container-server[123368]: 172.20.0.100 - - [11/Jun/2026:14:17:48 +0000] "HEAD /d1/541/AUTH_91b28f897c244f42b65e8c48e62eec50/gnocchi.6aea51de-58de-46a4-852c-61c9ede48362" 204 - "HEAD http://localhost:8080/v1/AUTH_91b28f897c244f42b65e8c48e62eec50/gnocchi.6aea51de-58de-46a4-852c-61c9ede48362?format=json&states=listing" "tx406b921fc4904fcaa51a3-006a2ac38c" "proxy-server 21" 0.0023 "-" 20 0
Jun 11 14:17:48 standalone proxy-server[125464]: - - 11/Jun/2026/14/17/48 HEAD /v1/AUTH_91b28f897c244f42b65e8c48e62eec50/gnocchi.6aea51de-58de-46a4-852c-61c9ede48362%3Fformat%3Djson%26states%3Dlisting HTTP/1.0 204 - Swift - - - - tx406b921fc4904fcaa51a3-006a2ac38c - 0.0098 RL - 1781187468.013812304 1781187468.023636580 0
Jun 11 14:17:48 standalone container-server[123354]: 172.20.0.100 - - [11/Jun/2026:14:17:48 +0000] "GET /d1/541/AUTH_91b28f897c244f42b65e8c48e62eec50/gnocchi.6aea51de-58de-46a4-852c-61c9ede48362" 200 2 "GET http://localhost:8080/v1/AUTH_91b28f897c244f42b65e8c48e62eec50/gnocchi.6aea51de-58de-46a4-852c-61c9ede48362?format=json&states=listing" "tx406b921fc4904fcaa51a3-006a2ac38c" "proxy-server 21" 0.0018 "-" 19 0
Jun 11 14:17:48 standalone proxy-server[125464]: 172.18.0.2 ::1 11/Jun/2026/14/17/48 GET /v1/AUTH_91b28f897c244f42b65e8c48e62eec50/gnocchi.6aea51de-58de-46a4-852c-61c9ede48362%3Fformat%3Djson%26states%3Dlisting HTTP/1.0 200 - python-swiftclient-3.11.1 gAAAAABqKsNJEM4O... - 2 - tx406b921fc4904fcaa51a3-006a2ac38c - 0.0315 - - 1781187468.004717112 1781187468.036265612 0
Jun 11 14:17:48 standalone object-server[123543]: 172.20.0.100 - - [11/Jun/2026:14:17:48 +0000] "GET /d1/977/AUTH_91b28f897c244f42b65e8c48e62eec50/gnocchi.6aea51de-58de-46a4-852c-61c9ede48362/1780920000.0_mean_300.0_v3" 404 70 "GET http://localhost:8080/v1/AUTH_91b28f897c244f42b65e8c48e62eec50/gnocchi.6aea51de-58de-46a4-852c-61c9ede48362/1780920000.0_mean_300.0_v3" "tx904e6613b6f64da9856a7-006a2ac38c" "proxy-server 21" 0.0003 "-" 25 0
Jun 11 14:17:48 standalone proxy-server[125464]: 172.18.0.2 ::1 11/Jun/2026/14/17/48 GET /v1/AUTH_91b28f897c244f42b65e8c48e62eec50/gnocchi.6aea51de-58de-46a4-852c-61c9ede48362/1780920000.0_mean_300.0_v3 HTTP/1.0 404 - python-swiftclient-3.11.1 gAAAAABqKsNJEM4O... - 70 - tx904e6613b6f64da9856a7-006a2ac38c - 0.0079 - - 1781187468.045453072 1781187468.053400040 0
Jun 11 14:17:48 standalone container-server[123354]: 172.20.0.100 - - [11/Jun/2026:14:17:48 +0000] "PUT /d1/541/AUTH_91b28f897c244f42b65e8c48e62eec50/gnocchi.6aea51de-58de-46a4-852c-61c9ede48362/1780920000.0_mean_300.0_v3" 201 - "PUT http://localhost:8080/d1/977/AUTH_91b28f897c244f42b65e8c48e62eec50/gnocchi.6aea51de-58de-46a4-852c-61c9ede48362/1780920000.0_mean_300.0_v3" "txf208251db5cb4b049a982-006a2ac38c" "object-server 25" 0.0006 "-" 19 0
Jun 11 14:17:48 standalone object-server[123543]: 172.20.0.100 - - [11/Jun/2026:14:17:48 +0000] "PUT /d1/977/AUTH_91b28f897c244f42b65e8c48e62eec50/gnocchi.6aea51de-58de-46a4-852c-61c9ede48362/1780920000.0_mean_300.0_v3" 201 - "PUT http://localhost:8080/v1/AUTH_91b28f897c244f42b65e8c48e62eec50/gnocchi.6aea51de-58de-46a4-852c-61c9ede48362/1780920000.0_mean_300.0_v3" "txf208251db5cb4b049a982-006a2ac38c" "proxy-server 21" 0.0100 "-" 25 0
Jun 11 14:17:48 standalone proxy-server[125464]: 172.18.0.2 ::1 11/Jun/2026/14/17/48 PUT /v1/AUTH_91b28f897c244f42b65e8c48e62eec50/gnocchi.6aea51de-58de-46a4-852c-61c9ede48362/1780920000.0_mean_300.0_v3 HTTP/1.0 201 - python-swiftclient-3.11.1 gAAAAABqKsNJEM4O... 16 - - txf208251db5cb4b049a982-006a2ac38c - 0.0189 - - 1781187468.059097052 1781187468.078026772 0
Jun 11 14:17:48 standalone container-server[123382]: 172.20.0.100 - - [11/Jun/2026:14:17:48 +0000] "PUT /d1/541/AUTH_91b28f897c244f42b65e8c48e62eec50/gnocchi.6aea51de-58de-46a4-852c-61c9ede48362/none_v3" 201 - "PUT http://localhost:8080/d1/508/AUTH_91b28f897c244f42b65e8c48e62eec50/gnocchi.6aea51de-58de-46a4-852c-61c9ede48362/none_v3" "tx581bca0d3199489b94caa-006a2ac38c" "object-server 22" 0.0009 "-" 23 0
Jun 11 14:17:48 standalone object-server[123540]: 172.20.0.100 - - [11/Jun/2026:14:17:48 +0000] "PUT /d1/508/AUTH_91b28f897c244f42b65e8c48e62eec50/gnocchi.6aea51de-58de-46a4-852c-61c9ede48362/none_v3" 201 - "PUT http://localhost:8080/v1/AUTH_91b28f897c244f42b65e8c48e62eec50/gnocchi.6aea51de-58de-46a4-852c-61c9ede48362/none_v3" "tx581bca0d3199489b94caa-006a2ac38c" "proxy-server 21" 0.0222 "-" 22 0
Jun 11 14:17:48 standalone proxy-server[125464]: 172.18.0.2 ::1 11/Jun/2026/14/17/48 PUT /v1/AUTH_91b28f897c244f42b65e8c48e62eec50/gnocchi.6aea51de-58de-46a4-852c-61c9ede48362/none_v3 HTTP/1.0 201 - python-swiftclient-3.11.1 gAAAAABqKsNJEM4O... 22 - - tx581bca0d3199489b94caa-006a2ac38c - 0.0320 - - 1781187468.082801342 1781187468.114752769 0
Jun 11 14:17:48 standalone container-server[123354]: 172.20.0.100 - - [11/Jun/2026:14:17:48 +0000] "HEAD /d1/1010/AUTH_91b28f897c244f42b65e8c48e62eec50/gnocchi.b472a4f5-7eaa-4860-b78f-2273f0cca09c" 404 - "HEAD http://localhost:8080/v1/AUTH_91b28f897c244f42b65e8c48e62eec50/gnocchi.b472a4f5-7eaa-4860-b78f-2273f0cca09c?format=json&states=listing" "tx4168f84049864088a9d07-006a2ac38c" "proxy-server 21" 0.0003 "-" 19 0
Jun 11 14:17:48 standalone object-server[123542]: 172.20.0.100 - - [11/Jun/2026:14:17:48 +0000] "GET /d1/555/AUTH_91b28f897c244f42b65e8c48e62eec50/gnocchi.b472a4f5-7eaa-4860-b78f-2273f0cca09c/none_v3" 404 70 "GET http://localhost:8080/v1/AUTH_91b28f897c244f42b65e8c48e62eec50/gnocchi.b472a4f5-7eaa-4860-b78f-2273f0cca09c/none_v3" "tx4168f84049864088a9d07-006a2ac38c" "proxy-server 21" 0.0004 "-" 24 0
Jun 11 14:17:48 standalone proxy-server[125464]: 172.18.0.2 ::1 11/Jun/2026/14/17/48 GET /v1/AUTH_91b28f897c244f42b65e8c48e62eec50/gnocchi.b472a4f5-7eaa-4860-b78f-2273f0cca09c/none_v3 HTTP/1.0 404 - python-swiftclient-3.11.1 gAAAAABqKsNJEM4O... - 70 - tx4168f84049864088a9d07-006a2ac38c - 0.0142 - - 1781187468.146905184 1781187468.161087751 0
Jun 11 14:17:48 standalone account-server[123247]: 172.20.0.100 - - [11/Jun/2026:14:17:48 +0000] "PUT /d1/776/AUTH_91b28f897c244f42b65e8c48e62eec50/gnocchi.b472a4f5-7eaa-4860-b78f-2273f0cca09c" 201 - "PUT http://172.20.0.100:6001/d1/1010/AUTH_91b28f897c244f42b65e8c48e62eec50/gnocchi.b472a4f5-7eaa-4860-b78f-2273f0cca09c" "tx2128fe4b042d423da31b1-006a2ac38c" "container-server 22" 0.0060 "-" 19 0
Jun 11 14:17:48 standalone container-server[123373]: 172.20.0.100 - - [11/Jun/2026:14:17:48 +0000] "PUT /d1/1010/AUTH_91b28f897c244f42b65e8c48e62eec50/gnocchi.b472a4f5-7eaa-4860-b78f-2273f0cca09c" 201 - "PUT http://localhost:8080/v1/AUTH_91b28f897c244f42b65e8c48e62eec50/gnocchi.b472a4f5-7eaa-4860-b78f-2273f0cca09c" "tx2128fe4b042d423da31b1-006a2ac38c" "proxy-server 21" 0.0239 "-" 22 0
Jun 11 14:17:48 standalone proxy-server[125464]: 172.18.0.2 ::1 11/Jun/2026/14/17/48 PUT /v1/AUTH_91b28f897c244f42b65e8c48e62eec50/gnocchi.b472a4f5-7eaa-4860-b78f-2273f0cca09c HTTP/1.0 201 - python-swiftclient-3.11.1 gAAAAABqKsNJEM4O... - - - tx2128fe4b042d423da31b1-006a2ac38c - 0.0396 - - 1781187468.164796114 1781187468.204385996 0
Jun 11 14:17:48 standalone container-server[123382]: 172.20.0.100 - - [11/Jun/2026:14:17:48 +0000] "HEAD /d1/1010/AUTH_91b28f897c244f42b65e8c48e62eec50/gnocchi.b472a4f5-7eaa-4860-b78f-2273f0cca09c" 204 - "HEAD http://localhost:8080/v1/AUTH_91b28f897c244f42b65e8c48e62eec50/gnocchi.b472a4f5-7eaa-4860-b78f-2273f0cca09c?format=json&states=listing" "tx24584f87a3da4bbcadc2f-006a2ac38c" "proxy-server 21" 0.0016 "-" 23 0
Jun 11 14:17:48 standalone proxy-server[125464]: - - 11/Jun/2026/14/17/48 HEAD /v1/AUTH_91b28f897c244f42b65e8c48e62eec50/gnocchi.b472a4f5-7eaa-4860-b78f-2273f0cca09c%3Fformat%3Djson%26states%3Dlisting HTTP/1.0 204 - Swift - - - - tx24584f87a3da4bbcadc2f-006a2ac38c - 0.0060 RL - 1781187468.214148045 1781187468.220153332 0
Jun 11 14:17:48 standalone container-server[123382]: 172.20.0.100 - - [11/Jun/2026:14:17:48 +0000] "GET /d1/1010/AUTH_91b28f897c244f42b65e8c48e62eec50/gnocchi.b472a4f5-7eaa-4860-b78f-2273f0cca09c" 200 2 "GET http://localhost:8080/v1/AUTH_91b28f897c244f42b65e8c48e62eec50/gnocchi.b472a4f5-7eaa-4860-b78f-2273f0cca09c?format=json&states=listing" "tx24584f87a3da4bbcadc2f-006a2ac38c" "proxy-server 21" 0.0021 "-" 23 0
Jun 11 14:17:48 standalone proxy-server[125464]: 172.18.0.2 ::1 11/Jun/2026/14/17/48 GET /v1/AUTH_91b28f897c244f42b65e8c48e62eec50/gnocchi.b472a4f5-7eaa-4860-b78f-2273f0cca09c%3Fformat%3Djson%26states%3Dlisting HTTP/1.0 200 - python-swiftclient-3.11.1 gAAAAABqKsNJEM4O... - 2 - tx24584f87a3da4bbcadc2f-006a2ac38c - 0.0169 - - 1781187468.212514877 1781187468.229402065 0
Jun 11 14:17:48 standalone object-server[123541]: 172.20.0.100 - - [11/Jun/2026:14:17:48 +0000] "GET /d1/615/AUTH_91b28f897c244f42b65e8c48e62eec50/gnocchi.b472a4f5-7eaa-4860-b78f-2273f0cca09c/1780920000.0_mean_300.0_v3" 404 70 "GET http://localhost:8080/v1/AUTH_91b28f897c244f42b65e8c48e62eec50/gnocchi.b472a4f5-7eaa-4860-b78f-2273f0cca09c/1780920000.0_mean_300.0_v3" "txafa8a7c8d4184a8ab0fc4-006a2ac38c" "proxy-server 21" 0.0005 "-" 23 0
Jun 11 14:17:48 standalone proxy-server[125464]: 172.18.0.2 ::1 11/Jun/2026/14/17/48 GET /v1/AUTH_91b28f897c244f42b65e8c48e62eec50/gnocchi.b472a4f5-7eaa-4860-b78f-2273f0cca09c/1780920000.0_mean_300.0_v3 HTTP/1.0 404 - python-swiftclient-3.11.1 gAAAAABqKsNJEM4O... - 70 - txafa8a7c8d4184a8ab0fc4-006a2ac38c - 0.0073 - - 1781187468.238101006 1781187468.245424032 0
Jun 11 14:17:48 standalone container-server[123373]: 172.20.0.100 - - [11/Jun/2026:14:17:48 +0000] "PUT /d1/1010/AUTH_91b28f897c244f42b65e8c48e62eec50/gnocchi.b472a4f5-7eaa-4860-b78f-2273f0cca09c/1780920000.0_mean_300.0_v3" 201 - "PUT http://localhost:8080/d1/615/AUTH_91b28f897c244f42b65e8c48e62eec50/gnocchi.b472a4f5-7eaa-4860-b78f-2273f0cca09c/1780920000.0_mean_300.0_v3" "tx20841287edf0497496211-006a2ac38c" "object-server 23" 0.0010 "-" 22 0
Jun 11 14:17:48 standalone object-server[123541]: 172.20.0.100 - - [11/Jun/2026:14:17:48 +0000] "PUT /d1/615/AUTH_91b28f897c244f42b65e8c48e62eec50/gnocchi.b472a4f5-7eaa-4860-b78f-2273f0cca09c/1780920000.0_mean_300.0_v3" 201 - "PUT http://localhost:8080/v1/AUTH_91b28f897c244f42b65e8c48e62eec50/gnocchi.b472a4f5-7eaa-4860-b78f-2273f0cca09c/1780920000.0_mean_300.0_v3" "tx20841287edf0497496211-006a2ac38c" "proxy-server 21" 0.0166 "-" 23 0
Jun 11 14:17:48 standalone proxy-server[125464]: 172.18.0.2 ::1 11/Jun/2026/14/17/48 PUT /v1/AUTH_91b28f897c244f42b65e8c48e62eec50/gnocchi.b472a4f5-7eaa-4860-b78f-2273f0cca09c/1780920000.0_mean_300.0_v3 HTTP/1.0 201 - python-swiftclient-3.11.1 gAAAAABqKsNJEM4O... 16 - - tx20841287edf0497496211-006a2ac38c - 0.0218 - - 1781187468.252520800 1781187468.274366617 0
Jun 11 14:17:48 standalone container-server[123382]: 172.20.0.100 - - [11/Jun/2026:14:17:48 +0000] "PUT /d1/1010/AUTH_91b28f897c244f42b65e8c48e62eec50/gnocchi.b472a4f5-7eaa-4860-b78f-2273f0cca09c/none_v3" 201 - "PUT http://localhost:8080/d1/555/AUTH_91b28f897c244f42b65e8c48e62eec50/gnocchi.b472a4f5-7eaa-4860-b78f-2273f0cca09c/none_v3" "tx8dd820fd550d4df5b9c16-006a2ac38c" "object-server 22" 0.0006 "-" 23 0
Jun 11 14:17:48 standalone object-server[123540]: 172.20.0.100 - - [11/Jun/2026:14:17:48 +0000] "PUT /d1/555/AUTH_91b28f897c244f42b65e8c48e62eec50/gnocchi.b472a4f5-7eaa-4860-b78f-2273f0cca09c/none_v3" 201 - "PUT http://localhost:8080/v1/AUTH_91b28f897c244f42b65e8c48e62eec50/gnocchi.b472a4f5-7eaa-4860-b78f-2273f0cca09c/none_v3" "tx8dd820fd550d4df5b9c16-006a2ac38c" "proxy-server 21" 0.0172 "-" 22 0
Jun 11 14:17:48 standalone proxy-server[125464]: 172.18.0.2 ::1 11/Jun/2026/14/17/48 PUT /v1/AUTH_91b28f897c244f42b65e8c48e62eec50/gnocchi.b472a4f5-7eaa-4860-b78f-2273f0cca09c/none_v3 HTTP/1.0 201 - python-swiftclient-3.11.1 gAAAAABqKsNJEM4O... 22 - - tx8dd820fd550d4df5b9c16-006a2ac38c - 0.0247 - - 1781187468.280966759 1781187468.305625916 0
Jun 11 14:17:48 standalone container-server[123382]: 172.20.0.100 - - [11/Jun/2026:14:17:48 +0000] "HEAD /d1/77/AUTH_91b28f897c244f42b65e8c48e62eec50/gnocchi.aa06590d-5d80-4b9e-9fe9-c8b6e9daf1b5" 404 - "HEAD http://localhost:8080/v1/AUTH_91b28f897c244f42b65e8c48e62eec50/gnocchi.aa06590d-5d80-4b9e-9fe9-c8b6e9daf1b5?format=json&states=listing" "tx9836043516b342148121c-006a2ac38c" "proxy-server 21" 0.0003 "-" 23 0
Jun 11 14:17:48 standalone object-server[123541]: 172.20.0.100 - - [11/Jun/2026:14:17:48 +0000] "GET /d1/182/AUTH_91b28f897c244f42b65e8c48e62eec50/gnocchi.aa06590d-5d80-4b9e-9fe9-c8b6e9daf1b5/none_v3" 404 70 "GET http://localhost:8080/v1/AUTH_91b28f897c244f42b65e8c48e62eec50/gnocchi.aa06590d-5d80-4b9e-9fe9-c8b6e9daf1b5/none_v3" "tx9836043516b342148121c-006a2ac38c" "proxy-server 21" 0.0004 "-" 23 0
Jun 11 14:17:48 standalone proxy-server[125464]: 172.18.0.2 ::1 11/Jun/2026/14/17/48 GET /v1/AUTH_91b28f897c244f42b65e8c48e62eec50/gnocchi.aa06590d-5d80-4b9e-9fe9-c8b6e9daf1b5/none_v3 HTTP/1.0 404 - python-swiftclient-3.11.1 gAAAAABqKsNJEM4O... - 70 - tx9836043516b342148121c-006a2ac38c - 0.0095 - - 1781187468.328612566 1781187468.338073969 0
Jun 11 14:17:48 standalone account-server[123271]: 172.20.0.100 - - [11/Jun/2026:14:17:48 +0000] "PUT /d1/776/AUTH_91b28f897c244f42b65e8c48e62eec50/gnocchi.aa06590d-5d80-4b9e-9fe9-c8b6e9daf1b5" 201 - "PUT http://172.20.0.100:6001/d1/77/AUTH_91b28f897c244f42b65e8c48e62eec50/gnocchi.aa06590d-5d80-4b9e-9fe9-c8b6e9daf1b5" "tx8cbba445908646449ad71-006a2ac38c" "container-server 22" 0.0043 "-" 22 0
Jun 11 14:17:48 standalone container-server[123373]: 172.20.0.100 - - [11/Jun/2026:14:17:48 +0000] "PUT /d1/77/AUTH_91b28f897c244f42b65e8c48e62eec50/gnocchi.aa06590d-5d80-4b9e-9fe9-c8b6e9daf1b5" 201 - "PUT http://localhost:8080/v1/AUTH_91b28f897c244f42b65e8c48e62eec50/gnocchi.aa06590d-5d80-4b9e-9fe9-c8b6e9daf1b5" "tx8cbba445908646449ad71-006a2ac38c" "proxy-server 21" 0.0145 "-" 22 0
Jun 11 14:17:48 standalone proxy-server[125464]: 172.18.0.2 ::1 11/Jun/2026/14/17/48 PUT /v1/AUTH_91b28f897c244f42b65e8c48e62eec50/gnocchi.aa06590d-5d80-4b9e-9fe9-c8b6e9daf1b5 HTTP/1.0 201 - python-swiftclient-3.11.1 gAAAAABqKsNJEM4O... - - - tx8cbba445908646449ad71-006a2ac38c - 0.0209 - - 1781187468.342550278 1781187468.363498449 0
Jun 11 14:17:48 standalone container-server[123368]: 172.20.0.100 - - [11/Jun/2026:14:17:48 +0000] "HEAD /d1/77/AUTH_91b28f897c244f42b65e8c48e62eec50/gnocchi.aa06590d-5d80-4b9e-9fe9-c8b6e9daf1b5" 204 - "HEAD http://localhost:8080/v1/AUTH_91b28f897c244f42b65e8c48e62eec50/gnocchi.aa06590d-5d80-4b9e-9fe9-c8b6e9daf1b5?format=json&states=listing" "tx970ecc5c482a4d8da8f95-006a2ac38c" "proxy-server 21" 0.0015 "-" 20 0
Jun 11 14:17:48 standalone proxy-server[125464]: - - 11/Jun/2026/14/17/48 HEAD /v1/AUTH_91b28f897c244f42b65e8c48e62eec50/gnocchi.aa06590d-5d80-4b9e-9fe9-c8b6e9daf1b5%3Fformat%3Djson%26states%3Dlisting HTTP/1.0 204 - Swift - - - - tx970ecc5c482a4d8da8f95-006a2ac38c - 0.0049 RL - 1781187468.374950886 1781187468.379857063 0
Jun 11 14:17:48 standalone container-server[123382]: 172.20.0.100 - - [11/Jun/2026:14:17:48 +0000] "GET /d1/77/AUTH_91b28f897c244f42b65e8c48e62eec50/gnocchi.aa06590d-5d80-4b9e-9fe9-c8b6e9daf1b5" 200 2 "GET http://localhost:8080/v1/AUTH_91b28f897c244f42b65e8c48e62eec50/gnocchi.aa06590d-5d80-4b9e-9fe9-c8b6e9daf1b5?format=json&states=listing" "tx970ecc5c482a4d8da8f95-006a2ac38c" "proxy-server 21" 0.0024 "-" 23 0
Jun 11 14:17:48 standalone proxy-server[125464]: 172.18.0.2 ::1 11/Jun/2026/14/17/48 GET /v1/AUTH_91b28f897c244f42b65e8c48e62eec50/gnocchi.aa06590d-5d80-4b9e-9fe9-c8b6e9daf1b5%3Fformat%3Djson%26states%3Dlisting HTTP/1.0 200 - python-swiftclient-3.11.1 gAAAAABqKsNJEM4O... - 2 - tx970ecc5c482a4d8da8f95-006a2ac38c - 0.0179 - - 1781187468.371256351 1781187468.389190912 0
Jun 11 14:17:48 standalone object-server[123541]: 172.20.0.100 - - [11/Jun/2026:14:17:48 +0000] "GET /d1/830/AUTH_91b28f897c244f42b65e8c48e62eec50/gnocchi.aa06590d-5d80-4b9e-9fe9-c8b6e9daf1b5/1780920000.0_mean_300.0_v3" 404 70 "GET http://localhost:8080/v1/AUTH_91b28f897c244f42b65e8c48e62eec50/gnocchi.aa06590d-5d80-4b9e-9fe9-c8b6e9daf1b5/1780920000.0_mean_300.0_v3" "tx7df8fe3e966741aca7b41-006a2ac38c" "proxy-server 21" 0.0004 "-" 23 0
Jun 11 14:17:48 standalone proxy-server[125464]: 172.18.0.2 ::1 11/Jun/2026/14/17/48 GET /v1/AUTH_91b28f897c244f42b65e8c48e62eec50/gnocchi.aa06590d-5d80-4b9e-9fe9-c8b6e9daf1b5/1780920000.0_mean_300.0_v3 HTTP/1.0 404 - python-swiftclient-3.11.1 gAAAAABqKsNJEM4O... - 70 - tx7df8fe3e966741aca7b41-006a2ac38c - 0.0066 - - 1781187468.393877029 1781187468.400460005 0
Jun 11 14:17:48 standalone container-server[123354]: 172.20.0.100 - - [11/Jun/2026:14:17:48 +0000] "PUT /d1/77/AUTH_91b28f897c244f42b65e8c48e62eec50/gnocchi.aa06590d-5d80-4b9e-9fe9-c8b6e9daf1b5/1780920000.0_mean_300.0_v3" 201 - "PUT http://localhost:8080/d1/830/AUTH_91b28f897c244f42b65e8c48e62eec50/gnocchi.aa06590d-5d80-4b9e-9fe9-c8b6e9daf1b5/1780920000.0_mean_300.0_v3" "tx71792eefcdfa4356bf139-006a2ac38c" "object-server 24" 0.0010 "-" 19 0
Jun 11 14:17:48 standalone object-server[123542]: 172.20.0.100 - - [11/Jun/2026:14:17:48 +0000] "PUT /d1/830/AUTH_91b28f897c244f42b65e8c48e62eec50/gnocchi.aa06590d-5d80-4b9e-9fe9-c8b6e9daf1b5/1780920000.0_mean_300.0_v3" 201 - "PUT http://localhost:8080/v1/AUTH_91b28f897c244f42b65e8c48e62eec50/gnocchi.aa06590d-5d80-4b9e-9fe9-c8b6e9daf1b5/1780920000.0_mean_300.0_v3" "tx71792eefcdfa4356bf139-006a2ac38c" "proxy-server 21" 0.0191 "-" 24 0
Jun 11 14:17:48 standalone proxy-server[125464]: 172.18.0.2 ::1 11/Jun/2026/14/17/48 PUT /v1/AUTH_91b28f897c244f42b65e8c48e62eec50/gnocchi.aa06590d-5d80-4b9e-9fe9-c8b6e9daf1b5/1780920000.0_mean_300.0_v3 HTTP/1.0 201 - python-swiftclient-3.11.1 gAAAAABqKsNJEM4O... 16 - - tx71792eefcdfa4356bf139-006a2ac38c - 0.0244 - - 1781187468.403801441 1781187468.428192854 0
Jun 11 14:17:48 standalone container-server[123382]: 172.20.0.100 - - [11/Jun/2026:14:17:48 +0000] "PUT /d1/77/AUTH_91b28f897c244f42b65e8c48e62eec50/gnocchi.aa06590d-5d80-4b9e-9fe9-c8b6e9daf1b5/none_v3" 201 - "PUT http://localhost:8080/d1/182/AUTH_91b28f897c244f42b65e8c48e62eec50/gnocchi.aa06590d-5d80-4b9e-9fe9-c8b6e9daf1b5/none_v3" "tx6db71d57168c4e62897b0-006a2ac38c" "object-server 22" 0.0006 "-" 23 0
Jun 11 14:17:48 standalone object-server[123540]: 172.20.0.100 - - [11/Jun/2026:14:17:48 +0000] "PUT /d1/182/AUTH_91b28f897c244f42b65e8c48e62eec50/gnocchi.aa06590d-5d80-4b9e-9fe9-c8b6e9daf1b5/none_v3" 201 - "PUT http://localhost:8080/v1/AUTH_91b28f897c244f42b65e8c48e62eec50/gnocchi.aa06590d-5d80-4b9e-9fe9-c8b6e9daf1b5/none_v3" "tx6db71d57168c4e62897b0-006a2ac38c" "proxy-server 21" 0.0115 "-" 22 0
Jun 11 14:17:48 standalone proxy-server[125464]: 172.18.0.2 ::1 11/Jun/2026/14/17/48 PUT /v1/AUTH_91b28f897c244f42b65e8c48e62eec50/gnocchi.aa06590d-5d80-4b9e-9fe9-c8b6e9daf1b5/none_v3 HTTP/1.0 201 - python-swiftclient-3.11.1 gAAAAABqKsNJEM4O... 22 - - tx6db71d57168c4e62897b0-006a2ac38c - 0.0216 - - 1781187468.432567596 1781187468.454136372 0
Jun 11 14:17:54 standalone object-server[123470]: Begin object update sweep
Jun 11 14:17:54 standalone object-server[211662]: Object update sweep starting on /srv/node/d1 (pid: 14)
Jun 11 14:17:54 standalone object-server[211662]: Object update sweep completed on /srv/node/d1 in 0.00s seconds:, 0 successes, 0 failures, 0 quarantines, 0 unlinks, 0 errors, 0 redirects (pid: 14)
Jun 11 14:17:54 standalone object-server[211662]: Object update sweep of d1 completed: 0.00s, 0 successes, 0 failures, 0 quarantines, 0 unlinks, 0 errors, 0 redirects
Jun 11 14:17:54 standalone object-server[123470]: Object update sweep completed: 0.11s
Jun 11 14:18:00 standalone account-server[123247]: 172.20.0.100 - - [11/Jun/2026:14:18:00 +0000] "HEAD /d1/451/.expiring_objects" 404 - "HEAD http://localhost/v1/.expiring_objects?format=json" "tx28102b0aa799456b81c78-006a2ac398" "proxy-server 2" 0.0008 "-" 19 -
Jun 11 14:18:00 standalone object-expirer[123336]: Pass completed in 0s; 0 objects expired (txn: tx28102b0aa799456b81c78-006a2ac398)
Jun 11 14:19:06 standalone container-server[123102]: Begin container update sweep
Jun 11 14:19:06 standalone account-server[123271]: 172.20.0.100 - - [11/Jun/2026:14:19:06 +0000] "PUT /d1/776/AUTH_91b28f897c244f42b65e8c48e62eec50/gnocchi.12714033-531c-4ace-9164-733acd633099" 201 - "-" "-" "container-updater 2" 0.0010 "-" 22 0
Jun 11 14:19:06 standalone account-server[123271]: 172.20.0.100 - - [11/Jun/2026:14:19:06 +0000] "PUT /d1/776/AUTH_91b28f897c244f42b65e8c48e62eec50/gnocchi.f0e75824-31c9-41fa-8314-b5c4f3ed71fc" 201 - "-" "-" "container-updater 2" 0.0006 "-" 22 0
Jun 11 14:19:06 standalone account-server[123285]: 172.20.0.100 - - [11/Jun/2026:14:19:06 +0000] "PUT /d1/776/AUTH_91b28f897c244f42b65e8c48e62eec50/gnocchi.86ad3087-104a-4519-9543-cda5b64612aa" 201 - "-" "-" "container-updater 2" 0.0007 "-" 23 0
Jun 11 14:19:06 standalone account-server[123262]: 172.20.0.100 - - [11/Jun/2026:14:19:06 +0000] "PUT /d1/776/AUTH_91b28f897c244f42b65e8c48e62eec50/gnocchi.6aea51de-58de-46a4-852c-61c9ede48362" 201 - "-" "-" "container-updater 2" 0.0007 "-" 21 0
Jun 11 14:19:06 standalone account-server[123285]: 172.20.0.100 - - [11/Jun/2026:14:19:06 +0000] "PUT /d1/776/AUTH_91b28f897c244f42b65e8c48e62eec50/gnocchi.98a9923b-316a-4096-bf66-0af61fa63ec0" 201 - "-" "-" "container-updater 2" 0.0007 "-" 23 0
Jun 11 14:19:06 standalone account-server[123285]: 172.20.0.100 - - [11/Jun/2026:14:19:06 +0000] "PUT /d1/776/AUTH_91b28f897c244f42b65e8c48e62eec50/glance" 201 - "-" "-" "container-updater 2" 0.0007 "-" 23 0
Jun 11 14:19:06 standalone account-server[123262]: 172.20.0.100 - - [11/Jun/2026:14:19:06 +0000] "PUT /d1/776/AUTH_91b28f897c244f42b65e8c48e62eec50/gnocchi.aa06590d-5d80-4b9e-9fe9-c8b6e9daf1b5" 201 - "-" "-" "container-updater 2" 0.0006 "-" 21 0
Jun 11 14:19:06 standalone account-server[123262]: 172.20.0.100 - - [11/Jun/2026:14:19:06 +0000] "PUT /d1/776/AUTH_91b28f897c244f42b65e8c48e62eec50/gnocchi.476570e3-3ac4-4893-9604-cc335932c7f3" 201 - "-" "-" "container-updater 2" 0.0006 "-" 21 0
Jun 11 14:19:06 standalone account-server[123285]: 172.20.0.100 - - [11/Jun/2026:14:19:06 +0000] "PUT /d1/776/AUTH_91b28f897c244f42b65e8c48e62eec50/gnocchi.b472a4f5-7eaa-4860-b78f-2273f0cca09c" 201 - "-" "-" "container-updater 2" 0.0007 "-" 23 0
Jun 11 14:19:06 standalone container-server[123102]: Container update sweep completed: 0.88s
Jun 11 14:22:00 standalone account-server[123285]: 172.20.0.100 - - [11/Jun/2026:14:22:00 +0000] "HEAD /d1/451/.expiring_objects" 404 - "HEAD http://localhost/v1/.expiring_objects?format=json" "txc33c43d83b03444eae8f4-006a2ac488" "proxy-server 2" 0.0008 "-" 23 -
Jun 11 14:22:00 standalone object-expirer[123336]: Pass completed in 0s; 0 objects expired (txn: txc33c43d83b03444eae8f4-006a2ac488)
Jun 11 14:22:54 standalone object-server[123470]: Begin object update sweep
Jun 11 14:22:54 standalone object-server[242787]: Object update sweep starting on /srv/node/d1 (pid: 15)
Jun 11 14:22:54 standalone object-server[242787]: Object update sweep completed on /srv/node/d1 in 0.00s seconds:, 0 successes, 0 failures, 0 quarantines, 0 unlinks, 0 errors, 0 redirects (pid: 15)
Jun 11 14:22:54 standalone object-server[242787]: Object update sweep of d1 completed: 0.00s, 0 successes, 0 failures, 0 quarantines, 0 unlinks, 0 errors, 0 redirects
Jun 11 14:22:54 standalone object-server[123470]: Object update sweep completed: 0.08s
Jun 11 14:24:06 standalone container-server[123102]: Begin container update sweep
Jun 11 14:24:06 standalone container-server[123102]: Container update sweep completed: 0.61s
Jun 11 14:24:54 standalone account-server[123262]: 172.20.0.100 - - [11/Jun/2026:14:24:54 +0000] "HEAD /d1/451/.expiring_objects" 404 - "HEAD http://localhost/v1/.expiring_objects?format=json" "txbe7ab9d342eb4f59b24aa-006a2ac536" "proxy-server 2" 0.0012 "-" 21 -
Jun 11 14:24:54 standalone object-expirer[123336]: Pass completed in 0s; 0 objects expired (txn: txbe7ab9d342eb4f59b24aa-006a2ac536)
Jun 11 14:24:54 standalone account-server[123262]: 172.20.0.100 - - [11/Jun/2026:14:24:54 +0000] "HEAD /d1/451/.expiring_objects" 404 - "HEAD http://localhost/v1/.expiring_objects?format=json" "txb3c5d123f85646b2bc804-006a2ac536" "proxy-server 2" 0.0005 "-" 21 -
Jun 11 14:24:54 standalone object-expirer[123336]: Pass completed in 0s; 0 objects expired (txn: txb3c5d123f85646b2bc804-006a2ac536)
Jun 11 14:27:16 standalone account-server[123271]: 172.20.0.100 - - [11/Jun/2026:14:27:16 +0000] "HEAD /d1/451/.expiring_objects" 404 - "HEAD http://localhost/v1/.expiring_objects?format=json" "tx52bb91ce5ccc437f95643-006a2ac5c4" "proxy-server 2" 0.0006 "-" 22 -
Jun 11 14:27:16 standalone object-expirer[123336]: Pass completed in 0s; 0 objects expired (txn: tx52bb91ce5ccc437f95643-006a2ac5c4)
Jun 11 14:27:54 standalone object-server[123470]: Begin object update sweep
Jun 11 14:27:54 standalone object-server[265109]: Object update sweep starting on /srv/node/d1 (pid: 16)
Jun 11 14:27:54 standalone object-server[265109]: Object update sweep completed on /srv/node/d1 in 0.00s seconds:, 0 successes, 0 failures, 0 quarantines, 0 unlinks, 0 errors, 0 redirects (pid: 16)
Jun 11 14:27:54 standalone object-server[265109]: Object update sweep of d1 completed: 0.00s, 0 successes, 0 failures, 0 quarantines, 0 unlinks, 0 errors, 0 redirects
Jun 11 14:27:54 standalone object-server[123470]: Object update sweep completed: 0.08s
Jun 11 14:29:06 standalone container-server[123102]: Begin container update sweep
Jun 11 14:29:06 standalone container-server[123102]: Container update sweep completed: 0.54s
Jun 11 14:29:27 standalone account-server[123262]: 172.20.0.100 - - [11/Jun/2026:14:29:27 +0000] "HEAD /d1/451/.expiring_objects" 404 - "HEAD http://localhost/v1/.expiring_objects?format=json" "txd26836f52a9c4895af3a3-006a2ac647" "proxy-server 2" 0.0007 "-" 21 -
Jun 11 14:29:27 standalone object-expirer[123336]: Pass completed in 0s; 0 objects expired (txn: txd26836f52a9c4895af3a3-006a2ac647)
Jun 11 14:29:29 standalone account-server[123247]: 172.20.0.31 - - [11/Jun/2026:14:29:29 +0000] "HEAD /d1/466/AUTH_90ea776ab9084229b447a274ecfcb0c3" 404 - "HEAD http://swift-public-openstack.apps-crc.testing/v1/AUTH_90ea776ab9084229b447a274ecfcb0c3?format=json" "tx448ebc988f3644ef97f7c-006a2ac649" "proxy-server 11" 0.0007 "-" 19 -
Jun 11 14:29:30 standalone account-server[123247]: 172.20.0.31 - - [11/Jun/2026:14:29:30 +0000] "GET /d1/466/AUTH_90ea776ab9084229b447a274ecfcb0c3" 404 - "GET http://swift-public-openstack.apps-crc.testing/v1/AUTH_90ea776ab9084229b447a274ecfcb0c3?format=json" "tx448ebc988f3644ef97f7c-006a2ac649" "proxy-server 11" 0.0006 "-" 19 -
Jun 11 14:30:22 standalone account-server[123247]: 172.20.0.100 - - [11/Jun/2026:14:30:22 +0000] "HEAD /d1/451/.expiring_objects" 404 - "HEAD http://localhost/v1/.expiring_objects?format=json" "txdaef6ee5ea92481787e52-006a2ac67e" "proxy-server 2" 0.0005 "-" 19 -
Jun 11 14:30:22 standalone object-expirer[123336]: Pass completed in 0s; 0 objects expired (txn: txdaef6ee5ea92481787e52-006a2ac67e)
Jun 11 14:32:54 standalone object-server[123470]: Begin object update sweep
Jun 11 14:32:54 standalone object-server[285758]: Object update sweep starting on /srv/node/d1 (pid: 17)
Jun 11 14:32:54 standalone object-server[285758]: Object update sweep completed on /srv/node/d1 in 0.00s seconds:, 0 successes, 0 failures, 0 quarantines, 0 unlinks, 0 errors, 0 redirects (pid: 17)
Jun 11 14:32:54 standalone object-server[285758]: Object update sweep of d1 completed: 0.00s, 0 successes, 0 failures, 0 quarantines, 0 unlinks, 0 errors, 0 redirects
Jun 11 14:32:54 standalone object-server[123470]: Object update sweep completed: 0.06s
Jun 11 14:34:06 standalone container-server[123102]: Begin container update sweep
Jun 11 14:34:06 standalone container-server[123102]: Container update sweep completed: 0.58s
Jun 11 14:34:39 standalone account-server[123262]: 172.20.0.100 - - [11/Jun/2026:14:34:39 +0000] "HEAD /d1/451/.expiring_objects" 404 - "HEAD http://localhost/v1/.expiring_objects?format=json" "tx6d6a88d681ac43718f801-006a2ac77f" "proxy-server 2" 0.0006 "-" 21 -
Jun 11 14:34:39 standalone object-expirer[123336]: Pass completed in 0s; 0 objects expired (txn: tx6d6a88d681ac43718f801-006a2ac77f)
Jun 11 14:36:11 standalone account-server[123247]: 172.20.0.100 - - [11/Jun/2026:14:36:11 +0000] "HEAD /d1/451/.expiring_objects" 404 - "HEAD http://localhost/v1/.expiring_objects?format=json" "tx9a3600770586438a8e72f-006a2ac7db" "proxy-server 2" 0.0005 "-" 19 -
Jun 11 14:36:11 standalone object-expirer[123336]: Pass completed in 0s; 0 objects expired (txn: tx9a3600770586438a8e72f-006a2ac7db)
Jun 11 14:36:35 standalone account-server[123247]: 172.20.0.100 - - [11/Jun/2026:14:36:35 +0000] "HEAD /d1/451/.expiring_objects" 404 - "HEAD http://localhost/v1/.expiring_objects?format=json" "tx20da209c424440ed886a5-006a2ac7f3" "proxy-server 2" 0.0004 "-" 19 -
Jun 11 14:36:35 standalone object-expirer[123336]: Pass completed in 0s; 0 objects expired (txn: tx20da209c424440ed886a5-006a2ac7f3)
Jun 11 14:36:59 standalone account-server[123271]: 172.20.0.31 - - [11/Jun/2026:14:36:59 +0000] "HEAD /d1/776/AUTH_91b28f897c244f42b65e8c48e62eec50" 204 - "HEAD http://swift-internal.openstack.svc:8080/v1/AUTH_91b28f897c244f42b65e8c48e62eec50?format=json" "txdcae18d5d15b4cdf8ab85-006a2ac80b" "proxy-server 15" 0.0097 "-" 22 -
Jun 11 14:37:00 standalone container-server[123373]: 172.20.0.31 - - [11/Jun/2026:14:37:00 +0000] "HEAD /d1/998/AUTH_91b28f897c244f42b65e8c48e62eec50/glance" 204 - "HEAD http://swift-internal.openstack.svc:8080/v1/AUTH_91b28f897c244f42b65e8c48e62eec50/glance?format=json&states=listing" "txdcae18d5d15b4cdf8ab85-006a2ac80b" "proxy-server 15" 0.0033 "-" 22 0
Jun 11 14:37:02 standalone container-server[123373]: 172.20.0.100 - - [11/Jun/2026:14:37:02 +0000] "PUT /d1/998/AUTH_91b28f897c244f42b65e8c48e62eec50/glance/841fbc9b-2887-4f41-b0e8-c14fd74e807e-00001" 201 - "PUT http://swift-internal.openstack.svc:8080/d1/206/AUTH_91b28f897c244f42b65e8c48e62eec50/glance/841fbc9b-2887-4f41-b0e8-c14fd74e807e-00001" "txc9e3b6ba5583488896628-006a2ac80c" "object-server 22" 0.0007 "-" 22 0
Jun 11 14:37:02 standalone object-server[123540]: 172.20.0.31 - - [11/Jun/2026:14:37:02 +0000] "PUT /d1/206/AUTH_91b28f897c244f42b65e8c48e62eec50/glance/841fbc9b-2887-4f41-b0e8-c14fd74e807e-00001" 201 - "PUT http://swift-internal.openstack.svc:8080/v1/AUTH_91b28f897c244f42b65e8c48e62eec50/glance/841fbc9b-2887-4f41-b0e8-c14fd74e807e-00001" "txc9e3b6ba5583488896628-006a2ac80c" "proxy-server 15" 2.2746 "-" 22 0
Jun 11 14:37:04 standalone container-server[123373]: 172.20.0.100 - - [11/Jun/2026:14:37:04 +0000] "PUT /d1/998/AUTH_91b28f897c244f42b65e8c48e62eec50/glance/841fbc9b-2887-4f41-b0e8-c14fd74e807e-00002" 201 - "PUT http://swift-internal.openstack.svc:8080/d1/513/AUTH_91b28f897c244f42b65e8c48e62eec50/glance/841fbc9b-2887-4f41-b0e8-c14fd74e807e-00002" "txe3be592b07f640edacf5d-006a2ac80e" "object-server 22" 0.0007 "-" 22 0
Jun 11 14:37:04 standalone object-server[123540]: 172.20.0.31 - - [11/Jun/2026:14:37:04 +0000] "PUT /d1/513/AUTH_91b28f897c244f42b65e8c48e62eec50/glance/841fbc9b-2887-4f41-b0e8-c14fd74e807e-00002" 201 - "PUT http://swift-internal.openstack.svc:8080/v1/AUTH_91b28f897c244f42b65e8c48e62eec50/glance/841fbc9b-2887-4f41-b0e8-c14fd74e807e-00002" "txe3be592b07f640edacf5d-006a2ac80e" "proxy-server 15" 2.0328 "-" 22 0
Jun 11 14:37:05 standalone container-server[123354]: 172.20.0.100 - - [11/Jun/2026:14:37:05 +0000] "PUT /d1/998/AUTH_91b28f897c244f42b65e8c48e62eec50/glance/841fbc9b-2887-4f41-b0e8-c14fd74e807e-00003" 201 - "PUT http://swift-internal.openstack.svc:8080/d1/679/AUTH_91b28f897c244f42b65e8c48e62eec50/glance/841fbc9b-2887-4f41-b0e8-c14fd74e807e-00003" "txf33e1dddfab54bc8b2a36-006a2ac810" "object-server 23" 0.0009 "-" 19 0
Jun 11 14:37:05 standalone object-server[123541]: 172.20.0.31 - - [11/Jun/2026:14:37:05 +0000] "PUT /d1/679/AUTH_91b28f897c244f42b65e8c48e62eec50/glance/841fbc9b-2887-4f41-b0e8-c14fd74e807e-00003" 201 - "PUT http://swift-internal.openstack.svc:8080/v1/AUTH_91b28f897c244f42b65e8c48e62eec50/glance/841fbc9b-2887-4f41-b0e8-c14fd74e807e-00003" "txf33e1dddfab54bc8b2a36-006a2ac810" "proxy-server 15" 1.2750 "-" 23 0
Jun 11 14:37:05 standalone container-server[123373]: 172.20.0.100 - - [11/Jun/2026:14:37:05 +0000] "PUT /d1/998/AUTH_91b28f897c244f42b65e8c48e62eec50/glance/841fbc9b-2887-4f41-b0e8-c14fd74e807e" 201 - "PUT http://swift-internal.openstack.svc:8080/d1/735/AUTH_91b28f897c244f42b65e8c48e62eec50/glance/841fbc9b-2887-4f41-b0e8-c14fd74e807e" "tx5f06fdb064394ab58cb02-006a2ac811" "object-server 23" 0.0008 "-" 22 0
Jun 11 14:37:05 standalone object-server[123541]: 172.20.0.31 - - [11/Jun/2026:14:37:05 +0000] "PUT /d1/735/AUTH_91b28f897c244f42b65e8c48e62eec50/glance/841fbc9b-2887-4f41-b0e8-c14fd74e807e" 201 - "PUT http://swift-internal.openstack.svc:8080/v1/AUTH_91b28f897c244f42b65e8c48e62eec50/glance/841fbc9b-2887-4f41-b0e8-c14fd74e807e" "tx5f06fdb064394ab58cb02-006a2ac811" "proxy-server 15" 0.0111 "-" 23 0
Jun 11 14:37:54 standalone object-server[123470]: Begin object update sweep
Jun 11 14:37:54 standalone object-server[306383]: Object update sweep starting on /srv/node/d1 (pid: 18)
Jun 11 14:37:54 standalone object-server[306383]: Object update sweep completed on /srv/node/d1 in 0.00s seconds:, 0 successes, 0 failures, 0 quarantines, 0 unlinks, 0 errors, 0 redirects (pid: 18)
Jun 11 14:37:54 standalone object-server[306383]: Object update sweep of d1 completed: 0.00s, 0 successes, 0 failures, 0 quarantines, 0 unlinks, 0 errors, 0 redirects
Jun 11 14:37:54 standalone object-server[123470]: Object update sweep completed: 0.07s
Jun 11 14:39:06 standalone container-server[123102]: Begin container update sweep
Jun 11 14:39:06 standalone account-server[123271]: 172.20.0.100 - - [11/Jun/2026:14:39:06 +0000] "PUT /d1/776/AUTH_91b28f897c244f42b65e8c48e62eec50/glance" 201 - "-" "-" "container-updater 2" 0.0012 "-" 22 0
Jun 11 14:39:07 standalone container-server[123102]: Container update sweep completed: 0.70s
Jun 11 14:40:51 standalone account-server[123262]: 172.20.0.100 - - [11/Jun/2026:14:40:51 +0000] "HEAD /d1/451/.expiring_objects" 404 - "HEAD http://localhost/v1/.expiring_objects?format=json" "tx56ef3c5f2c234fed8e21f-006a2ac8f3" "proxy-server 2" 0.0004 "-" 21 -
Jun 11 14:40:51 standalone object-expirer[123336]: Pass completed in 0s; 0 objects expired (txn: tx56ef3c5f2c234fed8e21f-006a2ac8f3)
Jun 11 14:41:08 standalone account-server[123262]: 172.20.0.100 - - [11/Jun/2026:14:41:08 +0000] "HEAD /d1/451/.expiring_objects" 404 - "HEAD http://localhost/v1/.expiring_objects?format=json" "tx868ba885464f47118930a-006a2ac904" "proxy-server 2" 0.0006 "-" 21 -
Jun 11 14:41:08 standalone object-expirer[123336]: Pass completed in 0s; 0 objects expired (txn: tx868ba885464f47118930a-006a2ac904)
Jun 11 14:42:13 standalone account-server[123285]: 172.20.0.31 - - [11/Jun/2026:14:42:13 +0000] "HEAD /d1/466/AUTH_90ea776ab9084229b447a274ecfcb0c3" 404 - "HEAD http://swift-internal.openstack.svc:8080/v1/AUTH_90ea776ab9084229b447a274ecfcb0c3?format=json" "tx0f5037c183bd4ad8bd561-006a2ac945" "proxy-server 15" 0.0008 "-" 23 -
Jun 11 14:42:13 standalone account-server[123271]: 172.20.0.31 - - [11/Jun/2026:14:42:13 +0000] "HEAD /d1/466/AUTH_90ea776ab9084229b447a274ecfcb0c3" 404 - "HEAD http://swift-internal.openstack.svc:8080/v1/AUTH_90ea776ab9084229b447a274ecfcb0c3?format=json" "tx0f5037c183bd4ad8bd561-006a2ac945" "proxy-server 15" 0.0005 "-" 22 -
Jun 11 14:42:13 standalone account-server[123247]: 172.20.0.31 - - [11/Jun/2026:14:42:13 +0000] "HEAD /d1/776/AUTH_91b28f897c244f42b65e8c48e62eec50" 204 - "HEAD http://swift-internal.openstack.svc:8080/v1/AUTH_91b28f897c244f42b65e8c48e62eec50?format=json" "tx1d5893c06d5b44c6bd7b6-006a2ac945" "proxy-server 13" 0.0088 "-" 19 -
Jun 11 14:42:14 standalone account-server[123247]: 172.20.0.31 - - [11/Jun/2026:14:42:14 +0000] "HEAD /d1/776/AUTH_91b28f897c244f42b65e8c48e62eec50" 204 - "HEAD http://swift-internal.openstack.svc:8080/v1/AUTH_91b28f897c244f42b65e8c48e62eec50?format=json" "tx1d5893c06d5b44c6bd7b6-006a2ac945" "proxy-server 13" 0.0025 "-" 19 -
