Jun 13 13:30:51 standalone object-server[126996]: 172.20.0.100 - - [13/Jun/2026:13:30:51 +0000] "PUT /d1/513/AUTH_c19669d901a14802a725c4a9e71c0e28/gnocchi.8682011f-e3de-4522-b139-7937185803d0/none_v3" 201 - "PUT http://172.18.0.2:8080/v1/AUTH_c19669d901a14802a725c4a9e71c0e28/gnocchi.8682011f-e3de-4522-b139-7937185803d0/none_v3" "tx88736b39218b4572bd088-006a2d5b8b" "proxy-server 20" 0.0071 "-" 25 0
Jun 13 13:30:51 standalone proxy-server[128869]: 172.18.0.2 172.18.0.100 13/Jun/2026/13/30/51 PUT /v1/AUTH_c19669d901a14802a725c4a9e71c0e28/gnocchi.8682011f-e3de-4522-b139-7937185803d0/none_v3 HTTP/1.0 201 - python-swiftclient-3.11.1 gAAAAABqLVq57q7Q... 22 - - tx88736b39218b4572bd088-006a2d5b8b - 0.0111 - - 1781357451.944809198 1781357451.955883026 0
Jun 13 13:30:51 standalone container-server[126776]: 172.20.0.100 - - [13/Jun/2026:13:30:51 +0000] "HEAD /d1/206/AUTH_c19669d901a14802a725c4a9e71c0e28/gnocchi.3673ea43-7628-493c-a750-62e2a66bb6e1" 404 - "HEAD http://172.18.0.2:8080/v1/AUTH_c19669d901a14802a725c4a9e71c0e28/gnocchi.3673ea43-7628-493c-a750-62e2a66bb6e1?format=json&states=listing" "tx0d0d6e0e53de4a0092a5c-006a2d5b8b" "proxy-server 20" 0.0004 "-" 22 0
Jun 13 13:30:51 standalone object-server[126994]: 172.20.0.100 - - [13/Jun/2026:13:30:51 +0000] "GET /d1/946/AUTH_c19669d901a14802a725c4a9e71c0e28/gnocchi.3673ea43-7628-493c-a750-62e2a66bb6e1/none_v3" 404 70 "GET http://172.18.0.2:8080/v1/AUTH_c19669d901a14802a725c4a9e71c0e28/gnocchi.3673ea43-7628-493c-a750-62e2a66bb6e1/none_v3" "tx0d0d6e0e53de4a0092a5c-006a2d5b8b" "proxy-server 20" 0.0003 "-" 24 0
Jun 13 13:30:51 standalone proxy-server[128869]: 172.18.0.2 172.18.0.100 13/Jun/2026/13/30/51 GET /v1/AUTH_c19669d901a14802a725c4a9e71c0e28/gnocchi.3673ea43-7628-493c-a750-62e2a66bb6e1/none_v3 HTTP/1.0 404 - python-swiftclient-3.11.1 gAAAAABqLVq57q7Q... - 70 - tx0d0d6e0e53de4a0092a5c-006a2d5b8b - 0.0087 - - 1781357451.965095520 1781357451.973790646 0
Jun 13 13:30:51 standalone account-server[126744]: 172.20.0.100 - - [13/Jun/2026:13:30:51 +0000] "PUT /d1/10/AUTH_c19669d901a14802a725c4a9e71c0e28/gnocchi.3673ea43-7628-493c-a750-62e2a66bb6e1" 201 - "PUT http://172.20.0.100:6001/d1/206/AUTH_c19669d901a14802a725c4a9e71c0e28/gnocchi.3673ea43-7628-493c-a750-62e2a66bb6e1" "txfafb869435514be684535-006a2d5b8b" "container-server 20" 0.0057 "-" 21 0
Jun 13 13:30:51 standalone container-server[126772]: 172.20.0.100 - - [13/Jun/2026:13:30:51 +0000] "PUT /d1/206/AUTH_c19669d901a14802a725c4a9e71c0e28/gnocchi.3673ea43-7628-493c-a750-62e2a66bb6e1" 201 - "PUT http://172.18.0.2:8080/v1/AUTH_c19669d901a14802a725c4a9e71c0e28/gnocchi.3673ea43-7628-493c-a750-62e2a66bb6e1" "txfafb869435514be684535-006a2d5b8b" "proxy-server 20" 0.0157 "-" 20 0
Jun 13 13:30:51 standalone proxy-server[128869]: 172.18.0.2 172.18.0.100 13/Jun/2026/13/30/51 PUT /v1/AUTH_c19669d901a14802a725c4a9e71c0e28/gnocchi.3673ea43-7628-493c-a750-62e2a66bb6e1 HTTP/1.0 201 - python-swiftclient-3.11.1 gAAAAABqLVq57q7Q... - - - txfafb869435514be684535-006a2d5b8b - 0.0198 - - 1781357451.976274490 1781357451.996075630 0
Jun 13 13:30:52 standalone container-server[126778]: 172.20.0.100 - - [13/Jun/2026:13:30:52 +0000] "HEAD /d1/206/AUTH_c19669d901a14802a725c4a9e71c0e28/gnocchi.3673ea43-7628-493c-a750-62e2a66bb6e1" 204 - "HEAD http://172.18.0.2:8080/v1/AUTH_c19669d901a14802a725c4a9e71c0e28/gnocchi.3673ea43-7628-493c-a750-62e2a66bb6e1?format=json&states=listing" "tx35ed0488a8124bc6bd07a-006a2d5b8b" "proxy-server 20" 0.0012 "-" 23 0
Jun 13 13:30:52 standalone proxy-server[128869]: - - 13/Jun/2026/13/30/52 HEAD /v1/AUTH_c19669d901a14802a725c4a9e71c0e28/gnocchi.3673ea43-7628-493c-a750-62e2a66bb6e1%3Fformat%3Djson%26states%3Dlisting HTTP/1.0 204 - Swift - - - - tx35ed0488a8124bc6bd07a-006a2d5b8b - 0.0042 RL - 1781357451.999627113 1781357452.003835917 0
Jun 13 13:30:52 standalone container-server[126774]: 172.20.0.100 - - [13/Jun/2026:13:30:52 +0000] "GET /d1/206/AUTH_c19669d901a14802a725c4a9e71c0e28/gnocchi.3673ea43-7628-493c-a750-62e2a66bb6e1" 200 2 "GET http://172.18.0.2:8080/v1/AUTH_c19669d901a14802a725c4a9e71c0e28/gnocchi.3673ea43-7628-493c-a750-62e2a66bb6e1?format=json&states=listing" "tx35ed0488a8124bc6bd07a-006a2d5b8b" "proxy-server 20" 0.0038 "-" 21 0
Jun 13 13:30:52 standalone proxy-server[128869]: 172.18.0.2 172.18.0.100 13/Jun/2026/13/30/52 GET /v1/AUTH_c19669d901a14802a725c4a9e71c0e28/gnocchi.3673ea43-7628-493c-a750-62e2a66bb6e1%3Fformat%3Djson%26states%3Dlisting HTTP/1.0 200 - python-swiftclient-3.11.1 gAAAAABqLVq57q7Q... - 2 - tx35ed0488a8124bc6bd07a-006a2d5b8b - 0.0147 - - 1781357451.998717546 1781357452.013460875 0
Jun 13 13:30:52 standalone object-server[126996]: 172.20.0.100 - - [13/Jun/2026:13:30:52 +0000] "GET /d1/649/AUTH_c19669d901a14802a725c4a9e71c0e28/gnocchi.3673ea43-7628-493c-a750-62e2a66bb6e1/1780920000.0_mean_300.0_v3" 404 70 "GET http://172.18.0.2:8080/v1/AUTH_c19669d901a14802a725c4a9e71c0e28/gnocchi.3673ea43-7628-493c-a750-62e2a66bb6e1/1780920000.0_mean_300.0_v3" "tx47f58c1abfbc4d13956f2-006a2d5b8c" "proxy-server 20" 0.0003 "-" 25 0
Jun 13 13:30:52 standalone proxy-server[128869]: 172.18.0.2 172.18.0.100 13/Jun/2026/13/30/52 GET /v1/AUTH_c19669d901a14802a725c4a9e71c0e28/gnocchi.3673ea43-7628-493c-a750-62e2a66bb6e1/1780920000.0_mean_300.0_v3 HTTP/1.0 404 - python-swiftclient-3.11.1 gAAAAABqLVq57q7Q... - 70 - tx47f58c1abfbc4d13956f2-006a2d5b8c - 0.0054 - - 1781357452.016160250 1781357452.021579027 0
Jun 13 13:30:52 standalone container-server[126776]: 172.20.0.100 - - [13/Jun/2026:13:30:52 +0000] "PUT /d1/206/AUTH_c19669d901a14802a725c4a9e71c0e28/gnocchi.3673ea43-7628-493c-a750-62e2a66bb6e1/1780920000.0_mean_300.0_v3" 201 - "PUT http://172.18.0.2:8080/d1/649/AUTH_c19669d901a14802a725c4a9e71c0e28/gnocchi.3673ea43-7628-493c-a750-62e2a66bb6e1/1780920000.0_mean_300.0_v3" "tx5356a77d46dd4fe6b9451-006a2d5b8c" "object-server 23" 0.0006 "-" 22 0
Jun 13 13:30:52 standalone object-server[126993]: 172.20.0.100 - - [13/Jun/2026:13:30:52 +0000] "PUT /d1/649/AUTH_c19669d901a14802a725c4a9e71c0e28/gnocchi.3673ea43-7628-493c-a750-62e2a66bb6e1/1780920000.0_mean_300.0_v3" 201 - "PUT http://172.18.0.2:8080/v1/AUTH_c19669d901a14802a725c4a9e71c0e28/gnocchi.3673ea43-7628-493c-a750-62e2a66bb6e1/1780920000.0_mean_300.0_v3" "tx5356a77d46dd4fe6b9451-006a2d5b8c" "proxy-server 20" 0.0086 "-" 23 0
Jun 13 13:30:52 standalone proxy-server[128869]: 172.18.0.2 172.18.0.100 13/Jun/2026/13/30/52 PUT /v1/AUTH_c19669d901a14802a725c4a9e71c0e28/gnocchi.3673ea43-7628-493c-a750-62e2a66bb6e1/1780920000.0_mean_300.0_v3 HTTP/1.0 201 - python-swiftclient-3.11.1 gAAAAABqLVq57q7Q... 16 - - tx5356a77d46dd4fe6b9451-006a2d5b8c - 0.0134 - - 1781357452.026917696 1781357452.040287256 0
Jun 13 13:30:52 standalone container-server[126776]: 172.20.0.100 - - [13/Jun/2026:13:30:52 +0000] "PUT /d1/206/AUTH_c19669d901a14802a725c4a9e71c0e28/gnocchi.3673ea43-7628-493c-a750-62e2a66bb6e1/none_v3" 201 - "PUT http://172.18.0.2:8080/d1/946/AUTH_c19669d901a14802a725c4a9e71c0e28/gnocchi.3673ea43-7628-493c-a750-62e2a66bb6e1/none_v3" "tx8f59b1eca4304974914ae-006a2d5b8c" "object-server 22" 0.0003 "-" 22 0
Jun 13 13:30:52 standalone object-server[126990]: 172.20.0.100 - - [13/Jun/2026:13:30:52 +0000] "PUT /d1/946/AUTH_c19669d901a14802a725c4a9e71c0e28/gnocchi.3673ea43-7628-493c-a750-62e2a66bb6e1/none_v3" 201 - "PUT http://172.18.0.2:8080/v1/AUTH_c19669d901a14802a725c4a9e71c0e28/gnocchi.3673ea43-7628-493c-a750-62e2a66bb6e1/none_v3" "tx8f59b1eca4304974914ae-006a2d5b8c" "proxy-server 20" 0.0085 "-" 22 0
Jun 13 13:30:52 standalone proxy-server[128869]: 172.18.0.2 172.18.0.100 13/Jun/2026/13/30/52 PUT /v1/AUTH_c19669d901a14802a725c4a9e71c0e28/gnocchi.3673ea43-7628-493c-a750-62e2a66bb6e1/none_v3 HTTP/1.0 201 - python-swiftclient-3.11.1 gAAAAABqLVq57q7Q... 22 - - tx8f59b1eca4304974914ae-006a2d5b8c - 0.0130 - - 1781357452.042522669 1781357452.055525780 0
Jun 13 13:30:52 standalone container-server[126774]: 172.20.0.100 - - [13/Jun/2026:13:30:52 +0000] "HEAD /d1/839/AUTH_c19669d901a14802a725c4a9e71c0e28/gnocchi.81ff7e7c-5a2a-4311-8273-b26abfe46ac2" 404 - "HEAD http://172.18.0.2:8080/v1/AUTH_c19669d901a14802a725c4a9e71c0e28/gnocchi.81ff7e7c-5a2a-4311-8273-b26abfe46ac2?format=json&states=listing" "txa1ae6be4283e4117aa17f-006a2d5b8c" "proxy-server 20" 0.0005 "-" 21 0
Jun 13 13:30:52 standalone object-server[126994]: 172.20.0.100 - - [13/Jun/2026:13:30:52 +0000] "GET /d1/534/AUTH_c19669d901a14802a725c4a9e71c0e28/gnocchi.81ff7e7c-5a2a-4311-8273-b26abfe46ac2/none_v3" 404 70 "GET http://172.18.0.2:8080/v1/AUTH_c19669d901a14802a725c4a9e71c0e28/gnocchi.81ff7e7c-5a2a-4311-8273-b26abfe46ac2/none_v3" "txa1ae6be4283e4117aa17f-006a2d5b8c" "proxy-server 20" 0.0003 "-" 24 0
Jun 13 13:30:52 standalone proxy-server[128869]: 172.18.0.2 172.18.0.100 13/Jun/2026/13/30/52 GET /v1/AUTH_c19669d901a14802a725c4a9e71c0e28/gnocchi.81ff7e7c-5a2a-4311-8273-b26abfe46ac2/none_v3 HTTP/1.0 404 - python-swiftclient-3.11.1 gAAAAABqLVq57q7Q... - 70 - txa1ae6be4283e4117aa17f-006a2d5b8c - 0.0073 - - 1781357452.062663317 1781357452.069935799 0
Jun 13 13:30:52 standalone account-server[126751]: 172.20.0.100 - - [13/Jun/2026:13:30:52 +0000] "PUT /d1/10/AUTH_c19669d901a14802a725c4a9e71c0e28/gnocchi.81ff7e7c-5a2a-4311-8273-b26abfe46ac2" 201 - "PUT http://172.20.0.100:6001/d1/839/AUTH_c19669d901a14802a725c4a9e71c0e28/gnocchi.81ff7e7c-5a2a-4311-8273-b26abfe46ac2" "tx6ab1a652fb684605a4d10-006a2d5b8c" "container-server 22" 0.0040 "-" 22 0
Jun 13 13:30:52 standalone container-server[126776]: 172.20.0.100 - - [13/Jun/2026:13:30:52 +0000] "PUT /d1/839/AUTH_c19669d901a14802a725c4a9e71c0e28/gnocchi.81ff7e7c-5a2a-4311-8273-b26abfe46ac2" 201 - "PUT http://172.18.0.2:8080/v1/AUTH_c19669d901a14802a725c4a9e71c0e28/gnocchi.81ff7e7c-5a2a-4311-8273-b26abfe46ac2" "tx6ab1a652fb684605a4d10-006a2d5b8c" "proxy-server 20" 0.0131 "-" 22 0
Jun 13 13:30:52 standalone proxy-server[128869]: 172.18.0.2 172.18.0.100 13/Jun/2026/13/30/52 PUT /v1/AUTH_c19669d901a14802a725c4a9e71c0e28/gnocchi.81ff7e7c-5a2a-4311-8273-b26abfe46ac2 HTTP/1.0 201 - python-swiftclient-3.11.1 gAAAAABqLVq57q7Q... - - - tx6ab1a652fb684605a4d10-006a2d5b8c - 0.0166 - - 1781357452.071751118 1781357452.088317156 0
Jun 13 13:30:52 standalone container-server[126774]: 172.20.0.100 - - [13/Jun/2026:13:30:52 +0000] "HEAD /d1/839/AUTH_c19669d901a14802a725c4a9e71c0e28/gnocchi.81ff7e7c-5a2a-4311-8273-b26abfe46ac2" 204 - "HEAD http://172.18.0.2:8080/v1/AUTH_c19669d901a14802a725c4a9e71c0e28/gnocchi.81ff7e7c-5a2a-4311-8273-b26abfe46ac2?format=json&states=listing" "tx83dd264a12864852bb425-006a2d5b8c" "proxy-server 20" 0.0028 "-" 21 0
Jun 13 13:30:52 standalone proxy-server[128869]: - - 13/Jun/2026/13/30/52 HEAD /v1/AUTH_c19669d901a14802a725c4a9e71c0e28/gnocchi.81ff7e7c-5a2a-4311-8273-b26abfe46ac2%3Fformat%3Djson%26states%3Dlisting HTTP/1.0 204 - Swift - - - - tx83dd264a12864852bb425-006a2d5b8c - 0.0077 RL - 1781357452.093355179 1781357452.101102114 0
Jun 13 13:30:52 standalone container-server[126776]: 172.20.0.100 - - [13/Jun/2026:13:30:52 +0000] "GET /d1/839/AUTH_c19669d901a14802a725c4a9e71c0e28/gnocchi.81ff7e7c-5a2a-4311-8273-b26abfe46ac2" 200 2 "GET http://172.18.0.2:8080/v1/AUTH_c19669d901a14802a725c4a9e71c0e28/gnocchi.81ff7e7c-5a2a-4311-8273-b26abfe46ac2?format=json&states=listing" "tx83dd264a12864852bb425-006a2d5b8c" "proxy-server 20" 0.0016 "-" 22 0
Jun 13 13:30:52 standalone proxy-server[128869]: 172.18.0.2 172.18.0.100 13/Jun/2026/13/30/52 GET /v1/AUTH_c19669d901a14802a725c4a9e71c0e28/gnocchi.81ff7e7c-5a2a-4311-8273-b26abfe46ac2%3Fformat%3Djson%26states%3Dlisting HTTP/1.0 200 - python-swiftclient-3.11.1 gAAAAABqLVq57q7Q... - 2 - tx83dd264a12864852bb425-006a2d5b8c - 0.0185 - - 1781357452.091687441 1781357452.110194445 0
Jun 13 13:30:52 standalone object-server[126993]: 172.20.0.100 - - [13/Jun/2026:13:30:52 +0000] "GET /d1/524/AUTH_c19669d901a14802a725c4a9e71c0e28/gnocchi.81ff7e7c-5a2a-4311-8273-b26abfe46ac2/1780920000.0_mean_300.0_v3" 404 70 "GET http://172.18.0.2:8080/v1/AUTH_c19669d901a14802a725c4a9e71c0e28/gnocchi.81ff7e7c-5a2a-4311-8273-b26abfe46ac2/1780920000.0_mean_300.0_v3" "txbfbab270f2c94f13a037d-006a2d5b8c" "proxy-server 20" 0.0005 "-" 23 0
Jun 13 13:30:52 standalone proxy-server[128869]: 172.18.0.2 172.18.0.100 13/Jun/2026/13/30/52 GET /v1/AUTH_c19669d901a14802a725c4a9e71c0e28/gnocchi.81ff7e7c-5a2a-4311-8273-b26abfe46ac2/1780920000.0_mean_300.0_v3 HTTP/1.0 404 - python-swiftclient-3.11.1 gAAAAABqLVq57q7Q... - 70 - txbfbab270f2c94f13a037d-006a2d5b8c - 0.0078 - - 1781357452.113433123 1781357452.121220589 0
Jun 13 13:30:52 standalone container-server[126776]: 172.20.0.100 - - [13/Jun/2026:13:30:52 +0000] "PUT /d1/839/AUTH_c19669d901a14802a725c4a9e71c0e28/gnocchi.81ff7e7c-5a2a-4311-8273-b26abfe46ac2/1780920000.0_mean_300.0_v3" 201 - "PUT http://172.18.0.2:8080/d1/524/AUTH_c19669d901a14802a725c4a9e71c0e28/gnocchi.81ff7e7c-5a2a-4311-8273-b26abfe46ac2/1780920000.0_mean_300.0_v3" "txf786488d73b646e296446-006a2d5b8c" "object-server 25" 0.0007 "-" 22 0
Jun 13 13:30:52 standalone object-server[126996]: 172.20.0.100 - - [13/Jun/2026:13:30:52 +0000] "PUT /d1/524/AUTH_c19669d901a14802a725c4a9e71c0e28/gnocchi.81ff7e7c-5a2a-4311-8273-b26abfe46ac2/1780920000.0_mean_300.0_v3" 201 - "PUT http://172.18.0.2:8080/v1/AUTH_c19669d901a14802a725c4a9e71c0e28/gnocchi.81ff7e7c-5a2a-4311-8273-b26abfe46ac2/1780920000.0_mean_300.0_v3" "txf786488d73b646e296446-006a2d5b8c" "proxy-server 20" 0.0100 "-" 25 0
Jun 13 13:30:52 standalone proxy-server[128869]: 172.18.0.2 172.18.0.100 13/Jun/2026/13/30/52 PUT /v1/AUTH_c19669d901a14802a725c4a9e71c0e28/gnocchi.81ff7e7c-5a2a-4311-8273-b26abfe46ac2/1780920000.0_mean_300.0_v3 HTTP/1.0 201 - python-swiftclient-3.11.1 gAAAAABqLVq57q7Q... 16 - - txf786488d73b646e296446-006a2d5b8c - 0.0170 - - 1781357452.123700380 1781357452.140688181 0
Jun 13 13:30:52 standalone container-server[126774]: 172.20.0.100 - - [13/Jun/2026:13:30:52 +0000] "PUT /d1/839/AUTH_c19669d901a14802a725c4a9e71c0e28/gnocchi.81ff7e7c-5a2a-4311-8273-b26abfe46ac2/none_v3" 201 - "PUT http://172.18.0.2:8080/d1/534/AUTH_c19669d901a14802a725c4a9e71c0e28/gnocchi.81ff7e7c-5a2a-4311-8273-b26abfe46ac2/none_v3" "tx300f55f06dbf49a1838a2-006a2d5b8c" "object-server 25" 0.0008 "-" 21 0
Jun 13 13:30:52 standalone object-server[126996]: 172.20.0.100 - - [13/Jun/2026:13:30:52 +0000] "PUT /d1/534/AUTH_c19669d901a14802a725c4a9e71c0e28/gnocchi.81ff7e7c-5a2a-4311-8273-b26abfe46ac2/none_v3" 201 - "PUT http://172.18.0.2:8080/v1/AUTH_c19669d901a14802a725c4a9e71c0e28/gnocchi.81ff7e7c-5a2a-4311-8273-b26abfe46ac2/none_v3" "tx300f55f06dbf49a1838a2-006a2d5b8c" "proxy-server 20" 0.0099 "-" 25 0
Jun 13 13:30:52 standalone proxy-server[128869]: 172.18.0.2 172.18.0.100 13/Jun/2026/13/30/52 PUT /v1/AUTH_c19669d901a14802a725c4a9e71c0e28/gnocchi.81ff7e7c-5a2a-4311-8273-b26abfe46ac2/none_v3 HTTP/1.0 201 - python-swiftclient-3.11.1 gAAAAABqLVq57q7Q... 22 - - tx300f55f06dbf49a1838a2-006a2d5b8c - 0.0164 - - 1781357452.143202782 1781357452.159595251 0
Jun 13 13:30:52 standalone container-server[126774]: 172.20.0.100 - - [13/Jun/2026:13:30:52 +0000] "HEAD /d1/395/AUTH_c19669d901a14802a725c4a9e71c0e28/gnocchi.971c8cef-3424-427a-a50a-8fb8e72ef70b" 404 - "HEAD http://172.18.0.2:8080/v1/AUTH_c19669d901a14802a725c4a9e71c0e28/gnocchi.971c8cef-3424-427a-a50a-8fb8e72ef70b?format=json&states=listing" "txced901d02b784c28baea6-006a2d5b8c" "proxy-server 20" 0.0005 "-" 21 0
Jun 13 13:30:52 standalone object-server[126993]: 172.20.0.100 - - [13/Jun/2026:13:30:52 +0000] "GET /d1/257/AUTH_c19669d901a14802a725c4a9e71c0e28/gnocchi.971c8cef-3424-427a-a50a-8fb8e72ef70b/none_v3" 404 70 "GET http://172.18.0.2:8080/v1/AUTH_c19669d901a14802a725c4a9e71c0e28/gnocchi.971c8cef-3424-427a-a50a-8fb8e72ef70b/none_v3" "txced901d02b784c28baea6-006a2d5b8c" "proxy-server 20" 0.0005 "-" 23 0
Jun 13 13:30:52 standalone proxy-server[128869]: 172.18.0.2 172.18.0.100 13/Jun/2026/13/30/52 GET /v1/AUTH_c19669d901a14802a725c4a9e71c0e28/gnocchi.971c8cef-3424-427a-a50a-8fb8e72ef70b/none_v3 HTTP/1.0 404 - python-swiftclient-3.11.1 gAAAAABqLVq57q7Q... - 70 - txced901d02b784c28baea6-006a2d5b8c - 0.0121 - - 1781357452.172809124 1781357452.184925079 0
Jun 13 13:30:52 standalone account-server[126751]: 172.20.0.100 - - [13/Jun/2026:13:30:52 +0000] "PUT /d1/10/AUTH_c19669d901a14802a725c4a9e71c0e28/gnocchi.971c8cef-3424-427a-a50a-8fb8e72ef70b" 201 - "PUT http://172.20.0.100:6001/d1/395/AUTH_c19669d901a14802a725c4a9e71c0e28/gnocchi.971c8cef-3424-427a-a50a-8fb8e72ef70b" "tx7acd189ae8df42b8a401e-006a2d5b8c" "container-server 20" 0.0058 "-" 22 0
Jun 13 13:30:52 standalone container-server[126772]: 172.20.0.100 - - [13/Jun/2026:13:30:52 +0000] "PUT /d1/395/AUTH_c19669d901a14802a725c4a9e71c0e28/gnocchi.971c8cef-3424-427a-a50a-8fb8e72ef70b" 201 - "PUT http://172.18.0.2:8080/v1/AUTH_c19669d901a14802a725c4a9e71c0e28/gnocchi.971c8cef-3424-427a-a50a-8fb8e72ef70b" "tx7acd189ae8df42b8a401e-006a2d5b8c" "proxy-server 20" 0.0187 "-" 20 0
Jun 13 13:30:52 standalone proxy-server[128869]: 172.18.0.2 172.18.0.100 13/Jun/2026/13/30/52 PUT /v1/AUTH_c19669d901a14802a725c4a9e71c0e28/gnocchi.971c8cef-3424-427a-a50a-8fb8e72ef70b HTTP/1.0 201 - python-swiftclient-3.11.1 gAAAAABqLVq57q7Q... - - - tx7acd189ae8df42b8a401e-006a2d5b8c - 0.0260 - - 1781357452.188261271 1781357452.214245796 0
Jun 13 13:30:52 standalone container-server[126778]: 172.20.0.100 - - [13/Jun/2026:13:30:52 +0000] "HEAD /d1/395/AUTH_c19669d901a14802a725c4a9e71c0e28/gnocchi.971c8cef-3424-427a-a50a-8fb8e72ef70b" 204 - "HEAD http://172.18.0.2:8080/v1/AUTH_c19669d901a14802a725c4a9e71c0e28/gnocchi.971c8cef-3424-427a-a50a-8fb8e72ef70b?format=json&states=listing" "tx3075f4d32cbe45e485f4f-006a2d5b8c" "proxy-server 20" 0.0022 "-" 23 0
Jun 13 13:30:52 standalone proxy-server[128869]: - - 13/Jun/2026/13/30/52 HEAD /v1/AUTH_c19669d901a14802a725c4a9e71c0e28/gnocchi.971c8cef-3424-427a-a50a-8fb8e72ef70b%3Fformat%3Djson%26states%3Dlisting HTTP/1.0 204 - Swift - - - - tx3075f4d32cbe45e485f4f-006a2d5b8c - 0.0069 RL - 1781357452.221077681 1781357452.227947235 0
Jun 13 13:30:52 standalone container-server[126776]: 172.20.0.100 - - [13/Jun/2026:13:30:52 +0000] "GET /d1/395/AUTH_c19669d901a14802a725c4a9e71c0e28/gnocchi.971c8cef-3424-427a-a50a-8fb8e72ef70b" 200 2 "GET http://172.18.0.2:8080/v1/AUTH_c19669d901a14802a725c4a9e71c0e28/gnocchi.971c8cef-3424-427a-a50a-8fb8e72ef70b?format=json&states=listing" "tx3075f4d32cbe45e485f4f-006a2d5b8c" "proxy-server 20" 0.0033 "-" 22 0
Jun 13 13:30:52 standalone proxy-server[128869]: 172.18.0.2 172.18.0.100 13/Jun/2026/13/30/52 GET /v1/AUTH_c19669d901a14802a725c4a9e71c0e28/gnocchi.971c8cef-3424-427a-a50a-8fb8e72ef70b%3Fformat%3Djson%26states%3Dlisting HTTP/1.0 200 - python-swiftclient-3.11.1 gAAAAABqLVq57q7Q... - 2 - tx3075f4d32cbe45e485f4f-006a2d5b8c - 0.0204 - - 1781357452.219289541 1781357452.239721298 0
Jun 13 13:30:52 standalone object-server[126994]: 172.20.0.100 - - [13/Jun/2026:13:30:52 +0000] "GET /d1/309/AUTH_c19669d901a14802a725c4a9e71c0e28/gnocchi.971c8cef-3424-427a-a50a-8fb8e72ef70b/1780920000.0_mean_300.0_v3" 404 70 "GET http://172.18.0.2:8080/v1/AUTH_c19669d901a14802a725c4a9e71c0e28/gnocchi.971c8cef-3424-427a-a50a-8fb8e72ef70b/1780920000.0_mean_300.0_v3" "txb7dbaedc00924d3ba7f16-006a2d5b8c" "proxy-server 20" 0.0005 "-" 24 0
Jun 13 13:30:52 standalone proxy-server[128869]: 172.18.0.2 172.18.0.100 13/Jun/2026/13/30/52 GET /v1/AUTH_c19669d901a14802a725c4a9e71c0e28/gnocchi.971c8cef-3424-427a-a50a-8fb8e72ef70b/1780920000.0_mean_300.0_v3 HTTP/1.0 404 - python-swiftclient-3.11.1 gAAAAABqLVq57q7Q... - 70 - txb7dbaedc00924d3ba7f16-006a2d5b8c - 0.0077 - - 1781357452.244181156 1781357452.251903296 0
Jun 13 13:30:52 standalone container-server[126776]: 172.20.0.100 - - [13/Jun/2026:13:30:52 +0000] "PUT /d1/395/AUTH_c19669d901a14802a725c4a9e71c0e28/gnocchi.971c8cef-3424-427a-a50a-8fb8e72ef70b/1780920000.0_mean_300.0_v3" 201 - "PUT http://172.18.0.2:8080/d1/309/AUTH_c19669d901a14802a725c4a9e71c0e28/gnocchi.971c8cef-3424-427a-a50a-8fb8e72ef70b/1780920000.0_mean_300.0_v3" "tx1ea9a260c9e34a6793e86-006a2d5b8c" "object-server 24" 0.0008 "-" 22 0
Jun 13 13:30:52 standalone object-server[126994]: 172.20.0.100 - - [13/Jun/2026:13:30:52 +0000] "PUT /d1/309/AUTH_c19669d901a14802a725c4a9e71c0e28/gnocchi.971c8cef-3424-427a-a50a-8fb8e72ef70b/1780920000.0_mean_300.0_v3" 201 - "PUT http://172.18.0.2:8080/v1/AUTH_c19669d901a14802a725c4a9e71c0e28/gnocchi.971c8cef-3424-427a-a50a-8fb8e72ef70b/1780920000.0_mean_300.0_v3" "tx1ea9a260c9e34a6793e86-006a2d5b8c" "proxy-server 20" 0.0107 "-" 24 0
Jun 13 13:30:52 standalone proxy-server[128869]: 172.18.0.2 172.18.0.100 13/Jun/2026/13/30/52 PUT /v1/AUTH_c19669d901a14802a725c4a9e71c0e28/gnocchi.971c8cef-3424-427a-a50a-8fb8e72ef70b/1780920000.0_mean_300.0_v3 HTTP/1.0 201 - python-swiftclient-3.11.1 gAAAAABqLVq57q7Q... 16 - - tx1ea9a260c9e34a6793e86-006a2d5b8c - 0.0180 - - 1781357452.255610228 1781357452.273576021 0
Jun 13 13:30:52 standalone container-server[126774]: 172.20.0.100 - - [13/Jun/2026:13:30:52 +0000] "PUT /d1/395/AUTH_c19669d901a14802a725c4a9e71c0e28/gnocchi.971c8cef-3424-427a-a50a-8fb8e72ef70b/none_v3" 201 - "PUT http://172.18.0.2:8080/d1/257/AUTH_c19669d901a14802a725c4a9e71c0e28/gnocchi.971c8cef-3424-427a-a50a-8fb8e72ef70b/none_v3" "tx4a0db040f88a4de3ba756-006a2d5b8c" "object-server 24" 0.0009 "-" 21 0
Jun 13 13:30:52 standalone object-server[126994]: 172.20.0.100 - - [13/Jun/2026:13:30:52 +0000] "PUT /d1/257/AUTH_c19669d901a14802a725c4a9e71c0e28/gnocchi.971c8cef-3424-427a-a50a-8fb8e72ef70b/none_v3" 201 - "PUT http://172.18.0.2:8080/v1/AUTH_c19669d901a14802a725c4a9e71c0e28/gnocchi.971c8cef-3424-427a-a50a-8fb8e72ef70b/none_v3" "tx4a0db040f88a4de3ba756-006a2d5b8c" "proxy-server 20" 0.0108 "-" 24 0
Jun 13 13:30:52 standalone proxy-server[128869]: 172.18.0.2 172.18.0.100 13/Jun/2026/13/30/52 PUT /v1/AUTH_c19669d901a14802a725c4a9e71c0e28/gnocchi.971c8cef-3424-427a-a50a-8fb8e72ef70b/none_v3 HTTP/1.0 201 - python-swiftclient-3.11.1 gAAAAABqLVq57q7Q... 22 - - tx4a0db040f88a4de3ba756-006a2d5b8c - 0.0178 - - 1781357452.277193546 1781357452.294945717 0
Jun 13 13:30:52 standalone container-server[126776]: 172.20.0.100 - - [13/Jun/2026:13:30:52 +0000] "HEAD /d1/120/AUTH_c19669d901a14802a725c4a9e71c0e28/gnocchi.049deb25-5376-4c89-b95a-c24c2e5f7470" 404 - "HEAD http://172.18.0.2:8080/v1/AUTH_c19669d901a14802a725c4a9e71c0e28/gnocchi.049deb25-5376-4c89-b95a-c24c2e5f7470?format=json&states=listing" "tx9bb17d98684b4b57b3a7d-006a2d5b8c" "proxy-server 20" 0.0006 "-" 22 0
Jun 13 13:30:52 standalone object-server[126996]: 172.20.0.100 - - [13/Jun/2026:13:30:52 +0000] "GET /d1/688/AUTH_c19669d901a14802a725c4a9e71c0e28/gnocchi.049deb25-5376-4c89-b95a-c24c2e5f7470/none_v3" 404 70 "GET http://172.18.0.2:8080/v1/AUTH_c19669d901a14802a725c4a9e71c0e28/gnocchi.049deb25-5376-4c89-b95a-c24c2e5f7470/none_v3" "tx9bb17d98684b4b57b3a7d-006a2d5b8c" "proxy-server 20" 0.0005 "-" 25 0
Jun 13 13:30:52 standalone proxy-server[128869]: 172.18.0.2 172.18.0.100 13/Jun/2026/13/30/52 GET /v1/AUTH_c19669d901a14802a725c4a9e71c0e28/gnocchi.049deb25-5376-4c89-b95a-c24c2e5f7470/none_v3 HTTP/1.0 404 - python-swiftclient-3.11.1 gAAAAABqLVq57q7Q... - 70 - tx9bb17d98684b4b57b3a7d-006a2d5b8c - 0.0127 - - 1781357452.307595491 1781357452.320324659 0
Jun 13 13:30:52 standalone account-server[126744]: 172.20.0.100 - - [13/Jun/2026:13:30:52 +0000] "PUT /d1/10/AUTH_c19669d901a14802a725c4a9e71c0e28/gnocchi.049deb25-5376-4c89-b95a-c24c2e5f7470" 201 - "PUT http://172.20.0.100:6001/d1/120/AUTH_c19669d901a14802a725c4a9e71c0e28/gnocchi.049deb25-5376-4c89-b95a-c24c2e5f7470" "tx66ee739c57654fc8ad62a-006a2d5b8c" "container-server 21" 0.0062 "-" 21 0
Jun 13 13:30:52 standalone container-server[126774]: 172.20.0.100 - - [13/Jun/2026:13:30:52 +0000] "PUT /d1/120/AUTH_c19669d901a14802a725c4a9e71c0e28/gnocchi.049deb25-5376-4c89-b95a-c24c2e5f7470" 201 - "PUT http://172.18.0.2:8080/v1/AUTH_c19669d901a14802a725c4a9e71c0e28/gnocchi.049deb25-5376-4c89-b95a-c24c2e5f7470" "tx66ee739c57654fc8ad62a-006a2d5b8c" "proxy-server 20" 0.0194 "-" 21 0
Jun 13 13:30:52 standalone proxy-server[128869]: 172.18.0.2 172.18.0.100 13/Jun/2026/13/30/52 PUT /v1/AUTH_c19669d901a14802a725c4a9e71c0e28/gnocchi.049deb25-5376-4c89-b95a-c24c2e5f7470 HTTP/1.0 201 - python-swiftclient-3.11.1 gAAAAABqLVq57q7Q... - - - tx66ee739c57654fc8ad62a-006a2d5b8c - 0.0271 - - 1781357452.323895216 1781357452.351017475 0
Jun 13 13:30:52 standalone container-server[126778]: 172.20.0.100 - - [13/Jun/2026:13:30:52 +0000] "HEAD /d1/120/AUTH_c19669d901a14802a725c4a9e71c0e28/gnocchi.049deb25-5376-4c89-b95a-c24c2e5f7470" 204 - "HEAD http://172.18.0.2:8080/v1/AUTH_c19669d901a14802a725c4a9e71c0e28/gnocchi.049deb25-5376-4c89-b95a-c24c2e5f7470?format=json&states=listing" "txa234cc4be6ec42bc9e0e9-006a2d5b8c" "proxy-server 20" 0.0024 "-" 23 0
Jun 13 13:30:52 standalone proxy-server[128869]: - - 13/Jun/2026/13/30/52 HEAD /v1/AUTH_c19669d901a14802a725c4a9e71c0e28/gnocchi.049deb25-5376-4c89-b95a-c24c2e5f7470%3Fformat%3Djson%26states%3Dlisting HTTP/1.0 204 - Swift - - - - txa234cc4be6ec42bc9e0e9-006a2d5b8c - 0.0077 RL - 1781357452.358956337 1781357452.366682053 0
Jun 13 13:30:52 standalone container-server[126772]: 172.20.0.100 - - [13/Jun/2026:13:30:52 +0000] "GET /d1/120/AUTH_c19669d901a14802a725c4a9e71c0e28/gnocchi.049deb25-5376-4c89-b95a-c24c2e5f7470" 200 2 "GET http://172.18.0.2:8080/v1/AUTH_c19669d901a14802a725c4a9e71c0e28/gnocchi.049deb25-5376-4c89-b95a-c24c2e5f7470?format=json&states=listing" "txa234cc4be6ec42bc9e0e9-006a2d5b8c" "proxy-server 20" 0.0053 "-" 20 0
Jun 13 13:30:52 standalone proxy-server[128869]: 172.18.0.2 172.18.0.100 13/Jun/2026/13/30/52 GET /v1/AUTH_c19669d901a14802a725c4a9e71c0e28/gnocchi.049deb25-5376-4c89-b95a-c24c2e5f7470%3Fformat%3Djson%26states%3Dlisting HTTP/1.0 200 - python-swiftclient-3.11.1 gAAAAABqLVq57q7Q... - 2 - txa234cc4be6ec42bc9e0e9-006a2d5b8c - 0.0265 - - 1781357452.357110262 1781357452.383584261 0
Jun 13 13:30:52 standalone object-server[126990]: 172.20.0.100 - - [13/Jun/2026:13:30:52 +0000] "GET /d1/605/AUTH_c19669d901a14802a725c4a9e71c0e28/gnocchi.049deb25-5376-4c89-b95a-c24c2e5f7470/1780920000.0_mean_300.0_v3" 404 70 "GET http://172.18.0.2:8080/v1/AUTH_c19669d901a14802a725c4a9e71c0e28/gnocchi.049deb25-5376-4c89-b95a-c24c2e5f7470/1780920000.0_mean_300.0_v3" "txe96277b6570640a499ee8-006a2d5b8c" "proxy-server 20" 0.0008 "-" 22 0
Jun 13 13:30:52 standalone proxy-server[128869]: 172.18.0.2 172.18.0.100 13/Jun/2026/13/30/52 GET /v1/AUTH_c19669d901a14802a725c4a9e71c0e28/gnocchi.049deb25-5376-4c89-b95a-c24c2e5f7470/1780920000.0_mean_300.0_v3 HTTP/1.0 404 - python-swiftclient-3.11.1 gAAAAABqLVq57q7Q... - 70 - txe96277b6570640a499ee8-006a2d5b8c - 0.0091 - - 1781357452.389025450 1781357452.398105621 0
Jun 13 13:30:52 standalone container-server[126772]: 172.20.0.100 - - [13/Jun/2026:13:30:52 +0000] "PUT /d1/120/AUTH_c19669d901a14802a725c4a9e71c0e28/gnocchi.049deb25-5376-4c89-b95a-c24c2e5f7470/1780920000.0_mean_300.0_v3" 201 - "PUT http://172.18.0.2:8080/d1/605/AUTH_c19669d901a14802a725c4a9e71c0e28/gnocchi.049deb25-5376-4c89-b95a-c24c2e5f7470/1780920000.0_mean_300.0_v3" "txdc7601ca45044b70b0db4-006a2d5b8c" "object-server 25" 0.0012 "-" 20 0
Jun 13 13:30:52 standalone object-server[126996]: 172.20.0.100 - - [13/Jun/2026:13:30:52 +0000] "PUT /d1/605/AUTH_c19669d901a14802a725c4a9e71c0e28/gnocchi.049deb25-5376-4c89-b95a-c24c2e5f7470/1780920000.0_mean_300.0_v3" 201 - "PUT http://172.18.0.2:8080/v1/AUTH_c19669d901a14802a725c4a9e71c0e28/gnocchi.049deb25-5376-4c89-b95a-c24c2e5f7470/1780920000.0_mean_300.0_v3" "txdc7601ca45044b70b0db4-006a2d5b8c" "proxy-server 20" 0.0158 "-" 25 0
Jun 13 13:30:52 standalone proxy-server[128869]: 172.18.0.2 172.18.0.100 13/Jun/2026/13/30/52 PUT /v1/AUTH_c19669d901a14802a725c4a9e71c0e28/gnocchi.049deb25-5376-4c89-b95a-c24c2e5f7470/1780920000.0_mean_300.0_v3 HTTP/1.0 201 - python-swiftclient-3.11.1 gAAAAABqLVq57q7Q... 16 - - txdc7601ca45044b70b0db4-006a2d5b8c - 0.0235 - - 1781357452.402057648 1781357452.425556660 0
Jun 13 13:30:52 standalone container-server[126774]: 172.20.0.100 - - [13/Jun/2026:13:30:52 +0000] "PUT /d1/120/AUTH_c19669d901a14802a725c4a9e71c0e28/gnocchi.049deb25-5376-4c89-b95a-c24c2e5f7470/none_v3" 201 - "PUT http://172.18.0.2:8080/d1/688/AUTH_c19669d901a14802a725c4a9e71c0e28/gnocchi.049deb25-5376-4c89-b95a-c24c2e5f7470/none_v3" "txc5a323ffd0494d70bf7a3-006a2d5b8c" "object-server 25" 0.0009 "-" 21 0
Jun 13 13:30:52 standalone object-server[126996]: 172.20.0.100 - - [13/Jun/2026:13:30:52 +0000] "PUT /d1/688/AUTH_c19669d901a14802a725c4a9e71c0e28/gnocchi.049deb25-5376-4c89-b95a-c24c2e5f7470/none_v3" 201 - "PUT http://172.18.0.2:8080/v1/AUTH_c19669d901a14802a725c4a9e71c0e28/gnocchi.049deb25-5376-4c89-b95a-c24c2e5f7470/none_v3" "txc5a323ffd0494d70bf7a3-006a2d5b8c" "proxy-server 20" 0.0129 "-" 25 0
Jun 13 13:30:52 standalone proxy-server[128869]: 172.18.0.2 172.18.0.100 13/Jun/2026/13/30/52 PUT /v1/AUTH_c19669d901a14802a725c4a9e71c0e28/gnocchi.049deb25-5376-4c89-b95a-c24c2e5f7470/none_v3 HTTP/1.0 201 - python-swiftclient-3.11.1 gAAAAABqLVq57q7Q... 22 - - txc5a323ffd0494d70bf7a3-006a2d5b8c - 0.0203 - - 1781357452.429229975 1781357452.449480772 0
Jun 13 13:30:52 standalone container-server[126772]: 172.20.0.100 - - [13/Jun/2026:13:30:52 +0000] "HEAD /d1/18/AUTH_c19669d901a14802a725c4a9e71c0e28/gnocchi.72131d30-cafb-4ab4-ae71-bff663751313" 404 - "HEAD http://172.18.0.2:8080/v1/AUTH_c19669d901a14802a725c4a9e71c0e28/gnocchi.72131d30-cafb-4ab4-ae71-bff663751313?format=json&states=listing" "txb0ed5245b4934597b7ed5-006a2d5b8c" "proxy-server 20" 0.0005 "-" 20 0
Jun 13 13:30:52 standalone object-server[126993]: 172.20.0.100 - - [13/Jun/2026:13:30:52 +0000] "GET /d1/486/AUTH_c19669d901a14802a725c4a9e71c0e28/gnocchi.72131d30-cafb-4ab4-ae71-bff663751313/none_v3" 404 70 "GET http://172.18.0.2:8080/v1/AUTH_c19669d901a14802a725c4a9e71c0e28/gnocchi.72131d30-cafb-4ab4-ae71-bff663751313/none_v3" "txb0ed5245b4934597b7ed5-006a2d5b8c" "proxy-server 20" 0.0005 "-" 23 0
Jun 13 13:30:52 standalone proxy-server[128869]: 172.18.0.2 172.18.0.100 13/Jun/2026/13/30/52 GET /v1/AUTH_c19669d901a14802a725c4a9e71c0e28/gnocchi.72131d30-cafb-4ab4-ae71-bff663751313/none_v3 HTTP/1.0 404 - python-swiftclient-3.11.1 gAAAAABqLVq57q7Q... - 70 - txb0ed5245b4934597b7ed5-006a2d5b8c - 0.0137 - - 1781357452.462216139 1781357452.475964069 0
Jun 13 13:30:52 standalone account-server[126735]: 172.20.0.100 - - [13/Jun/2026:13:30:52 +0000] "PUT /d1/10/AUTH_c19669d901a14802a725c4a9e71c0e28/gnocchi.72131d30-cafb-4ab4-ae71-bff663751313" 201 - "PUT http://172.20.0.100:6001/d1/18/AUTH_c19669d901a14802a725c4a9e71c0e28/gnocchi.72131d30-cafb-4ab4-ae71-bff663751313" "txf161aaae6c8f4978a9076-006a2d5b8c" "container-server 21" 0.0057 "-" 20 0
Jun 13 13:30:52 standalone container-server[126774]: 172.20.0.100 - - [13/Jun/2026:13:30:52 +0000] "PUT /d1/18/AUTH_c19669d901a14802a725c4a9e71c0e28/gnocchi.72131d30-cafb-4ab4-ae71-bff663751313" 201 - "PUT http://172.18.0.2:8080/v1/AUTH_c19669d901a14802a725c4a9e71c0e28/gnocchi.72131d30-cafb-4ab4-ae71-bff663751313" "txf161aaae6c8f4978a9076-006a2d5b8c" "proxy-server 20" 0.0191 "-" 21 0
Jun 13 13:30:52 standalone proxy-server[128869]: 172.18.0.2 172.18.0.100 13/Jun/2026/13/30/52 PUT /v1/AUTH_c19669d901a14802a725c4a9e71c0e28/gnocchi.72131d30-cafb-4ab4-ae71-bff663751313 HTTP/1.0 201 - python-swiftclient-3.11.1 gAAAAABqLVq57q7Q... - - - txf161aaae6c8f4978a9076-006a2d5b8c - 0.0254 - - 1781357452.479405165 1781357452.504812717 0
Jun 13 13:30:52 standalone container-server[126776]: 172.20.0.100 - - [13/Jun/2026:13:30:52 +0000] "HEAD /d1/18/AUTH_c19669d901a14802a725c4a9e71c0e28/gnocchi.72131d30-cafb-4ab4-ae71-bff663751313" 204 - "HEAD http://172.18.0.2:8080/v1/AUTH_c19669d901a14802a725c4a9e71c0e28/gnocchi.72131d30-cafb-4ab4-ae71-bff663751313?format=json&states=listing" "tx60d3315484ce4ad09f845-006a2d5b8c" "proxy-server 20" 0.0024 "-" 22 0
Jun 13 13:30:52 standalone proxy-server[128869]: - - 13/Jun/2026/13/30/52 HEAD /v1/AUTH_c19669d901a14802a725c4a9e71c0e28/gnocchi.72131d30-cafb-4ab4-ae71-bff663751313%3Fformat%3Djson%26states%3Dlisting HTTP/1.0 204 - Swift - - - - tx60d3315484ce4ad09f845-006a2d5b8c - 0.0073 RL - 1781357452.511188507 1781357452.518452644 0
Jun 13 13:30:52 standalone container-server[126774]: 172.20.0.100 - - [13/Jun/2026:13:30:52 +0000] "GET /d1/18/AUTH_c19669d901a14802a725c4a9e71c0e28/gnocchi.72131d30-cafb-4ab4-ae71-bff663751313" 200 2 "GET http://172.18.0.2:8080/v1/AUTH_c19669d901a14802a725c4a9e71c0e28/gnocchi.72131d30-cafb-4ab4-ae71-bff663751313?format=json&states=listing" "tx60d3315484ce4ad09f845-006a2d5b8c" "proxy-server 20" 0.0033 "-" 21 0
Jun 13 13:30:52 standalone proxy-server[128869]: 172.18.0.2 172.18.0.100 13/Jun/2026/13/30/52 GET /v1/AUTH_c19669d901a14802a725c4a9e71c0e28/gnocchi.72131d30-cafb-4ab4-ae71-bff663751313%3Fformat%3Djson%26states%3Dlisting HTTP/1.0 200 - python-swiftclient-3.11.1 gAAAAABqLVq57q7Q... - 2 - tx60d3315484ce4ad09f845-006a2d5b8c - 0.0202 - - 1781357452.509695768 1781357452.529846191 0
Jun 13 13:30:52 standalone object-server[126996]: 172.20.0.100 - - [13/Jun/2026:13:30:52 +0000] "GET /d1/322/AUTH_c19669d901a14802a725c4a9e71c0e28/gnocchi.72131d30-cafb-4ab4-ae71-bff663751313/1780920000.0_mean_300.0_v3" 404 70 "GET http://172.18.0.2:8080/v1/AUTH_c19669d901a14802a725c4a9e71c0e28/gnocchi.72131d30-cafb-4ab4-ae71-bff663751313/1780920000.0_mean_300.0_v3" "tx2123e16183f84305a2b26-006a2d5b8c" "proxy-server 20" 0.0004 "-" 25 0
Jun 13 13:30:52 standalone proxy-server[128869]: 172.18.0.2 172.18.0.100 13/Jun/2026/13/30/52 GET /v1/AUTH_c19669d901a14802a725c4a9e71c0e28/gnocchi.72131d30-cafb-4ab4-ae71-bff663751313/1780920000.0_mean_300.0_v3 HTTP/1.0 404 - python-swiftclient-3.11.1 gAAAAABqLVq57q7Q... - 70 - tx2123e16183f84305a2b26-006a2d5b8c - 0.0068 - - 1781357452.534342766 1781357452.541113138 0
Jun 13 13:30:52 standalone container-server[126776]: 172.20.0.100 - - [13/Jun/2026:13:30:52 +0000] "PUT /d1/18/AUTH_c19669d901a14802a725c4a9e71c0e28/gnocchi.72131d30-cafb-4ab4-ae71-bff663751313/1780920000.0_mean_300.0_v3" 201 - "PUT http://172.18.0.2:8080/d1/322/AUTH_c19669d901a14802a725c4a9e71c0e28/gnocchi.72131d30-cafb-4ab4-ae71-bff663751313/1780920000.0_mean_300.0_v3" "tx2c53113164474f64b0d08-006a2d5b8c" "object-server 24" 0.0007 "-" 22 0
Jun 13 13:30:52 standalone object-server[126994]: 172.20.0.100 - - [13/Jun/2026:13:30:52 +0000] "PUT /d1/322/AUTH_c19669d901a14802a725c4a9e71c0e28/gnocchi.72131d30-cafb-4ab4-ae71-bff663751313/1780920000.0_mean_300.0_v3" 201 - "PUT http://172.18.0.2:8080/v1/AUTH_c19669d901a14802a725c4a9e71c0e28/gnocchi.72131d30-cafb-4ab4-ae71-bff663751313/1780920000.0_mean_300.0_v3" "tx2c53113164474f64b0d08-006a2d5b8c" "proxy-server 20" 0.0110 "-" 24 0
Jun 13 13:30:52 standalone proxy-server[128869]: 172.18.0.2 172.18.0.100 13/Jun/2026/13/30/52 PUT /v1/AUTH_c19669d901a14802a725c4a9e71c0e28/gnocchi.72131d30-cafb-4ab4-ae71-bff663751313/1780920000.0_mean_300.0_v3 HTTP/1.0 201 - python-swiftclient-3.11.1 gAAAAABqLVq57q7Q... 16 - - tx2c53113164474f64b0d08-006a2d5b8c - 0.0191 - - 1781357452.544883013 1781357452.564032555 0
Jun 13 13:30:52 standalone container-server[126778]: 172.20.0.100 - - [13/Jun/2026:13:30:52 +0000] "PUT /d1/18/AUTH_c19669d901a14802a725c4a9e71c0e28/gnocchi.72131d30-cafb-4ab4-ae71-bff663751313/none_v3" 201 - "PUT http://172.18.0.2:8080/d1/486/AUTH_c19669d901a14802a725c4a9e71c0e28/gnocchi.72131d30-cafb-4ab4-ae71-bff663751313/none_v3" "tx5c0ff8a2cce64054bc40d-006a2d5b8c" "object-server 22" 0.0008 "-" 23 0
Jun 13 13:30:52 standalone object-server[126990]: 172.20.0.100 - - [13/Jun/2026:13:30:52 +0000] "PUT /d1/486/AUTH_c19669d901a14802a725c4a9e71c0e28/gnocchi.72131d30-cafb-4ab4-ae71-bff663751313/none_v3" 201 - "PUT http://172.18.0.2:8080/v1/AUTH_c19669d901a14802a725c4a9e71c0e28/gnocchi.72131d30-cafb-4ab4-ae71-bff663751313/none_v3" "tx5c0ff8a2cce64054bc40d-006a2d5b8c" "proxy-server 20" 0.0139 "-" 22 0
Jun 13 13:30:52 standalone proxy-server[128869]: 172.18.0.2 172.18.0.100 13/Jun/2026/13/30/52 PUT /v1/AUTH_c19669d901a14802a725c4a9e71c0e28/gnocchi.72131d30-cafb-4ab4-ae71-bff663751313/none_v3 HTTP/1.0 201 - python-swiftclient-3.11.1 gAAAAABqLVq57q7Q... 22 - - tx5c0ff8a2cce64054bc40d-006a2d5b8c - 0.0223 - - 1781357452.568228006 1781357452.590565681 0
Jun 13 13:30:52 standalone container-server[126774]: 172.20.0.100 - - [13/Jun/2026:13:30:52 +0000] "HEAD /d1/196/AUTH_c19669d901a14802a725c4a9e71c0e28/gnocchi.09c981b3-234e-4115-9364-3ae926b3f180" 404 - "HEAD http://172.18.0.2:8080/v1/AUTH_c19669d901a14802a725c4a9e71c0e28/gnocchi.09c981b3-234e-4115-9364-3ae926b3f180?format=json&states=listing" "txee79c85036be4c6f832e9-006a2d5b8c" "proxy-server 20" 0.0006 "-" 21 0
Jun 13 13:30:52 standalone object-server[126990]: 172.20.0.100 - - [13/Jun/2026:13:30:52 +0000] "GET /d1/248/AUTH_c19669d901a14802a725c4a9e71c0e28/gnocchi.09c981b3-234e-4115-9364-3ae926b3f180/none_v3" 404 70 "GET http://172.18.0.2:8080/v1/AUTH_c19669d901a14802a725c4a9e71c0e28/gnocchi.09c981b3-234e-4115-9364-3ae926b3f180/none_v3" "txee79c85036be4c6f832e9-006a2d5b8c" "proxy-server 20" 0.0006 "-" 22 0
Jun 13 13:30:52 standalone proxy-server[128869]: 172.18.0.2 172.18.0.100 13/Jun/2026/13/30/52 GET /v1/AUTH_c19669d901a14802a725c4a9e71c0e28/gnocchi.09c981b3-234e-4115-9364-3ae926b3f180/none_v3 HTTP/1.0 404 - python-swiftclient-3.11.1 gAAAAABqLVq57q7Q... - 70 - txee79c85036be4c6f832e9-006a2d5b8c - 0.0158 - - 1781357452.609037399 1781357452.624827623 0
Jun 13 13:30:52 standalone account-server[126751]: 172.20.0.100 - - [13/Jun/2026:13:30:52 +0000] "PUT /d1/10/AUTH_c19669d901a14802a725c4a9e71c0e28/gnocchi.09c981b3-234e-4115-9364-3ae926b3f180" 201 - "PUT http://172.20.0.100:6001/d1/196/AUTH_c19669d901a14802a725c4a9e71c0e28/gnocchi.09c981b3-234e-4115-9364-3ae926b3f180" "tx9ac5ec14c380463ab5bf3-006a2d5b8c" "container-server 22" 0.0063 "-" 22 0
Jun 13 13:30:52 standalone container-server[126776]: 172.20.0.100 - - [13/Jun/2026:13:30:52 +0000] "PUT /d1/196/AUTH_c19669d901a14802a725c4a9e71c0e28/gnocchi.09c981b3-234e-4115-9364-3ae926b3f180" 201 - "PUT http://172.18.0.2:8080/v1/AUTH_c19669d901a14802a725c4a9e71c0e28/gnocchi.09c981b3-234e-4115-9364-3ae926b3f180" "tx9ac5ec14c380463ab5bf3-006a2d5b8c" "proxy-server 20" 0.0165 "-" 22 0
Jun 13 13:30:52 standalone proxy-server[128869]: 172.18.0.2 172.18.0.100 13/Jun/2026/13/30/52 PUT /v1/AUTH_c19669d901a14802a725c4a9e71c0e28/gnocchi.09c981b3-234e-4115-9364-3ae926b3f180 HTTP/1.0 201 - python-swiftclient-3.11.1 gAAAAABqLVq57q7Q... - - - tx9ac5ec14c380463ab5bf3-006a2d5b8c - 0.0233 - - 1781357452.628695250 1781357452.652006626 0
Jun 13 13:30:52 standalone container-server[126776]: 172.20.0.100 - - [13/Jun/2026:13:30:52 +0000] "HEAD /d1/196/AUTH_c19669d901a14802a725c4a9e71c0e28/gnocchi.09c981b3-234e-4115-9364-3ae926b3f180" 204 - "HEAD http://172.18.0.2:8080/v1/AUTH_c19669d901a14802a725c4a9e71c0e28/gnocchi.09c981b3-234e-4115-9364-3ae926b3f180?format=json&states=listing" "txffc9eb75d39b4ca2a5817-006a2d5b8c" "proxy-server 20" 0.0012 "-" 22 0
Jun 13 13:30:52 standalone proxy-server[128869]: - - 13/Jun/2026/13/30/52 HEAD /v1/AUTH_c19669d901a14802a725c4a9e71c0e28/gnocchi.09c981b3-234e-4115-9364-3ae926b3f180%3Fformat%3Djson%26states%3Dlisting HTTP/1.0 204 - Swift - - - - txffc9eb75d39b4ca2a5817-006a2d5b8c - 0.0047 RL - 1781357452.657688618 1781357452.662382603 0
Jun 13 13:30:52 standalone container-server[126778]: 172.20.0.100 - - [13/Jun/2026:13:30:52 +0000] "GET /d1/196/AUTH_c19669d901a14802a725c4a9e71c0e28/gnocchi.09c981b3-234e-4115-9364-3ae926b3f180" 200 2 "GET http://172.18.0.2:8080/v1/AUTH_c19669d901a14802a725c4a9e71c0e28/gnocchi.09c981b3-234e-4115-9364-3ae926b3f180?format=json&states=listing" "txffc9eb75d39b4ca2a5817-006a2d5b8c" "proxy-server 20" 0.0032 "-" 23 0
Jun 13 13:30:52 standalone proxy-server[128869]: 172.18.0.2 172.18.0.100 13/Jun/2026/13/30/52 GET /v1/AUTH_c19669d901a14802a725c4a9e71c0e28/gnocchi.09c981b3-234e-4115-9364-3ae926b3f180%3Fformat%3Djson%26states%3Dlisting HTTP/1.0 200 - python-swiftclient-3.11.1 gAAAAABqLVq57q7Q... - 2 - txffc9eb75d39b4ca2a5817-006a2d5b8c - 0.0176 - - 1781357452.656340122 1781357452.673897743 0
Jun 13 13:30:52 standalone object-server[126996]: 172.20.0.100 - - [13/Jun/2026:13:30:52 +0000] "GET /d1/579/AUTH_c19669d901a14802a725c4a9e71c0e28/gnocchi.09c981b3-234e-4115-9364-3ae926b3f180/1780920000.0_mean_300.0_v3" 404 70 "GET http://172.18.0.2:8080/v1/AUTH_c19669d901a14802a725c4a9e71c0e28/gnocchi.09c981b3-234e-4115-9364-3ae926b3f180/1780920000.0_mean_300.0_v3" "tx5fa607f360194ea29d58c-006a2d5b8c" "proxy-server 20" 0.0004 "-" 25 0
Jun 13 13:30:52 standalone proxy-server[128869]: 172.18.0.2 172.18.0.100 13/Jun/2026/13/30/52 GET /v1/AUTH_c19669d901a14802a725c4a9e71c0e28/gnocchi.09c981b3-234e-4115-9364-3ae926b3f180/1780920000.0_mean_300.0_v3 HTTP/1.0 404 - python-swiftclient-3.11.1 gAAAAABqLVq57q7Q... - 70 - tx5fa607f360194ea29d58c-006a2d5b8c - 0.0066 - - 1781357452.678613424 1781357452.685171127 0
Jun 13 13:30:52 standalone container-server[126778]: 172.20.0.100 - - [13/Jun/2026:13:30:52 +0000] "PUT /d1/196/AUTH_c19669d901a14802a725c4a9e71c0e28/gnocchi.09c981b3-234e-4115-9364-3ae926b3f180/1780920000.0_mean_300.0_v3" 201 - "PUT http://172.18.0.2:8080/d1/579/AUTH_c19669d901a14802a725c4a9e71c0e28/gnocchi.09c981b3-234e-4115-9364-3ae926b3f180/1780920000.0_mean_300.0_v3" "txc1767a5bdded4f9481c6c-006a2d5b8c" "object-server 23" 0.0008 "-" 23 0
Jun 13 13:30:52 standalone object-server[126993]: 172.20.0.100 - - [13/Jun/2026:13:30:52 +0000] "PUT /d1/579/AUTH_c19669d901a14802a725c4a9e71c0e28/gnocchi.09c981b3-234e-4115-9364-3ae926b3f180/1780920000.0_mean_300.0_v3" 201 - "PUT http://172.18.0.2:8080/v1/AUTH_c19669d901a14802a725c4a9e71c0e28/gnocchi.09c981b3-234e-4115-9364-3ae926b3f180/1780920000.0_mean_300.0_v3" "txc1767a5bdded4f9481c6c-006a2d5b8c" "proxy-server 20" 0.0113 "-" 23 0
Jun 13 13:30:52 standalone proxy-server[128869]: 172.18.0.2 172.18.0.100 13/Jun/2026/13/30/52 PUT /v1/AUTH_c19669d901a14802a725c4a9e71c0e28/gnocchi.09c981b3-234e-4115-9364-3ae926b3f180/1780920000.0_mean_300.0_v3 HTTP/1.0 201 - python-swiftclient-3.11.1 gAAAAABqLVq57q7Q... 16 - - txc1767a5bdded4f9481c6c-006a2d5b8c - 0.0193 - - 1781357452.689131498 1781357452.708424807 0
Jun 13 13:30:52 standalone container-server[126776]: 172.20.0.100 - - [13/Jun/2026:13:30:52 +0000] "PUT /d1/196/AUTH_c19669d901a14802a725c4a9e71c0e28/gnocchi.09c981b3-234e-4115-9364-3ae926b3f180/none_v3" 201 - "PUT http://172.18.0.2:8080/d1/248/AUTH_c19669d901a14802a725c4a9e71c0e28/gnocchi.09c981b3-234e-4115-9364-3ae926b3f180/none_v3" "tx5710c383d548401bb2eb7-006a2d5b8c" "object-server 22" 0.0005 "-" 22 0
Jun 13 13:30:52 standalone object-server[126990]: 172.20.0.100 - - [13/Jun/2026:13:30:52 +0000] "PUT /d1/248/AUTH_c19669d901a14802a725c4a9e71c0e28/gnocchi.09c981b3-234e-4115-9364-3ae926b3f180/none_v3" 201 - "PUT http://172.18.0.2:8080/v1/AUTH_c19669d901a14802a725c4a9e71c0e28/gnocchi.09c981b3-234e-4115-9364-3ae926b3f180/none_v3" "tx5710c383d548401bb2eb7-006a2d5b8c" "proxy-server 20" 0.0103 "-" 22 0
Jun 13 13:30:52 standalone proxy-server[128869]: 172.18.0.2 172.18.0.100 13/Jun/2026/13/30/52 PUT /v1/AUTH_c19669d901a14802a725c4a9e71c0e28/gnocchi.09c981b3-234e-4115-9364-3ae926b3f180/none_v3 HTTP/1.0 201 - python-swiftclient-3.11.1 gAAAAABqLVq57q7Q... 22 - - tx5710c383d548401bb2eb7-006a2d5b8c - 0.0182 - - 1781357452.712098598 1781357452.730318785 0
Jun 13 13:30:52 standalone container-server[126778]: 172.20.0.100 - - [13/Jun/2026:13:30:52 +0000] "HEAD /d1/791/AUTH_c19669d901a14802a725c4a9e71c0e28/gnocchi.94531ba4-3bf3-4cf4-91ce-161be77c4381" 404 - "HEAD http://172.18.0.2:8080/v1/AUTH_c19669d901a14802a725c4a9e71c0e28/gnocchi.94531ba4-3bf3-4cf4-91ce-161be77c4381?format=json&states=listing" "tx66ce32534b2142b6b91f8-006a2d5b8c" "proxy-server 20" 0.0005 "-" 23 0
Jun 13 13:30:52 standalone object-server[126996]: 172.20.0.100 - - [13/Jun/2026:13:30:52 +0000] "GET /d1/72/AUTH_c19669d901a14802a725c4a9e71c0e28/gnocchi.94531ba4-3bf3-4cf4-91ce-161be77c4381/none_v3" 404 70 "GET http://172.18.0.2:8080/v1/AUTH_c19669d901a14802a725c4a9e71c0e28/gnocchi.94531ba4-3bf3-4cf4-91ce-161be77c4381/none_v3" "tx66ce32534b2142b6b91f8-006a2d5b8c" "proxy-server 20" 0.0004 "-" 25 0
Jun 13 13:30:52 standalone proxy-server[128869]: 172.18.0.2 172.18.0.100 13/Jun/2026/13/30/52 GET /v1/AUTH_c19669d901a14802a725c4a9e71c0e28/gnocchi.94531ba4-3bf3-4cf4-91ce-161be77c4381/none_v3 HTTP/1.0 404 - python-swiftclient-3.11.1 gAAAAABqLVq57q7Q... - 70 - tx66ce32534b2142b6b91f8-006a2d5b8c - 0.0127 - - 1781357452.742691755 1781357452.755349159 0
Jun 13 13:30:52 standalone account-server[126744]: 172.20.0.100 - - [13/Jun/2026:13:30:52 +0000] "PUT /d1/10/AUTH_c19669d901a14802a725c4a9e71c0e28/gnocchi.94531ba4-3bf3-4cf4-91ce-161be77c4381" 201 - "PUT http://172.20.0.100:6001/d1/791/AUTH_c19669d901a14802a725c4a9e71c0e28/gnocchi.94531ba4-3bf3-4cf4-91ce-161be77c4381" "tx56c382167e1f433598949-006a2d5b8c" "container-server 20" 0.0045 "-" 21 0
Jun 13 13:30:52 standalone container-server[126772]: 172.20.0.100 - - [13/Jun/2026:13:30:52 +0000] "PUT /d1/791/AUTH_c19669d901a14802a725c4a9e71c0e28/gnocchi.94531ba4-3bf3-4cf4-91ce-161be77c4381" 201 - "PUT http://172.18.0.2:8080/v1/AUTH_c19669d901a14802a725c4a9e71c0e28/gnocchi.94531ba4-3bf3-4cf4-91ce-161be77c4381" "tx56c382167e1f433598949-006a2d5b8c" "proxy-server 20" 0.0150 "-" 20 0
Jun 13 13:30:52 standalone proxy-server[128869]: 172.18.0.2 172.18.0.100 13/Jun/2026/13/30/52 PUT /v1/AUTH_c19669d901a14802a725c4a9e71c0e28/gnocchi.94531ba4-3bf3-4cf4-91ce-161be77c4381 HTTP/1.0 201 - python-swiftclient-3.11.1 gAAAAABqLVq57q7Q... - - - tx56c382167e1f433598949-006a2d5b8c - 0.0207 - - 1781357452.758728266 1781357452.779403687 0
Jun 13 13:30:52 standalone container-server[126776]: 172.20.0.100 - - [13/Jun/2026:13:30:52 +0000] "HEAD /d1/791/AUTH_c19669d901a14802a725c4a9e71c0e28/gnocchi.94531ba4-3bf3-4cf4-91ce-161be77c4381" 204 - "HEAD http://172.18.0.2:8080/v1/AUTH_c19669d901a14802a725c4a9e71c0e28/gnocchi.94531ba4-3bf3-4cf4-91ce-161be77c4381?format=json&states=listing" "tx83c51498c75849e59fbe9-006a2d5b8c" "proxy-server 20" 0.0013 "-" 22 0
Jun 13 13:30:52 standalone proxy-server[128869]: - - 13/Jun/2026/13/30/52 HEAD /v1/AUTH_c19669d901a14802a725c4a9e71c0e28/gnocchi.94531ba4-3bf3-4cf4-91ce-161be77c4381%3Fformat%3Djson%26states%3Dlisting HTTP/1.0 204 - Swift - - - - tx83c51498c75849e59fbe9-006a2d5b8c - 0.0050 RL - 1781357452.785109758 1781357452.790147066 0
Jun 13 13:30:52 standalone container-server[126772]: 172.20.0.100 - - [13/Jun/2026:13:30:52 +0000] "GET /d1/791/AUTH_c19669d901a14802a725c4a9e71c0e28/gnocchi.94531ba4-3bf3-4cf4-91ce-161be77c4381" 200 2 "GET http://172.18.0.2:8080/v1/AUTH_c19669d901a14802a725c4a9e71c0e28/gnocchi.94531ba4-3bf3-4cf4-91ce-161be77c4381?format=json&states=listing" "tx83c51498c75849e59fbe9-006a2d5b8c" "proxy-server 20" 0.0020 "-" 20 0
Jun 13 13:30:52 standalone proxy-server[128869]: 172.18.0.2 172.18.0.100 13/Jun/2026/13/30/52 GET /v1/AUTH_c19669d901a14802a725c4a9e71c0e28/gnocchi.94531ba4-3bf3-4cf4-91ce-161be77c4381%3Fformat%3Djson%26states%3Dlisting HTTP/1.0 200 - python-swiftclient-3.11.1 gAAAAABqLVq57q7Q... - 2 - tx83c51498c75849e59fbe9-006a2d5b8c - 0.0158 - - 1781357452.783749819 1781357452.799536943 0
Jun 13 13:30:52 standalone object-server[126994]: 172.20.0.100 - - [13/Jun/2026:13:30:52 +0000] "GET /d1/508/AUTH_c19669d901a14802a725c4a9e71c0e28/gnocchi.94531ba4-3bf3-4cf4-91ce-161be77c4381/1780920000.0_mean_300.0_v3" 404 70 "GET http://172.18.0.2:8080/v1/AUTH_c19669d901a14802a725c4a9e71c0e28/gnocchi.94531ba4-3bf3-4cf4-91ce-161be77c4381/1780920000.0_mean_300.0_v3" "tx6786127dc33b439f99bf2-006a2d5b8c" "proxy-server 20" 0.0005 "-" 24 0
Jun 13 13:30:52 standalone proxy-server[128869]: 172.18.0.2 172.18.0.100 13/Jun/2026/13/30/52 GET /v1/AUTH_c19669d901a14802a725c4a9e71c0e28/gnocchi.94531ba4-3bf3-4cf4-91ce-161be77c4381/1780920000.0_mean_300.0_v3 HTTP/1.0 404 - python-swiftclient-3.11.1 gAAAAABqLVq57q7Q... - 70 - tx6786127dc33b439f99bf2-006a2d5b8c - 0.0080 - - 1781357452.805029392 1781357452.813070774 0
Jun 13 13:30:52 standalone container-server[126778]: 172.20.0.100 - - [13/Jun/2026:13:30:52 +0000] "PUT /d1/791/AUTH_c19669d901a14802a725c4a9e71c0e28/gnocchi.94531ba4-3bf3-4cf4-91ce-161be77c4381/1780920000.0_mean_300.0_v3" 201 - "PUT http://172.18.0.2:8080/d1/508/AUTH_c19669d901a14802a725c4a9e71c0e28/gnocchi.94531ba4-3bf3-4cf4-91ce-161be77c4381/1780920000.0_mean_300.0_v3" "txdd2516284a8a466d81596-006a2d5b8c" "object-server 23" 0.0009 "-" 23 0
Jun 13 13:30:52 standalone object-server[126993]: 172.20.0.100 - - [13/Jun/2026:13:30:52 +0000] "PUT /d1/508/AUTH_c19669d901a14802a725c4a9e71c0e28/gnocchi.94531ba4-3bf3-4cf4-91ce-161be77c4381/1780920000.0_mean_300.0_v3" 201 - "PUT http://172.18.0.2:8080/v1/AUTH_c19669d901a14802a725c4a9e71c0e28/gnocchi.94531ba4-3bf3-4cf4-91ce-161be77c4381/1780920000.0_mean_300.0_v3" "txdd2516284a8a466d81596-006a2d5b8c" "proxy-server 20" 0.0152 "-" 23 0
Jun 13 13:30:52 standalone proxy-server[128869]: 172.18.0.2 172.18.0.100 13/Jun/2026/13/30/52 PUT /v1/AUTH_c19669d901a14802a725c4a9e71c0e28/gnocchi.94531ba4-3bf3-4cf4-91ce-161be77c4381/1780920000.0_mean_300.0_v3 HTTP/1.0 201 - python-swiftclient-3.11.1 gAAAAABqLVq57q7Q... 16 - - txdd2516284a8a466d81596-006a2d5b8c - 0.0241 - - 1781357452.816768169 1781357452.840849400 0
Jun 13 13:30:52 standalone container-server[126774]: 172.20.0.100 - - [13/Jun/2026:13:30:52 +0000] "PUT /d1/791/AUTH_c19669d901a14802a725c4a9e71c0e28/gnocchi.94531ba4-3bf3-4cf4-91ce-161be77c4381/none_v3" 201 - "PUT http://172.18.0.2:8080/d1/72/AUTH_c19669d901a14802a725c4a9e71c0e28/gnocchi.94531ba4-3bf3-4cf4-91ce-161be77c4381/none_v3" "txdfc6f84b60ef4235a14ff-006a2d5b8c" "object-server 24" 0.0008 "-" 21 0
Jun 13 13:30:52 standalone object-server[126994]: 172.20.0.100 - - [13/Jun/2026:13:30:52 +0000] "PUT /d1/72/AUTH_c19669d901a14802a725c4a9e71c0e28/gnocchi.94531ba4-3bf3-4cf4-91ce-161be77c4381/none_v3" 201 - "PUT http://172.18.0.2:8080/v1/AUTH_c19669d901a14802a725c4a9e71c0e28/gnocchi.94531ba4-3bf3-4cf4-91ce-161be77c4381/none_v3" "txdfc6f84b60ef4235a14ff-006a2d5b8c" "proxy-server 20" 0.0121 "-" 24 0
