Jun 13 13:29:12 standalone account-server[126751]: 172.20.0.100 - - [13/Jun/2026:13:29:12 +0000] "PUT /d1/10/AUTH_c19669d901a14802a725c4a9e71c0e28/gnocchi.b00237ba-b89a-4e34-8d30-c14833018ba4" 201 - "PUT http://172.20.0.100:6001/d1/499/AUTH_c19669d901a14802a725c4a9e71c0e28/gnocchi.b00237ba-b89a-4e34-8d30-c14833018ba4" "tx21181b38241e441ea14d7-006a2d5b28" "container-server 21" 0.0051 "-" 22 0
Jun 13 13:29:12 standalone container-server[126774]: 172.20.0.100 - - [13/Jun/2026:13:29:12 +0000] "PUT /d1/499/AUTH_c19669d901a14802a725c4a9e71c0e28/gnocchi.b00237ba-b89a-4e34-8d30-c14833018ba4" 201 - "PUT http://172.18.0.2:8080/v1/AUTH_c19669d901a14802a725c4a9e71c0e28/gnocchi.b00237ba-b89a-4e34-8d30-c14833018ba4" "tx21181b38241e441ea14d7-006a2d5b28" "proxy-server 20" 0.0168 "-" 21 0
Jun 13 13:29:12 standalone proxy-server[128869]: 172.18.0.2 172.18.0.100 13/Jun/2026/13/29/12 PUT /v1/AUTH_c19669d901a14802a725c4a9e71c0e28/gnocchi.b00237ba-b89a-4e34-8d30-c14833018ba4 HTTP/1.0 201 - python-swiftclient-3.11.1 gAAAAABqLVq57q7Q... - - - tx21181b38241e441ea14d7-006a2d5b28 - 0.0211 - - 1781357352.098314047 1781357352.119430304 0
Jun 13 13:29:12 standalone container-server[126774]: 172.20.0.100 - - [13/Jun/2026:13:29:12 +0000] "HEAD /d1/499/AUTH_c19669d901a14802a725c4a9e71c0e28/gnocchi.b00237ba-b89a-4e34-8d30-c14833018ba4" 204 - "HEAD http://172.18.0.2:8080/v1/AUTH_c19669d901a14802a725c4a9e71c0e28/gnocchi.b00237ba-b89a-4e34-8d30-c14833018ba4?format=json&states=listing" "txaf7ff0d8b96141568222a-006a2d5b28" "proxy-server 20" 0.0011 "-" 21 0
Jun 13 13:29:12 standalone proxy-server[128869]: - - 13/Jun/2026/13/29/12 HEAD /v1/AUTH_c19669d901a14802a725c4a9e71c0e28/gnocchi.b00237ba-b89a-4e34-8d30-c14833018ba4%3Fformat%3Djson%26states%3Dlisting HTTP/1.0 204 - Swift - - - - txaf7ff0d8b96141568222a-006a2d5b28 - 0.0035 RL - 1781357352.125537634 1781357352.129060507 0
Jun 13 13:29:12 standalone container-server[126772]: 172.20.0.100 - - [13/Jun/2026:13:29:12 +0000] "GET /d1/499/AUTH_c19669d901a14802a725c4a9e71c0e28/gnocchi.b00237ba-b89a-4e34-8d30-c14833018ba4" 200 2 "GET http://172.18.0.2:8080/v1/AUTH_c19669d901a14802a725c4a9e71c0e28/gnocchi.b00237ba-b89a-4e34-8d30-c14833018ba4?format=json&states=listing" "txaf7ff0d8b96141568222a-006a2d5b28" "proxy-server 20" 0.0019 "-" 20 0
Jun 13 13:29:12 standalone proxy-server[128869]: 172.18.0.2 172.18.0.100 13/Jun/2026/13/29/12 GET /v1/AUTH_c19669d901a14802a725c4a9e71c0e28/gnocchi.b00237ba-b89a-4e34-8d30-c14833018ba4%3Fformat%3Djson%26states%3Dlisting HTTP/1.0 200 - python-swiftclient-3.11.1 gAAAAABqLVq57q7Q... - 2 - txaf7ff0d8b96141568222a-006a2d5b28 - 0.0110 - - 1781357352.124604225 1781357352.135602951 0
Jun 13 13:29:12 standalone object-server[126996]: 172.20.0.100 - - [13/Jun/2026:13:29:12 +0000] "GET /d1/36/AUTH_c19669d901a14802a725c4a9e71c0e28/gnocchi.b00237ba-b89a-4e34-8d30-c14833018ba4/1780920000.0_mean_300.0_v3" 404 70 "GET http://172.18.0.2:8080/v1/AUTH_c19669d901a14802a725c4a9e71c0e28/gnocchi.b00237ba-b89a-4e34-8d30-c14833018ba4/1780920000.0_mean_300.0_v3" "txf778b9b563164e70a63ae-006a2d5b28" "proxy-server 20" 0.0003 "-" 25 0
Jun 13 13:29:12 standalone proxy-server[128869]: 172.18.0.2 172.18.0.100 13/Jun/2026/13/29/12 GET /v1/AUTH_c19669d901a14802a725c4a9e71c0e28/gnocchi.b00237ba-b89a-4e34-8d30-c14833018ba4/1780920000.0_mean_300.0_v3 HTTP/1.0 404 - python-swiftclient-3.11.1 gAAAAABqLVq57q7Q... - 70 - txf778b9b563164e70a63ae-006a2d5b28 - 0.0038 - - 1781357352.140717506 1781357352.144537926 0
Jun 13 13:29:12 standalone container-server[126774]: 172.20.0.100 - - [13/Jun/2026:13:29:12 +0000] "PUT /d1/499/AUTH_c19669d901a14802a725c4a9e71c0e28/gnocchi.b00237ba-b89a-4e34-8d30-c14833018ba4/1780920000.0_mean_300.0_v3" 201 - "PUT http://172.18.0.2:8080/d1/36/AUTH_c19669d901a14802a725c4a9e71c0e28/gnocchi.b00237ba-b89a-4e34-8d30-c14833018ba4/1780920000.0_mean_300.0_v3" "tx1b325cfc2eb94f189683e-006a2d5b28" "object-server 23" 0.0004 "-" 21 0
Jun 13 13:29:12 standalone object-server[126993]: 172.20.0.100 - - [13/Jun/2026:13:29:12 +0000] "PUT /d1/36/AUTH_c19669d901a14802a725c4a9e71c0e28/gnocchi.b00237ba-b89a-4e34-8d30-c14833018ba4/1780920000.0_mean_300.0_v3" 201 - "PUT http://172.18.0.2:8080/v1/AUTH_c19669d901a14802a725c4a9e71c0e28/gnocchi.b00237ba-b89a-4e34-8d30-c14833018ba4/1780920000.0_mean_300.0_v3" "tx1b325cfc2eb94f189683e-006a2d5b28" "proxy-server 20" 0.0097 "-" 23 0
Jun 13 13:29:12 standalone proxy-server[128869]: 172.18.0.2 172.18.0.100 13/Jun/2026/13/29/12 PUT /v1/AUTH_c19669d901a14802a725c4a9e71c0e28/gnocchi.b00237ba-b89a-4e34-8d30-c14833018ba4/1780920000.0_mean_300.0_v3 HTTP/1.0 201 - python-swiftclient-3.11.1 gAAAAABqLVq57q7Q... 16 - - tx1b325cfc2eb94f189683e-006a2d5b28 - 0.0164 - - 1781357352.146235466 1781357352.162614107 0
Jun 13 13:29:12 standalone container-server[126778]: 172.20.0.100 - - [13/Jun/2026:13:29:12 +0000] "PUT /d1/499/AUTH_c19669d901a14802a725c4a9e71c0e28/gnocchi.b00237ba-b89a-4e34-8d30-c14833018ba4/none_v3" 201 - "PUT http://172.18.0.2:8080/d1/722/AUTH_c19669d901a14802a725c4a9e71c0e28/gnocchi.b00237ba-b89a-4e34-8d30-c14833018ba4/none_v3" "txbc75f847a3764c1997117-006a2d5b28" "object-server 25" 0.0006 "-" 23 0
Jun 13 13:29:12 standalone object-server[126996]: 172.20.0.100 - - [13/Jun/2026:13:29:12 +0000] "PUT /d1/722/AUTH_c19669d901a14802a725c4a9e71c0e28/gnocchi.b00237ba-b89a-4e34-8d30-c14833018ba4/none_v3" 201 - "PUT http://172.18.0.2:8080/v1/AUTH_c19669d901a14802a725c4a9e71c0e28/gnocchi.b00237ba-b89a-4e34-8d30-c14833018ba4/none_v3" "txbc75f847a3764c1997117-006a2d5b28" "proxy-server 20" 0.0092 "-" 25 0
Jun 13 13:29:12 standalone proxy-server[128869]: 172.18.0.2 172.18.0.100 13/Jun/2026/13/29/12 PUT /v1/AUTH_c19669d901a14802a725c4a9e71c0e28/gnocchi.b00237ba-b89a-4e34-8d30-c14833018ba4/none_v3 HTTP/1.0 201 - python-swiftclient-3.11.1 gAAAAABqLVq57q7Q... 22 - - txbc75f847a3764c1997117-006a2d5b28 - 0.0452 - - 1781357352.165804148 1781357352.211006641 0
Jun 13 13:29:13 standalone object-server[126996]: 172.20.0.100 - - [13/Jun/2026:13:29:13 +0000] "GET /d1/722/AUTH_c19669d901a14802a725c4a9e71c0e28/gnocchi.b00237ba-b89a-4e34-8d30-c14833018ba4/none_v3" 200 22 "GET http://172.18.0.2:8080/v1/AUTH_c19669d901a14802a725c4a9e71c0e28/gnocchi.b00237ba-b89a-4e34-8d30-c14833018ba4/none_v3" "tx1c8c73a8d3034a3f943b8-006a2d5b29" "proxy-server 20" 0.0012 "-" 25 0
Jun 13 13:29:13 standalone proxy-server[128869]: 172.18.0.2 172.18.0.100 13/Jun/2026/13/29/13 GET /v1/AUTH_c19669d901a14802a725c4a9e71c0e28/gnocchi.b00237ba-b89a-4e34-8d30-c14833018ba4/none_v3 HTTP/1.0 200 - python-swiftclient-3.11.1 gAAAAABqLVq57q7Q... - 22 - tx1c8c73a8d3034a3f943b8-006a2d5b29 - 0.0090 - - 1781357353.191811323 1781357353.200803041 0
Jun 13 13:29:13 standalone container-server[126772]: 172.20.0.100 - - [13/Jun/2026:13:29:13 +0000] "GET /d1/499/AUTH_c19669d901a14802a725c4a9e71c0e28/gnocchi.b00237ba-b89a-4e34-8d30-c14833018ba4" 200 357 "GET http://172.18.0.2:8080/v1/AUTH_c19669d901a14802a725c4a9e71c0e28/gnocchi.b00237ba-b89a-4e34-8d30-c14833018ba4?format=json&states=listing" "txdeb5a357304848e896341-006a2d5b29" "proxy-server 20" 0.0167 "-" 20 0
Jun 13 13:29:13 standalone proxy-server[128869]: 172.18.0.2 172.18.0.100 13/Jun/2026/13/29/13 GET /v1/AUTH_c19669d901a14802a725c4a9e71c0e28/gnocchi.b00237ba-b89a-4e34-8d30-c14833018ba4%3Fformat%3Djson%26states%3Dlisting HTTP/1.0 200 - python-swiftclient-3.11.1 gAAAAABqLVq57q7Q... - 357 - txdeb5a357304848e896341-006a2d5b29 - 0.0234 - - 1781357353.205473900 1781357353.228904247 0
Jun 13 13:29:13 standalone container-server[126776]: 172.20.0.100 - - [13/Jun/2026:13:29:13 +0000] "GET /d1/499/AUTH_c19669d901a14802a725c4a9e71c0e28/gnocchi.b00237ba-b89a-4e34-8d30-c14833018ba4" 200 2 "GET http://172.18.0.2:8080/v1/AUTH_c19669d901a14802a725c4a9e71c0e28/gnocchi.b00237ba-b89a-4e34-8d30-c14833018ba4?format=json&marker=none_v3&states=listing" "txb8e51a4362d3419c9441e-006a2d5b29" "proxy-server 20" 0.0035 "-" 22 0
Jun 13 13:29:13 standalone proxy-server[128869]: 172.18.0.2 172.18.0.100 13/Jun/2026/13/29/13 GET /v1/AUTH_c19669d901a14802a725c4a9e71c0e28/gnocchi.b00237ba-b89a-4e34-8d30-c14833018ba4%3Fformat%3Djson%26marker%3Dnone_v3%26states%3Dlisting HTTP/1.0 200 - python-swiftclient-3.11.1 gAAAAABqLVq57q7Q... - 2 - txb8e51a4362d3419c9441e-006a2d5b29 - 0.0099 - - 1781357353.232181072 1781357353.242062092 0
Jun 13 13:29:13 standalone object-server[126994]: 172.20.0.100 - - [13/Jun/2026:13:29:13 +0000] "GET /d1/36/AUTH_c19669d901a14802a725c4a9e71c0e28/gnocchi.b00237ba-b89a-4e34-8d30-c14833018ba4/1780920000.0_mean_300.0_v3" 200 16 "GET http://172.18.0.2:8080/v1/AUTH_c19669d901a14802a725c4a9e71c0e28/gnocchi.b00237ba-b89a-4e34-8d30-c14833018ba4/1780920000.0_mean_300.0_v3" "tx9bab1ecd477e41c6a5e59-006a2d5b29" "proxy-server 20" 0.0007 "-" 24 0
Jun 13 13:29:13 standalone proxy-server[128869]: 172.18.0.2 172.18.0.100 13/Jun/2026/13/29/13 GET /v1/AUTH_c19669d901a14802a725c4a9e71c0e28/gnocchi.b00237ba-b89a-4e34-8d30-c14833018ba4/1780920000.0_mean_300.0_v3 HTTP/1.0 200 - python-swiftclient-3.11.1 gAAAAABqLVq57q7Q... - 16 - tx9bab1ecd477e41c6a5e59-006a2d5b29 - 0.0074 - - 1781357353.246459723 1781357353.253900290 0
Jun 13 13:29:13 standalone container-server[126778]: 172.20.0.100 - - [13/Jun/2026:13:29:13 +0000] "PUT /d1/499/AUTH_c19669d901a14802a725c4a9e71c0e28/gnocchi.b00237ba-b89a-4e34-8d30-c14833018ba4/1780920000.0_mean_300.0_v3" 201 - "PUT http://172.18.0.2:8080/d1/36/AUTH_c19669d901a14802a725c4a9e71c0e28/gnocchi.b00237ba-b89a-4e34-8d30-c14833018ba4/1780920000.0_mean_300.0_v3" "tx577cae42faa14550a754c-006a2d5b29" "object-server 24" 0.0009 "-" 23 0
Jun 13 13:29:13 standalone object-server[126994]: 172.20.0.100 - - [13/Jun/2026:13:29:13 +0000] "PUT /d1/36/AUTH_c19669d901a14802a725c4a9e71c0e28/gnocchi.b00237ba-b89a-4e34-8d30-c14833018ba4/1780920000.0_mean_300.0_v3" 201 - "PUT http://172.18.0.2:8080/v1/AUTH_c19669d901a14802a725c4a9e71c0e28/gnocchi.b00237ba-b89a-4e34-8d30-c14833018ba4/1780920000.0_mean_300.0_v3" "tx577cae42faa14550a754c-006a2d5b29" "proxy-server 20" 0.0117 "-" 24 0
Jun 13 13:29:13 standalone proxy-server[128869]: 172.18.0.2 172.18.0.100 13/Jun/2026/13/29/13 PUT /v1/AUTH_c19669d901a14802a725c4a9e71c0e28/gnocchi.b00237ba-b89a-4e34-8d30-c14833018ba4/1780920000.0_mean_300.0_v3 HTTP/1.0 201 - python-swiftclient-3.11.1 gAAAAABqLVq57q7Q... 16 - - tx577cae42faa14550a754c-006a2d5b29 - 0.0178 - - 1781357353.257602930 1781357353.275357485 0
Jun 13 13:29:13 standalone container-server[126774]: 172.20.0.100 - - [13/Jun/2026:13:29:13 +0000] "PUT /d1/499/AUTH_c19669d901a14802a725c4a9e71c0e28/gnocchi.b00237ba-b89a-4e34-8d30-c14833018ba4/none_v3" 201 - "PUT http://172.18.0.2:8080/d1/722/AUTH_c19669d901a14802a725c4a9e71c0e28/gnocchi.b00237ba-b89a-4e34-8d30-c14833018ba4/none_v3" "tx466233dc3f66483aacec7-006a2d5b29" "object-server 23" 0.0008 "-" 21 0
Jun 13 13:29:13 standalone object-server[126993]: 172.20.0.100 - - [13/Jun/2026:13:29:13 +0000] "PUT /d1/722/AUTH_c19669d901a14802a725c4a9e71c0e28/gnocchi.b00237ba-b89a-4e34-8d30-c14833018ba4/none_v3" 201 - "PUT http://172.18.0.2:8080/v1/AUTH_c19669d901a14802a725c4a9e71c0e28/gnocchi.b00237ba-b89a-4e34-8d30-c14833018ba4/none_v3" "tx466233dc3f66483aacec7-006a2d5b29" "proxy-server 20" 0.0097 "-" 23 0
Jun 13 13:29:13 standalone proxy-server[128869]: 172.18.0.2 172.18.0.100 13/Jun/2026/13/29/13 PUT /v1/AUTH_c19669d901a14802a725c4a9e71c0e28/gnocchi.b00237ba-b89a-4e34-8d30-c14833018ba4/none_v3 HTTP/1.0 201 - python-swiftclient-3.11.1 gAAAAABqLVq57q7Q... 31 - - tx466233dc3f66483aacec7-006a2d5b29 - 0.0168 - - 1781357353.279339552 1781357353.296117783 0
Jun 13 13:29:21 standalone account-server[126744]: 172.20.0.100 - - [13/Jun/2026:13:29:21 +0000] "HEAD /d1/10/AUTH_c19669d901a14802a725c4a9e71c0e28" 204 - "HEAD http://172.18.0.2:8080/v1/AUTH_c19669d901a14802a725c4a9e71c0e28?format=json" "tx648392c9e824470a9ebfb-006a2d5b31" "proxy-server 20" 0.0071 "-" 21 -
Jun 13 13:29:21 standalone proxy-server[128869]: - - 13/Jun/2026/13/29/21 HEAD /v1/AUTH_c19669d901a14802a725c4a9e71c0e28%3Fformat%3Djson HTTP/1.0 204 - Swift - - - - tx648392c9e824470a9ebfb-006a2d5b31 - 0.0109 RL - 1781357361.586098194 1781357361.597012997 -
Jun 13 13:29:21 standalone object-server[126990]: 172.20.0.100 - - [13/Jun/2026:13:29:21 +0000] "GET /d1/507/AUTH_c19669d901a14802a725c4a9e71c0e28/gnocchi.400cb0bf-a013-4b68-be6e-ba358e3458a1/none_v3" 200 31 "GET http://172.18.0.2:8080/v1/AUTH_c19669d901a14802a725c4a9e71c0e28/gnocchi.400cb0bf-a013-4b68-be6e-ba358e3458a1/none_v3" "tx648392c9e824470a9ebfb-006a2d5b31" "proxy-server 20" 0.0010 "-" 22 0
Jun 13 13:29:21 standalone proxy-server[128869]: 172.18.0.2 172.18.0.100 13/Jun/2026/13/29/21 GET /v1/AUTH_c19669d901a14802a725c4a9e71c0e28/gnocchi.400cb0bf-a013-4b68-be6e-ba358e3458a1/none_v3 HTTP/1.0 200 - python-swiftclient-3.11.1 gAAAAABqLVq57q7Q... - 31 - tx648392c9e824470a9ebfb-006a2d5b31 - 0.0204 - - 1781357361.585369587 1781357361.605744123 0
Jun 13 13:29:21 standalone container-server[126774]: 172.20.0.100 - - [13/Jun/2026:13:29:21 +0000] "GET /d1/842/AUTH_c19669d901a14802a725c4a9e71c0e28/gnocchi.400cb0bf-a013-4b68-be6e-ba358e3458a1" 200 357 "GET http://172.18.0.2:8080/v1/AUTH_c19669d901a14802a725c4a9e71c0e28/gnocchi.400cb0bf-a013-4b68-be6e-ba358e3458a1?format=json&states=listing" "tx6913020797ae48698858f-006a2d5b31" "proxy-server 20" 0.0088 "-" 21 0
Jun 13 13:29:21 standalone proxy-server[128869]: 172.18.0.2 172.18.0.100 13/Jun/2026/13/29/21 GET /v1/AUTH_c19669d901a14802a725c4a9e71c0e28/gnocchi.400cb0bf-a013-4b68-be6e-ba358e3458a1%3Fformat%3Djson%26states%3Dlisting HTTP/1.0 200 - python-swiftclient-3.11.1 gAAAAABqLVq57q7Q... - 357 - tx6913020797ae48698858f-006a2d5b31 - 0.0143 - - 1781357361.608246565 1781357361.622559309 0
Jun 13 13:29:21 standalone container-server[126772]: 172.20.0.100 - - [13/Jun/2026:13:29:21 +0000] "GET /d1/842/AUTH_c19669d901a14802a725c4a9e71c0e28/gnocchi.400cb0bf-a013-4b68-be6e-ba358e3458a1" 200 2 "GET http://172.18.0.2:8080/v1/AUTH_c19669d901a14802a725c4a9e71c0e28/gnocchi.400cb0bf-a013-4b68-be6e-ba358e3458a1?format=json&marker=none_v3&states=listing" "txc11c64e09d3d43b9b599a-006a2d5b31" "proxy-server 20" 0.0018 "-" 20 0
Jun 13 13:29:21 standalone proxy-server[128869]: 172.18.0.2 172.18.0.100 13/Jun/2026/13/29/21 GET /v1/AUTH_c19669d901a14802a725c4a9e71c0e28/gnocchi.400cb0bf-a013-4b68-be6e-ba358e3458a1%3Fformat%3Djson%26marker%3Dnone_v3%26states%3Dlisting HTTP/1.0 200 - python-swiftclient-3.11.1 gAAAAABqLVq57q7Q... - 2 - txc11c64e09d3d43b9b599a-006a2d5b31 - 0.0080 - - 1781357361.624269724 1781357361.632251024 0
Jun 13 13:29:21 standalone object-server[126990]: 172.20.0.100 - - [13/Jun/2026:13:29:21 +0000] "GET /d1/39/AUTH_c19669d901a14802a725c4a9e71c0e28/gnocchi.400cb0bf-a013-4b68-be6e-ba358e3458a1/1780920000.0_mean_300.0_v3" 200 16 "GET http://172.18.0.2:8080/v1/AUTH_c19669d901a14802a725c4a9e71c0e28/gnocchi.400cb0bf-a013-4b68-be6e-ba358e3458a1/1780920000.0_mean_300.0_v3" "tx3e4b648a891b4286a6adf-006a2d5b31" "proxy-server 20" 0.0006 "-" 22 0
Jun 13 13:29:21 standalone proxy-server[128869]: 172.18.0.2 172.18.0.100 13/Jun/2026/13/29/21 GET /v1/AUTH_c19669d901a14802a725c4a9e71c0e28/gnocchi.400cb0bf-a013-4b68-be6e-ba358e3458a1/1780920000.0_mean_300.0_v3 HTTP/1.0 200 - python-swiftclient-3.11.1 gAAAAABqLVq57q7Q... - 16 - tx3e4b648a891b4286a6adf-006a2d5b31 - 0.0051 - - 1781357361.634816170 1781357361.639893532 0
Jun 13 13:29:21 standalone container-server[126774]: 172.20.0.100 - - [13/Jun/2026:13:29:21 +0000] "PUT /d1/842/AUTH_c19669d901a14802a725c4a9e71c0e28/gnocchi.400cb0bf-a013-4b68-be6e-ba358e3458a1/1780920000.0_mean_300.0_v3" 201 - "PUT http://172.18.0.2:8080/d1/39/AUTH_c19669d901a14802a725c4a9e71c0e28/gnocchi.400cb0bf-a013-4b68-be6e-ba358e3458a1/1780920000.0_mean_300.0_v3" "tx00fa71ee26e94224bd35f-006a2d5b31" "object-server 22" 0.0006 "-" 21 0
Jun 13 13:29:21 standalone object-server[126990]: 172.20.0.100 - - [13/Jun/2026:13:29:21 +0000] "PUT /d1/39/AUTH_c19669d901a14802a725c4a9e71c0e28/gnocchi.400cb0bf-a013-4b68-be6e-ba358e3458a1/1780920000.0_mean_300.0_v3" 201 - "PUT http://172.18.0.2:8080/v1/AUTH_c19669d901a14802a725c4a9e71c0e28/gnocchi.400cb0bf-a013-4b68-be6e-ba358e3458a1/1780920000.0_mean_300.0_v3" "tx00fa71ee26e94224bd35f-006a2d5b31" "proxy-server 20" 0.0092 "-" 22 0
Jun 13 13:29:21 standalone proxy-server[128869]: 172.18.0.2 172.18.0.100 13/Jun/2026/13/29/21 PUT /v1/AUTH_c19669d901a14802a725c4a9e71c0e28/gnocchi.400cb0bf-a013-4b68-be6e-ba358e3458a1/1780920000.0_mean_300.0_v3 HTTP/1.0 201 - python-swiftclient-3.11.1 gAAAAABqLVq57q7Q... 16 - - tx00fa71ee26e94224bd35f-006a2d5b31 - 0.0126 - - 1781357361.641817093 1781357361.654381990 0
Jun 13 13:29:21 standalone container-server[126772]: 172.20.0.100 - - [13/Jun/2026:13:29:21 +0000] "PUT /d1/842/AUTH_c19669d901a14802a725c4a9e71c0e28/gnocchi.400cb0bf-a013-4b68-be6e-ba358e3458a1/none_v3" 201 - "PUT http://172.18.0.2:8080/d1/507/AUTH_c19669d901a14802a725c4a9e71c0e28/gnocchi.400cb0bf-a013-4b68-be6e-ba358e3458a1/none_v3" "tx9275391c647d471c8171c-006a2d5b31" "object-server 24" 0.0005 "-" 20 0
Jun 13 13:29:21 standalone object-server[126994]: 172.20.0.100 - - [13/Jun/2026:13:29:21 +0000] "PUT /d1/507/AUTH_c19669d901a14802a725c4a9e71c0e28/gnocchi.400cb0bf-a013-4b68-be6e-ba358e3458a1/none_v3" 201 - "PUT http://172.18.0.2:8080/v1/AUTH_c19669d901a14802a725c4a9e71c0e28/gnocchi.400cb0bf-a013-4b68-be6e-ba358e3458a1/none_v3" "tx9275391c647d471c8171c-006a2d5b31" "proxy-server 20" 0.0098 "-" 24 0
Jun 13 13:29:21 standalone proxy-server[128869]: 172.18.0.2 172.18.0.100 13/Jun/2026/13/29/21 PUT /v1/AUTH_c19669d901a14802a725c4a9e71c0e28/gnocchi.400cb0bf-a013-4b68-be6e-ba358e3458a1/none_v3 HTTP/1.0 201 - python-swiftclient-3.11.1 gAAAAABqLVq57q7Q... 46 - - tx9275391c647d471c8171c-006a2d5b31 - 0.0144 - - 1781357361.656177998 1781357361.670567989 0
Jun 13 13:29:22 standalone object-server[126994]: 172.20.0.100 - - [13/Jun/2026:13:29:22 +0000] "GET /d1/507/AUTH_c19669d901a14802a725c4a9e71c0e28/gnocchi.400cb0bf-a013-4b68-be6e-ba358e3458a1/none_v3" 200 46 "GET http://172.18.0.2:8080/v1/AUTH_c19669d901a14802a725c4a9e71c0e28/gnocchi.400cb0bf-a013-4b68-be6e-ba358e3458a1/none_v3" "tx5490722b188d428988afe-006a2d5b32" "proxy-server 20" 0.0010 "-" 24 0
Jun 13 13:29:22 standalone proxy-server[128869]: 172.18.0.2 172.18.0.100 13/Jun/2026/13/29/22 GET /v1/AUTH_c19669d901a14802a725c4a9e71c0e28/gnocchi.400cb0bf-a013-4b68-be6e-ba358e3458a1/none_v3 HTTP/1.0 200 - python-swiftclient-3.11.1 gAAAAABqLVq57q7Q... - 46 - tx5490722b188d428988afe-006a2d5b32 - 0.0143 - - 1781357362.497995853 1781357362.512311220 0
Jun 13 13:29:22 standalone container-server[126776]: 172.20.0.100 - - [13/Jun/2026:13:29:22 +0000] "GET /d1/842/AUTH_c19669d901a14802a725c4a9e71c0e28/gnocchi.400cb0bf-a013-4b68-be6e-ba358e3458a1" 200 357 "GET http://172.18.0.2:8080/v1/AUTH_c19669d901a14802a725c4a9e71c0e28/gnocchi.400cb0bf-a013-4b68-be6e-ba358e3458a1?format=json&states=listing" "tx2689503cc9674a3fb4f76-006a2d5b32" "proxy-server 20" 0.0233 "-" 22 0
Jun 13 13:29:22 standalone proxy-server[128869]: 172.18.0.2 172.18.0.100 13/Jun/2026/13/29/22 GET /v1/AUTH_c19669d901a14802a725c4a9e71c0e28/gnocchi.400cb0bf-a013-4b68-be6e-ba358e3458a1%3Fformat%3Djson%26states%3Dlisting HTTP/1.0 200 - python-swiftclient-3.11.1 gAAAAABqLVq57q7Q... - 357 - tx2689503cc9674a3fb4f76-006a2d5b32 - 0.0336 - - 1781357362.521207809 1781357362.554856777 0
Jun 13 13:29:22 standalone container-server[126776]: 172.20.0.100 - - [13/Jun/2026:13:29:22 +0000] "GET /d1/842/AUTH_c19669d901a14802a725c4a9e71c0e28/gnocchi.400cb0bf-a013-4b68-be6e-ba358e3458a1" 200 2 "GET http://172.18.0.2:8080/v1/AUTH_c19669d901a14802a725c4a9e71c0e28/gnocchi.400cb0bf-a013-4b68-be6e-ba358e3458a1?format=json&marker=none_v3&states=listing" "txdc055d8a11634705a7c58-006a2d5b32" "proxy-server 20" 0.0064 "-" 22 0
Jun 13 13:29:22 standalone proxy-server[128869]: 172.18.0.2 172.18.0.100 13/Jun/2026/13/29/22 GET /v1/AUTH_c19669d901a14802a725c4a9e71c0e28/gnocchi.400cb0bf-a013-4b68-be6e-ba358e3458a1%3Fformat%3Djson%26marker%3Dnone_v3%26states%3Dlisting HTTP/1.0 200 - python-swiftclient-3.11.1 gAAAAABqLVq57q7Q... - 2 - txdc055d8a11634705a7c58-006a2d5b32 - 0.0157 - - 1781357362.558792114 1781357362.574524164 0
Jun 13 13:29:22 standalone object-server[126990]: 172.20.0.100 - - [13/Jun/2026:13:29:22 +0000] "GET /d1/39/AUTH_c19669d901a14802a725c4a9e71c0e28/gnocchi.400cb0bf-a013-4b68-be6e-ba358e3458a1/1780920000.0_mean_300.0_v3" 200 16 "GET http://172.18.0.2:8080/v1/AUTH_c19669d901a14802a725c4a9e71c0e28/gnocchi.400cb0bf-a013-4b68-be6e-ba358e3458a1/1780920000.0_mean_300.0_v3" "tx25329d5c06754eb2b21b4-006a2d5b32" "proxy-server 20" 0.0012 "-" 22 0
Jun 13 13:29:22 standalone proxy-server[128869]: 172.18.0.2 172.18.0.100 13/Jun/2026/13/29/22 GET /v1/AUTH_c19669d901a14802a725c4a9e71c0e28/gnocchi.400cb0bf-a013-4b68-be6e-ba358e3458a1/1780920000.0_mean_300.0_v3 HTTP/1.0 200 - python-swiftclient-3.11.1 gAAAAABqLVq57q7Q... - 16 - tx25329d5c06754eb2b21b4-006a2d5b32 - 0.0092 - - 1781357362.579900265 1781357362.589072227 0
Jun 13 13:29:22 standalone container-server[126774]: 172.20.0.100 - - [13/Jun/2026:13:29:22 +0000] "PUT /d1/842/AUTH_c19669d901a14802a725c4a9e71c0e28/gnocchi.400cb0bf-a013-4b68-be6e-ba358e3458a1/1780920000.0_mean_300.0_v3" 201 - "PUT http://172.18.0.2:8080/d1/39/AUTH_c19669d901a14802a725c4a9e71c0e28/gnocchi.400cb0bf-a013-4b68-be6e-ba358e3458a1/1780920000.0_mean_300.0_v3" "tx63850920511d4e5b84d3e-006a2d5b32" "object-server 22" 0.0010 "-" 21 0
Jun 13 13:29:22 standalone object-server[126990]: 172.20.0.100 - - [13/Jun/2026:13:29:22 +0000] "PUT /d1/39/AUTH_c19669d901a14802a725c4a9e71c0e28/gnocchi.400cb0bf-a013-4b68-be6e-ba358e3458a1/1780920000.0_mean_300.0_v3" 201 - "PUT http://172.18.0.2:8080/v1/AUTH_c19669d901a14802a725c4a9e71c0e28/gnocchi.400cb0bf-a013-4b68-be6e-ba358e3458a1/1780920000.0_mean_300.0_v3" "tx63850920511d4e5b84d3e-006a2d5b32" "proxy-server 20" 0.0117 "-" 22 0
Jun 13 13:29:22 standalone proxy-server[128869]: 172.18.0.2 172.18.0.100 13/Jun/2026/13/29/22 PUT /v1/AUTH_c19669d901a14802a725c4a9e71c0e28/gnocchi.400cb0bf-a013-4b68-be6e-ba358e3458a1/1780920000.0_mean_300.0_v3 HTTP/1.0 201 - python-swiftclient-3.11.1 gAAAAABqLVq57q7Q... 16 - - tx63850920511d4e5b84d3e-006a2d5b32 - 0.0207 - - 1781357362.593221188 1781357362.613941431 0
Jun 13 13:29:22 standalone container-server[126774]: 172.20.0.100 - - [13/Jun/2026:13:29:22 +0000] "PUT /d1/842/AUTH_c19669d901a14802a725c4a9e71c0e28/gnocchi.400cb0bf-a013-4b68-be6e-ba358e3458a1/none_v3" 201 - "PUT http://172.18.0.2:8080/d1/507/AUTH_c19669d901a14802a725c4a9e71c0e28/gnocchi.400cb0bf-a013-4b68-be6e-ba358e3458a1/none_v3" "tx28d4500c26434ec1bb450-006a2d5b32" "object-server 25" 0.0006 "-" 21 0
Jun 13 13:29:22 standalone object-server[126996]: 172.20.0.100 - - [13/Jun/2026:13:29:22 +0000] "PUT /d1/507/AUTH_c19669d901a14802a725c4a9e71c0e28/gnocchi.400cb0bf-a013-4b68-be6e-ba358e3458a1/none_v3" 201 - "PUT http://172.18.0.2:8080/v1/AUTH_c19669d901a14802a725c4a9e71c0e28/gnocchi.400cb0bf-a013-4b68-be6e-ba358e3458a1/none_v3" "tx28d4500c26434ec1bb450-006a2d5b32" "proxy-server 20" 0.0134 "-" 25 0
Jun 13 13:29:22 standalone proxy-server[128869]: 172.18.0.2 172.18.0.100 13/Jun/2026/13/29/22 PUT /v1/AUTH_c19669d901a14802a725c4a9e71c0e28/gnocchi.400cb0bf-a013-4b68-be6e-ba358e3458a1/none_v3 HTTP/1.0 201 - python-swiftclient-3.11.1 gAAAAABqLVq57q7Q... 51 - - tx28d4500c26434ec1bb450-006a2d5b32 - 0.0216 - - 1781357362.618105650 1781357362.639687538 0
Jun 13 13:29:22 standalone object-server[126993]: 172.20.0.100 - - [13/Jun/2026:13:29:22 +0000] "GET /d1/911/AUTH_c19669d901a14802a725c4a9e71c0e28/gnocchi.abcb984f-a7b1-4a1b-a5c9-b4274df5efea/none_v3" 200 22 "GET http://172.18.0.2:8080/v1/AUTH_c19669d901a14802a725c4a9e71c0e28/gnocchi.abcb984f-a7b1-4a1b-a5c9-b4274df5efea/none_v3" "tx00c1f3516e384679907b5-006a2d5b32" "proxy-server 20" 0.0011 "-" 23 0
Jun 13 13:29:22 standalone proxy-server[128869]: 172.18.0.2 172.18.0.100 13/Jun/2026/13/29/22 GET /v1/AUTH_c19669d901a14802a725c4a9e71c0e28/gnocchi.abcb984f-a7b1-4a1b-a5c9-b4274df5efea/none_v3 HTTP/1.0 200 - python-swiftclient-3.11.1 gAAAAABqLVq57q7Q... - 22 - tx00c1f3516e384679907b5-006a2d5b32 - 0.0127 - - 1781357362.654935122 1781357362.667624712 0
Jun 13 13:29:22 standalone container-server[126774]: 172.20.0.100 - - [13/Jun/2026:13:29:22 +0000] "GET /d1/922/AUTH_c19669d901a14802a725c4a9e71c0e28/gnocchi.abcb984f-a7b1-4a1b-a5c9-b4274df5efea" 200 357 "GET http://172.18.0.2:8080/v1/AUTH_c19669d901a14802a725c4a9e71c0e28/gnocchi.abcb984f-a7b1-4a1b-a5c9-b4274df5efea?format=json&states=listing" "tx8cb5a6c20b9c4868b2d8b-006a2d5b32" "proxy-server 20" 0.0042 "-" 21 0
Jun 13 13:29:22 standalone proxy-server[128869]: 172.18.0.2 172.18.0.100 13/Jun/2026/13/29/22 GET /v1/AUTH_c19669d901a14802a725c4a9e71c0e28/gnocchi.abcb984f-a7b1-4a1b-a5c9-b4274df5efea%3Fformat%3Djson%26states%3Dlisting HTTP/1.0 200 - python-swiftclient-3.11.1 gAAAAABqLVq57q7Q... - 357 - tx8cb5a6c20b9c4868b2d8b-006a2d5b32 - 0.0130 - - 1781357362.674575806 1781357362.687581778 0
Jun 13 13:29:22 standalone container-server[126772]: 172.20.0.100 - - [13/Jun/2026:13:29:22 +0000] "GET /d1/922/AUTH_c19669d901a14802a725c4a9e71c0e28/gnocchi.abcb984f-a7b1-4a1b-a5c9-b4274df5efea" 200 2 "GET http://172.18.0.2:8080/v1/AUTH_c19669d901a14802a725c4a9e71c0e28/gnocchi.abcb984f-a7b1-4a1b-a5c9-b4274df5efea?format=json&marker=none_v3&states=listing" "tx5017ca6b35084e7baec6a-006a2d5b32" "proxy-server 20" 0.0036 "-" 20 0
Jun 13 13:29:22 standalone proxy-server[128869]: 172.18.0.2 172.18.0.100 13/Jun/2026/13/29/22 GET /v1/AUTH_c19669d901a14802a725c4a9e71c0e28/gnocchi.abcb984f-a7b1-4a1b-a5c9-b4274df5efea%3Fformat%3Djson%26marker%3Dnone_v3%26states%3Dlisting HTTP/1.0 200 - python-swiftclient-3.11.1 gAAAAABqLVq57q7Q... - 2 - tx5017ca6b35084e7baec6a-006a2d5b32 - 0.0119 - - 1781357362.691196918 1781357362.703146219 0
Jun 13 13:29:22 standalone object-server[126996]: 172.20.0.100 - - [13/Jun/2026:13:29:22 +0000] "GET /d1/755/AUTH_c19669d901a14802a725c4a9e71c0e28/gnocchi.abcb984f-a7b1-4a1b-a5c9-b4274df5efea/1780920000.0_mean_300.0_v3" 200 16 "GET http://172.18.0.2:8080/v1/AUTH_c19669d901a14802a725c4a9e71c0e28/gnocchi.abcb984f-a7b1-4a1b-a5c9-b4274df5efea/1780920000.0_mean_300.0_v3" "txadb4c12915b749ee9ff37-006a2d5b32" "proxy-server 20" 0.0010 "-" 25 0
Jun 13 13:29:22 standalone proxy-server[128869]: 172.18.0.2 172.18.0.100 13/Jun/2026/13/29/22 GET /v1/AUTH_c19669d901a14802a725c4a9e71c0e28/gnocchi.abcb984f-a7b1-4a1b-a5c9-b4274df5efea/1780920000.0_mean_300.0_v3 HTTP/1.0 200 - python-swiftclient-3.11.1 gAAAAABqLVq57q7Q... - 16 - txadb4c12915b749ee9ff37-006a2d5b32 - 0.0091 - - 1781357362.707786798 1781357362.716843367 0
Jun 13 13:29:22 standalone container-server[126776]: 172.20.0.100 - - [13/Jun/2026:13:29:22 +0000] "PUT /d1/922/AUTH_c19669d901a14802a725c4a9e71c0e28/gnocchi.abcb984f-a7b1-4a1b-a5c9-b4274df5efea/1780920000.0_mean_300.0_v3" 201 - "PUT http://172.18.0.2:8080/d1/755/AUTH_c19669d901a14802a725c4a9e71c0e28/gnocchi.abcb984f-a7b1-4a1b-a5c9-b4274df5efea/1780920000.0_mean_300.0_v3" "txe1f68dafd4d74679bf8f3-006a2d5b32" "object-server 24" 0.0009 "-" 22 0
Jun 13 13:29:22 standalone object-server[126994]: 172.20.0.100 - - [13/Jun/2026:13:29:22 +0000] "PUT /d1/755/AUTH_c19669d901a14802a725c4a9e71c0e28/gnocchi.abcb984f-a7b1-4a1b-a5c9-b4274df5efea/1780920000.0_mean_300.0_v3" 201 - "PUT http://172.18.0.2:8080/v1/AUTH_c19669d901a14802a725c4a9e71c0e28/gnocchi.abcb984f-a7b1-4a1b-a5c9-b4274df5efea/1780920000.0_mean_300.0_v3" "txe1f68dafd4d74679bf8f3-006a2d5b32" "proxy-server 20" 0.0128 "-" 24 0
Jun 13 13:29:22 standalone proxy-server[128869]: 172.18.0.2 172.18.0.100 13/Jun/2026/13/29/22 PUT /v1/AUTH_c19669d901a14802a725c4a9e71c0e28/gnocchi.abcb984f-a7b1-4a1b-a5c9-b4274df5efea/1780920000.0_mean_300.0_v3 HTTP/1.0 201 - python-swiftclient-3.11.1 gAAAAABqLVq57q7Q... 16 - - txe1f68dafd4d74679bf8f3-006a2d5b32 - 0.0205 - - 1781357362.720685720 1781357362.741162777 0
Jun 13 13:29:22 standalone container-server[126778]: 172.20.0.100 - - [13/Jun/2026:13:29:22 +0000] "PUT /d1/922/AUTH_c19669d901a14802a725c4a9e71c0e28/gnocchi.abcb984f-a7b1-4a1b-a5c9-b4274df5efea/none_v3" 201 - "PUT http://172.18.0.2:8080/d1/911/AUTH_c19669d901a14802a725c4a9e71c0e28/gnocchi.abcb984f-a7b1-4a1b-a5c9-b4274df5efea/none_v3" "txb19d13042ba3497291bce-006a2d5b32" "object-server 25" 0.0013 "-" 23 0
Jun 13 13:29:22 standalone object-server[126996]: 172.20.0.100 - - [13/Jun/2026:13:29:22 +0000] "PUT /d1/911/AUTH_c19669d901a14802a725c4a9e71c0e28/gnocchi.abcb984f-a7b1-4a1b-a5c9-b4274df5efea/none_v3" 201 - "PUT http://172.18.0.2:8080/v1/AUTH_c19669d901a14802a725c4a9e71c0e28/gnocchi.abcb984f-a7b1-4a1b-a5c9-b4274df5efea/none_v3" "txb19d13042ba3497291bce-006a2d5b32" "proxy-server 20" 0.0158 "-" 25 0
Jun 13 13:29:22 standalone proxy-server[128869]: 172.18.0.2 172.18.0.100 13/Jun/2026/13/29/22 PUT /v1/AUTH_c19669d901a14802a725c4a9e71c0e28/gnocchi.abcb984f-a7b1-4a1b-a5c9-b4274df5efea/none_v3 HTTP/1.0 201 - python-swiftclient-3.11.1 gAAAAABqLVq57q7Q... 32 - - txb19d13042ba3497291bce-006a2d5b32 - 0.0229 - - 1781357362.744577885 1781357362.767443419 0
Jun 13 13:29:22 standalone object-server[126994]: 172.20.0.100 - - [13/Jun/2026:13:29:22 +0000] "GET /d1/327/AUTH_c19669d901a14802a725c4a9e71c0e28/gnocchi.418a74d3-ad4d-4cd0-b885-2100290fa07e/none_v3" 200 22 "GET http://172.18.0.2:8080/v1/AUTH_c19669d901a14802a725c4a9e71c0e28/gnocchi.418a74d3-ad4d-4cd0-b885-2100290fa07e/none_v3" "tx5152065389d84d54803bc-006a2d5b32" "proxy-server 20" 0.0010 "-" 24 0
Jun 13 13:29:22 standalone proxy-server[128869]: 172.18.0.2 172.18.0.100 13/Jun/2026/13/29/22 GET /v1/AUTH_c19669d901a14802a725c4a9e71c0e28/gnocchi.418a74d3-ad4d-4cd0-b885-2100290fa07e/none_v3 HTTP/1.0 200 - python-swiftclient-3.11.1 gAAAAABqLVq57q7Q... - 22 - tx5152065389d84d54803bc-006a2d5b32 - 0.0094 - - 1781357362.779511213 1781357362.788934231 0
Jun 13 13:29:22 standalone container-server[126772]: 172.20.0.100 - - [13/Jun/2026:13:29:22 +0000] "GET /d1/216/AUTH_c19669d901a14802a725c4a9e71c0e28/gnocchi.418a74d3-ad4d-4cd0-b885-2100290fa07e" 200 357 "GET http://172.18.0.2:8080/v1/AUTH_c19669d901a14802a725c4a9e71c0e28/gnocchi.418a74d3-ad4d-4cd0-b885-2100290fa07e?format=json&states=listing" "tx202f8a6217d942e0805a5-006a2d5b32" "proxy-server 20" 0.0035 "-" 20 0
Jun 13 13:29:22 standalone proxy-server[128869]: 172.18.0.2 172.18.0.100 13/Jun/2026/13/29/22 GET /v1/AUTH_c19669d901a14802a725c4a9e71c0e28/gnocchi.418a74d3-ad4d-4cd0-b885-2100290fa07e%3Fformat%3Djson%26states%3Dlisting HTTP/1.0 200 - python-swiftclient-3.11.1 gAAAAABqLVq57q7Q... - 357 - tx202f8a6217d942e0805a5-006a2d5b32 - 0.0117 - - 1781357362.793101072 1781357362.804808378 0
Jun 13 13:29:22 standalone container-server[126772]: 172.20.0.100 - - [13/Jun/2026:13:29:22 +0000] "GET /d1/216/AUTH_c19669d901a14802a725c4a9e71c0e28/gnocchi.418a74d3-ad4d-4cd0-b885-2100290fa07e" 200 2 "GET http://172.18.0.2:8080/v1/AUTH_c19669d901a14802a725c4a9e71c0e28/gnocchi.418a74d3-ad4d-4cd0-b885-2100290fa07e?format=json&marker=none_v3&states=listing" "tx88bd7548f07f4ef3a71df-006a2d5b32" "proxy-server 20" 0.0032 "-" 20 0
Jun 13 13:29:22 standalone proxy-server[128869]: 172.18.0.2 172.18.0.100 13/Jun/2026/13/29/22 GET /v1/AUTH_c19669d901a14802a725c4a9e71c0e28/gnocchi.418a74d3-ad4d-4cd0-b885-2100290fa07e%3Fformat%3Djson%26marker%3Dnone_v3%26states%3Dlisting HTTP/1.0 200 - python-swiftclient-3.11.1 gAAAAABqLVq57q7Q... - 2 - tx88bd7548f07f4ef3a71df-006a2d5b32 - 0.0112 - - 1781357362.808205605 1781357362.819382429 0
Jun 13 13:29:22 standalone object-server[126990]: 172.20.0.100 - - [13/Jun/2026:13:29:22 +0000] "GET /d1/391/AUTH_c19669d901a14802a725c4a9e71c0e28/gnocchi.418a74d3-ad4d-4cd0-b885-2100290fa07e/1780920000.0_mean_300.0_v3" 200 16 "GET http://172.18.0.2:8080/v1/AUTH_c19669d901a14802a725c4a9e71c0e28/gnocchi.418a74d3-ad4d-4cd0-b885-2100290fa07e/1780920000.0_mean_300.0_v3" "tx3395a8918fed44009b121-006a2d5b32" "proxy-server 20" 0.0011 "-" 22 0
Jun 13 13:29:22 standalone proxy-server[128869]: 172.18.0.2 172.18.0.100 13/Jun/2026/13/29/22 GET /v1/AUTH_c19669d901a14802a725c4a9e71c0e28/gnocchi.418a74d3-ad4d-4cd0-b885-2100290fa07e/1780920000.0_mean_300.0_v3 HTTP/1.0 200 - python-swiftclient-3.11.1 gAAAAABqLVq57q7Q... - 16 - tx3395a8918fed44009b121-006a2d5b32 - 0.0092 - - 1781357362.824999571 1781357362.834225655 0
Jun 13 13:29:22 standalone container-server[126776]: 172.20.0.100 - - [13/Jun/2026:13:29:22 +0000] "PUT /d1/216/AUTH_c19669d901a14802a725c4a9e71c0e28/gnocchi.418a74d3-ad4d-4cd0-b885-2100290fa07e/1780920000.0_mean_300.0_v3" 201 - "PUT http://172.18.0.2:8080/d1/391/AUTH_c19669d901a14802a725c4a9e71c0e28/gnocchi.418a74d3-ad4d-4cd0-b885-2100290fa07e/1780920000.0_mean_300.0_v3" "tx129193e97fac451e86099-006a2d5b32" "object-server 22" 0.0010 "-" 22 0
Jun 13 13:29:22 standalone object-server[126990]: 172.20.0.100 - - [13/Jun/2026:13:29:22 +0000] "PUT /d1/391/AUTH_c19669d901a14802a725c4a9e71c0e28/gnocchi.418a74d3-ad4d-4cd0-b885-2100290fa07e/1780920000.0_mean_300.0_v3" 201 - "PUT http://172.18.0.2:8080/v1/AUTH_c19669d901a14802a725c4a9e71c0e28/gnocchi.418a74d3-ad4d-4cd0-b885-2100290fa07e/1780920000.0_mean_300.0_v3" "tx129193e97fac451e86099-006a2d5b32" "proxy-server 20" 0.0126 "-" 22 0
Jun 13 13:29:22 standalone proxy-server[128869]: 172.18.0.2 172.18.0.100 13/Jun/2026/13/29/22 PUT /v1/AUTH_c19669d901a14802a725c4a9e71c0e28/gnocchi.418a74d3-ad4d-4cd0-b885-2100290fa07e/1780920000.0_mean_300.0_v3 HTTP/1.0 201 - python-swiftclient-3.11.1 gAAAAABqLVq57q7Q... 16 - - tx129193e97fac451e86099-006a2d5b32 - 0.0577 - - 1781357362.838678360 1781357362.896419764 0
Jun 13 13:29:22 standalone container-server[126774]: 172.20.0.100 - - [13/Jun/2026:13:29:22 +0000] "PUT /d1/216/AUTH_c19669d901a14802a725c4a9e71c0e28/gnocchi.418a74d3-ad4d-4cd0-b885-2100290fa07e/none_v3" 201 - "PUT http://172.18.0.2:8080/d1/327/AUTH_c19669d901a14802a725c4a9e71c0e28/gnocchi.418a74d3-ad4d-4cd0-b885-2100290fa07e/none_v3" "txbfcee98c70ff46519e6e7-006a2d5b32" "object-server 23" 0.0007 "-" 21 0
Jun 13 13:29:22 standalone object-server[126993]: 172.20.0.100 - - [13/Jun/2026:13:29:22 +0000] "PUT /d1/327/AUTH_c19669d901a14802a725c4a9e71c0e28/gnocchi.418a74d3-ad4d-4cd0-b885-2100290fa07e/none_v3" 201 - "PUT http://172.18.0.2:8080/v1/AUTH_c19669d901a14802a725c4a9e71c0e28/gnocchi.418a74d3-ad4d-4cd0-b885-2100290fa07e/none_v3" "txbfcee98c70ff46519e6e7-006a2d5b32" "proxy-server 20" 0.0152 "-" 23 0
Jun 13 13:29:22 standalone proxy-server[128869]: 172.18.0.2 172.18.0.100 13/Jun/2026/13/29/22 PUT /v1/AUTH_c19669d901a14802a725c4a9e71c0e28/gnocchi.418a74d3-ad4d-4cd0-b885-2100290fa07e/none_v3 HTTP/1.0 201 - python-swiftclient-3.11.1 gAAAAABqLVq57q7Q... 32 - - txbfcee98c70ff46519e6e7-006a2d5b32 - 0.0239 - - 1781357362.901245117 1781357362.925114393 0
Jun 13 13:29:22 standalone object-server[126990]: 172.20.0.100 - - [13/Jun/2026:13:29:22 +0000] "GET /d1/325/AUTH_c19669d901a14802a725c4a9e71c0e28/gnocchi.88b9293a-a484-4156-8eec-10708bcf2dc6/none_v3" 200 22 "GET http://172.18.0.2:8080/v1/AUTH_c19669d901a14802a725c4a9e71c0e28/gnocchi.88b9293a-a484-4156-8eec-10708bcf2dc6/none_v3" "tx0bb963a222e142169cc34-006a2d5b32" "proxy-server 20" 0.0013 "-" 22 0
Jun 13 13:29:22 standalone proxy-server[128869]: 172.18.0.2 172.18.0.100 13/Jun/2026/13/29/22 GET /v1/AUTH_c19669d901a14802a725c4a9e71c0e28/gnocchi.88b9293a-a484-4156-8eec-10708bcf2dc6/none_v3 HTTP/1.0 200 - python-swiftclient-3.11.1 gAAAAABqLVq57q7Q... - 22 - tx0bb963a222e142169cc34-006a2d5b32 - 0.0097 - - 1781357362.943184853 1781357362.952874899 0
Jun 13 13:29:22 standalone container-server[126774]: 172.20.0.100 - - [13/Jun/2026:13:29:22 +0000] "GET /d1/791/AUTH_c19669d901a14802a725c4a9e71c0e28/gnocchi.88b9293a-a484-4156-8eec-10708bcf2dc6" 200 357 "GET http://172.18.0.2:8080/v1/AUTH_c19669d901a14802a725c4a9e71c0e28/gnocchi.88b9293a-a484-4156-8eec-10708bcf2dc6?format=json&states=listing" "txfbc2b526f86b4e0ead11e-006a2d5b32" "proxy-server 20" 0.0036 "-" 21 0
Jun 13 13:29:22 standalone proxy-server[128869]: 172.18.0.2 172.18.0.100 13/Jun/2026/13/29/22 GET /v1/AUTH_c19669d901a14802a725c4a9e71c0e28/gnocchi.88b9293a-a484-4156-8eec-10708bcf2dc6%3Fformat%3Djson%26states%3Dlisting HTTP/1.0 200 - python-swiftclient-3.11.1 gAAAAABqLVq57q7Q... - 357 - txfbc2b526f86b4e0ead11e-006a2d5b32 - 0.0138 - - 1781357362.957455873 1781357362.971291542 0
Jun 13 13:29:22 standalone container-server[126778]: 172.20.0.100 - - [13/Jun/2026:13:29:22 +0000] "GET /d1/791/AUTH_c19669d901a14802a725c4a9e71c0e28/gnocchi.88b9293a-a484-4156-8eec-10708bcf2dc6" 200 2 "GET http://172.18.0.2:8080/v1/AUTH_c19669d901a14802a725c4a9e71c0e28/gnocchi.88b9293a-a484-4156-8eec-10708bcf2dc6?format=json&marker=none_v3&states=listing" "tx3ae855dfa91b4a8da15ae-006a2d5b32" "proxy-server 20" 0.0039 "-" 23 0
Jun 13 13:29:22 standalone proxy-server[128869]: 172.18.0.2 172.18.0.100 13/Jun/2026/13/29/22 GET /v1/AUTH_c19669d901a14802a725c4a9e71c0e28/gnocchi.88b9293a-a484-4156-8eec-10708bcf2dc6%3Fformat%3Djson%26marker%3Dnone_v3%26states%3Dlisting HTTP/1.0 200 - python-swiftclient-3.11.1 gAAAAABqLVq57q7Q... - 2 - tx3ae855dfa91b4a8da15ae-006a2d5b32 - 0.0124 - - 1781357362.974915743 1781357362.987310171 0
Jun 13 13:29:23 standalone object-server[126994]: 172.20.0.100 - - [13/Jun/2026:13:29:22 +0000] "GET /d1/721/AUTH_c19669d901a14802a725c4a9e71c0e28/gnocchi.88b9293a-a484-4156-8eec-10708bcf2dc6/1780920000.0_mean_300.0_v3" 200 16 "GET http://172.18.0.2:8080/v1/AUTH_c19669d901a14802a725c4a9e71c0e28/gnocchi.88b9293a-a484-4156-8eec-10708bcf2dc6/1780920000.0_mean_300.0_v3" "tx9ce9b7aee6e046f388707-006a2d5b32" "proxy-server 20" 0.0012 "-" 24 0
Jun 13 13:29:23 standalone proxy-server[128869]: 172.18.0.2 172.18.0.100 13/Jun/2026/13/29/23 GET /v1/AUTH_c19669d901a14802a725c4a9e71c0e28/gnocchi.88b9293a-a484-4156-8eec-10708bcf2dc6/1780920000.0_mean_300.0_v3 HTTP/1.0 200 - python-swiftclient-3.11.1 gAAAAABqLVq57q7Q... - 16 - tx9ce9b7aee6e046f388707-006a2d5b32 - 0.0110 - - 1781357362.991938114 1781357363.002916336 0
Jun 13 13:29:23 standalone container-server[126778]: 172.20.0.100 - - [13/Jun/2026:13:29:23 +0000] "PUT /d1/791/AUTH_c19669d901a14802a725c4a9e71c0e28/gnocchi.88b9293a-a484-4156-8eec-10708bcf2dc6/1780920000.0_mean_300.0_v3" 201 - "PUT http://172.18.0.2:8080/d1/721/AUTH_c19669d901a14802a725c4a9e71c0e28/gnocchi.88b9293a-a484-4156-8eec-10708bcf2dc6/1780920000.0_mean_300.0_v3" "tx86501ce78dc249bb8c59c-006a2d5b33" "object-server 24" 0.0052 "-" 23 0
Jun 13 13:29:23 standalone object-server[126994]: 172.20.0.100 - - [13/Jun/2026:13:29:23 +0000] "PUT /d1/721/AUTH_c19669d901a14802a725c4a9e71c0e28/gnocchi.88b9293a-a484-4156-8eec-10708bcf2dc6/1780920000.0_mean_300.0_v3" 201 - "PUT http://172.18.0.2:8080/v1/AUTH_c19669d901a14802a725c4a9e71c0e28/gnocchi.88b9293a-a484-4156-8eec-10708bcf2dc6/1780920000.0_mean_300.0_v3" "tx86501ce78dc249bb8c59c-006a2d5b33" "proxy-server 20" 0.0178 "-" 24 0
Jun 13 13:29:23 standalone proxy-server[128869]: 172.18.0.2 172.18.0.100 13/Jun/2026/13/29/23 PUT /v1/AUTH_c19669d901a14802a725c4a9e71c0e28/gnocchi.88b9293a-a484-4156-8eec-10708bcf2dc6/1780920000.0_mean_300.0_v3 HTTP/1.0 201 - python-swiftclient-3.11.1 gAAAAABqLVq57q7Q... 16 - - tx86501ce78dc249bb8c59c-006a2d5b33 - 0.0244 - - 1781357363.006372213 1781357363.030774832 0
Jun 13 13:29:23 standalone container-server[126778]: 172.20.0.100 - - [13/Jun/2026:13:29:23 +0000] "PUT /d1/791/AUTH_c19669d901a14802a725c4a9e71c0e28/gnocchi.88b9293a-a484-4156-8eec-10708bcf2dc6/none_v3" 201 - "PUT http://172.18.0.2:8080/d1/325/AUTH_c19669d901a14802a725c4a9e71c0e28/gnocchi.88b9293a-a484-4156-8eec-10708bcf2dc6/none_v3" "tx3f563b581ead48bf932b0-006a2d5b33" "object-server 25" 0.0007 "-" 23 0
Jun 13 13:29:23 standalone object-server[126996]: 172.20.0.100 - - [13/Jun/2026:13:29:23 +0000] "PUT /d1/325/AUTH_c19669d901a14802a725c4a9e71c0e28/gnocchi.88b9293a-a484-4156-8eec-10708bcf2dc6/none_v3" 201 - "PUT http://172.18.0.2:8080/v1/AUTH_c19669d901a14802a725c4a9e71c0e28/gnocchi.88b9293a-a484-4156-8eec-10708bcf2dc6/none_v3" "tx3f563b581ead48bf932b0-006a2d5b33" "proxy-server 20" 0.0122 "-" 25 0
Jun 13 13:29:23 standalone proxy-server[128869]: 172.18.0.2 172.18.0.100 13/Jun/2026/13/29/23 PUT /v1/AUTH_c19669d901a14802a725c4a9e71c0e28/gnocchi.88b9293a-a484-4156-8eec-10708bcf2dc6/none_v3 HTTP/1.0 201 - python-swiftclient-3.11.1 gAAAAABqLVq57q7Q... 32 - - tx3f563b581ead48bf932b0-006a2d5b33 - 0.0215 - - 1781357363.034528732 1781357363.055992126 0
Jun 13 13:29:23 standalone object-server[126994]: 172.20.0.100 - - [13/Jun/2026:13:29:23 +0000] "GET /d1/121/AUTH_c19669d901a14802a725c4a9e71c0e28/gnocchi.d02226b3-e6a3-4569-bb3b-ae0fe03a12c9/none_v3" 200 22 "GET http://172.18.0.2:8080/v1/AUTH_c19669d901a14802a725c4a9e71c0e28/gnocchi.d02226b3-e6a3-4569-bb3b-ae0fe03a12c9/none_v3" "tx8af3641ee41a4dc38dd1e-006a2d5b33" "proxy-server 20" 0.0012 "-" 24 0
Jun 13 13:29:23 standalone proxy-server[128869]: 172.18.0.2 172.18.0.100 13/Jun/2026/13/29/23 GET /v1/AUTH_c19669d901a14802a725c4a9e71c0e28/gnocchi.d02226b3-e6a3-4569-bb3b-ae0fe03a12c9/none_v3 HTTP/1.0 200 - python-swiftclient-3.11.1 gAAAAABqLVq57q7Q... - 22 - tx8af3641ee41a4dc38dd1e-006a2d5b33 - 0.0124 - - 1781357363.073555708 1781357363.085959196 0
Jun 13 13:29:23 standalone container-server[126774]: 172.20.0.100 - - [13/Jun/2026:13:29:23 +0000] "GET /d1/49/AUTH_c19669d901a14802a725c4a9e71c0e28/gnocchi.d02226b3-e6a3-4569-bb3b-ae0fe03a12c9" 200 357 "GET http://172.18.0.2:8080/v1/AUTH_c19669d901a14802a725c4a9e71c0e28/gnocchi.d02226b3-e6a3-4569-bb3b-ae0fe03a12c9?format=json&states=listing" "tx4fe36c0667f8498a80ff4-006a2d5b33" "proxy-server 20" 0.0040 "-" 21 0
Jun 13 13:29:23 standalone proxy-server[128869]: 172.18.0.2 172.18.0.100 13/Jun/2026/13/29/23 GET /v1/AUTH_c19669d901a14802a725c4a9e71c0e28/gnocchi.d02226b3-e6a3-4569-bb3b-ae0fe03a12c9%3Fformat%3Djson%26states%3Dlisting HTTP/1.0 200 - python-swiftclient-3.11.1 gAAAAABqLVq57q7Q... - 357 - tx4fe36c0667f8498a80ff4-006a2d5b33 - 0.0168 - - 1781357363.091740370 1781357363.108561516 0
Jun 13 13:29:23 standalone container-server[126772]: 172.20.0.100 - - [13/Jun/2026:13:29:23 +0000] "GET /d1/49/AUTH_c19669d901a14802a725c4a9e71c0e28/gnocchi.d02226b3-e6a3-4569-bb3b-ae0fe03a12c9" 200 2 "GET http://172.18.0.2:8080/v1/AUTH_c19669d901a14802a725c4a9e71c0e28/gnocchi.d02226b3-e6a3-4569-bb3b-ae0fe03a12c9?format=json&marker=none_v3&states=listing" "txe97262d600b1441daebff-006a2d5b33" "proxy-server 20" 0.0036 "-" 20 0
Jun 13 13:29:23 standalone proxy-server[128869]: 172.18.0.2 172.18.0.100 13/Jun/2026/13/29/23 GET /v1/AUTH_c19669d901a14802a725c4a9e71c0e28/gnocchi.d02226b3-e6a3-4569-bb3b-ae0fe03a12c9%3Fformat%3Djson%26marker%3Dnone_v3%26states%3Dlisting HTTP/1.0 200 - python-swiftclient-3.11.1 gAAAAABqLVq57q7Q... - 2 - txe97262d600b1441daebff-006a2d5b33 - 0.0261 - - 1781357363.116860390 1781357363.142998457 0
Jun 13 13:29:23 standalone object-server[126990]: 172.20.0.100 - - [13/Jun/2026:13:29:23 +0000] "GET /d1/719/AUTH_c19669d901a14802a725c4a9e71c0e28/gnocchi.d02226b3-e6a3-4569-bb3b-ae0fe03a12c9/1780920000.0_mean_300.0_v3" 200 16 "GET http://172.18.0.2:8080/v1/AUTH_c19669d901a14802a725c4a9e71c0e28/gnocchi.d02226b3-e6a3-4569-bb3b-ae0fe03a12c9/1780920000.0_mean_300.0_v3" "txeb8b038105fb4f028e121-006a2d5b33" "proxy-server 20" 0.0013 "-" 22 0
Jun 13 13:29:23 standalone proxy-server[128869]: 172.18.0.2 172.18.0.100 13/Jun/2026/13/29/23 GET /v1/AUTH_c19669d901a14802a725c4a9e71c0e28/gnocchi.d02226b3-e6a3-4569-bb3b-ae0fe03a12c9/1780920000.0_mean_300.0_v3 HTTP/1.0 200 - python-swiftclient-3.11.1 gAAAAABqLVq57q7Q... - 16 - txeb8b038105fb4f028e121-006a2d5b33 - 0.0097 - - 1781357363.148097992 1781357363.157778263 0
Jun 13 13:29:23 standalone container-server[126776]: 172.20.0.100 - - [13/Jun/2026:13:29:23 +0000] "PUT /d1/49/AUTH_c19669d901a14802a725c4a9e71c0e28/gnocchi.d02226b3-e6a3-4569-bb3b-ae0fe03a12c9/1780920000.0_mean_300.0_v3" 201 - "PUT http://172.18.0.2:8080/d1/719/AUTH_c19669d901a14802a725c4a9e71c0e28/gnocchi.d02226b3-e6a3-4569-bb3b-ae0fe03a12c9/1780920000.0_mean_300.0_v3" "tx596ebf6bc664457fbd8ae-006a2d5b33" "object-server 25" 0.0006 "-" 22 0
Jun 13 13:29:23 standalone object-server[126996]: 172.20.0.100 - - [13/Jun/2026:13:29:23 +0000] "PUT /d1/719/AUTH_c19669d901a14802a725c4a9e71c0e28/gnocchi.d02226b3-e6a3-4569-bb3b-ae0fe03a12c9/1780920000.0_mean_300.0_v3" 201 - "PUT http://172.18.0.2:8080/v1/AUTH_c19669d901a14802a725c4a9e71c0e28/gnocchi.d02226b3-e6a3-4569-bb3b-ae0fe03a12c9/1780920000.0_mean_300.0_v3" "tx596ebf6bc664457fbd8ae-006a2d5b33" "proxy-server 20" 0.0125 "-" 25 0
Jun 13 13:29:23 standalone proxy-server[128869]: 172.18.0.2 172.18.0.100 13/Jun/2026/13/29/23 PUT /v1/AUTH_c19669d901a14802a725c4a9e71c0e28/gnocchi.d02226b3-e6a3-4569-bb3b-ae0fe03a12c9/1780920000.0_mean_300.0_v3 HTTP/1.0 201 - python-swiftclient-3.11.1 gAAAAABqLVq57q7Q... 16 - - tx596ebf6bc664457fbd8ae-006a2d5b33 - 0.0201 - - 1781357363.161675453 1781357363.181760788 0
Jun 13 13:29:23 standalone container-server[126774]: 172.20.0.100 - - [13/Jun/2026:13:29:23 +0000] "PUT /d1/49/AUTH_c19669d901a14802a725c4a9e71c0e28/gnocchi.d02226b3-e6a3-4569-bb3b-ae0fe03a12c9/none_v3" 201 - "PUT http://172.18.0.2:8080/d1/121/AUTH_c19669d901a14802a725c4a9e71c0e28/gnocchi.d02226b3-e6a3-4569-bb3b-ae0fe03a12c9/none_v3" "tx21f3b5aa85f342eb8e450-006a2d5b33" "object-server 24" 0.0007 "-" 21 0
Jun 13 13:29:23 standalone object-server[126994]: 172.20.0.100 - - [13/Jun/2026:13:29:23 +0000] "PUT /d1/121/AUTH_c19669d901a14802a725c4a9e71c0e28/gnocchi.d02226b3-e6a3-4569-bb3b-ae0fe03a12c9/none_v3" 201 - "PUT http://172.18.0.2:8080/v1/AUTH_c19669d901a14802a725c4a9e71c0e28/gnocchi.d02226b3-e6a3-4569-bb3b-ae0fe03a12c9/none_v3" "tx21f3b5aa85f342eb8e450-006a2d5b33" "proxy-server 20" 0.0122 "-" 24 0
Jun 13 13:29:23 standalone proxy-server[128869]: 172.18.0.2 172.18.0.100 13/Jun/2026/13/29/23 PUT /v1/AUTH_c19669d901a14802a725c4a9e71c0e28/gnocchi.d02226b3-e6a3-4569-bb3b-ae0fe03a12c9/none_v3 HTTP/1.0 201 - python-swiftclient-3.11.1 gAAAAABqLVq57q7Q... 32 - - tx21f3b5aa85f342eb8e450-006a2d5b33 - 0.0224 - - 1781357363.185181618 1781357363.207552195 0
Jun 13 13:29:26 standalone container-server[126778]: 172.20.0.100 - - [13/Jun/2026:13:29:26 +0000] "HEAD /d1/379/AUTH_c19669d901a14802a725c4a9e71c0e28/gnocchi.550468a5-a635-4f4a-b36f-9083ac6e8d10" 404 - "HEAD http://172.18.0.2:8080/v1/AUTH_c19669d901a14802a725c4a9e71c0e28/gnocchi.550468a5-a635-4f4a-b36f-9083ac6e8d10?format=json&states=listing" "tx820b8423da9b41bba9518-006a2d5b36" "proxy-server 20" 0.0010 "-" 23 0
Jun 13 13:29:26 standalone object-server[126993]: 172.20.0.100 - - [13/Jun/2026:13:29:26 +0000] "GET /d1/56/AUTH_c19669d901a14802a725c4a9e71c0e28/gnocchi.550468a5-a635-4f4a-b36f-9083ac6e8d10/none_v3" 404 70 "GET http://172.18.0.2:8080/v1/AUTH_c19669d901a14802a725c4a9e71c0e28/gnocchi.550468a5-a635-4f4a-b36f-9083ac6e8d10/none_v3" "tx820b8423da9b41bba9518-006a2d5b36" "proxy-server 20" 0.0019 "-" 23 0
Jun 13 13:29:26 standalone proxy-server[128869]: 172.18.0.2 172.18.0.100 13/Jun/2026/13/29/26 GET /v1/AUTH_c19669d901a14802a725c4a9e71c0e28/gnocchi.550468a5-a635-4f4a-b36f-9083ac6e8d10/none_v3 HTTP/1.0 404 - python-swiftclient-3.11.1 gAAAAABqLVq57q7Q... - 70 - tx820b8423da9b41bba9518-006a2d5b36 - 0.0178 - - 1781357366.387068510 1781357366.404859066 0
Jun 13 13:29:26 standalone account-server[126760]: 172.20.0.100 - - [13/Jun/2026:13:29:26 +0000] "PUT /d1/10/AUTH_c19669d901a14802a725c4a9e71c0e28/gnocchi.550468a5-a635-4f4a-b36f-9083ac6e8d10" 201 - "PUT http://172.20.0.100:6001/d1/379/AUTH_c19669d901a14802a725c4a9e71c0e28/gnocchi.550468a5-a635-4f4a-b36f-9083ac6e8d10" "tx13aca5036e1b435a9774b-006a2d5b36" "container-server 21" 0.0015 "-" 23 0
Jun 13 13:29:26 standalone container-server[126774]: 172.20.0.100 - - [13/Jun/2026:13:29:26 +0000] "PUT /d1/379/AUTH_c19669d901a14802a725c4a9e71c0e28/gnocchi.550468a5-a635-4f4a-b36f-9083ac6e8d10" 201 - "PUT http://172.18.0.2:8080/v1/AUTH_c19669d901a14802a725c4a9e71c0e28/gnocchi.550468a5-a635-4f4a-b36f-9083ac6e8d10" "tx13aca5036e1b435a9774b-006a2d5b36" "proxy-server 20" 0.0150 "-" 21 0
Jun 13 13:29:26 standalone proxy-server[128869]: 172.18.0.2 172.18.0.100 13/Jun/2026/13/29/26 PUT /v1/AUTH_c19669d901a14802a725c4a9e71c0e28/gnocchi.550468a5-a635-4f4a-b36f-9083ac6e8d10 HTTP/1.0 201 - python-swiftclient-3.11.1 gAAAAABqLVq57q7Q... - - - tx13aca5036e1b435a9774b-006a2d5b36 - 0.0223 - - 1781357366.409333706 1781357366.431622982 0
Jun 13 13:29:26 standalone container-server[126778]: 172.20.0.100 - - [13/Jun/2026:13:29:26 +0000] "HEAD /d1/379/AUTH_c19669d901a14802a725c4a9e71c0e28/gnocchi.550468a5-a635-4f4a-b36f-9083ac6e8d10" 204 - "HEAD http://172.18.0.2:8080/v1/AUTH_c19669d901a14802a725c4a9e71c0e28/gnocchi.550468a5-a635-4f4a-b36f-9083ac6e8d10?format=json&states=listing" "tx4a213337ff3d48359c073-006a2d5b36" "proxy-server 20" 0.0022 "-" 23 0
Jun 13 13:29:26 standalone proxy-server[128869]: - - 13/Jun/2026/13/29/26 HEAD /v1/AUTH_c19669d901a14802a725c4a9e71c0e28/gnocchi.550468a5-a635-4f4a-b36f-9083ac6e8d10%3Fformat%3Djson%26states%3Dlisting HTTP/1.0 204 - Swift - - - - tx4a213337ff3d48359c073-006a2d5b36 - 0.0080 RL - 1781357366.437442064 1781357366.445456028 0
Jun 13 13:29:26 standalone container-server[126774]: 172.20.0.100 - - [13/Jun/2026:13:29:26 +0000] "GET /d1/379/AUTH_c19669d901a14802a725c4a9e71c0e28/gnocchi.550468a5-a635-4f4a-b36f-9083ac6e8d10" 200 2 "GET http://172.18.0.2:8080/v1/AUTH_c19669d901a14802a725c4a9e71c0e28/gnocchi.550468a5-a635-4f4a-b36f-9083ac6e8d10?format=json&states=listing" "tx4a213337ff3d48359c073-006a2d5b36" "proxy-server 20" 0.0033 "-" 21 0
Jun 13 13:29:26 standalone proxy-server[128869]: 172.18.0.2 172.18.0.100 13/Jun/2026/13/29/26 GET /v1/AUTH_c19669d901a14802a725c4a9e71c0e28/gnocchi.550468a5-a635-4f4a-b36f-9083ac6e8d10%3Fformat%3Djson%26states%3Dlisting HTTP/1.0 200 - python-swiftclient-3.11.1 gAAAAABqLVq57q7Q... - 2 - tx4a213337ff3d48359c073-006a2d5b36 - 0.0211 - - 1781357366.435979366 1781357366.457065105 0
