Jun 13 13:15:53 standalone account-server[126402]: Starting 2
Jun 13 13:15:53 standalone container-server[126522]: Starting 2
Jun 13 13:15:53 standalone account-server[126434]: Started child 20 from parent 2
Jun 13 13:15:53 standalone account-server[126434]: Started child 21 from parent 2
Jun 13 13:15:53 standalone account-server[126434]: Started child 22 from parent 2
Jun 13 13:15:53 standalone account-server[126434]: Started child 23 from parent 2
Jun 13 13:15:53 standalone container-server[126455]: Option allow_versions is deprecated. Configure the versioned_writes middleware in the proxy-server instead. This option will be ignored in a future release.
Jun 13 13:15:53 standalone container-server[126772]: Option allow_versions is deprecated. Configure the versioned_writes middleware in the proxy-server instead. This option will be ignored in a future release.
Jun 13 13:15:53 standalone container-server[126455]: Started child 20 from parent 2
Jun 13 13:15:53 standalone container-server[126774]: Option allow_versions is deprecated. Configure the versioned_writes middleware in the proxy-server instead. This option will be ignored in a future release.
Jun 13 13:15:53 standalone container-server[126455]: Started child 21 from parent 2
Jun 13 13:15:53 standalone container-server[126776]: Option allow_versions is deprecated. Configure the versioned_writes middleware in the proxy-server instead. This option will be ignored in a future release.
Jun 13 13:15:53 standalone container-server[126455]: Started child 22 from parent 2
Jun 13 13:15:53 standalone container-server[126778]: Option allow_versions is deprecated. Configure the versioned_writes middleware in the proxy-server instead. This option will be ignored in a future release.
Jun 13 13:15:53 standalone container-server[126455]: Started child 23 from parent 2
Jun 13 13:15:54 standalone object-expirer[126810]: Starting 2
Jun 13 13:15:54 standalone object-expirer[126810]: Option auto_create_account_prefix is deprecated. Configure auto_create_account_prefix under the swift-constraints section of swift.conf. This option will be ignored in a future release.
Jun 13 13:15:54 standalone object-server[126833]: Started child 22 from parent 2
Jun 13 13:15:54 standalone object-server[126833]: Started child 23 from parent 2
Jun 13 13:15:54 standalone object-server[126833]: Started child 24 from parent 2
Jun 13 13:15:54 standalone object-server[126833]: Started child 25 from parent 2
Jun 13 13:15:54 standalone object-server[126876]: Starting 2
Jun 13 13:16:00 standalone proxy-server[128731]: Starting Keystone auth_token middleware
Jun 13 13:16:00 standalone proxy-server[128731]: AuthToken middleware is set with keystone_authtoken.service_token_roles_required set to False. This is backwards compatible but deprecated behaviour. Please set this to True.
Jun 13 13:16:00 standalone proxy-server[128869]: Starting Keystone auth_token middleware
Jun 13 13:16:00 standalone proxy-server[128869]: STDERR: The option "bind_port" is not known to keystonemiddleware
Jun 13 13:16:00 standalone proxy-server[128869]: STDERR: The option "workers" is not known to keystonemiddleware
Jun 13 13:16:00 standalone proxy-server[128869]: STDERR: The option "user" is not known to keystonemiddleware
Jun 13 13:16:00 standalone proxy-server[128869]: STDERR: The option "bind_ip" is not known to keystonemiddleware
Jun 13 13:16:00 standalone proxy-server[128869]: STDERR: The option "log_name" is not known to keystonemiddleware
Jun 13 13:16:00 standalone proxy-server[128869]: STDERR: The option "log_facility" is not known to keystonemiddleware
Jun 13 13:16:00 standalone proxy-server[128869]: STDERR: The option "log_level" is not known to keystonemiddleware
Jun 13 13:16:00 standalone proxy-server[128869]: STDERR: The option "log_headers" is not known to keystonemiddleware
Jun 13 13:16:00 standalone proxy-server[128869]: STDERR: The option "log_address" is not known to keystonemiddleware
Jun 13 13:16:00 standalone proxy-server[128869]: STDERR: The option "project_name" is not known to keystonemiddleware
Jun 13 13:16:00 standalone proxy-server[128869]: STDERR: The option "username" is not known to keystonemiddleware
Jun 13 13:16:00 standalone proxy-server[128869]: STDERR: The option "password" is not known to keystonemiddleware
Jun 13 13:16:00 standalone proxy-server[128869]: STDERR: The option "auth_url" is not known to keystonemiddleware
Jun 13 13:16:00 standalone proxy-server[128869]: STDERR: The option "signing_dir" is not known to keystonemiddleware
Jun 13 13:16:00 standalone proxy-server[128869]: STDERR: The option "project_domain_id" is not known to keystonemiddleware
Jun 13 13:16:00 standalone proxy-server[128869]: STDERR: The option "user_domain_id" is not known to keystonemiddleware
Jun 13 13:16:00 standalone proxy-server[128869]: STDERR: The option "__name__" is not known to keystonemiddleware
Jun 13 13:16:00 standalone proxy-server[128869]: AuthToken middleware is set with keystone_authtoken.service_token_roles_required set to False. This is backwards compatible but deprecated behaviour. Please set this to True.
Jun 13 13:16:00 standalone proxy-server[128731]: Started child 20 from parent 2
Jun 13 13:18:27 standalone object-server[126876]: Begin object update sweep
Jun 13 13:18:27 standalone object-server[145877]: Object update sweep starting on /srv/node/d1 (pid: 11)
Jun 13 13:18:27 standalone object-server[145877]: Object update sweep completed on /srv/node/d1 in 0.00s seconds:, 0 successes, 0 failures, 0 quarantines, 0 unlinks, 0 errors, 0 redirects (pid: 11)
Jun 13 13:18:27 standalone object-server[145877]: Object update sweep of d1 completed: 0.00s, 0 successes, 0 failures, 0 quarantines, 0 unlinks, 0 errors, 0 redirects
Jun 13 13:18:27 standalone object-server[126876]: Object update sweep completed: 0.08s
Jun 13 13:18:32 standalone container-server[126522]: Begin container update sweep
Jun 13 13:18:32 standalone container-server[126522]: Container update sweep completed: 0.00s
Jun 13 13:19:23 standalone account-server[126760]: 172.20.0.100 - - [13/Jun/2026:13:19:23 +0000] "HEAD /d1/911/.expiring_objects" 404 - "HEAD http://localhost/v1/.expiring_objects?format=json" "tx1d392748630b4d989c5f9-006a2d58db" "proxy-server 2" 0.0012 "-" 23 -
Jun 13 13:19:23 standalone object-expirer[126810]: Pass completed in 0s; 0 objects expired (txn: tx1d392748630b4d989c5f9-006a2d58db)
Jun 13 13:21:09 standalone account-server[126744]: 172.20.0.100 - - [13/Jun/2026:13:21:09 +0000] "HEAD /d1/911/.expiring_objects" 404 - "HEAD http://localhost/v1/.expiring_objects?format=json" "txae2d44e27d574800985e0-006a2d5945" "proxy-server 2" 0.0009 "-" 21 -
Jun 13 13:21:09 standalone object-expirer[126810]: Pass completed in 0s; 0 objects expired (txn: txae2d44e27d574800985e0-006a2d5945)
Jun 13 13:23:27 standalone object-server[126876]: Begin object update sweep
Jun 13 13:23:27 standalone object-server[185450]: Object update sweep starting on /srv/node/d1 (pid: 13)
Jun 13 13:23:27 standalone object-server[185450]: Object update sweep completed on /srv/node/d1 in 0.00s seconds:, 0 successes, 0 failures, 0 quarantines, 0 unlinks, 0 errors, 0 redirects (pid: 13)
Jun 13 13:23:27 standalone object-server[185450]: Object update sweep of d1 completed: 0.00s, 0 successes, 0 failures, 0 quarantines, 0 unlinks, 0 errors, 0 redirects
Jun 13 13:23:27 standalone object-server[126876]: Object update sweep completed: 0.09s
Jun 13 13:23:32 standalone container-server[126522]: Begin container update sweep
Jun 13 13:23:32 standalone container-server[126522]: Container update sweep completed: 0.00s
Jun 13 13:24:53 standalone account-server[126751]: 172.20.0.100 - - [13/Jun/2026:13:24:53 +0000] "HEAD /d1/911/.expiring_objects" 404 - "HEAD http://localhost/v1/.expiring_objects?format=json" "txaabe5e4c2d4f4e709901c-006a2d5a25" "proxy-server 2" 0.0016 "-" 22 -
Jun 13 13:24:53 standalone object-expirer[126810]: Pass completed in 0s; 0 objects expired (txn: txaabe5e4c2d4f4e709901c-006a2d5a25)
Jun 13 13:27:21 standalone account-server[126751]: 172.20.0.100 - - [13/Jun/2026:13:27:21 +0000] "HEAD /d1/10/AUTH_c19669d901a14802a725c4a9e71c0e28" 404 - "HEAD http://172.18.0.2:8080/v1/AUTH_c19669d901a14802a725c4a9e71c0e28?format=json" "txb00b81dadbaf4da1a8cff-006a2d5ab9" "proxy-server 20" 0.0006 "-" 22 -
Jun 13 13:27:21 standalone proxy-server[128869]: - - 13/Jun/2026/13/27/21 HEAD /v1/AUTH_c19669d901a14802a725c4a9e71c0e28%3Fformat%3Djson HTTP/1.0 200 - Swift - - - - txb00b81dadbaf4da1a8cff-006a2d5ab9 - 0.0170 RL - 1781357241.545086384 1781357241.562037706 -
Jun 13 13:27:21 standalone object-server[126993]: 172.20.0.100 - - [13/Jun/2026:13:27:21 +0000] "GET /d1/499/AUTH_c19669d901a14802a725c4a9e71c0e28/gnocchi.9ce9a02f-297d-4c55-a5cf-0d49ea56121f/none_v3" 404 70 "GET http://172.18.0.2:8080/v1/AUTH_c19669d901a14802a725c4a9e71c0e28/gnocchi.9ce9a02f-297d-4c55-a5cf-0d49ea56121f/none_v3" "txb00b81dadbaf4da1a8cff-006a2d5ab9" "proxy-server 20" 0.0008 "-" 23 0
Jun 13 13:27:21 standalone proxy-server[128869]: 172.18.0.2 172.18.0.100 13/Jun/2026/13/27/21 GET /v1/AUTH_c19669d901a14802a725c4a9e71c0e28/gnocchi.9ce9a02f-297d-4c55-a5cf-0d49ea56121f/none_v3 HTTP/1.0 404 - python-swiftclient-3.11.1 gAAAAABqLVq57q7Q... - 70 - txb00b81dadbaf4da1a8cff-006a2d5ab9 - 0.4345 - - 1781357241.542494059 1781357241.977040529 0
Jun 13 13:27:22 standalone account-server[126735]: 172.20.0.100 - - [13/Jun/2026:13:27:22 +0000] "PUT /d1/10/AUTH_c19669d901a14802a725c4a9e71c0e28" 201 - "-" "tx37ff9ae32fc044729b824-006a2d5ab9" "-" 0.0195 "-" 20 -
Jun 13 13:27:22 standalone proxy-server[128869]: autocreate account '/AUTH_c19669d901a14802a725c4a9e71c0e28' (txn: tx37ff9ae32fc044729b824-006a2d5ab9)
Jun 13 13:27:22 standalone account-server[126751]: 172.20.0.100 - - [13/Jun/2026:13:27:22 +0000] "HEAD /d1/10/AUTH_c19669d901a14802a725c4a9e71c0e28" 204 - "HEAD http://172.18.0.2:8080/v1/AUTH_c19669d901a14802a725c4a9e71c0e28?format=json" "tx37ff9ae32fc044729b824-006a2d5ab9" "proxy-server 20" 0.0028 "-" 22 -
Jun 13 13:27:22 standalone account-server[126751]: 172.20.0.100 - - [13/Jun/2026:13:27:22 +0000] "PUT /d1/10/AUTH_c19669d901a14802a725c4a9e71c0e28/gnocchi.9ce9a02f-297d-4c55-a5cf-0d49ea56121f" 201 - "PUT http://172.20.0.100:6001/d1/911/AUTH_c19669d901a14802a725c4a9e71c0e28/gnocchi.9ce9a02f-297d-4c55-a5cf-0d49ea56121f" "tx37ff9ae32fc044729b824-006a2d5ab9" "container-server 23" 0.0021 "-" 22 0
Jun 13 13:27:22 standalone container-server[126778]: 172.20.0.100 - - [13/Jun/2026:13:27:22 +0000] "PUT /d1/911/AUTH_c19669d901a14802a725c4a9e71c0e28/gnocchi.9ce9a02f-297d-4c55-a5cf-0d49ea56121f" 201 - "PUT http://172.18.0.2:8080/v1/AUTH_c19669d901a14802a725c4a9e71c0e28/gnocchi.9ce9a02f-297d-4c55-a5cf-0d49ea56121f" "tx37ff9ae32fc044729b824-006a2d5ab9" "proxy-server 20" 0.0185 "-" 23 0
Jun 13 13:27:22 standalone proxy-server[128869]: 172.18.0.2 172.18.0.100 13/Jun/2026/13/27/22 PUT /v1/AUTH_c19669d901a14802a725c4a9e71c0e28/gnocchi.9ce9a02f-297d-4c55-a5cf-0d49ea56121f HTTP/1.0 201 - python-swiftclient-3.11.1 gAAAAABqLVq57q7Q... - - - tx37ff9ae32fc044729b824-006a2d5ab9 - 0.0522 - - 1781357241.981191397 1781357242.033360481 0
Jun 13 13:27:22 standalone container-server[126776]: 172.20.0.100 - - [13/Jun/2026:13:27:22 +0000] "HEAD /d1/911/AUTH_c19669d901a14802a725c4a9e71c0e28/gnocchi.9ce9a02f-297d-4c55-a5cf-0d49ea56121f" 204 - "HEAD http://172.18.0.2:8080/v1/AUTH_c19669d901a14802a725c4a9e71c0e28/gnocchi.9ce9a02f-297d-4c55-a5cf-0d49ea56121f?format=json&states=listing" "tx166824fa6c79452ea1ffa-006a2d5aba" "proxy-server 20" 0.0044 "-" 22 0
Jun 13 13:27:22 standalone proxy-server[128869]: - - 13/Jun/2026/13/27/22 HEAD /v1/AUTH_c19669d901a14802a725c4a9e71c0e28/gnocchi.9ce9a02f-297d-4c55-a5cf-0d49ea56121f%3Fformat%3Djson%26states%3Dlisting HTTP/1.0 204 - Swift - - - - tx166824fa6c79452ea1ffa-006a2d5aba - 0.0077 RL - 1781357242.038662910 1781357242.046356678 0
Jun 13 13:27:22 standalone container-server[126772]: 172.20.0.100 - - [13/Jun/2026:13:27:22 +0000] "GET /d1/911/AUTH_c19669d901a14802a725c4a9e71c0e28/gnocchi.9ce9a02f-297d-4c55-a5cf-0d49ea56121f" 200 2 "GET http://172.18.0.2:8080/v1/AUTH_c19669d901a14802a725c4a9e71c0e28/gnocchi.9ce9a02f-297d-4c55-a5cf-0d49ea56121f?format=json&states=listing" "tx166824fa6c79452ea1ffa-006a2d5aba" "proxy-server 20" 0.0059 "-" 20 0
Jun 13 13:27:22 standalone proxy-server[128869]: 172.18.0.2 172.18.0.100 13/Jun/2026/13/27/22 GET /v1/AUTH_c19669d901a14802a725c4a9e71c0e28/gnocchi.9ce9a02f-297d-4c55-a5cf-0d49ea56121f%3Fformat%3Djson%26states%3Dlisting HTTP/1.0 200 - python-swiftclient-3.11.1 gAAAAABqLVq57q7Q... - 2 - tx166824fa6c79452ea1ffa-006a2d5aba - 0.0199 - - 1781357242.037882566 1781357242.057745934 0
Jun 13 13:27:22 standalone object-server[126994]: 172.20.0.100 - - [13/Jun/2026:13:27:22 +0000] "GET /d1/894/AUTH_c19669d901a14802a725c4a9e71c0e28/gnocchi.9ce9a02f-297d-4c55-a5cf-0d49ea56121f/1780920000.0_mean_300.0_v3" 404 70 "GET http://172.18.0.2:8080/v1/AUTH_c19669d901a14802a725c4a9e71c0e28/gnocchi.9ce9a02f-297d-4c55-a5cf-0d49ea56121f/1780920000.0_mean_300.0_v3" "tx62fd1918f891443f87b9d-006a2d5aba" "proxy-server 20" 0.0011 "-" 24 0
Jun 13 13:27:22 standalone proxy-server[128869]: 172.18.0.2 172.18.0.100 13/Jun/2026/13/27/22 GET /v1/AUTH_c19669d901a14802a725c4a9e71c0e28/gnocchi.9ce9a02f-297d-4c55-a5cf-0d49ea56121f/1780920000.0_mean_300.0_v3 HTTP/1.0 404 - python-swiftclient-3.11.1 gAAAAABqLVq57q7Q... - 70 - tx62fd1918f891443f87b9d-006a2d5aba - 0.0059 - - 1781357242.062716484 1781357242.068601608 0
Jun 13 13:27:22 standalone container-server[126776]: 172.20.0.100 - - [13/Jun/2026:13:27:22 +0000] "PUT /d1/911/AUTH_c19669d901a14802a725c4a9e71c0e28/gnocchi.9ce9a02f-297d-4c55-a5cf-0d49ea56121f/1780920000.0_mean_300.0_v3" 201 - "PUT http://172.18.0.2:8080/d1/894/AUTH_c19669d901a14802a725c4a9e71c0e28/gnocchi.9ce9a02f-297d-4c55-a5cf-0d49ea56121f/1780920000.0_mean_300.0_v3" "txb50f272ca4d14c4892769-006a2d5aba" "object-server 24" 0.0011 "-" 22 0
Jun 13 13:27:22 standalone object-server[126994]: 172.20.0.100 - - [13/Jun/2026:13:27:22 +0000] "PUT /d1/894/AUTH_c19669d901a14802a725c4a9e71c0e28/gnocchi.9ce9a02f-297d-4c55-a5cf-0d49ea56121f/1780920000.0_mean_300.0_v3" 201 - "PUT http://172.18.0.2:8080/v1/AUTH_c19669d901a14802a725c4a9e71c0e28/gnocchi.9ce9a02f-297d-4c55-a5cf-0d49ea56121f/1780920000.0_mean_300.0_v3" "txb50f272ca4d14c4892769-006a2d5aba" "proxy-server 20" 0.0330 "-" 24 0
Jun 13 13:27:22 standalone proxy-server[128869]: 172.18.0.2 172.18.0.100 13/Jun/2026/13/27/22 PUT /v1/AUTH_c19669d901a14802a725c4a9e71c0e28/gnocchi.9ce9a02f-297d-4c55-a5cf-0d49ea56121f/1780920000.0_mean_300.0_v3 HTTP/1.0 201 - python-swiftclient-3.11.1 gAAAAABqLVq57q7Q... 16 - - txb50f272ca4d14c4892769-006a2d5aba - 0.0378 - - 1781357242.071756601 1781357242.109591007 0
Jun 13 13:27:22 standalone container-server[126772]: 172.20.0.100 - - [13/Jun/2026:13:27:22 +0000] "PUT /d1/911/AUTH_c19669d901a14802a725c4a9e71c0e28/gnocchi.9ce9a02f-297d-4c55-a5cf-0d49ea56121f/none_v3" 201 - "PUT http://172.18.0.2:8080/d1/499/AUTH_c19669d901a14802a725c4a9e71c0e28/gnocchi.9ce9a02f-297d-4c55-a5cf-0d49ea56121f/none_v3" "tx6b748fb1a0bc496aae311-006a2d5aba" "object-server 25" 0.0009 "-" 20 0
Jun 13 13:27:22 standalone object-server[126996]: 172.20.0.100 - - [13/Jun/2026:13:27:22 +0000] "PUT /d1/499/AUTH_c19669d901a14802a725c4a9e71c0e28/gnocchi.9ce9a02f-297d-4c55-a5cf-0d49ea56121f/none_v3" 201 - "PUT http://172.18.0.2:8080/v1/AUTH_c19669d901a14802a725c4a9e71c0e28/gnocchi.9ce9a02f-297d-4c55-a5cf-0d49ea56121f/none_v3" "tx6b748fb1a0bc496aae311-006a2d5aba" "proxy-server 20" 0.0337 "-" 25 0
Jun 13 13:27:22 standalone proxy-server[128869]: 172.18.0.2 172.18.0.100 13/Jun/2026/13/27/22 PUT /v1/AUTH_c19669d901a14802a725c4a9e71c0e28/gnocchi.9ce9a02f-297d-4c55-a5cf-0d49ea56121f/none_v3 HTTP/1.0 201 - python-swiftclient-3.11.1 gAAAAABqLVq57q7Q... 22 - - tx6b748fb1a0bc496aae311-006a2d5aba - 0.0386 - - 1781357242.114952803 1781357242.153530121 0
Jun 13 13:27:45 standalone account-server[126751]: 172.20.0.100 - - [13/Jun/2026:13:27:45 +0000] "HEAD /d1/911/.expiring_objects" 404 - "HEAD http://localhost/v1/.expiring_objects?format=json" "tx11e433bc2686454b9bacb-006a2d5ad1" "proxy-server 2" 0.0006 "-" 22 -
Jun 13 13:27:45 standalone object-expirer[126810]: Pass completed in 0s; 0 objects expired (txn: tx11e433bc2686454b9bacb-006a2d5ad1)
Jun 13 13:27:51 standalone object-server[126996]: 172.20.0.100 - - [13/Jun/2026:13:27:51 +0000] "GET /d1/499/AUTH_c19669d901a14802a725c4a9e71c0e28/gnocchi.9ce9a02f-297d-4c55-a5cf-0d49ea56121f/none_v3" 200 22 "GET http://172.18.0.2:8080/v1/AUTH_c19669d901a14802a725c4a9e71c0e28/gnocchi.9ce9a02f-297d-4c55-a5cf-0d49ea56121f/none_v3" "tx93b03188415249e0b2f4a-006a2d5ad7" "proxy-server 20" 0.0010 "-" 25 0
Jun 13 13:27:51 standalone proxy-server[128869]: 172.18.0.2 172.18.0.100 13/Jun/2026/13/27/51 GET /v1/AUTH_c19669d901a14802a725c4a9e71c0e28/gnocchi.9ce9a02f-297d-4c55-a5cf-0d49ea56121f/none_v3 HTTP/1.0 200 - python-swiftclient-3.11.1 gAAAAABqLVq57q7Q... - 22 - tx93b03188415249e0b2f4a-006a2d5ad7 - 0.0096 - - 1781357271.199093103 1781357271.208706141 0
Jun 13 13:27:51 standalone container-server[126774]: 172.20.0.100 - - [13/Jun/2026:13:27:51 +0000] "GET /d1/911/AUTH_c19669d901a14802a725c4a9e71c0e28/gnocchi.9ce9a02f-297d-4c55-a5cf-0d49ea56121f" 200 357 "GET http://172.18.0.2:8080/v1/AUTH_c19669d901a14802a725c4a9e71c0e28/gnocchi.9ce9a02f-297d-4c55-a5cf-0d49ea56121f?format=json&states=listing" "tx6968d80e48f2461fb9e64-006a2d5ad7" "proxy-server 20" 0.0211 "-" 21 0
Jun 13 13:27:51 standalone proxy-server[128869]: 172.18.0.2 172.18.0.100 13/Jun/2026/13/27/51 GET /v1/AUTH_c19669d901a14802a725c4a9e71c0e28/gnocchi.9ce9a02f-297d-4c55-a5cf-0d49ea56121f%3Fformat%3Djson%26states%3Dlisting HTTP/1.0 200 - python-swiftclient-3.11.1 gAAAAABqLVq57q7Q... - 357 - tx6968d80e48f2461fb9e64-006a2d5ad7 - 0.0284 - - 1781357271.214512348 1781357271.242947102 0
Jun 13 13:27:51 standalone container-server[126776]: 172.20.0.100 - - [13/Jun/2026:13:27:51 +0000] "GET /d1/911/AUTH_c19669d901a14802a725c4a9e71c0e28/gnocchi.9ce9a02f-297d-4c55-a5cf-0d49ea56121f" 200 2 "GET http://172.18.0.2:8080/v1/AUTH_c19669d901a14802a725c4a9e71c0e28/gnocchi.9ce9a02f-297d-4c55-a5cf-0d49ea56121f?format=json&marker=none_v3&states=listing" "tx398c0a08829a4ca7ab89e-006a2d5ad7" "proxy-server 20" 0.0027 "-" 22 0
Jun 13 13:27:51 standalone proxy-server[128869]: 172.18.0.2 172.18.0.100 13/Jun/2026/13/27/51 GET /v1/AUTH_c19669d901a14802a725c4a9e71c0e28/gnocchi.9ce9a02f-297d-4c55-a5cf-0d49ea56121f%3Fformat%3Djson%26marker%3Dnone_v3%26states%3Dlisting HTTP/1.0 200 - python-swiftclient-3.11.1 gAAAAABqLVq57q7Q... - 2 - tx398c0a08829a4ca7ab89e-006a2d5ad7 - 0.0091 - - 1781357271.246120691 1781357271.255245686 0
Jun 13 13:27:51 standalone object-server[126996]: 172.20.0.100 - - [13/Jun/2026:13:27:51 +0000] "GET /d1/894/AUTH_c19669d901a14802a725c4a9e71c0e28/gnocchi.9ce9a02f-297d-4c55-a5cf-0d49ea56121f/1780920000.0_mean_300.0_v3" 200 16 "GET http://172.18.0.2:8080/v1/AUTH_c19669d901a14802a725c4a9e71c0e28/gnocchi.9ce9a02f-297d-4c55-a5cf-0d49ea56121f/1780920000.0_mean_300.0_v3" "txa0534cdb6baa4c1180932-006a2d5ad7" "proxy-server 20" 0.0007 "-" 25 0
Jun 13 13:27:51 standalone proxy-server[128869]: 172.18.0.2 172.18.0.100 13/Jun/2026/13/27/51 GET /v1/AUTH_c19669d901a14802a725c4a9e71c0e28/gnocchi.9ce9a02f-297d-4c55-a5cf-0d49ea56121f/1780920000.0_mean_300.0_v3 HTTP/1.0 200 - python-swiftclient-3.11.1 gAAAAABqLVq57q7Q... - 16 - txa0534cdb6baa4c1180932-006a2d5ad7 - 0.0068 - - 1781357271.258330345 1781357271.265143394 0
Jun 13 13:27:51 standalone container-server[126774]: 172.20.0.100 - - [13/Jun/2026:13:27:51 +0000] "PUT /d1/911/AUTH_c19669d901a14802a725c4a9e71c0e28/gnocchi.9ce9a02f-297d-4c55-a5cf-0d49ea56121f/1780920000.0_mean_300.0_v3" 201 - "PUT http://172.18.0.2:8080/d1/894/AUTH_c19669d901a14802a725c4a9e71c0e28/gnocchi.9ce9a02f-297d-4c55-a5cf-0d49ea56121f/1780920000.0_mean_300.0_v3" "txfda5d4f17282444cbb7ab-006a2d5ad7" "object-server 22" 0.0009 "-" 21 0
Jun 13 13:27:51 standalone object-server[126990]: 172.20.0.100 - - [13/Jun/2026:13:27:51 +0000] "PUT /d1/894/AUTH_c19669d901a14802a725c4a9e71c0e28/gnocchi.9ce9a02f-297d-4c55-a5cf-0d49ea56121f/1780920000.0_mean_300.0_v3" 201 - "PUT http://172.18.0.2:8080/v1/AUTH_c19669d901a14802a725c4a9e71c0e28/gnocchi.9ce9a02f-297d-4c55-a5cf-0d49ea56121f/1780920000.0_mean_300.0_v3" "txfda5d4f17282444cbb7ab-006a2d5ad7" "proxy-server 20" 0.0273 "-" 22 0
Jun 13 13:27:51 standalone proxy-server[128869]: 172.18.0.2 172.18.0.100 13/Jun/2026/13/27/51 PUT /v1/AUTH_c19669d901a14802a725c4a9e71c0e28/gnocchi.9ce9a02f-297d-4c55-a5cf-0d49ea56121f/1780920000.0_mean_300.0_v3 HTTP/1.0 201 - python-swiftclient-3.11.1 gAAAAABqLVq57q7Q... 16 - - txfda5d4f17282444cbb7ab-006a2d5ad7 - 0.0329 - - 1781357271.267572880 1781357271.300464630 0
Jun 13 13:27:51 standalone container-server[126776]: 172.20.0.100 - - [13/Jun/2026:13:27:51 +0000] "PUT /d1/911/AUTH_c19669d901a14802a725c4a9e71c0e28/gnocchi.9ce9a02f-297d-4c55-a5cf-0d49ea56121f/none_v3" 201 - "PUT http://172.18.0.2:8080/d1/499/AUTH_c19669d901a14802a725c4a9e71c0e28/gnocchi.9ce9a02f-297d-4c55-a5cf-0d49ea56121f/none_v3" "txbcf577db35ce475cbd5e1-006a2d5ad7" "object-server 22" 0.0006 "-" 22 0
Jun 13 13:27:51 standalone object-server[126990]: 172.20.0.100 - - [13/Jun/2026:13:27:51 +0000] "PUT /d1/499/AUTH_c19669d901a14802a725c4a9e71c0e28/gnocchi.9ce9a02f-297d-4c55-a5cf-0d49ea56121f/none_v3" 201 - "PUT http://172.18.0.2:8080/v1/AUTH_c19669d901a14802a725c4a9e71c0e28/gnocchi.9ce9a02f-297d-4c55-a5cf-0d49ea56121f/none_v3" "txbcf577db35ce475cbd5e1-006a2d5ad7" "proxy-server 20" 0.0113 "-" 22 0
Jun 13 13:27:51 standalone proxy-server[128869]: 172.18.0.2 172.18.0.100 13/Jun/2026/13/27/51 PUT /v1/AUTH_c19669d901a14802a725c4a9e71c0e28/gnocchi.9ce9a02f-297d-4c55-a5cf-0d49ea56121f/none_v3 HTTP/1.0 201 - python-swiftclient-3.11.1 gAAAAABqLVq57q7Q... 32 - - txbcf577db35ce475cbd5e1-006a2d5ad7 - 0.0166 - - 1781357271.303091049 1781357271.319662571 0
Jun 13 13:28:20 standalone account-server[126751]: 172.20.0.100 - - [13/Jun/2026:13:28:20 +0000] "HEAD /d1/10/AUTH_c19669d901a14802a725c4a9e71c0e28" 204 - "HEAD http://172.18.0.2:8080/v1/AUTH_c19669d901a14802a725c4a9e71c0e28?format=json" "txfbfe250abd504685b6a5f-006a2d5af4" "proxy-server 20" 0.0089 "-" 22 -
Jun 13 13:28:20 standalone proxy-server[128869]: - - 13/Jun/2026/13/28/20 HEAD /v1/AUTH_c19669d901a14802a725c4a9e71c0e28%3Fformat%3Djson HTTP/1.0 204 - Swift - - - - txfbfe250abd504685b6a5f-006a2d5af4 - 0.0144 RL - 1781357300.885226965 1781357300.899663925 -
Jun 13 13:28:20 standalone container-server[126776]: 172.20.0.100 - - [13/Jun/2026:13:28:20 +0000] "HEAD /d1/522/AUTH_c19669d901a14802a725c4a9e71c0e28/gnocchi.40705db8-9d8b-498c-9d6f-33e7f4a27a83" 404 - "HEAD http://172.18.0.2:8080/v1/AUTH_c19669d901a14802a725c4a9e71c0e28/gnocchi.40705db8-9d8b-498c-9d6f-33e7f4a27a83?format=json&states=listing" "txfbfe250abd504685b6a5f-006a2d5af4" "proxy-server 20" 0.0010 "-" 22 0
Jun 13 13:28:20 standalone object-server[126994]: 172.20.0.100 - - [13/Jun/2026:13:28:20 +0000] "GET /d1/314/AUTH_c19669d901a14802a725c4a9e71c0e28/gnocchi.40705db8-9d8b-498c-9d6f-33e7f4a27a83/none_v3" 404 70 "GET http://172.18.0.2:8080/v1/AUTH_c19669d901a14802a725c4a9e71c0e28/gnocchi.40705db8-9d8b-498c-9d6f-33e7f4a27a83/none_v3" "txfbfe250abd504685b6a5f-006a2d5af4" "proxy-server 20" 0.0007 "-" 24 0
Jun 13 13:28:20 standalone proxy-server[128869]: 172.18.0.2 172.18.0.100 13/Jun/2026/13/28/20 GET /v1/AUTH_c19669d901a14802a725c4a9e71c0e28/gnocchi.40705db8-9d8b-498c-9d6f-33e7f4a27a83/none_v3 HTTP/1.0 404 - python-swiftclient-3.11.1 gAAAAABqLVq57q7Q... - 70 - txfbfe250abd504685b6a5f-006a2d5af4 - 0.0295 - - 1781357300.884366274 1781357300.913902283 0
Jun 13 13:28:20 standalone account-server[126735]: 172.20.0.100 - - [13/Jun/2026:13:28:20 +0000] "PUT /d1/10/AUTH_c19669d901a14802a725c4a9e71c0e28/gnocchi.40705db8-9d8b-498c-9d6f-33e7f4a27a83" 201 - "PUT http://172.20.0.100:6001/d1/522/AUTH_c19669d901a14802a725c4a9e71c0e28/gnocchi.40705db8-9d8b-498c-9d6f-33e7f4a27a83" "txa0c77e2eed554676960a6-006a2d5af4" "container-server 22" 0.0024 "-" 20 0
Jun 13 13:28:20 standalone container-server[126776]: 172.20.0.100 - - [13/Jun/2026:13:28:20 +0000] "PUT /d1/522/AUTH_c19669d901a14802a725c4a9e71c0e28/gnocchi.40705db8-9d8b-498c-9d6f-33e7f4a27a83" 201 - "PUT http://172.18.0.2:8080/v1/AUTH_c19669d901a14802a725c4a9e71c0e28/gnocchi.40705db8-9d8b-498c-9d6f-33e7f4a27a83" "txa0c77e2eed554676960a6-006a2d5af4" "proxy-server 20" 0.0198 "-" 22 0
Jun 13 13:28:20 standalone proxy-server[128869]: 172.18.0.2 172.18.0.100 13/Jun/2026/13/28/20 PUT /v1/AUTH_c19669d901a14802a725c4a9e71c0e28/gnocchi.40705db8-9d8b-498c-9d6f-33e7f4a27a83 HTTP/1.0 201 - python-swiftclient-3.11.1 gAAAAABqLVq57q7Q... - - - txa0c77e2eed554676960a6-006a2d5af4 - 0.0248 - - 1781357300.917485237 1781357300.942266226 0
Jun 13 13:28:20 standalone container-server[126772]: 172.20.0.100 - - [13/Jun/2026:13:28:20 +0000] "HEAD /d1/522/AUTH_c19669d901a14802a725c4a9e71c0e28/gnocchi.40705db8-9d8b-498c-9d6f-33e7f4a27a83" 204 - "HEAD http://172.18.0.2:8080/v1/AUTH_c19669d901a14802a725c4a9e71c0e28/gnocchi.40705db8-9d8b-498c-9d6f-33e7f4a27a83?format=json&states=listing" "tx60816a52410a4337a6a05-006a2d5af4" "proxy-server 20" 0.0023 "-" 20 0
Jun 13 13:28:20 standalone proxy-server[128869]: - - 13/Jun/2026/13/28/20 HEAD /v1/AUTH_c19669d901a14802a725c4a9e71c0e28/gnocchi.40705db8-9d8b-498c-9d6f-33e7f4a27a83%3Fformat%3Djson%26states%3Dlisting HTTP/1.0 204 - Swift - - - - tx60816a52410a4337a6a05-006a2d5af4 - 0.0056 RL - 1781357300.947807074 1781357300.953451872 0
Jun 13 13:28:20 standalone container-server[126774]: 172.20.0.100 - - [13/Jun/2026:13:28:20 +0000] "GET /d1/522/AUTH_c19669d901a14802a725c4a9e71c0e28/gnocchi.40705db8-9d8b-498c-9d6f-33e7f4a27a83" 200 2 "GET http://172.18.0.2:8080/v1/AUTH_c19669d901a14802a725c4a9e71c0e28/gnocchi.40705db8-9d8b-498c-9d6f-33e7f4a27a83?format=json&states=listing" "tx60816a52410a4337a6a05-006a2d5af4" "proxy-server 20" 0.0039 "-" 21 0
Jun 13 13:28:20 standalone proxy-server[128869]: 172.18.0.2 172.18.0.100 13/Jun/2026/13/28/20 GET /v1/AUTH_c19669d901a14802a725c4a9e71c0e28/gnocchi.40705db8-9d8b-498c-9d6f-33e7f4a27a83%3Fformat%3Djson%26states%3Dlisting HTTP/1.0 200 - python-swiftclient-3.11.1 gAAAAABqLVq57q7Q... - 2 - tx60816a52410a4337a6a05-006a2d5af4 - 0.0183 - - 1781357300.946683407 1781357300.964992762 0
Jun 13 13:28:20 standalone object-server[126994]: 172.20.0.100 - - [13/Jun/2026:13:28:20 +0000] "GET /d1/759/AUTH_c19669d901a14802a725c4a9e71c0e28/gnocchi.40705db8-9d8b-498c-9d6f-33e7f4a27a83/1780920000.0_mean_300.0_v3" 404 70 "GET http://172.18.0.2:8080/v1/AUTH_c19669d901a14802a725c4a9e71c0e28/gnocchi.40705db8-9d8b-498c-9d6f-33e7f4a27a83/1780920000.0_mean_300.0_v3" "tx3c50b918de1b4943bfbff-006a2d5af4" "proxy-server 20" 0.0039 "-" 24 0
Jun 13 13:28:20 standalone proxy-server[128869]: 172.18.0.2 172.18.0.100 13/Jun/2026/13/28/20 GET /v1/AUTH_c19669d901a14802a725c4a9e71c0e28/gnocchi.40705db8-9d8b-498c-9d6f-33e7f4a27a83/1780920000.0_mean_300.0_v3 HTTP/1.0 404 - python-swiftclient-3.11.1 gAAAAABqLVq57q7Q... - 70 - tx3c50b918de1b4943bfbff-006a2d5af4 - 0.0096 - - 1781357300.969599247 1781357300.979238987 0
Jun 13 13:28:21 standalone container-server[126778]: 172.20.0.100 - - [13/Jun/2026:13:28:21 +0000] "PUT /d1/522/AUTH_c19669d901a14802a725c4a9e71c0e28/gnocchi.40705db8-9d8b-498c-9d6f-33e7f4a27a83/1780920000.0_mean_300.0_v3" 201 - "PUT http://172.18.0.2:8080/d1/759/AUTH_c19669d901a14802a725c4a9e71c0e28/gnocchi.40705db8-9d8b-498c-9d6f-33e7f4a27a83/1780920000.0_mean_300.0_v3" "tx2d508485d3314ef9952ab-006a2d5af4" "object-server 25" 0.0010 "-" 23 0
Jun 13 13:28:21 standalone object-server[126996]: 172.20.0.100 - - [13/Jun/2026:13:28:21 +0000] "PUT /d1/759/AUTH_c19669d901a14802a725c4a9e71c0e28/gnocchi.40705db8-9d8b-498c-9d6f-33e7f4a27a83/1780920000.0_mean_300.0_v3" 201 - "PUT http://172.18.0.2:8080/v1/AUTH_c19669d901a14802a725c4a9e71c0e28/gnocchi.40705db8-9d8b-498c-9d6f-33e7f4a27a83/1780920000.0_mean_300.0_v3" "tx2d508485d3314ef9952ab-006a2d5af4" "proxy-server 20" 0.0201 "-" 25 0
Jun 13 13:28:21 standalone proxy-server[128869]: 172.18.0.2 172.18.0.100 13/Jun/2026/13/28/21 PUT /v1/AUTH_c19669d901a14802a725c4a9e71c0e28/gnocchi.40705db8-9d8b-498c-9d6f-33e7f4a27a83/1780920000.0_mean_300.0_v3 HTTP/1.0 201 - python-swiftclient-3.11.1 gAAAAABqLVq57q7Q... 16 - - tx2d508485d3314ef9952ab-006a2d5af4 - 0.0256 - - 1781357300.983475924 1781357301.009063721 0
Jun 13 13:28:21 standalone container-server[126774]: 172.20.0.100 - - [13/Jun/2026:13:28:21 +0000] "PUT /d1/522/AUTH_c19669d901a14802a725c4a9e71c0e28/gnocchi.40705db8-9d8b-498c-9d6f-33e7f4a27a83/none_v3" 201 - "PUT http://172.18.0.2:8080/d1/314/AUTH_c19669d901a14802a725c4a9e71c0e28/gnocchi.40705db8-9d8b-498c-9d6f-33e7f4a27a83/none_v3" "txebb9fffedf6d49d188b1a-006a2d5af5" "object-server 23" 0.0008 "-" 21 0
Jun 13 13:28:21 standalone object-server[126993]: 172.20.0.100 - - [13/Jun/2026:13:28:21 +0000] "PUT /d1/314/AUTH_c19669d901a14802a725c4a9e71c0e28/gnocchi.40705db8-9d8b-498c-9d6f-33e7f4a27a83/none_v3" 201 - "PUT http://172.18.0.2:8080/v1/AUTH_c19669d901a14802a725c4a9e71c0e28/gnocchi.40705db8-9d8b-498c-9d6f-33e7f4a27a83/none_v3" "txebb9fffedf6d49d188b1a-006a2d5af5" "proxy-server 20" 0.0510 "-" 23 0
Jun 13 13:28:21 standalone proxy-server[128869]: 172.18.0.2 172.18.0.100 13/Jun/2026/13/28/21 PUT /v1/AUTH_c19669d901a14802a725c4a9e71c0e28/gnocchi.40705db8-9d8b-498c-9d6f-33e7f4a27a83/none_v3 HTTP/1.0 201 - python-swiftclient-3.11.1 gAAAAABqLVq57q7Q... 22 - - txebb9fffedf6d49d188b1a-006a2d5af5 - 0.0576 - - 1781357301.012480259 1781357301.070094109 0
Jun 13 13:28:21 standalone container-server[126776]: 172.20.0.100 - - [13/Jun/2026:13:28:21 +0000] "HEAD /d1/839/AUTH_c19669d901a14802a725c4a9e71c0e28/gnocchi.4df9c927-34e6-40c0-a1d2-9dda16c4aea2" 404 - "HEAD http://172.18.0.2:8080/v1/AUTH_c19669d901a14802a725c4a9e71c0e28/gnocchi.4df9c927-34e6-40c0-a1d2-9dda16c4aea2?format=json&states=listing" "txc86ccbf5d245410dab94f-006a2d5af5" "proxy-server 20" 0.0006 "-" 22 0
Jun 13 13:28:21 standalone object-server[126993]: 172.20.0.100 - - [13/Jun/2026:13:28:21 +0000] "GET /d1/504/AUTH_c19669d901a14802a725c4a9e71c0e28/gnocchi.4df9c927-34e6-40c0-a1d2-9dda16c4aea2/none_v3" 404 70 "GET http://172.18.0.2:8080/v1/AUTH_c19669d901a14802a725c4a9e71c0e28/gnocchi.4df9c927-34e6-40c0-a1d2-9dda16c4aea2/none_v3" "txc86ccbf5d245410dab94f-006a2d5af5" "proxy-server 20" 0.0005 "-" 23 0
Jun 13 13:28:21 standalone proxy-server[128869]: 172.18.0.2 172.18.0.100 13/Jun/2026/13/28/21 GET /v1/AUTH_c19669d901a14802a725c4a9e71c0e28/gnocchi.4df9c927-34e6-40c0-a1d2-9dda16c4aea2/none_v3 HTTP/1.0 404 - python-swiftclient-3.11.1 gAAAAABqLVq57q7Q... - 70 - txc86ccbf5d245410dab94f-006a2d5af5 - 0.0110 - - 1781357301.082842827 1781357301.093798161 0
Jun 13 13:28:21 standalone account-server[126744]: 172.20.0.100 - - [13/Jun/2026:13:28:21 +0000] "PUT /d1/10/AUTH_c19669d901a14802a725c4a9e71c0e28/gnocchi.4df9c927-34e6-40c0-a1d2-9dda16c4aea2" 201 - "PUT http://172.20.0.100:6001/d1/839/AUTH_c19669d901a14802a725c4a9e71c0e28/gnocchi.4df9c927-34e6-40c0-a1d2-9dda16c4aea2" "txc36b99b89a974719a0e81-006a2d5af5" "container-server 22" 0.0142 "-" 21 0
Jun 13 13:28:21 standalone container-server[126776]: 172.20.0.100 - - [13/Jun/2026:13:28:21 +0000] "PUT /d1/839/AUTH_c19669d901a14802a725c4a9e71c0e28/gnocchi.4df9c927-34e6-40c0-a1d2-9dda16c4aea2" 201 - "PUT http://172.18.0.2:8080/v1/AUTH_c19669d901a14802a725c4a9e71c0e28/gnocchi.4df9c927-34e6-40c0-a1d2-9dda16c4aea2" "txc36b99b89a974719a0e81-006a2d5af5" "proxy-server 20" 0.0356 "-" 22 0
Jun 13 13:28:21 standalone proxy-server[128869]: 172.18.0.2 172.18.0.100 13/Jun/2026/13/28/21 PUT /v1/AUTH_c19669d901a14802a725c4a9e71c0e28/gnocchi.4df9c927-34e6-40c0-a1d2-9dda16c4aea2 HTTP/1.0 201 - python-swiftclient-3.11.1 gAAAAABqLVq57q7Q... - - - txc36b99b89a974719a0e81-006a2d5af5 - 0.0419 - - 1781357301.097061634 1781357301.138949871 0
Jun 13 13:28:21 standalone container-server[126776]: 172.20.0.100 - - [13/Jun/2026:13:28:21 +0000] "HEAD /d1/839/AUTH_c19669d901a14802a725c4a9e71c0e28/gnocchi.4df9c927-34e6-40c0-a1d2-9dda16c4aea2" 204 - "HEAD http://172.18.0.2:8080/v1/AUTH_c19669d901a14802a725c4a9e71c0e28/gnocchi.4df9c927-34e6-40c0-a1d2-9dda16c4aea2?format=json&states=listing" "txdec8a0662ccb4dd2b11f3-006a2d5af5" "proxy-server 20" 0.0031 "-" 22 0
Jun 13 13:28:21 standalone proxy-server[128869]: - - 13/Jun/2026/13/28/21 HEAD /v1/AUTH_c19669d901a14802a725c4a9e71c0e28/gnocchi.4df9c927-34e6-40c0-a1d2-9dda16c4aea2%3Fformat%3Djson%26states%3Dlisting HTTP/1.0 204 - Swift - - - - txdec8a0662ccb4dd2b11f3-006a2d5af5 - 0.0091 RL - 1781357301.151266575 1781357301.160364866 0
Jun 13 13:28:21 standalone container-server[126778]: 172.20.0.100 - - [13/Jun/2026:13:28:21 +0000] "GET /d1/839/AUTH_c19669d901a14802a725c4a9e71c0e28/gnocchi.4df9c927-34e6-40c0-a1d2-9dda16c4aea2" 200 2 "GET http://172.18.0.2:8080/v1/AUTH_c19669d901a14802a725c4a9e71c0e28/gnocchi.4df9c927-34e6-40c0-a1d2-9dda16c4aea2?format=json&states=listing" "txdec8a0662ccb4dd2b11f3-006a2d5af5" "proxy-server 20" 0.0031 "-" 23 0
Jun 13 13:28:21 standalone proxy-server[128869]: 172.18.0.2 172.18.0.100 13/Jun/2026/13/28/21 GET /v1/AUTH_c19669d901a14802a725c4a9e71c0e28/gnocchi.4df9c927-34e6-40c0-a1d2-9dda16c4aea2%3Fformat%3Djson%26states%3Dlisting HTTP/1.0 200 - python-swiftclient-3.11.1 gAAAAABqLVq57q7Q... - 2 - txdec8a0662ccb4dd2b11f3-006a2d5af5 - 0.0232 - - 1781357301.149321795 1781357301.172490597 0
Jun 13 13:28:21 standalone object-server[126994]: 172.20.0.100 - - [13/Jun/2026:13:28:21 +0000] "GET /d1/676/AUTH_c19669d901a14802a725c4a9e71c0e28/gnocchi.4df9c927-34e6-40c0-a1d2-9dda16c4aea2/1780920000.0_mean_300.0_v3" 404 70 "GET http://172.18.0.2:8080/v1/AUTH_c19669d901a14802a725c4a9e71c0e28/gnocchi.4df9c927-34e6-40c0-a1d2-9dda16c4aea2/1780920000.0_mean_300.0_v3" "txc836a7b2acd94861a1b33-006a2d5af5" "proxy-server 20" 0.0008 "-" 24 0
Jun 13 13:28:21 standalone proxy-server[128869]: 172.18.0.2 172.18.0.100 13/Jun/2026/13/28/21 GET /v1/AUTH_c19669d901a14802a725c4a9e71c0e28/gnocchi.4df9c927-34e6-40c0-a1d2-9dda16c4aea2/1780920000.0_mean_300.0_v3 HTTP/1.0 404 - python-swiftclient-3.11.1 gAAAAABqLVq57q7Q... - 70 - txc836a7b2acd94861a1b33-006a2d5af5 - 0.0078 - - 1781357301.178223610 1781357301.186010122 0
Jun 13 13:28:21 standalone container-server[126774]: 172.20.0.100 - - [13/Jun/2026:13:28:21 +0000] "PUT /d1/839/AUTH_c19669d901a14802a725c4a9e71c0e28/gnocchi.4df9c927-34e6-40c0-a1d2-9dda16c4aea2/1780920000.0_mean_300.0_v3" 201 - "PUT http://172.18.0.2:8080/d1/676/AUTH_c19669d901a14802a725c4a9e71c0e28/gnocchi.4df9c927-34e6-40c0-a1d2-9dda16c4aea2/1780920000.0_mean_300.0_v3" "txa055672449824f17811e2-006a2d5af5" "object-server 22" 0.0008 "-" 21 0
Jun 13 13:28:21 standalone object-server[126990]: 172.20.0.100 - - [13/Jun/2026:13:28:21 +0000] "PUT /d1/676/AUTH_c19669d901a14802a725c4a9e71c0e28/gnocchi.4df9c927-34e6-40c0-a1d2-9dda16c4aea2/1780920000.0_mean_300.0_v3" 201 - "PUT http://172.18.0.2:8080/v1/AUTH_c19669d901a14802a725c4a9e71c0e28/gnocchi.4df9c927-34e6-40c0-a1d2-9dda16c4aea2/1780920000.0_mean_300.0_v3" "txa055672449824f17811e2-006a2d5af5" "proxy-server 20" 0.0115 "-" 22 0
Jun 13 13:28:21 standalone proxy-server[128869]: 172.18.0.2 172.18.0.100 13/Jun/2026/13/28/21 PUT /v1/AUTH_c19669d901a14802a725c4a9e71c0e28/gnocchi.4df9c927-34e6-40c0-a1d2-9dda16c4aea2/1780920000.0_mean_300.0_v3 HTTP/1.0 201 - python-swiftclient-3.11.1 gAAAAABqLVq57q7Q... 16 - - txa055672449824f17811e2-006a2d5af5 - 0.0202 - - 1781357301.189387083 1781357301.209557772 0
Jun 13 13:28:21 standalone container-server[126776]: 172.20.0.100 - - [13/Jun/2026:13:28:21 +0000] "PUT /d1/839/AUTH_c19669d901a14802a725c4a9e71c0e28/gnocchi.4df9c927-34e6-40c0-a1d2-9dda16c4aea2/none_v3" 201 - "PUT http://172.18.0.2:8080/d1/504/AUTH_c19669d901a14802a725c4a9e71c0e28/gnocchi.4df9c927-34e6-40c0-a1d2-9dda16c4aea2/none_v3" "tx3d00f7160842497797f5e-006a2d5af5" "object-server 22" 0.0010 "-" 22 0
Jun 13 13:28:21 standalone object-server[126990]: 172.20.0.100 - - [13/Jun/2026:13:28:21 +0000] "PUT /d1/504/AUTH_c19669d901a14802a725c4a9e71c0e28/gnocchi.4df9c927-34e6-40c0-a1d2-9dda16c4aea2/none_v3" 201 - "PUT http://172.18.0.2:8080/v1/AUTH_c19669d901a14802a725c4a9e71c0e28/gnocchi.4df9c927-34e6-40c0-a1d2-9dda16c4aea2/none_v3" "tx3d00f7160842497797f5e-006a2d5af5" "proxy-server 20" 0.0086 "-" 22 0
Jun 13 13:28:21 standalone proxy-server[128869]: 172.18.0.2 172.18.0.100 13/Jun/2026/13/28/21 PUT /v1/AUTH_c19669d901a14802a725c4a9e71c0e28/gnocchi.4df9c927-34e6-40c0-a1d2-9dda16c4aea2/none_v3 HTTP/1.0 201 - python-swiftclient-3.11.1 gAAAAABqLVq57q7Q... 22 - - tx3d00f7160842497797f5e-006a2d5af5 - 0.0136 - - 1781357301.213127136 1781357301.226689577 0
Jun 13 13:28:27 standalone object-server[126876]: Begin object update sweep
Jun 13 13:28:27 standalone object-server[224360]: Object update sweep starting on /srv/node/d1 (pid: 14)
Jun 13 13:28:27 standalone object-server[224360]: Object update sweep completed on /srv/node/d1 in 0.00s seconds:, 0 successes, 0 failures, 0 quarantines, 0 unlinks, 0 errors, 0 redirects (pid: 14)
Jun 13 13:28:27 standalone object-server[224360]: Object update sweep of d1 completed: 0.00s, 0 successes, 0 failures, 0 quarantines, 0 unlinks, 0 errors, 0 redirects
Jun 13 13:28:27 standalone object-server[126876]: Object update sweep completed: 0.10s
Jun 13 13:28:28 standalone container-server[126772]: 172.20.0.100 - - [13/Jun/2026:13:28:28 +0000] "HEAD /d1/1008/AUTH_c19669d901a14802a725c4a9e71c0e28/gnocchi.0c082a70-984e-452e-8210-c3db2572968a" 404 - "HEAD http://172.18.0.2:8080/v1/AUTH_c19669d901a14802a725c4a9e71c0e28/gnocchi.0c082a70-984e-452e-8210-c3db2572968a?format=json&states=listing" "tx2c4d29a2b83a4e6b858c3-006a2d5afc" "proxy-server 20" 0.0009 "-" 20 0
Jun 13 13:28:28 standalone object-server[126996]: 172.20.0.100 - - [13/Jun/2026:13:28:28 +0000] "GET /d1/107/AUTH_c19669d901a14802a725c4a9e71c0e28/gnocchi.0c082a70-984e-452e-8210-c3db2572968a/none_v3" 404 70 "GET http://172.18.0.2:8080/v1/AUTH_c19669d901a14802a725c4a9e71c0e28/gnocchi.0c082a70-984e-452e-8210-c3db2572968a/none_v3" "tx2c4d29a2b83a4e6b858c3-006a2d5afc" "proxy-server 20" 0.0005 "-" 25 0
Jun 13 13:28:28 standalone proxy-server[128869]: 172.18.0.2 172.18.0.100 13/Jun/2026/13/28/28 GET /v1/AUTH_c19669d901a14802a725c4a9e71c0e28/gnocchi.0c082a70-984e-452e-8210-c3db2572968a/none_v3 HTTP/1.0 404 - python-swiftclient-3.11.1 gAAAAABqLVq57q7Q... - 70 - tx2c4d29a2b83a4e6b858c3-006a2d5afc - 0.0099 - - 1781357308.666260719 1781357308.676126003 0
Jun 13 13:28:28 standalone account-server[126760]: 172.20.0.100 - - [13/Jun/2026:13:28:28 +0000] "PUT /d1/10/AUTH_c19669d901a14802a725c4a9e71c0e28/gnocchi.0c082a70-984e-452e-8210-c3db2572968a" 201 - "PUT http://172.20.0.100:6001/d1/1008/AUTH_c19669d901a14802a725c4a9e71c0e28/gnocchi.0c082a70-984e-452e-8210-c3db2572968a" "tx888d0e21623d4eb8b3b12-006a2d5afc" "container-server 21" 0.0074 "-" 23 0
Jun 13 13:28:28 standalone container-server[126774]: 172.20.0.100 - - [13/Jun/2026:13:28:28 +0000] "PUT /d1/1008/AUTH_c19669d901a14802a725c4a9e71c0e28/gnocchi.0c082a70-984e-452e-8210-c3db2572968a" 201 - "PUT http://172.18.0.2:8080/v1/AUTH_c19669d901a14802a725c4a9e71c0e28/gnocchi.0c082a70-984e-452e-8210-c3db2572968a" "tx888d0e21623d4eb8b3b12-006a2d5afc" "proxy-server 20" 0.0244 "-" 21 0
Jun 13 13:28:28 standalone proxy-server[128869]: 172.18.0.2 172.18.0.100 13/Jun/2026/13/28/28 PUT /v1/AUTH_c19669d901a14802a725c4a9e71c0e28/gnocchi.0c082a70-984e-452e-8210-c3db2572968a HTTP/1.0 201 - python-swiftclient-3.11.1 gAAAAABqLVq57q7Q... - - - tx888d0e21623d4eb8b3b12-006a2d5afc - 0.0285 - - 1781357308.678582430 1781357308.707109690 0
Jun 13 13:28:28 standalone container-server[126778]: 172.20.0.100 - - [13/Jun/2026:13:28:28 +0000] "HEAD /d1/1008/AUTH_c19669d901a14802a725c4a9e71c0e28/gnocchi.0c082a70-984e-452e-8210-c3db2572968a" 204 - "HEAD http://172.18.0.2:8080/v1/AUTH_c19669d901a14802a725c4a9e71c0e28/gnocchi.0c082a70-984e-452e-8210-c3db2572968a?format=json&states=listing" "txc49d26b24f0245b183718-006a2d5afc" "proxy-server 20" 0.0014 "-" 23 0
Jun 13 13:28:28 standalone proxy-server[128869]: - - 13/Jun/2026/13/28/28 HEAD /v1/AUTH_c19669d901a14802a725c4a9e71c0e28/gnocchi.0c082a70-984e-452e-8210-c3db2572968a%3Fformat%3Djson%26states%3Dlisting HTTP/1.0 204 - Swift - - - - txc49d26b24f0245b183718-006a2d5afc - 0.0042 RL - 1781357308.710675478 1781357308.714904308 0
Jun 13 13:28:28 standalone container-server[126772]: 172.20.0.100 - - [13/Jun/2026:13:28:28 +0000] "GET /d1/1008/AUTH_c19669d901a14802a725c4a9e71c0e28/gnocchi.0c082a70-984e-452e-8210-c3db2572968a" 200 2 "GET http://172.18.0.2:8080/v1/AUTH_c19669d901a14802a725c4a9e71c0e28/gnocchi.0c082a70-984e-452e-8210-c3db2572968a?format=json&states=listing" "txc49d26b24f0245b183718-006a2d5afc" "proxy-server 20" 0.0052 "-" 20 0
Jun 13 13:28:28 standalone proxy-server[128869]: 172.18.0.2 172.18.0.100 13/Jun/2026/13/28/28 GET /v1/AUTH_c19669d901a14802a725c4a9e71c0e28/gnocchi.0c082a70-984e-452e-8210-c3db2572968a%3Fformat%3Djson%26states%3Dlisting HTTP/1.0 200 - python-swiftclient-3.11.1 gAAAAABqLVq57q7Q... - 2 - txc49d26b24f0245b183718-006a2d5afc - 0.0148 - - 1781357308.709969759 1781357308.724796772 0
Jun 13 13:28:28 standalone object-server[126994]: 172.20.0.100 - - [13/Jun/2026:13:28:28 +0000] "GET /d1/592/AUTH_c19669d901a14802a725c4a9e71c0e28/gnocchi.0c082a70-984e-452e-8210-c3db2572968a/1780920000.0_mean_300.0_v3" 404 70 "GET http://172.18.0.2:8080/v1/AUTH_c19669d901a14802a725c4a9e71c0e28/gnocchi.0c082a70-984e-452e-8210-c3db2572968a/1780920000.0_mean_300.0_v3" "tx80e3ada150ff4f20b3411-006a2d5afc" "proxy-server 20" 0.0004 "-" 24 0
Jun 13 13:28:28 standalone proxy-server[128869]: 172.18.0.2 172.18.0.100 13/Jun/2026/13/28/28 GET /v1/AUTH_c19669d901a14802a725c4a9e71c0e28/gnocchi.0c082a70-984e-452e-8210-c3db2572968a/1780920000.0_mean_300.0_v3 HTTP/1.0 404 - python-swiftclient-3.11.1 gAAAAABqLVq57q7Q... - 70 - tx80e3ada150ff4f20b3411-006a2d5afc - 0.0042 - - 1781357308.727717400 1781357308.731925011 0
Jun 13 13:28:28 standalone container-server[126776]: 172.20.0.100 - - [13/Jun/2026:13:28:28 +0000] "PUT /d1/1008/AUTH_c19669d901a14802a725c4a9e71c0e28/gnocchi.0c082a70-984e-452e-8210-c3db2572968a/1780920000.0_mean_300.0_v3" 201 - "PUT http://172.18.0.2:8080/d1/592/AUTH_c19669d901a14802a725c4a9e71c0e28/gnocchi.0c082a70-984e-452e-8210-c3db2572968a/1780920000.0_mean_300.0_v3" "tx5ee50022a7c34ca7a34ff-006a2d5afc" "object-server 24" 0.0005 "-" 22 0
Jun 13 13:28:28 standalone object-server[126994]: 172.20.0.100 - - [13/Jun/2026:13:28:28 +0000] "PUT /d1/592/AUTH_c19669d901a14802a725c4a9e71c0e28/gnocchi.0c082a70-984e-452e-8210-c3db2572968a/1780920000.0_mean_300.0_v3" 201 - "PUT http://172.18.0.2:8080/v1/AUTH_c19669d901a14802a725c4a9e71c0e28/gnocchi.0c082a70-984e-452e-8210-c3db2572968a/1780920000.0_mean_300.0_v3" "tx5ee50022a7c34ca7a34ff-006a2d5afc" "proxy-server 20" 0.0129 "-" 24 0
Jun 13 13:28:28 standalone proxy-server[128869]: 172.18.0.2 172.18.0.100 13/Jun/2026/13/28/28 PUT /v1/AUTH_c19669d901a14802a725c4a9e71c0e28/gnocchi.0c082a70-984e-452e-8210-c3db2572968a/1780920000.0_mean_300.0_v3 HTTP/1.0 201 - python-swiftclient-3.11.1 gAAAAABqLVq57q7Q... 16 - - tx5ee50022a7c34ca7a34ff-006a2d5afc - 0.0165 - - 1781357308.733798027 1781357308.750345230 0
Jun 13 13:28:28 standalone container-server[126772]: 172.20.0.100 - - [13/Jun/2026:13:28:28 +0000] "PUT /d1/1008/AUTH_c19669d901a14802a725c4a9e71c0e28/gnocchi.0c082a70-984e-452e-8210-c3db2572968a/none_v3" 201 - "PUT http://172.18.0.2:8080/d1/107/AUTH_c19669d901a14802a725c4a9e71c0e28/gnocchi.0c082a70-984e-452e-8210-c3db2572968a/none_v3" "tx7accdb6f812b43048ccd6-006a2d5afc" "object-server 23" 0.0006 "-" 20 0
Jun 13 13:28:28 standalone object-server[126993]: 172.20.0.100 - - [13/Jun/2026:13:28:28 +0000] "PUT /d1/107/AUTH_c19669d901a14802a725c4a9e71c0e28/gnocchi.0c082a70-984e-452e-8210-c3db2572968a/none_v3" 201 - "PUT http://172.18.0.2:8080/v1/AUTH_c19669d901a14802a725c4a9e71c0e28/gnocchi.0c082a70-984e-452e-8210-c3db2572968a/none_v3" "tx7accdb6f812b43048ccd6-006a2d5afc" "proxy-server 20" 0.0093 "-" 23 0
Jun 13 13:28:28 standalone proxy-server[128869]: 172.18.0.2 172.18.0.100 13/Jun/2026/13/28/28 PUT /v1/AUTH_c19669d901a14802a725c4a9e71c0e28/gnocchi.0c082a70-984e-452e-8210-c3db2572968a/none_v3 HTTP/1.0 201 - python-swiftclient-3.11.1 gAAAAABqLVq57q7Q... 22 - - tx7accdb6f812b43048ccd6-006a2d5afc - 0.0135 - - 1781357308.753021717 1781357308.766525745 0
Jun 13 13:28:28 standalone container-server[126772]: 172.20.0.100 - - [13/Jun/2026:13:28:28 +0000] "HEAD /d1/791/AUTH_c19669d901a14802a725c4a9e71c0e28/gnocchi.88b9293a-a484-4156-8eec-10708bcf2dc6" 404 - "HEAD http://172.18.0.2:8080/v1/AUTH_c19669d901a14802a725c4a9e71c0e28/gnocchi.88b9293a-a484-4156-8eec-10708bcf2dc6?format=json&states=listing" "tx5b014377771c413ba671d-006a2d5afc" "proxy-server 20" 0.0005 "-" 20 0
Jun 13 13:28:28 standalone object-server[126990]: 172.20.0.100 - - [13/Jun/2026:13:28:28 +0000] "GET /d1/325/AUTH_c19669d901a14802a725c4a9e71c0e28/gnocchi.88b9293a-a484-4156-8eec-10708bcf2dc6/none_v3" 404 70 "GET http://172.18.0.2:8080/v1/AUTH_c19669d901a14802a725c4a9e71c0e28/gnocchi.88b9293a-a484-4156-8eec-10708bcf2dc6/none_v3" "tx5b014377771c413ba671d-006a2d5afc" "proxy-server 20" 0.0012 "-" 22 0
Jun 13 13:28:28 standalone proxy-server[128869]: 172.18.0.2 172.18.0.100 13/Jun/2026/13/28/28 GET /v1/AUTH_c19669d901a14802a725c4a9e71c0e28/gnocchi.88b9293a-a484-4156-8eec-10708bcf2dc6/none_v3 HTTP/1.0 404 - python-swiftclient-3.11.1 gAAAAABqLVq57q7Q... - 70 - tx5b014377771c413ba671d-006a2d5afc - 0.0110 - - 1781357308.825731039 1781357308.836765289 0
Jun 13 13:28:28 standalone account-server[126735]: 172.20.0.100 - - [13/Jun/2026:13:28:28 +0000] "PUT /d1/10/AUTH_c19669d901a14802a725c4a9e71c0e28/gnocchi.88b9293a-a484-4156-8eec-10708bcf2dc6" 201 - "PUT http://172.20.0.100:6001/d1/791/AUTH_c19669d901a14802a725c4a9e71c0e28/gnocchi.88b9293a-a484-4156-8eec-10708bcf2dc6" "tx1d5843e709e94df5a431e-006a2d5afc" "container-server 23" 0.0103 "-" 20 0
Jun 13 13:28:28 standalone container-server[126778]: 172.20.0.100 - - [13/Jun/2026:13:28:28 +0000] "PUT /d1/791/AUTH_c19669d901a14802a725c4a9e71c0e28/gnocchi.88b9293a-a484-4156-8eec-10708bcf2dc6" 201 - "PUT http://172.18.0.2:8080/v1/AUTH_c19669d901a14802a725c4a9e71c0e28/gnocchi.88b9293a-a484-4156-8eec-10708bcf2dc6" "tx1d5843e709e94df5a431e-006a2d5afc" "proxy-server 20" 0.0239 "-" 23 0
Jun 13 13:28:28 standalone proxy-server[128869]: 172.18.0.2 172.18.0.100 13/Jun/2026/13/28/28 PUT /v1/AUTH_c19669d901a14802a725c4a9e71c0e28/gnocchi.88b9293a-a484-4156-8eec-10708bcf2dc6 HTTP/1.0 201 - python-swiftclient-3.11.1 gAAAAABqLVq57q7Q... - - - tx1d5843e709e94df5a431e-006a2d5afc - 0.0291 - - 1781357308.838827848 1781357308.867925406 0
Jun 13 13:28:28 standalone container-server[126772]: 172.20.0.100 - - [13/Jun/2026:13:28:28 +0000] "HEAD /d1/791/AUTH_c19669d901a14802a725c4a9e71c0e28/gnocchi.88b9293a-a484-4156-8eec-10708bcf2dc6" 204 - "HEAD http://172.18.0.2:8080/v1/AUTH_c19669d901a14802a725c4a9e71c0e28/gnocchi.88b9293a-a484-4156-8eec-10708bcf2dc6?format=json&states=listing" "tx99eac0a290714885b6cff-006a2d5afc" "proxy-server 20" 0.0032 "-" 20 0
Jun 13 13:28:28 standalone proxy-server[128869]: - - 13/Jun/2026/13/28/28 HEAD /v1/AUTH_c19669d901a14802a725c4a9e71c0e28/gnocchi.88b9293a-a484-4156-8eec-10708bcf2dc6%3Fformat%3Djson%26states%3Dlisting HTTP/1.0 204 - Swift - - - - tx99eac0a290714885b6cff-006a2d5afc - 0.0094 RL - 1781357308.875035286 1781357308.884476423 0
Jun 13 13:28:28 standalone container-server[126774]: 172.20.0.100 - - [13/Jun/2026:13:28:28 +0000] "GET /d1/791/AUTH_c19669d901a14802a725c4a9e71c0e28/gnocchi.88b9293a-a484-4156-8eec-10708bcf2dc6" 200 2 "GET http://172.18.0.2:8080/v1/AUTH_c19669d901a14802a725c4a9e71c0e28/gnocchi.88b9293a-a484-4156-8eec-10708bcf2dc6?format=json&states=listing" "tx99eac0a290714885b6cff-006a2d5afc" "proxy-server 20" 0.0034 "-" 21 0
Jun 13 13:28:28 standalone proxy-server[128869]: 172.18.0.2 172.18.0.100 13/Jun/2026/13/28/28 GET /v1/AUTH_c19669d901a14802a725c4a9e71c0e28/gnocchi.88b9293a-a484-4156-8eec-10708bcf2dc6%3Fformat%3Djson%26states%3Dlisting HTTP/1.0 200 - python-swiftclient-3.11.1 gAAAAABqLVq57q7Q... - 2 - tx99eac0a290714885b6cff-006a2d5afc - 0.0217 - - 1781357308.873628139 1781357308.895321608 0
Jun 13 13:28:28 standalone object-server[126990]: 172.20.0.100 - - [13/Jun/2026:13:28:28 +0000] "GET /d1/721/AUTH_c19669d901a14802a725c4a9e71c0e28/gnocchi.88b9293a-a484-4156-8eec-10708bcf2dc6/1780920000.0_mean_300.0_v3" 404 70 "GET http://172.18.0.2:8080/v1/AUTH_c19669d901a14802a725c4a9e71c0e28/gnocchi.88b9293a-a484-4156-8eec-10708bcf2dc6/1780920000.0_mean_300.0_v3" "tx65a32543346545eda805b-006a2d5afc" "proxy-server 20" 0.0004 "-" 22 0
Jun 13 13:28:28 standalone proxy-server[128869]: 172.18.0.2 172.18.0.100 13/Jun/2026/13/28/28 GET /v1/AUTH_c19669d901a14802a725c4a9e71c0e28/gnocchi.88b9293a-a484-4156-8eec-10708bcf2dc6/1780920000.0_mean_300.0_v3 HTTP/1.0 404 - python-swiftclient-3.11.1 gAAAAABqLVq57q7Q... - 70 - tx65a32543346545eda805b-006a2d5afc - 0.0069 - - 1781357308.899103642 1781357308.905988932 0
Jun 13 13:28:28 standalone container-server[126778]: 172.20.0.100 - - [13/Jun/2026:13:28:28 +0000] "PUT /d1/791/AUTH_c19669d901a14802a725c4a9e71c0e28/gnocchi.88b9293a-a484-4156-8eec-10708bcf2dc6/1780920000.0_mean_300.0_v3" 201 - "PUT http://172.18.0.2:8080/d1/721/AUTH_c19669d901a14802a725c4a9e71c0e28/gnocchi.88b9293a-a484-4156-8eec-10708bcf2dc6/1780920000.0_mean_300.0_v3" "tx684013442f124a3fb245d-006a2d5afc" "object-server 23" 0.0007 "-" 23 0
Jun 13 13:28:28 standalone object-server[126993]: 172.20.0.100 - - [13/Jun/2026:13:28:28 +0000] "PUT /d1/721/AUTH_c19669d901a14802a725c4a9e71c0e28/gnocchi.88b9293a-a484-4156-8eec-10708bcf2dc6/1780920000.0_mean_300.0_v3" 201 - "PUT http://172.18.0.2:8080/v1/AUTH_c19669d901a14802a725c4a9e71c0e28/gnocchi.88b9293a-a484-4156-8eec-10708bcf2dc6/1780920000.0_mean_300.0_v3" "tx684013442f124a3fb245d-006a2d5afc" "proxy-server 20" 0.0129 "-" 23 0
