Jun 13 13:29:26 standalone object-server[126993]: 172.20.0.100 - - [13/Jun/2026:13:29:26 +0000] "GET /d1/977/AUTH_c19669d901a14802a725c4a9e71c0e28/gnocchi.550468a5-a635-4f4a-b36f-9083ac6e8d10/1780920000.0_mean_300.0_v3" 404 70 "GET http://172.18.0.2:8080/v1/AUTH_c19669d901a14802a725c4a9e71c0e28/gnocchi.550468a5-a635-4f4a-b36f-9083ac6e8d10/1780920000.0_mean_300.0_v3" "txf5b8e1842fe148a6ae6ec-006a2d5b36" "proxy-server 20" 0.0008 "-" 23 0
Jun 13 13:29:26 standalone proxy-server[128869]: 172.18.0.2 172.18.0.100 13/Jun/2026/13/29/26 GET /v1/AUTH_c19669d901a14802a725c4a9e71c0e28/gnocchi.550468a5-a635-4f4a-b36f-9083ac6e8d10/1780920000.0_mean_300.0_v3 HTTP/1.0 404 - python-swiftclient-3.11.1 gAAAAABqLVq57q7Q... - 70 - txf5b8e1842fe148a6ae6ec-006a2d5b36 - 0.0084 - - 1781357366.463182688 1781357366.471591711 0
Jun 13 13:29:26 standalone container-server[126776]: 172.20.0.100 - - [13/Jun/2026:13:29:26 +0000] "PUT /d1/379/AUTH_c19669d901a14802a725c4a9e71c0e28/gnocchi.550468a5-a635-4f4a-b36f-9083ac6e8d10/1780920000.0_mean_300.0_v3" 201 - "PUT http://172.18.0.2:8080/d1/977/AUTH_c19669d901a14802a725c4a9e71c0e28/gnocchi.550468a5-a635-4f4a-b36f-9083ac6e8d10/1780920000.0_mean_300.0_v3" "tx9541eafa0fc4474bbc9cf-006a2d5b36" "object-server 23" 0.0010 "-" 22 0
Jun 13 13:29:26 standalone object-server[126993]: 172.20.0.100 - - [13/Jun/2026:13:29:26 +0000] "PUT /d1/977/AUTH_c19669d901a14802a725c4a9e71c0e28/gnocchi.550468a5-a635-4f4a-b36f-9083ac6e8d10/1780920000.0_mean_300.0_v3" 201 - "PUT http://172.18.0.2:8080/v1/AUTH_c19669d901a14802a725c4a9e71c0e28/gnocchi.550468a5-a635-4f4a-b36f-9083ac6e8d10/1780920000.0_mean_300.0_v3" "tx9541eafa0fc4474bbc9cf-006a2d5b36" "proxy-server 20" 0.0170 "-" 23 0
Jun 13 13:29:26 standalone proxy-server[128869]: 172.18.0.2 172.18.0.100 13/Jun/2026/13/29/26 PUT /v1/AUTH_c19669d901a14802a725c4a9e71c0e28/gnocchi.550468a5-a635-4f4a-b36f-9083ac6e8d10/1780920000.0_mean_300.0_v3 HTTP/1.0 201 - python-swiftclient-3.11.1 gAAAAABqLVq57q7Q... 16 - - tx9541eafa0fc4474bbc9cf-006a2d5b36 - 0.0253 - - 1781357366.475968599 1781357366.501302958 0
Jun 13 13:29:26 standalone container-server[126778]: 172.20.0.100 - - [13/Jun/2026:13:29:26 +0000] "PUT /d1/379/AUTH_c19669d901a14802a725c4a9e71c0e28/gnocchi.550468a5-a635-4f4a-b36f-9083ac6e8d10/none_v3" 201 - "PUT http://172.18.0.2:8080/d1/56/AUTH_c19669d901a14802a725c4a9e71c0e28/gnocchi.550468a5-a635-4f4a-b36f-9083ac6e8d10/none_v3" "txad639c26cfc24c18b68ab-006a2d5b36" "object-server 24" 0.0008 "-" 23 0
Jun 13 13:29:26 standalone object-server[126994]: 172.20.0.100 - - [13/Jun/2026:13:29:26 +0000] "PUT /d1/56/AUTH_c19669d901a14802a725c4a9e71c0e28/gnocchi.550468a5-a635-4f4a-b36f-9083ac6e8d10/none_v3" 201 - "PUT http://172.18.0.2:8080/v1/AUTH_c19669d901a14802a725c4a9e71c0e28/gnocchi.550468a5-a635-4f4a-b36f-9083ac6e8d10/none_v3" "txad639c26cfc24c18b68ab-006a2d5b36" "proxy-server 20" 0.0147 "-" 24 0
Jun 13 13:29:26 standalone proxy-server[128869]: 172.18.0.2 172.18.0.100 13/Jun/2026/13/29/26 PUT /v1/AUTH_c19669d901a14802a725c4a9e71c0e28/gnocchi.550468a5-a635-4f4a-b36f-9083ac6e8d10/none_v3 HTTP/1.0 201 - python-swiftclient-3.11.1 gAAAAABqLVq57q7Q... 22 - - txad639c26cfc24c18b68ab-006a2d5b36 - 0.0222 - - 1781357366.505044222 1781357366.527288437 0
Jun 13 13:29:26 standalone object-server[126990]: 172.20.0.100 - - [13/Jun/2026:13:29:26 +0000] "GET /d1/314/AUTH_c19669d901a14802a725c4a9e71c0e28/gnocchi.40705db8-9d8b-498c-9d6f-33e7f4a27a83/none_v3" 200 33 "GET http://172.18.0.2:8080/v1/AUTH_c19669d901a14802a725c4a9e71c0e28/gnocchi.40705db8-9d8b-498c-9d6f-33e7f4a27a83/none_v3" "tx7a5499d3f8874391bf8f7-006a2d5b36" "proxy-server 20" 0.0009 "-" 22 0
Jun 13 13:29:26 standalone proxy-server[128869]: 172.18.0.2 172.18.0.100 13/Jun/2026/13/29/26 GET /v1/AUTH_c19669d901a14802a725c4a9e71c0e28/gnocchi.40705db8-9d8b-498c-9d6f-33e7f4a27a83/none_v3 HTTP/1.0 200 - python-swiftclient-3.11.1 gAAAAABqLVq57q7Q... - 33 - tx7a5499d3f8874391bf8f7-006a2d5b36 - 0.0070 - - 1781357366.598445415 1781357366.605484962 0
Jun 13 13:29:26 standalone container-server[126772]: 172.20.0.100 - - [13/Jun/2026:13:29:26 +0000] "GET /d1/522/AUTH_c19669d901a14802a725c4a9e71c0e28/gnocchi.40705db8-9d8b-498c-9d6f-33e7f4a27a83" 200 357 "GET http://172.18.0.2:8080/v1/AUTH_c19669d901a14802a725c4a9e71c0e28/gnocchi.40705db8-9d8b-498c-9d6f-33e7f4a27a83?format=json&states=listing" "tx63bad67c83a24fdda1156-006a2d5b36" "proxy-server 20" 0.0087 "-" 20 0
Jun 13 13:29:26 standalone proxy-server[128869]: 172.18.0.2 172.18.0.100 13/Jun/2026/13/29/26 GET /v1/AUTH_c19669d901a14802a725c4a9e71c0e28/gnocchi.40705db8-9d8b-498c-9d6f-33e7f4a27a83%3Fformat%3Djson%26states%3Dlisting HTTP/1.0 200 - python-swiftclient-3.11.1 gAAAAABqLVq57q7Q... - 357 - tx63bad67c83a24fdda1156-006a2d5b36 - 0.0137 - - 1781357366.609622717 1781357366.623273373 0
Jun 13 13:29:26 standalone container-server[126776]: 172.20.0.100 - - [13/Jun/2026:13:29:26 +0000] "GET /d1/522/AUTH_c19669d901a14802a725c4a9e71c0e28/gnocchi.40705db8-9d8b-498c-9d6f-33e7f4a27a83" 200 2 "GET http://172.18.0.2:8080/v1/AUTH_c19669d901a14802a725c4a9e71c0e28/gnocchi.40705db8-9d8b-498c-9d6f-33e7f4a27a83?format=json&marker=none_v3&states=listing" "txef16ef773ff84990b10d1-006a2d5b36" "proxy-server 20" 0.0038 "-" 22 0
Jun 13 13:29:26 standalone proxy-server[128869]: 172.18.0.2 172.18.0.100 13/Jun/2026/13/29/26 GET /v1/AUTH_c19669d901a14802a725c4a9e71c0e28/gnocchi.40705db8-9d8b-498c-9d6f-33e7f4a27a83%3Fformat%3Djson%26marker%3Dnone_v3%26states%3Dlisting HTTP/1.0 200 - python-swiftclient-3.11.1 gAAAAABqLVq57q7Q... - 2 - txef16ef773ff84990b10d1-006a2d5b36 - 0.0086 - - 1781357366.626231670 1781357366.634808540 0
Jun 13 13:29:26 standalone object-server[126994]: 172.20.0.100 - - [13/Jun/2026:13:29:26 +0000] "GET /d1/759/AUTH_c19669d901a14802a725c4a9e71c0e28/gnocchi.40705db8-9d8b-498c-9d6f-33e7f4a27a83/1780920000.0_mean_300.0_v3" 200 16 "GET http://172.18.0.2:8080/v1/AUTH_c19669d901a14802a725c4a9e71c0e28/gnocchi.40705db8-9d8b-498c-9d6f-33e7f4a27a83/1780920000.0_mean_300.0_v3" "tx186d65da4e34481689210-006a2d5b36" "proxy-server 20" 0.0016 "-" 24 0
Jun 13 13:29:26 standalone proxy-server[128869]: 172.18.0.2 172.18.0.100 13/Jun/2026/13/29/26 GET /v1/AUTH_c19669d901a14802a725c4a9e71c0e28/gnocchi.40705db8-9d8b-498c-9d6f-33e7f4a27a83/1780920000.0_mean_300.0_v3 HTTP/1.0 200 - python-swiftclient-3.11.1 gAAAAABqLVq57q7Q... - 16 - tx186d65da4e34481689210-006a2d5b36 - 0.0082 - - 1781357366.638731480 1781357366.646939754 0
Jun 13 13:29:26 standalone container-server[126778]: 172.20.0.100 - - [13/Jun/2026:13:29:26 +0000] "PUT /d1/522/AUTH_c19669d901a14802a725c4a9e71c0e28/gnocchi.40705db8-9d8b-498c-9d6f-33e7f4a27a83/1780920000.0_mean_300.0_v3" 201 - "PUT http://172.18.0.2:8080/d1/759/AUTH_c19669d901a14802a725c4a9e71c0e28/gnocchi.40705db8-9d8b-498c-9d6f-33e7f4a27a83/1780920000.0_mean_300.0_v3" "txd2464a465a444a15a0d42-006a2d5b36" "object-server 24" 0.0006 "-" 23 0
Jun 13 13:29:26 standalone object-server[126994]: 172.20.0.100 - - [13/Jun/2026:13:29:26 +0000] "PUT /d1/759/AUTH_c19669d901a14802a725c4a9e71c0e28/gnocchi.40705db8-9d8b-498c-9d6f-33e7f4a27a83/1780920000.0_mean_300.0_v3" 201 - "PUT http://172.18.0.2:8080/v1/AUTH_c19669d901a14802a725c4a9e71c0e28/gnocchi.40705db8-9d8b-498c-9d6f-33e7f4a27a83/1780920000.0_mean_300.0_v3" "txd2464a465a444a15a0d42-006a2d5b36" "proxy-server 20" 0.0113 "-" 24 0
Jun 13 13:29:26 standalone proxy-server[128869]: 172.18.0.2 172.18.0.100 13/Jun/2026/13/29/26 PUT /v1/AUTH_c19669d901a14802a725c4a9e71c0e28/gnocchi.40705db8-9d8b-498c-9d6f-33e7f4a27a83/1780920000.0_mean_300.0_v3 HTTP/1.0 201 - python-swiftclient-3.11.1 gAAAAABqLVq57q7Q... 16 - - txd2464a465a444a15a0d42-006a2d5b36 - 0.0153 - - 1781357366.650254488 1781357366.665559769 0
Jun 13 13:29:26 standalone container-server[126772]: 172.20.0.100 - - [13/Jun/2026:13:29:26 +0000] "PUT /d1/522/AUTH_c19669d901a14802a725c4a9e71c0e28/gnocchi.40705db8-9d8b-498c-9d6f-33e7f4a27a83/none_v3" 201 - "PUT http://172.18.0.2:8080/d1/314/AUTH_c19669d901a14802a725c4a9e71c0e28/gnocchi.40705db8-9d8b-498c-9d6f-33e7f4a27a83/none_v3" "tx42dc444200014012b1097-006a2d5b36" "object-server 24" 0.0007 "-" 20 0
Jun 13 13:29:26 standalone object-server[126994]: 172.20.0.100 - - [13/Jun/2026:13:29:26 +0000] "PUT /d1/314/AUTH_c19669d901a14802a725c4a9e71c0e28/gnocchi.40705db8-9d8b-498c-9d6f-33e7f4a27a83/none_v3" 201 - "PUT http://172.18.0.2:8080/v1/AUTH_c19669d901a14802a725c4a9e71c0e28/gnocchi.40705db8-9d8b-498c-9d6f-33e7f4a27a83/none_v3" "tx42dc444200014012b1097-006a2d5b36" "proxy-server 20" 0.0125 "-" 24 0
Jun 13 13:29:26 standalone proxy-server[128869]: 172.18.0.2 172.18.0.100 13/Jun/2026/13/29/26 PUT /v1/AUTH_c19669d901a14802a725c4a9e71c0e28/gnocchi.40705db8-9d8b-498c-9d6f-33e7f4a27a83/none_v3 HTTP/1.0 201 - python-swiftclient-3.11.1 gAAAAABqLVq57q7Q... 48 - - tx42dc444200014012b1097-006a2d5b36 - 0.0168 - - 1781357366.668397665 1781357366.685158730 0
Jun 13 13:29:26 standalone object-server[126993]: 172.20.0.100 - - [13/Jun/2026:13:29:26 +0000] "GET /d1/504/AUTH_c19669d901a14802a725c4a9e71c0e28/gnocchi.4df9c927-34e6-40c0-a1d2-9dda16c4aea2/none_v3" 200 33 "GET http://172.18.0.2:8080/v1/AUTH_c19669d901a14802a725c4a9e71c0e28/gnocchi.4df9c927-34e6-40c0-a1d2-9dda16c4aea2/none_v3" "tx4350821727d646228ea5b-006a2d5b36" "proxy-server 20" 0.0007 "-" 23 0
Jun 13 13:29:26 standalone proxy-server[128869]: 172.18.0.2 172.18.0.100 13/Jun/2026/13/29/26 GET /v1/AUTH_c19669d901a14802a725c4a9e71c0e28/gnocchi.4df9c927-34e6-40c0-a1d2-9dda16c4aea2/none_v3 HTTP/1.0 200 - python-swiftclient-3.11.1 gAAAAABqLVq57q7Q... - 33 - tx4350821727d646228ea5b-006a2d5b36 - 0.0051 - - 1781357366.698543310 1781357366.703673601 0
Jun 13 13:29:26 standalone container-server[126774]: 172.20.0.100 - - [13/Jun/2026:13:29:26 +0000] "GET /d1/839/AUTH_c19669d901a14802a725c4a9e71c0e28/gnocchi.4df9c927-34e6-40c0-a1d2-9dda16c4aea2" 200 357 "GET http://172.18.0.2:8080/v1/AUTH_c19669d901a14802a725c4a9e71c0e28/gnocchi.4df9c927-34e6-40c0-a1d2-9dda16c4aea2?format=json&states=listing" "tx6c8c244d05e848109799f-006a2d5b36" "proxy-server 20" 0.0147 "-" 21 0
Jun 13 13:29:26 standalone proxy-server[128869]: 172.18.0.2 172.18.0.100 13/Jun/2026/13/29/26 GET /v1/AUTH_c19669d901a14802a725c4a9e71c0e28/gnocchi.4df9c927-34e6-40c0-a1d2-9dda16c4aea2%3Fformat%3Djson%26states%3Dlisting HTTP/1.0 200 - python-swiftclient-3.11.1 gAAAAABqLVq57q7Q... - 357 - tx6c8c244d05e848109799f-006a2d5b36 - 0.0196 - - 1781357366.708483219 1781357366.728085518 0
Jun 13 13:29:26 standalone container-server[126776]: 172.20.0.100 - - [13/Jun/2026:13:29:26 +0000] "GET /d1/839/AUTH_c19669d901a14802a725c4a9e71c0e28/gnocchi.4df9c927-34e6-40c0-a1d2-9dda16c4aea2" 200 2 "GET http://172.18.0.2:8080/v1/AUTH_c19669d901a14802a725c4a9e71c0e28/gnocchi.4df9c927-34e6-40c0-a1d2-9dda16c4aea2?format=json&marker=none_v3&states=listing" "tx7fc539a5d0ad40a98f1ec-006a2d5b36" "proxy-server 20" 0.0036 "-" 22 0
Jun 13 13:29:26 standalone proxy-server[128869]: 172.18.0.2 172.18.0.100 13/Jun/2026/13/29/26 GET /v1/AUTH_c19669d901a14802a725c4a9e71c0e28/gnocchi.4df9c927-34e6-40c0-a1d2-9dda16c4aea2%3Fformat%3Djson%26marker%3Dnone_v3%26states%3Dlisting HTTP/1.0 200 - python-swiftclient-3.11.1 gAAAAABqLVq57q7Q... - 2 - tx7fc539a5d0ad40a98f1ec-006a2d5b36 - 0.0081 - - 1781357366.731145620 1781357366.739288807 0
Jun 13 13:29:26 standalone object-server[126990]: 172.20.0.100 - - [13/Jun/2026:13:29:26 +0000] "GET /d1/676/AUTH_c19669d901a14802a725c4a9e71c0e28/gnocchi.4df9c927-34e6-40c0-a1d2-9dda16c4aea2/1780920000.0_mean_300.0_v3" 200 16 "GET http://172.18.0.2:8080/v1/AUTH_c19669d901a14802a725c4a9e71c0e28/gnocchi.4df9c927-34e6-40c0-a1d2-9dda16c4aea2/1780920000.0_mean_300.0_v3" "tx5af138b4c0be4992b2aaf-006a2d5b36" "proxy-server 20" 0.0013 "-" 22 0
Jun 13 13:29:26 standalone proxy-server[128869]: 172.18.0.2 172.18.0.100 13/Jun/2026/13/29/26 GET /v1/AUTH_c19669d901a14802a725c4a9e71c0e28/gnocchi.4df9c927-34e6-40c0-a1d2-9dda16c4aea2/1780920000.0_mean_300.0_v3 HTTP/1.0 200 - python-swiftclient-3.11.1 gAAAAABqLVq57q7Q... - 16 - tx5af138b4c0be4992b2aaf-006a2d5b36 - 0.0063 - - 1781357366.743138075 1781357366.749456882 0
Jun 13 13:29:26 standalone container-server[126776]: 172.20.0.100 - - [13/Jun/2026:13:29:26 +0000] "PUT /d1/839/AUTH_c19669d901a14802a725c4a9e71c0e28/gnocchi.4df9c927-34e6-40c0-a1d2-9dda16c4aea2/1780920000.0_mean_300.0_v3" 201 - "PUT http://172.18.0.2:8080/d1/676/AUTH_c19669d901a14802a725c4a9e71c0e28/gnocchi.4df9c927-34e6-40c0-a1d2-9dda16c4aea2/1780920000.0_mean_300.0_v3" "txedeff07e081b4d2ea1225-006a2d5b36" "object-server 22" 0.0008 "-" 22 0
Jun 13 13:29:26 standalone object-server[126990]: 172.20.0.100 - - [13/Jun/2026:13:29:26 +0000] "PUT /d1/676/AUTH_c19669d901a14802a725c4a9e71c0e28/gnocchi.4df9c927-34e6-40c0-a1d2-9dda16c4aea2/1780920000.0_mean_300.0_v3" 201 - "PUT http://172.18.0.2:8080/v1/AUTH_c19669d901a14802a725c4a9e71c0e28/gnocchi.4df9c927-34e6-40c0-a1d2-9dda16c4aea2/1780920000.0_mean_300.0_v3" "txedeff07e081b4d2ea1225-006a2d5b36" "proxy-server 20" 0.0118 "-" 22 0
Jun 13 13:29:26 standalone proxy-server[128869]: 172.18.0.2 172.18.0.100 13/Jun/2026/13/29/26 PUT /v1/AUTH_c19669d901a14802a725c4a9e71c0e28/gnocchi.4df9c927-34e6-40c0-a1d2-9dda16c4aea2/1780920000.0_mean_300.0_v3 HTTP/1.0 201 - python-swiftclient-3.11.1 gAAAAABqLVq57q7Q... 16 - - txedeff07e081b4d2ea1225-006a2d5b36 - 0.0159 - - 1781357366.752560377 1781357366.768472910 0
Jun 13 13:29:26 standalone container-server[126778]: 172.20.0.100 - - [13/Jun/2026:13:29:26 +0000] "PUT /d1/839/AUTH_c19669d901a14802a725c4a9e71c0e28/gnocchi.4df9c927-34e6-40c0-a1d2-9dda16c4aea2/none_v3" 201 - "PUT http://172.18.0.2:8080/d1/504/AUTH_c19669d901a14802a725c4a9e71c0e28/gnocchi.4df9c927-34e6-40c0-a1d2-9dda16c4aea2/none_v3" "tx6a00faea58774377ba7a5-006a2d5b36" "object-server 22" 0.0008 "-" 23 0
Jun 13 13:29:26 standalone object-server[126990]: 172.20.0.100 - - [13/Jun/2026:13:29:26 +0000] "PUT /d1/504/AUTH_c19669d901a14802a725c4a9e71c0e28/gnocchi.4df9c927-34e6-40c0-a1d2-9dda16c4aea2/none_v3" 201 - "PUT http://172.18.0.2:8080/v1/AUTH_c19669d901a14802a725c4a9e71c0e28/gnocchi.4df9c927-34e6-40c0-a1d2-9dda16c4aea2/none_v3" "tx6a00faea58774377ba7a5-006a2d5b36" "proxy-server 20" 0.0136 "-" 22 0
Jun 13 13:29:26 standalone proxy-server[128869]: 172.18.0.2 172.18.0.100 13/Jun/2026/13/29/26 PUT /v1/AUTH_c19669d901a14802a725c4a9e71c0e28/gnocchi.4df9c927-34e6-40c0-a1d2-9dda16c4aea2/none_v3 HTTP/1.0 201 - python-swiftclient-3.11.1 gAAAAABqLVq57q7Q... 48 - - tx6a00faea58774377ba7a5-006a2d5b36 - 0.0174 - - 1781357366.771253586 1781357366.788648605 0
Jun 13 13:29:28 standalone object-server[126993]: 172.20.0.100 - - [13/Jun/2026:13:29:28 +0000] "GET /d1/56/AUTH_c19669d901a14802a725c4a9e71c0e28/gnocchi.550468a5-a635-4f4a-b36f-9083ac6e8d10/none_v3" 200 22 "GET http://172.18.0.2:8080/v1/AUTH_c19669d901a14802a725c4a9e71c0e28/gnocchi.550468a5-a635-4f4a-b36f-9083ac6e8d10/none_v3" "tx19aeb52ae7a94f5086c4c-006a2d5b38" "proxy-server 20" 0.0017 "-" 23 0
Jun 13 13:29:28 standalone proxy-server[128869]: 172.18.0.2 172.18.0.100 13/Jun/2026/13/29/28 GET /v1/AUTH_c19669d901a14802a725c4a9e71c0e28/gnocchi.550468a5-a635-4f4a-b36f-9083ac6e8d10/none_v3 HTTP/1.0 200 - python-swiftclient-3.11.1 gAAAAABqLVq57q7Q... - 22 - tx19aeb52ae7a94f5086c4c-006a2d5b38 - 0.0154 - - 1781357368.305716991 1781357368.321114063 0
Jun 13 13:29:28 standalone container-server[126776]: 172.20.0.100 - - [13/Jun/2026:13:29:28 +0000] "GET /d1/379/AUTH_c19669d901a14802a725c4a9e71c0e28/gnocchi.550468a5-a635-4f4a-b36f-9083ac6e8d10" 200 357 "GET http://172.18.0.2:8080/v1/AUTH_c19669d901a14802a725c4a9e71c0e28/gnocchi.550468a5-a635-4f4a-b36f-9083ac6e8d10?format=json&states=listing" "tx1d3349321c384bbf91052-006a2d5b38" "proxy-server 20" 0.0107 "-" 22 0
Jun 13 13:29:28 standalone proxy-server[128869]: 172.18.0.2 172.18.0.100 13/Jun/2026/13/29/28 GET /v1/AUTH_c19669d901a14802a725c4a9e71c0e28/gnocchi.550468a5-a635-4f4a-b36f-9083ac6e8d10%3Fformat%3Djson%26states%3Dlisting HTTP/1.0 200 - python-swiftclient-3.11.1 gAAAAABqLVq57q7Q... - 357 - tx1d3349321c384bbf91052-006a2d5b38 - 0.0199 - - 1781357368.327036381 1781357368.346912146 0
Jun 13 13:29:28 standalone container-server[126774]: 172.20.0.100 - - [13/Jun/2026:13:29:28 +0000] "GET /d1/379/AUTH_c19669d901a14802a725c4a9e71c0e28/gnocchi.550468a5-a635-4f4a-b36f-9083ac6e8d10" 200 2 "GET http://172.18.0.2:8080/v1/AUTH_c19669d901a14802a725c4a9e71c0e28/gnocchi.550468a5-a635-4f4a-b36f-9083ac6e8d10?format=json&marker=none_v3&states=listing" "tx2b2f3399ee944481b1f62-006a2d5b38" "proxy-server 20" 0.0017 "-" 21 0
Jun 13 13:29:28 standalone proxy-server[128869]: 172.18.0.2 172.18.0.100 13/Jun/2026/13/29/28 GET /v1/AUTH_c19669d901a14802a725c4a9e71c0e28/gnocchi.550468a5-a635-4f4a-b36f-9083ac6e8d10%3Fformat%3Djson%26marker%3Dnone_v3%26states%3Dlisting HTTP/1.0 200 - python-swiftclient-3.11.1 gAAAAABqLVq57q7Q... - 2 - tx2b2f3399ee944481b1f62-006a2d5b38 - 0.0074 - - 1781357368.350382566 1781357368.357780695 0
Jun 13 13:29:28 standalone object-server[126993]: 172.20.0.100 - - [13/Jun/2026:13:29:28 +0000] "GET /d1/977/AUTH_c19669d901a14802a725c4a9e71c0e28/gnocchi.550468a5-a635-4f4a-b36f-9083ac6e8d10/1780920000.0_mean_300.0_v3" 200 16 "GET http://172.18.0.2:8080/v1/AUTH_c19669d901a14802a725c4a9e71c0e28/gnocchi.550468a5-a635-4f4a-b36f-9083ac6e8d10/1780920000.0_mean_300.0_v3" "tx5f2f1986bdd04f2696612-006a2d5b38" "proxy-server 20" 0.0011 "-" 23 0
Jun 13 13:29:28 standalone proxy-server[128869]: 172.18.0.2 172.18.0.100 13/Jun/2026/13/29/28 GET /v1/AUTH_c19669d901a14802a725c4a9e71c0e28/gnocchi.550468a5-a635-4f4a-b36f-9083ac6e8d10/1780920000.0_mean_300.0_v3 HTTP/1.0 200 - python-swiftclient-3.11.1 gAAAAABqLVq57q7Q... - 16 - tx5f2f1986bdd04f2696612-006a2d5b38 - 0.0079 - - 1781357368.362570286 1781357368.370465040 0
Jun 13 13:29:28 standalone container-server[126776]: 172.20.0.100 - - [13/Jun/2026:13:29:28 +0000] "PUT /d1/379/AUTH_c19669d901a14802a725c4a9e71c0e28/gnocchi.550468a5-a635-4f4a-b36f-9083ac6e8d10/1780920000.0_mean_300.0_v3" 201 - "PUT http://172.18.0.2:8080/d1/977/AUTH_c19669d901a14802a725c4a9e71c0e28/gnocchi.550468a5-a635-4f4a-b36f-9083ac6e8d10/1780920000.0_mean_300.0_v3" "tx79b0d359ad404cd4b3fcc-006a2d5b38" "object-server 22" 0.0008 "-" 22 0
Jun 13 13:29:28 standalone object-server[126990]: 172.20.0.100 - - [13/Jun/2026:13:29:28 +0000] "PUT /d1/977/AUTH_c19669d901a14802a725c4a9e71c0e28/gnocchi.550468a5-a635-4f4a-b36f-9083ac6e8d10/1780920000.0_mean_300.0_v3" 201 - "PUT http://172.18.0.2:8080/v1/AUTH_c19669d901a14802a725c4a9e71c0e28/gnocchi.550468a5-a635-4f4a-b36f-9083ac6e8d10/1780920000.0_mean_300.0_v3" "tx79b0d359ad404cd4b3fcc-006a2d5b38" "proxy-server 20" 0.0114 "-" 22 0
Jun 13 13:29:28 standalone proxy-server[128869]: 172.18.0.2 172.18.0.100 13/Jun/2026/13/29/28 PUT /v1/AUTH_c19669d901a14802a725c4a9e71c0e28/gnocchi.550468a5-a635-4f4a-b36f-9083ac6e8d10/1780920000.0_mean_300.0_v3 HTTP/1.0 201 - python-swiftclient-3.11.1 gAAAAABqLVq57q7Q... 16 - - tx79b0d359ad404cd4b3fcc-006a2d5b38 - 0.0174 - - 1781357368.374176025 1781357368.391611814 0
Jun 13 13:29:28 standalone container-server[126778]: 172.20.0.100 - - [13/Jun/2026:13:29:28 +0000] "PUT /d1/379/AUTH_c19669d901a14802a725c4a9e71c0e28/gnocchi.550468a5-a635-4f4a-b36f-9083ac6e8d10/none_v3" 201 - "PUT http://172.18.0.2:8080/d1/56/AUTH_c19669d901a14802a725c4a9e71c0e28/gnocchi.550468a5-a635-4f4a-b36f-9083ac6e8d10/none_v3" "tx0c84ee53f463453b9794c-006a2d5b38" "object-server 22" 0.0008 "-" 23 0
Jun 13 13:29:28 standalone object-server[126990]: 172.20.0.100 - - [13/Jun/2026:13:29:28 +0000] "PUT /d1/56/AUTH_c19669d901a14802a725c4a9e71c0e28/gnocchi.550468a5-a635-4f4a-b36f-9083ac6e8d10/none_v3" 201 - "PUT http://172.18.0.2:8080/v1/AUTH_c19669d901a14802a725c4a9e71c0e28/gnocchi.550468a5-a635-4f4a-b36f-9083ac6e8d10/none_v3" "tx0c84ee53f463453b9794c-006a2d5b38" "proxy-server 20" 0.0101 "-" 22 0
Jun 13 13:29:28 standalone proxy-server[128869]: 172.18.0.2 172.18.0.100 13/Jun/2026/13/29/28 PUT /v1/AUTH_c19669d901a14802a725c4a9e71c0e28/gnocchi.550468a5-a635-4f4a-b36f-9083ac6e8d10/none_v3 HTTP/1.0 201 - python-swiftclient-3.11.1 gAAAAABqLVq57q7Q... 31 - - tx0c84ee53f463453b9794c-006a2d5b38 - 0.0150 - - 1781357368.394853115 1781357368.409890652 0
Jun 13 13:29:36 standalone object-server[126990]: 172.20.0.100 - - [13/Jun/2026:13:29:36 +0000] "GET /d1/56/AUTH_c19669d901a14802a725c4a9e71c0e28/gnocchi.550468a5-a635-4f4a-b36f-9083ac6e8d10/none_v3" 200 31 "GET http://172.18.0.2:8080/v1/AUTH_c19669d901a14802a725c4a9e71c0e28/gnocchi.550468a5-a635-4f4a-b36f-9083ac6e8d10/none_v3" "txa2eb59d3dd664fa781972-006a2d5b40" "proxy-server 20" 0.0011 "-" 22 0
Jun 13 13:29:36 standalone proxy-server[128869]: 172.18.0.2 172.18.0.100 13/Jun/2026/13/29/36 GET /v1/AUTH_c19669d901a14802a725c4a9e71c0e28/gnocchi.550468a5-a635-4f4a-b36f-9083ac6e8d10/none_v3 HTTP/1.0 200 - python-swiftclient-3.11.1 gAAAAABqLVq57q7Q... - 31 - txa2eb59d3dd664fa781972-006a2d5b40 - 0.0092 - - 1781357376.063809872 1781357376.072995424 0
Jun 13 13:29:36 standalone container-server[126776]: 172.20.0.100 - - [13/Jun/2026:13:29:36 +0000] "GET /d1/379/AUTH_c19669d901a14802a725c4a9e71c0e28/gnocchi.550468a5-a635-4f4a-b36f-9083ac6e8d10" 200 357 "GET http://172.18.0.2:8080/v1/AUTH_c19669d901a14802a725c4a9e71c0e28/gnocchi.550468a5-a635-4f4a-b36f-9083ac6e8d10?format=json&states=listing" "txa42289260baa4159adbcf-006a2d5b40" "proxy-server 20" 0.0068 "-" 22 0
Jun 13 13:29:36 standalone proxy-server[128869]: 172.18.0.2 172.18.0.100 13/Jun/2026/13/29/36 GET /v1/AUTH_c19669d901a14802a725c4a9e71c0e28/gnocchi.550468a5-a635-4f4a-b36f-9083ac6e8d10%3Fformat%3Djson%26states%3Dlisting HTTP/1.0 200 - python-swiftclient-3.11.1 gAAAAABqLVq57q7Q... - 357 - txa42289260baa4159adbcf-006a2d5b40 - 0.0148 - - 1781357376.076321840 1781357376.091114521 0
Jun 13 13:29:36 standalone container-server[126778]: 172.20.0.100 - - [13/Jun/2026:13:29:36 +0000] "GET /d1/379/AUTH_c19669d901a14802a725c4a9e71c0e28/gnocchi.550468a5-a635-4f4a-b36f-9083ac6e8d10" 200 2 "GET http://172.18.0.2:8080/v1/AUTH_c19669d901a14802a725c4a9e71c0e28/gnocchi.550468a5-a635-4f4a-b36f-9083ac6e8d10?format=json&marker=none_v3&states=listing" "txc9e779d2d08c4eafbcbfc-006a2d5b40" "proxy-server 20" 0.0018 "-" 23 0
Jun 13 13:29:36 standalone proxy-server[128869]: 172.18.0.2 172.18.0.100 13/Jun/2026/13/29/36 GET /v1/AUTH_c19669d901a14802a725c4a9e71c0e28/gnocchi.550468a5-a635-4f4a-b36f-9083ac6e8d10%3Fformat%3Djson%26marker%3Dnone_v3%26states%3Dlisting HTTP/1.0 200 - python-swiftclient-3.11.1 gAAAAABqLVq57q7Q... - 2 - txc9e779d2d08c4eafbcbfc-006a2d5b40 - 0.0095 - - 1781357376.094002008 1781357376.103512287 0
Jun 13 13:29:36 standalone object-server[126996]: 172.20.0.100 - - [13/Jun/2026:13:29:36 +0000] "GET /d1/977/AUTH_c19669d901a14802a725c4a9e71c0e28/gnocchi.550468a5-a635-4f4a-b36f-9083ac6e8d10/1780920000.0_mean_300.0_v3" 200 16 "GET http://172.18.0.2:8080/v1/AUTH_c19669d901a14802a725c4a9e71c0e28/gnocchi.550468a5-a635-4f4a-b36f-9083ac6e8d10/1780920000.0_mean_300.0_v3" "tx4aeaf7f076504b40b7966-006a2d5b40" "proxy-server 20" 0.0006 "-" 25 0
Jun 13 13:29:36 standalone proxy-server[128869]: 172.18.0.2 172.18.0.100 13/Jun/2026/13/29/36 GET /v1/AUTH_c19669d901a14802a725c4a9e71c0e28/gnocchi.550468a5-a635-4f4a-b36f-9083ac6e8d10/1780920000.0_mean_300.0_v3 HTTP/1.0 200 - python-swiftclient-3.11.1 gAAAAABqLVq57q7Q... - 16 - tx4aeaf7f076504b40b7966-006a2d5b40 - 0.0105 - - 1781357376.106831551 1781357376.117347240 0
Jun 13 13:29:36 standalone container-server[126778]: 172.20.0.100 - - [13/Jun/2026:13:29:36 +0000] "PUT /d1/379/AUTH_c19669d901a14802a725c4a9e71c0e28/gnocchi.550468a5-a635-4f4a-b36f-9083ac6e8d10/1780920000.0_mean_300.0_v3" 201 - "PUT http://172.18.0.2:8080/d1/977/AUTH_c19669d901a14802a725c4a9e71c0e28/gnocchi.550468a5-a635-4f4a-b36f-9083ac6e8d10/1780920000.0_mean_300.0_v3" "txa67a8f273ef84c00aa732-006a2d5b40" "object-server 23" 0.0005 "-" 23 0
Jun 13 13:29:36 standalone object-server[126993]: 172.20.0.100 - - [13/Jun/2026:13:29:36 +0000] "PUT /d1/977/AUTH_c19669d901a14802a725c4a9e71c0e28/gnocchi.550468a5-a635-4f4a-b36f-9083ac6e8d10/1780920000.0_mean_300.0_v3" 201 - "PUT http://172.18.0.2:8080/v1/AUTH_c19669d901a14802a725c4a9e71c0e28/gnocchi.550468a5-a635-4f4a-b36f-9083ac6e8d10/1780920000.0_mean_300.0_v3" "txa67a8f273ef84c00aa732-006a2d5b40" "proxy-server 20" 0.0084 "-" 23 0
Jun 13 13:29:36 standalone proxy-server[128869]: 172.18.0.2 172.18.0.100 13/Jun/2026/13/29/36 PUT /v1/AUTH_c19669d901a14802a725c4a9e71c0e28/gnocchi.550468a5-a635-4f4a-b36f-9083ac6e8d10/1780920000.0_mean_300.0_v3 HTTP/1.0 201 - python-swiftclient-3.11.1 gAAAAABqLVq57q7Q... 16 - - txa67a8f273ef84c00aa732-006a2d5b40 - 0.0156 - - 1781357376.119750261 1781357376.135370016 0
Jun 13 13:29:36 standalone container-server[126774]: 172.20.0.100 - - [13/Jun/2026:13:29:36 +0000] "PUT /d1/379/AUTH_c19669d901a14802a725c4a9e71c0e28/gnocchi.550468a5-a635-4f4a-b36f-9083ac6e8d10/none_v3" 201 - "PUT http://172.18.0.2:8080/d1/56/AUTH_c19669d901a14802a725c4a9e71c0e28/gnocchi.550468a5-a635-4f4a-b36f-9083ac6e8d10/none_v3" "tx98d3cffaa5684d8ea4ea6-006a2d5b40" "object-server 24" 0.0006 "-" 21 0
Jun 13 13:29:36 standalone object-server[126994]: 172.20.0.100 - - [13/Jun/2026:13:29:36 +0000] "PUT /d1/56/AUTH_c19669d901a14802a725c4a9e71c0e28/gnocchi.550468a5-a635-4f4a-b36f-9083ac6e8d10/none_v3" 201 - "PUT http://172.18.0.2:8080/v1/AUTH_c19669d901a14802a725c4a9e71c0e28/gnocchi.550468a5-a635-4f4a-b36f-9083ac6e8d10/none_v3" "tx98d3cffaa5684d8ea4ea6-006a2d5b40" "proxy-server 20" 0.0079 "-" 24 0
Jun 13 13:29:36 standalone proxy-server[128869]: 172.18.0.2 172.18.0.100 13/Jun/2026/13/29/36 PUT /v1/AUTH_c19669d901a14802a725c4a9e71c0e28/gnocchi.550468a5-a635-4f4a-b36f-9083ac6e8d10/none_v3 HTTP/1.0 201 - python-swiftclient-3.11.1 gAAAAABqLVq57q7Q... 46 - - tx98d3cffaa5684d8ea4ea6-006a2d5b40 - 0.0624 - - 1781357376.137548447 1781357376.199942112 0
Jun 13 13:29:36 standalone object-server[126994]: 172.20.0.100 - - [13/Jun/2026:13:29:36 +0000] "GET /d1/56/AUTH_c19669d901a14802a725c4a9e71c0e28/gnocchi.550468a5-a635-4f4a-b36f-9083ac6e8d10/none_v3" 200 46 "GET http://172.18.0.2:8080/v1/AUTH_c19669d901a14802a725c4a9e71c0e28/gnocchi.550468a5-a635-4f4a-b36f-9083ac6e8d10/none_v3" "tx1b714804c7144f18866e6-006a2d5b40" "proxy-server 20" 0.0011 "-" 24 0
Jun 13 13:29:36 standalone proxy-server[128869]: 172.18.0.2 172.18.0.100 13/Jun/2026/13/29/36 GET /v1/AUTH_c19669d901a14802a725c4a9e71c0e28/gnocchi.550468a5-a635-4f4a-b36f-9083ac6e8d10/none_v3 HTTP/1.0 200 - python-swiftclient-3.11.1 gAAAAABqLVq57q7Q... - 46 - tx1b714804c7144f18866e6-006a2d5b40 - 0.0097 - - 1781357376.777065039 1781357376.786753893 0
Jun 13 13:29:36 standalone container-server[126774]: 172.20.0.100 - - [13/Jun/2026:13:29:36 +0000] "GET /d1/379/AUTH_c19669d901a14802a725c4a9e71c0e28/gnocchi.550468a5-a635-4f4a-b36f-9083ac6e8d10" 200 357 "GET http://172.18.0.2:8080/v1/AUTH_c19669d901a14802a725c4a9e71c0e28/gnocchi.550468a5-a635-4f4a-b36f-9083ac6e8d10?format=json&states=listing" "txb9e3d9384ae54b5ca271e-006a2d5b40" "proxy-server 20" 0.0100 "-" 21 0
Jun 13 13:29:36 standalone proxy-server[128869]: 172.18.0.2 172.18.0.100 13/Jun/2026/13/29/36 GET /v1/AUTH_c19669d901a14802a725c4a9e71c0e28/gnocchi.550468a5-a635-4f4a-b36f-9083ac6e8d10%3Fformat%3Djson%26states%3Dlisting HTTP/1.0 200 - python-swiftclient-3.11.1 gAAAAABqLVq57q7Q... - 357 - txb9e3d9384ae54b5ca271e-006a2d5b40 - 0.0191 - - 1781357376.790591002 1781357376.809677124 0
Jun 13 13:29:36 standalone container-server[126776]: 172.20.0.100 - - [13/Jun/2026:13:29:36 +0000] "GET /d1/379/AUTH_c19669d901a14802a725c4a9e71c0e28/gnocchi.550468a5-a635-4f4a-b36f-9083ac6e8d10" 200 2 "GET http://172.18.0.2:8080/v1/AUTH_c19669d901a14802a725c4a9e71c0e28/gnocchi.550468a5-a635-4f4a-b36f-9083ac6e8d10?format=json&marker=none_v3&states=listing" "txa31a8f1398ac4bc6af5c4-006a2d5b40" "proxy-server 20" 0.0023 "-" 22 0
Jun 13 13:29:36 standalone proxy-server[128869]: 172.18.0.2 172.18.0.100 13/Jun/2026/13/29/36 GET /v1/AUTH_c19669d901a14802a725c4a9e71c0e28/gnocchi.550468a5-a635-4f4a-b36f-9083ac6e8d10%3Fformat%3Djson%26marker%3Dnone_v3%26states%3Dlisting HTTP/1.0 200 - python-swiftclient-3.11.1 gAAAAABqLVq57q7Q... - 2 - txa31a8f1398ac4bc6af5c4-006a2d5b40 - 0.0150 - - 1781357376.813132763 1781357376.828161955 0
Jun 13 13:29:36 standalone object-server[126996]: 172.20.0.100 - - [13/Jun/2026:13:29:36 +0000] "GET /d1/977/AUTH_c19669d901a14802a725c4a9e71c0e28/gnocchi.550468a5-a635-4f4a-b36f-9083ac6e8d10/1780920000.0_mean_300.0_v3" 200 16 "GET http://172.18.0.2:8080/v1/AUTH_c19669d901a14802a725c4a9e71c0e28/gnocchi.550468a5-a635-4f4a-b36f-9083ac6e8d10/1780920000.0_mean_300.0_v3" "tx13de4163992244678b509-006a2d5b40" "proxy-server 20" 0.0011 "-" 25 0
Jun 13 13:29:36 standalone proxy-server[128869]: 172.18.0.2 172.18.0.100 13/Jun/2026/13/29/36 GET /v1/AUTH_c19669d901a14802a725c4a9e71c0e28/gnocchi.550468a5-a635-4f4a-b36f-9083ac6e8d10/1780920000.0_mean_300.0_v3 HTTP/1.0 200 - python-swiftclient-3.11.1 gAAAAABqLVq57q7Q... - 16 - tx13de4163992244678b509-006a2d5b40 - 0.0094 - - 1781357376.832849264 1781357376.842246771 0
Jun 13 13:29:36 standalone container-server[126772]: 172.20.0.100 - - [13/Jun/2026:13:29:36 +0000] "PUT /d1/379/AUTH_c19669d901a14802a725c4a9e71c0e28/gnocchi.550468a5-a635-4f4a-b36f-9083ac6e8d10/1780920000.0_mean_300.0_v3" 201 - "PUT http://172.18.0.2:8080/d1/977/AUTH_c19669d901a14802a725c4a9e71c0e28/gnocchi.550468a5-a635-4f4a-b36f-9083ac6e8d10/1780920000.0_mean_300.0_v3" "tx90d669021389431fa98a8-006a2d5b40" "object-server 23" 0.0009 "-" 20 0
Jun 13 13:29:36 standalone object-server[126993]: 172.20.0.100 - - [13/Jun/2026:13:29:36 +0000] "PUT /d1/977/AUTH_c19669d901a14802a725c4a9e71c0e28/gnocchi.550468a5-a635-4f4a-b36f-9083ac6e8d10/1780920000.0_mean_300.0_v3" 201 - "PUT http://172.18.0.2:8080/v1/AUTH_c19669d901a14802a725c4a9e71c0e28/gnocchi.550468a5-a635-4f4a-b36f-9083ac6e8d10/1780920000.0_mean_300.0_v3" "tx90d669021389431fa98a8-006a2d5b40" "proxy-server 20" 0.0127 "-" 23 0
Jun 13 13:29:36 standalone proxy-server[128869]: 172.18.0.2 172.18.0.100 13/Jun/2026/13/29/36 PUT /v1/AUTH_c19669d901a14802a725c4a9e71c0e28/gnocchi.550468a5-a635-4f4a-b36f-9083ac6e8d10/1780920000.0_mean_300.0_v3 HTTP/1.0 201 - python-swiftclient-3.11.1 gAAAAABqLVq57q7Q... 16 - - tx90d669021389431fa98a8-006a2d5b40 - 0.0214 - - 1781357376.846314669 1781357376.867740154 0
Jun 13 13:29:36 standalone container-server[126778]: 172.20.0.100 - - [13/Jun/2026:13:29:36 +0000] "PUT /d1/379/AUTH_c19669d901a14802a725c4a9e71c0e28/gnocchi.550468a5-a635-4f4a-b36f-9083ac6e8d10/none_v3" 201 - "PUT http://172.18.0.2:8080/d1/56/AUTH_c19669d901a14802a725c4a9e71c0e28/gnocchi.550468a5-a635-4f4a-b36f-9083ac6e8d10/none_v3" "txdb5f1eacf096430aaeaf1-006a2d5b40" "object-server 22" 0.0007 "-" 23 0
Jun 13 13:29:36 standalone object-server[126990]: 172.20.0.100 - - [13/Jun/2026:13:29:36 +0000] "PUT /d1/56/AUTH_c19669d901a14802a725c4a9e71c0e28/gnocchi.550468a5-a635-4f4a-b36f-9083ac6e8d10/none_v3" 201 - "PUT http://172.18.0.2:8080/v1/AUTH_c19669d901a14802a725c4a9e71c0e28/gnocchi.550468a5-a635-4f4a-b36f-9083ac6e8d10/none_v3" "txdb5f1eacf096430aaeaf1-006a2d5b40" "proxy-server 20" 0.0121 "-" 22 0
Jun 13 13:29:36 standalone proxy-server[128869]: 172.18.0.2 172.18.0.100 13/Jun/2026/13/29/36 PUT /v1/AUTH_c19669d901a14802a725c4a9e71c0e28/gnocchi.550468a5-a635-4f4a-b36f-9083ac6e8d10/none_v3 HTTP/1.0 201 - python-swiftclient-3.11.1 gAAAAABqLVq57q7Q... 51 - - txdb5f1eacf096430aaeaf1-006a2d5b40 - 0.0197 - - 1781357376.872429848 1781357376.892101526 0
Jun 13 13:29:39 standalone container-server[126774]: 172.20.0.100 - - [13/Jun/2026:13:29:39 +0000] "HEAD /d1/670/AUTH_c19669d901a14802a725c4a9e71c0e28/gnocchi.5fceaea0-ddae-4b6b-a282-02ee9ad4c396" 404 - "HEAD http://172.18.0.2:8080/v1/AUTH_c19669d901a14802a725c4a9e71c0e28/gnocchi.5fceaea0-ddae-4b6b-a282-02ee9ad4c396?format=json&states=listing" "tx07ae1219a5b54cb1b7052-006a2d5b43" "proxy-server 20" 0.0009 "-" 21 0
Jun 13 13:29:39 standalone object-server[126990]: 172.20.0.100 - - [13/Jun/2026:13:29:39 +0000] "GET /d1/599/AUTH_c19669d901a14802a725c4a9e71c0e28/gnocchi.5fceaea0-ddae-4b6b-a282-02ee9ad4c396/none_v3" 404 70 "GET http://172.18.0.2:8080/v1/AUTH_c19669d901a14802a725c4a9e71c0e28/gnocchi.5fceaea0-ddae-4b6b-a282-02ee9ad4c396/none_v3" "tx07ae1219a5b54cb1b7052-006a2d5b43" "proxy-server 20" 0.0006 "-" 22 0
Jun 13 13:29:39 standalone proxy-server[128869]: 172.18.0.2 172.18.0.100 13/Jun/2026/13/29/39 GET /v1/AUTH_c19669d901a14802a725c4a9e71c0e28/gnocchi.5fceaea0-ddae-4b6b-a282-02ee9ad4c396/none_v3 HTTP/1.0 404 - python-swiftclient-3.11.1 gAAAAABqLVq57q7Q... - 70 - tx07ae1219a5b54cb1b7052-006a2d5b43 - 0.0114 - - 1781357379.657015800 1781357379.668461084 0
Jun 13 13:29:39 standalone account-server[126735]: 172.20.0.100 - - [13/Jun/2026:13:29:39 +0000] "PUT /d1/10/AUTH_c19669d901a14802a725c4a9e71c0e28/gnocchi.5fceaea0-ddae-4b6b-a282-02ee9ad4c396" 201 - "PUT http://172.20.0.100:6001/d1/670/AUTH_c19669d901a14802a725c4a9e71c0e28/gnocchi.5fceaea0-ddae-4b6b-a282-02ee9ad4c396" "tx829714bf8c194d75aef6f-006a2d5b43" "container-server 23" 0.0066 "-" 20 0
Jun 13 13:29:39 standalone container-server[126778]: 172.20.0.100 - - [13/Jun/2026:13:29:39 +0000] "PUT /d1/670/AUTH_c19669d901a14802a725c4a9e71c0e28/gnocchi.5fceaea0-ddae-4b6b-a282-02ee9ad4c396" 201 - "PUT http://172.18.0.2:8080/v1/AUTH_c19669d901a14802a725c4a9e71c0e28/gnocchi.5fceaea0-ddae-4b6b-a282-02ee9ad4c396" "tx829714bf8c194d75aef6f-006a2d5b43" "proxy-server 20" 0.0202 "-" 23 0
Jun 13 13:29:39 standalone proxy-server[128869]: 172.18.0.2 172.18.0.100 13/Jun/2026/13/29/39 PUT /v1/AUTH_c19669d901a14802a725c4a9e71c0e28/gnocchi.5fceaea0-ddae-4b6b-a282-02ee9ad4c396 HTTP/1.0 201 - python-swiftclient-3.11.1 gAAAAABqLVq57q7Q... - - - tx829714bf8c194d75aef6f-006a2d5b43 - 0.0279 - - 1781357379.674808979 1781357379.702730656 0
Jun 13 13:29:39 standalone container-server[126778]: 172.20.0.100 - - [13/Jun/2026:13:29:39 +0000] "HEAD /d1/670/AUTH_c19669d901a14802a725c4a9e71c0e28/gnocchi.5fceaea0-ddae-4b6b-a282-02ee9ad4c396" 204 - "HEAD http://172.18.0.2:8080/v1/AUTH_c19669d901a14802a725c4a9e71c0e28/gnocchi.5fceaea0-ddae-4b6b-a282-02ee9ad4c396?format=json&states=listing" "txd08c5431362f4df4bca0c-006a2d5b43" "proxy-server 20" 0.0019 "-" 23 0
Jun 13 13:29:39 standalone proxy-server[128869]: - - 13/Jun/2026/13/29/39 HEAD /v1/AUTH_c19669d901a14802a725c4a9e71c0e28/gnocchi.5fceaea0-ddae-4b6b-a282-02ee9ad4c396%3Fformat%3Djson%26states%3Dlisting HTTP/1.0 204 - Swift - - - - txd08c5431362f4df4bca0c-006a2d5b43 - 0.0064 RL - 1781357379.709100723 1781357379.715538979 0
Jun 13 13:29:39 standalone container-server[126774]: 172.20.0.100 - - [13/Jun/2026:13:29:39 +0000] "GET /d1/670/AUTH_c19669d901a14802a725c4a9e71c0e28/gnocchi.5fceaea0-ddae-4b6b-a282-02ee9ad4c396" 200 2 "GET http://172.18.0.2:8080/v1/AUTH_c19669d901a14802a725c4a9e71c0e28/gnocchi.5fceaea0-ddae-4b6b-a282-02ee9ad4c396?format=json&states=listing" "txd08c5431362f4df4bca0c-006a2d5b43" "proxy-server 20" 0.0033 "-" 21 0
Jun 13 13:29:39 standalone proxy-server[128869]: 172.18.0.2 172.18.0.100 13/Jun/2026/13/29/39 GET /v1/AUTH_c19669d901a14802a725c4a9e71c0e28/gnocchi.5fceaea0-ddae-4b6b-a282-02ee9ad4c396%3Fformat%3Djson%26states%3Dlisting HTTP/1.0 200 - python-swiftclient-3.11.1 gAAAAABqLVq57q7Q... - 2 - txd08c5431362f4df4bca0c-006a2d5b43 - 0.0206 - - 1781357379.707474470 1781357379.728078842 0
Jun 13 13:29:39 standalone object-server[126996]: 172.20.0.100 - - [13/Jun/2026:13:29:39 +0000] "GET /d1/731/AUTH_c19669d901a14802a725c4a9e71c0e28/gnocchi.5fceaea0-ddae-4b6b-a282-02ee9ad4c396/1780920000.0_mean_300.0_v3" 404 70 "GET http://172.18.0.2:8080/v1/AUTH_c19669d901a14802a725c4a9e71c0e28/gnocchi.5fceaea0-ddae-4b6b-a282-02ee9ad4c396/1780920000.0_mean_300.0_v3" "txebfcef69423944d888551-006a2d5b43" "proxy-server 20" 0.0003 "-" 25 0
Jun 13 13:29:39 standalone proxy-server[128869]: 172.18.0.2 172.18.0.100 13/Jun/2026/13/29/39 GET /v1/AUTH_c19669d901a14802a725c4a9e71c0e28/gnocchi.5fceaea0-ddae-4b6b-a282-02ee9ad4c396/1780920000.0_mean_300.0_v3 HTTP/1.0 404 - python-swiftclient-3.11.1 gAAAAABqLVq57q7Q... - 70 - txebfcef69423944d888551-006a2d5b43 - 0.0085 - - 1781357379.733236074 1781357379.741780758 0
Jun 13 13:29:39 standalone container-server[126772]: 172.20.0.100 - - [13/Jun/2026:13:29:39 +0000] "PUT /d1/670/AUTH_c19669d901a14802a725c4a9e71c0e28/gnocchi.5fceaea0-ddae-4b6b-a282-02ee9ad4c396/1780920000.0_mean_300.0_v3" 201 - "PUT http://172.18.0.2:8080/d1/731/AUTH_c19669d901a14802a725c4a9e71c0e28/gnocchi.5fceaea0-ddae-4b6b-a282-02ee9ad4c396/1780920000.0_mean_300.0_v3" "tx196362f37c4f4e9cae07a-006a2d5b43" "object-server 24" 0.0005 "-" 20 0
Jun 13 13:29:39 standalone object-server[126994]: 172.20.0.100 - - [13/Jun/2026:13:29:39 +0000] "PUT /d1/731/AUTH_c19669d901a14802a725c4a9e71c0e28/gnocchi.5fceaea0-ddae-4b6b-a282-02ee9ad4c396/1780920000.0_mean_300.0_v3" 201 - "PUT http://172.18.0.2:8080/v1/AUTH_c19669d901a14802a725c4a9e71c0e28/gnocchi.5fceaea0-ddae-4b6b-a282-02ee9ad4c396/1780920000.0_mean_300.0_v3" "tx196362f37c4f4e9cae07a-006a2d5b43" "proxy-server 20" 0.0101 "-" 24 0
Jun 13 13:29:39 standalone proxy-server[128869]: 172.18.0.2 172.18.0.100 13/Jun/2026/13/29/39 PUT /v1/AUTH_c19669d901a14802a725c4a9e71c0e28/gnocchi.5fceaea0-ddae-4b6b-a282-02ee9ad4c396/1780920000.0_mean_300.0_v3 HTTP/1.0 201 - python-swiftclient-3.11.1 gAAAAABqLVq57q7Q... 16 - - tx196362f37c4f4e9cae07a-006a2d5b43 - 0.0175 - - 1781357379.745713949 1781357379.763183594 0
Jun 13 13:29:39 standalone container-server[126772]: 172.20.0.100 - - [13/Jun/2026:13:29:39 +0000] "PUT /d1/670/AUTH_c19669d901a14802a725c4a9e71c0e28/gnocchi.5fceaea0-ddae-4b6b-a282-02ee9ad4c396/none_v3" 201 - "PUT http://172.18.0.2:8080/d1/599/AUTH_c19669d901a14802a725c4a9e71c0e28/gnocchi.5fceaea0-ddae-4b6b-a282-02ee9ad4c396/none_v3" "tx95d63785dc2b40bfafe2b-006a2d5b43" "object-server 22" 0.0003 "-" 20 0
Jun 13 13:29:39 standalone object-server[126990]: 172.20.0.100 - - [13/Jun/2026:13:29:39 +0000] "PUT /d1/599/AUTH_c19669d901a14802a725c4a9e71c0e28/gnocchi.5fceaea0-ddae-4b6b-a282-02ee9ad4c396/none_v3" 201 - "PUT http://172.18.0.2:8080/v1/AUTH_c19669d901a14802a725c4a9e71c0e28/gnocchi.5fceaea0-ddae-4b6b-a282-02ee9ad4c396/none_v3" "tx95d63785dc2b40bfafe2b-006a2d5b43" "proxy-server 20" 0.0088 "-" 22 0
Jun 13 13:29:39 standalone proxy-server[128869]: 172.18.0.2 172.18.0.100 13/Jun/2026/13/29/39 PUT /v1/AUTH_c19669d901a14802a725c4a9e71c0e28/gnocchi.5fceaea0-ddae-4b6b-a282-02ee9ad4c396/none_v3 HTTP/1.0 201 - python-swiftclient-3.11.1 gAAAAABqLVq57q7Q... 22 - - tx95d63785dc2b40bfafe2b-006a2d5b43 - 0.0189 - - 1781357379.768098831 1781357379.786977768 0
Jun 13 13:29:39 standalone container-server[126778]: 172.20.0.100 - - [13/Jun/2026:13:29:39 +0000] "HEAD /d1/921/AUTH_c19669d901a14802a725c4a9e71c0e28/gnocchi.1ed688e0-e01c-4eb1-8233-36dd9be3aad2" 404 - "HEAD http://172.18.0.2:8080/v1/AUTH_c19669d901a14802a725c4a9e71c0e28/gnocchi.1ed688e0-e01c-4eb1-8233-36dd9be3aad2?format=json&states=listing" "tx8cd41730089242e99a725-006a2d5b43" "proxy-server 20" 0.0007 "-" 23 0
Jun 13 13:29:39 standalone object-server[126996]: 172.20.0.100 - - [13/Jun/2026:13:29:39 +0000] "GET /d1/137/AUTH_c19669d901a14802a725c4a9e71c0e28/gnocchi.1ed688e0-e01c-4eb1-8233-36dd9be3aad2/none_v3" 404 70 "GET http://172.18.0.2:8080/v1/AUTH_c19669d901a14802a725c4a9e71c0e28/gnocchi.1ed688e0-e01c-4eb1-8233-36dd9be3aad2/none_v3" "tx8cd41730089242e99a725-006a2d5b43" "proxy-server 20" 0.0003 "-" 25 0
Jun 13 13:29:39 standalone proxy-server[128869]: 172.18.0.2 172.18.0.100 13/Jun/2026/13/29/39 GET /v1/AUTH_c19669d901a14802a725c4a9e71c0e28/gnocchi.1ed688e0-e01c-4eb1-8233-36dd9be3aad2/none_v3 HTTP/1.0 404 - python-swiftclient-3.11.1 gAAAAABqLVq57q7Q... - 70 - tx8cd41730089242e99a725-006a2d5b43 - 0.0138 - - 1781357379.803226709 1781357379.816987991 0
Jun 13 13:29:39 standalone account-server[126744]: 172.20.0.100 - - [13/Jun/2026:13:29:39 +0000] "PUT /d1/10/AUTH_c19669d901a14802a725c4a9e71c0e28/gnocchi.1ed688e0-e01c-4eb1-8233-36dd9be3aad2" 201 - "PUT http://172.20.0.100:6001/d1/921/AUTH_c19669d901a14802a725c4a9e71c0e28/gnocchi.1ed688e0-e01c-4eb1-8233-36dd9be3aad2" "tx416f1a153e8f4d1da8f59-006a2d5b43" "container-server 22" 0.0064 "-" 21 0
Jun 13 13:29:39 standalone container-server[126776]: 172.20.0.100 - - [13/Jun/2026:13:29:39 +0000] "PUT /d1/921/AUTH_c19669d901a14802a725c4a9e71c0e28/gnocchi.1ed688e0-e01c-4eb1-8233-36dd9be3aad2" 201 - "PUT http://172.18.0.2:8080/v1/AUTH_c19669d901a14802a725c4a9e71c0e28/gnocchi.1ed688e0-e01c-4eb1-8233-36dd9be3aad2" "tx416f1a153e8f4d1da8f59-006a2d5b43" "proxy-server 20" 0.0288 "-" 22 0
Jun 13 13:29:39 standalone proxy-server[128869]: 172.18.0.2 172.18.0.100 13/Jun/2026/13/29/39 PUT /v1/AUTH_c19669d901a14802a725c4a9e71c0e28/gnocchi.1ed688e0-e01c-4eb1-8233-36dd9be3aad2 HTTP/1.0 201 - python-swiftclient-3.11.1 gAAAAABqLVq57q7Q... - - - tx416f1a153e8f4d1da8f59-006a2d5b43 - 0.0374 - - 1781357379.820859909 1781357379.858254910 0
Jun 13 13:29:39 standalone container-server[126774]: 172.20.0.100 - - [13/Jun/2026:13:29:39 +0000] "HEAD /d1/921/AUTH_c19669d901a14802a725c4a9e71c0e28/gnocchi.1ed688e0-e01c-4eb1-8233-36dd9be3aad2" 204 - "HEAD http://172.18.0.2:8080/v1/AUTH_c19669d901a14802a725c4a9e71c0e28/gnocchi.1ed688e0-e01c-4eb1-8233-36dd9be3aad2?format=json&states=listing" "txa6162f050fed4f7a93eb9-006a2d5b43" "proxy-server 20" 0.0033 "-" 21 0
Jun 13 13:29:39 standalone proxy-server[128869]: - - 13/Jun/2026/13/29/39 HEAD /v1/AUTH_c19669d901a14802a725c4a9e71c0e28/gnocchi.1ed688e0-e01c-4eb1-8233-36dd9be3aad2%3Fformat%3Djson%26states%3Dlisting HTTP/1.0 204 - Swift - - - - txa6162f050fed4f7a93eb9-006a2d5b43 - 0.0099 RL - 1781357379.865551710 1781357379.875422716 0
Jun 13 13:29:39 standalone container-server[126772]: 172.20.0.100 - - [13/Jun/2026:13:29:39 +0000] "GET /d1/921/AUTH_c19669d901a14802a725c4a9e71c0e28/gnocchi.1ed688e0-e01c-4eb1-8233-36dd9be3aad2" 200 2 "GET http://172.18.0.2:8080/v1/AUTH_c19669d901a14802a725c4a9e71c0e28/gnocchi.1ed688e0-e01c-4eb1-8233-36dd9be3aad2?format=json&states=listing" "txa6162f050fed4f7a93eb9-006a2d5b43" "proxy-server 20" 0.0019 "-" 20 0
Jun 13 13:29:39 standalone proxy-server[128869]: 172.18.0.2 172.18.0.100 13/Jun/2026/13/29/39 GET /v1/AUTH_c19669d901a14802a725c4a9e71c0e28/gnocchi.1ed688e0-e01c-4eb1-8233-36dd9be3aad2%3Fformat%3Djson%26states%3Dlisting HTTP/1.0 200 - python-swiftclient-3.11.1 gAAAAABqLVq57q7Q... - 2 - txa6162f050fed4f7a93eb9-006a2d5b43 - 0.0247 - - 1781357379.863508940 1781357379.888190031 0
Jun 13 13:29:39 standalone object-server[126993]: 172.20.0.100 - - [13/Jun/2026:13:29:39 +0000] "GET /d1/920/AUTH_c19669d901a14802a725c4a9e71c0e28/gnocchi.1ed688e0-e01c-4eb1-8233-36dd9be3aad2/1780920000.0_mean_300.0_v3" 404 70 "GET http://172.18.0.2:8080/v1/AUTH_c19669d901a14802a725c4a9e71c0e28/gnocchi.1ed688e0-e01c-4eb1-8233-36dd9be3aad2/1780920000.0_mean_300.0_v3" "tx90d4fa72a68e426e9cc9b-006a2d5b43" "proxy-server 20" 0.0007 "-" 23 0
Jun 13 13:29:39 standalone proxy-server[128869]: 172.18.0.2 172.18.0.100 13/Jun/2026/13/29/39 GET /v1/AUTH_c19669d901a14802a725c4a9e71c0e28/gnocchi.1ed688e0-e01c-4eb1-8233-36dd9be3aad2/1780920000.0_mean_300.0_v3 HTTP/1.0 404 - python-swiftclient-3.11.1 gAAAAABqLVq57q7Q... - 70 - tx90d4fa72a68e426e9cc9b-006a2d5b43 - 0.0106 - - 1781357379.893712044 1781357379.904319525 0
Jun 13 13:29:39 standalone container-server[126776]: 172.20.0.100 - - [13/Jun/2026:13:29:39 +0000] "PUT /d1/921/AUTH_c19669d901a14802a725c4a9e71c0e28/gnocchi.1ed688e0-e01c-4eb1-8233-36dd9be3aad2/1780920000.0_mean_300.0_v3" 201 - "PUT http://172.18.0.2:8080/d1/920/AUTH_c19669d901a14802a725c4a9e71c0e28/gnocchi.1ed688e0-e01c-4eb1-8233-36dd9be3aad2/1780920000.0_mean_300.0_v3" "tx3c76a844e27c4678805ee-006a2d5b43" "object-server 23" 0.0009 "-" 22 0
Jun 13 13:29:39 standalone object-server[126993]: 172.20.0.100 - - [13/Jun/2026:13:29:39 +0000] "PUT /d1/920/AUTH_c19669d901a14802a725c4a9e71c0e28/gnocchi.1ed688e0-e01c-4eb1-8233-36dd9be3aad2/1780920000.0_mean_300.0_v3" 201 - "PUT http://172.18.0.2:8080/v1/AUTH_c19669d901a14802a725c4a9e71c0e28/gnocchi.1ed688e0-e01c-4eb1-8233-36dd9be3aad2/1780920000.0_mean_300.0_v3" "tx3c76a844e27c4678805ee-006a2d5b43" "proxy-server 20" 0.0161 "-" 23 0
Jun 13 13:29:39 standalone proxy-server[128869]: 172.18.0.2 172.18.0.100 13/Jun/2026/13/29/39 PUT /v1/AUTH_c19669d901a14802a725c4a9e71c0e28/gnocchi.1ed688e0-e01c-4eb1-8233-36dd9be3aad2/1780920000.0_mean_300.0_v3 HTTP/1.0 201 - python-swiftclient-3.11.1 gAAAAABqLVq57q7Q... 16 - - tx3c76a844e27c4678805ee-006a2d5b43 - 0.0259 - - 1781357379.908764362 1781357379.934698343 0
Jun 13 13:29:39 standalone container-server[126778]: 172.20.0.100 - - [13/Jun/2026:13:29:39 +0000] "PUT /d1/921/AUTH_c19669d901a14802a725c4a9e71c0e28/gnocchi.1ed688e0-e01c-4eb1-8233-36dd9be3aad2/none_v3" 201 - "PUT http://172.18.0.2:8080/d1/137/AUTH_c19669d901a14802a725c4a9e71c0e28/gnocchi.1ed688e0-e01c-4eb1-8233-36dd9be3aad2/none_v3" "txc98a485969fe4dad8fc49-006a2d5b43" "object-server 25" 0.0007 "-" 23 0
Jun 13 13:29:39 standalone object-server[126996]: 172.20.0.100 - - [13/Jun/2026:13:29:39 +0000] "PUT /d1/137/AUTH_c19669d901a14802a725c4a9e71c0e28/gnocchi.1ed688e0-e01c-4eb1-8233-36dd9be3aad2/none_v3" 201 - "PUT http://172.18.0.2:8080/v1/AUTH_c19669d901a14802a725c4a9e71c0e28/gnocchi.1ed688e0-e01c-4eb1-8233-36dd9be3aad2/none_v3" "txc98a485969fe4dad8fc49-006a2d5b43" "proxy-server 20" 0.0107 "-" 25 0
Jun 13 13:29:39 standalone proxy-server[128869]: 172.18.0.2 172.18.0.100 13/Jun/2026/13/29/39 PUT /v1/AUTH_c19669d901a14802a725c4a9e71c0e28/gnocchi.1ed688e0-e01c-4eb1-8233-36dd9be3aad2/none_v3 HTTP/1.0 201 - python-swiftclient-3.11.1 gAAAAABqLVq57q7Q... 22 - - txc98a485969fe4dad8fc49-006a2d5b43 - 0.0198 - - 1781357379.939260006 1781357379.959038496 0
Jun 13 13:29:39 standalone container-server[126772]: 172.20.0.100 - - [13/Jun/2026:13:29:39 +0000] "HEAD /d1/387/AUTH_c19669d901a14802a725c4a9e71c0e28/gnocchi.1a986962-e07d-46dc-a33b-b6c2a091085d" 404 - "HEAD http://172.18.0.2:8080/v1/AUTH_c19669d901a14802a725c4a9e71c0e28/gnocchi.1a986962-e07d-46dc-a33b-b6c2a091085d?format=json&states=listing" "tx4c63f238bfdd4ce9a8b35-006a2d5b43" "proxy-server 20" 0.0010 "-" 20 0
Jun 13 13:29:39 standalone object-server[126994]: 172.20.0.100 - - [13/Jun/2026:13:29:39 +0000] "GET /d1/373/AUTH_c19669d901a14802a725c4a9e71c0e28/gnocchi.1a986962-e07d-46dc-a33b-b6c2a091085d/none_v3" 404 70 "GET http://172.18.0.2:8080/v1/AUTH_c19669d901a14802a725c4a9e71c0e28/gnocchi.1a986962-e07d-46dc-a33b-b6c2a091085d/none_v3" "tx4c63f238bfdd4ce9a8b35-006a2d5b43" "proxy-server 20" 0.0011 "-" 24 0
Jun 13 13:29:39 standalone proxy-server[128869]: 172.18.0.2 172.18.0.100 13/Jun/2026/13/29/39 GET /v1/AUTH_c19669d901a14802a725c4a9e71c0e28/gnocchi.1a986962-e07d-46dc-a33b-b6c2a091085d/none_v3 HTTP/1.0 404 - python-swiftclient-3.11.1 gAAAAABqLVq57q7Q... - 70 - tx4c63f238bfdd4ce9a8b35-006a2d5b43 - 0.0161 - - 1781357379.977786303 1781357379.993906498 0
Jun 13 13:29:40 standalone account-server[126751]: 172.20.0.100 - - [13/Jun/2026:13:29:40 +0000] "PUT /d1/10/AUTH_c19669d901a14802a725c4a9e71c0e28/gnocchi.1a986962-e07d-46dc-a33b-b6c2a091085d" 201 - "PUT http://172.20.0.100:6001/d1/387/AUTH_c19669d901a14802a725c4a9e71c0e28/gnocchi.1a986962-e07d-46dc-a33b-b6c2a091085d" "tx50e977c93e5b4d15b86ab-006a2d5b43" "container-server 21" 0.0368 "-" 22 0
Jun 13 13:29:40 standalone container-server[126774]: 172.20.0.100 - - [13/Jun/2026:13:29:40 +0000] "PUT /d1/387/AUTH_c19669d901a14802a725c4a9e71c0e28/gnocchi.1a986962-e07d-46dc-a33b-b6c2a091085d" 201 - "PUT http://172.18.0.2:8080/v1/AUTH_c19669d901a14802a725c4a9e71c0e28/gnocchi.1a986962-e07d-46dc-a33b-b6c2a091085d" "tx50e977c93e5b4d15b86ab-006a2d5b43" "proxy-server 20" 0.0553 "-" 21 0
Jun 13 13:29:40 standalone proxy-server[128869]: 172.18.0.2 172.18.0.100 13/Jun/2026/13/29/40 PUT /v1/AUTH_c19669d901a14802a725c4a9e71c0e28/gnocchi.1a986962-e07d-46dc-a33b-b6c2a091085d HTTP/1.0 201 - python-swiftclient-3.11.1 gAAAAABqLVq57q7Q... - - - tx50e977c93e5b4d15b86ab-006a2d5b43 - 0.0649 - - 1781357379.997584581 1781357380.062437534 0
Jun 13 13:29:40 standalone container-server[126774]: 172.20.0.100 - - [13/Jun/2026:13:29:40 +0000] "HEAD /d1/387/AUTH_c19669d901a14802a725c4a9e71c0e28/gnocchi.1a986962-e07d-46dc-a33b-b6c2a091085d" 204 - "HEAD http://172.18.0.2:8080/v1/AUTH_c19669d901a14802a725c4a9e71c0e28/gnocchi.1a986962-e07d-46dc-a33b-b6c2a091085d?format=json&states=listing" "tx92d110999bc343d7bac56-006a2d5b44" "proxy-server 20" 0.0028 "-" 21 0
Jun 13 13:29:40 standalone proxy-server[128869]: - - 13/Jun/2026/13/29/40 HEAD /v1/AUTH_c19669d901a14802a725c4a9e71c0e28/gnocchi.1a986962-e07d-46dc-a33b-b6c2a091085d%3Fformat%3Djson%26states%3Dlisting HTTP/1.0 204 - Swift - - - - tx92d110999bc343d7bac56-006a2d5b44 - 0.0091 RL - 1781357380.071142673 1781357380.080244064 0
Jun 13 13:29:40 standalone container-server[126772]: 172.20.0.100 - - [13/Jun/2026:13:29:40 +0000] "GET /d1/387/AUTH_c19669d901a14802a725c4a9e71c0e28/gnocchi.1a986962-e07d-46dc-a33b-b6c2a091085d" 200 2 "GET http://172.18.0.2:8080/v1/AUTH_c19669d901a14802a725c4a9e71c0e28/gnocchi.1a986962-e07d-46dc-a33b-b6c2a091085d?format=json&states=listing" "tx92d110999bc343d7bac56-006a2d5b44" "proxy-server 20" 0.0018 "-" 20 0
Jun 13 13:29:40 standalone proxy-server[128869]: 172.18.0.2 172.18.0.100 13/Jun/2026/13/29/40 GET /v1/AUTH_c19669d901a14802a725c4a9e71c0e28/gnocchi.1a986962-e07d-46dc-a33b-b6c2a091085d%3Fformat%3Djson%26states%3Dlisting HTTP/1.0 200 - python-swiftclient-3.11.1 gAAAAABqLVq57q7Q... - 2 - tx92d110999bc343d7bac56-006a2d5b44 - 0.0253 - - 1781357380.069562674 1781357380.094839334 0
Jun 13 13:29:40 standalone object-server[126994]: 172.20.0.100 - - [13/Jun/2026:13:29:40 +0000] "GET /d1/489/AUTH_c19669d901a14802a725c4a9e71c0e28/gnocchi.1a986962-e07d-46dc-a33b-b6c2a091085d/1780920000.0_mean_300.0_v3" 404 70 "GET http://172.18.0.2:8080/v1/AUTH_c19669d901a14802a725c4a9e71c0e28/gnocchi.1a986962-e07d-46dc-a33b-b6c2a091085d/1780920000.0_mean_300.0_v3" "tx7e18e75e340c4e3d8b7cd-006a2d5b44" "proxy-server 20" 0.0006 "-" 24 0
