Jun 13 13:28:29 standalone proxy-server[128869]: 172.18.0.2 172.18.0.100 13/Jun/2026/13/28/29 PUT /v1/AUTH_c19669d901a14802a725c4a9e71c0e28/gnocchi.88b9293a-a484-4156-8eec-10708bcf2dc6/1780920000.0_mean_300.0_v3 HTTP/1.0 201 - python-swiftclient-3.11.1 gAAAAABqLVq57q7Q... 16 - - tx684013442f124a3fb245d-006a2d5afc - 0.0920 - - 1781357308.909161806 1781357309.001138210 0
Jun 13 13:28:29 standalone container-server[126778]: 172.20.0.100 - - [13/Jun/2026:13:28:29 +0000] "PUT /d1/791/AUTH_c19669d901a14802a725c4a9e71c0e28/gnocchi.88b9293a-a484-4156-8eec-10708bcf2dc6/none_v3" 201 - "PUT http://172.18.0.2:8080/d1/325/AUTH_c19669d901a14802a725c4a9e71c0e28/gnocchi.88b9293a-a484-4156-8eec-10708bcf2dc6/none_v3" "tx6c088a2c9d37428082e54-006a2d5afd" "object-server 23" 0.0007 "-" 23 0
Jun 13 13:28:29 standalone object-server[126993]: 172.20.0.100 - - [13/Jun/2026:13:28:29 +0000] "PUT /d1/325/AUTH_c19669d901a14802a725c4a9e71c0e28/gnocchi.88b9293a-a484-4156-8eec-10708bcf2dc6/none_v3" 201 - "PUT http://172.18.0.2:8080/v1/AUTH_c19669d901a14802a725c4a9e71c0e28/gnocchi.88b9293a-a484-4156-8eec-10708bcf2dc6/none_v3" "tx6c088a2c9d37428082e54-006a2d5afd" "proxy-server 20" 0.0154 "-" 23 0
Jun 13 13:28:29 standalone proxy-server[128869]: 172.18.0.2 172.18.0.100 13/Jun/2026/13/28/29 PUT /v1/AUTH_c19669d901a14802a725c4a9e71c0e28/gnocchi.88b9293a-a484-4156-8eec-10708bcf2dc6/none_v3 HTTP/1.0 201 - python-swiftclient-3.11.1 gAAAAABqLVq57q7Q... 22 - - tx6c088a2c9d37428082e54-006a2d5afd - 0.0381 - - 1781357309.007638216 1781357309.045716524 0
Jun 13 13:28:29 standalone container-server[126778]: 172.20.0.100 - - [13/Jun/2026:13:28:29 +0000] "HEAD /d1/49/AUTH_c19669d901a14802a725c4a9e71c0e28/gnocchi.d02226b3-e6a3-4569-bb3b-ae0fe03a12c9" 404 - "HEAD http://172.18.0.2:8080/v1/AUTH_c19669d901a14802a725c4a9e71c0e28/gnocchi.d02226b3-e6a3-4569-bb3b-ae0fe03a12c9?format=json&states=listing" "tx576dfb75e77241ec819ed-006a2d5afd" "proxy-server 20" 0.0005 "-" 23 0
Jun 13 13:28:29 standalone object-server[126996]: 172.20.0.100 - - [13/Jun/2026:13:28:29 +0000] "GET /d1/121/AUTH_c19669d901a14802a725c4a9e71c0e28/gnocchi.d02226b3-e6a3-4569-bb3b-ae0fe03a12c9/none_v3" 404 70 "GET http://172.18.0.2:8080/v1/AUTH_c19669d901a14802a725c4a9e71c0e28/gnocchi.d02226b3-e6a3-4569-bb3b-ae0fe03a12c9/none_v3" "tx576dfb75e77241ec819ed-006a2d5afd" "proxy-server 20" 0.0006 "-" 25 0
Jun 13 13:28:29 standalone proxy-server[128869]: 172.18.0.2 172.18.0.100 13/Jun/2026/13/28/29 GET /v1/AUTH_c19669d901a14802a725c4a9e71c0e28/gnocchi.d02226b3-e6a3-4569-bb3b-ae0fe03a12c9/none_v3 HTTP/1.0 404 - python-swiftclient-3.11.1 gAAAAABqLVq57q7Q... - 70 - tx576dfb75e77241ec819ed-006a2d5afd - 0.0184 - - 1781357309.068065882 1781357309.086480379 0
Jun 13 13:28:29 standalone account-server[126760]: 172.20.0.100 - - [13/Jun/2026:13:28:29 +0000] "PUT /d1/10/AUTH_c19669d901a14802a725c4a9e71c0e28/gnocchi.d02226b3-e6a3-4569-bb3b-ae0fe03a12c9" 201 - "PUT http://172.20.0.100:6001/d1/49/AUTH_c19669d901a14802a725c4a9e71c0e28/gnocchi.d02226b3-e6a3-4569-bb3b-ae0fe03a12c9" "txafbd147ab35c4c32b2715-006a2d5afd" "container-server 20" 0.0054 "-" 23 0
Jun 13 13:28:29 standalone container-server[126772]: 172.20.0.100 - - [13/Jun/2026:13:28:29 +0000] "PUT /d1/49/AUTH_c19669d901a14802a725c4a9e71c0e28/gnocchi.d02226b3-e6a3-4569-bb3b-ae0fe03a12c9" 201 - "PUT http://172.18.0.2:8080/v1/AUTH_c19669d901a14802a725c4a9e71c0e28/gnocchi.d02226b3-e6a3-4569-bb3b-ae0fe03a12c9" "txafbd147ab35c4c32b2715-006a2d5afd" "proxy-server 20" 0.0190 "-" 20 0
Jun 13 13:28:29 standalone proxy-server[128869]: 172.18.0.2 172.18.0.100 13/Jun/2026/13/28/29 PUT /v1/AUTH_c19669d901a14802a725c4a9e71c0e28/gnocchi.d02226b3-e6a3-4569-bb3b-ae0fe03a12c9 HTTP/1.0 201 - python-swiftclient-3.11.1 gAAAAABqLVq57q7Q... - - - txafbd147ab35c4c32b2715-006a2d5afd - 0.0265 - - 1781357309.092087746 1781357309.118562460 0
Jun 13 13:28:29 standalone container-server[126776]: 172.20.0.100 - - [13/Jun/2026:13:28:29 +0000] "HEAD /d1/49/AUTH_c19669d901a14802a725c4a9e71c0e28/gnocchi.d02226b3-e6a3-4569-bb3b-ae0fe03a12c9" 204 - "HEAD http://172.18.0.2:8080/v1/AUTH_c19669d901a14802a725c4a9e71c0e28/gnocchi.d02226b3-e6a3-4569-bb3b-ae0fe03a12c9?format=json&states=listing" "tx34589b1f28ba45f4a12d7-006a2d5afd" "proxy-server 20" 0.0013 "-" 22 0
Jun 13 13:28:29 standalone proxy-server[128869]: - - 13/Jun/2026/13/28/29 HEAD /v1/AUTH_c19669d901a14802a725c4a9e71c0e28/gnocchi.d02226b3-e6a3-4569-bb3b-ae0fe03a12c9%3Fformat%3Djson%26states%3Dlisting HTTP/1.0 204 - Swift - - - - tx34589b1f28ba45f4a12d7-006a2d5afd - 0.0068 RL - 1781357309.126765251 1781357309.133531809 0
Jun 13 13:28:29 standalone container-server[126772]: 172.20.0.100 - - [13/Jun/2026:13:28:29 +0000] "GET /d1/49/AUTH_c19669d901a14802a725c4a9e71c0e28/gnocchi.d02226b3-e6a3-4569-bb3b-ae0fe03a12c9" 200 2 "GET http://172.18.0.2:8080/v1/AUTH_c19669d901a14802a725c4a9e71c0e28/gnocchi.d02226b3-e6a3-4569-bb3b-ae0fe03a12c9?format=json&states=listing" "tx34589b1f28ba45f4a12d7-006a2d5afd" "proxy-server 20" 0.0025 "-" 20 0
Jun 13 13:28:29 standalone proxy-server[128869]: 172.18.0.2 172.18.0.100 13/Jun/2026/13/28/29 GET /v1/AUTH_c19669d901a14802a725c4a9e71c0e28/gnocchi.d02226b3-e6a3-4569-bb3b-ae0fe03a12c9%3Fformat%3Djson%26states%3Dlisting HTTP/1.0 200 - python-swiftclient-3.11.1 gAAAAABqLVq57q7Q... - 2 - tx34589b1f28ba45f4a12d7-006a2d5afd - 0.0217 - - 1781357309.124830008 1781357309.146487474 0
Jun 13 13:28:29 standalone object-server[126996]: 172.20.0.100 - - [13/Jun/2026:13:28:29 +0000] "GET /d1/719/AUTH_c19669d901a14802a725c4a9e71c0e28/gnocchi.d02226b3-e6a3-4569-bb3b-ae0fe03a12c9/1780920000.0_mean_300.0_v3" 404 70 "GET http://172.18.0.2:8080/v1/AUTH_c19669d901a14802a725c4a9e71c0e28/gnocchi.d02226b3-e6a3-4569-bb3b-ae0fe03a12c9/1780920000.0_mean_300.0_v3" "tx047ce7f4abf64113a40c9-006a2d5afd" "proxy-server 20" 0.0005 "-" 25 0
Jun 13 13:28:29 standalone proxy-server[128869]: 172.18.0.2 172.18.0.100 13/Jun/2026/13/28/29 GET /v1/AUTH_c19669d901a14802a725c4a9e71c0e28/gnocchi.d02226b3-e6a3-4569-bb3b-ae0fe03a12c9/1780920000.0_mean_300.0_v3 HTTP/1.0 404 - python-swiftclient-3.11.1 gAAAAABqLVq57q7Q... - 70 - tx047ce7f4abf64113a40c9-006a2d5afd - 0.0090 - - 1781357309.153438807 1781357309.162482977 0
Jun 13 13:28:29 standalone container-server[126778]: 172.20.0.100 - - [13/Jun/2026:13:28:29 +0000] "PUT /d1/49/AUTH_c19669d901a14802a725c4a9e71c0e28/gnocchi.d02226b3-e6a3-4569-bb3b-ae0fe03a12c9/1780920000.0_mean_300.0_v3" 201 - "PUT http://172.18.0.2:8080/d1/719/AUTH_c19669d901a14802a725c4a9e71c0e28/gnocchi.d02226b3-e6a3-4569-bb3b-ae0fe03a12c9/1780920000.0_mean_300.0_v3" "tx9c38950bf3d942b5bee33-006a2d5afd" "object-server 23" 0.0009 "-" 23 0
Jun 13 13:28:29 standalone object-server[126993]: 172.20.0.100 - - [13/Jun/2026:13:28:29 +0000] "PUT /d1/719/AUTH_c19669d901a14802a725c4a9e71c0e28/gnocchi.d02226b3-e6a3-4569-bb3b-ae0fe03a12c9/1780920000.0_mean_300.0_v3" 201 - "PUT http://172.18.0.2:8080/v1/AUTH_c19669d901a14802a725c4a9e71c0e28/gnocchi.d02226b3-e6a3-4569-bb3b-ae0fe03a12c9/1780920000.0_mean_300.0_v3" "tx9c38950bf3d942b5bee33-006a2d5afd" "proxy-server 20" 0.0132 "-" 23 0
Jun 13 13:28:29 standalone proxy-server[128869]: 172.18.0.2 172.18.0.100 13/Jun/2026/13/28/29 PUT /v1/AUTH_c19669d901a14802a725c4a9e71c0e28/gnocchi.d02226b3-e6a3-4569-bb3b-ae0fe03a12c9/1780920000.0_mean_300.0_v3 HTTP/1.0 201 - python-swiftclient-3.11.1 gAAAAABqLVq57q7Q... 16 - - tx9c38950bf3d942b5bee33-006a2d5afd - 0.0214 - - 1781357309.165693998 1781357309.187093735 0
Jun 13 13:28:29 standalone container-server[126772]: 172.20.0.100 - - [13/Jun/2026:13:28:29 +0000] "PUT /d1/49/AUTH_c19669d901a14802a725c4a9e71c0e28/gnocchi.d02226b3-e6a3-4569-bb3b-ae0fe03a12c9/none_v3" 201 - "PUT http://172.18.0.2:8080/d1/121/AUTH_c19669d901a14802a725c4a9e71c0e28/gnocchi.d02226b3-e6a3-4569-bb3b-ae0fe03a12c9/none_v3" "tx24abad97e05d46eb9a289-006a2d5afd" "object-server 25" 0.0008 "-" 20 0
Jun 13 13:28:29 standalone object-server[126996]: 172.20.0.100 - - [13/Jun/2026:13:28:29 +0000] "PUT /d1/121/AUTH_c19669d901a14802a725c4a9e71c0e28/gnocchi.d02226b3-e6a3-4569-bb3b-ae0fe03a12c9/none_v3" 201 - "PUT http://172.18.0.2:8080/v1/AUTH_c19669d901a14802a725c4a9e71c0e28/gnocchi.d02226b3-e6a3-4569-bb3b-ae0fe03a12c9/none_v3" "tx24abad97e05d46eb9a289-006a2d5afd" "proxy-server 20" 0.0106 "-" 25 0
Jun 13 13:28:29 standalone proxy-server[128869]: 172.18.0.2 172.18.0.100 13/Jun/2026/13/28/29 PUT /v1/AUTH_c19669d901a14802a725c4a9e71c0e28/gnocchi.d02226b3-e6a3-4569-bb3b-ae0fe03a12c9/none_v3 HTTP/1.0 201 - python-swiftclient-3.11.1 gAAAAABqLVq57q7Q... 22 - - tx24abad97e05d46eb9a289-006a2d5afd - 0.0169 - - 1781357309.190211535 1781357309.207127094 0
Jun 13 13:28:29 standalone container-server[126776]: 172.20.0.100 - - [13/Jun/2026:13:28:29 +0000] "HEAD /d1/922/AUTH_c19669d901a14802a725c4a9e71c0e28/gnocchi.abcb984f-a7b1-4a1b-a5c9-b4274df5efea" 404 - "HEAD http://172.18.0.2:8080/v1/AUTH_c19669d901a14802a725c4a9e71c0e28/gnocchi.abcb984f-a7b1-4a1b-a5c9-b4274df5efea?format=json&states=listing" "tx6701b4cde2374924b13a6-006a2d5afd" "proxy-server 20" 0.0005 "-" 22 0
Jun 13 13:28:29 standalone object-server[126990]: 172.20.0.100 - - [13/Jun/2026:13:28:29 +0000] "GET /d1/911/AUTH_c19669d901a14802a725c4a9e71c0e28/gnocchi.abcb984f-a7b1-4a1b-a5c9-b4274df5efea/none_v3" 404 70 "GET http://172.18.0.2:8080/v1/AUTH_c19669d901a14802a725c4a9e71c0e28/gnocchi.abcb984f-a7b1-4a1b-a5c9-b4274df5efea/none_v3" "tx6701b4cde2374924b13a6-006a2d5afd" "proxy-server 20" 0.0005 "-" 22 0
Jun 13 13:28:29 standalone proxy-server[128869]: 172.18.0.2 172.18.0.100 13/Jun/2026/13/28/29 GET /v1/AUTH_c19669d901a14802a725c4a9e71c0e28/gnocchi.abcb984f-a7b1-4a1b-a5c9-b4274df5efea/none_v3 HTTP/1.0 404 - python-swiftclient-3.11.1 gAAAAABqLVq57q7Q... - 70 - tx6701b4cde2374924b13a6-006a2d5afd - 0.0113 - - 1781357309.307061672 1781357309.318358183 0
Jun 13 13:28:29 standalone account-server[126751]: 172.20.0.100 - - [13/Jun/2026:13:28:29 +0000] "PUT /d1/10/AUTH_c19669d901a14802a725c4a9e71c0e28/gnocchi.abcb984f-a7b1-4a1b-a5c9-b4274df5efea" 201 - "PUT http://172.20.0.100:6001/d1/922/AUTH_c19669d901a14802a725c4a9e71c0e28/gnocchi.abcb984f-a7b1-4a1b-a5c9-b4274df5efea" "txd36f66209eac4e16b4481-006a2d5afd" "container-server 23" 0.0049 "-" 22 0
Jun 13 13:28:29 standalone container-server[126778]: 172.20.0.100 - - [13/Jun/2026:13:28:29 +0000] "PUT /d1/922/AUTH_c19669d901a14802a725c4a9e71c0e28/gnocchi.abcb984f-a7b1-4a1b-a5c9-b4274df5efea" 201 - "PUT http://172.18.0.2:8080/v1/AUTH_c19669d901a14802a725c4a9e71c0e28/gnocchi.abcb984f-a7b1-4a1b-a5c9-b4274df5efea" "txd36f66209eac4e16b4481-006a2d5afd" "proxy-server 20" 0.0161 "-" 23 0
Jun 13 13:28:29 standalone proxy-server[128869]: 172.18.0.2 172.18.0.100 13/Jun/2026/13/28/29 PUT /v1/AUTH_c19669d901a14802a725c4a9e71c0e28/gnocchi.abcb984f-a7b1-4a1b-a5c9-b4274df5efea HTTP/1.0 201 - python-swiftclient-3.11.1 gAAAAABqLVq57q7Q... - - - txd36f66209eac4e16b4481-006a2d5afd - 0.0216 - - 1781357309.320810318 1781357309.342396259 0
Jun 13 13:28:29 standalone container-server[126776]: 172.20.0.100 - - [13/Jun/2026:13:28:29 +0000] "HEAD /d1/922/AUTH_c19669d901a14802a725c4a9e71c0e28/gnocchi.abcb984f-a7b1-4a1b-a5c9-b4274df5efea" 204 - "HEAD http://172.18.0.2:8080/v1/AUTH_c19669d901a14802a725c4a9e71c0e28/gnocchi.abcb984f-a7b1-4a1b-a5c9-b4274df5efea?format=json&states=listing" "tx7de6531b468e48f6b2986-006a2d5afd" "proxy-server 20" 0.0011 "-" 22 0
Jun 13 13:28:29 standalone proxy-server[128869]: - - 13/Jun/2026/13/28/29 HEAD /v1/AUTH_c19669d901a14802a725c4a9e71c0e28/gnocchi.abcb984f-a7b1-4a1b-a5c9-b4274df5efea%3Fformat%3Djson%26states%3Dlisting HTTP/1.0 204 - Swift - - - - tx7de6531b468e48f6b2986-006a2d5afd - 0.0040 RL - 1781357309.346781969 1781357309.350737333 0
Jun 13 13:28:29 standalone container-server[126776]: 172.20.0.100 - - [13/Jun/2026:13:28:29 +0000] "GET /d1/922/AUTH_c19669d901a14802a725c4a9e71c0e28/gnocchi.abcb984f-a7b1-4a1b-a5c9-b4274df5efea" 200 2 "GET http://172.18.0.2:8080/v1/AUTH_c19669d901a14802a725c4a9e71c0e28/gnocchi.abcb984f-a7b1-4a1b-a5c9-b4274df5efea?format=json&states=listing" "tx7de6531b468e48f6b2986-006a2d5afd" "proxy-server 20" 0.0014 "-" 22 0
Jun 13 13:28:29 standalone proxy-server[128869]: 172.18.0.2 172.18.0.100 13/Jun/2026/13/28/29 GET /v1/AUTH_c19669d901a14802a725c4a9e71c0e28/gnocchi.abcb984f-a7b1-4a1b-a5c9-b4274df5efea%3Fformat%3Djson%26states%3Dlisting HTTP/1.0 200 - python-swiftclient-3.11.1 gAAAAABqLVq57q7Q... - 2 - tx7de6531b468e48f6b2986-006a2d5afd - 0.0128 - - 1781357309.345522404 1781357309.358274460 0
Jun 13 13:28:29 standalone object-server[126996]: 172.20.0.100 - - [13/Jun/2026:13:28:29 +0000] "GET /d1/755/AUTH_c19669d901a14802a725c4a9e71c0e28/gnocchi.abcb984f-a7b1-4a1b-a5c9-b4274df5efea/1780920000.0_mean_300.0_v3" 404 70 "GET http://172.18.0.2:8080/v1/AUTH_c19669d901a14802a725c4a9e71c0e28/gnocchi.abcb984f-a7b1-4a1b-a5c9-b4274df5efea/1780920000.0_mean_300.0_v3" "txe75905eb411c40e8b86fc-006a2d5afd" "proxy-server 20" 0.0004 "-" 25 0
Jun 13 13:28:29 standalone proxy-server[128869]: 172.18.0.2 172.18.0.100 13/Jun/2026/13/28/29 GET /v1/AUTH_c19669d901a14802a725c4a9e71c0e28/gnocchi.abcb984f-a7b1-4a1b-a5c9-b4274df5efea/1780920000.0_mean_300.0_v3 HTTP/1.0 404 - python-swiftclient-3.11.1 gAAAAABqLVq57q7Q... - 70 - txe75905eb411c40e8b86fc-006a2d5afd - 0.0062 - - 1781357309.361863613 1781357309.368064880 0
Jun 13 13:28:29 standalone container-server[126772]: 172.20.0.100 - - [13/Jun/2026:13:28:29 +0000] "PUT /d1/922/AUTH_c19669d901a14802a725c4a9e71c0e28/gnocchi.abcb984f-a7b1-4a1b-a5c9-b4274df5efea/1780920000.0_mean_300.0_v3" 201 - "PUT http://172.18.0.2:8080/d1/755/AUTH_c19669d901a14802a725c4a9e71c0e28/gnocchi.abcb984f-a7b1-4a1b-a5c9-b4274df5efea/1780920000.0_mean_300.0_v3" "tx71fb40190f8d458c9572b-006a2d5afd" "object-server 25" 0.0007 "-" 20 0
Jun 13 13:28:29 standalone object-server[126996]: 172.20.0.100 - - [13/Jun/2026:13:28:29 +0000] "PUT /d1/755/AUTH_c19669d901a14802a725c4a9e71c0e28/gnocchi.abcb984f-a7b1-4a1b-a5c9-b4274df5efea/1780920000.0_mean_300.0_v3" 201 - "PUT http://172.18.0.2:8080/v1/AUTH_c19669d901a14802a725c4a9e71c0e28/gnocchi.abcb984f-a7b1-4a1b-a5c9-b4274df5efea/1780920000.0_mean_300.0_v3" "tx71fb40190f8d458c9572b-006a2d5afd" "proxy-server 20" 0.0096 "-" 25 0
Jun 13 13:28:29 standalone proxy-server[128869]: 172.18.0.2 172.18.0.100 13/Jun/2026/13/28/29 PUT /v1/AUTH_c19669d901a14802a725c4a9e71c0e28/gnocchi.abcb984f-a7b1-4a1b-a5c9-b4274df5efea/1780920000.0_mean_300.0_v3 HTTP/1.0 201 - python-swiftclient-3.11.1 gAAAAABqLVq57q7Q... 16 - - tx71fb40190f8d458c9572b-006a2d5afd - 0.0155 - - 1781357309.370763302 1781357309.386251688 0
Jun 13 13:28:29 standalone container-server[126776]: 172.20.0.100 - - [13/Jun/2026:13:28:29 +0000] "PUT /d1/922/AUTH_c19669d901a14802a725c4a9e71c0e28/gnocchi.abcb984f-a7b1-4a1b-a5c9-b4274df5efea/none_v3" 201 - "PUT http://172.18.0.2:8080/d1/911/AUTH_c19669d901a14802a725c4a9e71c0e28/gnocchi.abcb984f-a7b1-4a1b-a5c9-b4274df5efea/none_v3" "txc71e5681717446bbb94f7-006a2d5afd" "object-server 25" 0.0004 "-" 22 0
Jun 13 13:28:29 standalone object-server[126996]: 172.20.0.100 - - [13/Jun/2026:13:28:29 +0000] "PUT /d1/911/AUTH_c19669d901a14802a725c4a9e71c0e28/gnocchi.abcb984f-a7b1-4a1b-a5c9-b4274df5efea/none_v3" 201 - "PUT http://172.18.0.2:8080/v1/AUTH_c19669d901a14802a725c4a9e71c0e28/gnocchi.abcb984f-a7b1-4a1b-a5c9-b4274df5efea/none_v3" "txc71e5681717446bbb94f7-006a2d5afd" "proxy-server 20" 0.0073 "-" 25 0
Jun 13 13:28:29 standalone proxy-server[128869]: 172.18.0.2 172.18.0.100 13/Jun/2026/13/28/29 PUT /v1/AUTH_c19669d901a14802a725c4a9e71c0e28/gnocchi.abcb984f-a7b1-4a1b-a5c9-b4274df5efea/none_v3 HTTP/1.0 201 - python-swiftclient-3.11.1 gAAAAABqLVq57q7Q... 22 - - txc71e5681717446bbb94f7-006a2d5afd - 0.0127 - - 1781357309.389598608 1781357309.402280331 0
Jun 13 13:28:29 standalone container-server[126772]: 172.20.0.100 - - [13/Jun/2026:13:28:29 +0000] "HEAD /d1/216/AUTH_c19669d901a14802a725c4a9e71c0e28/gnocchi.418a74d3-ad4d-4cd0-b885-2100290fa07e" 404 - "HEAD http://172.18.0.2:8080/v1/AUTH_c19669d901a14802a725c4a9e71c0e28/gnocchi.418a74d3-ad4d-4cd0-b885-2100290fa07e?format=json&states=listing" "tx39df0a4683d8444594b4c-006a2d5afd" "proxy-server 20" 0.0005 "-" 20 0
Jun 13 13:28:29 standalone object-server[126994]: 172.20.0.100 - - [13/Jun/2026:13:28:29 +0000] "GET /d1/327/AUTH_c19669d901a14802a725c4a9e71c0e28/gnocchi.418a74d3-ad4d-4cd0-b885-2100290fa07e/none_v3" 404 70 "GET http://172.18.0.2:8080/v1/AUTH_c19669d901a14802a725c4a9e71c0e28/gnocchi.418a74d3-ad4d-4cd0-b885-2100290fa07e/none_v3" "tx39df0a4683d8444594b4c-006a2d5afd" "proxy-server 20" 0.0006 "-" 24 0
Jun 13 13:28:29 standalone proxy-server[128869]: 172.18.0.2 172.18.0.100 13/Jun/2026/13/28/29 GET /v1/AUTH_c19669d901a14802a725c4a9e71c0e28/gnocchi.418a74d3-ad4d-4cd0-b885-2100290fa07e/none_v3 HTTP/1.0 404 - python-swiftclient-3.11.1 gAAAAABqLVq57q7Q... - 70 - tx39df0a4683d8444594b4c-006a2d5afd - 0.0122 - - 1781357309.467531919 1781357309.479728222 0
Jun 13 13:28:29 standalone account-server[126751]: 172.20.0.100 - - [13/Jun/2026:13:28:29 +0000] "PUT /d1/10/AUTH_c19669d901a14802a725c4a9e71c0e28/gnocchi.418a74d3-ad4d-4cd0-b885-2100290fa07e" 201 - "PUT http://172.20.0.100:6001/d1/216/AUTH_c19669d901a14802a725c4a9e71c0e28/gnocchi.418a74d3-ad4d-4cd0-b885-2100290fa07e" "tx8bfdc4c9795d468fbdc91-006a2d5afd" "container-server 22" 0.0055 "-" 22 0
Jun 13 13:28:29 standalone container-server[126776]: 172.20.0.100 - - [13/Jun/2026:13:28:29 +0000] "PUT /d1/216/AUTH_c19669d901a14802a725c4a9e71c0e28/gnocchi.418a74d3-ad4d-4cd0-b885-2100290fa07e" 201 - "PUT http://172.18.0.2:8080/v1/AUTH_c19669d901a14802a725c4a9e71c0e28/gnocchi.418a74d3-ad4d-4cd0-b885-2100290fa07e" "tx8bfdc4c9795d468fbdc91-006a2d5afd" "proxy-server 20" 0.0148 "-" 22 0
Jun 13 13:28:29 standalone proxy-server[128869]: 172.18.0.2 172.18.0.100 13/Jun/2026/13/28/29 PUT /v1/AUTH_c19669d901a14802a725c4a9e71c0e28/gnocchi.418a74d3-ad4d-4cd0-b885-2100290fa07e HTTP/1.0 201 - python-swiftclient-3.11.1 gAAAAABqLVq57q7Q... - - - tx8bfdc4c9795d468fbdc91-006a2d5afd - 0.0197 - - 1781357309.481919289 1781357309.501658678 0
Jun 13 13:28:29 standalone container-server[126772]: 172.20.0.100 - - [13/Jun/2026:13:28:29 +0000] "HEAD /d1/216/AUTH_c19669d901a14802a725c4a9e71c0e28/gnocchi.418a74d3-ad4d-4cd0-b885-2100290fa07e" 204 - "HEAD http://172.18.0.2:8080/v1/AUTH_c19669d901a14802a725c4a9e71c0e28/gnocchi.418a74d3-ad4d-4cd0-b885-2100290fa07e?format=json&states=listing" "tx87c167555ea64b629bfcb-006a2d5afd" "proxy-server 20" 0.0014 "-" 20 0
Jun 13 13:28:29 standalone proxy-server[128869]: - - 13/Jun/2026/13/28/29 HEAD /v1/AUTH_c19669d901a14802a725c4a9e71c0e28/gnocchi.418a74d3-ad4d-4cd0-b885-2100290fa07e%3Fformat%3Djson%26states%3Dlisting HTTP/1.0 204 - Swift - - - - tx87c167555ea64b629bfcb-006a2d5afd - 0.0051 RL - 1781357309.508276939 1781357309.513372421 0
Jun 13 13:28:29 standalone container-server[126778]: 172.20.0.100 - - [13/Jun/2026:13:28:29 +0000] "GET /d1/216/AUTH_c19669d901a14802a725c4a9e71c0e28/gnocchi.418a74d3-ad4d-4cd0-b885-2100290fa07e" 200 2 "GET http://172.18.0.2:8080/v1/AUTH_c19669d901a14802a725c4a9e71c0e28/gnocchi.418a74d3-ad4d-4cd0-b885-2100290fa07e?format=json&states=listing" "tx87c167555ea64b629bfcb-006a2d5afd" "proxy-server 20" 0.0020 "-" 23 0
Jun 13 13:28:29 standalone proxy-server[128869]: 172.18.0.2 172.18.0.100 13/Jun/2026/13/28/29 GET /v1/AUTH_c19669d901a14802a725c4a9e71c0e28/gnocchi.418a74d3-ad4d-4cd0-b885-2100290fa07e%3Fformat%3Djson%26states%3Dlisting HTTP/1.0 200 - python-swiftclient-3.11.1 gAAAAABqLVq57q7Q... - 2 - tx87c167555ea64b629bfcb-006a2d5afd - 0.0174 - - 1781357309.504586220 1781357309.522010088 0
Jun 13 13:28:29 standalone object-server[126990]: 172.20.0.100 - - [13/Jun/2026:13:28:29 +0000] "GET /d1/391/AUTH_c19669d901a14802a725c4a9e71c0e28/gnocchi.418a74d3-ad4d-4cd0-b885-2100290fa07e/1780920000.0_mean_300.0_v3" 404 70 "GET http://172.18.0.2:8080/v1/AUTH_c19669d901a14802a725c4a9e71c0e28/gnocchi.418a74d3-ad4d-4cd0-b885-2100290fa07e/1780920000.0_mean_300.0_v3" "tx31a28c4334d34345a1007-006a2d5afd" "proxy-server 20" 0.0006 "-" 22 0
Jun 13 13:28:29 standalone proxy-server[128869]: 172.18.0.2 172.18.0.100 13/Jun/2026/13/28/29 GET /v1/AUTH_c19669d901a14802a725c4a9e71c0e28/gnocchi.418a74d3-ad4d-4cd0-b885-2100290fa07e/1780920000.0_mean_300.0_v3 HTTP/1.0 404 - python-swiftclient-3.11.1 gAAAAABqLVq57q7Q... - 70 - tx31a28c4334d34345a1007-006a2d5afd - 0.0067 - - 1781357309.524943590 1781357309.531615973 0
Jun 13 13:28:29 standalone container-server[126774]: 172.20.0.100 - - [13/Jun/2026:13:28:29 +0000] "PUT /d1/216/AUTH_c19669d901a14802a725c4a9e71c0e28/gnocchi.418a74d3-ad4d-4cd0-b885-2100290fa07e/1780920000.0_mean_300.0_v3" 201 - "PUT http://172.18.0.2:8080/d1/391/AUTH_c19669d901a14802a725c4a9e71c0e28/gnocchi.418a74d3-ad4d-4cd0-b885-2100290fa07e/1780920000.0_mean_300.0_v3" "tx0f6295cfc25a4b9b99ef1-006a2d5afd" "object-server 25" 0.0010 "-" 21 0
Jun 13 13:28:29 standalone object-server[126996]: 172.20.0.100 - - [13/Jun/2026:13:28:29 +0000] "PUT /d1/391/AUTH_c19669d901a14802a725c4a9e71c0e28/gnocchi.418a74d3-ad4d-4cd0-b885-2100290fa07e/1780920000.0_mean_300.0_v3" 201 - "PUT http://172.18.0.2:8080/v1/AUTH_c19669d901a14802a725c4a9e71c0e28/gnocchi.418a74d3-ad4d-4cd0-b885-2100290fa07e/1780920000.0_mean_300.0_v3" "tx0f6295cfc25a4b9b99ef1-006a2d5afd" "proxy-server 20" 0.0149 "-" 25 0
Jun 13 13:28:29 standalone proxy-server[128869]: 172.18.0.2 172.18.0.100 13/Jun/2026/13/28/29 PUT /v1/AUTH_c19669d901a14802a725c4a9e71c0e28/gnocchi.418a74d3-ad4d-4cd0-b885-2100290fa07e/1780920000.0_mean_300.0_v3 HTTP/1.0 201 - python-swiftclient-3.11.1 gAAAAABqLVq57q7Q... 16 - - tx0f6295cfc25a4b9b99ef1-006a2d5afd - 0.0224 - - 1781357309.559107304 1781357309.581463814 0
Jun 13 13:28:29 standalone container-server[126778]: 172.20.0.100 - - [13/Jun/2026:13:28:29 +0000] "PUT /d1/216/AUTH_c19669d901a14802a725c4a9e71c0e28/gnocchi.418a74d3-ad4d-4cd0-b885-2100290fa07e/none_v3" 201 - "PUT http://172.18.0.2:8080/d1/327/AUTH_c19669d901a14802a725c4a9e71c0e28/gnocchi.418a74d3-ad4d-4cd0-b885-2100290fa07e/none_v3" "tx6789d474555543ceb43c7-006a2d5afd" "object-server 23" 0.0009 "-" 23 0
Jun 13 13:28:29 standalone object-server[126993]: 172.20.0.100 - - [13/Jun/2026:13:28:29 +0000] "PUT /d1/327/AUTH_c19669d901a14802a725c4a9e71c0e28/gnocchi.418a74d3-ad4d-4cd0-b885-2100290fa07e/none_v3" 201 - "PUT http://172.18.0.2:8080/v1/AUTH_c19669d901a14802a725c4a9e71c0e28/gnocchi.418a74d3-ad4d-4cd0-b885-2100290fa07e/none_v3" "tx6789d474555543ceb43c7-006a2d5afd" "proxy-server 20" 0.0125 "-" 23 0
Jun 13 13:28:29 standalone proxy-server[128869]: 172.18.0.2 172.18.0.100 13/Jun/2026/13/28/29 PUT /v1/AUTH_c19669d901a14802a725c4a9e71c0e28/gnocchi.418a74d3-ad4d-4cd0-b885-2100290fa07e/none_v3 HTTP/1.0 201 - python-swiftclient-3.11.1 gAAAAABqLVq57q7Q... 22 - - tx6789d474555543ceb43c7-006a2d5afd - 0.0198 - - 1781357309.584605932 1781357309.604443073 0
Jun 13 13:28:33 standalone container-server[126522]: Begin container update sweep
Jun 13 13:28:33 standalone account-server[126735]: 172.20.0.100 - - [13/Jun/2026:13:28:33 +0000] "PUT /d1/10/AUTH_c19669d901a14802a725c4a9e71c0e28/gnocchi.418a74d3-ad4d-4cd0-b885-2100290fa07e" 201 - "-" "-" "container-updater 2" 0.0010 "-" 20 0
Jun 13 13:28:33 standalone account-server[126744]: 172.20.0.100 - - [13/Jun/2026:13:28:33 +0000] "PUT /d1/10/AUTH_c19669d901a14802a725c4a9e71c0e28/gnocchi.4df9c927-34e6-40c0-a1d2-9dda16c4aea2" 201 - "-" "-" "container-updater 2" 0.0010 "-" 21 0
Jun 13 13:28:33 standalone account-server[126751]: 172.20.0.100 - - [13/Jun/2026:13:28:33 +0000] "PUT /d1/10/AUTH_c19669d901a14802a725c4a9e71c0e28/gnocchi.d02226b3-e6a3-4569-bb3b-ae0fe03a12c9" 201 - "-" "-" "container-updater 2" 0.0004 "-" 22 0
Jun 13 13:28:33 standalone account-server[126744]: 172.20.0.100 - - [13/Jun/2026:13:28:33 +0000] "PUT /d1/10/AUTH_c19669d901a14802a725c4a9e71c0e28/gnocchi.0c082a70-984e-452e-8210-c3db2572968a" 201 - "-" "-" "container-updater 2" 0.0005 "-" 21 0
Jun 13 13:28:33 standalone account-server[126744]: 172.20.0.100 - - [13/Jun/2026:13:28:33 +0000] "PUT /d1/10/AUTH_c19669d901a14802a725c4a9e71c0e28/gnocchi.9ce9a02f-297d-4c55-a5cf-0d49ea56121f" 201 - "-" "-" "container-updater 2" 0.0005 "-" 21 0
Jun 13 13:28:33 standalone account-server[126751]: 172.20.0.100 - - [13/Jun/2026:13:28:33 +0000] "PUT /d1/10/AUTH_c19669d901a14802a725c4a9e71c0e28/gnocchi.abcb984f-a7b1-4a1b-a5c9-b4274df5efea" 201 - "-" "-" "container-updater 2" 0.0007 "-" 22 0
Jun 13 13:28:33 standalone account-server[126760]: 172.20.0.100 - - [13/Jun/2026:13:28:33 +0000] "PUT /d1/10/AUTH_c19669d901a14802a725c4a9e71c0e28/gnocchi.88b9293a-a484-4156-8eec-10708bcf2dc6" 201 - "-" "-" "container-updater 2" 0.0004 "-" 23 0
Jun 13 13:28:34 standalone account-server[126744]: 172.20.0.100 - - [13/Jun/2026:13:28:34 +0000] "PUT /d1/10/AUTH_c19669d901a14802a725c4a9e71c0e28/gnocchi.40705db8-9d8b-498c-9d6f-33e7f4a27a83" 201 - "-" "-" "container-updater 2" 0.0009 "-" 21 0
Jun 13 13:28:34 standalone container-server[126522]: Container update sweep completed: 1.02s
Jun 13 13:28:57 standalone container-server[126776]: 172.20.0.100 - - [13/Jun/2026:13:28:57 +0000] "HEAD /d1/842/AUTH_c19669d901a14802a725c4a9e71c0e28/gnocchi.400cb0bf-a013-4b68-be6e-ba358e3458a1" 404 - "HEAD http://172.18.0.2:8080/v1/AUTH_c19669d901a14802a725c4a9e71c0e28/gnocchi.400cb0bf-a013-4b68-be6e-ba358e3458a1?format=json&states=listing" "tx2186ab1158a34f1790910-006a2d5b19" "proxy-server 20" 0.0007 "-" 22 0
Jun 13 13:28:57 standalone object-server[126996]: 172.20.0.100 - - [13/Jun/2026:13:28:57 +0000] "GET /d1/507/AUTH_c19669d901a14802a725c4a9e71c0e28/gnocchi.400cb0bf-a013-4b68-be6e-ba358e3458a1/none_v3" 404 70 "GET http://172.18.0.2:8080/v1/AUTH_c19669d901a14802a725c4a9e71c0e28/gnocchi.400cb0bf-a013-4b68-be6e-ba358e3458a1/none_v3" "tx2186ab1158a34f1790910-006a2d5b19" "proxy-server 20" 0.0006 "-" 25 0
Jun 13 13:28:57 standalone proxy-server[128869]: 172.18.0.2 172.18.0.100 13/Jun/2026/13/28/57 GET /v1/AUTH_c19669d901a14802a725c4a9e71c0e28/gnocchi.400cb0bf-a013-4b68-be6e-ba358e3458a1/none_v3 HTTP/1.0 404 - python-swiftclient-3.11.1 gAAAAABqLVq57q7Q... - 70 - tx2186ab1158a34f1790910-006a2d5b19 - 0.0095 - - 1781357337.205947161 1781357337.215469360 0
Jun 13 13:28:57 standalone account-server[126760]: 172.20.0.100 - - [13/Jun/2026:13:28:57 +0000] "PUT /d1/10/AUTH_c19669d901a14802a725c4a9e71c0e28/gnocchi.400cb0bf-a013-4b68-be6e-ba358e3458a1" 201 - "PUT http://172.20.0.100:6001/d1/842/AUTH_c19669d901a14802a725c4a9e71c0e28/gnocchi.400cb0bf-a013-4b68-be6e-ba358e3458a1" "tx3a8b368f492044d3947af-006a2d5b19" "container-server 21" 0.0093 "-" 23 0
Jun 13 13:28:57 standalone container-server[126774]: 172.20.0.100 - - [13/Jun/2026:13:28:57 +0000] "PUT /d1/842/AUTH_c19669d901a14802a725c4a9e71c0e28/gnocchi.400cb0bf-a013-4b68-be6e-ba358e3458a1" 201 - "PUT http://172.18.0.2:8080/v1/AUTH_c19669d901a14802a725c4a9e71c0e28/gnocchi.400cb0bf-a013-4b68-be6e-ba358e3458a1" "tx3a8b368f492044d3947af-006a2d5b19" "proxy-server 20" 0.0248 "-" 21 0
Jun 13 13:28:57 standalone proxy-server[128869]: 172.18.0.2 172.18.0.100 13/Jun/2026/13/28/57 PUT /v1/AUTH_c19669d901a14802a725c4a9e71c0e28/gnocchi.400cb0bf-a013-4b68-be6e-ba358e3458a1 HTTP/1.0 201 - python-swiftclient-3.11.1 gAAAAABqLVq57q7Q... - - - tx3a8b368f492044d3947af-006a2d5b19 - 0.0301 - - 1781357337.218677044 1781357337.248765469 0
Jun 13 13:28:57 standalone container-server[126772]: 172.20.0.100 - - [13/Jun/2026:13:28:57 +0000] "HEAD /d1/842/AUTH_c19669d901a14802a725c4a9e71c0e28/gnocchi.400cb0bf-a013-4b68-be6e-ba358e3458a1" 204 - "HEAD http://172.18.0.2:8080/v1/AUTH_c19669d901a14802a725c4a9e71c0e28/gnocchi.400cb0bf-a013-4b68-be6e-ba358e3458a1?format=json&states=listing" "txb3cec71b3e6c4e6d9c18f-006a2d5b19" "proxy-server 20" 0.0022 "-" 20 0
Jun 13 13:28:57 standalone proxy-server[128869]: - - 13/Jun/2026/13/28/57 HEAD /v1/AUTH_c19669d901a14802a725c4a9e71c0e28/gnocchi.400cb0bf-a013-4b68-be6e-ba358e3458a1%3Fformat%3Djson%26states%3Dlisting HTTP/1.0 204 - Swift - - - - txb3cec71b3e6c4e6d9c18f-006a2d5b19 - 0.0066 RL - 1781357337.253835440 1781357337.260458946 0
Jun 13 13:28:57 standalone container-server[126778]: 172.20.0.100 - - [13/Jun/2026:13:28:57 +0000] "GET /d1/842/AUTH_c19669d901a14802a725c4a9e71c0e28/gnocchi.400cb0bf-a013-4b68-be6e-ba358e3458a1" 200 2 "GET http://172.18.0.2:8080/v1/AUTH_c19669d901a14802a725c4a9e71c0e28/gnocchi.400cb0bf-a013-4b68-be6e-ba358e3458a1?format=json&states=listing" "txb3cec71b3e6c4e6d9c18f-006a2d5b19" "proxy-server 20" 0.0027 "-" 23 0
Jun 13 13:28:57 standalone proxy-server[128869]: 172.18.0.2 172.18.0.100 13/Jun/2026/13/28/57 GET /v1/AUTH_c19669d901a14802a725c4a9e71c0e28/gnocchi.400cb0bf-a013-4b68-be6e-ba358e3458a1%3Fformat%3Djson%26states%3Dlisting HTTP/1.0 200 - python-swiftclient-3.11.1 gAAAAABqLVq57q7Q... - 2 - txb3cec71b3e6c4e6d9c18f-006a2d5b19 - 0.0149 - - 1781357337.253030062 1781357337.267887354 0
Jun 13 13:28:57 standalone object-server[126993]: 172.20.0.100 - - [13/Jun/2026:13:28:57 +0000] "GET /d1/39/AUTH_c19669d901a14802a725c4a9e71c0e28/gnocchi.400cb0bf-a013-4b68-be6e-ba358e3458a1/1780920000.0_mean_300.0_v3" 404 70 "GET http://172.18.0.2:8080/v1/AUTH_c19669d901a14802a725c4a9e71c0e28/gnocchi.400cb0bf-a013-4b68-be6e-ba358e3458a1/1780920000.0_mean_300.0_v3" "tx2879ead22b7b47b48412f-006a2d5b19" "proxy-server 20" 0.0006 "-" 23 0
Jun 13 13:28:57 standalone proxy-server[128869]: 172.18.0.2 172.18.0.100 13/Jun/2026/13/28/57 GET /v1/AUTH_c19669d901a14802a725c4a9e71c0e28/gnocchi.400cb0bf-a013-4b68-be6e-ba358e3458a1/1780920000.0_mean_300.0_v3 HTTP/1.0 404 - python-swiftclient-3.11.1 gAAAAABqLVq57q7Q... - 70 - tx2879ead22b7b47b48412f-006a2d5b19 - 0.0053 - - 1781357337.273786545 1781357337.279073715 0
Jun 13 13:28:57 standalone container-server[126772]: 172.20.0.100 - - [13/Jun/2026:13:28:57 +0000] "PUT /d1/842/AUTH_c19669d901a14802a725c4a9e71c0e28/gnocchi.400cb0bf-a013-4b68-be6e-ba358e3458a1/1780920000.0_mean_300.0_v3" 201 - "PUT http://172.18.0.2:8080/d1/39/AUTH_c19669d901a14802a725c4a9e71c0e28/gnocchi.400cb0bf-a013-4b68-be6e-ba358e3458a1/1780920000.0_mean_300.0_v3" "tx2f2ee85a125b479c8d239-006a2d5b19" "object-server 23" 0.0008 "-" 20 0
Jun 13 13:28:57 standalone object-server[126993]: 172.20.0.100 - - [13/Jun/2026:13:28:57 +0000] "PUT /d1/39/AUTH_c19669d901a14802a725c4a9e71c0e28/gnocchi.400cb0bf-a013-4b68-be6e-ba358e3458a1/1780920000.0_mean_300.0_v3" 201 - "PUT http://172.18.0.2:8080/v1/AUTH_c19669d901a14802a725c4a9e71c0e28/gnocchi.400cb0bf-a013-4b68-be6e-ba358e3458a1/1780920000.0_mean_300.0_v3" "tx2f2ee85a125b479c8d239-006a2d5b19" "proxy-server 20" 0.0247 "-" 23 0
Jun 13 13:28:57 standalone proxy-server[128869]: 172.18.0.2 172.18.0.100 13/Jun/2026/13/28/57 PUT /v1/AUTH_c19669d901a14802a725c4a9e71c0e28/gnocchi.400cb0bf-a013-4b68-be6e-ba358e3458a1/1780920000.0_mean_300.0_v3 HTTP/1.0 201 - python-swiftclient-3.11.1 gAAAAABqLVq57q7Q... 16 - - tx2f2ee85a125b479c8d239-006a2d5b19 - 0.0306 - - 1781357337.282589674 1781357337.313204050 0
Jun 13 13:28:57 standalone container-server[126776]: 172.20.0.100 - - [13/Jun/2026:13:28:57 +0000] "PUT /d1/842/AUTH_c19669d901a14802a725c4a9e71c0e28/gnocchi.400cb0bf-a013-4b68-be6e-ba358e3458a1/none_v3" 201 - "PUT http://172.18.0.2:8080/d1/507/AUTH_c19669d901a14802a725c4a9e71c0e28/gnocchi.400cb0bf-a013-4b68-be6e-ba358e3458a1/none_v3" "tx4e03add7a4444f79b4605-006a2d5b19" "object-server 23" 0.0007 "-" 22 0
Jun 13 13:28:57 standalone object-server[126993]: 172.20.0.100 - - [13/Jun/2026:13:28:57 +0000] "PUT /d1/507/AUTH_c19669d901a14802a725c4a9e71c0e28/gnocchi.400cb0bf-a013-4b68-be6e-ba358e3458a1/none_v3" 201 - "PUT http://172.18.0.2:8080/v1/AUTH_c19669d901a14802a725c4a9e71c0e28/gnocchi.400cb0bf-a013-4b68-be6e-ba358e3458a1/none_v3" "tx4e03add7a4444f79b4605-006a2d5b19" "proxy-server 20" 0.0108 "-" 23 0
Jun 13 13:28:57 standalone proxy-server[128869]: 172.18.0.2 172.18.0.100 13/Jun/2026/13/28/57 PUT /v1/AUTH_c19669d901a14802a725c4a9e71c0e28/gnocchi.400cb0bf-a013-4b68-be6e-ba358e3458a1/none_v3 HTTP/1.0 201 - python-swiftclient-3.11.1 gAAAAABqLVq57q7Q... 22 - - tx4e03add7a4444f79b4605-006a2d5b19 - 0.0159 - - 1781357337.317118168 1781357337.333037615 0
Jun 13 13:28:57 standalone object-server[126996]: 172.20.0.100 - - [13/Jun/2026:13:28:57 +0000] "GET /d1/314/AUTH_c19669d901a14802a725c4a9e71c0e28/gnocchi.40705db8-9d8b-498c-9d6f-33e7f4a27a83/none_v3" 200 22 "GET http://172.18.0.2:8080/v1/AUTH_c19669d901a14802a725c4a9e71c0e28/gnocchi.40705db8-9d8b-498c-9d6f-33e7f4a27a83/none_v3" "txcc9fe0554c874e11b1317-006a2d5b19" "proxy-server 20" 0.0011 "-" 25 0
Jun 13 13:28:57 standalone proxy-server[128869]: 172.18.0.2 172.18.0.100 13/Jun/2026/13/28/57 GET /v1/AUTH_c19669d901a14802a725c4a9e71c0e28/gnocchi.40705db8-9d8b-498c-9d6f-33e7f4a27a83/none_v3 HTTP/1.0 200 - python-swiftclient-3.11.1 gAAAAABqLVq57q7Q... - 22 - txcc9fe0554c874e11b1317-006a2d5b19 - 0.0061 - - 1781357337.381280184 1781357337.387424707 0
Jun 13 13:28:57 standalone container-server[126776]: 172.20.0.100 - - [13/Jun/2026:13:28:57 +0000] "GET /d1/522/AUTH_c19669d901a14802a725c4a9e71c0e28/gnocchi.40705db8-9d8b-498c-9d6f-33e7f4a27a83" 200 357 "GET http://172.18.0.2:8080/v1/AUTH_c19669d901a14802a725c4a9e71c0e28/gnocchi.40705db8-9d8b-498c-9d6f-33e7f4a27a83?format=json&states=listing" "txd9938471a231402bbf156-006a2d5b19" "proxy-server 20" 0.0072 "-" 22 0
Jun 13 13:28:57 standalone proxy-server[128869]: 172.18.0.2 172.18.0.100 13/Jun/2026/13/28/57 GET /v1/AUTH_c19669d901a14802a725c4a9e71c0e28/gnocchi.40705db8-9d8b-498c-9d6f-33e7f4a27a83%3Fformat%3Djson%26states%3Dlisting HTTP/1.0 200 - python-swiftclient-3.11.1 gAAAAABqLVq57q7Q... - 357 - txd9938471a231402bbf156-006a2d5b19 - 0.0126 - - 1781357337.391906023 1781357337.404482365 0
Jun 13 13:28:57 standalone container-server[126778]: 172.20.0.100 - - [13/Jun/2026:13:28:57 +0000] "GET /d1/522/AUTH_c19669d901a14802a725c4a9e71c0e28/gnocchi.40705db8-9d8b-498c-9d6f-33e7f4a27a83" 200 2 "GET http://172.18.0.2:8080/v1/AUTH_c19669d901a14802a725c4a9e71c0e28/gnocchi.40705db8-9d8b-498c-9d6f-33e7f4a27a83?format=json&marker=none_v3&states=listing" "tx89a61fd601164ac1b4665-006a2d5b19" "proxy-server 20" 0.0047 "-" 23 0
Jun 13 13:28:57 standalone proxy-server[128869]: 172.18.0.2 172.18.0.100 13/Jun/2026/13/28/57 GET /v1/AUTH_c19669d901a14802a725c4a9e71c0e28/gnocchi.40705db8-9d8b-498c-9d6f-33e7f4a27a83%3Fformat%3Djson%26marker%3Dnone_v3%26states%3Dlisting HTTP/1.0 200 - python-swiftclient-3.11.1 gAAAAABqLVq57q7Q... - 2 - tx89a61fd601164ac1b4665-006a2d5b19 - 0.0131 - - 1781357337.407379627 1781357337.420480013 0
Jun 13 13:28:57 standalone object-server[126996]: 172.20.0.100 - - [13/Jun/2026:13:28:57 +0000] "GET /d1/759/AUTH_c19669d901a14802a725c4a9e71c0e28/gnocchi.40705db8-9d8b-498c-9d6f-33e7f4a27a83/1780920000.0_mean_300.0_v3" 200 16 "GET http://172.18.0.2:8080/v1/AUTH_c19669d901a14802a725c4a9e71c0e28/gnocchi.40705db8-9d8b-498c-9d6f-33e7f4a27a83/1780920000.0_mean_300.0_v3" "tx510b0b6364dd442182ce2-006a2d5b19" "proxy-server 20" 0.0006 "-" 25 0
Jun 13 13:28:57 standalone proxy-server[128869]: 172.18.0.2 172.18.0.100 13/Jun/2026/13/28/57 GET /v1/AUTH_c19669d901a14802a725c4a9e71c0e28/gnocchi.40705db8-9d8b-498c-9d6f-33e7f4a27a83/1780920000.0_mean_300.0_v3 HTTP/1.0 200 - python-swiftclient-3.11.1 gAAAAABqLVq57q7Q... - 16 - tx510b0b6364dd442182ce2-006a2d5b19 - 0.0078 - - 1781357337.431838751 1781357337.439591885 0
Jun 13 13:28:57 standalone container-server[126772]: 172.20.0.100 - - [13/Jun/2026:13:28:57 +0000] "PUT /d1/522/AUTH_c19669d901a14802a725c4a9e71c0e28/gnocchi.40705db8-9d8b-498c-9d6f-33e7f4a27a83/1780920000.0_mean_300.0_v3" 201 - "PUT http://172.18.0.2:8080/d1/759/AUTH_c19669d901a14802a725c4a9e71c0e28/gnocchi.40705db8-9d8b-498c-9d6f-33e7f4a27a83/1780920000.0_mean_300.0_v3" "txc8e8bef0f8a44b7588a5e-006a2d5b19" "object-server 23" 0.0011 "-" 20 0
Jun 13 13:28:57 standalone object-server[126993]: 172.20.0.100 - - [13/Jun/2026:13:28:57 +0000] "PUT /d1/759/AUTH_c19669d901a14802a725c4a9e71c0e28/gnocchi.40705db8-9d8b-498c-9d6f-33e7f4a27a83/1780920000.0_mean_300.0_v3" 201 - "PUT http://172.18.0.2:8080/v1/AUTH_c19669d901a14802a725c4a9e71c0e28/gnocchi.40705db8-9d8b-498c-9d6f-33e7f4a27a83/1780920000.0_mean_300.0_v3" "txc8e8bef0f8a44b7588a5e-006a2d5b19" "proxy-server 20" 0.0126 "-" 23 0
Jun 13 13:28:57 standalone proxy-server[128869]: 172.18.0.2 172.18.0.100 13/Jun/2026/13/28/57 PUT /v1/AUTH_c19669d901a14802a725c4a9e71c0e28/gnocchi.40705db8-9d8b-498c-9d6f-33e7f4a27a83/1780920000.0_mean_300.0_v3 HTTP/1.0 201 - python-swiftclient-3.11.1 gAAAAABqLVq57q7Q... 16 - - txc8e8bef0f8a44b7588a5e-006a2d5b19 - 0.0175 - - 1781357337.442994833 1781357337.460446358 0
Jun 13 13:28:57 standalone container-server[126778]: 172.20.0.100 - - [13/Jun/2026:13:28:57 +0000] "PUT /d1/522/AUTH_c19669d901a14802a725c4a9e71c0e28/gnocchi.40705db8-9d8b-498c-9d6f-33e7f4a27a83/none_v3" 201 - "PUT http://172.18.0.2:8080/d1/314/AUTH_c19669d901a14802a725c4a9e71c0e28/gnocchi.40705db8-9d8b-498c-9d6f-33e7f4a27a83/none_v3" "tx13dbbc8096c54a54a6333-006a2d5b19" "object-server 22" 0.0006 "-" 23 0
Jun 13 13:28:57 standalone object-server[126990]: 172.20.0.100 - - [13/Jun/2026:13:28:57 +0000] "PUT /d1/314/AUTH_c19669d901a14802a725c4a9e71c0e28/gnocchi.40705db8-9d8b-498c-9d6f-33e7f4a27a83/none_v3" 201 - "PUT http://172.18.0.2:8080/v1/AUTH_c19669d901a14802a725c4a9e71c0e28/gnocchi.40705db8-9d8b-498c-9d6f-33e7f4a27a83/none_v3" "tx13dbbc8096c54a54a6333-006a2d5b19" "proxy-server 20" 0.0135 "-" 22 0
Jun 13 13:28:57 standalone proxy-server[128869]: 172.18.0.2 172.18.0.100 13/Jun/2026/13/28/57 PUT /v1/AUTH_c19669d901a14802a725c4a9e71c0e28/gnocchi.40705db8-9d8b-498c-9d6f-33e7f4a27a83/none_v3 HTTP/1.0 201 - python-swiftclient-3.11.1 gAAAAABqLVq57q7Q... 33 - - tx13dbbc8096c54a54a6333-006a2d5b19 - 0.0199 - - 1781357337.468811512 1781357337.488749027 0
Jun 13 13:28:57 standalone object-server[126994]: 172.20.0.100 - - [13/Jun/2026:13:28:57 +0000] "GET /d1/504/AUTH_c19669d901a14802a725c4a9e71c0e28/gnocchi.4df9c927-34e6-40c0-a1d2-9dda16c4aea2/none_v3" 200 22 "GET http://172.18.0.2:8080/v1/AUTH_c19669d901a14802a725c4a9e71c0e28/gnocchi.4df9c927-34e6-40c0-a1d2-9dda16c4aea2/none_v3" "tx00da59af6a744e8aa84c5-006a2d5b19" "proxy-server 20" 0.0014 "-" 24 0
Jun 13 13:28:57 standalone proxy-server[128869]: 172.18.0.2 172.18.0.100 13/Jun/2026/13/28/57 GET /v1/AUTH_c19669d901a14802a725c4a9e71c0e28/gnocchi.4df9c927-34e6-40c0-a1d2-9dda16c4aea2/none_v3 HTTP/1.0 200 - python-swiftclient-3.11.1 gAAAAABqLVq57q7Q... - 22 - tx00da59af6a744e8aa84c5-006a2d5b19 - 0.0098 - - 1781357337.502066374 1781357337.511849880 0
Jun 13 13:28:57 standalone container-server[126776]: 172.20.0.100 - - [13/Jun/2026:13:28:57 +0000] "GET /d1/839/AUTH_c19669d901a14802a725c4a9e71c0e28/gnocchi.4df9c927-34e6-40c0-a1d2-9dda16c4aea2" 200 357 "GET http://172.18.0.2:8080/v1/AUTH_c19669d901a14802a725c4a9e71c0e28/gnocchi.4df9c927-34e6-40c0-a1d2-9dda16c4aea2?format=json&states=listing" "tx5176afa5a0564378a6875-006a2d5b19" "proxy-server 20" 0.0036 "-" 22 0
Jun 13 13:28:57 standalone proxy-server[128869]: 172.18.0.2 172.18.0.100 13/Jun/2026/13/28/57 GET /v1/AUTH_c19669d901a14802a725c4a9e71c0e28/gnocchi.4df9c927-34e6-40c0-a1d2-9dda16c4aea2%3Fformat%3Djson%26states%3Dlisting HTTP/1.0 200 - python-swiftclient-3.11.1 gAAAAABqLVq57q7Q... - 357 - tx5176afa5a0564378a6875-006a2d5b19 - 0.0103 - - 1781357337.516075611 1781357337.526348591 0
Jun 13 13:28:57 standalone container-server[126772]: 172.20.0.100 - - [13/Jun/2026:13:28:57 +0000] "GET /d1/839/AUTH_c19669d901a14802a725c4a9e71c0e28/gnocchi.4df9c927-34e6-40c0-a1d2-9dda16c4aea2" 200 2 "GET http://172.18.0.2:8080/v1/AUTH_c19669d901a14802a725c4a9e71c0e28/gnocchi.4df9c927-34e6-40c0-a1d2-9dda16c4aea2?format=json&marker=none_v3&states=listing" "txc16c795a01b740babb86f-006a2d5b19" "proxy-server 20" 0.0037 "-" 20 0
Jun 13 13:28:57 standalone proxy-server[128869]: 172.18.0.2 172.18.0.100 13/Jun/2026/13/28/57 GET /v1/AUTH_c19669d901a14802a725c4a9e71c0e28/gnocchi.4df9c927-34e6-40c0-a1d2-9dda16c4aea2%3Fformat%3Djson%26marker%3Dnone_v3%26states%3Dlisting HTTP/1.0 200 - python-swiftclient-3.11.1 gAAAAABqLVq57q7Q... - 2 - txc16c795a01b740babb86f-006a2d5b19 - 0.0086 - - 1781357337.529691696 1781357337.538340807 0
Jun 13 13:28:57 standalone object-server[126994]: 172.20.0.100 - - [13/Jun/2026:13:28:57 +0000] "GET /d1/676/AUTH_c19669d901a14802a725c4a9e71c0e28/gnocchi.4df9c927-34e6-40c0-a1d2-9dda16c4aea2/1780920000.0_mean_300.0_v3" 200 16 "GET http://172.18.0.2:8080/v1/AUTH_c19669d901a14802a725c4a9e71c0e28/gnocchi.4df9c927-34e6-40c0-a1d2-9dda16c4aea2/1780920000.0_mean_300.0_v3" "tx382553a7b7b946788ba95-006a2d5b19" "proxy-server 20" 0.0011 "-" 24 0
Jun 13 13:28:57 standalone proxy-server[128869]: 172.18.0.2 172.18.0.100 13/Jun/2026/13/28/57 GET /v1/AUTH_c19669d901a14802a725c4a9e71c0e28/gnocchi.4df9c927-34e6-40c0-a1d2-9dda16c4aea2/1780920000.0_mean_300.0_v3 HTTP/1.0 200 - python-swiftclient-3.11.1 gAAAAABqLVq57q7Q... - 16 - tx382553a7b7b946788ba95-006a2d5b19 - 0.0062 - - 1781357337.542958498 1781357337.549171686 0
Jun 13 13:28:57 standalone container-server[126778]: 172.20.0.100 - - [13/Jun/2026:13:28:57 +0000] "PUT /d1/839/AUTH_c19669d901a14802a725c4a9e71c0e28/gnocchi.4df9c927-34e6-40c0-a1d2-9dda16c4aea2/1780920000.0_mean_300.0_v3" 201 - "PUT http://172.18.0.2:8080/d1/676/AUTH_c19669d901a14802a725c4a9e71c0e28/gnocchi.4df9c927-34e6-40c0-a1d2-9dda16c4aea2/1780920000.0_mean_300.0_v3" "tx3c9dd2c8c7094ad2a0a12-006a2d5b19" "object-server 25" 0.0008 "-" 23 0
Jun 13 13:28:57 standalone object-server[126996]: 172.20.0.100 - - [13/Jun/2026:13:28:57 +0000] "PUT /d1/676/AUTH_c19669d901a14802a725c4a9e71c0e28/gnocchi.4df9c927-34e6-40c0-a1d2-9dda16c4aea2/1780920000.0_mean_300.0_v3" 201 - "PUT http://172.18.0.2:8080/v1/AUTH_c19669d901a14802a725c4a9e71c0e28/gnocchi.4df9c927-34e6-40c0-a1d2-9dda16c4aea2/1780920000.0_mean_300.0_v3" "tx3c9dd2c8c7094ad2a0a12-006a2d5b19" "proxy-server 20" 0.0167 "-" 25 0
Jun 13 13:28:57 standalone proxy-server[128869]: 172.18.0.2 172.18.0.100 13/Jun/2026/13/28/57 PUT /v1/AUTH_c19669d901a14802a725c4a9e71c0e28/gnocchi.4df9c927-34e6-40c0-a1d2-9dda16c4aea2/1780920000.0_mean_300.0_v3 HTTP/1.0 201 - python-swiftclient-3.11.1 gAAAAABqLVq57q7Q... 16 - - tx3c9dd2c8c7094ad2a0a12-006a2d5b19 - 0.0206 - - 1781357337.553890467 1781357337.574465036 0
Jun 13 13:28:57 standalone container-server[126778]: 172.20.0.100 - - [13/Jun/2026:13:28:57 +0000] "PUT /d1/839/AUTH_c19669d901a14802a725c4a9e71c0e28/gnocchi.4df9c927-34e6-40c0-a1d2-9dda16c4aea2/none_v3" 201 - "PUT http://172.18.0.2:8080/d1/504/AUTH_c19669d901a14802a725c4a9e71c0e28/gnocchi.4df9c927-34e6-40c0-a1d2-9dda16c4aea2/none_v3" "tx02d701d27ac04c128f9da-006a2d5b19" "object-server 25" 0.0006 "-" 23 0
Jun 13 13:28:57 standalone object-server[126996]: 172.20.0.100 - - [13/Jun/2026:13:28:57 +0000] "PUT /d1/504/AUTH_c19669d901a14802a725c4a9e71c0e28/gnocchi.4df9c927-34e6-40c0-a1d2-9dda16c4aea2/none_v3" 201 - "PUT http://172.18.0.2:8080/v1/AUTH_c19669d901a14802a725c4a9e71c0e28/gnocchi.4df9c927-34e6-40c0-a1d2-9dda16c4aea2/none_v3" "tx02d701d27ac04c128f9da-006a2d5b19" "proxy-server 20" 0.0085 "-" 25 0
Jun 13 13:28:57 standalone proxy-server[128869]: 172.18.0.2 172.18.0.100 13/Jun/2026/13/28/57 PUT /v1/AUTH_c19669d901a14802a725c4a9e71c0e28/gnocchi.4df9c927-34e6-40c0-a1d2-9dda16c4aea2/none_v3 HTTP/1.0 201 - python-swiftclient-3.11.1 gAAAAABqLVq57q7Q... 33 - - tx02d701d27ac04c128f9da-006a2d5b19 - 0.0120 - - 1781357337.578837872 1781357337.590841770 0
Jun 13 13:29:01 standalone object-server[126994]: 172.20.0.100 - - [13/Jun/2026:13:29:01 +0000] "GET /d1/507/AUTH_c19669d901a14802a725c4a9e71c0e28/gnocchi.400cb0bf-a013-4b68-be6e-ba358e3458a1/none_v3" 200 22 "GET http://172.18.0.2:8080/v1/AUTH_c19669d901a14802a725c4a9e71c0e28/gnocchi.400cb0bf-a013-4b68-be6e-ba358e3458a1/none_v3" "txdf1b955c048c45fbadca2-006a2d5b1d" "proxy-server 20" 0.0015 "-" 24 0
Jun 13 13:29:01 standalone proxy-server[128869]: 172.18.0.2 172.18.0.100 13/Jun/2026/13/29/01 GET /v1/AUTH_c19669d901a14802a725c4a9e71c0e28/gnocchi.400cb0bf-a013-4b68-be6e-ba358e3458a1/none_v3 HTTP/1.0 200 - python-swiftclient-3.11.1 gAAAAABqLVq57q7Q... - 22 - txdf1b955c048c45fbadca2-006a2d5b1d - 0.0101 - - 1781357341.338735104 1781357341.348833799 0
Jun 13 13:29:01 standalone container-server[126778]: 172.20.0.100 - - [13/Jun/2026:13:29:01 +0000] "GET /d1/842/AUTH_c19669d901a14802a725c4a9e71c0e28/gnocchi.400cb0bf-a013-4b68-be6e-ba358e3458a1" 200 357 "GET http://172.18.0.2:8080/v1/AUTH_c19669d901a14802a725c4a9e71c0e28/gnocchi.400cb0bf-a013-4b68-be6e-ba358e3458a1?format=json&states=listing" "txec6e2d69916543f09a2cc-006a2d5b1d" "proxy-server 20" 0.0215 "-" 23 0
Jun 13 13:29:01 standalone proxy-server[128869]: 172.18.0.2 172.18.0.100 13/Jun/2026/13/29/01 GET /v1/AUTH_c19669d901a14802a725c4a9e71c0e28/gnocchi.400cb0bf-a013-4b68-be6e-ba358e3458a1%3Fformat%3Djson%26states%3Dlisting HTTP/1.0 200 - python-swiftclient-3.11.1 gAAAAABqLVq57q7Q... - 357 - txec6e2d69916543f09a2cc-006a2d5b1d - 0.0290 - - 1781357341.353772402 1781357341.382785559 0
Jun 13 13:29:01 standalone container-server[126776]: 172.20.0.100 - - [13/Jun/2026:13:29:01 +0000] "GET /d1/842/AUTH_c19669d901a14802a725c4a9e71c0e28/gnocchi.400cb0bf-a013-4b68-be6e-ba358e3458a1" 200 2 "GET http://172.18.0.2:8080/v1/AUTH_c19669d901a14802a725c4a9e71c0e28/gnocchi.400cb0bf-a013-4b68-be6e-ba358e3458a1?format=json&marker=none_v3&states=listing" "txdbf8f8c35572424280fc7-006a2d5b1d" "proxy-server 20" 0.0038 "-" 22 0
Jun 13 13:29:01 standalone proxy-server[128869]: 172.18.0.2 172.18.0.100 13/Jun/2026/13/29/01 GET /v1/AUTH_c19669d901a14802a725c4a9e71c0e28/gnocchi.400cb0bf-a013-4b68-be6e-ba358e3458a1%3Fformat%3Djson%26marker%3Dnone_v3%26states%3Dlisting HTTP/1.0 200 - python-swiftclient-3.11.1 gAAAAABqLVq57q7Q... - 2 - txdbf8f8c35572424280fc7-006a2d5b1d - 0.0100 - - 1781357341.386941433 1781357341.396986723 0
Jun 13 13:29:01 standalone object-server[126993]: 172.20.0.100 - - [13/Jun/2026:13:29:01 +0000] "GET /d1/39/AUTH_c19669d901a14802a725c4a9e71c0e28/gnocchi.400cb0bf-a013-4b68-be6e-ba358e3458a1/1780920000.0_mean_300.0_v3" 200 16 "GET http://172.18.0.2:8080/v1/AUTH_c19669d901a14802a725c4a9e71c0e28/gnocchi.400cb0bf-a013-4b68-be6e-ba358e3458a1/1780920000.0_mean_300.0_v3" "tx1dde785d8c3f4414b6cf5-006a2d5b1d" "proxy-server 20" 0.0013 "-" 23 0
Jun 13 13:29:01 standalone proxy-server[128869]: 172.18.0.2 172.18.0.100 13/Jun/2026/13/29/01 GET /v1/AUTH_c19669d901a14802a725c4a9e71c0e28/gnocchi.400cb0bf-a013-4b68-be6e-ba358e3458a1/1780920000.0_mean_300.0_v3 HTTP/1.0 200 - python-swiftclient-3.11.1 gAAAAABqLVq57q7Q... - 16 - tx1dde785d8c3f4414b6cf5-006a2d5b1d - 0.0073 - - 1781357341.402009964 1781357341.409317970 0
Jun 13 13:29:01 standalone container-server[126778]: 172.20.0.100 - - [13/Jun/2026:13:29:01 +0000] "PUT /d1/842/AUTH_c19669d901a14802a725c4a9e71c0e28/gnocchi.400cb0bf-a013-4b68-be6e-ba358e3458a1/1780920000.0_mean_300.0_v3" 201 - "PUT http://172.18.0.2:8080/d1/39/AUTH_c19669d901a14802a725c4a9e71c0e28/gnocchi.400cb0bf-a013-4b68-be6e-ba358e3458a1/1780920000.0_mean_300.0_v3" "tx347e2cf4135147859156c-006a2d5b1d" "object-server 25" 0.0009 "-" 23 0
Jun 13 13:29:01 standalone object-server[126996]: 172.20.0.100 - - [13/Jun/2026:13:29:01 +0000] "PUT /d1/39/AUTH_c19669d901a14802a725c4a9e71c0e28/gnocchi.400cb0bf-a013-4b68-be6e-ba358e3458a1/1780920000.0_mean_300.0_v3" 201 - "PUT http://172.18.0.2:8080/v1/AUTH_c19669d901a14802a725c4a9e71c0e28/gnocchi.400cb0bf-a013-4b68-be6e-ba358e3458a1/1780920000.0_mean_300.0_v3" "tx347e2cf4135147859156c-006a2d5b1d" "proxy-server 20" 0.0096 "-" 25 0
Jun 13 13:29:01 standalone proxy-server[128869]: 172.18.0.2 172.18.0.100 13/Jun/2026/13/29/01 PUT /v1/AUTH_c19669d901a14802a725c4a9e71c0e28/gnocchi.400cb0bf-a013-4b68-be6e-ba358e3458a1/1780920000.0_mean_300.0_v3 HTTP/1.0 201 - python-swiftclient-3.11.1 gAAAAABqLVq57q7Q... 16 - - tx347e2cf4135147859156c-006a2d5b1d - 0.0156 - - 1781357341.413328171 1781357341.428933859 0
Jun 13 13:29:01 standalone container-server[126778]: 172.20.0.100 - - [13/Jun/2026:13:29:01 +0000] "PUT /d1/842/AUTH_c19669d901a14802a725c4a9e71c0e28/gnocchi.400cb0bf-a013-4b68-be6e-ba358e3458a1/none_v3" 201 - "PUT http://172.18.0.2:8080/d1/507/AUTH_c19669d901a14802a725c4a9e71c0e28/gnocchi.400cb0bf-a013-4b68-be6e-ba358e3458a1/none_v3" "tx216ff081dd3343ceb9dc1-006a2d5b1d" "object-server 24" 0.0007 "-" 23 0
Jun 13 13:29:01 standalone object-server[126994]: 172.20.0.100 - - [13/Jun/2026:13:29:01 +0000] "PUT /d1/507/AUTH_c19669d901a14802a725c4a9e71c0e28/gnocchi.400cb0bf-a013-4b68-be6e-ba358e3458a1/none_v3" 201 - "PUT http://172.18.0.2:8080/v1/AUTH_c19669d901a14802a725c4a9e71c0e28/gnocchi.400cb0bf-a013-4b68-be6e-ba358e3458a1/none_v3" "tx216ff081dd3343ceb9dc1-006a2d5b1d" "proxy-server 20" 0.0107 "-" 24 0
Jun 13 13:29:01 standalone proxy-server[128869]: 172.18.0.2 172.18.0.100 13/Jun/2026/13/29/01 PUT /v1/AUTH_c19669d901a14802a725c4a9e71c0e28/gnocchi.400cb0bf-a013-4b68-be6e-ba358e3458a1/none_v3 HTTP/1.0 201 - python-swiftclient-3.11.1 gAAAAABqLVq57q7Q... 31 - - tx216ff081dd3343ceb9dc1-006a2d5b1d - 0.0211 - - 1781357341.434106112 1781357341.455159903 0
Jun 13 13:29:12 standalone container-server[126774]: 172.20.0.100 - - [13/Jun/2026:13:29:12 +0000] "HEAD /d1/499/AUTH_c19669d901a14802a725c4a9e71c0e28/gnocchi.b00237ba-b89a-4e34-8d30-c14833018ba4" 404 - "HEAD http://172.18.0.2:8080/v1/AUTH_c19669d901a14802a725c4a9e71c0e28/gnocchi.b00237ba-b89a-4e34-8d30-c14833018ba4?format=json&states=listing" "tx53d12f9b95e749c886c7d-006a2d5b28" "proxy-server 20" 0.0008 "-" 21 0
Jun 13 13:29:12 standalone object-server[126996]: 172.20.0.100 - - [13/Jun/2026:13:29:12 +0000] "GET /d1/722/AUTH_c19669d901a14802a725c4a9e71c0e28/gnocchi.b00237ba-b89a-4e34-8d30-c14833018ba4/none_v3" 404 70 "GET http://172.18.0.2:8080/v1/AUTH_c19669d901a14802a725c4a9e71c0e28/gnocchi.b00237ba-b89a-4e34-8d30-c14833018ba4/none_v3" "tx53d12f9b95e749c886c7d-006a2d5b28" "proxy-server 20" 0.0004 "-" 25 0
Jun 13 13:29:12 standalone proxy-server[128869]: 172.18.0.2 172.18.0.100 13/Jun/2026/13/29/12 GET /v1/AUTH_c19669d901a14802a725c4a9e71c0e28/gnocchi.b00237ba-b89a-4e34-8d30-c14833018ba4/none_v3 HTTP/1.0 404 - python-swiftclient-3.11.1 gAAAAABqLVq57q7Q... - 70 - tx53d12f9b95e749c886c7d-006a2d5b28 - 0.0114 - - 1781357352.079981089 1781357352.091380596 0
