Jun 13 13:29:40 standalone proxy-server[128869]: 172.18.0.2 172.18.0.100 13/Jun/2026/13/29/40 GET /v1/AUTH_c19669d901a14802a725c4a9e71c0e28/gnocchi.1a986962-e07d-46dc-a33b-b6c2a091085d/1780920000.0_mean_300.0_v3 HTTP/1.0 404 - python-swiftclient-3.11.1 gAAAAABqLVq57q7Q... - 70 - tx7e18e75e340c4e3d8b7cd-006a2d5b44 - 0.0090 - - 1781357380.100392342 1781357380.109387159 0
Jun 13 13:29:40 standalone container-server[126772]: 172.20.0.100 - - [13/Jun/2026:13:29:40 +0000] "PUT /d1/387/AUTH_c19669d901a14802a725c4a9e71c0e28/gnocchi.1a986962-e07d-46dc-a33b-b6c2a091085d/1780920000.0_mean_300.0_v3" 201 - "PUT http://172.18.0.2:8080/d1/489/AUTH_c19669d901a14802a725c4a9e71c0e28/gnocchi.1a986962-e07d-46dc-a33b-b6c2a091085d/1780920000.0_mean_300.0_v3" "tx26bc91f3ab1b465a93d8f-006a2d5b44" "object-server 23" 0.0006 "-" 20 0
Jun 13 13:29:40 standalone object-server[126993]: 172.20.0.100 - - [13/Jun/2026:13:29:40 +0000] "PUT /d1/489/AUTH_c19669d901a14802a725c4a9e71c0e28/gnocchi.1a986962-e07d-46dc-a33b-b6c2a091085d/1780920000.0_mean_300.0_v3" 201 - "PUT http://172.18.0.2:8080/v1/AUTH_c19669d901a14802a725c4a9e71c0e28/gnocchi.1a986962-e07d-46dc-a33b-b6c2a091085d/1780920000.0_mean_300.0_v3" "tx26bc91f3ab1b465a93d8f-006a2d5b44" "proxy-server 20" 0.0137 "-" 23 0
Jun 13 13:29:40 standalone proxy-server[128869]: 172.18.0.2 172.18.0.100 13/Jun/2026/13/29/40 PUT /v1/AUTH_c19669d901a14802a725c4a9e71c0e28/gnocchi.1a986962-e07d-46dc-a33b-b6c2a091085d/1780920000.0_mean_300.0_v3 HTTP/1.0 201 - python-swiftclient-3.11.1 gAAAAABqLVq57q7Q... 16 - - tx26bc91f3ab1b465a93d8f-006a2d5b44 - 0.0234 - - 1781357380.117695570 1781357380.141068459 0
Jun 13 13:29:40 standalone container-server[126772]: 172.20.0.100 - - [13/Jun/2026:13:29:40 +0000] "PUT /d1/387/AUTH_c19669d901a14802a725c4a9e71c0e28/gnocchi.1a986962-e07d-46dc-a33b-b6c2a091085d/none_v3" 201 - "PUT http://172.18.0.2:8080/d1/373/AUTH_c19669d901a14802a725c4a9e71c0e28/gnocchi.1a986962-e07d-46dc-a33b-b6c2a091085d/none_v3" "tx6469aea3c2604297b1a4a-006a2d5b44" "object-server 22" 0.0004 "-" 20 0
Jun 13 13:29:40 standalone object-server[126990]: 172.20.0.100 - - [13/Jun/2026:13:29:40 +0000] "PUT /d1/373/AUTH_c19669d901a14802a725c4a9e71c0e28/gnocchi.1a986962-e07d-46dc-a33b-b6c2a091085d/none_v3" 201 - "PUT http://172.18.0.2:8080/v1/AUTH_c19669d901a14802a725c4a9e71c0e28/gnocchi.1a986962-e07d-46dc-a33b-b6c2a091085d/none_v3" "tx6469aea3c2604297b1a4a-006a2d5b44" "proxy-server 20" 0.0140 "-" 22 0
Jun 13 13:29:40 standalone proxy-server[128869]: 172.18.0.2 172.18.0.100 13/Jun/2026/13/29/40 PUT /v1/AUTH_c19669d901a14802a725c4a9e71c0e28/gnocchi.1a986962-e07d-46dc-a33b-b6c2a091085d/none_v3 HTTP/1.0 201 - python-swiftclient-3.11.1 gAAAAABqLVq57q7Q... 22 - - tx6469aea3c2604297b1a4a-006a2d5b44 - 0.0225 - - 1781357380.145920992 1781357380.168397427 0
Jun 13 13:29:40 standalone container-server[126772]: 172.20.0.100 - - [13/Jun/2026:13:29:40 +0000] "HEAD /d1/992/AUTH_c19669d901a14802a725c4a9e71c0e28/gnocchi.a489e47b-b34a-4a78-9146-c8289c585cde" 404 - "HEAD http://172.18.0.2:8080/v1/AUTH_c19669d901a14802a725c4a9e71c0e28/gnocchi.a489e47b-b34a-4a78-9146-c8289c585cde?format=json&states=listing" "txd3e956ad3dd14071abb06-006a2d5b44" "proxy-server 20" 0.0003 "-" 20 0
Jun 13 13:29:40 standalone object-server[126990]: 172.20.0.100 - - [13/Jun/2026:13:29:40 +0000] "GET /d1/769/AUTH_c19669d901a14802a725c4a9e71c0e28/gnocchi.a489e47b-b34a-4a78-9146-c8289c585cde/none_v3" 404 70 "GET http://172.18.0.2:8080/v1/AUTH_c19669d901a14802a725c4a9e71c0e28/gnocchi.a489e47b-b34a-4a78-9146-c8289c585cde/none_v3" "txd3e956ad3dd14071abb06-006a2d5b44" "proxy-server 20" 0.0003 "-" 22 0
Jun 13 13:29:40 standalone proxy-server[128869]: 172.18.0.2 172.18.0.100 13/Jun/2026/13/29/40 GET /v1/AUTH_c19669d901a14802a725c4a9e71c0e28/gnocchi.a489e47b-b34a-4a78-9146-c8289c585cde/none_v3 HTTP/1.0 404 - python-swiftclient-3.11.1 gAAAAABqLVq57q7Q... - 70 - txd3e956ad3dd14071abb06-006a2d5b44 - 0.0132 - - 1781357380.183620930 1781357380.196869850 0
Jun 13 13:29:40 standalone account-server[126735]: 172.20.0.100 - - [13/Jun/2026:13:29:40 +0000] "PUT /d1/10/AUTH_c19669d901a14802a725c4a9e71c0e28/gnocchi.a489e47b-b34a-4a78-9146-c8289c585cde" 201 - "PUT http://172.20.0.100:6001/d1/992/AUTH_c19669d901a14802a725c4a9e71c0e28/gnocchi.a489e47b-b34a-4a78-9146-c8289c585cde" "txed12c5eb735d454bab8a9-006a2d5b44" "container-server 22" 0.0048 "-" 20 0
Jun 13 13:29:40 standalone container-server[126776]: 172.20.0.100 - - [13/Jun/2026:13:29:40 +0000] "PUT /d1/992/AUTH_c19669d901a14802a725c4a9e71c0e28/gnocchi.a489e47b-b34a-4a78-9146-c8289c585cde" 201 - "PUT http://172.18.0.2:8080/v1/AUTH_c19669d901a14802a725c4a9e71c0e28/gnocchi.a489e47b-b34a-4a78-9146-c8289c585cde" "txed12c5eb735d454bab8a9-006a2d5b44" "proxy-server 20" 0.0235 "-" 22 0
Jun 13 13:29:40 standalone proxy-server[128869]: 172.18.0.2 172.18.0.100 13/Jun/2026/13/29/40 PUT /v1/AUTH_c19669d901a14802a725c4a9e71c0e28/gnocchi.a489e47b-b34a-4a78-9146-c8289c585cde HTTP/1.0 201 - python-swiftclient-3.11.1 gAAAAABqLVq57q7Q... - - - txed12c5eb735d454bab8a9-006a2d5b44 - 0.0309 - - 1781357380.201830864 1781357380.232755423 0
Jun 13 13:29:40 standalone container-server[126778]: 172.20.0.100 - - [13/Jun/2026:13:29:40 +0000] "HEAD /d1/992/AUTH_c19669d901a14802a725c4a9e71c0e28/gnocchi.a489e47b-b34a-4a78-9146-c8289c585cde" 204 - "HEAD http://172.18.0.2:8080/v1/AUTH_c19669d901a14802a725c4a9e71c0e28/gnocchi.a489e47b-b34a-4a78-9146-c8289c585cde?format=json&states=listing" "tx5f913d62ed5449da8baac-006a2d5b44" "proxy-server 20" 0.0027 "-" 23 0
Jun 13 13:29:40 standalone proxy-server[128869]: - - 13/Jun/2026/13/29/40 HEAD /v1/AUTH_c19669d901a14802a725c4a9e71c0e28/gnocchi.a489e47b-b34a-4a78-9146-c8289c585cde%3Fformat%3Djson%26states%3Dlisting HTTP/1.0 204 - Swift - - - - tx5f913d62ed5449da8baac-006a2d5b44 - 0.0080 RL - 1781357380.240276814 1781357380.248322248 0
Jun 13 13:29:40 standalone container-server[126772]: 172.20.0.100 - - [13/Jun/2026:13:29:40 +0000] "GET /d1/992/AUTH_c19669d901a14802a725c4a9e71c0e28/gnocchi.a489e47b-b34a-4a78-9146-c8289c585cde" 200 2 "GET http://172.18.0.2:8080/v1/AUTH_c19669d901a14802a725c4a9e71c0e28/gnocchi.a489e47b-b34a-4a78-9146-c8289c585cde?format=json&states=listing" "tx5f913d62ed5449da8baac-006a2d5b44" "proxy-server 20" 0.0021 "-" 20 0
Jun 13 13:29:40 standalone proxy-server[128869]: 172.18.0.2 172.18.0.100 13/Jun/2026/13/29/40 GET /v1/AUTH_c19669d901a14802a725c4a9e71c0e28/gnocchi.a489e47b-b34a-4a78-9146-c8289c585cde%3Fformat%3Djson%26states%3Dlisting HTTP/1.0 200 - python-swiftclient-3.11.1 gAAAAABqLVq57q7Q... - 2 - tx5f913d62ed5449da8baac-006a2d5b44 - 0.0200 - - 1781357380.238429070 1781357380.258394003 0
Jun 13 13:29:40 standalone object-server[126993]: 172.20.0.100 - - [13/Jun/2026:13:29:40 +0000] "GET /d1/898/AUTH_c19669d901a14802a725c4a9e71c0e28/gnocchi.a489e47b-b34a-4a78-9146-c8289c585cde/1780920000.0_mean_300.0_v3" 404 70 "GET http://172.18.0.2:8080/v1/AUTH_c19669d901a14802a725c4a9e71c0e28/gnocchi.a489e47b-b34a-4a78-9146-c8289c585cde/1780920000.0_mean_300.0_v3" "tx82c4871d5fb2446585916-006a2d5b44" "proxy-server 20" 0.0006 "-" 23 0
Jun 13 13:29:40 standalone proxy-server[128869]: 172.18.0.2 172.18.0.100 13/Jun/2026/13/29/40 GET /v1/AUTH_c19669d901a14802a725c4a9e71c0e28/gnocchi.a489e47b-b34a-4a78-9146-c8289c585cde/1780920000.0_mean_300.0_v3 HTTP/1.0 404 - python-swiftclient-3.11.1 gAAAAABqLVq57q7Q... - 70 - tx82c4871d5fb2446585916-006a2d5b44 - 0.0093 - - 1781357380.265432119 1781357380.274772167 0
Jun 13 13:29:40 standalone container-server[126776]: 172.20.0.100 - - [13/Jun/2026:13:29:40 +0000] "PUT /d1/992/AUTH_c19669d901a14802a725c4a9e71c0e28/gnocchi.a489e47b-b34a-4a78-9146-c8289c585cde/1780920000.0_mean_300.0_v3" 201 - "PUT http://172.18.0.2:8080/d1/898/AUTH_c19669d901a14802a725c4a9e71c0e28/gnocchi.a489e47b-b34a-4a78-9146-c8289c585cde/1780920000.0_mean_300.0_v3" "tx559ae1b4189e44d4a60cb-006a2d5b44" "object-server 25" 0.0012 "-" 22 0
Jun 13 13:29:40 standalone object-server[126996]: 172.20.0.100 - - [13/Jun/2026:13:29:40 +0000] "PUT /d1/898/AUTH_c19669d901a14802a725c4a9e71c0e28/gnocchi.a489e47b-b34a-4a78-9146-c8289c585cde/1780920000.0_mean_300.0_v3" 201 - "PUT http://172.18.0.2:8080/v1/AUTH_c19669d901a14802a725c4a9e71c0e28/gnocchi.a489e47b-b34a-4a78-9146-c8289c585cde/1780920000.0_mean_300.0_v3" "tx559ae1b4189e44d4a60cb-006a2d5b44" "proxy-server 20" 0.0167 "-" 25 0
Jun 13 13:29:40 standalone proxy-server[128869]: 172.18.0.2 172.18.0.100 13/Jun/2026/13/29/40 PUT /v1/AUTH_c19669d901a14802a725c4a9e71c0e28/gnocchi.a489e47b-b34a-4a78-9146-c8289c585cde/1780920000.0_mean_300.0_v3 HTTP/1.0 201 - python-swiftclient-3.11.1 gAAAAABqLVq57q7Q... 16 - - tx559ae1b4189e44d4a60cb-006a2d5b44 - 0.0256 - - 1781357380.280255318 1781357380.305813551 0
Jun 13 13:29:40 standalone container-server[126772]: 172.20.0.100 - - [13/Jun/2026:13:29:40 +0000] "PUT /d1/992/AUTH_c19669d901a14802a725c4a9e71c0e28/gnocchi.a489e47b-b34a-4a78-9146-c8289c585cde/none_v3" 201 - "PUT http://172.18.0.2:8080/d1/769/AUTH_c19669d901a14802a725c4a9e71c0e28/gnocchi.a489e47b-b34a-4a78-9146-c8289c585cde/none_v3" "tx2feac2d675864c23beaa1-006a2d5b44" "object-server 23" 0.0006 "-" 20 0
Jun 13 13:29:40 standalone object-server[126993]: 172.20.0.100 - - [13/Jun/2026:13:29:40 +0000] "PUT /d1/769/AUTH_c19669d901a14802a725c4a9e71c0e28/gnocchi.a489e47b-b34a-4a78-9146-c8289c585cde/none_v3" 201 - "PUT http://172.18.0.2:8080/v1/AUTH_c19669d901a14802a725c4a9e71c0e28/gnocchi.a489e47b-b34a-4a78-9146-c8289c585cde/none_v3" "tx2feac2d675864c23beaa1-006a2d5b44" "proxy-server 20" 0.0129 "-" 23 0
Jun 13 13:29:40 standalone proxy-server[128869]: 172.18.0.2 172.18.0.100 13/Jun/2026/13/29/40 PUT /v1/AUTH_c19669d901a14802a725c4a9e71c0e28/gnocchi.a489e47b-b34a-4a78-9146-c8289c585cde/none_v3 HTTP/1.0 201 - python-swiftclient-3.11.1 gAAAAABqLVq57q7Q... 22 - - tx2feac2d675864c23beaa1-006a2d5b44 - 0.0224 - - 1781357380.310868025 1781357380.333242416 0
Jun 13 13:29:40 standalone container-server[126776]: 172.20.0.100 - - [13/Jun/2026:13:29:40 +0000] "HEAD /d1/708/AUTH_c19669d901a14802a725c4a9e71c0e28/gnocchi.2df21391-8eff-4ff5-b60c-e95b653ad412" 404 - "HEAD http://172.18.0.2:8080/v1/AUTH_c19669d901a14802a725c4a9e71c0e28/gnocchi.2df21391-8eff-4ff5-b60c-e95b653ad412?format=json&states=listing" "tx4d2e51a281694eeca3bf4-006a2d5b44" "proxy-server 20" 0.0004 "-" 22 0
Jun 13 13:29:40 standalone object-server[126996]: 172.20.0.100 - - [13/Jun/2026:13:29:40 +0000] "GET /d1/245/AUTH_c19669d901a14802a725c4a9e71c0e28/gnocchi.2df21391-8eff-4ff5-b60c-e95b653ad412/none_v3" 404 70 "GET http://172.18.0.2:8080/v1/AUTH_c19669d901a14802a725c4a9e71c0e28/gnocchi.2df21391-8eff-4ff5-b60c-e95b653ad412/none_v3" "tx4d2e51a281694eeca3bf4-006a2d5b44" "proxy-server 20" 0.0005 "-" 25 0
Jun 13 13:29:40 standalone proxy-server[128869]: 172.18.0.2 172.18.0.100 13/Jun/2026/13/29/40 GET /v1/AUTH_c19669d901a14802a725c4a9e71c0e28/gnocchi.2df21391-8eff-4ff5-b60c-e95b653ad412/none_v3 HTTP/1.0 404 - python-swiftclient-3.11.1 gAAAAABqLVq57q7Q... - 70 - tx4d2e51a281694eeca3bf4-006a2d5b44 - 0.0228 - - 1781357380.349677324 1781357380.372511387 0
Jun 13 13:29:40 standalone account-server[126751]: 172.20.0.100 - - [13/Jun/2026:13:29:40 +0000] "PUT /d1/10/AUTH_c19669d901a14802a725c4a9e71c0e28/gnocchi.2df21391-8eff-4ff5-b60c-e95b653ad412" 201 - "PUT http://172.20.0.100:6001/d1/708/AUTH_c19669d901a14802a725c4a9e71c0e28/gnocchi.2df21391-8eff-4ff5-b60c-e95b653ad412" "txedaebad48c90486c9dee9-006a2d5b44" "container-server 20" 0.0073 "-" 22 0
Jun 13 13:29:40 standalone container-server[126772]: 172.20.0.100 - - [13/Jun/2026:13:29:40 +0000] "PUT /d1/708/AUTH_c19669d901a14802a725c4a9e71c0e28/gnocchi.2df21391-8eff-4ff5-b60c-e95b653ad412" 201 - "PUT http://172.18.0.2:8080/v1/AUTH_c19669d901a14802a725c4a9e71c0e28/gnocchi.2df21391-8eff-4ff5-b60c-e95b653ad412" "txedaebad48c90486c9dee9-006a2d5b44" "proxy-server 20" 0.0222 "-" 20 0
Jun 13 13:29:40 standalone proxy-server[128869]: 172.18.0.2 172.18.0.100 13/Jun/2026/13/29/40 PUT /v1/AUTH_c19669d901a14802a725c4a9e71c0e28/gnocchi.2df21391-8eff-4ff5-b60c-e95b653ad412 HTTP/1.0 201 - python-swiftclient-3.11.1 gAAAAABqLVq57q7Q... - - - txedaebad48c90486c9dee9-006a2d5b44 - 0.0342 - - 1781357380.378152847 1781357380.412319183 0
Jun 13 13:29:40 standalone container-server[126774]: 172.20.0.100 - - [13/Jun/2026:13:29:40 +0000] "HEAD /d1/708/AUTH_c19669d901a14802a725c4a9e71c0e28/gnocchi.2df21391-8eff-4ff5-b60c-e95b653ad412" 204 - "HEAD http://172.18.0.2:8080/v1/AUTH_c19669d901a14802a725c4a9e71c0e28/gnocchi.2df21391-8eff-4ff5-b60c-e95b653ad412?format=json&states=listing" "tx8908bc55bd8546e09762e-006a2d5b44" "proxy-server 20" 0.0035 "-" 21 0
Jun 13 13:29:40 standalone proxy-server[128869]: - - 13/Jun/2026/13/29/40 HEAD /v1/AUTH_c19669d901a14802a725c4a9e71c0e28/gnocchi.2df21391-8eff-4ff5-b60c-e95b653ad412%3Fformat%3Djson%26states%3Dlisting HTTP/1.0 204 - Swift - - - - tx8908bc55bd8546e09762e-006a2d5b44 - 0.0079 RL - 1781357380.420178652 1781357380.428063154 0
Jun 13 13:29:40 standalone container-server[126776]: 172.20.0.100 - - [13/Jun/2026:13:29:40 +0000] "GET /d1/708/AUTH_c19669d901a14802a725c4a9e71c0e28/gnocchi.2df21391-8eff-4ff5-b60c-e95b653ad412" 200 2 "GET http://172.18.0.2:8080/v1/AUTH_c19669d901a14802a725c4a9e71c0e28/gnocchi.2df21391-8eff-4ff5-b60c-e95b653ad412?format=json&states=listing" "tx8908bc55bd8546e09762e-006a2d5b44" "proxy-server 20" 0.0019 "-" 22 0
Jun 13 13:29:40 standalone proxy-server[128869]: 172.18.0.2 172.18.0.100 13/Jun/2026/13/29/40 GET /v1/AUTH_c19669d901a14802a725c4a9e71c0e28/gnocchi.2df21391-8eff-4ff5-b60c-e95b653ad412%3Fformat%3Djson%26states%3Dlisting HTTP/1.0 200 - python-swiftclient-3.11.1 gAAAAABqLVq57q7Q... - 2 - tx8908bc55bd8546e09762e-006a2d5b44 - 0.0170 - - 1781357380.418781519 1781357380.435744524 0
Jun 13 13:29:40 standalone object-server[126993]: 172.20.0.100 - - [13/Jun/2026:13:29:40 +0000] "GET /d1/771/AUTH_c19669d901a14802a725c4a9e71c0e28/gnocchi.2df21391-8eff-4ff5-b60c-e95b653ad412/1780920000.0_mean_300.0_v3" 404 70 "GET http://172.18.0.2:8080/v1/AUTH_c19669d901a14802a725c4a9e71c0e28/gnocchi.2df21391-8eff-4ff5-b60c-e95b653ad412/1780920000.0_mean_300.0_v3" "tx78b0a73ef8024f15b144e-006a2d5b44" "proxy-server 20" 0.0004 "-" 23 0
Jun 13 13:29:40 standalone proxy-server[128869]: 172.18.0.2 172.18.0.100 13/Jun/2026/13/29/40 GET /v1/AUTH_c19669d901a14802a725c4a9e71c0e28/gnocchi.2df21391-8eff-4ff5-b60c-e95b653ad412/1780920000.0_mean_300.0_v3 HTTP/1.0 404 - python-swiftclient-3.11.1 gAAAAABqLVq57q7Q... - 70 - tx78b0a73ef8024f15b144e-006a2d5b44 - 0.0066 - - 1781357380.441251516 1781357380.447877407 0
Jun 13 13:29:40 standalone container-server[126774]: 172.20.0.100 - - [13/Jun/2026:13:29:40 +0000] "PUT /d1/708/AUTH_c19669d901a14802a725c4a9e71c0e28/gnocchi.2df21391-8eff-4ff5-b60c-e95b653ad412/1780920000.0_mean_300.0_v3" 201 - "PUT http://172.18.0.2:8080/d1/771/AUTH_c19669d901a14802a725c4a9e71c0e28/gnocchi.2df21391-8eff-4ff5-b60c-e95b653ad412/1780920000.0_mean_300.0_v3" "tx0ff49b9d01f24ab1b1463-006a2d5b44" "object-server 24" 0.0010 "-" 21 0
Jun 13 13:29:40 standalone object-server[126994]: 172.20.0.100 - - [13/Jun/2026:13:29:40 +0000] "PUT /d1/771/AUTH_c19669d901a14802a725c4a9e71c0e28/gnocchi.2df21391-8eff-4ff5-b60c-e95b653ad412/1780920000.0_mean_300.0_v3" 201 - "PUT http://172.18.0.2:8080/v1/AUTH_c19669d901a14802a725c4a9e71c0e28/gnocchi.2df21391-8eff-4ff5-b60c-e95b653ad412/1780920000.0_mean_300.0_v3" "tx0ff49b9d01f24ab1b1463-006a2d5b44" "proxy-server 20" 0.0159 "-" 24 0
Jun 13 13:29:40 standalone proxy-server[128869]: 172.18.0.2 172.18.0.100 13/Jun/2026/13/29/40 PUT /v1/AUTH_c19669d901a14802a725c4a9e71c0e28/gnocchi.2df21391-8eff-4ff5-b60c-e95b653ad412/1780920000.0_mean_300.0_v3 HTTP/1.0 201 - python-swiftclient-3.11.1 gAAAAABqLVq57q7Q... 16 - - tx0ff49b9d01f24ab1b1463-006a2d5b44 - 0.0223 - - 1781357380.452347755 1781357380.474653006 0
Jun 13 13:29:40 standalone container-server[126772]: 172.20.0.100 - - [13/Jun/2026:13:29:40 +0000] "PUT /d1/708/AUTH_c19669d901a14802a725c4a9e71c0e28/gnocchi.2df21391-8eff-4ff5-b60c-e95b653ad412/none_v3" 201 - "PUT http://172.18.0.2:8080/d1/245/AUTH_c19669d901a14802a725c4a9e71c0e28/gnocchi.2df21391-8eff-4ff5-b60c-e95b653ad412/none_v3" "tx2497944381834de7a274d-006a2d5b44" "object-server 23" 0.0010 "-" 20 0
Jun 13 13:29:40 standalone object-server[126993]: 172.20.0.100 - - [13/Jun/2026:13:29:40 +0000] "PUT /d1/245/AUTH_c19669d901a14802a725c4a9e71c0e28/gnocchi.2df21391-8eff-4ff5-b60c-e95b653ad412/none_v3" 201 - "PUT http://172.18.0.2:8080/v1/AUTH_c19669d901a14802a725c4a9e71c0e28/gnocchi.2df21391-8eff-4ff5-b60c-e95b653ad412/none_v3" "tx2497944381834de7a274d-006a2d5b44" "proxy-server 20" 0.0150 "-" 23 0
Jun 13 13:29:40 standalone proxy-server[128869]: 172.18.0.2 172.18.0.100 13/Jun/2026/13/29/40 PUT /v1/AUTH_c19669d901a14802a725c4a9e71c0e28/gnocchi.2df21391-8eff-4ff5-b60c-e95b653ad412/none_v3 HTTP/1.0 201 - python-swiftclient-3.11.1 gAAAAABqLVq57q7Q... 22 - - tx2497944381834de7a274d-006a2d5b44 - 0.0207 - - 1781357380.479247808 1781357380.499913692 0
Jun 13 13:29:46 standalone container-server[126772]: 172.20.0.100 - - [13/Jun/2026:13:29:46 +0000] "HEAD /d1/179/AUTH_c19669d901a14802a725c4a9e71c0e28/gnocchi.7f70cdbc-b3ee-422d-9768-3c45c2fa7e81" 404 - "HEAD http://172.18.0.2:8080/v1/AUTH_c19669d901a14802a725c4a9e71c0e28/gnocchi.7f70cdbc-b3ee-422d-9768-3c45c2fa7e81?format=json&states=listing" "tx214fdd521385475398b8c-006a2d5b4a" "proxy-server 20" 0.0005 "-" 20 0
Jun 13 13:29:46 standalone object-server[126993]: 172.20.0.100 - - [13/Jun/2026:13:29:46 +0000] "GET /d1/711/AUTH_c19669d901a14802a725c4a9e71c0e28/gnocchi.7f70cdbc-b3ee-422d-9768-3c45c2fa7e81/none_v3" 404 70 "GET http://172.18.0.2:8080/v1/AUTH_c19669d901a14802a725c4a9e71c0e28/gnocchi.7f70cdbc-b3ee-422d-9768-3c45c2fa7e81/none_v3" "tx214fdd521385475398b8c-006a2d5b4a" "proxy-server 20" 0.0004 "-" 23 0
Jun 13 13:29:46 standalone proxy-server[128869]: 172.18.0.2 172.18.0.100 13/Jun/2026/13/29/46 GET /v1/AUTH_c19669d901a14802a725c4a9e71c0e28/gnocchi.7f70cdbc-b3ee-422d-9768-3c45c2fa7e81/none_v3 HTTP/1.0 404 - python-swiftclient-3.11.1 gAAAAABqLVq57q7Q... - 70 - tx214fdd521385475398b8c-006a2d5b4a - 0.0124 - - 1781357386.454839468 1781357386.467201948 0
Jun 13 13:29:46 standalone account-server[126751]: 172.20.0.100 - - [13/Jun/2026:13:29:46 +0000] "PUT /d1/10/AUTH_c19669d901a14802a725c4a9e71c0e28/gnocchi.7f70cdbc-b3ee-422d-9768-3c45c2fa7e81" 201 - "PUT http://172.20.0.100:6001/d1/179/AUTH_c19669d901a14802a725c4a9e71c0e28/gnocchi.7f70cdbc-b3ee-422d-9768-3c45c2fa7e81" "tx3dab9801241244f3af059-006a2d5b4a" "container-server 21" 0.0043 "-" 22 0
Jun 13 13:29:46 standalone container-server[126774]: 172.20.0.100 - - [13/Jun/2026:13:29:46 +0000] "PUT /d1/179/AUTH_c19669d901a14802a725c4a9e71c0e28/gnocchi.7f70cdbc-b3ee-422d-9768-3c45c2fa7e81" 201 - "PUT http://172.18.0.2:8080/v1/AUTH_c19669d901a14802a725c4a9e71c0e28/gnocchi.7f70cdbc-b3ee-422d-9768-3c45c2fa7e81" "tx3dab9801241244f3af059-006a2d5b4a" "proxy-server 20" 0.0223 "-" 21 0
Jun 13 13:29:46 standalone proxy-server[128869]: 172.18.0.2 172.18.0.100 13/Jun/2026/13/29/46 PUT /v1/AUTH_c19669d901a14802a725c4a9e71c0e28/gnocchi.7f70cdbc-b3ee-422d-9768-3c45c2fa7e81 HTTP/1.0 201 - python-swiftclient-3.11.1 gAAAAABqLVq57q7Q... - - - tx3dab9801241244f3af059-006a2d5b4a - 0.0291 - - 1781357386.471361399 1781357386.500437737 0
Jun 13 13:29:46 standalone container-server[126776]: 172.20.0.100 - - [13/Jun/2026:13:29:46 +0000] "HEAD /d1/179/AUTH_c19669d901a14802a725c4a9e71c0e28/gnocchi.7f70cdbc-b3ee-422d-9768-3c45c2fa7e81" 204 - "HEAD http://172.18.0.2:8080/v1/AUTH_c19669d901a14802a725c4a9e71c0e28/gnocchi.7f70cdbc-b3ee-422d-9768-3c45c2fa7e81?format=json&states=listing" "txa57fe20590ef42f09fe3d-006a2d5b4a" "proxy-server 20" 0.0012 "-" 22 0
Jun 13 13:29:46 standalone proxy-server[128869]: - - 13/Jun/2026/13/29/46 HEAD /v1/AUTH_c19669d901a14802a725c4a9e71c0e28/gnocchi.7f70cdbc-b3ee-422d-9768-3c45c2fa7e81%3Fformat%3Djson%26states%3Dlisting HTTP/1.0 204 - Swift - - - - txa57fe20590ef42f09fe3d-006a2d5b4a - 0.0053 RL - 1781357386.506784678 1781357386.512114525 0
Jun 13 13:29:46 standalone container-server[126772]: 172.20.0.100 - - [13/Jun/2026:13:29:46 +0000] "GET /d1/179/AUTH_c19669d901a14802a725c4a9e71c0e28/gnocchi.7f70cdbc-b3ee-422d-9768-3c45c2fa7e81" 200 2 "GET http://172.18.0.2:8080/v1/AUTH_c19669d901a14802a725c4a9e71c0e28/gnocchi.7f70cdbc-b3ee-422d-9768-3c45c2fa7e81?format=json&states=listing" "txa57fe20590ef42f09fe3d-006a2d5b4a" "proxy-server 20" 0.0017 "-" 20 0
Jun 13 13:29:46 standalone proxy-server[128869]: 172.18.0.2 172.18.0.100 13/Jun/2026/13/29/46 GET /v1/AUTH_c19669d901a14802a725c4a9e71c0e28/gnocchi.7f70cdbc-b3ee-422d-9768-3c45c2fa7e81%3Fformat%3Djson%26states%3Dlisting HTTP/1.0 200 - python-swiftclient-3.11.1 gAAAAABqLVq57q7Q... - 2 - txa57fe20590ef42f09fe3d-006a2d5b4a - 0.0163 - - 1781357386.505169630 1781357386.521471262 0
Jun 13 13:29:46 standalone object-server[126994]: 172.20.0.100 - - [13/Jun/2026:13:29:46 +0000] "GET /d1/267/AUTH_c19669d901a14802a725c4a9e71c0e28/gnocchi.7f70cdbc-b3ee-422d-9768-3c45c2fa7e81/1780920000.0_mean_300.0_v3" 404 70 "GET http://172.18.0.2:8080/v1/AUTH_c19669d901a14802a725c4a9e71c0e28/gnocchi.7f70cdbc-b3ee-422d-9768-3c45c2fa7e81/1780920000.0_mean_300.0_v3" "txf4fe769db99b4c97950c9-006a2d5b4a" "proxy-server 20" 0.0004 "-" 24 0
Jun 13 13:29:46 standalone proxy-server[128869]: 172.18.0.2 172.18.0.100 13/Jun/2026/13/29/46 GET /v1/AUTH_c19669d901a14802a725c4a9e71c0e28/gnocchi.7f70cdbc-b3ee-422d-9768-3c45c2fa7e81/1780920000.0_mean_300.0_v3 HTTP/1.0 404 - python-swiftclient-3.11.1 gAAAAABqLVq57q7Q... - 70 - txf4fe769db99b4c97950c9-006a2d5b4a - 0.0086 - - 1781357386.526393175 1781357386.534991026 0
Jun 13 13:29:46 standalone container-server[126774]: 172.20.0.100 - - [13/Jun/2026:13:29:46 +0000] "PUT /d1/179/AUTH_c19669d901a14802a725c4a9e71c0e28/gnocchi.7f70cdbc-b3ee-422d-9768-3c45c2fa7e81/1780920000.0_mean_300.0_v3" 201 - "PUT http://172.18.0.2:8080/d1/267/AUTH_c19669d901a14802a725c4a9e71c0e28/gnocchi.7f70cdbc-b3ee-422d-9768-3c45c2fa7e81/1780920000.0_mean_300.0_v3" "tx9fa7afd75c204d1c95def-006a2d5b4a" "object-server 25" 0.0011 "-" 21 0
Jun 13 13:29:46 standalone object-server[126996]: 172.20.0.100 - - [13/Jun/2026:13:29:46 +0000] "PUT /d1/267/AUTH_c19669d901a14802a725c4a9e71c0e28/gnocchi.7f70cdbc-b3ee-422d-9768-3c45c2fa7e81/1780920000.0_mean_300.0_v3" 201 - "PUT http://172.18.0.2:8080/v1/AUTH_c19669d901a14802a725c4a9e71c0e28/gnocchi.7f70cdbc-b3ee-422d-9768-3c45c2fa7e81/1780920000.0_mean_300.0_v3" "tx9fa7afd75c204d1c95def-006a2d5b4a" "proxy-server 20" 0.0118 "-" 25 0
Jun 13 13:29:46 standalone proxy-server[128869]: 172.18.0.2 172.18.0.100 13/Jun/2026/13/29/46 PUT /v1/AUTH_c19669d901a14802a725c4a9e71c0e28/gnocchi.7f70cdbc-b3ee-422d-9768-3c45c2fa7e81/1780920000.0_mean_300.0_v3 HTTP/1.0 201 - python-swiftclient-3.11.1 gAAAAABqLVq57q7Q... 16 - - tx9fa7afd75c204d1c95def-006a2d5b4a - 0.0189 - - 1781357386.539134741 1781357386.558024883 0
Jun 13 13:29:46 standalone container-server[126774]: 172.20.0.100 - - [13/Jun/2026:13:29:46 +0000] "PUT /d1/179/AUTH_c19669d901a14802a725c4a9e71c0e28/gnocchi.7f70cdbc-b3ee-422d-9768-3c45c2fa7e81/none_v3" 201 - "PUT http://172.18.0.2:8080/d1/711/AUTH_c19669d901a14802a725c4a9e71c0e28/gnocchi.7f70cdbc-b3ee-422d-9768-3c45c2fa7e81/none_v3" "tx333554b9cfc5457f9b763-006a2d5b4a" "object-server 25" 0.0015 "-" 21 0
Jun 13 13:29:46 standalone object-server[126996]: 172.20.0.100 - - [13/Jun/2026:13:29:46 +0000] "PUT /d1/711/AUTH_c19669d901a14802a725c4a9e71c0e28/gnocchi.7f70cdbc-b3ee-422d-9768-3c45c2fa7e81/none_v3" 201 - "PUT http://172.18.0.2:8080/v1/AUTH_c19669d901a14802a725c4a9e71c0e28/gnocchi.7f70cdbc-b3ee-422d-9768-3c45c2fa7e81/none_v3" "tx333554b9cfc5457f9b763-006a2d5b4a" "proxy-server 20" 0.0118 "-" 25 0
Jun 13 13:29:46 standalone proxy-server[128869]: 172.18.0.2 172.18.0.100 13/Jun/2026/13/29/46 PUT /v1/AUTH_c19669d901a14802a725c4a9e71c0e28/gnocchi.7f70cdbc-b3ee-422d-9768-3c45c2fa7e81/none_v3 HTTP/1.0 201 - python-swiftclient-3.11.1 gAAAAABqLVq57q7Q... 22 - - tx333554b9cfc5457f9b763-006a2d5b4a - 0.0183 - - 1781357386.570282221 1781357386.588614225 0
Jun 13 13:29:52 standalone object-server[126993]: 172.20.0.100 - - [13/Jun/2026:13:29:52 +0000] "GET /d1/711/AUTH_c19669d901a14802a725c4a9e71c0e28/gnocchi.7f70cdbc-b3ee-422d-9768-3c45c2fa7e81/none_v3" 200 22 "GET http://172.18.0.2:8080/v1/AUTH_c19669d901a14802a725c4a9e71c0e28/gnocchi.7f70cdbc-b3ee-422d-9768-3c45c2fa7e81/none_v3" "tx04325f6037cd431a96640-006a2d5b50" "proxy-server 20" 0.0015 "-" 23 0
Jun 13 13:29:52 standalone proxy-server[128869]: 172.18.0.2 172.18.0.100 13/Jun/2026/13/29/52 GET /v1/AUTH_c19669d901a14802a725c4a9e71c0e28/gnocchi.7f70cdbc-b3ee-422d-9768-3c45c2fa7e81/none_v3 HTTP/1.0 200 - python-swiftclient-3.11.1 gAAAAABqLVq57q7Q... - 22 - tx04325f6037cd431a96640-006a2d5b50 - 0.0113 - - 1781357392.348083973 1781357392.359376192 0
Jun 13 13:29:52 standalone container-server[126772]: 172.20.0.100 - - [13/Jun/2026:13:29:52 +0000] "GET /d1/179/AUTH_c19669d901a14802a725c4a9e71c0e28/gnocchi.7f70cdbc-b3ee-422d-9768-3c45c2fa7e81" 200 357 "GET http://172.18.0.2:8080/v1/AUTH_c19669d901a14802a725c4a9e71c0e28/gnocchi.7f70cdbc-b3ee-422d-9768-3c45c2fa7e81?format=json&states=listing" "txd1b85691759a47289fcb8-006a2d5b50" "proxy-server 20" 0.0130 "-" 20 0
Jun 13 13:29:52 standalone proxy-server[128869]: 172.18.0.2 172.18.0.100 13/Jun/2026/13/29/52 GET /v1/AUTH_c19669d901a14802a725c4a9e71c0e28/gnocchi.7f70cdbc-b3ee-422d-9768-3c45c2fa7e81%3Fformat%3Djson%26states%3Dlisting HTTP/1.0 200 - python-swiftclient-3.11.1 gAAAAABqLVq57q7Q... - 357 - txd1b85691759a47289fcb8-006a2d5b50 - 0.0225 - - 1781357392.363523006 1781357392.385986328 0
Jun 13 13:29:52 standalone container-server[126778]: 172.20.0.100 - - [13/Jun/2026:13:29:52 +0000] "GET /d1/179/AUTH_c19669d901a14802a725c4a9e71c0e28/gnocchi.7f70cdbc-b3ee-422d-9768-3c45c2fa7e81" 200 2 "GET http://172.18.0.2:8080/v1/AUTH_c19669d901a14802a725c4a9e71c0e28/gnocchi.7f70cdbc-b3ee-422d-9768-3c45c2fa7e81?format=json&marker=none_v3&states=listing" "txe0216f39e7a3412bb8cb5-006a2d5b50" "proxy-server 20" 0.0035 "-" 23 0
Jun 13 13:29:52 standalone proxy-server[128869]: 172.18.0.2 172.18.0.100 13/Jun/2026/13/29/52 GET /v1/AUTH_c19669d901a14802a725c4a9e71c0e28/gnocchi.7f70cdbc-b3ee-422d-9768-3c45c2fa7e81%3Fformat%3Djson%26marker%3Dnone_v3%26states%3Dlisting HTTP/1.0 200 - python-swiftclient-3.11.1 gAAAAABqLVq57q7Q... - 2 - txe0216f39e7a3412bb8cb5-006a2d5b50 - 0.0116 - - 1781357392.388954878 1781357392.400529146 0
Jun 13 13:29:52 standalone object-server[126993]: 172.20.0.100 - - [13/Jun/2026:13:29:52 +0000] "GET /d1/267/AUTH_c19669d901a14802a725c4a9e71c0e28/gnocchi.7f70cdbc-b3ee-422d-9768-3c45c2fa7e81/1780920000.0_mean_300.0_v3" 200 16 "GET http://172.18.0.2:8080/v1/AUTH_c19669d901a14802a725c4a9e71c0e28/gnocchi.7f70cdbc-b3ee-422d-9768-3c45c2fa7e81/1780920000.0_mean_300.0_v3" "txa5dee55caee94c4bbc9fb-006a2d5b50" "proxy-server 20" 0.0010 "-" 23 0
Jun 13 13:29:52 standalone proxy-server[128869]: 172.18.0.2 172.18.0.100 13/Jun/2026/13/29/52 GET /v1/AUTH_c19669d901a14802a725c4a9e71c0e28/gnocchi.7f70cdbc-b3ee-422d-9768-3c45c2fa7e81/1780920000.0_mean_300.0_v3 HTTP/1.0 200 - python-swiftclient-3.11.1 gAAAAABqLVq57q7Q... - 16 - txa5dee55caee94c4bbc9fb-006a2d5b50 - 0.0091 - - 1781357392.403989077 1781357392.413043261 0
Jun 13 13:29:52 standalone container-server[126772]: 172.20.0.100 - - [13/Jun/2026:13:29:52 +0000] "PUT /d1/179/AUTH_c19669d901a14802a725c4a9e71c0e28/gnocchi.7f70cdbc-b3ee-422d-9768-3c45c2fa7e81/1780920000.0_mean_300.0_v3" 201 - "PUT http://172.18.0.2:8080/d1/267/AUTH_c19669d901a14802a725c4a9e71c0e28/gnocchi.7f70cdbc-b3ee-422d-9768-3c45c2fa7e81/1780920000.0_mean_300.0_v3" "txce4171611abc4a4d8404b-006a2d5b50" "object-server 25" 0.0008 "-" 20 0
Jun 13 13:29:52 standalone object-server[126996]: 172.20.0.100 - - [13/Jun/2026:13:29:52 +0000] "PUT /d1/267/AUTH_c19669d901a14802a725c4a9e71c0e28/gnocchi.7f70cdbc-b3ee-422d-9768-3c45c2fa7e81/1780920000.0_mean_300.0_v3" 201 - "PUT http://172.18.0.2:8080/v1/AUTH_c19669d901a14802a725c4a9e71c0e28/gnocchi.7f70cdbc-b3ee-422d-9768-3c45c2fa7e81/1780920000.0_mean_300.0_v3" "txce4171611abc4a4d8404b-006a2d5b50" "proxy-server 20" 0.0125 "-" 25 0
Jun 13 13:29:52 standalone proxy-server[128869]: 172.18.0.2 172.18.0.100 13/Jun/2026/13/29/52 PUT /v1/AUTH_c19669d901a14802a725c4a9e71c0e28/gnocchi.7f70cdbc-b3ee-422d-9768-3c45c2fa7e81/1780920000.0_mean_300.0_v3 HTTP/1.0 201 - python-swiftclient-3.11.1 gAAAAABqLVq57q7Q... 16 - - txce4171611abc4a4d8404b-006a2d5b50 - 0.0211 - - 1781357392.416178942 1781357392.437263012 0
Jun 13 13:29:52 standalone container-server[126772]: 172.20.0.100 - - [13/Jun/2026:13:29:52 +0000] "PUT /d1/179/AUTH_c19669d901a14802a725c4a9e71c0e28/gnocchi.7f70cdbc-b3ee-422d-9768-3c45c2fa7e81/none_v3" 201 - "PUT http://172.18.0.2:8080/d1/711/AUTH_c19669d901a14802a725c4a9e71c0e28/gnocchi.7f70cdbc-b3ee-422d-9768-3c45c2fa7e81/none_v3" "txeed973f21a50481a8c323-006a2d5b50" "object-server 23" 0.0006 "-" 20 0
Jun 13 13:29:52 standalone object-server[126993]: 172.20.0.100 - - [13/Jun/2026:13:29:52 +0000] "PUT /d1/711/AUTH_c19669d901a14802a725c4a9e71c0e28/gnocchi.7f70cdbc-b3ee-422d-9768-3c45c2fa7e81/none_v3" 201 - "PUT http://172.18.0.2:8080/v1/AUTH_c19669d901a14802a725c4a9e71c0e28/gnocchi.7f70cdbc-b3ee-422d-9768-3c45c2fa7e81/none_v3" "txeed973f21a50481a8c323-006a2d5b50" "proxy-server 20" 0.0112 "-" 23 0
Jun 13 13:29:52 standalone proxy-server[128869]: 172.18.0.2 172.18.0.100 13/Jun/2026/13/29/52 PUT /v1/AUTH_c19669d901a14802a725c4a9e71c0e28/gnocchi.7f70cdbc-b3ee-422d-9768-3c45c2fa7e81/none_v3 HTTP/1.0 201 - python-swiftclient-3.11.1 gAAAAABqLVq57q7Q... 32 - - txeed973f21a50481a8c323-006a2d5b50 - 0.0198 - - 1781357392.441044807 1781357392.460882664 0
Jun 13 13:30:49 standalone account-server[126751]: 172.20.0.100 - - [13/Jun/2026:13:30:49 +0000] "HEAD /d1/10/AUTH_c19669d901a14802a725c4a9e71c0e28" 204 - "HEAD http://172.18.0.2:8080/v1/AUTH_c19669d901a14802a725c4a9e71c0e28?format=json" "tx9d8a7715112a449eb9f22-006a2d5b89" "proxy-server 20" 0.0057 "-" 22 -
Jun 13 13:30:49 standalone proxy-server[128869]: - - 13/Jun/2026/13/30/49 HEAD /v1/AUTH_c19669d901a14802a725c4a9e71c0e28%3Fformat%3Djson HTTP/1.0 204 - Swift - - - - tx9d8a7715112a449eb9f22-006a2d5b89 - 0.0126 RL - 1781357449.711954832 1781357449.724508762 -
Jun 13 13:30:49 standalone container-server[126776]: 172.20.0.100 - - [13/Jun/2026:13:30:49 +0000] "HEAD /d1/132/AUTH_c19669d901a14802a725c4a9e71c0e28/gnocchi.eaa6f967-0f23-4fd0-a565-4a203e600489" 404 - "HEAD http://172.18.0.2:8080/v1/AUTH_c19669d901a14802a725c4a9e71c0e28/gnocchi.eaa6f967-0f23-4fd0-a565-4a203e600489?format=json&states=listing" "tx9d8a7715112a449eb9f22-006a2d5b89" "proxy-server 20" 0.0011 "-" 22 0
Jun 13 13:30:49 standalone object-server[126994]: 172.20.0.100 - - [13/Jun/2026:13:30:49 +0000] "GET /d1/975/AUTH_c19669d901a14802a725c4a9e71c0e28/gnocchi.eaa6f967-0f23-4fd0-a565-4a203e600489/none_v3" 404 70 "GET http://172.18.0.2:8080/v1/AUTH_c19669d901a14802a725c4a9e71c0e28/gnocchi.eaa6f967-0f23-4fd0-a565-4a203e600489/none_v3" "tx9d8a7715112a449eb9f22-006a2d5b89" "proxy-server 20" 0.0008 "-" 24 0
Jun 13 13:30:49 standalone proxy-server[128869]: 172.18.0.2 172.18.0.100 13/Jun/2026/13/30/49 GET /v1/AUTH_c19669d901a14802a725c4a9e71c0e28/gnocchi.eaa6f967-0f23-4fd0-a565-4a203e600489/none_v3 HTTP/1.0 404 - python-swiftclient-3.11.1 gAAAAABqLVq57q7Q... - 70 - tx9d8a7715112a449eb9f22-006a2d5b89 - 0.0424 - - 1781357449.710616350 1781357449.752968550 0
Jun 13 13:30:49 standalone account-server[126760]: 172.20.0.100 - - [13/Jun/2026:13:30:49 +0000] "PUT /d1/10/AUTH_c19669d901a14802a725c4a9e71c0e28/gnocchi.eaa6f967-0f23-4fd0-a565-4a203e600489" 201 - "PUT http://172.20.0.100:6001/d1/132/AUTH_c19669d901a14802a725c4a9e71c0e28/gnocchi.eaa6f967-0f23-4fd0-a565-4a203e600489" "tx08b4c10893dd405da4bc4-006a2d5b89" "container-server 22" 0.0014 "-" 23 0
Jun 13 13:30:49 standalone container-server[126776]: 172.20.0.100 - - [13/Jun/2026:13:30:49 +0000] "PUT /d1/132/AUTH_c19669d901a14802a725c4a9e71c0e28/gnocchi.eaa6f967-0f23-4fd0-a565-4a203e600489" 201 - "PUT http://172.18.0.2:8080/v1/AUTH_c19669d901a14802a725c4a9e71c0e28/gnocchi.eaa6f967-0f23-4fd0-a565-4a203e600489" "tx08b4c10893dd405da4bc4-006a2d5b89" "proxy-server 20" 0.0111 "-" 22 0
Jun 13 13:30:49 standalone proxy-server[128869]: 172.18.0.2 172.18.0.100 13/Jun/2026/13/30/49 PUT /v1/AUTH_c19669d901a14802a725c4a9e71c0e28/gnocchi.eaa6f967-0f23-4fd0-a565-4a203e600489 HTTP/1.0 201 - python-swiftclient-3.11.1 gAAAAABqLVq57q7Q... - - - tx08b4c10893dd405da4bc4-006a2d5b89 - 0.0164 - - 1781357449.756624937 1781357449.773038387 0
Jun 13 13:30:49 standalone container-server[126774]: 172.20.0.100 - - [13/Jun/2026:13:30:49 +0000] "HEAD /d1/132/AUTH_c19669d901a14802a725c4a9e71c0e28/gnocchi.eaa6f967-0f23-4fd0-a565-4a203e600489" 204 - "HEAD http://172.18.0.2:8080/v1/AUTH_c19669d901a14802a725c4a9e71c0e28/gnocchi.eaa6f967-0f23-4fd0-a565-4a203e600489?format=json&states=listing" "txb437ff1782724bd8a33e2-006a2d5b89" "proxy-server 20" 0.0016 "-" 21 0
Jun 13 13:30:49 standalone proxy-server[128869]: - - 13/Jun/2026/13/30/49 HEAD /v1/AUTH_c19669d901a14802a725c4a9e71c0e28/gnocchi.eaa6f967-0f23-4fd0-a565-4a203e600489%3Fformat%3Djson%26states%3Dlisting HTTP/1.0 204 - Swift - - - - txb437ff1782724bd8a33e2-006a2d5b89 - 0.0063 RL - 1781357449.777492046 1781357449.783766508 0
Jun 13 13:30:49 standalone container-server[126774]: 172.20.0.100 - - [13/Jun/2026:13:30:49 +0000] "GET /d1/132/AUTH_c19669d901a14802a725c4a9e71c0e28/gnocchi.eaa6f967-0f23-4fd0-a565-4a203e600489" 200 2 "GET http://172.18.0.2:8080/v1/AUTH_c19669d901a14802a725c4a9e71c0e28/gnocchi.eaa6f967-0f23-4fd0-a565-4a203e600489?format=json&states=listing" "txb437ff1782724bd8a33e2-006a2d5b89" "proxy-server 20" 0.0021 "-" 21 0
Jun 13 13:30:49 standalone proxy-server[128869]: 172.18.0.2 172.18.0.100 13/Jun/2026/13/30/49 GET /v1/AUTH_c19669d901a14802a725c4a9e71c0e28/gnocchi.eaa6f967-0f23-4fd0-a565-4a203e600489%3Fformat%3Djson%26states%3Dlisting HTTP/1.0 200 - python-swiftclient-3.11.1 gAAAAABqLVq57q7Q... - 2 - txb437ff1782724bd8a33e2-006a2d5b89 - 0.0147 - - 1781357449.776435852 1781357449.791173697 0
Jun 13 13:30:49 standalone object-server[126996]: 172.20.0.100 - - [13/Jun/2026:13:30:49 +0000] "GET /d1/474/AUTH_c19669d901a14802a725c4a9e71c0e28/gnocchi.eaa6f967-0f23-4fd0-a565-4a203e600489/1780920000.0_mean_300.0_v3" 404 70 "GET http://172.18.0.2:8080/v1/AUTH_c19669d901a14802a725c4a9e71c0e28/gnocchi.eaa6f967-0f23-4fd0-a565-4a203e600489/1780920000.0_mean_300.0_v3" "txce4f838a4f544fa783306-006a2d5b89" "proxy-server 20" 0.0006 "-" 25 0
Jun 13 13:30:49 standalone proxy-server[128869]: 172.18.0.2 172.18.0.100 13/Jun/2026/13/30/49 GET /v1/AUTH_c19669d901a14802a725c4a9e71c0e28/gnocchi.eaa6f967-0f23-4fd0-a565-4a203e600489/1780920000.0_mean_300.0_v3 HTTP/1.0 404 - python-swiftclient-3.11.1 gAAAAABqLVq57q7Q... - 70 - txce4f838a4f544fa783306-006a2d5b89 - 0.0073 - - 1781357449.794503927 1781357449.801788568 0
Jun 13 13:30:49 standalone container-server[126778]: 172.20.0.100 - - [13/Jun/2026:13:30:49 +0000] "PUT /d1/132/AUTH_c19669d901a14802a725c4a9e71c0e28/gnocchi.eaa6f967-0f23-4fd0-a565-4a203e600489/1780920000.0_mean_300.0_v3" 201 - "PUT http://172.18.0.2:8080/d1/474/AUTH_c19669d901a14802a725c4a9e71c0e28/gnocchi.eaa6f967-0f23-4fd0-a565-4a203e600489/1780920000.0_mean_300.0_v3" "tx42b0d1331d9d43c8b50ba-006a2d5b89" "object-server 23" 0.0008 "-" 23 0
Jun 13 13:30:49 standalone object-server[126993]: 172.20.0.100 - - [13/Jun/2026:13:30:49 +0000] "PUT /d1/474/AUTH_c19669d901a14802a725c4a9e71c0e28/gnocchi.eaa6f967-0f23-4fd0-a565-4a203e600489/1780920000.0_mean_300.0_v3" 201 - "PUT http://172.18.0.2:8080/v1/AUTH_c19669d901a14802a725c4a9e71c0e28/gnocchi.eaa6f967-0f23-4fd0-a565-4a203e600489/1780920000.0_mean_300.0_v3" "tx42b0d1331d9d43c8b50ba-006a2d5b89" "proxy-server 20" 0.0120 "-" 23 0
Jun 13 13:30:49 standalone proxy-server[128869]: 172.18.0.2 172.18.0.100 13/Jun/2026/13/30/49 PUT /v1/AUTH_c19669d901a14802a725c4a9e71c0e28/gnocchi.eaa6f967-0f23-4fd0-a565-4a203e600489/1780920000.0_mean_300.0_v3 HTTP/1.0 201 - python-swiftclient-3.11.1 gAAAAABqLVq57q7Q... 16 - - tx42b0d1331d9d43c8b50ba-006a2d5b89 - 0.0187 - - 1781357449.804177046 1781357449.822867155 0
Jun 13 13:30:49 standalone container-server[126776]: 172.20.0.100 - - [13/Jun/2026:13:30:49 +0000] "PUT /d1/132/AUTH_c19669d901a14802a725c4a9e71c0e28/gnocchi.eaa6f967-0f23-4fd0-a565-4a203e600489/none_v3" 201 - "PUT http://172.18.0.2:8080/d1/975/AUTH_c19669d901a14802a725c4a9e71c0e28/gnocchi.eaa6f967-0f23-4fd0-a565-4a203e600489/none_v3" "tx6526108e8450417896e89-006a2d5b89" "object-server 24" 0.0005 "-" 22 0
Jun 13 13:30:49 standalone object-server[126994]: 172.20.0.100 - - [13/Jun/2026:13:30:49 +0000] "PUT /d1/975/AUTH_c19669d901a14802a725c4a9e71c0e28/gnocchi.eaa6f967-0f23-4fd0-a565-4a203e600489/none_v3" 201 - "PUT http://172.18.0.2:8080/v1/AUTH_c19669d901a14802a725c4a9e71c0e28/gnocchi.eaa6f967-0f23-4fd0-a565-4a203e600489/none_v3" "tx6526108e8450417896e89-006a2d5b89" "proxy-server 20" 0.0101 "-" 24 0
Jun 13 13:30:49 standalone proxy-server[128869]: 172.18.0.2 172.18.0.100 13/Jun/2026/13/30/49 PUT /v1/AUTH_c19669d901a14802a725c4a9e71c0e28/gnocchi.eaa6f967-0f23-4fd0-a565-4a203e600489/none_v3 HTTP/1.0 201 - python-swiftclient-3.11.1 gAAAAABqLVq57q7Q... 22 - - tx6526108e8450417896e89-006a2d5b89 - 0.0167 - - 1781357449.826061010 1781357449.842769861 0
Jun 13 13:30:49 standalone container-server[126772]: 172.20.0.100 - - [13/Jun/2026:13:30:49 +0000] "HEAD /d1/163/AUTH_c19669d901a14802a725c4a9e71c0e28/gnocchi.12b7b300-98f1-4c8c-a7fe-cf7b25f628df" 404 - "HEAD http://172.18.0.2:8080/v1/AUTH_c19669d901a14802a725c4a9e71c0e28/gnocchi.12b7b300-98f1-4c8c-a7fe-cf7b25f628df?format=json&states=listing" "tx2b98265b01c44332959f0-006a2d5b89" "proxy-server 20" 0.0005 "-" 20 0
Jun 13 13:30:49 standalone object-server[126996]: 172.20.0.100 - - [13/Jun/2026:13:30:49 +0000] "GET /d1/468/AUTH_c19669d901a14802a725c4a9e71c0e28/gnocchi.12b7b300-98f1-4c8c-a7fe-cf7b25f628df/none_v3" 404 70 "GET http://172.18.0.2:8080/v1/AUTH_c19669d901a14802a725c4a9e71c0e28/gnocchi.12b7b300-98f1-4c8c-a7fe-cf7b25f628df/none_v3" "tx2b98265b01c44332959f0-006a2d5b89" "proxy-server 20" 0.0006 "-" 25 0
Jun 13 13:30:49 standalone proxy-server[128869]: 172.18.0.2 172.18.0.100 13/Jun/2026/13/30/49 GET /v1/AUTH_c19669d901a14802a725c4a9e71c0e28/gnocchi.12b7b300-98f1-4c8c-a7fe-cf7b25f628df/none_v3 HTTP/1.0 404 - python-swiftclient-3.11.1 gAAAAABqLVq57q7Q... - 70 - tx2b98265b01c44332959f0-006a2d5b89 - 0.0125 - - 1781357449.857237577 1781357449.869718313 0
Jun 13 13:30:49 standalone account-server[126751]: 172.20.0.100 - - [13/Jun/2026:13:30:49 +0000] "PUT /d1/10/AUTH_c19669d901a14802a725c4a9e71c0e28/gnocchi.12b7b300-98f1-4c8c-a7fe-cf7b25f628df" 201 - "PUT http://172.20.0.100:6001/d1/163/AUTH_c19669d901a14802a725c4a9e71c0e28/gnocchi.12b7b300-98f1-4c8c-a7fe-cf7b25f628df" "txdd270b54862b4d3f87550-006a2d5b89" "container-server 22" 0.0042 "-" 22 0
Jun 13 13:30:49 standalone container-server[126776]: 172.20.0.100 - - [13/Jun/2026:13:30:49 +0000] "PUT /d1/163/AUTH_c19669d901a14802a725c4a9e71c0e28/gnocchi.12b7b300-98f1-4c8c-a7fe-cf7b25f628df" 201 - "PUT http://172.18.0.2:8080/v1/AUTH_c19669d901a14802a725c4a9e71c0e28/gnocchi.12b7b300-98f1-4c8c-a7fe-cf7b25f628df" "txdd270b54862b4d3f87550-006a2d5b89" "proxy-server 20" 0.0130 "-" 22 0
Jun 13 13:30:49 standalone proxy-server[128869]: 172.18.0.2 172.18.0.100 13/Jun/2026/13/30/49 PUT /v1/AUTH_c19669d901a14802a725c4a9e71c0e28/gnocchi.12b7b300-98f1-4c8c-a7fe-cf7b25f628df HTTP/1.0 201 - python-swiftclient-3.11.1 gAAAAABqLVq57q7Q... - - - txdd270b54862b4d3f87550-006a2d5b89 - 0.0207 - - 1781357449.872077942 1781357449.892752647 0
Jun 13 13:30:49 standalone container-server[126778]: 172.20.0.100 - - [13/Jun/2026:13:30:49 +0000] "HEAD /d1/163/AUTH_c19669d901a14802a725c4a9e71c0e28/gnocchi.12b7b300-98f1-4c8c-a7fe-cf7b25f628df" 204 - "HEAD http://172.18.0.2:8080/v1/AUTH_c19669d901a14802a725c4a9e71c0e28/gnocchi.12b7b300-98f1-4c8c-a7fe-cf7b25f628df?format=json&states=listing" "txaad4e5bc314c409ea8593-006a2d5b89" "proxy-server 20" 0.0012 "-" 23 0
Jun 13 13:30:49 standalone proxy-server[128869]: - - 13/Jun/2026/13/30/49 HEAD /v1/AUTH_c19669d901a14802a725c4a9e71c0e28/gnocchi.12b7b300-98f1-4c8c-a7fe-cf7b25f628df%3Fformat%3Djson%26states%3Dlisting HTTP/1.0 204 - Swift - - - - txaad4e5bc314c409ea8593-006a2d5b89 - 0.0048 RL - 1781357449.902125835 1781357449.906964064 0
Jun 13 13:30:49 standalone container-server[126776]: 172.20.0.100 - - [13/Jun/2026:13:30:49 +0000] "GET /d1/163/AUTH_c19669d901a14802a725c4a9e71c0e28/gnocchi.12b7b300-98f1-4c8c-a7fe-cf7b25f628df" 200 2 "GET http://172.18.0.2:8080/v1/AUTH_c19669d901a14802a725c4a9e71c0e28/gnocchi.12b7b300-98f1-4c8c-a7fe-cf7b25f628df?format=json&states=listing" "txaad4e5bc314c409ea8593-006a2d5b89" "proxy-server 20" 0.0016 "-" 22 0
Jun 13 13:30:49 standalone proxy-server[128869]: 172.18.0.2 172.18.0.100 13/Jun/2026/13/30/49 GET /v1/AUTH_c19669d901a14802a725c4a9e71c0e28/gnocchi.12b7b300-98f1-4c8c-a7fe-cf7b25f628df%3Fformat%3Djson%26states%3Dlisting HTTP/1.0 200 - python-swiftclient-3.11.1 gAAAAABqLVq57q7Q... - 2 - txaad4e5bc314c409ea8593-006a2d5b89 - 0.0149 - - 1781357449.899003029 1781357449.913947821 0
Jun 13 13:30:49 standalone object-server[126996]: 172.20.0.100 - - [13/Jun/2026:13:30:49 +0000] "GET /d1/941/AUTH_c19669d901a14802a725c4a9e71c0e28/gnocchi.12b7b300-98f1-4c8c-a7fe-cf7b25f628df/1780920000.0_mean_300.0_v3" 404 70 "GET http://172.18.0.2:8080/v1/AUTH_c19669d901a14802a725c4a9e71c0e28/gnocchi.12b7b300-98f1-4c8c-a7fe-cf7b25f628df/1780920000.0_mean_300.0_v3" "tx1d181e3ea10a4ed184e88-006a2d5b89" "proxy-server 20" 0.0003 "-" 25 0
Jun 13 13:30:49 standalone proxy-server[128869]: 172.18.0.2 172.18.0.100 13/Jun/2026/13/30/49 GET /v1/AUTH_c19669d901a14802a725c4a9e71c0e28/gnocchi.12b7b300-98f1-4c8c-a7fe-cf7b25f628df/1780920000.0_mean_300.0_v3 HTTP/1.0 404 - python-swiftclient-3.11.1 gAAAAABqLVq57q7Q... - 70 - tx1d181e3ea10a4ed184e88-006a2d5b89 - 0.0099 - - 1781357449.917618990 1781357449.927539825 0
Jun 13 13:30:49 standalone container-server[126774]: 172.20.0.100 - - [13/Jun/2026:13:30:49 +0000] "PUT /d1/163/AUTH_c19669d901a14802a725c4a9e71c0e28/gnocchi.12b7b300-98f1-4c8c-a7fe-cf7b25f628df/1780920000.0_mean_300.0_v3" 201 - "PUT http://172.18.0.2:8080/d1/941/AUTH_c19669d901a14802a725c4a9e71c0e28/gnocchi.12b7b300-98f1-4c8c-a7fe-cf7b25f628df/1780920000.0_mean_300.0_v3" "tx6d32b79fe2ae4689b7afe-006a2d5b89" "object-server 25" 0.0007 "-" 21 0
Jun 13 13:30:49 standalone object-server[126996]: 172.20.0.100 - - [13/Jun/2026:13:30:49 +0000] "PUT /d1/941/AUTH_c19669d901a14802a725c4a9e71c0e28/gnocchi.12b7b300-98f1-4c8c-a7fe-cf7b25f628df/1780920000.0_mean_300.0_v3" 201 - "PUT http://172.18.0.2:8080/v1/AUTH_c19669d901a14802a725c4a9e71c0e28/gnocchi.12b7b300-98f1-4c8c-a7fe-cf7b25f628df/1780920000.0_mean_300.0_v3" "tx6d32b79fe2ae4689b7afe-006a2d5b89" "proxy-server 20" 0.0111 "-" 25 0
Jun 13 13:30:49 standalone proxy-server[128869]: 172.18.0.2 172.18.0.100 13/Jun/2026/13/30/49 PUT /v1/AUTH_c19669d901a14802a725c4a9e71c0e28/gnocchi.12b7b300-98f1-4c8c-a7fe-cf7b25f628df/1780920000.0_mean_300.0_v3 HTTP/1.0 201 - python-swiftclient-3.11.1 gAAAAABqLVq57q7Q... 16 - - tx6d32b79fe2ae4689b7afe-006a2d5b89 - 0.0155 - - 1781357449.930350542 1781357449.945878267 0
Jun 13 13:30:49 standalone container-server[126772]: 172.20.0.100 - - [13/Jun/2026:13:30:49 +0000] "PUT /d1/163/AUTH_c19669d901a14802a725c4a9e71c0e28/gnocchi.12b7b300-98f1-4c8c-a7fe-cf7b25f628df/none_v3" 201 - "PUT http://172.18.0.2:8080/d1/468/AUTH_c19669d901a14802a725c4a9e71c0e28/gnocchi.12b7b300-98f1-4c8c-a7fe-cf7b25f628df/none_v3" "tx6c2e7e1aa0e94d41a19fd-006a2d5b89" "object-server 25" 0.0005 "-" 20 0
Jun 13 13:30:49 standalone object-server[126996]: 172.20.0.100 - - [13/Jun/2026:13:30:49 +0000] "PUT /d1/468/AUTH_c19669d901a14802a725c4a9e71c0e28/gnocchi.12b7b300-98f1-4c8c-a7fe-cf7b25f628df/none_v3" 201 - "PUT http://172.18.0.2:8080/v1/AUTH_c19669d901a14802a725c4a9e71c0e28/gnocchi.12b7b300-98f1-4c8c-a7fe-cf7b25f628df/none_v3" "tx6c2e7e1aa0e94d41a19fd-006a2d5b89" "proxy-server 20" 0.0123 "-" 25 0
Jun 13 13:30:49 standalone proxy-server[128869]: 172.18.0.2 172.18.0.100 13/Jun/2026/13/30/49 PUT /v1/AUTH_c19669d901a14802a725c4a9e71c0e28/gnocchi.12b7b300-98f1-4c8c-a7fe-cf7b25f628df/none_v3 HTTP/1.0 201 - python-swiftclient-3.11.1 gAAAAABqLVq57q7Q... 22 - - tx6c2e7e1aa0e94d41a19fd-006a2d5b89 - 0.0182 - - 1781357449.951159239 1781357449.969375372 0
Jun 13 13:30:49 standalone container-server[126776]: 172.20.0.100 - - [13/Jun/2026:13:30:49 +0000] "HEAD /d1/109/AUTH_c19669d901a14802a725c4a9e71c0e28/gnocchi.4b9ea784-d8a7-4149-8fae-7d239e2d1877" 404 - "HEAD http://172.18.0.2:8080/v1/AUTH_c19669d901a14802a725c4a9e71c0e28/gnocchi.4b9ea784-d8a7-4149-8fae-7d239e2d1877?format=json&states=listing" "tx03519a77cb964f0b9c1e1-006a2d5b89" "proxy-server 20" 0.0003 "-" 22 0
Jun 13 13:30:49 standalone object-server[126990]: 172.20.0.100 - - [13/Jun/2026:13:30:49 +0000] "GET /d1/696/AUTH_c19669d901a14802a725c4a9e71c0e28/gnocchi.4b9ea784-d8a7-4149-8fae-7d239e2d1877/none_v3" 404 70 "GET http://172.18.0.2:8080/v1/AUTH_c19669d901a14802a725c4a9e71c0e28/gnocchi.4b9ea784-d8a7-4149-8fae-7d239e2d1877/none_v3" "tx03519a77cb964f0b9c1e1-006a2d5b89" "proxy-server 20" 0.0004 "-" 22 0
Jun 13 13:30:49 standalone proxy-server[128869]: 172.18.0.2 172.18.0.100 13/Jun/2026/13/30/49 GET /v1/AUTH_c19669d901a14802a725c4a9e71c0e28/gnocchi.4b9ea784-d8a7-4149-8fae-7d239e2d1877/none_v3 HTTP/1.0 404 - python-swiftclient-3.11.1 gAAAAABqLVq57q7Q... - 70 - tx03519a77cb964f0b9c1e1-006a2d5b89 - 0.0091 - - 1781357449.982439518 1781357449.991552353 0
Jun 13 13:30:50 standalone account-server[126751]: 172.20.0.100 - - [13/Jun/2026:13:30:50 +0000] "PUT /d1/10/AUTH_c19669d901a14802a725c4a9e71c0e28/gnocchi.4b9ea784-d8a7-4149-8fae-7d239e2d1877" 201 - "PUT http://172.20.0.100:6001/d1/109/AUTH_c19669d901a14802a725c4a9e71c0e28/gnocchi.4b9ea784-d8a7-4149-8fae-7d239e2d1877" "tx3ebf98fbe7bf41ab996c2-006a2d5b89" "container-server 20" 0.0048 "-" 22 0
Jun 13 13:30:50 standalone container-server[126772]: 172.20.0.100 - - [13/Jun/2026:13:30:50 +0000] "PUT /d1/109/AUTH_c19669d901a14802a725c4a9e71c0e28/gnocchi.4b9ea784-d8a7-4149-8fae-7d239e2d1877" 201 - "PUT http://172.18.0.2:8080/v1/AUTH_c19669d901a14802a725c4a9e71c0e28/gnocchi.4b9ea784-d8a7-4149-8fae-7d239e2d1877" "tx3ebf98fbe7bf41ab996c2-006a2d5b89" "proxy-server 20" 0.0151 "-" 20 0
Jun 13 13:30:50 standalone proxy-server[128869]: 172.18.0.2 172.18.0.100 13/Jun/2026/13/30/50 PUT /v1/AUTH_c19669d901a14802a725c4a9e71c0e28/gnocchi.4b9ea784-d8a7-4149-8fae-7d239e2d1877 HTTP/1.0 201 - python-swiftclient-3.11.1 gAAAAABqLVq57q7Q... - - - tx3ebf98fbe7bf41ab996c2-006a2d5b89 - 0.0193 - - 1781357449.993543386 1781357450.012800455 0
Jun 13 13:30:50 standalone container-server[126778]: 172.20.0.100 - - [13/Jun/2026:13:30:50 +0000] "HEAD /d1/109/AUTH_c19669d901a14802a725c4a9e71c0e28/gnocchi.4b9ea784-d8a7-4149-8fae-7d239e2d1877" 204 - "HEAD http://172.18.0.2:8080/v1/AUTH_c19669d901a14802a725c4a9e71c0e28/gnocchi.4b9ea784-d8a7-4149-8fae-7d239e2d1877?format=json&states=listing" "txde90078c15134f57b024d-006a2d5b8a" "proxy-server 20" 0.0012 "-" 23 0
Jun 13 13:30:50 standalone proxy-server[128869]: - - 13/Jun/2026/13/30/50 HEAD /v1/AUTH_c19669d901a14802a725c4a9e71c0e28/gnocchi.4b9ea784-d8a7-4149-8fae-7d239e2d1877%3Fformat%3Djson%26states%3Dlisting HTTP/1.0 204 - Swift - - - - txde90078c15134f57b024d-006a2d5b8a - 0.0060 RL - 1781357450.017583609 1781357450.023581743 0
Jun 13 13:30:50 standalone container-server[126772]: 172.20.0.100 - - [13/Jun/2026:13:30:50 +0000] "GET /d1/109/AUTH_c19669d901a14802a725c4a9e71c0e28/gnocchi.4b9ea784-d8a7-4149-8fae-7d239e2d1877" 200 2 "GET http://172.18.0.2:8080/v1/AUTH_c19669d901a14802a725c4a9e71c0e28/gnocchi.4b9ea784-d8a7-4149-8fae-7d239e2d1877?format=json&states=listing" "txde90078c15134f57b024d-006a2d5b8a" "proxy-server 20" 0.0033 "-" 20 0
Jun 13 13:30:50 standalone proxy-server[128869]: 172.18.0.2 172.18.0.100 13/Jun/2026/13/30/50 GET /v1/AUTH_c19669d901a14802a725c4a9e71c0e28/gnocchi.4b9ea784-d8a7-4149-8fae-7d239e2d1877%3Fformat%3Djson%26states%3Dlisting HTTP/1.0 200 - python-swiftclient-3.11.1 gAAAAABqLVq57q7Q... - 2 - txde90078c15134f57b024d-006a2d5b8a - 0.0167 - - 1781357450.016824484 1781357450.033509016 0
Jun 13 13:30:50 standalone object-server[126994]: 172.20.0.100 - - [13/Jun/2026:13:30:50 +0000] "GET /d1/852/AUTH_c19669d901a14802a725c4a9e71c0e28/gnocchi.4b9ea784-d8a7-4149-8fae-7d239e2d1877/1780920000.0_mean_300.0_v3" 404 70 "GET http://172.18.0.2:8080/v1/AUTH_c19669d901a14802a725c4a9e71c0e28/gnocchi.4b9ea784-d8a7-4149-8fae-7d239e2d1877/1780920000.0_mean_300.0_v3" "txf95e3279e052469d9ed0b-006a2d5b8a" "proxy-server 20" 0.0003 "-" 24 0
Jun 13 13:30:50 standalone proxy-server[128869]: 172.18.0.2 172.18.0.100 13/Jun/2026/13/30/50 GET /v1/AUTH_c19669d901a14802a725c4a9e71c0e28/gnocchi.4b9ea784-d8a7-4149-8fae-7d239e2d1877/1780920000.0_mean_300.0_v3 HTTP/1.0 404 - python-swiftclient-3.11.1 gAAAAABqLVq57q7Q... - 70 - txf95e3279e052469d9ed0b-006a2d5b8a - 0.0050 - - 1781357450.041964769 1781357450.046937227 0
Jun 13 13:30:50 standalone container-server[126776]: 172.20.0.100 - - [13/Jun/2026:13:30:50 +0000] "PUT /d1/109/AUTH_c19669d901a14802a725c4a9e71c0e28/gnocchi.4b9ea784-d8a7-4149-8fae-7d239e2d1877/1780920000.0_mean_300.0_v3" 201 - "PUT http://172.18.0.2:8080/d1/852/AUTH_c19669d901a14802a725c4a9e71c0e28/gnocchi.4b9ea784-d8a7-4149-8fae-7d239e2d1877/1780920000.0_mean_300.0_v3" "txa99d58f987464e78b8708-006a2d5b8a" "object-server 24" 0.0009 "-" 22 0
Jun 13 13:30:50 standalone object-server[126994]: 172.20.0.100 - - [13/Jun/2026:13:30:50 +0000] "PUT /d1/852/AUTH_c19669d901a14802a725c4a9e71c0e28/gnocchi.4b9ea784-d8a7-4149-8fae-7d239e2d1877/1780920000.0_mean_300.0_v3" 201 - "PUT http://172.18.0.2:8080/v1/AUTH_c19669d901a14802a725c4a9e71c0e28/gnocchi.4b9ea784-d8a7-4149-8fae-7d239e2d1877/1780920000.0_mean_300.0_v3" "txa99d58f987464e78b8708-006a2d5b8a" "proxy-server 20" 0.0101 "-" 24 0
