Jun 13 13:19:45 standalone account-server[128425]: Starting 2
Jun 13 13:19:45 standalone account-server[128605]: Started child 19 from parent 2
Jun 13 13:19:45 standalone account-server[128605]: Started child 20 from parent 2
Jun 13 13:19:46 standalone account-server[128605]: Started child 21 from parent 2
Jun 13 13:19:46 standalone account-server[128605]: Started child 23 from parent 2
Jun 13 13:19:46 standalone container-server[128684]: Starting 2
Jun 13 13:19:46 standalone container-server[128686]: Option allow_versions is deprecated. Configure the versioned_writes middleware in the proxy-server instead. This option will be ignored in a future release.
Jun 13 13:19:46 standalone container-server[128940]: Option allow_versions is deprecated. Configure the versioned_writes middleware in the proxy-server instead. This option will be ignored in a future release.
Jun 13 13:19:46 standalone container-server[128686]: Started child 20 from parent 2
Jun 13 13:19:46 standalone container-server[128942]: Option allow_versions is deprecated. Configure the versioned_writes middleware in the proxy-server instead. This option will be ignored in a future release.
Jun 13 13:19:46 standalone container-server[128686]: Started child 21 from parent 2
Jun 13 13:19:46 standalone container-server[128950]: Option allow_versions is deprecated. Configure the versioned_writes middleware in the proxy-server instead. This option will be ignored in a future release.
Jun 13 13:19:46 standalone container-server[128686]: Started child 22 from parent 2
Jun 13 13:19:46 standalone container-server[128952]: Option allow_versions is deprecated. Configure the versioned_writes middleware in the proxy-server instead. This option will be ignored in a future release.
Jun 13 13:19:46 standalone container-server[128686]: Started child 23 from parent 2
Jun 13 13:19:46 standalone object-expirer[128878]: Starting 2
Jun 13 13:19:46 standalone object-expirer[128878]: Option auto_create_account_prefix is deprecated. Configure auto_create_account_prefix under the swift-constraints section of swift.conf. This option will be ignored in a future release.
Jun 13 13:19:46 standalone object-server[128960]: Starting 2
Jun 13 13:19:47 standalone object-server[129236]: Started child 22 from parent 2
Jun 13 13:19:47 standalone object-server[129236]: Started child 23 from parent 2
Jun 13 13:19:47 standalone object-server[129236]: Started child 24 from parent 2
Jun 13 13:19:47 standalone object-server[129236]: Started child 25 from parent 2
Jun 13 13:19:52 standalone proxy-server[130797]: Starting Keystone auth_token middleware
Jun 13 13:19:52 standalone proxy-server[130797]: AuthToken middleware is set with keystone_authtoken.service_token_roles_required set to False. This is backwards compatible but deprecated behaviour. Please set this to True.
Jun 13 13:19:52 standalone proxy-server[131075]: Starting Keystone auth_token middleware
Jun 13 13:19:52 standalone proxy-server[131075]: STDERR: The option "bind_port" is not known to keystonemiddleware
Jun 13 13:19:52 standalone proxy-server[131075]: STDERR: The option "workers" is not known to keystonemiddleware
Jun 13 13:19:52 standalone proxy-server[131075]: STDERR: The option "user" is not known to keystonemiddleware
Jun 13 13:19:52 standalone proxy-server[131075]: STDERR: The option "bind_ip" is not known to keystonemiddleware
Jun 13 13:19:52 standalone proxy-server[131075]: STDERR: The option "log_name" is not known to keystonemiddleware
Jun 13 13:19:52 standalone proxy-server[131075]: STDERR: The option "log_facility" is not known to keystonemiddleware
Jun 13 13:19:52 standalone proxy-server[131075]: STDERR: The option "log_level" is not known to keystonemiddleware
Jun 13 13:19:52 standalone proxy-server[131075]: STDERR: The option "log_headers" is not known to keystonemiddleware
Jun 13 13:19:52 standalone proxy-server[131075]: STDERR: The option "log_address" is not known to keystonemiddleware
Jun 13 13:19:52 standalone proxy-server[131075]: STDERR: The option "project_name" is not known to keystonemiddleware
Jun 13 13:19:52 standalone proxy-server[131075]: STDERR: The option "username" is not known to keystonemiddleware
Jun 13 13:19:52 standalone proxy-server[131075]: STDERR: The option "password" is not known to keystonemiddleware
Jun 13 13:19:52 standalone proxy-server[131075]: STDERR: The option "auth_url" is not known to keystonemiddleware
Jun 13 13:19:52 standalone proxy-server[131075]: STDERR: The option "signing_dir" is not known to keystonemiddleware
Jun 13 13:19:52 standalone proxy-server[131075]: STDERR: The option "project_domain_id" is not known to keystonemiddleware
Jun 13 13:19:52 standalone proxy-server[131075]: STDERR: The option "user_domain_id" is not known to keystonemiddleware
Jun 13 13:19:52 standalone proxy-server[131075]: STDERR: The option "__name__" is not known to keystonemiddleware
Jun 13 13:19:52 standalone proxy-server[131075]: AuthToken middleware is set with keystone_authtoken.service_token_roles_required set to False. This is backwards compatible but deprecated behaviour. Please set this to True.
Jun 13 13:19:52 standalone proxy-server[130797]: Started child 20 from parent 2
Jun 13 13:20:44 standalone object-server[128960]: Begin object update sweep
Jun 13 13:20:44 standalone object-server[136686]: Object update sweep starting on /srv/node/d1 (pid: 11)
Jun 13 13:20:44 standalone object-server[136686]: Object update sweep completed on /srv/node/d1 in 0.00s seconds:, 0 successes, 0 failures, 0 quarantines, 0 unlinks, 0 errors, 0 redirects (pid: 11)
Jun 13 13:20:44 standalone object-server[136686]: Object update sweep of d1 completed: 0.00s, 0 successes, 0 failures, 0 quarantines, 0 unlinks, 0 errors, 0 redirects
Jun 13 13:20:44 standalone object-server[128960]: Object update sweep completed: 0.11s
Jun 13 13:21:58 standalone account-server[128884]: 172.20.0.100 - - [13/Jun/2026:13:21:58 +0000] "HEAD /d1/36/.expiring_objects" 404 - "HEAD http://localhost/v1/.expiring_objects?format=json" "tx0bcf66ef2341401eb641f-006a2d5976" "proxy-server 2" 0.0018 "-" 19 -
Jun 13 13:21:58 standalone object-expirer[128878]: Pass completed in 0s; 0 objects expired (txn: tx0bcf66ef2341401eb641f-006a2d5976)
Jun 13 13:22:52 standalone container-server[128684]: Begin container update sweep
Jun 13 13:22:53 standalone container-server[128684]: Container update sweep completed: 0.00s
Jun 13 13:23:42 standalone account-server[128897]: 172.20.0.100 - - [13/Jun/2026:13:23:42 +0000] "HEAD /d1/36/.expiring_objects" 404 - "HEAD http://localhost/v1/.expiring_objects?format=json" "tx21ce2b89abb34d39843e3-006a2d59de" "proxy-server 2" 0.0016 "-" 20 -
Jun 13 13:23:42 standalone object-expirer[128878]: Pass completed in 0s; 0 objects expired (txn: tx21ce2b89abb34d39843e3-006a2d59de)
Jun 13 13:24:58 standalone account-server[128897]: 172.20.0.100 - - [13/Jun/2026:13:24:58 +0000] "HEAD /d1/36/.expiring_objects" 404 - "HEAD http://localhost/v1/.expiring_objects?format=json" "tx56e0ded3a23242c49eb4a-006a2d5a2a" "proxy-server 2" 0.0006 "-" 20 -
Jun 13 13:24:58 standalone object-expirer[128878]: Pass completed in 0s; 0 objects expired (txn: tx56e0ded3a23242c49eb4a-006a2d5a2a)
Jun 13 13:25:44 standalone object-server[128960]: Begin object update sweep
Jun 13 13:25:44 standalone object-server[173073]: Object update sweep starting on /srv/node/d1 (pid: 13)
Jun 13 13:25:44 standalone object-server[173073]: Object update sweep completed on /srv/node/d1 in 0.00s seconds:, 0 successes, 0 failures, 0 quarantines, 0 unlinks, 0 errors, 0 redirects (pid: 13)
Jun 13 13:25:44 standalone object-server[173073]: Object update sweep of d1 completed: 0.00s, 0 successes, 0 failures, 0 quarantines, 0 unlinks, 0 errors, 0 redirects
Jun 13 13:25:44 standalone object-server[128960]: Object update sweep completed: 0.09s
Jun 13 13:27:46 standalone account-server[128909]: 172.20.0.100 - - [13/Jun/2026:13:27:46 +0000] "HEAD /d1/36/.expiring_objects" 404 - "HEAD http://localhost/v1/.expiring_objects?format=json" "txe23a216a98c34efaac986-006a2d5ad1" "proxy-server 2" 0.0015 "-" 21 -
Jun 13 13:27:46 standalone object-expirer[128878]: Pass completed in 0s; 0 objects expired (txn: txe23a216a98c34efaac986-006a2d5ad1)
Jun 13 13:27:53 standalone container-server[128684]: Begin container update sweep
Jun 13 13:27:53 standalone container-server[128684]: Container update sweep completed: 0.00s
Jun 13 13:30:44 standalone object-server[128960]: Begin object update sweep
Jun 13 13:30:44 standalone object-server[214679]: Object update sweep starting on /srv/node/d1 (pid: 14)
Jun 13 13:30:44 standalone object-server[214679]: Object update sweep completed on /srv/node/d1 in 0.00s seconds:, 0 successes, 0 failures, 0 quarantines, 0 unlinks, 0 errors, 0 redirects (pid: 14)
Jun 13 13:30:44 standalone object-server[214679]: Object update sweep of d1 completed: 0.00s, 0 successes, 0 failures, 0 quarantines, 0 unlinks, 0 errors, 0 redirects
Jun 13 13:30:44 standalone object-server[128960]: Object update sweep completed: 0.09s
Jun 13 13:31:22 standalone account-server[128884]: 172.20.0.100 - - [13/Jun/2026:13:31:22 +0000] "HEAD /d1/36/.expiring_objects" 404 - "HEAD http://localhost/v1/.expiring_objects?format=json" "txe8c34bc79bd0431d8ccbb-006a2d5baa" "proxy-server 2" 0.0008 "-" 19 -
Jun 13 13:31:22 standalone object-expirer[128878]: Pass completed in 0s; 0 objects expired (txn: txe8c34bc79bd0431d8ccbb-006a2d5baa)
Jun 13 13:31:41 standalone account-server[128884]: 172.20.0.100 - - [13/Jun/2026:13:31:41 +0000] "HEAD /d1/284/AUTH_f0a58d3903f0463e8ff3d22e9e61a9ef" 404 - "HEAD http://172.18.0.2:8080/v1/AUTH_f0a58d3903f0463e8ff3d22e9e61a9ef?format=json" "tx82525a06aebc4e4681341-006a2d5bbd" "proxy-server 20" 0.0008 "-" 19 -
Jun 13 13:31:41 standalone proxy-server[131075]: - - 13/Jun/2026/13/31/41 HEAD /v1/AUTH_f0a58d3903f0463e8ff3d22e9e61a9ef%3Fformat%3Djson HTTP/1.0 200 - Swift - - - - tx82525a06aebc4e4681341-006a2d5bbd - 0.0080 RL - 1781357501.294843912 1781357501.302807570 -
Jun 13 13:31:41 standalone object-server[129324]: 172.20.0.100 - - [13/Jun/2026:13:31:41 +0000] "GET /d1/404/AUTH_f0a58d3903f0463e8ff3d22e9e61a9ef/gnocchi.46cc9b6f-2877-4b13-978e-31e0daeb00f6/none_v3" 404 70 "GET http://172.18.0.2:8080/v1/AUTH_f0a58d3903f0463e8ff3d22e9e61a9ef/gnocchi.46cc9b6f-2877-4b13-978e-31e0daeb00f6/none_v3" "tx82525a06aebc4e4681341-006a2d5bbd" "proxy-server 20" 0.0015 "-" 24 0
Jun 13 13:31:41 standalone proxy-server[131075]: 172.18.0.2 172.18.0.100 13/Jun/2026/13/31/41 GET /v1/AUTH_f0a58d3903f0463e8ff3d22e9e61a9ef/gnocchi.46cc9b6f-2877-4b13-978e-31e0daeb00f6/none_v3 HTTP/1.0 404 - python-swiftclient-3.11.1 gAAAAABqLVu9ZqKa... - 70 - tx82525a06aebc4e4681341-006a2d5bbd - 0.5260 - - 1781357501.289884567 1781357501.815933704 0
Jun 13 13:31:41 standalone account-server[128897]: 172.20.0.100 - - [13/Jun/2026:13:31:41 +0000] "PUT /d1/284/AUTH_f0a58d3903f0463e8ff3d22e9e61a9ef" 201 - "-" "txd73a8c151721409691780-006a2d5bbd" "-" 0.0211 "-" 20 -
Jun 13 13:31:41 standalone proxy-server[131075]: autocreate account '/AUTH_f0a58d3903f0463e8ff3d22e9e61a9ef' (txn: txd73a8c151721409691780-006a2d5bbd)
Jun 13 13:31:41 standalone account-server[128929]: 172.20.0.100 - - [13/Jun/2026:13:31:41 +0000] "HEAD /d1/284/AUTH_f0a58d3903f0463e8ff3d22e9e61a9ef" 204 - "HEAD http://172.18.0.2:8080/v1/AUTH_f0a58d3903f0463e8ff3d22e9e61a9ef?format=json" "txd73a8c151721409691780-006a2d5bbd" "proxy-server 20" 0.0045 "-" 23 -
Jun 13 13:31:41 standalone account-server[128929]: 172.20.0.100 - - [13/Jun/2026:13:31:41 +0000] "PUT /d1/284/AUTH_f0a58d3903f0463e8ff3d22e9e61a9ef/gnocchi.46cc9b6f-2877-4b13-978e-31e0daeb00f6" 201 - "PUT http://172.20.0.100:6001/d1/420/AUTH_f0a58d3903f0463e8ff3d22e9e61a9ef/gnocchi.46cc9b6f-2877-4b13-978e-31e0daeb00f6" "txd73a8c151721409691780-006a2d5bbd" "container-server 20" 0.0027 "-" 23 0
Jun 13 13:31:41 standalone container-server[128940]: 172.20.0.100 - - [13/Jun/2026:13:31:41 +0000] "PUT /d1/420/AUTH_f0a58d3903f0463e8ff3d22e9e61a9ef/gnocchi.46cc9b6f-2877-4b13-978e-31e0daeb00f6" 201 - "PUT http://172.18.0.2:8080/v1/AUTH_f0a58d3903f0463e8ff3d22e9e61a9ef/gnocchi.46cc9b6f-2877-4b13-978e-31e0daeb00f6" "txd73a8c151721409691780-006a2d5bbd" "proxy-server 20" 0.0197 "-" 20 0
Jun 13 13:31:41 standalone proxy-server[131075]: 172.18.0.2 172.18.0.100 13/Jun/2026/13/31/41 PUT /v1/AUTH_f0a58d3903f0463e8ff3d22e9e61a9ef/gnocchi.46cc9b6f-2877-4b13-978e-31e0daeb00f6 HTTP/1.0 201 - python-swiftclient-3.11.1 gAAAAABqLVu9ZqKa... - - - txd73a8c151721409691780-006a2d5bbd - 0.0630 - - 1781357501.820180655 1781357501.883164167 0
Jun 13 13:31:41 standalone container-server[128940]: 172.20.0.100 - - [13/Jun/2026:13:31:41 +0000] "HEAD /d1/420/AUTH_f0a58d3903f0463e8ff3d22e9e61a9ef/gnocchi.46cc9b6f-2877-4b13-978e-31e0daeb00f6" 204 - "HEAD http://172.18.0.2:8080/v1/AUTH_f0a58d3903f0463e8ff3d22e9e61a9ef/gnocchi.46cc9b6f-2877-4b13-978e-31e0daeb00f6?format=json&states=listing" "tx0e4ba880d7274ee5a8ed7-006a2d5bbd" "proxy-server 20" 0.0028 "-" 20 0
Jun 13 13:31:41 standalone proxy-server[131075]: - - 13/Jun/2026/13/31/41 HEAD /v1/AUTH_f0a58d3903f0463e8ff3d22e9e61a9ef/gnocchi.46cc9b6f-2877-4b13-978e-31e0daeb00f6%3Fformat%3Djson%26states%3Dlisting HTTP/1.0 204 - Swift - - - - tx0e4ba880d7274ee5a8ed7-006a2d5bbd - 0.0070 RL - 1781357501.888827085 1781357501.895862579 0
Jun 13 13:31:41 standalone container-server[128942]: 172.20.0.100 - - [13/Jun/2026:13:31:41 +0000] "GET /d1/420/AUTH_f0a58d3903f0463e8ff3d22e9e61a9ef/gnocchi.46cc9b6f-2877-4b13-978e-31e0daeb00f6" 200 2 "GET http://172.18.0.2:8080/v1/AUTH_f0a58d3903f0463e8ff3d22e9e61a9ef/gnocchi.46cc9b6f-2877-4b13-978e-31e0daeb00f6?format=json&states=listing" "tx0e4ba880d7274ee5a8ed7-006a2d5bbd" "proxy-server 20" 0.0061 "-" 21 0
Jun 13 13:31:41 standalone proxy-server[131075]: 172.18.0.2 172.18.0.100 13/Jun/2026/13/31/41 GET /v1/AUTH_f0a58d3903f0463e8ff3d22e9e61a9ef/gnocchi.46cc9b6f-2877-4b13-978e-31e0daeb00f6%3Fformat%3Djson%26states%3Dlisting HTTP/1.0 200 - python-swiftclient-3.11.1 gAAAAABqLVu9ZqKa... - 2 - tx0e4ba880d7274ee5a8ed7-006a2d5bbd - 0.0238 - - 1781357501.887272596 1781357501.911059618 0
Jun 13 13:31:41 standalone object-server[129324]: 172.20.0.100 - - [13/Jun/2026:13:31:41 +0000] "GET /d1/599/AUTH_f0a58d3903f0463e8ff3d22e9e61a9ef/gnocchi.46cc9b6f-2877-4b13-978e-31e0daeb00f6/1780920000.0_mean_300.0_v3" 404 70 "GET http://172.18.0.2:8080/v1/AUTH_f0a58d3903f0463e8ff3d22e9e61a9ef/gnocchi.46cc9b6f-2877-4b13-978e-31e0daeb00f6/1780920000.0_mean_300.0_v3" "tx78dd597061b04ecd9ee5b-006a2d5bbd" "proxy-server 20" 0.0005 "-" 24 0
Jun 13 13:31:41 standalone proxy-server[131075]: 172.18.0.2 172.18.0.100 13/Jun/2026/13/31/41 GET /v1/AUTH_f0a58d3903f0463e8ff3d22e9e61a9ef/gnocchi.46cc9b6f-2877-4b13-978e-31e0daeb00f6/1780920000.0_mean_300.0_v3 HTTP/1.0 404 - python-swiftclient-3.11.1 gAAAAABqLVu9ZqKa... - 70 - tx78dd597061b04ecd9ee5b-006a2d5bbd - 0.0081 - - 1781357501.915774107 1781357501.923896313 0
Jun 13 13:31:41 standalone container-server[128940]: 172.20.0.100 - - [13/Jun/2026:13:31:41 +0000] "PUT /d1/420/AUTH_f0a58d3903f0463e8ff3d22e9e61a9ef/gnocchi.46cc9b6f-2877-4b13-978e-31e0daeb00f6/1780920000.0_mean_300.0_v3" 201 - "PUT http://172.18.0.2:8080/d1/599/AUTH_f0a58d3903f0463e8ff3d22e9e61a9ef/gnocchi.46cc9b6f-2877-4b13-978e-31e0daeb00f6/1780920000.0_mean_300.0_v3" "tx85bd4ff33a2842da8daca-006a2d5bbd" "object-server 22" 0.0011 "-" 20 0
Jun 13 13:31:41 standalone object-server[129309]: 172.20.0.100 - - [13/Jun/2026:13:31:41 +0000] "PUT /d1/599/AUTH_f0a58d3903f0463e8ff3d22e9e61a9ef/gnocchi.46cc9b6f-2877-4b13-978e-31e0daeb00f6/1780920000.0_mean_300.0_v3" 201 - "PUT http://172.18.0.2:8080/v1/AUTH_f0a58d3903f0463e8ff3d22e9e61a9ef/gnocchi.46cc9b6f-2877-4b13-978e-31e0daeb00f6/1780920000.0_mean_300.0_v3" "tx85bd4ff33a2842da8daca-006a2d5bbd" "proxy-server 20" 0.0397 "-" 22 0
Jun 13 13:31:41 standalone proxy-server[131075]: 172.18.0.2 172.18.0.100 13/Jun/2026/13/31/41 PUT /v1/AUTH_f0a58d3903f0463e8ff3d22e9e61a9ef/gnocchi.46cc9b6f-2877-4b13-978e-31e0daeb00f6/1780920000.0_mean_300.0_v3 HTTP/1.0 201 - python-swiftclient-3.11.1 gAAAAABqLVu9ZqKa... 16 - - tx85bd4ff33a2842da8daca-006a2d5bbd - 0.0483 - - 1781357501.926786423 1781357501.975090504 0
Jun 13 13:31:42 standalone container-server[128942]: 172.20.0.100 - - [13/Jun/2026:13:31:42 +0000] "PUT /d1/420/AUTH_f0a58d3903f0463e8ff3d22e9e61a9ef/gnocchi.46cc9b6f-2877-4b13-978e-31e0daeb00f6/none_v3" 201 - "PUT http://172.18.0.2:8080/d1/404/AUTH_f0a58d3903f0463e8ff3d22e9e61a9ef/gnocchi.46cc9b6f-2877-4b13-978e-31e0daeb00f6/none_v3" "tx526ef27950334f9c8f0eb-006a2d5bbd" "object-server 25" 0.0011 "-" 21 0
Jun 13 13:31:42 standalone object-server[129326]: 172.20.0.100 - - [13/Jun/2026:13:31:42 +0000] "PUT /d1/404/AUTH_f0a58d3903f0463e8ff3d22e9e61a9ef/gnocchi.46cc9b6f-2877-4b13-978e-31e0daeb00f6/none_v3" 201 - "PUT http://172.18.0.2:8080/v1/AUTH_f0a58d3903f0463e8ff3d22e9e61a9ef/gnocchi.46cc9b6f-2877-4b13-978e-31e0daeb00f6/none_v3" "tx526ef27950334f9c8f0eb-006a2d5bbd" "proxy-server 20" 0.0439 "-" 25 0
Jun 13 13:31:42 standalone proxy-server[131075]: 172.18.0.2 172.18.0.100 13/Jun/2026/13/31/42 PUT /v1/AUTH_f0a58d3903f0463e8ff3d22e9e61a9ef/gnocchi.46cc9b6f-2877-4b13-978e-31e0daeb00f6/none_v3 HTTP/1.0 201 - python-swiftclient-3.11.1 gAAAAABqLVu9ZqKa... 22 - - tx526ef27950334f9c8f0eb-006a2d5bbd - 0.0524 - - 1781357501.979856968 1781357502.032299280 0
Jun 13 13:32:11 standalone object-server[129317]: 172.20.0.100 - - [13/Jun/2026:13:32:11 +0000] "GET /d1/404/AUTH_f0a58d3903f0463e8ff3d22e9e61a9ef/gnocchi.46cc9b6f-2877-4b13-978e-31e0daeb00f6/none_v3" 200 22 "GET http://172.18.0.2:8080/v1/AUTH_f0a58d3903f0463e8ff3d22e9e61a9ef/gnocchi.46cc9b6f-2877-4b13-978e-31e0daeb00f6/none_v3" "tx8f55796f5ab84d11aee10-006a2d5bdb" "proxy-server 20" 0.0013 "-" 23 0
Jun 13 13:32:11 standalone proxy-server[131075]: 172.18.0.2 172.18.0.100 13/Jun/2026/13/32/11 GET /v1/AUTH_f0a58d3903f0463e8ff3d22e9e61a9ef/gnocchi.46cc9b6f-2877-4b13-978e-31e0daeb00f6/none_v3 HTTP/1.0 200 - python-swiftclient-3.11.1 gAAAAABqLVu9ZqKa... - 22 - tx8f55796f5ab84d11aee10-006a2d5bdb - 0.0162 - - 1781357531.068050385 1781357531.084223747 0
Jun 13 13:32:11 standalone container-server[128940]: 172.20.0.100 - - [13/Jun/2026:13:32:11 +0000] "GET /d1/420/AUTH_f0a58d3903f0463e8ff3d22e9e61a9ef/gnocchi.46cc9b6f-2877-4b13-978e-31e0daeb00f6" 200 357 "GET http://172.18.0.2:8080/v1/AUTH_f0a58d3903f0463e8ff3d22e9e61a9ef/gnocchi.46cc9b6f-2877-4b13-978e-31e0daeb00f6?format=json&states=listing" "txd77760e7f28d400189a5a-006a2d5bdb" "proxy-server 20" 0.0154 "-" 20 0
Jun 13 13:32:11 standalone proxy-server[131075]: 172.18.0.2 172.18.0.100 13/Jun/2026/13/32/11 GET /v1/AUTH_f0a58d3903f0463e8ff3d22e9e61a9ef/gnocchi.46cc9b6f-2877-4b13-978e-31e0daeb00f6%3Fformat%3Djson%26states%3Dlisting HTTP/1.0 200 - python-swiftclient-3.11.1 gAAAAABqLVu9ZqKa... - 357 - txd77760e7f28d400189a5a-006a2d5bdb - 0.0226 - - 1781357531.088114023 1781357531.110759258 0
Jun 13 13:32:11 standalone container-server[128950]: 172.20.0.100 - - [13/Jun/2026:13:32:11 +0000] "GET /d1/420/AUTH_f0a58d3903f0463e8ff3d22e9e61a9ef/gnocchi.46cc9b6f-2877-4b13-978e-31e0daeb00f6" 200 2 "GET http://172.18.0.2:8080/v1/AUTH_f0a58d3903f0463e8ff3d22e9e61a9ef/gnocchi.46cc9b6f-2877-4b13-978e-31e0daeb00f6?format=json&marker=none_v3&states=listing" "tx36bea1f7adec46b8a164d-006a2d5bdb" "proxy-server 20" 0.0048 "-" 22 0
Jun 13 13:32:11 standalone proxy-server[131075]: 172.18.0.2 172.18.0.100 13/Jun/2026/13/32/11 GET /v1/AUTH_f0a58d3903f0463e8ff3d22e9e61a9ef/gnocchi.46cc9b6f-2877-4b13-978e-31e0daeb00f6%3Fformat%3Djson%26marker%3Dnone_v3%26states%3Dlisting HTTP/1.0 200 - python-swiftclient-3.11.1 gAAAAABqLVu9ZqKa... - 2 - tx36bea1f7adec46b8a164d-006a2d5bdb - 0.0105 - - 1781357531.113717556 1781357531.124225855 0
Jun 13 13:32:11 standalone object-server[129317]: 172.20.0.100 - - [13/Jun/2026:13:32:11 +0000] "GET /d1/599/AUTH_f0a58d3903f0463e8ff3d22e9e61a9ef/gnocchi.46cc9b6f-2877-4b13-978e-31e0daeb00f6/1780920000.0_mean_300.0_v3" 200 16 "GET http://172.18.0.2:8080/v1/AUTH_f0a58d3903f0463e8ff3d22e9e61a9ef/gnocchi.46cc9b6f-2877-4b13-978e-31e0daeb00f6/1780920000.0_mean_300.0_v3" "txf090d7c380a7465da1b4a-006a2d5bdb" "proxy-server 20" 0.0009 "-" 23 0
Jun 13 13:32:11 standalone proxy-server[131075]: 172.18.0.2 172.18.0.100 13/Jun/2026/13/32/11 GET /v1/AUTH_f0a58d3903f0463e8ff3d22e9e61a9ef/gnocchi.46cc9b6f-2877-4b13-978e-31e0daeb00f6/1780920000.0_mean_300.0_v3 HTTP/1.0 200 - python-swiftclient-3.11.1 gAAAAABqLVu9ZqKa... - 16 - txf090d7c380a7465da1b4a-006a2d5bdb - 0.0066 - - 1781357531.127728224 1781357531.134331465 0
Jun 13 13:32:11 standalone container-server[128940]: 172.20.0.100 - - [13/Jun/2026:13:32:11 +0000] "PUT /d1/420/AUTH_f0a58d3903f0463e8ff3d22e9e61a9ef/gnocchi.46cc9b6f-2877-4b13-978e-31e0daeb00f6/1780920000.0_mean_300.0_v3" 201 - "PUT http://172.18.0.2:8080/d1/599/AUTH_f0a58d3903f0463e8ff3d22e9e61a9ef/gnocchi.46cc9b6f-2877-4b13-978e-31e0daeb00f6/1780920000.0_mean_300.0_v3" "txd693d156010f4e5a8cdf0-006a2d5bdb" "object-server 23" 0.0007 "-" 20 0
Jun 13 13:32:11 standalone object-server[129317]: 172.20.0.100 - - [13/Jun/2026:13:32:11 +0000] "PUT /d1/599/AUTH_f0a58d3903f0463e8ff3d22e9e61a9ef/gnocchi.46cc9b6f-2877-4b13-978e-31e0daeb00f6/1780920000.0_mean_300.0_v3" 201 - "PUT http://172.18.0.2:8080/v1/AUTH_f0a58d3903f0463e8ff3d22e9e61a9ef/gnocchi.46cc9b6f-2877-4b13-978e-31e0daeb00f6/1780920000.0_mean_300.0_v3" "txd693d156010f4e5a8cdf0-006a2d5bdb" "proxy-server 20" 0.0242 "-" 23 0
Jun 13 13:32:11 standalone proxy-server[131075]: 172.18.0.2 172.18.0.100 13/Jun/2026/13/32/11 PUT /v1/AUTH_f0a58d3903f0463e8ff3d22e9e61a9ef/gnocchi.46cc9b6f-2877-4b13-978e-31e0daeb00f6/1780920000.0_mean_300.0_v3 HTTP/1.0 201 - python-swiftclient-3.11.1 gAAAAABqLVu9ZqKa... 16 - - txd693d156010f4e5a8cdf0-006a2d5bdb - 0.0303 - - 1781357531.136924505 1781357531.167220592 0
Jun 13 13:32:11 standalone container-server[128940]: 172.20.0.100 - - [13/Jun/2026:13:32:11 +0000] "PUT /d1/420/AUTH_f0a58d3903f0463e8ff3d22e9e61a9ef/gnocchi.46cc9b6f-2877-4b13-978e-31e0daeb00f6/none_v3" 201 - "PUT http://172.18.0.2:8080/d1/404/AUTH_f0a58d3903f0463e8ff3d22e9e61a9ef/gnocchi.46cc9b6f-2877-4b13-978e-31e0daeb00f6/none_v3" "tx2daf0cfa161240edb7039-006a2d5bdb" "object-server 25" 0.0006 "-" 20 0
Jun 13 13:32:11 standalone object-server[129326]: 172.20.0.100 - - [13/Jun/2026:13:32:11 +0000] "PUT /d1/404/AUTH_f0a58d3903f0463e8ff3d22e9e61a9ef/gnocchi.46cc9b6f-2877-4b13-978e-31e0daeb00f6/none_v3" 201 - "PUT http://172.18.0.2:8080/v1/AUTH_f0a58d3903f0463e8ff3d22e9e61a9ef/gnocchi.46cc9b6f-2877-4b13-978e-31e0daeb00f6/none_v3" "tx2daf0cfa161240edb7039-006a2d5bdb" "proxy-server 20" 0.0138 "-" 25 0
Jun 13 13:32:11 standalone proxy-server[131075]: 172.18.0.2 172.18.0.100 13/Jun/2026/13/32/11 PUT /v1/AUTH_f0a58d3903f0463e8ff3d22e9e61a9ef/gnocchi.46cc9b6f-2877-4b13-978e-31e0daeb00f6/none_v3 HTTP/1.0 201 - python-swiftclient-3.11.1 gAAAAABqLVu9ZqKa... 32 - - tx2daf0cfa161240edb7039-006a2d5bdb - 0.0208 - - 1781357531.170362711 1781357531.191165686 0
Jun 13 13:32:49 standalone account-server[128897]: 172.20.0.100 - - [13/Jun/2026:13:32:49 +0000] "HEAD /d1/284/AUTH_f0a58d3903f0463e8ff3d22e9e61a9ef" 204 - "HEAD http://172.18.0.2:8080/v1/AUTH_f0a58d3903f0463e8ff3d22e9e61a9ef?format=json" "tx4bbacf1a85104924942c8-006a2d5c01" "proxy-server 20" 0.0112 "-" 20 -
Jun 13 13:32:49 standalone proxy-server[131075]: - - 13/Jun/2026/13/32/49 HEAD /v1/AUTH_f0a58d3903f0463e8ff3d22e9e61a9ef%3Fformat%3Djson HTTP/1.0 204 - Swift - - - - tx4bbacf1a85104924942c8-006a2d5c01 - 0.0160 RL - 1781357569.110377550 1781357569.126363039 -
Jun 13 13:32:49 standalone container-server[128942]: 172.20.0.100 - - [13/Jun/2026:13:32:49 +0000] "HEAD /d1/914/AUTH_f0a58d3903f0463e8ff3d22e9e61a9ef/gnocchi.efe7b3a3-5524-465b-90e4-583f23d2207b" 404 - "HEAD http://172.18.0.2:8080/v1/AUTH_f0a58d3903f0463e8ff3d22e9e61a9ef/gnocchi.efe7b3a3-5524-465b-90e4-583f23d2207b?format=json&states=listing" "tx4bbacf1a85104924942c8-006a2d5c01" "proxy-server 20" 0.0012 "-" 21 0
Jun 13 13:32:49 standalone object-server[129309]: 172.20.0.100 - - [13/Jun/2026:13:32:49 +0000] "GET /d1/757/AUTH_f0a58d3903f0463e8ff3d22e9e61a9ef/gnocchi.efe7b3a3-5524-465b-90e4-583f23d2207b/none_v3" 404 70 "GET http://172.18.0.2:8080/v1/AUTH_f0a58d3903f0463e8ff3d22e9e61a9ef/gnocchi.efe7b3a3-5524-465b-90e4-583f23d2207b/none_v3" "tx4bbacf1a85104924942c8-006a2d5c01" "proxy-server 20" 0.0010 "-" 22 0
Jun 13 13:32:49 standalone proxy-server[131075]: 172.18.0.2 172.18.0.100 13/Jun/2026/13/32/49 GET /v1/AUTH_f0a58d3903f0463e8ff3d22e9e61a9ef/gnocchi.efe7b3a3-5524-465b-90e4-583f23d2207b/none_v3 HTTP/1.0 404 - python-swiftclient-3.11.1 gAAAAABqLVu9ZqKa... - 70 - tx4bbacf1a85104924942c8-006a2d5c01 - 0.0299 - - 1781357569.108408213 1781357569.138306618 0
Jun 13 13:32:49 standalone account-server[128897]: 172.20.0.100 - - [13/Jun/2026:13:32:49 +0000] "PUT /d1/284/AUTH_f0a58d3903f0463e8ff3d22e9e61a9ef/gnocchi.efe7b3a3-5524-465b-90e4-583f23d2207b" 201 - "PUT http://172.20.0.100:6001/d1/914/AUTH_f0a58d3903f0463e8ff3d22e9e61a9ef/gnocchi.efe7b3a3-5524-465b-90e4-583f23d2207b" "txab112e9f16434752bf048-006a2d5c01" "container-server 23" 0.0019 "-" 20 0
Jun 13 13:32:49 standalone container-server[128952]: 172.20.0.100 - - [13/Jun/2026:13:32:49 +0000] "PUT /d1/914/AUTH_f0a58d3903f0463e8ff3d22e9e61a9ef/gnocchi.efe7b3a3-5524-465b-90e4-583f23d2207b" 201 - "PUT http://172.18.0.2:8080/v1/AUTH_f0a58d3903f0463e8ff3d22e9e61a9ef/gnocchi.efe7b3a3-5524-465b-90e4-583f23d2207b" "txab112e9f16434752bf048-006a2d5c01" "proxy-server 20" 0.0145 "-" 23 0
Jun 13 13:32:49 standalone proxy-server[131075]: 172.18.0.2 172.18.0.100 13/Jun/2026/13/32/49 PUT /v1/AUTH_f0a58d3903f0463e8ff3d22e9e61a9ef/gnocchi.efe7b3a3-5524-465b-90e4-583f23d2207b HTTP/1.0 201 - python-swiftclient-3.11.1 gAAAAABqLVu9ZqKa... - - - txab112e9f16434752bf048-006a2d5c01 - 0.0182 - - 1781357569.144205093 1781357569.162384033 0
Jun 13 13:32:49 standalone container-server[128952]: 172.20.0.100 - - [13/Jun/2026:13:32:49 +0000] "HEAD /d1/914/AUTH_f0a58d3903f0463e8ff3d22e9e61a9ef/gnocchi.efe7b3a3-5524-465b-90e4-583f23d2207b" 204 - "HEAD http://172.18.0.2:8080/v1/AUTH_f0a58d3903f0463e8ff3d22e9e61a9ef/gnocchi.efe7b3a3-5524-465b-90e4-583f23d2207b?format=json&states=listing" "txb1a22fcba54a4238a1ee2-006a2d5c01" "proxy-server 20" 0.0019 "-" 23 0
Jun 13 13:32:49 standalone proxy-server[131075]: - - 13/Jun/2026/13/32/49 HEAD /v1/AUTH_f0a58d3903f0463e8ff3d22e9e61a9ef/gnocchi.efe7b3a3-5524-465b-90e4-583f23d2207b%3Fformat%3Djson%26states%3Dlisting HTTP/1.0 204 - Swift - - - - txb1a22fcba54a4238a1ee2-006a2d5c01 - 0.0042 RL - 1781357569.165324211 1781357569.169499636 0
Jun 13 13:32:49 standalone container-server[128942]: 172.20.0.100 - - [13/Jun/2026:13:32:49 +0000] "GET /d1/914/AUTH_f0a58d3903f0463e8ff3d22e9e61a9ef/gnocchi.efe7b3a3-5524-465b-90e4-583f23d2207b" 200 2 "GET http://172.18.0.2:8080/v1/AUTH_f0a58d3903f0463e8ff3d22e9e61a9ef/gnocchi.efe7b3a3-5524-465b-90e4-583f23d2207b?format=json&states=listing" "txb1a22fcba54a4238a1ee2-006a2d5c01" "proxy-server 20" 0.0039 "-" 21 0
Jun 13 13:32:49 standalone proxy-server[131075]: 172.18.0.2 172.18.0.100 13/Jun/2026/13/32/49 GET /v1/AUTH_f0a58d3903f0463e8ff3d22e9e61a9ef/gnocchi.efe7b3a3-5524-465b-90e4-583f23d2207b%3Fformat%3Djson%26states%3Dlisting HTTP/1.0 200 - python-swiftclient-3.11.1 gAAAAABqLVu9ZqKa... - 2 - txb1a22fcba54a4238a1ee2-006a2d5c01 - 0.0156 - - 1781357569.164704800 1781357569.180351257 0
Jun 13 13:32:49 standalone object-server[129309]: 172.20.0.100 - - [13/Jun/2026:13:32:49 +0000] "GET /d1/473/AUTH_f0a58d3903f0463e8ff3d22e9e61a9ef/gnocchi.efe7b3a3-5524-465b-90e4-583f23d2207b/1780920000.0_mean_300.0_v3" 404 70 "GET http://172.18.0.2:8080/v1/AUTH_f0a58d3903f0463e8ff3d22e9e61a9ef/gnocchi.efe7b3a3-5524-465b-90e4-583f23d2207b/1780920000.0_mean_300.0_v3" "txff603239954f4256964f9-006a2d5c01" "proxy-server 20" 0.0005 "-" 22 0
Jun 13 13:32:49 standalone proxy-server[131075]: 172.18.0.2 172.18.0.100 13/Jun/2026/13/32/49 GET /v1/AUTH_f0a58d3903f0463e8ff3d22e9e61a9ef/gnocchi.efe7b3a3-5524-465b-90e4-583f23d2207b/1780920000.0_mean_300.0_v3 HTTP/1.0 404 - python-swiftclient-3.11.1 gAAAAABqLVu9ZqKa... - 70 - txff603239954f4256964f9-006a2d5c01 - 0.0075 - - 1781357569.184638977 1781357569.192095995 0
Jun 13 13:32:49 standalone container-server[128940]: 172.20.0.100 - - [13/Jun/2026:13:32:49 +0000] "PUT /d1/914/AUTH_f0a58d3903f0463e8ff3d22e9e61a9ef/gnocchi.efe7b3a3-5524-465b-90e4-583f23d2207b/1780920000.0_mean_300.0_v3" 201 - "PUT http://172.18.0.2:8080/d1/473/AUTH_f0a58d3903f0463e8ff3d22e9e61a9ef/gnocchi.efe7b3a3-5524-465b-90e4-583f23d2207b/1780920000.0_mean_300.0_v3" "txbe2c91443e3042e18e300-006a2d5c01" "object-server 25" 0.0006 "-" 20 0
Jun 13 13:32:49 standalone object-server[129326]: 172.20.0.100 - - [13/Jun/2026:13:32:49 +0000] "PUT /d1/473/AUTH_f0a58d3903f0463e8ff3d22e9e61a9ef/gnocchi.efe7b3a3-5524-465b-90e4-583f23d2207b/1780920000.0_mean_300.0_v3" 201 - "PUT http://172.18.0.2:8080/v1/AUTH_f0a58d3903f0463e8ff3d22e9e61a9ef/gnocchi.efe7b3a3-5524-465b-90e4-583f23d2207b/1780920000.0_mean_300.0_v3" "txbe2c91443e3042e18e300-006a2d5c01" "proxy-server 20" 0.0110 "-" 25 0
Jun 13 13:32:49 standalone proxy-server[131075]: 172.18.0.2 172.18.0.100 13/Jun/2026/13/32/49 PUT /v1/AUTH_f0a58d3903f0463e8ff3d22e9e61a9ef/gnocchi.efe7b3a3-5524-465b-90e4-583f23d2207b/1780920000.0_mean_300.0_v3 HTTP/1.0 201 - python-swiftclient-3.11.1 gAAAAABqLVu9ZqKa... 16 - - txbe2c91443e3042e18e300-006a2d5c01 - 0.0167 - - 1781357569.194415092 1781357569.211100817 0
Jun 13 13:32:49 standalone container-server[128942]: 172.20.0.100 - - [13/Jun/2026:13:32:49 +0000] "PUT /d1/914/AUTH_f0a58d3903f0463e8ff3d22e9e61a9ef/gnocchi.efe7b3a3-5524-465b-90e4-583f23d2207b/none_v3" 201 - "PUT http://172.18.0.2:8080/d1/757/AUTH_f0a58d3903f0463e8ff3d22e9e61a9ef/gnocchi.efe7b3a3-5524-465b-90e4-583f23d2207b/none_v3" "tx7145cc9201cf4fa0a70e7-006a2d5c01" "object-server 25" 0.0009 "-" 21 0
Jun 13 13:32:49 standalone object-server[129326]: 172.20.0.100 - - [13/Jun/2026:13:32:49 +0000] "PUT /d1/757/AUTH_f0a58d3903f0463e8ff3d22e9e61a9ef/gnocchi.efe7b3a3-5524-465b-90e4-583f23d2207b/none_v3" 201 - "PUT http://172.18.0.2:8080/v1/AUTH_f0a58d3903f0463e8ff3d22e9e61a9ef/gnocchi.efe7b3a3-5524-465b-90e4-583f23d2207b/none_v3" "tx7145cc9201cf4fa0a70e7-006a2d5c01" "proxy-server 20" 0.0093 "-" 25 0
Jun 13 13:32:49 standalone proxy-server[131075]: 172.18.0.2 172.18.0.100 13/Jun/2026/13/32/49 PUT /v1/AUTH_f0a58d3903f0463e8ff3d22e9e61a9ef/gnocchi.efe7b3a3-5524-465b-90e4-583f23d2207b/none_v3 HTTP/1.0 201 - python-swiftclient-3.11.1 gAAAAABqLVu9ZqKa... 22 - - tx7145cc9201cf4fa0a70e7-006a2d5c01 - 0.0148 - - 1781357569.213430882 1781357569.228233576 0
Jun 13 13:32:49 standalone container-server[128940]: 172.20.0.100 - - [13/Jun/2026:13:32:49 +0000] "HEAD /d1/397/AUTH_f0a58d3903f0463e8ff3d22e9e61a9ef/gnocchi.1c2d36de-9274-4c0b-ae89-774ac2dc52fd" 404 - "HEAD http://172.18.0.2:8080/v1/AUTH_f0a58d3903f0463e8ff3d22e9e61a9ef/gnocchi.1c2d36de-9274-4c0b-ae89-774ac2dc52fd?format=json&states=listing" "txec2d6412402b419b8dc3e-006a2d5c01" "proxy-server 20" 0.0003 "-" 20 0
Jun 13 13:32:49 standalone object-server[129317]: 172.20.0.100 - - [13/Jun/2026:13:32:49 +0000] "GET /d1/111/AUTH_f0a58d3903f0463e8ff3d22e9e61a9ef/gnocchi.1c2d36de-9274-4c0b-ae89-774ac2dc52fd/none_v3" 404 70 "GET http://172.18.0.2:8080/v1/AUTH_f0a58d3903f0463e8ff3d22e9e61a9ef/gnocchi.1c2d36de-9274-4c0b-ae89-774ac2dc52fd/none_v3" "txec2d6412402b419b8dc3e-006a2d5c01" "proxy-server 20" 0.0007 "-" 23 0
Jun 13 13:32:49 standalone proxy-server[131075]: 172.18.0.2 172.18.0.100 13/Jun/2026/13/32/49 GET /v1/AUTH_f0a58d3903f0463e8ff3d22e9e61a9ef/gnocchi.1c2d36de-9274-4c0b-ae89-774ac2dc52fd/none_v3 HTTP/1.0 404 - python-swiftclient-3.11.1 gAAAAABqLVu9ZqKa... - 70 - txec2d6412402b419b8dc3e-006a2d5c01 - 0.0132 - - 1781357569.237723351 1781357569.250925779 0
Jun 13 13:32:49 standalone account-server[128909]: 172.20.0.100 - - [13/Jun/2026:13:32:49 +0000] "PUT /d1/284/AUTH_f0a58d3903f0463e8ff3d22e9e61a9ef/gnocchi.1c2d36de-9274-4c0b-ae89-774ac2dc52fd" 201 - "PUT http://172.20.0.100:6001/d1/397/AUTH_f0a58d3903f0463e8ff3d22e9e61a9ef/gnocchi.1c2d36de-9274-4c0b-ae89-774ac2dc52fd" "txec9a9bff6bee4e5d9d127-006a2d5c01" "container-server 21" 0.0129 "-" 21 0
Jun 13 13:32:49 standalone container-server[128942]: 172.20.0.100 - - [13/Jun/2026:13:32:49 +0000] "PUT /d1/397/AUTH_f0a58d3903f0463e8ff3d22e9e61a9ef/gnocchi.1c2d36de-9274-4c0b-ae89-774ac2dc52fd" 201 - "PUT http://172.18.0.2:8080/v1/AUTH_f0a58d3903f0463e8ff3d22e9e61a9ef/gnocchi.1c2d36de-9274-4c0b-ae89-774ac2dc52fd" "txec9a9bff6bee4e5d9d127-006a2d5c01" "proxy-server 20" 0.0432 "-" 21 0
Jun 13 13:32:49 standalone proxy-server[131075]: 172.18.0.2 172.18.0.100 13/Jun/2026/13/32/49 PUT /v1/AUTH_f0a58d3903f0463e8ff3d22e9e61a9ef/gnocchi.1c2d36de-9274-4c0b-ae89-774ac2dc52fd HTTP/1.0 201 - python-swiftclient-3.11.1 gAAAAABqLVu9ZqKa... - - - txec9a9bff6bee4e5d9d127-006a2d5c01 - 0.0498 - - 1781357569.253743887 1781357569.303500652 0
Jun 13 13:32:49 standalone container-server[128940]: 172.20.0.100 - - [13/Jun/2026:13:32:49 +0000] "HEAD /d1/397/AUTH_f0a58d3903f0463e8ff3d22e9e61a9ef/gnocchi.1c2d36de-9274-4c0b-ae89-774ac2dc52fd" 204 - "HEAD http://172.18.0.2:8080/v1/AUTH_f0a58d3903f0463e8ff3d22e9e61a9ef/gnocchi.1c2d36de-9274-4c0b-ae89-774ac2dc52fd?format=json&states=listing" "txd413c399b918476196a3e-006a2d5c01" "proxy-server 20" 0.0022 "-" 20 0
Jun 13 13:32:49 standalone proxy-server[131075]: - - 13/Jun/2026/13/32/49 HEAD /v1/AUTH_f0a58d3903f0463e8ff3d22e9e61a9ef/gnocchi.1c2d36de-9274-4c0b-ae89-774ac2dc52fd%3Fformat%3Djson%26states%3Dlisting HTTP/1.0 204 - Swift - - - - txd413c399b918476196a3e-006a2d5c01 - 0.0067 RL - 1781357569.309648991 1781357569.316339016 0
Jun 13 13:32:49 standalone container-server[128942]: 172.20.0.100 - - [13/Jun/2026:13:32:49 +0000] "GET /d1/397/AUTH_f0a58d3903f0463e8ff3d22e9e61a9ef/gnocchi.1c2d36de-9274-4c0b-ae89-774ac2dc52fd" 200 2 "GET http://172.18.0.2:8080/v1/AUTH_f0a58d3903f0463e8ff3d22e9e61a9ef/gnocchi.1c2d36de-9274-4c0b-ae89-774ac2dc52fd?format=json&states=listing" "txd413c399b918476196a3e-006a2d5c01" "proxy-server 20" 0.0034 "-" 21 0
Jun 13 13:32:49 standalone proxy-server[131075]: 172.18.0.2 172.18.0.100 13/Jun/2026/13/32/49 GET /v1/AUTH_f0a58d3903f0463e8ff3d22e9e61a9ef/gnocchi.1c2d36de-9274-4c0b-ae89-774ac2dc52fd%3Fformat%3Djson%26states%3Dlisting HTTP/1.0 200 - python-swiftclient-3.11.1 gAAAAABqLVu9ZqKa... - 2 - txd413c399b918476196a3e-006a2d5c01 - 0.0181 - - 1781357569.308123827 1781357569.326219320 0
Jun 13 13:32:49 standalone object-server[129326]: 172.20.0.100 - - [13/Jun/2026:13:32:49 +0000] "GET /d1/883/AUTH_f0a58d3903f0463e8ff3d22e9e61a9ef/gnocchi.1c2d36de-9274-4c0b-ae89-774ac2dc52fd/1780920000.0_mean_300.0_v3" 404 70 "GET http://172.18.0.2:8080/v1/AUTH_f0a58d3903f0463e8ff3d22e9e61a9ef/gnocchi.1c2d36de-9274-4c0b-ae89-774ac2dc52fd/1780920000.0_mean_300.0_v3" "tx8f068ba421e14163bafff-006a2d5c01" "proxy-server 20" 0.0006 "-" 25 0
Jun 13 13:32:49 standalone proxy-server[131075]: 172.18.0.2 172.18.0.100 13/Jun/2026/13/32/49 GET /v1/AUTH_f0a58d3903f0463e8ff3d22e9e61a9ef/gnocchi.1c2d36de-9274-4c0b-ae89-774ac2dc52fd/1780920000.0_mean_300.0_v3 HTTP/1.0 404 - python-swiftclient-3.11.1 gAAAAABqLVu9ZqKa... - 70 - tx8f068ba421e14163bafff-006a2d5c01 - 0.0077 - - 1781357569.330515385 1781357569.338210583 0
Jun 13 13:32:49 standalone container-server[128952]: 172.20.0.100 - - [13/Jun/2026:13:32:49 +0000] "PUT /d1/397/AUTH_f0a58d3903f0463e8ff3d22e9e61a9ef/gnocchi.1c2d36de-9274-4c0b-ae89-774ac2dc52fd/1780920000.0_mean_300.0_v3" 201 - "PUT http://172.18.0.2:8080/d1/883/AUTH_f0a58d3903f0463e8ff3d22e9e61a9ef/gnocchi.1c2d36de-9274-4c0b-ae89-774ac2dc52fd/1780920000.0_mean_300.0_v3" "txcdccddfa60c143c8b80fd-006a2d5c01" "object-server 24" 0.0007 "-" 23 0
Jun 13 13:32:49 standalone object-server[129324]: 172.20.0.100 - - [13/Jun/2026:13:32:49 +0000] "PUT /d1/883/AUTH_f0a58d3903f0463e8ff3d22e9e61a9ef/gnocchi.1c2d36de-9274-4c0b-ae89-774ac2dc52fd/1780920000.0_mean_300.0_v3" 201 - "PUT http://172.18.0.2:8080/v1/AUTH_f0a58d3903f0463e8ff3d22e9e61a9ef/gnocchi.1c2d36de-9274-4c0b-ae89-774ac2dc52fd/1780920000.0_mean_300.0_v3" "txcdccddfa60c143c8b80fd-006a2d5c01" "proxy-server 20" 0.0529 "-" 24 0
Jun 13 13:32:49 standalone proxy-server[131075]: 172.18.0.2 172.18.0.100 13/Jun/2026/13/32/49 PUT /v1/AUTH_f0a58d3903f0463e8ff3d22e9e61a9ef/gnocchi.1c2d36de-9274-4c0b-ae89-774ac2dc52fd/1780920000.0_mean_300.0_v3 HTTP/1.0 201 - python-swiftclient-3.11.1 gAAAAABqLVu9ZqKa... 16 - - txcdccddfa60c143c8b80fd-006a2d5c01 - 0.0646 - - 1781357569.341773033 1781357569.406370878 0
Jun 13 13:32:49 standalone container-server[128950]: 172.20.0.100 - - [13/Jun/2026:13:32:49 +0000] "PUT /d1/397/AUTH_f0a58d3903f0463e8ff3d22e9e61a9ef/gnocchi.1c2d36de-9274-4c0b-ae89-774ac2dc52fd/none_v3" 201 - "PUT http://172.18.0.2:8080/d1/111/AUTH_f0a58d3903f0463e8ff3d22e9e61a9ef/gnocchi.1c2d36de-9274-4c0b-ae89-774ac2dc52fd/none_v3" "tx6ffad908e3aa4cdfae570-006a2d5c01" "object-server 24" 0.0007 "-" 22 0
Jun 13 13:32:49 standalone object-server[129324]: 172.20.0.100 - - [13/Jun/2026:13:32:49 +0000] "PUT /d1/111/AUTH_f0a58d3903f0463e8ff3d22e9e61a9ef/gnocchi.1c2d36de-9274-4c0b-ae89-774ac2dc52fd/none_v3" 201 - "PUT http://172.18.0.2:8080/v1/AUTH_f0a58d3903f0463e8ff3d22e9e61a9ef/gnocchi.1c2d36de-9274-4c0b-ae89-774ac2dc52fd/none_v3" "tx6ffad908e3aa4cdfae570-006a2d5c01" "proxy-server 20" 0.0244 "-" 24 0
Jun 13 13:32:49 standalone proxy-server[131075]: 172.18.0.2 172.18.0.100 13/Jun/2026/13/32/49 PUT /v1/AUTH_f0a58d3903f0463e8ff3d22e9e61a9ef/gnocchi.1c2d36de-9274-4c0b-ae89-774ac2dc52fd/none_v3 HTTP/1.0 201 - python-swiftclient-3.11.1 gAAAAABqLVu9ZqKa... 22 - - tx6ffad908e3aa4cdfae570-006a2d5c01 - 0.0334 - - 1781357569.411847353 1781357569.445200920 0
Jun 13 13:32:53 standalone container-server[128684]: Begin container update sweep
Jun 13 13:32:53 standalone account-server[128884]: 172.20.0.100 - - [13/Jun/2026:13:32:53 +0000] "PUT /d1/284/AUTH_f0a58d3903f0463e8ff3d22e9e61a9ef/gnocchi.1c2d36de-9274-4c0b-ae89-774ac2dc52fd" 201 - "-" "-" "container-updater 2" 0.0021 "-" 19 0
Jun 13 13:32:53 standalone account-server[128884]: 172.20.0.100 - - [13/Jun/2026:13:32:53 +0000] "PUT /d1/284/AUTH_f0a58d3903f0463e8ff3d22e9e61a9ef/gnocchi.efe7b3a3-5524-465b-90e4-583f23d2207b" 201 - "-" "-" "container-updater 2" 0.0005 "-" 19 0
Jun 13 13:32:53 standalone account-server[128897]: 172.20.0.100 - - [13/Jun/2026:13:32:53 +0000] "PUT /d1/284/AUTH_f0a58d3903f0463e8ff3d22e9e61a9ef/gnocchi.46cc9b6f-2877-4b13-978e-31e0daeb00f6" 201 - "-" "-" "container-updater 2" 0.0010 "-" 20 0
Jun 13 13:32:53 standalone container-server[128684]: Container update sweep completed: 0.36s
Jun 13 13:32:57 standalone container-server[128942]: 172.20.0.100 - - [13/Jun/2026:13:32:57 +0000] "HEAD /d1/882/AUTH_f0a58d3903f0463e8ff3d22e9e61a9ef/gnocchi.6cc97620-20da-48d8-8857-d478a8af6c40" 404 - "HEAD http://172.18.0.2:8080/v1/AUTH_f0a58d3903f0463e8ff3d22e9e61a9ef/gnocchi.6cc97620-20da-48d8-8857-d478a8af6c40?format=json&states=listing" "tx272be91b360d425093bc5-006a2d5c09" "proxy-server 20" 0.0007 "-" 21 0
Jun 13 13:32:57 standalone object-server[129324]: 172.20.0.100 - - [13/Jun/2026:13:32:57 +0000] "GET /d1/874/AUTH_f0a58d3903f0463e8ff3d22e9e61a9ef/gnocchi.6cc97620-20da-48d8-8857-d478a8af6c40/none_v3" 404 70 "GET http://172.18.0.2:8080/v1/AUTH_f0a58d3903f0463e8ff3d22e9e61a9ef/gnocchi.6cc97620-20da-48d8-8857-d478a8af6c40/none_v3" "tx272be91b360d425093bc5-006a2d5c09" "proxy-server 20" 0.0009 "-" 24 0
Jun 13 13:32:57 standalone proxy-server[131075]: 172.18.0.2 172.18.0.100 13/Jun/2026/13/32/57 GET /v1/AUTH_f0a58d3903f0463e8ff3d22e9e61a9ef/gnocchi.6cc97620-20da-48d8-8857-d478a8af6c40/none_v3 HTTP/1.0 404 - python-swiftclient-3.11.1 gAAAAABqLVu9ZqKa... - 70 - tx272be91b360d425093bc5-006a2d5c09 - 0.0138 - - 1781357577.308493614 1781357577.322336435 0
Jun 13 13:32:57 standalone account-server[128909]: 172.20.0.100 - - [13/Jun/2026:13:32:57 +0000] "PUT /d1/284/AUTH_f0a58d3903f0463e8ff3d22e9e61a9ef/gnocchi.6cc97620-20da-48d8-8857-d478a8af6c40" 201 - "PUT http://172.20.0.100:6001/d1/882/AUTH_f0a58d3903f0463e8ff3d22e9e61a9ef/gnocchi.6cc97620-20da-48d8-8857-d478a8af6c40" "txc8c270d595db44fe8377e-006a2d5c09" "container-server 22" 0.0069 "-" 21 0
Jun 13 13:32:57 standalone container-server[128950]: 172.20.0.100 - - [13/Jun/2026:13:32:57 +0000] "PUT /d1/882/AUTH_f0a58d3903f0463e8ff3d22e9e61a9ef/gnocchi.6cc97620-20da-48d8-8857-d478a8af6c40" 201 - "PUT http://172.18.0.2:8080/v1/AUTH_f0a58d3903f0463e8ff3d22e9e61a9ef/gnocchi.6cc97620-20da-48d8-8857-d478a8af6c40" "txc8c270d595db44fe8377e-006a2d5c09" "proxy-server 20" 0.0247 "-" 22 0
Jun 13 13:32:57 standalone proxy-server[131075]: 172.18.0.2 172.18.0.100 13/Jun/2026/13/32/57 PUT /v1/AUTH_f0a58d3903f0463e8ff3d22e9e61a9ef/gnocchi.6cc97620-20da-48d8-8857-d478a8af6c40 HTTP/1.0 201 - python-swiftclient-3.11.1 gAAAAABqLVu9ZqKa... - - - txc8c270d595db44fe8377e-006a2d5c09 - 0.0317 - - 1781357577.326631308 1781357577.358360052 0
Jun 13 13:32:57 standalone container-server[128952]: 172.20.0.100 - - [13/Jun/2026:13:32:57 +0000] "HEAD /d1/882/AUTH_f0a58d3903f0463e8ff3d22e9e61a9ef/gnocchi.6cc97620-20da-48d8-8857-d478a8af6c40" 204 - "HEAD http://172.18.0.2:8080/v1/AUTH_f0a58d3903f0463e8ff3d22e9e61a9ef/gnocchi.6cc97620-20da-48d8-8857-d478a8af6c40?format=json&states=listing" "tx2c5a5cb31eaa43a49cc3c-006a2d5c09" "proxy-server 20" 0.0026 "-" 23 0
Jun 13 13:32:57 standalone proxy-server[131075]: - - 13/Jun/2026/13/32/57 HEAD /v1/AUTH_f0a58d3903f0463e8ff3d22e9e61a9ef/gnocchi.6cc97620-20da-48d8-8857-d478a8af6c40%3Fformat%3Djson%26states%3Dlisting HTTP/1.0 204 - Swift - - - - tx2c5a5cb31eaa43a49cc3c-006a2d5c09 - 0.0089 RL - 1781357577.366058588 1781357577.375007153 0
Jun 13 13:32:57 standalone container-server[128950]: 172.20.0.100 - - [13/Jun/2026:13:32:57 +0000] "GET /d1/882/AUTH_f0a58d3903f0463e8ff3d22e9e61a9ef/gnocchi.6cc97620-20da-48d8-8857-d478a8af6c40" 200 2 "GET http://172.18.0.2:8080/v1/AUTH_f0a58d3903f0463e8ff3d22e9e61a9ef/gnocchi.6cc97620-20da-48d8-8857-d478a8af6c40?format=json&states=listing" "tx2c5a5cb31eaa43a49cc3c-006a2d5c09" "proxy-server 20" 0.0040 "-" 22 0
Jun 13 13:32:57 standalone proxy-server[131075]: 172.18.0.2 172.18.0.100 13/Jun/2026/13/32/57 GET /v1/AUTH_f0a58d3903f0463e8ff3d22e9e61a9ef/gnocchi.6cc97620-20da-48d8-8857-d478a8af6c40%3Fformat%3Djson%26states%3Dlisting HTTP/1.0 200 - python-swiftclient-3.11.1 gAAAAABqLVu9ZqKa... - 2 - tx2c5a5cb31eaa43a49cc3c-006a2d5c09 - 0.0267 - - 1781357577.364251614 1781357577.390988827 0
Jun 13 13:32:57 standalone object-server[129324]: 172.20.0.100 - - [13/Jun/2026:13:32:57 +0000] "GET /d1/492/AUTH_f0a58d3903f0463e8ff3d22e9e61a9ef/gnocchi.6cc97620-20da-48d8-8857-d478a8af6c40/1780920000.0_mean_300.0_v3" 404 70 "GET http://172.18.0.2:8080/v1/AUTH_f0a58d3903f0463e8ff3d22e9e61a9ef/gnocchi.6cc97620-20da-48d8-8857-d478a8af6c40/1780920000.0_mean_300.0_v3" "tx12072cd34b504919b7e2a-006a2d5c09" "proxy-server 20" 0.0006 "-" 24 0
Jun 13 13:32:57 standalone proxy-server[131075]: 172.18.0.2 172.18.0.100 13/Jun/2026/13/32/57 GET /v1/AUTH_f0a58d3903f0463e8ff3d22e9e61a9ef/gnocchi.6cc97620-20da-48d8-8857-d478a8af6c40/1780920000.0_mean_300.0_v3 HTTP/1.0 404 - python-swiftclient-3.11.1 gAAAAABqLVu9ZqKa... - 70 - tx12072cd34b504919b7e2a-006a2d5c09 - 0.0084 - - 1781357577.396536112 1781357577.404957294 0
Jun 13 13:32:57 standalone container-server[128940]: 172.20.0.100 - - [13/Jun/2026:13:32:57 +0000] "PUT /d1/882/AUTH_f0a58d3903f0463e8ff3d22e9e61a9ef/gnocchi.6cc97620-20da-48d8-8857-d478a8af6c40/1780920000.0_mean_300.0_v3" 201 - "PUT http://172.18.0.2:8080/d1/492/AUTH_f0a58d3903f0463e8ff3d22e9e61a9ef/gnocchi.6cc97620-20da-48d8-8857-d478a8af6c40/1780920000.0_mean_300.0_v3" "tx4ed4787f70ce4c3796dcf-006a2d5c09" "object-server 24" 0.0013 "-" 20 0
Jun 13 13:32:57 standalone object-server[129324]: 172.20.0.100 - - [13/Jun/2026:13:32:57 +0000] "PUT /d1/492/AUTH_f0a58d3903f0463e8ff3d22e9e61a9ef/gnocchi.6cc97620-20da-48d8-8857-d478a8af6c40/1780920000.0_mean_300.0_v3" 201 - "PUT http://172.18.0.2:8080/v1/AUTH_f0a58d3903f0463e8ff3d22e9e61a9ef/gnocchi.6cc97620-20da-48d8-8857-d478a8af6c40/1780920000.0_mean_300.0_v3" "tx4ed4787f70ce4c3796dcf-006a2d5c09" "proxy-server 20" 0.0149 "-" 24 0
Jun 13 13:32:57 standalone proxy-server[131075]: 172.18.0.2 172.18.0.100 13/Jun/2026/13/32/57 PUT /v1/AUTH_f0a58d3903f0463e8ff3d22e9e61a9ef/gnocchi.6cc97620-20da-48d8-8857-d478a8af6c40/1780920000.0_mean_300.0_v3 HTTP/1.0 201 - python-swiftclient-3.11.1 gAAAAABqLVu9ZqKa... 16 - - tx4ed4787f70ce4c3796dcf-006a2d5c09 - 0.0220 - - 1781357577.410080671 1781357577.432068825 0
Jun 13 13:32:57 standalone container-server[128952]: 172.20.0.100 - - [13/Jun/2026:13:32:57 +0000] "PUT /d1/882/AUTH_f0a58d3903f0463e8ff3d22e9e61a9ef/gnocchi.6cc97620-20da-48d8-8857-d478a8af6c40/none_v3" 201 - "PUT http://172.18.0.2:8080/d1/874/AUTH_f0a58d3903f0463e8ff3d22e9e61a9ef/gnocchi.6cc97620-20da-48d8-8857-d478a8af6c40/none_v3" "tx454bc93e30614415b84a7-006a2d5c09" "object-server 24" 0.0008 "-" 23 0
Jun 13 13:32:57 standalone object-server[129324]: 172.20.0.100 - - [13/Jun/2026:13:32:57 +0000] "PUT /d1/874/AUTH_f0a58d3903f0463e8ff3d22e9e61a9ef/gnocchi.6cc97620-20da-48d8-8857-d478a8af6c40/none_v3" 201 - "PUT http://172.18.0.2:8080/v1/AUTH_f0a58d3903f0463e8ff3d22e9e61a9ef/gnocchi.6cc97620-20da-48d8-8857-d478a8af6c40/none_v3" "tx454bc93e30614415b84a7-006a2d5c09" "proxy-server 20" 0.0110 "-" 24 0
Jun 13 13:32:57 standalone proxy-server[131075]: 172.18.0.2 172.18.0.100 13/Jun/2026/13/32/57 PUT /v1/AUTH_f0a58d3903f0463e8ff3d22e9e61a9ef/gnocchi.6cc97620-20da-48d8-8857-d478a8af6c40/none_v3 HTTP/1.0 201 - python-swiftclient-3.11.1 gAAAAABqLVu9ZqKa... 22 - - tx454bc93e30614415b84a7-006a2d5c09 - 0.0173 - - 1781357577.436815977 1781357577.454137802 0
Jun 13 13:32:57 standalone container-server[128950]: 172.20.0.100 - - [13/Jun/2026:13:32:57 +0000] "HEAD /d1/916/AUTH_f0a58d3903f0463e8ff3d22e9e61a9ef/gnocchi.3c812540-a71c-4a90-9d81-ca84242432c3" 404 - "HEAD http://172.18.0.2:8080/v1/AUTH_f0a58d3903f0463e8ff3d22e9e61a9ef/gnocchi.3c812540-a71c-4a90-9d81-ca84242432c3?format=json&states=listing" "tx3b65b7d2d329497887aae-006a2d5c09" "proxy-server 20" 0.0005 "-" 22 0
Jun 13 13:32:57 standalone object-server[129326]: 172.20.0.100 - - [13/Jun/2026:13:32:57 +0000] "GET /d1/148/AUTH_f0a58d3903f0463e8ff3d22e9e61a9ef/gnocchi.3c812540-a71c-4a90-9d81-ca84242432c3/none_v3" 404 70 "GET http://172.18.0.2:8080/v1/AUTH_f0a58d3903f0463e8ff3d22e9e61a9ef/gnocchi.3c812540-a71c-4a90-9d81-ca84242432c3/none_v3" "tx3b65b7d2d329497887aae-006a2d5c09" "proxy-server 20" 0.0005 "-" 25 0
Jun 13 13:32:57 standalone proxy-server[131075]: 172.18.0.2 172.18.0.100 13/Jun/2026/13/32/57 GET /v1/AUTH_f0a58d3903f0463e8ff3d22e9e61a9ef/gnocchi.3c812540-a71c-4a90-9d81-ca84242432c3/none_v3 HTTP/1.0 404 - python-swiftclient-3.11.1 gAAAAABqLVu9ZqKa... - 70 - tx3b65b7d2d329497887aae-006a2d5c09 - 0.0138 - - 1781357577.467585087 1781357577.481343031 0
Jun 13 13:32:57 standalone account-server[128884]: 172.20.0.100 - - [13/Jun/2026:13:32:57 +0000] "PUT /d1/284/AUTH_f0a58d3903f0463e8ff3d22e9e61a9ef/gnocchi.3c812540-a71c-4a90-9d81-ca84242432c3" 201 - "PUT http://172.20.0.100:6001/d1/916/AUTH_f0a58d3903f0463e8ff3d22e9e61a9ef/gnocchi.3c812540-a71c-4a90-9d81-ca84242432c3" "tx90ea38cf1e3b4b94959c3-006a2d5c09" "container-server 22" 0.0068 "-" 19 0
Jun 13 13:32:57 standalone container-server[128950]: 172.20.0.100 - - [13/Jun/2026:13:32:57 +0000] "PUT /d1/916/AUTH_f0a58d3903f0463e8ff3d22e9e61a9ef/gnocchi.3c812540-a71c-4a90-9d81-ca84242432c3" 201 - "PUT http://172.18.0.2:8080/v1/AUTH_f0a58d3903f0463e8ff3d22e9e61a9ef/gnocchi.3c812540-a71c-4a90-9d81-ca84242432c3" "tx90ea38cf1e3b4b94959c3-006a2d5c09" "proxy-server 20" 0.0192 "-" 22 0
Jun 13 13:32:57 standalone proxy-server[131075]: 172.18.0.2 172.18.0.100 13/Jun/2026/13/32/57 PUT /v1/AUTH_f0a58d3903f0463e8ff3d22e9e61a9ef/gnocchi.3c812540-a71c-4a90-9d81-ca84242432c3 HTTP/1.0 201 - python-swiftclient-3.11.1 gAAAAABqLVu9ZqKa... - - - tx90ea38cf1e3b4b94959c3-006a2d5c09 - 0.0260 - - 1781357577.485913277 1781357577.511940718 0
Jun 13 13:32:57 standalone container-server[128940]: 172.20.0.100 - - [13/Jun/2026:13:32:57 +0000] "HEAD /d1/916/AUTH_f0a58d3903f0463e8ff3d22e9e61a9ef/gnocchi.3c812540-a71c-4a90-9d81-ca84242432c3" 204 - "HEAD http://172.18.0.2:8080/v1/AUTH_f0a58d3903f0463e8ff3d22e9e61a9ef/gnocchi.3c812540-a71c-4a90-9d81-ca84242432c3?format=json&states=listing" "txd8260c699e3243739cbab-006a2d5c09" "proxy-server 20" 0.0017 "-" 20 0
Jun 13 13:32:57 standalone proxy-server[131075]: - - 13/Jun/2026/13/32/57 HEAD /v1/AUTH_f0a58d3903f0463e8ff3d22e9e61a9ef/gnocchi.3c812540-a71c-4a90-9d81-ca84242432c3%3Fformat%3Djson%26states%3Dlisting HTTP/1.0 204 - Swift - - - - txd8260c699e3243739cbab-006a2d5c09 - 0.0058 RL - 1781357577.518002748 1781357577.523774385 0
Jun 13 13:32:57 standalone container-server[128942]: 172.20.0.100 - - [13/Jun/2026:13:32:57 +0000] "GET /d1/916/AUTH_f0a58d3903f0463e8ff3d22e9e61a9ef/gnocchi.3c812540-a71c-4a90-9d81-ca84242432c3" 200 2 "GET http://172.18.0.2:8080/v1/AUTH_f0a58d3903f0463e8ff3d22e9e61a9ef/gnocchi.3c812540-a71c-4a90-9d81-ca84242432c3?format=json&states=listing" "txd8260c699e3243739cbab-006a2d5c09" "proxy-server 20" 0.0021 "-" 21 0
Jun 13 13:32:57 standalone proxy-server[131075]: 172.18.0.2 172.18.0.100 13/Jun/2026/13/32/57 GET /v1/AUTH_f0a58d3903f0463e8ff3d22e9e61a9ef/gnocchi.3c812540-a71c-4a90-9d81-ca84242432c3%3Fformat%3Djson%26states%3Dlisting HTTP/1.0 200 - python-swiftclient-3.11.1 gAAAAABqLVu9ZqKa... - 2 - txd8260c699e3243739cbab-006a2d5c09 - 0.0146 - - 1781357577.516731739 1781357577.531296730 0
Jun 13 13:32:57 standalone object-server[129326]: 172.20.0.100 - - [13/Jun/2026:13:32:57 +0000] "GET /d1/934/AUTH_f0a58d3903f0463e8ff3d22e9e61a9ef/gnocchi.3c812540-a71c-4a90-9d81-ca84242432c3/1780920000.0_mean_300.0_v3" 404 70 "GET http://172.18.0.2:8080/v1/AUTH_f0a58d3903f0463e8ff3d22e9e61a9ef/gnocchi.3c812540-a71c-4a90-9d81-ca84242432c3/1780920000.0_mean_300.0_v3" "txdc3249ca52994c0482870-006a2d5c09" "proxy-server 20" 0.0005 "-" 25 0
