Jun 13 13:33:46 standalone proxy-server[131075]: 172.18.0.2 172.18.0.100 13/Jun/2026/13/33/46 PUT /v1/AUTH_f0a58d3903f0463e8ff3d22e9e61a9ef/gnocchi.c8f99749-25db-4025-af7b-9a8c9a612911 HTTP/1.0 201 - python-swiftclient-3.11.1 gAAAAABqLVu9ZqKa... - - - tx03d7070ee16c4aee97e62-006a2d5c3a - 0.0236 - - 1781357626.654759645 1781357626.678360462 0
Jun 13 13:33:46 standalone container-server[128942]: 172.20.0.100 - - [13/Jun/2026:13:33:46 +0000] "HEAD /d1/962/AUTH_f0a58d3903f0463e8ff3d22e9e61a9ef/gnocchi.c8f99749-25db-4025-af7b-9a8c9a612911" 204 - "HEAD http://172.18.0.2:8080/v1/AUTH_f0a58d3903f0463e8ff3d22e9e61a9ef/gnocchi.c8f99749-25db-4025-af7b-9a8c9a612911?format=json&states=listing" "tx9ea19465110a4877b1ddc-006a2d5c3a" "proxy-server 20" 0.0015 "-" 21 0
Jun 13 13:33:46 standalone proxy-server[131075]: - - 13/Jun/2026/13/33/46 HEAD /v1/AUTH_f0a58d3903f0463e8ff3d22e9e61a9ef/gnocchi.c8f99749-25db-4025-af7b-9a8c9a612911%3Fformat%3Djson%26states%3Dlisting HTTP/1.0 204 - Swift - - - - tx9ea19465110a4877b1ddc-006a2d5c3a - 0.0050 RL - 1781357626.682254553 1781357626.687258959 0
Jun 13 13:33:46 standalone container-server[128942]: 172.20.0.100 - - [13/Jun/2026:13:33:46 +0000] "GET /d1/962/AUTH_f0a58d3903f0463e8ff3d22e9e61a9ef/gnocchi.c8f99749-25db-4025-af7b-9a8c9a612911" 200 2 "GET http://172.18.0.2:8080/v1/AUTH_f0a58d3903f0463e8ff3d22e9e61a9ef/gnocchi.c8f99749-25db-4025-af7b-9a8c9a612911?format=json&states=listing" "tx9ea19465110a4877b1ddc-006a2d5c3a" "proxy-server 20" 0.0020 "-" 21 0
Jun 13 13:33:46 standalone proxy-server[131075]: 172.18.0.2 172.18.0.100 13/Jun/2026/13/33/46 GET /v1/AUTH_f0a58d3903f0463e8ff3d22e9e61a9ef/gnocchi.c8f99749-25db-4025-af7b-9a8c9a612911%3Fformat%3Djson%26states%3Dlisting HTTP/1.0 200 - python-swiftclient-3.11.1 gAAAAABqLVu9ZqKa... - 2 - tx9ea19465110a4877b1ddc-006a2d5c3a - 0.0125 - - 1781357626.681290150 1781357626.693828821 0
Jun 13 13:33:46 standalone object-server[129317]: 172.20.0.100 - - [13/Jun/2026:13:33:46 +0000] "GET /d1/166/AUTH_f0a58d3903f0463e8ff3d22e9e61a9ef/gnocchi.c8f99749-25db-4025-af7b-9a8c9a612911/1780920000.0_mean_300.0_v3" 404 70 "GET http://172.18.0.2:8080/v1/AUTH_f0a58d3903f0463e8ff3d22e9e61a9ef/gnocchi.c8f99749-25db-4025-af7b-9a8c9a612911/1780920000.0_mean_300.0_v3" "tx5e9ac2f2bab040978c507-006a2d5c3a" "proxy-server 20" 0.0005 "-" 23 0
Jun 13 13:33:46 standalone proxy-server[131075]: 172.18.0.2 172.18.0.100 13/Jun/2026/13/33/46 GET /v1/AUTH_f0a58d3903f0463e8ff3d22e9e61a9ef/gnocchi.c8f99749-25db-4025-af7b-9a8c9a612911/1780920000.0_mean_300.0_v3 HTTP/1.0 404 - python-swiftclient-3.11.1 gAAAAABqLVu9ZqKa... - 70 - tx5e9ac2f2bab040978c507-006a2d5c3a - 0.0079 - - 1781357626.697187424 1781357626.705107689 0
Jun 13 13:33:46 standalone container-server[128952]: 172.20.0.100 - - [13/Jun/2026:13:33:46 +0000] "PUT /d1/962/AUTH_f0a58d3903f0463e8ff3d22e9e61a9ef/gnocchi.c8f99749-25db-4025-af7b-9a8c9a612911/1780920000.0_mean_300.0_v3" 201 - "PUT http://172.18.0.2:8080/d1/166/AUTH_f0a58d3903f0463e8ff3d22e9e61a9ef/gnocchi.c8f99749-25db-4025-af7b-9a8c9a612911/1780920000.0_mean_300.0_v3" "tx75418ba9ade44ba9a4a4c-006a2d5c3a" "object-server 23" 0.0005 "-" 23 0
Jun 13 13:33:46 standalone object-server[129317]: 172.20.0.100 - - [13/Jun/2026:13:33:46 +0000] "PUT /d1/166/AUTH_f0a58d3903f0463e8ff3d22e9e61a9ef/gnocchi.c8f99749-25db-4025-af7b-9a8c9a612911/1780920000.0_mean_300.0_v3" 201 - "PUT http://172.18.0.2:8080/v1/AUTH_f0a58d3903f0463e8ff3d22e9e61a9ef/gnocchi.c8f99749-25db-4025-af7b-9a8c9a612911/1780920000.0_mean_300.0_v3" "tx75418ba9ade44ba9a4a4c-006a2d5c3a" "proxy-server 20" 0.0128 "-" 23 0
Jun 13 13:33:46 standalone proxy-server[131075]: 172.18.0.2 172.18.0.100 13/Jun/2026/13/33/46 PUT /v1/AUTH_f0a58d3903f0463e8ff3d22e9e61a9ef/gnocchi.c8f99749-25db-4025-af7b-9a8c9a612911/1780920000.0_mean_300.0_v3 HTTP/1.0 201 - python-swiftclient-3.11.1 gAAAAABqLVu9ZqKa... 16 - - tx75418ba9ade44ba9a4a4c-006a2d5c3a - 0.0166 - - 1781357626.707538843 1781357626.724089622 0
Jun 13 13:33:46 standalone container-server[128950]: 172.20.0.100 - - [13/Jun/2026:13:33:46 +0000] "PUT /d1/962/AUTH_f0a58d3903f0463e8ff3d22e9e61a9ef/gnocchi.c8f99749-25db-4025-af7b-9a8c9a612911/none_v3" 201 - "PUT http://172.18.0.2:8080/d1/765/AUTH_f0a58d3903f0463e8ff3d22e9e61a9ef/gnocchi.c8f99749-25db-4025-af7b-9a8c9a612911/none_v3" "txbbe0f2765a6244a9addc3-006a2d5c3a" "object-server 24" 0.0009 "-" 22 0
Jun 13 13:33:46 standalone object-server[129324]: 172.20.0.100 - - [13/Jun/2026:13:33:46 +0000] "PUT /d1/765/AUTH_f0a58d3903f0463e8ff3d22e9e61a9ef/gnocchi.c8f99749-25db-4025-af7b-9a8c9a612911/none_v3" 201 - "PUT http://172.18.0.2:8080/v1/AUTH_f0a58d3903f0463e8ff3d22e9e61a9ef/gnocchi.c8f99749-25db-4025-af7b-9a8c9a612911/none_v3" "txbbe0f2765a6244a9addc3-006a2d5c3a" "proxy-server 20" 0.0091 "-" 24 0
Jun 13 13:33:46 standalone proxy-server[131075]: 172.18.0.2 172.18.0.100 13/Jun/2026/13/33/46 PUT /v1/AUTH_f0a58d3903f0463e8ff3d22e9e61a9ef/gnocchi.c8f99749-25db-4025-af7b-9a8c9a612911/none_v3 HTTP/1.0 201 - python-swiftclient-3.11.1 gAAAAABqLVu9ZqKa... 22 - - txbbe0f2765a6244a9addc3-006a2d5c3a - 0.0132 - - 1781357626.726797581 1781357626.739974976 0
Jun 13 13:33:47 standalone object-server[129326]: 172.20.0.100 - - [13/Jun/2026:13:33:47 +0000] "GET /d1/765/AUTH_f0a58d3903f0463e8ff3d22e9e61a9ef/gnocchi.c8f99749-25db-4025-af7b-9a8c9a612911/none_v3" 200 22 "GET http://172.18.0.2:8080/v1/AUTH_f0a58d3903f0463e8ff3d22e9e61a9ef/gnocchi.c8f99749-25db-4025-af7b-9a8c9a612911/none_v3" "tx152b97e7cbd946c495ec9-006a2d5c3b" "proxy-server 20" 0.0018 "-" 25 0
Jun 13 13:33:47 standalone proxy-server[131075]: 172.18.0.2 172.18.0.100 13/Jun/2026/13/33/47 GET /v1/AUTH_f0a58d3903f0463e8ff3d22e9e61a9ef/gnocchi.c8f99749-25db-4025-af7b-9a8c9a612911/none_v3 HTTP/1.0 200 - python-swiftclient-3.11.1 gAAAAABqLVu9ZqKa... - 22 - tx152b97e7cbd946c495ec9-006a2d5c3b - 0.0096 - - 1781357627.020801306 1781357627.030378819 0
Jun 13 13:33:47 standalone container-server[128952]: 172.20.0.100 - - [13/Jun/2026:13:33:47 +0000] "GET /d1/962/AUTH_f0a58d3903f0463e8ff3d22e9e61a9ef/gnocchi.c8f99749-25db-4025-af7b-9a8c9a612911" 200 357 "GET http://172.18.0.2:8080/v1/AUTH_f0a58d3903f0463e8ff3d22e9e61a9ef/gnocchi.c8f99749-25db-4025-af7b-9a8c9a612911?format=json&states=listing" "tx7cdef0650399449e91944-006a2d5c3b" "proxy-server 20" 0.0097 "-" 23 0
Jun 13 13:33:47 standalone proxy-server[131075]: 172.18.0.2 172.18.0.100 13/Jun/2026/13/33/47 GET /v1/AUTH_f0a58d3903f0463e8ff3d22e9e61a9ef/gnocchi.c8f99749-25db-4025-af7b-9a8c9a612911%3Fformat%3Djson%26states%3Dlisting HTTP/1.0 200 - python-swiftclient-3.11.1 gAAAAABqLVu9ZqKa... - 357 - tx7cdef0650399449e91944-006a2d5c3b - 0.0167 - - 1781357627.033536434 1781357627.050285578 0
Jun 13 13:33:47 standalone container-server[128942]: 172.20.0.100 - - [13/Jun/2026:13:33:47 +0000] "GET /d1/962/AUTH_f0a58d3903f0463e8ff3d22e9e61a9ef/gnocchi.c8f99749-25db-4025-af7b-9a8c9a612911" 200 2 "GET http://172.18.0.2:8080/v1/AUTH_f0a58d3903f0463e8ff3d22e9e61a9ef/gnocchi.c8f99749-25db-4025-af7b-9a8c9a612911?format=json&marker=none_v3&states=listing" "tx83596f4346ec44dabd365-006a2d5c3b" "proxy-server 20" 0.0028 "-" 21 0
Jun 13 13:33:47 standalone proxy-server[131075]: 172.18.0.2 172.18.0.100 13/Jun/2026/13/33/47 GET /v1/AUTH_f0a58d3903f0463e8ff3d22e9e61a9ef/gnocchi.c8f99749-25db-4025-af7b-9a8c9a612911%3Fformat%3Djson%26marker%3Dnone_v3%26states%3Dlisting HTTP/1.0 200 - python-swiftclient-3.11.1 gAAAAABqLVu9ZqKa... - 2 - tx83596f4346ec44dabd365-006a2d5c3b - 0.0116 - - 1781357627.053399563 1781357627.064975977 0
Jun 13 13:33:47 standalone object-server[129317]: 172.20.0.100 - - [13/Jun/2026:13:33:47 +0000] "GET /d1/166/AUTH_f0a58d3903f0463e8ff3d22e9e61a9ef/gnocchi.c8f99749-25db-4025-af7b-9a8c9a612911/1780920000.0_mean_300.0_v3" 200 16 "GET http://172.18.0.2:8080/v1/AUTH_f0a58d3903f0463e8ff3d22e9e61a9ef/gnocchi.c8f99749-25db-4025-af7b-9a8c9a612911/1780920000.0_mean_300.0_v3" "txf8788ccb49d844e8beb1d-006a2d5c3b" "proxy-server 20" 0.0008 "-" 23 0
Jun 13 13:33:47 standalone proxy-server[131075]: 172.18.0.2 172.18.0.100 13/Jun/2026/13/33/47 GET /v1/AUTH_f0a58d3903f0463e8ff3d22e9e61a9ef/gnocchi.c8f99749-25db-4025-af7b-9a8c9a612911/1780920000.0_mean_300.0_v3 HTTP/1.0 200 - python-swiftclient-3.11.1 gAAAAABqLVu9ZqKa... - 16 - txf8788ccb49d844e8beb1d-006a2d5c3b - 0.0082 - - 1781357627.073669434 1781357627.081845999 0
Jun 13 13:33:47 standalone container-server[128950]: 172.20.0.100 - - [13/Jun/2026:13:33:47 +0000] "PUT /d1/962/AUTH_f0a58d3903f0463e8ff3d22e9e61a9ef/gnocchi.c8f99749-25db-4025-af7b-9a8c9a612911/1780920000.0_mean_300.0_v3" 201 - "PUT http://172.18.0.2:8080/d1/166/AUTH_f0a58d3903f0463e8ff3d22e9e61a9ef/gnocchi.c8f99749-25db-4025-af7b-9a8c9a612911/1780920000.0_mean_300.0_v3" "txe970e038bd8e4a7fbf5ef-006a2d5c3b" "object-server 23" 0.0012 "-" 22 0
Jun 13 13:33:47 standalone object-server[129317]: 172.20.0.100 - - [13/Jun/2026:13:33:47 +0000] "PUT /d1/166/AUTH_f0a58d3903f0463e8ff3d22e9e61a9ef/gnocchi.c8f99749-25db-4025-af7b-9a8c9a612911/1780920000.0_mean_300.0_v3" 201 - "PUT http://172.18.0.2:8080/v1/AUTH_f0a58d3903f0463e8ff3d22e9e61a9ef/gnocchi.c8f99749-25db-4025-af7b-9a8c9a612911/1780920000.0_mean_300.0_v3" "txe970e038bd8e4a7fbf5ef-006a2d5c3b" "proxy-server 20" 0.0140 "-" 23 0
Jun 13 13:33:47 standalone proxy-server[131075]: 172.18.0.2 172.18.0.100 13/Jun/2026/13/33/47 PUT /v1/AUTH_f0a58d3903f0463e8ff3d22e9e61a9ef/gnocchi.c8f99749-25db-4025-af7b-9a8c9a612911/1780920000.0_mean_300.0_v3 HTTP/1.0 201 - python-swiftclient-3.11.1 gAAAAABqLVu9ZqKa... 16 - - txe970e038bd8e4a7fbf5ef-006a2d5c3b - 0.0218 - - 1781357627.084782839 1781357627.106622696 0
Jun 13 13:33:47 standalone container-server[128942]: 172.20.0.100 - - [13/Jun/2026:13:33:47 +0000] "PUT /d1/962/AUTH_f0a58d3903f0463e8ff3d22e9e61a9ef/gnocchi.c8f99749-25db-4025-af7b-9a8c9a612911/none_v3" 201 - "PUT http://172.18.0.2:8080/d1/765/AUTH_f0a58d3903f0463e8ff3d22e9e61a9ef/gnocchi.c8f99749-25db-4025-af7b-9a8c9a612911/none_v3" "txeed49f639a264167b6aa9-006a2d5c3b" "object-server 24" 0.0008 "-" 21 0
Jun 13 13:33:47 standalone object-server[129324]: 172.20.0.100 - - [13/Jun/2026:13:33:47 +0000] "PUT /d1/765/AUTH_f0a58d3903f0463e8ff3d22e9e61a9ef/gnocchi.c8f99749-25db-4025-af7b-9a8c9a612911/none_v3" 201 - "PUT http://172.18.0.2:8080/v1/AUTH_f0a58d3903f0463e8ff3d22e9e61a9ef/gnocchi.c8f99749-25db-4025-af7b-9a8c9a612911/none_v3" "txeed49f639a264167b6aa9-006a2d5c3b" "proxy-server 20" 0.0128 "-" 24 0
Jun 13 13:33:47 standalone proxy-server[131075]: 172.18.0.2 172.18.0.100 13/Jun/2026/13/33/47 PUT /v1/AUTH_f0a58d3903f0463e8ff3d22e9e61a9ef/gnocchi.c8f99749-25db-4025-af7b-9a8c9a612911/none_v3 HTTP/1.0 201 - python-swiftclient-3.11.1 gAAAAABqLVu9ZqKa... 31 - - txeed49f639a264167b6aa9-006a2d5c3b - 0.0206 - - 1781357627.110382080 1781357627.130986452 0
Jun 13 13:33:57 standalone account-server[128909]: 172.20.0.100 - - [13/Jun/2026:13:33:57 +0000] "HEAD /d1/284/AUTH_f0a58d3903f0463e8ff3d22e9e61a9ef" 204 - "HEAD http://172.18.0.2:8080/v1/AUTH_f0a58d3903f0463e8ff3d22e9e61a9ef?format=json" "txcd7aa14ec14f484bbe510-006a2d5c45" "proxy-server 20" 0.0168 "-" 21 -
Jun 13 13:33:57 standalone proxy-server[131075]: - - 13/Jun/2026/13/33/57 HEAD /v1/AUTH_f0a58d3903f0463e8ff3d22e9e61a9ef%3Fformat%3Djson HTTP/1.0 204 - Swift - - - - txcd7aa14ec14f484bbe510-006a2d5c45 - 0.0222 RL - 1781357637.218772888 1781357637.241021395 -
Jun 13 13:33:57 standalone object-server[129317]: 172.20.0.100 - - [13/Jun/2026:13:33:57 +0000] "GET /d1/446/AUTH_f0a58d3903f0463e8ff3d22e9e61a9ef/gnocchi.709236f7-68ae-4d19-8d77-ad8c095f41b1/none_v3" 200 32 "GET http://172.18.0.2:8080/v1/AUTH_f0a58d3903f0463e8ff3d22e9e61a9ef/gnocchi.709236f7-68ae-4d19-8d77-ad8c095f41b1/none_v3" "txcd7aa14ec14f484bbe510-006a2d5c45" "proxy-server 20" 0.0016 "-" 23 0
Jun 13 13:33:57 standalone proxy-server[131075]: 172.18.0.2 172.18.0.100 13/Jun/2026/13/33/57 GET /v1/AUTH_f0a58d3903f0463e8ff3d22e9e61a9ef/gnocchi.709236f7-68ae-4d19-8d77-ad8c095f41b1/none_v3 HTTP/1.0 200 - python-swiftclient-3.11.1 gAAAAABqLVu9ZqKa... - 32 - txcd7aa14ec14f484bbe510-006a2d5c45 - 0.0399 - - 1781357637.217766047 1781357637.257625818 0
Jun 13 13:33:57 standalone container-server[128952]: 172.20.0.100 - - [13/Jun/2026:13:33:57 +0000] "GET /d1/493/AUTH_f0a58d3903f0463e8ff3d22e9e61a9ef/gnocchi.709236f7-68ae-4d19-8d77-ad8c095f41b1" 200 357 "GET http://172.18.0.2:8080/v1/AUTH_f0a58d3903f0463e8ff3d22e9e61a9ef/gnocchi.709236f7-68ae-4d19-8d77-ad8c095f41b1?format=json&states=listing" "tx70f9c81bd86e47f7bdf93-006a2d5c45" "proxy-server 20" 0.0109 "-" 23 0
Jun 13 13:33:57 standalone proxy-server[131075]: 172.18.0.2 172.18.0.100 13/Jun/2026/13/33/57 GET /v1/AUTH_f0a58d3903f0463e8ff3d22e9e61a9ef/gnocchi.709236f7-68ae-4d19-8d77-ad8c095f41b1%3Fformat%3Djson%26states%3Dlisting HTTP/1.0 200 - python-swiftclient-3.11.1 gAAAAABqLVu9ZqKa... - 357 - tx70f9c81bd86e47f7bdf93-006a2d5c45 - 0.0285 - - 1781357637.265850306 1781357637.294341326 0
Jun 13 13:33:57 standalone container-server[128942]: 172.20.0.100 - - [13/Jun/2026:13:33:57 +0000] "GET /d1/493/AUTH_f0a58d3903f0463e8ff3d22e9e61a9ef/gnocchi.709236f7-68ae-4d19-8d77-ad8c095f41b1" 200 2 "GET http://172.18.0.2:8080/v1/AUTH_f0a58d3903f0463e8ff3d22e9e61a9ef/gnocchi.709236f7-68ae-4d19-8d77-ad8c095f41b1?format=json&marker=none_v3&states=listing" "tx37e2342e9a734072b47be-006a2d5c45" "proxy-server 20" 0.0025 "-" 21 0
Jun 13 13:33:57 standalone proxy-server[131075]: 172.18.0.2 172.18.0.100 13/Jun/2026/13/33/57 GET /v1/AUTH_f0a58d3903f0463e8ff3d22e9e61a9ef/gnocchi.709236f7-68ae-4d19-8d77-ad8c095f41b1%3Fformat%3Djson%26marker%3Dnone_v3%26states%3Dlisting HTTP/1.0 200 - python-swiftclient-3.11.1 gAAAAABqLVu9ZqKa... - 2 - tx37e2342e9a734072b47be-006a2d5c45 - 0.0160 - - 1781357637.298586130 1781357637.314591646 0
Jun 13 13:33:57 standalone object-server[129317]: 172.20.0.100 - - [13/Jun/2026:13:33:57 +0000] "GET /d1/749/AUTH_f0a58d3903f0463e8ff3d22e9e61a9ef/gnocchi.709236f7-68ae-4d19-8d77-ad8c095f41b1/1780920000.0_mean_300.0_v3" 200 16 "GET http://172.18.0.2:8080/v1/AUTH_f0a58d3903f0463e8ff3d22e9e61a9ef/gnocchi.709236f7-68ae-4d19-8d77-ad8c095f41b1/1780920000.0_mean_300.0_v3" "tx9a6bf7ff4b16410f8ee91-006a2d5c45" "proxy-server 20" 0.0009 "-" 23 0
Jun 13 13:33:57 standalone proxy-server[131075]: 172.18.0.2 172.18.0.100 13/Jun/2026/13/33/57 GET /v1/AUTH_f0a58d3903f0463e8ff3d22e9e61a9ef/gnocchi.709236f7-68ae-4d19-8d77-ad8c095f41b1/1780920000.0_mean_300.0_v3 HTTP/1.0 200 - python-swiftclient-3.11.1 gAAAAABqLVu9ZqKa... - 16 - tx9a6bf7ff4b16410f8ee91-006a2d5c45 - 0.0190 - - 1781357637.321740389 1781357637.340769768 0
Jun 13 13:33:57 standalone container-server[128940]: 172.20.0.100 - - [13/Jun/2026:13:33:57 +0000] "PUT /d1/493/AUTH_f0a58d3903f0463e8ff3d22e9e61a9ef/gnocchi.709236f7-68ae-4d19-8d77-ad8c095f41b1/1780920000.0_mean_300.0_v3" 201 - "PUT http://172.18.0.2:8080/d1/749/AUTH_f0a58d3903f0463e8ff3d22e9e61a9ef/gnocchi.709236f7-68ae-4d19-8d77-ad8c095f41b1/1780920000.0_mean_300.0_v3" "txfc9cf3abf6fc403399d7e-006a2d5c45" "object-server 22" 0.0012 "-" 20 0
Jun 13 13:33:57 standalone object-server[129309]: 172.20.0.100 - - [13/Jun/2026:13:33:57 +0000] "PUT /d1/749/AUTH_f0a58d3903f0463e8ff3d22e9e61a9ef/gnocchi.709236f7-68ae-4d19-8d77-ad8c095f41b1/1780920000.0_mean_300.0_v3" 201 - "PUT http://172.18.0.2:8080/v1/AUTH_f0a58d3903f0463e8ff3d22e9e61a9ef/gnocchi.709236f7-68ae-4d19-8d77-ad8c095f41b1/1780920000.0_mean_300.0_v3" "txfc9cf3abf6fc403399d7e-006a2d5c45" "proxy-server 20" 0.0217 "-" 22 0
Jun 13 13:33:57 standalone proxy-server[131075]: 172.18.0.2 172.18.0.100 13/Jun/2026/13/33/57 PUT /v1/AUTH_f0a58d3903f0463e8ff3d22e9e61a9ef/gnocchi.709236f7-68ae-4d19-8d77-ad8c095f41b1/1780920000.0_mean_300.0_v3 HTTP/1.0 201 - python-swiftclient-3.11.1 gAAAAABqLVu9ZqKa... 16 - - txfc9cf3abf6fc403399d7e-006a2d5c45 - 0.0313 - - 1781357637.344036102 1781357637.375312328 0
Jun 13 13:33:57 standalone container-server[128940]: 172.20.0.100 - - [13/Jun/2026:13:33:57 +0000] "PUT /d1/493/AUTH_f0a58d3903f0463e8ff3d22e9e61a9ef/gnocchi.709236f7-68ae-4d19-8d77-ad8c095f41b1/none_v3" 201 - "PUT http://172.18.0.2:8080/d1/446/AUTH_f0a58d3903f0463e8ff3d22e9e61a9ef/gnocchi.709236f7-68ae-4d19-8d77-ad8c095f41b1/none_v3" "txfd8bc4352ce6483e8dc6c-006a2d5c45" "object-server 23" 0.0006 "-" 20 0
Jun 13 13:33:57 standalone object-server[129317]: 172.20.0.100 - - [13/Jun/2026:13:33:57 +0000] "PUT /d1/446/AUTH_f0a58d3903f0463e8ff3d22e9e61a9ef/gnocchi.709236f7-68ae-4d19-8d77-ad8c095f41b1/none_v3" 201 - "PUT http://172.18.0.2:8080/v1/AUTH_f0a58d3903f0463e8ff3d22e9e61a9ef/gnocchi.709236f7-68ae-4d19-8d77-ad8c095f41b1/none_v3" "txfd8bc4352ce6483e8dc6c-006a2d5c45" "proxy-server 20" 0.0120 "-" 23 0
Jun 13 13:33:57 standalone proxy-server[131075]: 172.18.0.2 172.18.0.100 13/Jun/2026/13/33/57 PUT /v1/AUTH_f0a58d3903f0463e8ff3d22e9e61a9ef/gnocchi.709236f7-68ae-4d19-8d77-ad8c095f41b1/none_v3 HTTP/1.0 201 - python-swiftclient-3.11.1 gAAAAABqLVu9ZqKa... 46 - - txfd8bc4352ce6483e8dc6c-006a2d5c45 - 0.0198 - - 1781357637.380452156 1781357637.400261402 0
Jun 13 13:33:58 standalone container-server[128940]: 172.20.0.100 - - [13/Jun/2026:13:33:58 +0000] "HEAD /d1/214/AUTH_f0a58d3903f0463e8ff3d22e9e61a9ef/gnocchi.fbce1449-7104-4d62-b5af-298796607c2b" 204 - "HEAD http://172.18.0.2:8080/v1/AUTH_f0a58d3903f0463e8ff3d22e9e61a9ef/gnocchi.fbce1449-7104-4d62-b5af-298796607c2b?format=json&states=listing" "tx6db0240fde5a49ae86272-006a2d5c46" "proxy-server 20" 0.0101 "-" 20 0
Jun 13 13:33:58 standalone object-server[129309]: 172.20.0.100 - - [13/Jun/2026:13:33:58 +0000] "GET /d1/129/AUTH_f0a58d3903f0463e8ff3d22e9e61a9ef/gnocchi.fbce1449-7104-4d62-b5af-298796607c2b/none_v3" 200 22 "GET http://172.18.0.2:8080/v1/AUTH_f0a58d3903f0463e8ff3d22e9e61a9ef/gnocchi.fbce1449-7104-4d62-b5af-298796607c2b/none_v3" "tx6db0240fde5a49ae86272-006a2d5c46" "proxy-server 20" 0.0013 "-" 22 0
Jun 13 13:33:58 standalone proxy-server[131075]: 172.18.0.2 172.18.0.100 13/Jun/2026/13/33/58 GET /v1/AUTH_f0a58d3903f0463e8ff3d22e9e61a9ef/gnocchi.fbce1449-7104-4d62-b5af-298796607c2b/none_v3 HTTP/1.0 200 - python-swiftclient-3.11.1 gAAAAABqLVu9ZqKa... - 22 - tx6db0240fde5a49ae86272-006a2d5c46 - 0.0240 - - 1781357638.291788340 1781357638.315788031 0
Jun 13 13:33:58 standalone container-server[128940]: 172.20.0.100 - - [13/Jun/2026:13:33:58 +0000] "GET /d1/214/AUTH_f0a58d3903f0463e8ff3d22e9e61a9ef/gnocchi.fbce1449-7104-4d62-b5af-298796607c2b" 200 357 "GET http://172.18.0.2:8080/v1/AUTH_f0a58d3903f0463e8ff3d22e9e61a9ef/gnocchi.fbce1449-7104-4d62-b5af-298796607c2b?format=json&states=listing" "tx206614dd73364970b729c-006a2d5c46" "proxy-server 20" 0.0023 "-" 20 0
Jun 13 13:33:58 standalone proxy-server[131075]: 172.18.0.2 172.18.0.100 13/Jun/2026/13/33/58 GET /v1/AUTH_f0a58d3903f0463e8ff3d22e9e61a9ef/gnocchi.fbce1449-7104-4d62-b5af-298796607c2b%3Fformat%3Djson%26states%3Dlisting HTTP/1.0 200 - python-swiftclient-3.11.1 gAAAAABqLVu9ZqKa... - 357 - tx206614dd73364970b729c-006a2d5c46 - 0.0085 - - 1781357638.320068836 1781357638.328609228 0
Jun 13 13:33:58 standalone container-server[128940]: 172.20.0.100 - - [13/Jun/2026:13:33:58 +0000] "GET /d1/214/AUTH_f0a58d3903f0463e8ff3d22e9e61a9ef/gnocchi.fbce1449-7104-4d62-b5af-298796607c2b" 200 2 "GET http://172.18.0.2:8080/v1/AUTH_f0a58d3903f0463e8ff3d22e9e61a9ef/gnocchi.fbce1449-7104-4d62-b5af-298796607c2b?format=json&marker=none_v3&states=listing" "txd775fbc0165d4bc78cfe7-006a2d5c46" "proxy-server 20" 0.0021 "-" 20 0
Jun 13 13:33:58 standalone proxy-server[131075]: 172.18.0.2 172.18.0.100 13/Jun/2026/13/33/58 GET /v1/AUTH_f0a58d3903f0463e8ff3d22e9e61a9ef/gnocchi.fbce1449-7104-4d62-b5af-298796607c2b%3Fformat%3Djson%26marker%3Dnone_v3%26states%3Dlisting HTTP/1.0 200 - python-swiftclient-3.11.1 gAAAAABqLVu9ZqKa... - 2 - txd775fbc0165d4bc78cfe7-006a2d5c46 - 0.0103 - - 1781357638.334543705 1781357638.344799757 0
Jun 13 13:33:58 standalone object-server[129324]: 172.20.0.100 - - [13/Jun/2026:13:33:58 +0000] "GET /d1/124/AUTH_f0a58d3903f0463e8ff3d22e9e61a9ef/gnocchi.fbce1449-7104-4d62-b5af-298796607c2b/1780920000.0_mean_300.0_v3" 200 16 "GET http://172.18.0.2:8080/v1/AUTH_f0a58d3903f0463e8ff3d22e9e61a9ef/gnocchi.fbce1449-7104-4d62-b5af-298796607c2b/1780920000.0_mean_300.0_v3" "tx0a56057b21464ae296048-006a2d5c46" "proxy-server 20" 0.0008 "-" 24 0
Jun 13 13:33:58 standalone proxy-server[131075]: 172.18.0.2 172.18.0.100 13/Jun/2026/13/33/58 GET /v1/AUTH_f0a58d3903f0463e8ff3d22e9e61a9ef/gnocchi.fbce1449-7104-4d62-b5af-298796607c2b/1780920000.0_mean_300.0_v3 HTTP/1.0 200 - python-swiftclient-3.11.1 gAAAAABqLVu9ZqKa... - 16 - tx0a56057b21464ae296048-006a2d5c46 - 0.0079 - - 1781357638.350437403 1781357638.358328819 0
Jun 13 13:33:58 standalone container-server[128952]: 172.20.0.100 - - [13/Jun/2026:13:33:58 +0000] "PUT /d1/214/AUTH_f0a58d3903f0463e8ff3d22e9e61a9ef/gnocchi.fbce1449-7104-4d62-b5af-298796607c2b/1780920000.0_mean_300.0_v3" 201 - "PUT http://172.18.0.2:8080/d1/124/AUTH_f0a58d3903f0463e8ff3d22e9e61a9ef/gnocchi.fbce1449-7104-4d62-b5af-298796607c2b/1780920000.0_mean_300.0_v3" "txd9a250ca4dd14d5e9c68c-006a2d5c46" "object-server 24" 0.0011 "-" 23 0
Jun 13 13:33:58 standalone object-server[129324]: 172.20.0.100 - - [13/Jun/2026:13:33:58 +0000] "PUT /d1/124/AUTH_f0a58d3903f0463e8ff3d22e9e61a9ef/gnocchi.fbce1449-7104-4d62-b5af-298796607c2b/1780920000.0_mean_300.0_v3" 201 - "PUT http://172.18.0.2:8080/v1/AUTH_f0a58d3903f0463e8ff3d22e9e61a9ef/gnocchi.fbce1449-7104-4d62-b5af-298796607c2b/1780920000.0_mean_300.0_v3" "txd9a250ca4dd14d5e9c68c-006a2d5c46" "proxy-server 20" 0.0156 "-" 24 0
Jun 13 13:33:58 standalone proxy-server[131075]: 172.18.0.2 172.18.0.100 13/Jun/2026/13/33/58 PUT /v1/AUTH_f0a58d3903f0463e8ff3d22e9e61a9ef/gnocchi.fbce1449-7104-4d62-b5af-298796607c2b/1780920000.0_mean_300.0_v3 HTTP/1.0 201 - python-swiftclient-3.11.1 gAAAAABqLVu9ZqKa... 16 - - txd9a250ca4dd14d5e9c68c-006a2d5c46 - 0.0218 - - 1781357638.362405539 1781357638.384174109 0
Jun 13 13:33:58 standalone container-server[128942]: 172.20.0.100 - - [13/Jun/2026:13:33:58 +0000] "PUT /d1/214/AUTH_f0a58d3903f0463e8ff3d22e9e61a9ef/gnocchi.fbce1449-7104-4d62-b5af-298796607c2b/none_v3" 201 - "PUT http://172.18.0.2:8080/d1/129/AUTH_f0a58d3903f0463e8ff3d22e9e61a9ef/gnocchi.fbce1449-7104-4d62-b5af-298796607c2b/none_v3" "txe318410e498d4fe492059-006a2d5c46" "object-server 25" 0.0009 "-" 21 0
Jun 13 13:33:58 standalone object-server[129326]: 172.20.0.100 - - [13/Jun/2026:13:33:58 +0000] "PUT /d1/129/AUTH_f0a58d3903f0463e8ff3d22e9e61a9ef/gnocchi.fbce1449-7104-4d62-b5af-298796607c2b/none_v3" 201 - "PUT http://172.18.0.2:8080/v1/AUTH_f0a58d3903f0463e8ff3d22e9e61a9ef/gnocchi.fbce1449-7104-4d62-b5af-298796607c2b/none_v3" "txe318410e498d4fe492059-006a2d5c46" "proxy-server 20" 0.0178 "-" 25 0
Jun 13 13:33:58 standalone proxy-server[131075]: 172.18.0.2 172.18.0.100 13/Jun/2026/13/33/58 PUT /v1/AUTH_f0a58d3903f0463e8ff3d22e9e61a9ef/gnocchi.fbce1449-7104-4d62-b5af-298796607c2b/none_v3 HTTP/1.0 201 - python-swiftclient-3.11.1 gAAAAABqLVu9ZqKa... 32 - - txe318410e498d4fe492059-006a2d5c46 - 0.0249 - - 1781357638.388321877 1781357638.413172722 0
Jun 13 13:33:58 standalone object-server[129309]: 172.20.0.100 - - [13/Jun/2026:13:33:58 +0000] "GET /d1/446/AUTH_f0a58d3903f0463e8ff3d22e9e61a9ef/gnocchi.709236f7-68ae-4d19-8d77-ad8c095f41b1/none_v3" 200 46 "GET http://172.18.0.2:8080/v1/AUTH_f0a58d3903f0463e8ff3d22e9e61a9ef/gnocchi.709236f7-68ae-4d19-8d77-ad8c095f41b1/none_v3" "txada24e2036c74f9a9bec6-006a2d5c46" "proxy-server 20" 0.0014 "-" 22 0
Jun 13 13:33:58 standalone proxy-server[131075]: 172.18.0.2 172.18.0.100 13/Jun/2026/13/33/58 GET /v1/AUTH_f0a58d3903f0463e8ff3d22e9e61a9ef/gnocchi.709236f7-68ae-4d19-8d77-ad8c095f41b1/none_v3 HTTP/1.0 200 - python-swiftclient-3.11.1 gAAAAABqLVu9ZqKa... - 46 - txada24e2036c74f9a9bec6-006a2d5c46 - 0.0140 - - 1781357638.446085930 1781357638.460044622 0
Jun 13 13:33:58 standalone container-server[128950]: 172.20.0.100 - - [13/Jun/2026:13:33:58 +0000] "GET /d1/493/AUTH_f0a58d3903f0463e8ff3d22e9e61a9ef/gnocchi.709236f7-68ae-4d19-8d77-ad8c095f41b1" 200 357 "GET http://172.18.0.2:8080/v1/AUTH_f0a58d3903f0463e8ff3d22e9e61a9ef/gnocchi.709236f7-68ae-4d19-8d77-ad8c095f41b1?format=json&states=listing" "txc79837ac0b3e45c5a2c29-006a2d5c46" "proxy-server 20" 0.0361 "-" 22 0
Jun 13 13:33:58 standalone proxy-server[131075]: 172.18.0.2 172.18.0.100 13/Jun/2026/13/33/58 GET /v1/AUTH_f0a58d3903f0463e8ff3d22e9e61a9ef/gnocchi.709236f7-68ae-4d19-8d77-ad8c095f41b1%3Fformat%3Djson%26states%3Dlisting HTTP/1.0 200 - python-swiftclient-3.11.1 gAAAAABqLVu9ZqKa... - 357 - txc79837ac0b3e45c5a2c29-006a2d5c46 - 0.0463 - - 1781357638.464999914 1781357638.511316299 0
Jun 13 13:33:58 standalone container-server[128950]: 172.20.0.100 - - [13/Jun/2026:13:33:58 +0000] "GET /d1/493/AUTH_f0a58d3903f0463e8ff3d22e9e61a9ef/gnocchi.709236f7-68ae-4d19-8d77-ad8c095f41b1" 200 2 "GET http://172.18.0.2:8080/v1/AUTH_f0a58d3903f0463e8ff3d22e9e61a9ef/gnocchi.709236f7-68ae-4d19-8d77-ad8c095f41b1?format=json&marker=none_v3&states=listing" "txf2f1a07145474d2bb30bb-006a2d5c46" "proxy-server 20" 0.0036 "-" 22 0
Jun 13 13:33:58 standalone proxy-server[131075]: 172.18.0.2 172.18.0.100 13/Jun/2026/13/33/58 GET /v1/AUTH_f0a58d3903f0463e8ff3d22e9e61a9ef/gnocchi.709236f7-68ae-4d19-8d77-ad8c095f41b1%3Fformat%3Djson%26marker%3Dnone_v3%26states%3Dlisting HTTP/1.0 200 - python-swiftclient-3.11.1 gAAAAABqLVu9ZqKa... - 2 - txf2f1a07145474d2bb30bb-006a2d5c46 - 0.0126 - - 1781357638.515366316 1781357638.528001308 0
Jun 13 13:33:58 standalone object-server[129309]: 172.20.0.100 - - [13/Jun/2026:13:33:58 +0000] "GET /d1/749/AUTH_f0a58d3903f0463e8ff3d22e9e61a9ef/gnocchi.709236f7-68ae-4d19-8d77-ad8c095f41b1/1780920000.0_mean_300.0_v3" 200 16 "GET http://172.18.0.2:8080/v1/AUTH_f0a58d3903f0463e8ff3d22e9e61a9ef/gnocchi.709236f7-68ae-4d19-8d77-ad8c095f41b1/1780920000.0_mean_300.0_v3" "txbeb12a7e59e348099b241-006a2d5c46" "proxy-server 20" 0.0013 "-" 22 0
Jun 13 13:33:58 standalone proxy-server[131075]: 172.18.0.2 172.18.0.100 13/Jun/2026/13/33/58 GET /v1/AUTH_f0a58d3903f0463e8ff3d22e9e61a9ef/gnocchi.709236f7-68ae-4d19-8d77-ad8c095f41b1/1780920000.0_mean_300.0_v3 HTTP/1.0 200 - python-swiftclient-3.11.1 gAAAAABqLVu9ZqKa... - 16 - txbeb12a7e59e348099b241-006a2d5c46 - 0.0132 - - 1781357638.532505512 1781357638.545664072 0
Jun 13 13:33:58 standalone container-server[128952]: 172.20.0.100 - - [13/Jun/2026:13:33:58 +0000] "PUT /d1/493/AUTH_f0a58d3903f0463e8ff3d22e9e61a9ef/gnocchi.709236f7-68ae-4d19-8d77-ad8c095f41b1/1780920000.0_mean_300.0_v3" 201 - "PUT http://172.18.0.2:8080/d1/749/AUTH_f0a58d3903f0463e8ff3d22e9e61a9ef/gnocchi.709236f7-68ae-4d19-8d77-ad8c095f41b1/1780920000.0_mean_300.0_v3" "txe9b22990d5824e46a50e3-006a2d5c46" "object-server 22" 0.0011 "-" 23 0
Jun 13 13:33:58 standalone object-server[129309]: 172.20.0.100 - - [13/Jun/2026:13:33:58 +0000] "PUT /d1/749/AUTH_f0a58d3903f0463e8ff3d22e9e61a9ef/gnocchi.709236f7-68ae-4d19-8d77-ad8c095f41b1/1780920000.0_mean_300.0_v3" 201 - "PUT http://172.18.0.2:8080/v1/AUTH_f0a58d3903f0463e8ff3d22e9e61a9ef/gnocchi.709236f7-68ae-4d19-8d77-ad8c095f41b1/1780920000.0_mean_300.0_v3" "txe9b22990d5824e46a50e3-006a2d5c46" "proxy-server 20" 0.0722 "-" 22 0
Jun 13 13:33:58 standalone proxy-server[131075]: 172.18.0.2 172.18.0.100 13/Jun/2026/13/33/58 PUT /v1/AUTH_f0a58d3903f0463e8ff3d22e9e61a9ef/gnocchi.709236f7-68ae-4d19-8d77-ad8c095f41b1/1780920000.0_mean_300.0_v3 HTTP/1.0 201 - python-swiftclient-3.11.1 gAAAAABqLVu9ZqKa... 16 - - txe9b22990d5824e46a50e3-006a2d5c46 - 0.0827 - - 1781357638.550476551 1781357638.633156538 0
Jun 13 13:33:58 standalone container-server[128942]: 172.20.0.100 - - [13/Jun/2026:13:33:58 +0000] "PUT /d1/493/AUTH_f0a58d3903f0463e8ff3d22e9e61a9ef/gnocchi.709236f7-68ae-4d19-8d77-ad8c095f41b1/none_v3" 201 - "PUT http://172.18.0.2:8080/d1/446/AUTH_f0a58d3903f0463e8ff3d22e9e61a9ef/gnocchi.709236f7-68ae-4d19-8d77-ad8c095f41b1/none_v3" "tx682ff6a0eef945be964d3-006a2d5c46" "object-server 24" 0.0010 "-" 21 0
Jun 13 13:33:58 standalone object-server[129324]: 172.20.0.100 - - [13/Jun/2026:13:33:58 +0000] "PUT /d1/446/AUTH_f0a58d3903f0463e8ff3d22e9e61a9ef/gnocchi.709236f7-68ae-4d19-8d77-ad8c095f41b1/none_v3" 201 - "PUT http://172.18.0.2:8080/v1/AUTH_f0a58d3903f0463e8ff3d22e9e61a9ef/gnocchi.709236f7-68ae-4d19-8d77-ad8c095f41b1/none_v3" "tx682ff6a0eef945be964d3-006a2d5c46" "proxy-server 20" 0.0436 "-" 24 0
Jun 13 13:33:58 standalone proxy-server[131075]: 172.18.0.2 172.18.0.100 13/Jun/2026/13/33/58 PUT /v1/AUTH_f0a58d3903f0463e8ff3d22e9e61a9ef/gnocchi.709236f7-68ae-4d19-8d77-ad8c095f41b1/none_v3 HTTP/1.0 201 - python-swiftclient-3.11.1 gAAAAABqLVu9ZqKa... 51 - - tx682ff6a0eef945be964d3-006a2d5c46 - 0.0535 - - 1781357638.639610052 1781357638.693135500 0
Jun 13 13:33:58 standalone container-server[128942]: 172.20.0.100 - - [13/Jun/2026:13:33:58 +0000] "HEAD /d1/426/AUTH_f0a58d3903f0463e8ff3d22e9e61a9ef/gnocchi.4ca13e47-551e-4d34-b5db-4c812871c237" 204 - "HEAD http://172.18.0.2:8080/v1/AUTH_f0a58d3903f0463e8ff3d22e9e61a9ef/gnocchi.4ca13e47-551e-4d34-b5db-4c812871c237?format=json&states=listing" "txe7aa7e15b6a941129b707-006a2d5c46" "proxy-server 20" 0.0157 "-" 21 0
Jun 13 13:33:58 standalone object-server[129324]: 172.20.0.100 - - [13/Jun/2026:13:33:58 +0000] "GET /d1/961/AUTH_f0a58d3903f0463e8ff3d22e9e61a9ef/gnocchi.4ca13e47-551e-4d34-b5db-4c812871c237/none_v3" 200 22 "GET http://172.18.0.2:8080/v1/AUTH_f0a58d3903f0463e8ff3d22e9e61a9ef/gnocchi.4ca13e47-551e-4d34-b5db-4c812871c237/none_v3" "txe7aa7e15b6a941129b707-006a2d5c46" "proxy-server 20" 0.0012 "-" 24 0
Jun 13 13:33:58 standalone proxy-server[131075]: 172.18.0.2 172.18.0.100 13/Jun/2026/13/33/58 GET /v1/AUTH_f0a58d3903f0463e8ff3d22e9e61a9ef/gnocchi.4ca13e47-551e-4d34-b5db-4c812871c237/none_v3 HTTP/1.0 200 - python-swiftclient-3.11.1 gAAAAABqLVu9ZqKa... - 22 - txe7aa7e15b6a941129b707-006a2d5c46 - 0.0348 - - 1781357638.765909910 1781357638.800731421 0
Jun 13 13:33:58 standalone container-server[128952]: 172.20.0.100 - - [13/Jun/2026:13:33:58 +0000] "GET /d1/426/AUTH_f0a58d3903f0463e8ff3d22e9e61a9ef/gnocchi.4ca13e47-551e-4d34-b5db-4c812871c237" 200 357 "GET http://172.18.0.2:8080/v1/AUTH_f0a58d3903f0463e8ff3d22e9e61a9ef/gnocchi.4ca13e47-551e-4d34-b5db-4c812871c237?format=json&states=listing" "tx4e2eab06668941589b395-006a2d5c46" "proxy-server 20" 0.0047 "-" 23 0
Jun 13 13:33:58 standalone proxy-server[131075]: 172.18.0.2 172.18.0.100 13/Jun/2026/13/33/58 GET /v1/AUTH_f0a58d3903f0463e8ff3d22e9e61a9ef/gnocchi.4ca13e47-551e-4d34-b5db-4c812871c237%3Fformat%3Djson%26states%3Dlisting HTTP/1.0 200 - python-swiftclient-3.11.1 gAAAAABqLVu9ZqKa... - 357 - tx4e2eab06668941589b395-006a2d5c46 - 0.0159 - - 1781357638.807202578 1781357638.823073387 0
Jun 13 13:33:58 standalone container-server[128940]: 172.20.0.100 - - [13/Jun/2026:13:33:58 +0000] "GET /d1/426/AUTH_f0a58d3903f0463e8ff3d22e9e61a9ef/gnocchi.4ca13e47-551e-4d34-b5db-4c812871c237" 200 2 "GET http://172.18.0.2:8080/v1/AUTH_f0a58d3903f0463e8ff3d22e9e61a9ef/gnocchi.4ca13e47-551e-4d34-b5db-4c812871c237?format=json&marker=none_v3&states=listing" "tx2c17e9dae818406aa1b4c-006a2d5c46" "proxy-server 20" 0.0038 "-" 20 0
Jun 13 13:33:58 standalone proxy-server[131075]: 172.18.0.2 172.18.0.100 13/Jun/2026/13/33/58 GET /v1/AUTH_f0a58d3903f0463e8ff3d22e9e61a9ef/gnocchi.4ca13e47-551e-4d34-b5db-4c812871c237%3Fformat%3Djson%26marker%3Dnone_v3%26states%3Dlisting HTTP/1.0 200 - python-swiftclient-3.11.1 gAAAAABqLVu9ZqKa... - 2 - tx2c17e9dae818406aa1b4c-006a2d5c46 - 0.0140 - - 1781357638.827112436 1781357638.841117620 0
Jun 13 13:33:58 standalone object-server[129309]: 172.20.0.100 - - [13/Jun/2026:13:33:58 +0000] "GET /d1/667/AUTH_f0a58d3903f0463e8ff3d22e9e61a9ef/gnocchi.4ca13e47-551e-4d34-b5db-4c812871c237/1780920000.0_mean_300.0_v3" 200 16 "GET http://172.18.0.2:8080/v1/AUTH_f0a58d3903f0463e8ff3d22e9e61a9ef/gnocchi.4ca13e47-551e-4d34-b5db-4c812871c237/1780920000.0_mean_300.0_v3" "tx4dd808c9410149978af8b-006a2d5c46" "proxy-server 20" 0.0016 "-" 22 0
Jun 13 13:33:58 standalone proxy-server[131075]: 172.18.0.2 172.18.0.100 13/Jun/2026/13/33/58 GET /v1/AUTH_f0a58d3903f0463e8ff3d22e9e61a9ef/gnocchi.4ca13e47-551e-4d34-b5db-4c812871c237/1780920000.0_mean_300.0_v3 HTTP/1.0 200 - python-swiftclient-3.11.1 gAAAAABqLVu9ZqKa... - 16 - tx4dd808c9410149978af8b-006a2d5c46 - 0.0126 - - 1781357638.845175266 1781357638.857804537 0
Jun 13 13:33:58 standalone container-server[128940]: 172.20.0.100 - - [13/Jun/2026:13:33:58 +0000] "PUT /d1/426/AUTH_f0a58d3903f0463e8ff3d22e9e61a9ef/gnocchi.4ca13e47-551e-4d34-b5db-4c812871c237/1780920000.0_mean_300.0_v3" 201 - "PUT http://172.18.0.2:8080/d1/667/AUTH_f0a58d3903f0463e8ff3d22e9e61a9ef/gnocchi.4ca13e47-551e-4d34-b5db-4c812871c237/1780920000.0_mean_300.0_v3" "tx7373e484caad4a76a9218-006a2d5c46" "object-server 23" 0.0007 "-" 20 0
Jun 13 13:33:58 standalone object-server[129317]: 172.20.0.100 - - [13/Jun/2026:13:33:58 +0000] "PUT /d1/667/AUTH_f0a58d3903f0463e8ff3d22e9e61a9ef/gnocchi.4ca13e47-551e-4d34-b5db-4c812871c237/1780920000.0_mean_300.0_v3" 201 - "PUT http://172.18.0.2:8080/v1/AUTH_f0a58d3903f0463e8ff3d22e9e61a9ef/gnocchi.4ca13e47-551e-4d34-b5db-4c812871c237/1780920000.0_mean_300.0_v3" "tx7373e484caad4a76a9218-006a2d5c46" "proxy-server 20" 0.0116 "-" 23 0
Jun 13 13:33:58 standalone proxy-server[131075]: 172.18.0.2 172.18.0.100 13/Jun/2026/13/33/58 PUT /v1/AUTH_f0a58d3903f0463e8ff3d22e9e61a9ef/gnocchi.4ca13e47-551e-4d34-b5db-4c812871c237/1780920000.0_mean_300.0_v3 HTTP/1.0 201 - python-swiftclient-3.11.1 gAAAAABqLVu9ZqKa... 16 - - tx7373e484caad4a76a9218-006a2d5c46 - 0.0218 - - 1781357638.862167358 1781357638.883999348 0
Jun 13 13:33:58 standalone container-server[128942]: 172.20.0.100 - - [13/Jun/2026:13:33:58 +0000] "PUT /d1/426/AUTH_f0a58d3903f0463e8ff3d22e9e61a9ef/gnocchi.4ca13e47-551e-4d34-b5db-4c812871c237/none_v3" 201 - "PUT http://172.18.0.2:8080/d1/961/AUTH_f0a58d3903f0463e8ff3d22e9e61a9ef/gnocchi.4ca13e47-551e-4d34-b5db-4c812871c237/none_v3" "tx4a973ac9a65c4b2e931c0-006a2d5c46" "object-server 25" 0.0007 "-" 21 0
Jun 13 13:33:58 standalone object-server[129326]: 172.20.0.100 - - [13/Jun/2026:13:33:58 +0000] "PUT /d1/961/AUTH_f0a58d3903f0463e8ff3d22e9e61a9ef/gnocchi.4ca13e47-551e-4d34-b5db-4c812871c237/none_v3" 201 - "PUT http://172.18.0.2:8080/v1/AUTH_f0a58d3903f0463e8ff3d22e9e61a9ef/gnocchi.4ca13e47-551e-4d34-b5db-4c812871c237/none_v3" "tx4a973ac9a65c4b2e931c0-006a2d5c46" "proxy-server 20" 0.0133 "-" 25 0
Jun 13 13:33:58 standalone proxy-server[131075]: 172.18.0.2 172.18.0.100 13/Jun/2026/13/33/58 PUT /v1/AUTH_f0a58d3903f0463e8ff3d22e9e61a9ef/gnocchi.4ca13e47-551e-4d34-b5db-4c812871c237/none_v3 HTTP/1.0 201 - python-swiftclient-3.11.1 gAAAAABqLVu9ZqKa... 32 - - tx4a973ac9a65c4b2e931c0-006a2d5c46 - 0.0230 - - 1781357638.887732983 1781357638.910749912 0
Jun 13 13:33:58 standalone container-server[128940]: 172.20.0.100 - - [13/Jun/2026:13:33:58 +0000] "HEAD /d1/882/AUTH_f0a58d3903f0463e8ff3d22e9e61a9ef/gnocchi.6cc97620-20da-48d8-8857-d478a8af6c40" 204 - "HEAD http://172.18.0.2:8080/v1/AUTH_f0a58d3903f0463e8ff3d22e9e61a9ef/gnocchi.6cc97620-20da-48d8-8857-d478a8af6c40?format=json&states=listing" "tx32b454faf537403f906d5-006a2d5c46" "proxy-server 20" 0.0124 "-" 20 0
Jun 13 13:33:58 standalone object-server[129309]: 172.20.0.100 - - [13/Jun/2026:13:33:58 +0000] "GET /d1/874/AUTH_f0a58d3903f0463e8ff3d22e9e61a9ef/gnocchi.6cc97620-20da-48d8-8857-d478a8af6c40/none_v3" 200 22 "GET http://172.18.0.2:8080/v1/AUTH_f0a58d3903f0463e8ff3d22e9e61a9ef/gnocchi.6cc97620-20da-48d8-8857-d478a8af6c40/none_v3" "tx32b454faf537403f906d5-006a2d5c46" "proxy-server 20" 0.0017 "-" 22 0
Jun 13 13:33:58 standalone proxy-server[131075]: 172.18.0.2 172.18.0.100 13/Jun/2026/13/33/58 GET /v1/AUTH_f0a58d3903f0463e8ff3d22e9e61a9ef/gnocchi.6cc97620-20da-48d8-8857-d478a8af6c40/none_v3 HTTP/1.0 200 - python-swiftclient-3.11.1 gAAAAABqLVu9ZqKa... - 22 - tx32b454faf537403f906d5-006a2d5c46 - 0.0313 - - 1781357638.935963869 1781357638.967225552 0
Jun 13 13:33:58 standalone container-server[128940]: 172.20.0.100 - - [13/Jun/2026:13:33:58 +0000] "GET /d1/882/AUTH_f0a58d3903f0463e8ff3d22e9e61a9ef/gnocchi.6cc97620-20da-48d8-8857-d478a8af6c40" 200 357 "GET http://172.18.0.2:8080/v1/AUTH_f0a58d3903f0463e8ff3d22e9e61a9ef/gnocchi.6cc97620-20da-48d8-8857-d478a8af6c40?format=json&states=listing" "tx605996696e044c9e874da-006a2d5c46" "proxy-server 20" 0.0036 "-" 20 0
Jun 13 13:33:58 standalone proxy-server[131075]: 172.18.0.2 172.18.0.100 13/Jun/2026/13/33/58 GET /v1/AUTH_f0a58d3903f0463e8ff3d22e9e61a9ef/gnocchi.6cc97620-20da-48d8-8857-d478a8af6c40%3Fformat%3Djson%26states%3Dlisting HTTP/1.0 200 - python-swiftclient-3.11.1 gAAAAABqLVu9ZqKa... - 357 - tx605996696e044c9e874da-006a2d5c46 - 0.0155 - - 1781357638.976768494 1781357638.992311478 0
Jun 13 13:33:59 standalone container-server[128940]: 172.20.0.100 - - [13/Jun/2026:13:33:59 +0000] "GET /d1/882/AUTH_f0a58d3903f0463e8ff3d22e9e61a9ef/gnocchi.6cc97620-20da-48d8-8857-d478a8af6c40" 200 2 "GET http://172.18.0.2:8080/v1/AUTH_f0a58d3903f0463e8ff3d22e9e61a9ef/gnocchi.6cc97620-20da-48d8-8857-d478a8af6c40?format=json&marker=none_v3&states=listing" "tx1209f74d916e46d39973e-006a2d5c46" "proxy-server 20" 0.0033 "-" 20 0
Jun 13 13:33:59 standalone proxy-server[131075]: 172.18.0.2 172.18.0.100 13/Jun/2026/13/33/59 GET /v1/AUTH_f0a58d3903f0463e8ff3d22e9e61a9ef/gnocchi.6cc97620-20da-48d8-8857-d478a8af6c40%3Fformat%3Djson%26marker%3Dnone_v3%26states%3Dlisting HTTP/1.0 200 - python-swiftclient-3.11.1 gAAAAABqLVu9ZqKa... - 2 - tx1209f74d916e46d39973e-006a2d5c46 - 0.0125 - - 1781357638.997637033 1781357639.010111809 0
Jun 13 13:33:59 standalone object-server[129309]: 172.20.0.100 - - [13/Jun/2026:13:33:59 +0000] "GET /d1/492/AUTH_f0a58d3903f0463e8ff3d22e9e61a9ef/gnocchi.6cc97620-20da-48d8-8857-d478a8af6c40/1780920000.0_mean_300.0_v3" 200 16 "GET http://172.18.0.2:8080/v1/AUTH_f0a58d3903f0463e8ff3d22e9e61a9ef/gnocchi.6cc97620-20da-48d8-8857-d478a8af6c40/1780920000.0_mean_300.0_v3" "tx2c43f377f8dd4399b448c-006a2d5c47" "proxy-server 20" 0.0014 "-" 22 0
Jun 13 13:33:59 standalone proxy-server[131075]: 172.18.0.2 172.18.0.100 13/Jun/2026/13/33/59 GET /v1/AUTH_f0a58d3903f0463e8ff3d22e9e61a9ef/gnocchi.6cc97620-20da-48d8-8857-d478a8af6c40/1780920000.0_mean_300.0_v3 HTTP/1.0 200 - python-swiftclient-3.11.1 gAAAAABqLVu9ZqKa... - 16 - tx2c43f377f8dd4399b448c-006a2d5c47 - 0.0139 - - 1781357639.019114971 1781357639.033062220 0
Jun 13 13:33:59 standalone container-server[128942]: 172.20.0.100 - - [13/Jun/2026:13:33:59 +0000] "PUT /d1/882/AUTH_f0a58d3903f0463e8ff3d22e9e61a9ef/gnocchi.6cc97620-20da-48d8-8857-d478a8af6c40/1780920000.0_mean_300.0_v3" 201 - "PUT http://172.18.0.2:8080/d1/492/AUTH_f0a58d3903f0463e8ff3d22e9e61a9ef/gnocchi.6cc97620-20da-48d8-8857-d478a8af6c40/1780920000.0_mean_300.0_v3" "txfb877afaaa5042abbe795-006a2d5c47" "object-server 23" 0.0011 "-" 21 0
Jun 13 13:33:59 standalone object-server[129317]: 172.20.0.100 - - [13/Jun/2026:13:33:59 +0000] "PUT /d1/492/AUTH_f0a58d3903f0463e8ff3d22e9e61a9ef/gnocchi.6cc97620-20da-48d8-8857-d478a8af6c40/1780920000.0_mean_300.0_v3" 201 - "PUT http://172.18.0.2:8080/v1/AUTH_f0a58d3903f0463e8ff3d22e9e61a9ef/gnocchi.6cc97620-20da-48d8-8857-d478a8af6c40/1780920000.0_mean_300.0_v3" "txfb877afaaa5042abbe795-006a2d5c47" "proxy-server 20" 0.0197 "-" 23 0
Jun 13 13:33:59 standalone proxy-server[131075]: 172.18.0.2 172.18.0.100 13/Jun/2026/13/33/59 PUT /v1/AUTH_f0a58d3903f0463e8ff3d22e9e61a9ef/gnocchi.6cc97620-20da-48d8-8857-d478a8af6c40/1780920000.0_mean_300.0_v3 HTTP/1.0 201 - python-swiftclient-3.11.1 gAAAAABqLVu9ZqKa... 16 - - txfb877afaaa5042abbe795-006a2d5c47 - 0.0310 - - 1781357639.038417339 1781357639.069423437 0
Jun 13 13:33:59 standalone container-server[128940]: 172.20.0.100 - - [13/Jun/2026:13:33:59 +0000] "PUT /d1/882/AUTH_f0a58d3903f0463e8ff3d22e9e61a9ef/gnocchi.6cc97620-20da-48d8-8857-d478a8af6c40/none_v3" 201 - "PUT http://172.18.0.2:8080/d1/874/AUTH_f0a58d3903f0463e8ff3d22e9e61a9ef/gnocchi.6cc97620-20da-48d8-8857-d478a8af6c40/none_v3" "txb12aab0fc4ca4027960a8-006a2d5c47" "object-server 25" 0.0009 "-" 20 0
Jun 13 13:33:59 standalone object-server[129326]: 172.20.0.100 - - [13/Jun/2026:13:33:59 +0000] "PUT /d1/874/AUTH_f0a58d3903f0463e8ff3d22e9e61a9ef/gnocchi.6cc97620-20da-48d8-8857-d478a8af6c40/none_v3" 201 - "PUT http://172.18.0.2:8080/v1/AUTH_f0a58d3903f0463e8ff3d22e9e61a9ef/gnocchi.6cc97620-20da-48d8-8857-d478a8af6c40/none_v3" "txb12aab0fc4ca4027960a8-006a2d5c47" "proxy-server 20" 0.0146 "-" 25 0
Jun 13 13:33:59 standalone proxy-server[131075]: 172.18.0.2 172.18.0.100 13/Jun/2026/13/33/59 PUT /v1/AUTH_f0a58d3903f0463e8ff3d22e9e61a9ef/gnocchi.6cc97620-20da-48d8-8857-d478a8af6c40/none_v3 HTTP/1.0 201 - python-swiftclient-3.11.1 gAAAAABqLVu9ZqKa... 32 - - txb12aab0fc4ca4027960a8-006a2d5c47 - 0.0251 - - 1781357639.074224710 1781357639.099286079 0
Jun 13 13:33:59 standalone container-server[128950]: 172.20.0.100 - - [13/Jun/2026:13:33:59 +0000] "HEAD /d1/916/AUTH_f0a58d3903f0463e8ff3d22e9e61a9ef/gnocchi.3c812540-a71c-4a90-9d81-ca84242432c3" 204 - "HEAD http://172.18.0.2:8080/v1/AUTH_f0a58d3903f0463e8ff3d22e9e61a9ef/gnocchi.3c812540-a71c-4a90-9d81-ca84242432c3?format=json&states=listing" "tx2cacc1801c6a4c1eaa050-006a2d5c47" "proxy-server 20" 0.0096 "-" 22 0
Jun 13 13:33:59 standalone object-server[129317]: 172.20.0.100 - - [13/Jun/2026:13:33:59 +0000] "GET /d1/148/AUTH_f0a58d3903f0463e8ff3d22e9e61a9ef/gnocchi.3c812540-a71c-4a90-9d81-ca84242432c3/none_v3" 200 22 "GET http://172.18.0.2:8080/v1/AUTH_f0a58d3903f0463e8ff3d22e9e61a9ef/gnocchi.3c812540-a71c-4a90-9d81-ca84242432c3/none_v3" "tx2cacc1801c6a4c1eaa050-006a2d5c47" "proxy-server 20" 0.0013 "-" 23 0
Jun 13 13:33:59 standalone proxy-server[131075]: 172.18.0.2 172.18.0.100 13/Jun/2026/13/33/59 GET /v1/AUTH_f0a58d3903f0463e8ff3d22e9e61a9ef/gnocchi.3c812540-a71c-4a90-9d81-ca84242432c3/none_v3 HTTP/1.0 200 - python-swiftclient-3.11.1 gAAAAABqLVu9ZqKa... - 22 - tx2cacc1801c6a4c1eaa050-006a2d5c47 - 0.0259 - - 1781357639.116666555 1781357639.142549753 0
Jun 13 13:33:59 standalone container-server[128942]: 172.20.0.100 - - [13/Jun/2026:13:33:59 +0000] "GET /d1/916/AUTH_f0a58d3903f0463e8ff3d22e9e61a9ef/gnocchi.3c812540-a71c-4a90-9d81-ca84242432c3" 200 357 "GET http://172.18.0.2:8080/v1/AUTH_f0a58d3903f0463e8ff3d22e9e61a9ef/gnocchi.3c812540-a71c-4a90-9d81-ca84242432c3?format=json&states=listing" "txc324c0e7903a4cc085d7b-006a2d5c47" "proxy-server 20" 0.0053 "-" 21 0
Jun 13 13:33:59 standalone proxy-server[131075]: 172.18.0.2 172.18.0.100 13/Jun/2026/13/33/59 GET /v1/AUTH_f0a58d3903f0463e8ff3d22e9e61a9ef/gnocchi.3c812540-a71c-4a90-9d81-ca84242432c3%3Fformat%3Djson%26states%3Dlisting HTTP/1.0 200 - python-swiftclient-3.11.1 gAAAAABqLVu9ZqKa... - 357 - txc324c0e7903a4cc085d7b-006a2d5c47 - 0.0152 - - 1781357639.147854328 1781357639.163053989 0
Jun 13 13:33:59 standalone container-server[128940]: 172.20.0.100 - - [13/Jun/2026:13:33:59 +0000] "GET /d1/916/AUTH_f0a58d3903f0463e8ff3d22e9e61a9ef/gnocchi.3c812540-a71c-4a90-9d81-ca84242432c3" 200 2 "GET http://172.18.0.2:8080/v1/AUTH_f0a58d3903f0463e8ff3d22e9e61a9ef/gnocchi.3c812540-a71c-4a90-9d81-ca84242432c3?format=json&marker=none_v3&states=listing" "tx4a7b792f283c41d4a3068-006a2d5c47" "proxy-server 20" 0.0042 "-" 20 0
Jun 13 13:33:59 standalone proxy-server[131075]: 172.18.0.2 172.18.0.100 13/Jun/2026/13/33/59 GET /v1/AUTH_f0a58d3903f0463e8ff3d22e9e61a9ef/gnocchi.3c812540-a71c-4a90-9d81-ca84242432c3%3Fformat%3Djson%26marker%3Dnone_v3%26states%3Dlisting HTTP/1.0 200 - python-swiftclient-3.11.1 gAAAAABqLVu9ZqKa... - 2 - tx4a7b792f283c41d4a3068-006a2d5c47 - 0.0205 - - 1781357639.168313026 1781357639.188844204 0
Jun 13 13:33:59 standalone object-server[129317]: 172.20.0.100 - - [13/Jun/2026:13:33:59 +0000] "GET /d1/934/AUTH_f0a58d3903f0463e8ff3d22e9e61a9ef/gnocchi.3c812540-a71c-4a90-9d81-ca84242432c3/1780920000.0_mean_300.0_v3" 200 16 "GET http://172.18.0.2:8080/v1/AUTH_f0a58d3903f0463e8ff3d22e9e61a9ef/gnocchi.3c812540-a71c-4a90-9d81-ca84242432c3/1780920000.0_mean_300.0_v3" "tx7d5acb1be90c46f1949d6-006a2d5c47" "proxy-server 20" 0.0010 "-" 23 0
Jun 13 13:33:59 standalone proxy-server[131075]: 172.18.0.2 172.18.0.100 13/Jun/2026/13/33/59 GET /v1/AUTH_f0a58d3903f0463e8ff3d22e9e61a9ef/gnocchi.3c812540-a71c-4a90-9d81-ca84242432c3/1780920000.0_mean_300.0_v3 HTTP/1.0 200 - python-swiftclient-3.11.1 gAAAAABqLVu9ZqKa... - 16 - tx7d5acb1be90c46f1949d6-006a2d5c47 - 0.0100 - - 1781357639.194912672 1781357639.204954386 0
Jun 13 13:33:59 standalone container-server[128950]: 172.20.0.100 - - [13/Jun/2026:13:33:59 +0000] "PUT /d1/916/AUTH_f0a58d3903f0463e8ff3d22e9e61a9ef/gnocchi.3c812540-a71c-4a90-9d81-ca84242432c3/1780920000.0_mean_300.0_v3" 201 - "PUT http://172.18.0.2:8080/d1/934/AUTH_f0a58d3903f0463e8ff3d22e9e61a9ef/gnocchi.3c812540-a71c-4a90-9d81-ca84242432c3/1780920000.0_mean_300.0_v3" "tx5c1f8715ff0e45d0b666a-006a2d5c47" "object-server 24" 0.0012 "-" 22 0
Jun 13 13:33:59 standalone object-server[129324]: 172.20.0.100 - - [13/Jun/2026:13:33:59 +0000] "PUT /d1/934/AUTH_f0a58d3903f0463e8ff3d22e9e61a9ef/gnocchi.3c812540-a71c-4a90-9d81-ca84242432c3/1780920000.0_mean_300.0_v3" 201 - "PUT http://172.18.0.2:8080/v1/AUTH_f0a58d3903f0463e8ff3d22e9e61a9ef/gnocchi.3c812540-a71c-4a90-9d81-ca84242432c3/1780920000.0_mean_300.0_v3" "tx5c1f8715ff0e45d0b666a-006a2d5c47" "proxy-server 20" 0.0124 "-" 24 0
Jun 13 13:33:59 standalone proxy-server[131075]: 172.18.0.2 172.18.0.100 13/Jun/2026/13/33/59 PUT /v1/AUTH_f0a58d3903f0463e8ff3d22e9e61a9ef/gnocchi.3c812540-a71c-4a90-9d81-ca84242432c3/1780920000.0_mean_300.0_v3 HTTP/1.0 201 - python-swiftclient-3.11.1 gAAAAABqLVu9ZqKa... 16 - - tx5c1f8715ff0e45d0b666a-006a2d5c47 - 0.0235 - - 1781357639.214607000 1781357639.238069057 0
Jun 13 13:33:59 standalone container-server[128952]: 172.20.0.100 - - [13/Jun/2026:13:33:59 +0000] "PUT /d1/916/AUTH_f0a58d3903f0463e8ff3d22e9e61a9ef/gnocchi.3c812540-a71c-4a90-9d81-ca84242432c3/none_v3" 201 - "PUT http://172.18.0.2:8080/d1/148/AUTH_f0a58d3903f0463e8ff3d22e9e61a9ef/gnocchi.3c812540-a71c-4a90-9d81-ca84242432c3/none_v3" "tx835cc65f6eea4b3db338f-006a2d5c47" "object-server 25" 0.0010 "-" 23 0
Jun 13 13:33:59 standalone object-server[129326]: 172.20.0.100 - - [13/Jun/2026:13:33:59 +0000] "PUT /d1/148/AUTH_f0a58d3903f0463e8ff3d22e9e61a9ef/gnocchi.3c812540-a71c-4a90-9d81-ca84242432c3/none_v3" 201 - "PUT http://172.18.0.2:8080/v1/AUTH_f0a58d3903f0463e8ff3d22e9e61a9ef/gnocchi.3c812540-a71c-4a90-9d81-ca84242432c3/none_v3" "tx835cc65f6eea4b3db338f-006a2d5c47" "proxy-server 20" 0.0151 "-" 25 0
Jun 13 13:33:59 standalone proxy-server[131075]: 172.18.0.2 172.18.0.100 13/Jun/2026/13/33/59 PUT /v1/AUTH_f0a58d3903f0463e8ff3d22e9e61a9ef/gnocchi.3c812540-a71c-4a90-9d81-ca84242432c3/none_v3 HTTP/1.0 201 - python-swiftclient-3.11.1 gAAAAABqLVu9ZqKa... 32 - - tx835cc65f6eea4b3db338f-006a2d5c47 - 0.0252 - - 1781357639.242996454 1781357639.268224716 0
Jun 13 13:34:02 standalone container-server[128940]: 172.20.0.100 - - [13/Jun/2026:13:34:02 +0000] "HEAD /d1/667/AUTH_f0a58d3903f0463e8ff3d22e9e61a9ef/gnocchi.27fd0e90-8ef0-480d-b09a-e69da6e4f69f" 404 - "HEAD http://172.18.0.2:8080/v1/AUTH_f0a58d3903f0463e8ff3d22e9e61a9ef/gnocchi.27fd0e90-8ef0-480d-b09a-e69da6e4f69f?format=json&states=listing" "txc344e8a9815142e8b7924-006a2d5c4a" "proxy-server 20" 0.0005 "-" 20 0
Jun 13 13:34:02 standalone object-server[129324]: 172.20.0.100 - - [13/Jun/2026:13:34:02 +0000] "GET /d1/169/AUTH_f0a58d3903f0463e8ff3d22e9e61a9ef/gnocchi.27fd0e90-8ef0-480d-b09a-e69da6e4f69f/none_v3" 404 70 "GET http://172.18.0.2:8080/v1/AUTH_f0a58d3903f0463e8ff3d22e9e61a9ef/gnocchi.27fd0e90-8ef0-480d-b09a-e69da6e4f69f/none_v3" "txc344e8a9815142e8b7924-006a2d5c4a" "proxy-server 20" 0.0005 "-" 24 0
Jun 13 13:34:02 standalone proxy-server[131075]: 172.18.0.2 172.18.0.100 13/Jun/2026/13/34/02 GET /v1/AUTH_f0a58d3903f0463e8ff3d22e9e61a9ef/gnocchi.27fd0e90-8ef0-480d-b09a-e69da6e4f69f/none_v3 HTTP/1.0 404 - python-swiftclient-3.11.1 gAAAAABqLVu9ZqKa... - 70 - txc344e8a9815142e8b7924-006a2d5c4a - 0.0113 - - 1781357642.378587484 1781357642.389896631 0
Jun 13 13:34:02 standalone account-server[128884]: 172.20.0.100 - - [13/Jun/2026:13:34:02 +0000] "PUT /d1/284/AUTH_f0a58d3903f0463e8ff3d22e9e61a9ef/gnocchi.27fd0e90-8ef0-480d-b09a-e69da6e4f69f" 201 - "PUT http://172.20.0.100:6001/d1/667/AUTH_f0a58d3903f0463e8ff3d22e9e61a9ef/gnocchi.27fd0e90-8ef0-480d-b09a-e69da6e4f69f" "tx314874b07c974f8d90301-006a2d5c4a" "container-server 21" 0.0014 "-" 19 0
Jun 13 13:34:02 standalone container-server[128942]: 172.20.0.100 - - [13/Jun/2026:13:34:02 +0000] "PUT /d1/667/AUTH_f0a58d3903f0463e8ff3d22e9e61a9ef/gnocchi.27fd0e90-8ef0-480d-b09a-e69da6e4f69f" 201 - "PUT http://172.18.0.2:8080/v1/AUTH_f0a58d3903f0463e8ff3d22e9e61a9ef/gnocchi.27fd0e90-8ef0-480d-b09a-e69da6e4f69f" "tx314874b07c974f8d90301-006a2d5c4a" "proxy-server 20" 0.0135 "-" 21 0
Jun 13 13:34:02 standalone proxy-server[131075]: 172.18.0.2 172.18.0.100 13/Jun/2026/13/34/02 PUT /v1/AUTH_f0a58d3903f0463e8ff3d22e9e61a9ef/gnocchi.27fd0e90-8ef0-480d-b09a-e69da6e4f69f HTTP/1.0 201 - python-swiftclient-3.11.1 gAAAAABqLVu9ZqKa... - - - tx314874b07c974f8d90301-006a2d5c4a - 0.0184 - - 1781357642.392376661 1781357642.410807133 0
Jun 13 13:34:02 standalone container-server[128950]: 172.20.0.100 - - [13/Jun/2026:13:34:02 +0000] "HEAD /d1/667/AUTH_f0a58d3903f0463e8ff3d22e9e61a9ef/gnocchi.27fd0e90-8ef0-480d-b09a-e69da6e4f69f" 204 - "HEAD http://172.18.0.2:8080/v1/AUTH_f0a58d3903f0463e8ff3d22e9e61a9ef/gnocchi.27fd0e90-8ef0-480d-b09a-e69da6e4f69f?format=json&states=listing" "tx431579a077d7476dbacc9-006a2d5c4a" "proxy-server 20" 0.0025 "-" 22 0
Jun 13 13:34:02 standalone proxy-server[131075]: - - 13/Jun/2026/13/34/02 HEAD /v1/AUTH_f0a58d3903f0463e8ff3d22e9e61a9ef/gnocchi.27fd0e90-8ef0-480d-b09a-e69da6e4f69f%3Fformat%3Djson%26states%3Dlisting HTTP/1.0 204 - Swift - - - - tx431579a077d7476dbacc9-006a2d5c4a - 0.0082 RL - 1781357642.418284655 1781357642.426468134 0
