Jun 13 09:54:19 np0000072650 object-server[421016]: Object audit (ZBF). Since Sat Jun 13 09:54:19 2026: Locally: 1 passed, 0 quarantined, 0 errors, files/sec: 653.01, bytes/sec: 0.00, Total time: 0.00, Auditing time: 0.00, Rate: 0.00
Jun 13 09:54:19 np0000072650 object-server[421016]: Object audit (ZBF) "forever" mode completed: 0.00s. Total quarantined: 0, Total errors: 0, Total files/sec: 403.69, Total bytes/sec: 0.00, Auditing time: 0.00, Rate: 0.21
Jun 13 09:54:23 np0000072650 container-server[110956]: Beginning replication run
Jun 13 09:54:23 np0000072650 container-server[110956]: Replication run OVER
Jun 13 09:54:23 np0000072650 container-server[110956]: Attempted to replicate 1 dbs in 0.02334 seconds (42.83949/s)
Jun 13 09:54:23 np0000072650 container-server[110956]: Removed 0 dbs
Jun 13 09:54:23 np0000072650 container-server[110956]: 2 successes, 0 failures
Jun 13 09:54:23 np0000072650 container-server[110956]: diff:0 diff_capped:0 empty:0 hashmatch:0 no_change:2 remote_merge:0 rsync:0 ts_repl:0
Jun 13 09:54:42 np0000072650 object-server[111394]: Starting object replication pass.
Jun 13 09:54:42 np0000072650 object-server[111394]: 2/2 (100.00%) partitions replicated in 0.03s (74.07/sec, 0s remaining)
Jun 13 09:54:42 np0000072650 object-server[111394]: 4 successes, 0 failures
Jun 13 09:54:42 np0000072650 object-server[111394]: 2 suffixes checked - 0.00% hashed, 0.00% synced
Jun 13 09:54:42 np0000072650 object-server[111394]: Partition times: max 0.0118s, min 0.0110s, med 0.0118s
Jun 13 09:54:42 np0000072650 object-server[111394]: Object replication complete. (0.00 minutes)
Jun 13 09:54:47 np0000072650 account-server[110412]: Beginning replication run
Jun 13 09:54:47 np0000072650 account-server[110412]: Replication run OVER
Jun 13 09:54:47 np0000072650 account-server[110412]: Attempted to replicate 1 dbs in 0.01487 seconds (67.23212/s)
Jun 13 09:54:47 np0000072650 account-server[110412]: Removed 0 dbs
Jun 13 09:54:47 np0000072650 account-server[110412]: 2 successes, 0 failures
Jun 13 09:54:47 np0000072650 account-server[110412]: diff:0 diff_capped:0 empty:0 hashmatch:0 no_change:2 remote_merge:0 rsync:0 ts_repl:0
Jun 13 09:54:50 np0000072650 object-server[421558]: Begin object audit "forever" mode (ALL)
Jun 13 09:54:50 np0000072650 object-server[421557]: Begin object audit "forever" mode (ZBF)
Jun 13 09:54:50 np0000072650 object-server[421557]: Object audit (ZBF). Since Sat Jun 13 09:54:50 2026: Locally: 1 passed, 0 quarantined, 0 errors, files/sec: 650.28, bytes/sec: 0.00, Total time: 0.00, Auditing time: 0.00, Rate: 0.00
Jun 13 09:54:50 np0000072650 object-server[421557]: Object audit (ZBF) "forever" mode completed: 0.00s. Total quarantined: 0, Total errors: 0, Total files/sec: 455.38, Total bytes/sec: 0.00, Auditing time: 0.00, Rate: 0.26
Jun 13 09:54:52 np0000072650 object-server[421558]: Object audit (ALL). Since Sat Jun 13 09:54:50 2026: Locally: 1 passed, 0 quarantined, 0 errors, files/sec: 0.46, bytes/sec: 10041278.54, Total time: 2.16, Auditing time: 0.00, Rate: 0.00
Jun 13 09:54:52 np0000072650 object-server[421558]: Object audit (ALL) "forever" mode completed: 2.16s. Total quarantined: 0, Total errors: 0, Total files/sec: 0.92, Total bytes/sec: 10023606.53, Auditing time: 2.16, Rate: 1.00
Jun 13 09:54:53 np0000072650 container-server[110956]: Beginning replication run
Jun 13 09:54:54 np0000072650 container-server[110956]: Replication run OVER
Jun 13 09:54:54 np0000072650 container-server[110956]: Attempted to replicate 1 dbs in 0.76309 seconds (1.31046/s)
Jun 13 09:54:54 np0000072650 container-server[110956]: Removed 0 dbs
Jun 13 09:54:54 np0000072650 container-server[110956]: 2 successes, 0 failures
Jun 13 09:54:54 np0000072650 container-server[110956]: diff:0 diff_capped:0 empty:0 hashmatch:0 no_change:2 remote_merge:0 rsync:0 ts_repl:0
Jun 13 09:54:59 np0000072650 account-server[110882]: 172.20.0.105 - - [13/Jun/2026:09:54:59 +0000] "HEAD /d1/483/.expiring_objects" 404 - "HEAD http://localhost/v1/.expiring_objects?format=json" "txa2cd4e70dbb54c27855ee-006a2d28f3" "proxy-server 2" 0.0008 "-" 21 -
Jun 13 09:55:12 np0000072650 object-server[111394]: Starting object replication pass.
Jun 13 09:55:12 np0000072650 object-server[111394]: 2/2 (100.00%) partitions replicated in 0.03s (58.59/sec, 0s remaining)
Jun 13 09:55:12 np0000072650 object-server[111394]: 4 successes, 0 failures
Jun 13 09:55:12 np0000072650 object-server[111394]: 2 suffixes checked - 0.00% hashed, 0.00% synced
Jun 13 09:55:12 np0000072650 object-server[111394]: Partition times: max 0.0166s, min 0.0124s, med 0.0166s
Jun 13 09:55:12 np0000072650 object-server[111394]: Object replication complete. (0.00 minutes)
Jun 13 09:55:13 np0000072650 account-server[110903]: 172.20.0.31 - - [13/Jun/2026:09:55:13 +0000] "HEAD /d1/859/AUTH_15f10f96335a445a9809eebb7ac241a7" 204 - "HEAD http://swift-public-openstack.apps-crc.testing/v1/AUTH_15f10f96335a445a9809eebb7ac241a7?format=json" "tx44d582de81854775a2e3d-006a2d2900" "proxy-server 10" 0.0039 "-" 22 -
Jun 13 09:55:13 np0000072650 account-server[110926]: 172.20.0.31 - - [13/Jun/2026:09:55:13 +0000] "HEAD /d1/859/AUTH_15f10f96335a445a9809eebb7ac241a7" 204 - "HEAD http://swift-public-openstack.apps-crc.testing/v1/AUTH_15f10f96335a445a9809eebb7ac241a7?format=json" "tx600b27cd846c4153bc11d-006a2d2900" "proxy-server 7" 0.0026 "-" 23 -
Jun 13 09:55:13 np0000072650 account-server[110926]: 172.20.0.31 - - [13/Jun/2026:09:55:13 +0000] "HEAD /d1/859/AUTH_15f10f96335a445a9809eebb7ac241a7" 204 - "HEAD http://swift-public-openstack.apps-crc.testing/v1/AUTH_15f10f96335a445a9809eebb7ac241a7?format=json" "tx55c3ff1eb628467d8587e-006a2d2900" "proxy-server 5" 0.0020 "-" 23 -
Jun 13 09:55:13 np0000072650 account-server[110903]: 172.20.0.31 - - [13/Jun/2026:09:55:13 +0000] "HEAD /d1/859/AUTH_15f10f96335a445a9809eebb7ac241a7" 204 - "HEAD http://swift-public-openstack.apps-crc.testing/v1/AUTH_15f10f96335a445a9809eebb7ac241a7?format=json" "tx7d0473f490e846c6bea00-006a2d2900" "proxy-server 5" 0.0030 "-" 22 -
Jun 13 09:55:13 np0000072650 account-server[110926]: 172.20.0.31 - - [13/Jun/2026:09:55:13 +0000] "HEAD /d1/859/AUTH_15f10f96335a445a9809eebb7ac241a7" 204 - "HEAD http://swift-public-openstack.apps-crc.testing/v1/AUTH_15f10f96335a445a9809eebb7ac241a7?format=json" "tx000ed20708d840d9b796a-006a2d2900" "proxy-server 5" 0.0019 "-" 23 -
Jun 13 09:55:13 np0000072650 account-server[110903]: 172.20.0.31 - - [13/Jun/2026:09:55:13 +0000] "HEAD /d1/859/AUTH_15f10f96335a445a9809eebb7ac241a7" 204 - "HEAD http://swift-public-openstack.apps-crc.testing/v1/AUTH_15f10f96335a445a9809eebb7ac241a7?format=json" "tx8bd1809294e3477699021-006a2d2900" "proxy-server 6" 0.0039 "-" 22 -
Jun 13 09:55:13 np0000072650 account-server[110903]: 172.20.0.31 - - [13/Jun/2026:09:55:13 +0000] "HEAD /d1/859/AUTH_15f10f96335a445a9809eebb7ac241a7" 204 - "HEAD http://swift-public-openstack.apps-crc.testing/v1/AUTH_15f10f96335a445a9809eebb7ac241a7?format=json" "tx447faa3eb33a4982b8d39-006a2d2900" "proxy-server 5" 0.0019 "-" 22 -
Jun 13 09:55:13 np0000072650 account-server[110882]: 172.20.0.103 - - [13/Jun/2026:09:55:13 +0000] "PUT /d1/859/AUTH_15f10f96335a445a9809eebb7ac241a7/dispersion_0_11" 201 - "PUT http://172.20.0.103:6001/d1/710/AUTH_15f10f96335a445a9809eebb7ac241a7/dispersion_0_11" "txc4faa706e17b42dc8ed29-006a2d2900" "container-server 15" 0.0022 "-" 21 0
Jun 13 09:55:13 np0000072650 container-server[111400]: 172.20.0.31 - - [13/Jun/2026:09:55:13 +0000] "PUT /d1/710/AUTH_15f10f96335a445a9809eebb7ac241a7/dispersion_0_11" 201 - "PUT http://swift-public-openstack.apps-crc.testing/v1/AUTH_15f10f96335a445a9809eebb7ac241a7/dispersion_0_11?format=json" "txc4faa706e17b42dc8ed29-006a2d2900" "proxy-server 7" 0.0285 "-" 15 0
Jun 13 09:55:13 np0000072650 account-server[110903]: 172.20.0.105 - - [13/Jun/2026:09:55:13 +0000] "PUT /d1/859/AUTH_15f10f96335a445a9809eebb7ac241a7/dispersion_0_17" 201 - "PUT http://172.20.0.105:6001/d1/610/AUTH_15f10f96335a445a9809eebb7ac241a7/dispersion_0_17" "tx74734e0748c74abd9f2d0-006a2d2900" "container-server 21" 0.0083 "-" 22 0
Jun 13 09:55:13 np0000072650 account-server[110903]: 172.20.0.103 - - [13/Jun/2026:09:55:13 +0000] "PUT /d1/859/AUTH_15f10f96335a445a9809eebb7ac241a7/dispersion_0_8" 201 - "PUT http://172.20.0.103:6001/d1/917/AUTH_15f10f96335a445a9809eebb7ac241a7/dispersion_0_8" "tx600b27cd846c4153bc11d-006a2d2900" "container-server 17" 0.0074 "-" 22 0
Jun 13 09:55:13 np0000072650 container-server[111446]: 172.20.0.31 - - [13/Jun/2026:09:55:13 +0000] "PUT /d1/917/AUTH_15f10f96335a445a9809eebb7ac241a7/dispersion_0_8" 201 - "PUT http://swift-public-openstack.apps-crc.testing/v1/AUTH_15f10f96335a445a9809eebb7ac241a7/dispersion_0_8?format=json" "tx600b27cd846c4153bc11d-006a2d2900" "proxy-server 7" 0.0237 "-" 17 0
Jun 13 09:55:13 np0000072650 container-server[111393]: 172.20.0.31 - - [13/Jun/2026:09:55:13 +0000] "PUT /d1/314/AUTH_15f10f96335a445a9809eebb7ac241a7/dispersion_0_16" 201 - "PUT http://swift-public-openstack.apps-crc.testing/v1/AUTH_15f10f96335a445a9809eebb7ac241a7/dispersion_0_16?format=json" "tx941285dfd68241698c6da-006a2d2900" "proxy-server 11" 0.0340 "-" 14 0
Jun 13 09:55:13 np0000072650 container-server[111435]: 172.20.0.31 - - [13/Jun/2026:09:55:13 +0000] "PUT /d1/945/AUTH_15f10f96335a445a9809eebb7ac241a7/dispersion_0_7" 201 - "PUT http://swift-public-openstack.apps-crc.testing/v1/AUTH_15f10f96335a445a9809eebb7ac241a7/dispersion_0_7?format=json" "tx4bdfcf3cb1df40f583327-006a2d2900" "proxy-server 12" 0.0518 "-" 16 0
Jun 13 09:55:13 np0000072650 container-server[111446]: 172.20.0.31 - - [13/Jun/2026:09:55:13 +0000] "PUT /d1/610/AUTH_15f10f96335a445a9809eebb7ac241a7/dispersion_0_17" 201 - "PUT http://swift-public-openstack.apps-crc.testing/v1/AUTH_15f10f96335a445a9809eebb7ac241a7/dispersion_0_17?format=json" "tx74734e0748c74abd9f2d0-006a2d2900" "proxy-server 11" 0.0785 "-" 17 0
Jun 13 09:55:13 np0000072650 account-server[110869]: 172.20.0.103 - - [13/Jun/2026:09:55:13 +0000] "PUT /d1/859/AUTH_15f10f96335a445a9809eebb7ac241a7/dispersion_0_3" 201 - "PUT http://172.20.0.103:6001/d1/213/AUTH_15f10f96335a445a9809eebb7ac241a7/dispersion_0_3" "txb621c44c9c43429a966f2-006a2d2900" "container-server 14" 0.0099 "-" 20 0
Jun 13 09:55:13 np0000072650 container-server[111400]: 172.20.0.31 - - [13/Jun/2026:09:55:13 +0000] "PUT /d1/780/AUTH_15f10f96335a445a9809eebb7ac241a7/dispersion_0_19" 201 - "PUT http://swift-public-openstack.apps-crc.testing/v1/AUTH_15f10f96335a445a9809eebb7ac241a7/dispersion_0_19?format=json" "tx447faa3eb33a4982b8d39-006a2d2900" "proxy-server 5" 0.0455 "-" 15 0
Jun 13 09:55:13 np0000072650 container-server[111400]: 172.20.0.31 - - [13/Jun/2026:09:55:13 +0000] "PUT /d1/676/AUTH_15f10f96335a445a9809eebb7ac241a7/dispersion_0_13" 201 - "PUT http://swift-public-openstack.apps-crc.testing/v1/AUTH_15f10f96335a445a9809eebb7ac241a7/dispersion_0_13?format=json" "tx0cb1f1258d2a483bb7332-006a2d2900" "proxy-server 14" 0.0256 "-" 15 0
Jun 13 09:55:13 np0000072650 account-server[110903]: 172.20.0.103 - - [13/Jun/2026:09:55:13 +0000] "PUT /d1/859/AUTH_15f10f96335a445a9809eebb7ac241a7/dispersion_0_0" 201 - "PUT http://172.20.0.103:6001/d1/890/AUTH_15f10f96335a445a9809eebb7ac241a7/dispersion_0_0" "txb7bf78502d1140368b648-006a2d2900" "container-server 16" 0.0082 "-" 22 0
Jun 13 09:55:13 np0000072650 container-server[111393]: 172.20.0.31 - - [13/Jun/2026:09:55:13 +0000] "PUT /d1/213/AUTH_15f10f96335a445a9809eebb7ac241a7/dispersion_0_3" 201 - "PUT http://swift-public-openstack.apps-crc.testing/v1/AUTH_15f10f96335a445a9809eebb7ac241a7/dispersion_0_3?format=json" "txb621c44c9c43429a966f2-006a2d2900" "proxy-server 14" 0.0409 "-" 14 0
Jun 13 09:55:13 np0000072650 container-server[111435]: 172.20.0.31 - - [13/Jun/2026:09:55:13 +0000] "PUT /d1/890/AUTH_15f10f96335a445a9809eebb7ac241a7/dispersion_0_0" 201 - "PUT http://swift-public-openstack.apps-crc.testing/v1/AUTH_15f10f96335a445a9809eebb7ac241a7/dispersion_0_0?format=json" "txb7bf78502d1140368b648-006a2d2900" "proxy-server 10" 0.0256 "-" 16 0
Jun 13 09:55:13 np0000072650 container-server[111435]: 172.20.0.31 - - [13/Jun/2026:09:55:13 +0000] "PUT /d1/746/AUTH_15f10f96335a445a9809eebb7ac241a7/dispersion_0_22" 201 - "PUT http://swift-public-openstack.apps-crc.testing/v1/AUTH_15f10f96335a445a9809eebb7ac241a7/dispersion_0_22?format=json" "tx96416c75cadb48289add4-006a2d2900" "proxy-server 5" 0.0436 "-" 16 0
Jun 13 09:55:13 np0000072650 account-server[110903]: 172.20.0.104 - - [13/Jun/2026:09:55:13 +0000] "PUT /d1/859/AUTH_15f10f96335a445a9809eebb7ac241a7/dispersion_0_16" 201 - "PUT http://172.20.0.104:6001/d1/314/AUTH_15f10f96335a445a9809eebb7ac241a7/dispersion_0_16" "tx941285dfd68241698c6da-006a2d2900" "container-server 23" 0.0128 "-" 22 0
Jun 13 09:55:13 np0000072650 account-server[110903]: 172.20.0.105 - - [13/Jun/2026:09:55:13 +0000] "PUT /d1/859/AUTH_15f10f96335a445a9809eebb7ac241a7/dispersion_0_22" 201 - "PUT http://172.20.0.105:6001/d1/746/AUTH_15f10f96335a445a9809eebb7ac241a7/dispersion_0_22" "tx96416c75cadb48289add4-006a2d2900" "container-server 23" 0.0103 "-" 22 0
Jun 13 09:55:13 np0000072650 container-server[111435]: 172.20.0.31 - - [13/Jun/2026:09:55:13 +0000] "PUT /d1/109/AUTH_15f10f96335a445a9809eebb7ac241a7/dispersion_0_4" 201 - "PUT http://swift-public-openstack.apps-crc.testing/v1/AUTH_15f10f96335a445a9809eebb7ac241a7/dispersion_0_4?format=json" "txd1069f13071845fcb51e9-006a2d2900" "proxy-server 6" 0.0870 "-" 16 0
Jun 13 09:55:13 np0000072650 account-server[110869]: 172.20.0.104 - - [13/Jun/2026:09:55:13 +0000] "PUT /d1/859/AUTH_15f10f96335a445a9809eebb7ac241a7/dispersion_0_7" 201 - "PUT http://172.20.0.104:6001/d1/945/AUTH_15f10f96335a445a9809eebb7ac241a7/dispersion_0_7" "tx4bdfcf3cb1df40f583327-006a2d2900" "container-server 23" 0.0387 "-" 20 0
Jun 13 09:55:13 np0000072650 account-server[110869]: 172.20.0.103 - - [13/Jun/2026:09:55:13 +0000] "PUT /d1/859/AUTH_15f10f96335a445a9809eebb7ac241a7/dispersion_0_24" 201 - "PUT http://172.20.0.103:6001/d1/411/AUTH_15f10f96335a445a9809eebb7ac241a7/dispersion_0_24" "tx0961ce4cdbd643bb8537b-006a2d2901" "container-server 17" 0.0275 "-" 20 0
Jun 13 09:55:13 np0000072650 container-server[111393]: 172.20.0.31 - - [13/Jun/2026:09:55:13 +0000] "PUT /d1/14/AUTH_15f10f96335a445a9809eebb7ac241a7/dispersion_0_25" 201 - "PUT http://swift-public-openstack.apps-crc.testing/v1/AUTH_15f10f96335a445a9809eebb7ac241a7/dispersion_0_25?format=json" "tx0634209efb594191be9b4-006a2d2901" "proxy-server 7" 0.0616 "-" 14 0
Jun 13 09:55:13 np0000072650 container-server[111446]: 172.20.0.31 - - [13/Jun/2026:09:55:13 +0000] "PUT /d1/411/AUTH_15f10f96335a445a9809eebb7ac241a7/dispersion_0_24" 201 - "PUT http://swift-public-openstack.apps-crc.testing/v1/AUTH_15f10f96335a445a9809eebb7ac241a7/dispersion_0_24?format=json" "tx0961ce4cdbd643bb8537b-006a2d2901" "proxy-server 10" 0.0417 "-" 17 0
Jun 13 09:55:13 np0000072650 container-server[111400]: 172.20.0.31 - - [13/Jun/2026:09:55:13 +0000] "PUT /d1/26/AUTH_15f10f96335a445a9809eebb7ac241a7/dispersion_0_2" 201 - "PUT http://swift-public-openstack.apps-crc.testing/v1/AUTH_15f10f96335a445a9809eebb7ac241a7/dispersion_0_2?format=json" "tx29e61ea1097544279a8ee-006a2d2900" "proxy-server 5" 0.0533 "-" 15 0
Jun 13 09:55:13 np0000072650 account-server[110882]: 172.20.0.105 - - [13/Jun/2026:09:55:13 +0000] "PUT /d1/859/AUTH_15f10f96335a445a9809eebb7ac241a7/dispersion_0_25" 201 - "PUT http://172.20.0.105:6001/d1/14/AUTH_15f10f96335a445a9809eebb7ac241a7/dispersion_0_25" "tx0634209efb594191be9b4-006a2d2901" "container-server 23" 0.0062 "-" 21 0
Jun 13 09:55:13 np0000072650 account-server[110926]: 172.20.0.104 - - [13/Jun/2026:09:55:13 +0000] "PUT /d1/859/AUTH_15f10f96335a445a9809eebb7ac241a7/dispersion_0_19" 201 - "PUT http://172.20.0.104:6001/d1/780/AUTH_15f10f96335a445a9809eebb7ac241a7/dispersion_0_19" "tx447faa3eb33a4982b8d39-006a2d2900" "container-server 21" 0.0728 "-" 23 0
Jun 13 09:55:13 np0000072650 account-server[110869]: 172.20.0.105 - - [13/Jun/2026:09:55:13 +0000] "PUT /d1/859/AUTH_15f10f96335a445a9809eebb7ac241a7/dispersion_0_12" 201 - "PUT http://172.20.0.105:6001/d1/573/AUTH_15f10f96335a445a9809eebb7ac241a7/dispersion_0_12" "txe6ee9ccfa9f6412aa2197-006a2d2900" "container-server 22" 0.0082 "-" 20 0
Jun 13 09:55:13 np0000072650 account-server[110869]: 172.20.0.105 - - [13/Jun/2026:09:55:13 +0000] "PUT /d1/859/AUTH_15f10f96335a445a9809eebb7ac241a7/dispersion_0_23" 201 - "PUT http://172.20.0.105:6001/d1/102/AUTH_15f10f96335a445a9809eebb7ac241a7/dispersion_0_23" "tx8bd1809294e3477699021-006a2d2900" "container-server 20" 0.0117 "-" 20 0
Jun 13 09:55:13 np0000072650 account-server[110882]: 172.20.0.104 - - [13/Jun/2026:09:55:13 +0000] "PUT /d1/859/AUTH_15f10f96335a445a9809eebb7ac241a7/dispersion_0_2" 201 - "PUT http://172.20.0.104:6001/d1/26/AUTH_15f10f96335a445a9809eebb7ac241a7/dispersion_0_2" "tx29e61ea1097544279a8ee-006a2d2900" "container-server 21" 0.0541 "-" 21 0
Jun 13 09:55:13 np0000072650 container-server[111393]: 172.20.0.31 - - [13/Jun/2026:09:55:13 +0000] "PUT /d1/573/AUTH_15f10f96335a445a9809eebb7ac241a7/dispersion_0_12" 201 - "PUT http://swift-public-openstack.apps-crc.testing/v1/AUTH_15f10f96335a445a9809eebb7ac241a7/dispersion_0_12?format=json" "txe6ee9ccfa9f6412aa2197-006a2d2900" "proxy-server 14" 0.0607 "-" 14 0
Jun 13 09:55:13 np0000072650 account-server[110926]: 172.20.0.105 - - [13/Jun/2026:09:55:13 +0000] "PUT /d1/859/AUTH_15f10f96335a445a9809eebb7ac241a7/dispersion_0_26" 201 - "PUT http://172.20.0.105:6001/d1/887/AUTH_15f10f96335a445a9809eebb7ac241a7/dispersion_0_26" "tx8da1680f2bd249358b508-006a2d2901" "container-server 22" 0.0167 "-" 23 0
Jun 13 09:55:13 np0000072650 container-server[111393]: 172.20.0.31 - - [13/Jun/2026:09:55:13 +0000] "PUT /d1/987/AUTH_15f10f96335a445a9809eebb7ac241a7/dispersion_0_20" 201 - "PUT http://swift-public-openstack.apps-crc.testing/v1/AUTH_15f10f96335a445a9809eebb7ac241a7/dispersion_0_20?format=json" "tx44d582de81854775a2e3d-006a2d2900" "proxy-server 10" 0.0852 "-" 14 0
Jun 13 09:55:13 np0000072650 container-server[111400]: 172.20.0.31 - - [13/Jun/2026:09:55:13 +0000] "PUT /d1/384/AUTH_15f10f96335a445a9809eebb7ac241a7/dispersion_0_5" 201 - "PUT http://swift-public-openstack.apps-crc.testing/v1/AUTH_15f10f96335a445a9809eebb7ac241a7/dispersion_0_5?format=json" "tx5a87767df0d64e15a7f31-006a2d2900" "proxy-server 6" 0.0345 "-" 15 0
Jun 13 09:55:13 np0000072650 account-server[110903]: 172.20.0.104 - - [13/Jun/2026:09:55:13 +0000] "PUT /d1/859/AUTH_15f10f96335a445a9809eebb7ac241a7/dispersion_0_1" 201 - "PUT http://172.20.0.104:6001/d1/943/AUTH_15f10f96335a445a9809eebb7ac241a7/dispersion_0_1" "tx6c3d701859864c579fbb6-006a2d2900" "container-server 20" 0.0277 "-" 22 0
Jun 13 09:55:13 np0000072650 account-server[110926]: 172.20.0.104 - - [13/Jun/2026:09:55:13 +0000] "PUT /d1/859/AUTH_15f10f96335a445a9809eebb7ac241a7/dispersion_0_4" 201 - "PUT http://172.20.0.104:6001/d1/109/AUTH_15f10f96335a445a9809eebb7ac241a7/dispersion_0_4" "txd1069f13071845fcb51e9-006a2d2900" "container-server 23" 0.1044 "-" 23 0
Jun 13 09:55:13 np0000072650 account-server[110903]: 172.20.0.103 - - [13/Jun/2026:09:55:13 +0000] "PUT /d1/859/AUTH_15f10f96335a445a9809eebb7ac241a7/dispersion_0_14" 201 - "PUT http://172.20.0.103:6001/d1/284/AUTH_15f10f96335a445a9809eebb7ac241a7/dispersion_0_14" "txfc0a6329cc8b4d7fb0176-006a2d2900" "container-server 16" 0.0571 "-" 22 0
Jun 13 09:55:13 np0000072650 container-server[111435]: 172.20.0.31 - - [13/Jun/2026:09:55:13 +0000] "PUT /d1/284/AUTH_15f10f96335a445a9809eebb7ac241a7/dispersion_0_14" 201 - "PUT http://swift-public-openstack.apps-crc.testing/v1/AUTH_15f10f96335a445a9809eebb7ac241a7/dispersion_0_14?format=json" "txfc0a6329cc8b4d7fb0176-006a2d2900" "proxy-server 12" 0.0698 "-" 16 0
Jun 13 09:55:13 np0000072650 container-server[111393]: 172.20.0.31 - - [13/Jun/2026:09:55:13 +0000] "PUT /d1/102/AUTH_15f10f96335a445a9809eebb7ac241a7/dispersion_0_23" 201 - "PUT http://swift-public-openstack.apps-crc.testing/v1/AUTH_15f10f96335a445a9809eebb7ac241a7/dispersion_0_23?format=json" "tx8bd1809294e3477699021-006a2d2900" "proxy-server 6" 0.0468 "-" 14 0
Jun 13 09:55:13 np0000072650 account-server[110903]: 172.20.0.104 - - [13/Jun/2026:09:55:13 +0000] "PUT /d1/859/AUTH_15f10f96335a445a9809eebb7ac241a7/dispersion_0_15" 201 - "PUT http://172.20.0.104:6001/d1/729/AUTH_15f10f96335a445a9809eebb7ac241a7/dispersion_0_15" "tx7d0473f490e846c6bea00-006a2d2900" "container-server 21" 0.0842 "-" 22 0
Jun 13 09:55:13 np0000072650 container-server[111435]: 172.20.0.31 - - [13/Jun/2026:09:55:13 +0000] "PUT /d1/165/AUTH_15f10f96335a445a9809eebb7ac241a7/dispersion_0_28" 201 - "PUT http://swift-public-openstack.apps-crc.testing/v1/AUTH_15f10f96335a445a9809eebb7ac241a7/dispersion_0_28?format=json" "txbe8498d552cb45e8ae656-006a2d2901" "proxy-server 7" 0.0670 "-" 16 0
Jun 13 09:55:13 np0000072650 account-server[110869]: 172.20.0.103 - - [13/Jun/2026:09:55:13 +0000] "PUT /d1/859/AUTH_15f10f96335a445a9809eebb7ac241a7/dispersion_0_18" 201 - "PUT http://172.20.0.103:6001/d1/565/AUTH_15f10f96335a445a9809eebb7ac241a7/dispersion_0_18" "tx55c3ff1eb628467d8587e-006a2d2900" "container-server 16" 0.0167 "-" 20 0
Jun 13 09:55:13 np0000072650 container-server[111435]: 172.20.0.31 - - [13/Jun/2026:09:55:13 +0000] "PUT /d1/565/AUTH_15f10f96335a445a9809eebb7ac241a7/dispersion_0_18" 201 - "PUT http://swift-public-openstack.apps-crc.testing/v1/AUTH_15f10f96335a445a9809eebb7ac241a7/dispersion_0_18?format=json" "tx55c3ff1eb628467d8587e-006a2d2900" "proxy-server 5" 0.0423 "-" 16 0
Jun 13 09:55:13 np0000072650 container-server[111393]: 172.20.0.31 - - [13/Jun/2026:09:55:13 +0000] "PUT /d1/887/AUTH_15f10f96335a445a9809eebb7ac241a7/dispersion_0_26" 201 - "PUT http://swift-public-openstack.apps-crc.testing/v1/AUTH_15f10f96335a445a9809eebb7ac241a7/dispersion_0_26?format=json" "tx8da1680f2bd249358b508-006a2d2901" "proxy-server 11" 0.0734 "-" 14 0
Jun 13 09:55:13 np0000072650 container-server[111393]: 172.20.0.31 - - [13/Jun/2026:09:55:13 +0000] "PUT /d1/92/AUTH_15f10f96335a445a9809eebb7ac241a7/dispersion_0_29" 201 - "PUT http://swift-public-openstack.apps-crc.testing/v1/AUTH_15f10f96335a445a9809eebb7ac241a7/dispersion_0_29?format=json" "tx8f226d4280df44a8bf66b-006a2d2901" "proxy-server 12" 0.0392 "-" 14 0
Jun 13 09:55:13 np0000072650 account-server[110869]: 172.20.0.105 - - [13/Jun/2026:09:55:13 +0000] "PUT /d1/859/AUTH_15f10f96335a445a9809eebb7ac241a7/dispersion_0_5" 201 - "PUT http://172.20.0.105:6001/d1/384/AUTH_15f10f96335a445a9809eebb7ac241a7/dispersion_0_5" "tx5a87767df0d64e15a7f31-006a2d2900" "container-server 22" 0.0514 "-" 20 0
Jun 13 09:55:13 np0000072650 account-server[110869]: 172.20.0.103 - - [13/Jun/2026:09:55:13 +0000] "PUT /d1/859/AUTH_15f10f96335a445a9809eebb7ac241a7/dispersion_0_21" 201 - "PUT http://172.20.0.103:6001/d1/417/AUTH_15f10f96335a445a9809eebb7ac241a7/dispersion_0_21" "tx000ed20708d840d9b796a-006a2d2900" "container-server 15" 0.0862 "-" 20 0
Jun 13 09:55:13 np0000072650 container-server[111400]: 172.20.0.31 - - [13/Jun/2026:09:55:13 +0000] "PUT /d1/417/AUTH_15f10f96335a445a9809eebb7ac241a7/dispersion_0_21" 201 - "PUT http://swift-public-openstack.apps-crc.testing/v1/AUTH_15f10f96335a445a9809eebb7ac241a7/dispersion_0_21?format=json" "tx000ed20708d840d9b796a-006a2d2900" "proxy-server 5" 0.1041 "-" 15 0
Jun 13 09:55:13 np0000072650 account-server[110903]: 172.20.0.103 - - [13/Jun/2026:09:55:13 +0000] "PUT /d1/859/AUTH_15f10f96335a445a9809eebb7ac241a7/dispersion_0_30" 201 - "PUT http://172.20.0.103:6001/d1/1021/AUTH_15f10f96335a445a9809eebb7ac241a7/dispersion_0_30" "tx4b9f4526f42c4e36a8653-006a2d2901" "container-server 15" 0.0180 "-" 22 0
Jun 13 09:55:13 np0000072650 container-server[111400]: 172.20.0.31 - - [13/Jun/2026:09:55:13 +0000] "PUT /d1/729/AUTH_15f10f96335a445a9809eebb7ac241a7/dispersion_0_15" 201 - "PUT http://swift-public-openstack.apps-crc.testing/v1/AUTH_15f10f96335a445a9809eebb7ac241a7/dispersion_0_15?format=json" "tx7d0473f490e846c6bea00-006a2d2900" "proxy-server 5" 0.1351 "-" 15 0
Jun 13 09:55:13 np0000072650 container-server[111400]: 172.20.0.31 - - [13/Jun/2026:09:55:13 +0000] "PUT /d1/1021/AUTH_15f10f96335a445a9809eebb7ac241a7/dispersion_0_30" 201 - "PUT http://swift-public-openstack.apps-crc.testing/v1/AUTH_15f10f96335a445a9809eebb7ac241a7/dispersion_0_30?format=json" "tx4b9f4526f42c4e36a8653-006a2d2901" "proxy-server 14" 0.0389 "-" 15 0
Jun 13 09:55:13 np0000072650 account-server[110926]: 172.20.0.105 - - [13/Jun/2026:09:55:13 +0000] "PUT /d1/859/AUTH_15f10f96335a445a9809eebb7ac241a7/dispersion_0_20" 201 - "PUT http://172.20.0.105:6001/d1/987/AUTH_15f10f96335a445a9809eebb7ac241a7/dispersion_0_20" "tx44d582de81854775a2e3d-006a2d2900" "container-server 20" 0.1374 "-" 23 0
Jun 13 09:55:13 np0000072650 container-server[111393]: 172.20.0.31 - - [13/Jun/2026:09:55:13 +0000] "PUT /d1/943/AUTH_15f10f96335a445a9809eebb7ac241a7/dispersion_0_1" 201 - "PUT http://swift-public-openstack.apps-crc.testing/v1/AUTH_15f10f96335a445a9809eebb7ac241a7/dispersion_0_1?format=json" "tx6c3d701859864c579fbb6-006a2d2900" "proxy-server 10" 0.1319 "-" 14 0
Jun 13 09:55:13 np0000072650 account-server[110903]: 172.20.0.105 - - [13/Jun/2026:09:55:13 +0000] "PUT /d1/859/AUTH_15f10f96335a445a9809eebb7ac241a7/dispersion_0_32" 201 - "PUT http://172.20.0.105:6001/d1/992/AUTH_15f10f96335a445a9809eebb7ac241a7/dispersion_0_32" "tx34330ec0eb874a58a2324-006a2d2901" "container-server 23" 0.0072 "-" 22 0
Jun 13 09:55:13 np0000072650 account-server[110903]: 172.20.0.105 - - [13/Jun/2026:09:55:13 +0000] "PUT /d1/859/AUTH_15f10f96335a445a9809eebb7ac241a7/dispersion_0_29" 201 - "PUT http://172.20.0.105:6001/d1/92/AUTH_15f10f96335a445a9809eebb7ac241a7/dispersion_0_29" "tx8f226d4280df44a8bf66b-006a2d2901" "container-server 20" 0.0598 "-" 22 0
Jun 13 09:55:13 np0000072650 account-server[110882]: 172.20.0.104 - - [13/Jun/2026:09:55:13 +0000] "PUT /d1/859/AUTH_15f10f96335a445a9809eebb7ac241a7/dispersion_0_13" 201 - "PUT http://172.20.0.104:6001/d1/676/AUTH_15f10f96335a445a9809eebb7ac241a7/dispersion_0_13" "tx0cb1f1258d2a483bb7332-006a2d2900" "container-server 23" 0.1141 "-" 21 0
Jun 13 09:55:13 np0000072650 container-server[111393]: 172.20.0.31 - - [13/Jun/2026:09:55:13 +0000] "PUT /d1/206/AUTH_15f10f96335a445a9809eebb7ac241a7/dispersion_0_31" 201 - "PUT http://swift-public-openstack.apps-crc.testing/v1/AUTH_15f10f96335a445a9809eebb7ac241a7/dispersion_0_31?format=json" "tx3698599650174ab6b8c64-006a2d2901" "proxy-server 12" 0.0486 "-" 14 0
Jun 13 09:55:13 np0000072650 account-server[110869]: 172.20.0.104 - - [13/Jun/2026:09:55:13 +0000] "PUT /d1/859/AUTH_15f10f96335a445a9809eebb7ac241a7/dispersion_0_33" 201 - "PUT http://172.20.0.104:6001/d1/766/AUTH_15f10f96335a445a9809eebb7ac241a7/dispersion_0_33" "tx4221dbd2249243609709e-006a2d2901" "container-server 23" 0.0168 "-" 20 0
Jun 13 09:55:13 np0000072650 account-server[110869]: 172.20.0.104 - - [13/Jun/2026:09:55:13 +0000] "PUT /d1/859/AUTH_15f10f96335a445a9809eebb7ac241a7/dispersion_0_31" 201 - "PUT http://172.20.0.104:6001/d1/206/AUTH_15f10f96335a445a9809eebb7ac241a7/dispersion_0_31" "tx3698599650174ab6b8c64-006a2d2901" "container-server 22" 0.0381 "-" 20 0
Jun 13 09:55:13 np0000072650 container-server[111393]: 172.20.0.31 - - [13/Jun/2026:09:55:13 +0000] "PUT /d1/766/AUTH_15f10f96335a445a9809eebb7ac241a7/dispersion_0_33" 201 - "PUT http://swift-public-openstack.apps-crc.testing/v1/AUTH_15f10f96335a445a9809eebb7ac241a7/dispersion_0_33?format=json" "tx4221dbd2249243609709e-006a2d2901" "proxy-server 6" 0.0227 "-" 14 0
Jun 13 09:55:13 np0000072650 container-server[111435]: 172.20.0.31 - - [13/Jun/2026:09:55:13 +0000] "PUT /d1/849/AUTH_15f10f96335a445a9809eebb7ac241a7/dispersion_0_9" 201 - "PUT http://swift-public-openstack.apps-crc.testing/v1/AUTH_15f10f96335a445a9809eebb7ac241a7/dispersion_0_9?format=json" "tx594edf08947e4c0cb4358-006a2d2900" "proxy-server 5" 0.1323 "-" 16 0
Jun 13 09:55:13 np0000072650 container-server[111393]: 172.20.0.31 - - [13/Jun/2026:09:55:13 +0000] "PUT /d1/992/AUTH_15f10f96335a445a9809eebb7ac241a7/dispersion_0_32" 201 - "PUT http://swift-public-openstack.apps-crc.testing/v1/AUTH_15f10f96335a445a9809eebb7ac241a7/dispersion_0_32?format=json" "tx34330ec0eb874a58a2324-006a2d2901" "proxy-server 11" 0.0489 "-" 14 0
Jun 13 09:55:13 np0000072650 account-server[110926]: 172.20.0.104 - - [13/Jun/2026:09:55:13 +0000] "PUT /d1/859/AUTH_15f10f96335a445a9809eebb7ac241a7/dispersion_0_28" 201 - "PUT http://172.20.0.104:6001/d1/165/AUTH_15f10f96335a445a9809eebb7ac241a7/dispersion_0_28" "txbe8498d552cb45e8ae656-006a2d2901" "container-server 22" 0.1076 "-" 23 0
Jun 13 09:55:13 np0000072650 account-server[110926]: 172.20.0.105 - - [13/Jun/2026:09:55:13 +0000] "PUT /d1/859/AUTH_15f10f96335a445a9809eebb7ac241a7/dispersion_0_9" 201 - "PUT http://172.20.0.105:6001/d1/849/AUTH_15f10f96335a445a9809eebb7ac241a7/dispersion_0_9" "tx594edf08947e4c0cb4358-006a2d2900" "container-server 23" 0.1378 "-" 23 0
Jun 13 09:55:13 np0000072650 account-server[110882]: 172.20.0.104 - - [13/Jun/2026:09:55:13 +0000] "PUT /d1/859/AUTH_15f10f96335a445a9809eebb7ac241a7/dispersion_0_35" 201 - "PUT http://172.20.0.104:6001/d1/991/AUTH_15f10f96335a445a9809eebb7ac241a7/dispersion_0_35" "tx3d04cb02752447688d63c-006a2d2901" "container-server 22" 0.0130 "-" 21 0
Jun 13 09:55:13 np0000072650 account-server[110882]: 172.20.0.103 - - [13/Jun/2026:09:55:13 +0000] "PUT /d1/859/AUTH_15f10f96335a445a9809eebb7ac241a7/dispersion_0_34" 201 - "PUT http://172.20.0.103:6001/d1/477/AUTH_15f10f96335a445a9809eebb7ac241a7/dispersion_0_34" "txdea8efc4046d401a8117e-006a2d2901" "container-server 17" 0.0415 "-" 21 0
Jun 13 09:55:13 np0000072650 account-server[110926]: 172.20.0.103 - - [13/Jun/2026:09:55:13 +0000] "PUT /d1/859/AUTH_15f10f96335a445a9809eebb7ac241a7/dispersion_0_36" 201 - "PUT http://172.20.0.103:6001/d1/118/AUTH_15f10f96335a445a9809eebb7ac241a7/dispersion_0_36" "tx5fb0ae12b88a48eda50e0-006a2d2901" "container-server 14" 0.0103 "-" 23 0
Jun 13 09:55:13 np0000072650 container-server[111393]: 172.20.0.31 - - [13/Jun/2026:09:55:13 +0000] "PUT /d1/118/AUTH_15f10f96335a445a9809eebb7ac241a7/dispersion_0_36" 201 - "PUT http://swift-public-openstack.apps-crc.testing/v1/AUTH_15f10f96335a445a9809eebb7ac241a7/dispersion_0_36?format=json" "tx5fb0ae12b88a48eda50e0-006a2d2901" "proxy-server 10" 0.0269 "-" 14 0
Jun 13 09:55:13 np0000072650 container-server[111446]: 172.20.0.31 - - [13/Jun/2026:09:55:13 +0000] "PUT /d1/477/AUTH_15f10f96335a445a9809eebb7ac241a7/dispersion_0_34" 201 - "PUT http://swift-public-openstack.apps-crc.testing/v1/AUTH_15f10f96335a445a9809eebb7ac241a7/dispersion_0_34?format=json" "txdea8efc4046d401a8117e-006a2d2901" "proxy-server 14" 0.0692 "-" 17 0
Jun 13 09:55:13 np0000072650 account-server[110926]: 172.20.0.104 - - [13/Jun/2026:09:55:13 +0000] "PUT /d1/859/AUTH_15f10f96335a445a9809eebb7ac241a7/dispersion_0_37" 201 - "PUT http://172.20.0.104:6001/d1/3/AUTH_15f10f96335a445a9809eebb7ac241a7/dispersion_0_37" "txb96f8aa4eb284b8fa0e2e-006a2d2901" "container-server 22" 0.0064 "-" 23 0
Jun 13 09:55:13 np0000072650 account-server[110926]: 172.20.0.103 - - [13/Jun/2026:09:55:13 +0000] "PUT /d1/859/AUTH_15f10f96335a445a9809eebb7ac241a7/dispersion_0_38" 201 - "PUT http://172.20.0.103:6001/d1/776/AUTH_15f10f96335a445a9809eebb7ac241a7/dispersion_0_38" "tx476081cc6e214466b7801-006a2d2901" "container-server 15" 0.0116 "-" 23 0
Jun 13 09:55:13 np0000072650 account-server[110869]: 172.20.0.104 - - [13/Jun/2026:09:55:13 +0000] "PUT /d1/859/AUTH_15f10f96335a445a9809eebb7ac241a7/dispersion_0_39" 201 - "PUT http://172.20.0.104:6001/d1/192/AUTH_15f10f96335a445a9809eebb7ac241a7/dispersion_0_39" "txee9b8cfcfff84598a188c-006a2d2901" "container-server 22" 0.0021 "-" 20 0
Jun 13 09:55:13 np0000072650 container-server[111446]: 172.20.0.31 - - [13/Jun/2026:09:55:13 +0000] "PUT /d1/991/AUTH_15f10f96335a445a9809eebb7ac241a7/dispersion_0_35" 201 - "PUT http://swift-public-openstack.apps-crc.testing/v1/AUTH_15f10f96335a445a9809eebb7ac241a7/dispersion_0_35?format=json" "tx3d04cb02752447688d63c-006a2d2901" "proxy-server 10" 0.0617 "-" 17 0
Jun 13 09:55:13 np0000072650 container-server[111400]: 172.20.0.31 - - [13/Jun/2026:09:55:13 +0000] "PUT /d1/776/AUTH_15f10f96335a445a9809eebb7ac241a7/dispersion_0_38" 201 - "PUT http://swift-public-openstack.apps-crc.testing/v1/AUTH_15f10f96335a445a9809eebb7ac241a7/dispersion_0_38?format=json" "tx476081cc6e214466b7801-006a2d2901" "proxy-server 7" 0.0450 "-" 15 0
Jun 13 09:55:13 np0000072650 container-server[111400]: 172.20.0.31 - - [13/Jun/2026:09:55:13 +0000] "PUT /d1/235/AUTH_15f10f96335a445a9809eebb7ac241a7/dispersion_0_40" 201 - "PUT http://swift-public-openstack.apps-crc.testing/v1/AUTH_15f10f96335a445a9809eebb7ac241a7/dispersion_0_40?format=json" "tx3c7b0a9c3cfd44728c95f-006a2d2901" "proxy-server 6" 0.0215 "-" 15 0
Jun 13 09:55:13 np0000072650 account-server[110882]: 172.20.0.105 - - [13/Jun/2026:09:55:13 +0000] "PUT /d1/859/AUTH_15f10f96335a445a9809eebb7ac241a7/dispersion_0_40" 201 - "PUT http://172.20.0.105:6001/d1/235/AUTH_15f10f96335a445a9809eebb7ac241a7/dispersion_0_40" "tx3c7b0a9c3cfd44728c95f-006a2d2901" "container-server 22" 0.0093 "-" 21 0
Jun 13 09:55:13 np0000072650 container-server[111435]: 172.20.0.31 - - [13/Jun/2026:09:55:13 +0000] "PUT /d1/192/AUTH_15f10f96335a445a9809eebb7ac241a7/dispersion_0_39" 201 - "PUT http://swift-public-openstack.apps-crc.testing/v1/AUTH_15f10f96335a445a9809eebb7ac241a7/dispersion_0_39?format=json" "txee9b8cfcfff84598a188c-006a2d2901" "proxy-server 5" 0.0378 "-" 16 0
Jun 13 09:55:13 np0000072650 account-server[110869]: 172.20.0.104 - - [13/Jun/2026:09:55:13 +0000] "PUT /d1/859/AUTH_15f10f96335a445a9809eebb7ac241a7/dispersion_0_41" 201 - "PUT http://172.20.0.104:6001/d1/783/AUTH_15f10f96335a445a9809eebb7ac241a7/dispersion_0_41" "txf4e211c347e44021a300b-006a2d2901" "container-server 23" 0.0201 "-" 20 0
Jun 13 09:55:13 np0000072650 container-server[111435]: 172.20.0.31 - - [13/Jun/2026:09:55:13 +0000] "PUT /d1/783/AUTH_15f10f96335a445a9809eebb7ac241a7/dispersion_0_41" 201 - "PUT http://swift-public-openstack.apps-crc.testing/v1/AUTH_15f10f96335a445a9809eebb7ac241a7/dispersion_0_41?format=json" "txf4e211c347e44021a300b-006a2d2901" "proxy-server 12" 0.0355 "-" 16 0
Jun 13 09:55:13 np0000072650 account-server[110926]: 172.20.0.103 - - [13/Jun/2026:09:55:13 +0000] "PUT /d1/859/AUTH_15f10f96335a445a9809eebb7ac241a7/dispersion_0_43" 201 - "PUT http://172.20.0.103:6001/d1/22/AUTH_15f10f96335a445a9809eebb7ac241a7/dispersion_0_43" "txc7d1bfd20d9d4d62a2dfd-006a2d2901" "container-server 16" 0.0081 "-" 23 0
Jun 13 09:55:13 np0000072650 container-server[111435]: 172.20.0.31 - - [13/Jun/2026:09:55:13 +0000] "PUT /d1/22/AUTH_15f10f96335a445a9809eebb7ac241a7/dispersion_0_43" 201 - "PUT http://swift-public-openstack.apps-crc.testing/v1/AUTH_15f10f96335a445a9809eebb7ac241a7/dispersion_0_43?format=json" "txc7d1bfd20d9d4d62a2dfd-006a2d2901" "proxy-server 7" 0.0258 "-" 16 0
Jun 13 09:55:13 np0000072650 container-server[111393]: 172.20.0.31 - - [13/Jun/2026:09:55:13 +0000] "PUT /d1/414/AUTH_15f10f96335a445a9809eebb7ac241a7/dispersion_0_42" 201 - "PUT http://swift-public-openstack.apps-crc.testing/v1/AUTH_15f10f96335a445a9809eebb7ac241a7/dispersion_0_42?format=json" "txc164a5a1581f4b30bd1ca-006a2d2901" "proxy-server 12" 0.0333 "-" 14 0
Jun 13 09:55:13 np0000072650 container-server[111400]: 172.20.0.31 - - [13/Jun/2026:09:55:13 +0000] "PUT /d1/205/AUTH_15f10f96335a445a9809eebb7ac241a7/dispersion_0_45" 201 - "PUT http://swift-public-openstack.apps-crc.testing/v1/AUTH_15f10f96335a445a9809eebb7ac241a7/dispersion_0_45?format=json" "txf920d7c9bdef4e59a5b12-006a2d2901" "proxy-server 6" 0.0208 "-" 15 0
Jun 13 09:55:13 np0000072650 account-server[110882]: 172.20.0.104 - - [13/Jun/2026:09:55:13 +0000] "PUT /d1/859/AUTH_15f10f96335a445a9809eebb7ac241a7/dispersion_0_42" 201 - "PUT http://172.20.0.104:6001/d1/414/AUTH_15f10f96335a445a9809eebb7ac241a7/dispersion_0_42" "txc164a5a1581f4b30bd1ca-006a2d2901" "container-server 23" 0.0063 "-" 21 0
Jun 13 09:55:13 np0000072650 container-server[111393]: 172.20.0.31 - - [13/Jun/2026:09:55:13 +0000] "PUT /d1/9/AUTH_15f10f96335a445a9809eebb7ac241a7/dispersion_0_44" 201 - "PUT http://swift-public-openstack.apps-crc.testing/v1/AUTH_15f10f96335a445a9809eebb7ac241a7/dispersion_0_44?format=json" "txf6ff40a55864476b9ef4c-006a2d2901" "proxy-server 5" 0.0299 "-" 14 0
Jun 13 09:55:13 np0000072650 container-server[111435]: 172.20.0.31 - - [13/Jun/2026:09:55:13 +0000] "PUT /d1/817/AUTH_15f10f96335a445a9809eebb7ac241a7/dispersion_0_46" 201 - "PUT http://swift-public-openstack.apps-crc.testing/v1/AUTH_15f10f96335a445a9809eebb7ac241a7/dispersion_0_46?format=json" "tx612dc91cd02441a487cae-006a2d2901" "proxy-server 12" 0.0174 "-" 16 0
Jun 13 09:55:13 np0000072650 account-server[110882]: 172.20.0.104 - - [13/Jun/2026:09:55:13 +0000] "PUT /d1/859/AUTH_15f10f96335a445a9809eebb7ac241a7/dispersion_0_44" 201 - "PUT http://172.20.0.104:6001/d1/9/AUTH_15f10f96335a445a9809eebb7ac241a7/dispersion_0_44" "txf6ff40a55864476b9ef4c-006a2d2901" "container-server 23" 0.0073 "-" 21 0
Jun 13 09:55:13 np0000072650 account-server[110882]: 172.20.0.105 - - [13/Jun/2026:09:55:13 +0000] "PUT /d1/859/AUTH_15f10f96335a445a9809eebb7ac241a7/dispersion_0_45" 201 - "PUT http://172.20.0.105:6001/d1/205/AUTH_15f10f96335a445a9809eebb7ac241a7/dispersion_0_45" "txf920d7c9bdef4e59a5b12-006a2d2901" "container-server 21" 0.0068 "-" 21 0
Jun 13 09:55:13 np0000072650 account-server[110869]: 172.20.0.104 - - [13/Jun/2026:09:55:13 +0000] "PUT /d1/859/AUTH_15f10f96335a445a9809eebb7ac241a7/dispersion_0_46" 201 - "PUT http://172.20.0.104:6001/d1/817/AUTH_15f10f96335a445a9809eebb7ac241a7/dispersion_0_46" "tx612dc91cd02441a487cae-006a2d2901" "container-server 20" 0.0326 "-" 20 0
Jun 13 09:55:13 np0000072650 account-server[110869]: 172.20.0.103 - - [13/Jun/2026:09:55:13 +0000] "PUT /d1/859/AUTH_15f10f96335a445a9809eebb7ac241a7/dispersion_0_48" 201 - "PUT http://172.20.0.103:6001/d1/299/AUTH_15f10f96335a445a9809eebb7ac241a7/dispersion_0_48" "txc0085a37123f4ca2b0624-006a2d2901" "container-server 15" 0.0258 "-" 20 0
Jun 13 09:55:13 np0000072650 container-server[111400]: 172.20.0.31 - - [13/Jun/2026:09:55:13 +0000] "PUT /d1/299/AUTH_15f10f96335a445a9809eebb7ac241a7/dispersion_0_48" 201 - "PUT http://swift-public-openstack.apps-crc.testing/v1/AUTH_15f10f96335a445a9809eebb7ac241a7/dispersion_0_48?format=json" "txc0085a37123f4ca2b0624-006a2d2901" "proxy-server 7" 0.0382 "-" 15 0
Jun 13 09:55:13 np0000072650 container-server[111400]: 172.20.0.31 - - [13/Jun/2026:09:55:13 +0000] "PUT /d1/990/AUTH_15f10f96335a445a9809eebb7ac241a7/dispersion_0_49" 201 - "PUT http://swift-public-openstack.apps-crc.testing/v1/AUTH_15f10f96335a445a9809eebb7ac241a7/dispersion_0_49?format=json" "tx615af0a832104c648759c-006a2d2901" "proxy-server 14" 0.0249 "-" 15 0
Jun 13 09:55:13 np0000072650 account-server[110903]: 172.20.0.105 - - [13/Jun/2026:09:55:13 +0000] "PUT /d1/859/AUTH_15f10f96335a445a9809eebb7ac241a7/dispersion_0_49" 201 - "PUT http://172.20.0.105:6001/d1/990/AUTH_15f10f96335a445a9809eebb7ac241a7/dispersion_0_49" "tx615af0a832104c648759c-006a2d2901" "container-server 20" 0.0165 "-" 22 0
Jun 13 09:55:13 np0000072650 account-server[110903]: 172.20.0.105 - - [13/Jun/2026:09:55:13 +0000] "PUT /d1/859/AUTH_15f10f96335a445a9809eebb7ac241a7/dispersion_0_50" 201 - "PUT http://172.20.0.105:6001/d1/68/AUTH_15f10f96335a445a9809eebb7ac241a7/dispersion_0_50" "tx03969a4dc72f465e86c39-006a2d2901" "container-server 23" 0.0245 "-" 22 0
Jun 13 09:55:13 np0000072650 container-server[111446]: 172.20.0.31 - - [13/Jun/2026:09:55:13 +0000] "PUT /d1/68/AUTH_15f10f96335a445a9809eebb7ac241a7/dispersion_0_50" 201 - "PUT http://swift-public-openstack.apps-crc.testing/v1/AUTH_15f10f96335a445a9809eebb7ac241a7/dispersion_0_50?format=json" "tx03969a4dc72f465e86c39-006a2d2901" "proxy-server 5" 0.0485 "-" 17 0
Jun 13 09:55:13 np0000072650 container-server[111446]: 172.20.0.31 - - [13/Jun/2026:09:55:13 +0000] "PUT /d1/3/AUTH_15f10f96335a445a9809eebb7ac241a7/dispersion_0_37" 201 - "PUT http://swift-public-openstack.apps-crc.testing/v1/AUTH_15f10f96335a445a9809eebb7ac241a7/dispersion_0_37?format=json" "txb96f8aa4eb284b8fa0e2e-006a2d2901" "proxy-server 5" 0.1770 "-" 17 0
Jun 13 09:55:13 np0000072650 account-server[110882]: 172.20.0.103 - - [13/Jun/2026:09:55:13 +0000] "PUT /d1/859/AUTH_15f10f96335a445a9809eebb7ac241a7/dispersion_0_51" 201 - "PUT http://172.20.0.103:6001/d1/409/AUTH_15f10f96335a445a9809eebb7ac241a7/dispersion_0_51" "tx47848465c785423b8021e-006a2d2901" "container-server 15" 0.0059 "-" 21 0
Jun 13 09:55:13 np0000072650 container-server[111400]: 172.20.0.31 - - [13/Jun/2026:09:55:13 +0000] "PUT /d1/409/AUTH_15f10f96335a445a9809eebb7ac241a7/dispersion_0_51" 201 - "PUT http://swift-public-openstack.apps-crc.testing/v1/AUTH_15f10f96335a445a9809eebb7ac241a7/dispersion_0_51?format=json" "tx47848465c785423b8021e-006a2d2901" "proxy-server 10" 0.0243 "-" 15 0
Jun 13 09:55:13 np0000072650 account-server[110882]: 172.20.0.104 - - [13/Jun/2026:09:55:13 +0000] "PUT /d1/859/AUTH_15f10f96335a445a9809eebb7ac241a7/dispersion_0_52" 201 - "PUT http://172.20.0.104:6001/d1/355/AUTH_15f10f96335a445a9809eebb7ac241a7/dispersion_0_52" "txf32dab2c7b8e4fe7bde4d-006a2d2901" "container-server 21" 0.0062 "-" 21 0
Jun 13 09:55:13 np0000072650 container-server[111435]: 172.20.0.31 - - [13/Jun/2026:09:55:13 +0000] "PUT /d1/515/AUTH_15f10f96335a445a9809eebb7ac241a7/dispersion_0_53" 201 - "PUT http://swift-public-openstack.apps-crc.testing/v1/AUTH_15f10f96335a445a9809eebb7ac241a7/dispersion_0_53?format=json" "txc903db9f6f7e426fafc19-006a2d2901" "proxy-server 6" 0.0332 "-" 16 0
Jun 13 09:55:13 np0000072650 account-server[110926]: 172.20.0.104 - - [13/Jun/2026:09:55:13 +0000] "PUT /d1/859/AUTH_15f10f96335a445a9809eebb7ac241a7/dispersion_0_53" 201 - "PUT http://172.20.0.104:6001/d1/515/AUTH_15f10f96335a445a9809eebb7ac241a7/dispersion_0_53" "txc903db9f6f7e426fafc19-006a2d2901" "container-server 21" 0.0193 "-" 23 0
Jun 13 09:55:13 np0000072650 account-server[110903]: 172.20.0.103 - - [13/Jun/2026:09:55:13 +0000] "PUT /d1/859/AUTH_15f10f96335a445a9809eebb7ac241a7/dispersion_0_55" 201 - "PUT http://172.20.0.103:6001/d1/256/AUTH_15f10f96335a445a9809eebb7ac241a7/dispersion_0_55" "tx14422b1df5df4522a014a-006a2d2901" "container-server 17" 0.0057 "-" 22 0
Jun 13 09:55:13 np0000072650 account-server[110903]: 172.20.0.103 - - [13/Jun/2026:09:55:13 +0000] "PUT /d1/859/AUTH_15f10f96335a445a9809eebb7ac241a7/dispersion_0_54" 201 - "PUT http://172.20.0.103:6001/d1/227/AUTH_15f10f96335a445a9809eebb7ac241a7/dispersion_0_54" "tx7f80c20531c34cf3ae493-006a2d2901" "container-server 15" 0.0352 "-" 22 0
Jun 13 09:55:13 np0000072650 container-server[111446]: 172.20.0.31 - - [13/Jun/2026:09:55:13 +0000] "PUT /d1/355/AUTH_15f10f96335a445a9809eebb7ac241a7/dispersion_0_52" 201 - "PUT http://swift-public-openstack.apps-crc.testing/v1/AUTH_15f10f96335a445a9809eebb7ac241a7/dispersion_0_52?format=json" "txf32dab2c7b8e4fe7bde4d-006a2d2901" "proxy-server 14" 0.0770 "-" 17 0
Jun 13 09:55:13 np0000072650 container-server[111446]: 172.20.0.31 - - [13/Jun/2026:09:55:13 +0000] "PUT /d1/256/AUTH_15f10f96335a445a9809eebb7ac241a7/dispersion_0_55" 201 - "PUT http://swift-public-openstack.apps-crc.testing/v1/AUTH_15f10f96335a445a9809eebb7ac241a7/dispersion_0_55?format=json" "tx14422b1df5df4522a014a-006a2d2901" "proxy-server 5" 0.0527 "-" 17 0
Jun 13 09:55:13 np0000072650 container-server[111400]: 172.20.0.31 - - [13/Jun/2026:09:55:13 +0000] "PUT /d1/227/AUTH_15f10f96335a445a9809eebb7ac241a7/dispersion_0_54" 201 - "PUT http://swift-public-openstack.apps-crc.testing/v1/AUTH_15f10f96335a445a9809eebb7ac241a7/dispersion_0_54?format=json" "tx7f80c20531c34cf3ae493-006a2d2901" "proxy-server 11" 0.0553 "-" 15 0
Jun 13 09:55:13 np0000072650 account-server[110869]: 172.20.0.104 - - [13/Jun/2026:09:55:13 +0000] "PUT /d1/859/AUTH_15f10f96335a445a9809eebb7ac241a7/dispersion_0_56" 201 - "PUT http://172.20.0.104:6001/d1/848/AUTH_15f10f96335a445a9809eebb7ac241a7/dispersion_0_56" "txfc2f8b1abd5c4d20bc699-006a2d2901" "container-server 20" 0.0158 "-" 20 0
Jun 13 09:55:13 np0000072650 account-server[110869]: 172.20.0.103 - - [13/Jun/2026:09:55:13 +0000] "PUT /d1/859/AUTH_15f10f96335a445a9809eebb7ac241a7/dispersion_0_10" 201 - "PUT http://172.20.0.103:6001/d1/125/AUTH_15f10f96335a445a9809eebb7ac241a7/dispersion_0_10" "tx45089384341241a780268-006a2d2900" "container-server 15" 0.0128 "-" 20 0
Jun 13 09:55:13 np0000072650 container-server[111400]: 172.20.0.31 - - [13/Jun/2026:09:55:13 +0000] "PUT /d1/125/AUTH_15f10f96335a445a9809eebb7ac241a7/dispersion_0_10" 201 - "PUT http://swift-public-openstack.apps-crc.testing/v1/AUTH_15f10f96335a445a9809eebb7ac241a7/dispersion_0_10?format=json" "tx45089384341241a780268-006a2d2900" "proxy-server 16" 0.0515 "-" 15 0
Jun 13 09:55:13 np0000072650 account-server[110869]: 172.20.0.104 - - [13/Jun/2026:09:55:13 +0000] "PUT /d1/859/AUTH_15f10f96335a445a9809eebb7ac241a7/dispersion_0_6" 201 - "PUT http://172.20.0.104:6001/d1/375/AUTH_15f10f96335a445a9809eebb7ac241a7/dispersion_0_6" "txab333a8f1b85465a8294d-006a2d2900" "container-server 21" 0.0051 "-" 20 0
Jun 13 09:55:13 np0000072650 container-server[111393]: 172.20.0.31 - - [13/Jun/2026:09:55:13 +0000] "PUT /d1/848/AUTH_15f10f96335a445a9809eebb7ac241a7/dispersion_0_56" 201 - "PUT http://swift-public-openstack.apps-crc.testing/v1/AUTH_15f10f96335a445a9809eebb7ac241a7/dispersion_0_56?format=json" "txfc2f8b1abd5c4d20bc699-006a2d2901" "proxy-server 14" 0.0583 "-" 14 0
Jun 13 09:55:13 np0000072650 container-server[111435]: 172.20.0.31 - - [13/Jun/2026:09:55:13 +0000] "PUT /d1/375/AUTH_15f10f96335a445a9809eebb7ac241a7/dispersion_0_6" 201 - "PUT http://swift-public-openstack.apps-crc.testing/v1/AUTH_15f10f96335a445a9809eebb7ac241a7/dispersion_0_6?format=json" "txab333a8f1b85465a8294d-006a2d2900" "proxy-server 16" 0.0489 "-" 16 0
Jun 13 09:55:13 np0000072650 account-server[110903]: 172.20.0.104 - - [13/Jun/2026:09:55:13 +0000] "PUT /d1/859/AUTH_15f10f96335a445a9809eebb7ac241a7/dispersion_0_60" 201 - "PUT http://172.20.0.104:6001/d1/939/AUTH_15f10f96335a445a9809eebb7ac241a7/dispersion_0_60" "txe70a5a2079b540f0b14d5-006a2d2901" "container-server 22" 0.0165 "-" 22 0
Jun 13 09:55:13 np0000072650 account-server[110882]: 172.20.0.105 - - [13/Jun/2026:09:55:13 +0000] "PUT /d1/859/AUTH_15f10f96335a445a9809eebb7ac241a7/dispersion_0_58" 201 - "PUT http://172.20.0.105:6001/d1/49/AUTH_15f10f96335a445a9809eebb7ac241a7/dispersion_0_58" "tx97ad8f23aa2046a08c83c-006a2d2901" "container-server 23" 0.0077 "-" 21 0
Jun 13 09:55:13 np0000072650 account-server[110882]: 172.20.0.104 - - [13/Jun/2026:09:55:13 +0000] "PUT /d1/859/AUTH_15f10f96335a445a9809eebb7ac241a7/dispersion_0_63" 201 - "PUT http://172.20.0.104:6001/d1/31/AUTH_15f10f96335a445a9809eebb7ac241a7/dispersion_0_63" "txb17de24003364ad78298a-006a2d2901" "container-server 21" 0.0060 "-" 21 0
Jun 13 09:55:13 np0000072650 container-server[111400]: 172.20.0.31 - - [13/Jun/2026:09:55:13 +0000] "PUT /d1/636/AUTH_15f10f96335a445a9809eebb7ac241a7/dispersion_0_59" 201 - "PUT http://swift-public-openstack.apps-crc.testing/v1/AUTH_15f10f96335a445a9809eebb7ac241a7/dispersion_0_59?format=json" "txdfc59f9ad9534de387d62-006a2d2901" "proxy-server 6" 0.0460 "-" 15 0
Jun 13 09:55:13 np0000072650 container-server[111435]: 172.20.0.31 - - [13/Jun/2026:09:55:13 +0000] "PUT /d1/49/AUTH_15f10f96335a445a9809eebb7ac241a7/dispersion_0_58" 201 - "PUT http://swift-public-openstack.apps-crc.testing/v1/AUTH_15f10f96335a445a9809eebb7ac241a7/dispersion_0_58?format=json" "tx97ad8f23aa2046a08c83c-006a2d2901" "proxy-server 7" 0.0529 "-" 16 0
Jun 13 09:55:13 np0000072650 container-server[111446]: 172.20.0.31 - - [13/Jun/2026:09:55:13 +0000] "PUT /d1/835/AUTH_15f10f96335a445a9809eebb7ac241a7/dispersion_0_57" 201 - "PUT http://swift-public-openstack.apps-crc.testing/v1/AUTH_15f10f96335a445a9809eebb7ac241a7/dispersion_0_57?format=json" "tx9c06cb208ad345ec982f2-006a2d2901" "proxy-server 5" 0.0848 "-" 17 0
Jun 13 09:55:13 np0000072650 container-server[111393]: 172.20.0.31 - - [13/Jun/2026:09:55:13 +0000] "PUT /d1/939/AUTH_15f10f96335a445a9809eebb7ac241a7/dispersion_0_60" 201 - "PUT http://swift-public-openstack.apps-crc.testing/v1/AUTH_15f10f96335a445a9809eebb7ac241a7/dispersion_0_60?format=json" "txe70a5a2079b540f0b14d5-006a2d2901" "proxy-server 5" 0.0546 "-" 14 0
Jun 13 09:55:13 np0000072650 account-server[110926]: 172.20.0.104 - - [13/Jun/2026:09:55:13 +0000] "PUT /d1/859/AUTH_15f10f96335a445a9809eebb7ac241a7/dispersion_0_59" 201 - "PUT http://172.20.0.104:6001/d1/636/AUTH_15f10f96335a445a9809eebb7ac241a7/dispersion_0_59" "txdfc59f9ad9534de387d62-006a2d2901" "container-server 21" 0.0481 "-" 23 0
Jun 13 09:55:14 np0000072650 account-server[110882]: 172.20.0.104 - - [13/Jun/2026:09:55:14 +0000] "PUT /d1/859/AUTH_15f10f96335a445a9809eebb7ac241a7/dispersion_0_64" 201 - "PUT http://172.20.0.104:6001/d1/654/AUTH_15f10f96335a445a9809eebb7ac241a7/dispersion_0_64" "txd79a2830faa3441f84dec-006a2d2901" "container-server 22" 0.0164 "-" 21 0
Jun 13 09:55:14 np0000072650 account-server[110869]: 172.20.0.105 - - [13/Jun/2026:09:55:14 +0000] "PUT /d1/859/AUTH_15f10f96335a445a9809eebb7ac241a7/dispersion_0_65" 201 - "PUT http://172.20.0.105:6001/d1/723/AUTH_15f10f96335a445a9809eebb7ac241a7/dispersion_0_65" "tx86b3e51941bb42a3933de-006a2d2901" "container-server 20" 0.0018 "-" 20 0
Jun 13 09:55:14 np0000072650 container-server[111435]: 172.20.0.31 - - [13/Jun/2026:09:55:14 +0000] "PUT /d1/654/AUTH_15f10f96335a445a9809eebb7ac241a7/dispersion_0_64" 201 - "PUT http://swift-public-openstack.apps-crc.testing/v1/AUTH_15f10f96335a445a9809eebb7ac241a7/dispersion_0_64?format=json" "txd79a2830faa3441f84dec-006a2d2901" "proxy-server 12" 0.0362 "-" 16 0
