Jun 9 09:47:48 np0000068138 account-server[113275]: Replication run OVER
Jun 9 09:47:48 np0000068138 account-server[113275]: Attempted to replicate 1 dbs in 0.01859 seconds (53.78525/s)
Jun 9 09:47:48 np0000068138 account-server[113275]: Removed 0 dbs
Jun 9 09:47:48 np0000068138 account-server[113275]: 2 successes, 0 failures
Jun 9 09:47:48 np0000068138 account-server[113275]: diff:0 diff_capped:0 empty:0 hashmatch:0 no_change:2 remote_merge:0 rsync:0 ts_repl:0
Jun 9 09:48:11 np0000068138 object-server[114028]: Starting object replication pass.
Jun 9 09:48:11 np0000068138 object-server[114028]: 2/2 (100.00%) partitions replicated in 0.03s (75.78/sec, 0s remaining)
Jun 9 09:48:11 np0000068138 object-server[114028]: 4 successes, 0 failures
Jun 9 09:48:11 np0000068138 object-server[114028]: 2 suffixes checked - 0.00% hashed, 0.00% synced
Jun 9 09:48:11 np0000068138 object-server[114028]: Partition times: max 0.0117s, min 0.0107s, med 0.0117s
Jun 9 09:48:11 np0000068138 object-server[114028]: Object replication complete. (0.00 minutes)
Jun 9 09:48:11 np0000068138 account-server[113688]: 172.20.0.105 - - [09/Jun/2026:09:48:11 +0000] "HEAD /d1/799/.expiring_objects" 404 - "HEAD http://localhost/v1/.expiring_objects?format=json" "tx77655f1dbcb44678988b1-006a27e15b" "proxy-server 2" 0.0006 "-" 21 -
Jun 9 09:48:17 np0000068138 object-server[401333]: Begin object audit "forever" mode (ALL)
Jun 9 09:48:17 np0000068138 object-server[401332]: Begin object audit "forever" mode (ZBF)
Jun 9 09:48:17 np0000068138 object-server[401332]: Object audit (ZBF). Since Tue Jun 9 09:48:17 2026: Locally: 1 passed, 0 quarantined, 0 errors, files/sec: 651.09, bytes/sec: 0.00, Total time: 0.00, Auditing time: 0.00, Rate: 0.00
Jun 9 09:48:17 np0000068138 object-server[401332]: Object audit (ZBF) "forever" mode completed: 0.00s. Total quarantined: 0, Total errors: 0, Total files/sec: 462.64, Total bytes/sec: 0.00, Auditing time: 0.00, Rate: 0.25
Jun 9 09:48:17 np0000068138 container-server[113411]: Beginning replication run
Jun 9 09:48:17 np0000068138 container-server[113411]: Replication run OVER
Jun 9 09:48:17 np0000068138 container-server[113411]: Attempted to replicate 1 dbs in 0.02164 seconds (46.21699/s)
Jun 9 09:48:17 np0000068138 container-server[113411]: Removed 0 dbs
Jun 9 09:48:17 np0000068138 container-server[113411]: 2 successes, 0 failures
Jun 9 09:48:17 np0000068138 container-server[113411]: diff:0 diff_capped:0 empty:0 hashmatch:0 no_change:2 remote_merge:0 rsync:0 ts_repl:0
Jun 9 09:48:18 np0000068138 account-server[113275]: Beginning replication run
Jun 9 09:48:18 np0000068138 account-server[113275]: Replication run OVER
Jun 9 09:48:18 np0000068138 account-server[113275]: Attempted to replicate 1 dbs in 0.01939 seconds (51.56419/s)
Jun 9 09:48:18 np0000068138 account-server[113275]: Removed 0 dbs
Jun 9 09:48:18 np0000068138 account-server[113275]: 2 successes, 0 failures
Jun 9 09:48:18 np0000068138 account-server[113275]: diff:0 diff_capped:0 empty:0 hashmatch:0 no_change:2 remote_merge:0 rsync:0 ts_repl:0
Jun 9 09:48:19 np0000068138 object-server[401333]: Object audit (ALL). Since Tue Jun 9 09:48:17 2026: Locally: 1 passed, 0 quarantined, 0 errors, files/sec: 0.46, bytes/sec: 10038072.50, Total time: 2.16, Auditing time: 0.00, Rate: 0.00
Jun 9 09:48:19 np0000068138 object-server[401333]: Object audit (ALL) "forever" mode completed: 2.17s. Total quarantined: 0, Total errors: 0, Total files/sec: 0.92, Total bytes/sec: 10016873.83, Auditing time: 2.16, Rate: 1.00
Jun 9 09:48:34 np0000068138 account-server[113688]: 172.20.0.104 - - [09/Jun/2026:09:48:34 +0000] "HEAD /d1/799/.expiring_objects" 404 - "HEAD http://localhost/v1/.expiring_objects?format=json" "tx13ebc0ae9d924ffcba1fa-006a27e172" "proxy-server 2" 0.0007 "-" 21 -
Jun 9 09:48:34 np0000068138 object-expirer[113836]: Pass completed in 0s; 0 objects expired (txn: tx13ebc0ae9d924ffcba1fa-006a27e172)
Jun 9 09:48:41 np0000068138 object-server[114028]: Starting object replication pass.
Jun 9 09:48:41 np0000068138 object-server[114028]: 2/2 (100.00%) partitions replicated in 0.02s (82.92/sec, 0s remaining)
Jun 9 09:48:41 np0000068138 object-server[114028]: 4 successes, 0 failures
Jun 9 09:48:41 np0000068138 object-server[114028]: 2 suffixes checked - 0.00% hashed, 0.00% synced
Jun 9 09:48:41 np0000068138 object-server[114028]: Partition times: max 0.0133s, min 0.0070s, med 0.0133s
Jun 9 09:48:41 np0000068138 object-server[114028]: Object replication complete. (0.00 minutes)
Jun 9 09:48:47 np0000068138 object-server[401334]: Begin object audit "forever" mode (ZBF)
Jun 9 09:48:47 np0000068138 object-server[401334]: Object audit (ZBF). Since Tue Jun 9 09:48:47 2026: Locally: 1 passed, 0 quarantined, 0 errors, files/sec: 721.91, bytes/sec: 0.00, Total time: 0.00, Auditing time: 0.00, Rate: 0.00
Jun 9 09:48:47 np0000068138 object-server[401334]: Object audit (ZBF) "forever" mode completed: 0.00s. Total quarantined: 0, Total errors: 0, Total files/sec: 501.29, Total bytes/sec: 0.00, Auditing time: 0.00, Rate: 0.24
Jun 9 09:48:47 np0000068138 container-server[113411]: Beginning replication run
Jun 9 09:48:47 np0000068138 container-server[113411]: Replication run OVER
Jun 9 09:48:47 np0000068138 container-server[113411]: Attempted to replicate 1 dbs in 0.02003 seconds (49.93372/s)
Jun 9 09:48:47 np0000068138 container-server[113411]: Removed 0 dbs
Jun 9 09:48:47 np0000068138 container-server[113411]: 2 successes, 0 failures
Jun 9 09:48:47 np0000068138 container-server[113411]: diff:0 diff_capped:0 empty:0 hashmatch:0 no_change:2 remote_merge:0 rsync:0 ts_repl:0
Jun 9 09:48:48 np0000068138 account-server[113275]: Beginning replication run
Jun 9 09:48:48 np0000068138 account-server[113275]: Replication run OVER
Jun 9 09:48:48 np0000068138 account-server[113275]: Attempted to replicate 1 dbs in 0.02039 seconds (49.04505/s)
Jun 9 09:48:48 np0000068138 account-server[113275]: Removed 0 dbs
Jun 9 09:48:48 np0000068138 account-server[113275]: 2 successes, 0 failures
Jun 9 09:48:48 np0000068138 account-server[113275]: diff:0 diff_capped:0 empty:0 hashmatch:0 no_change:2 remote_merge:0 rsync:0 ts_repl:0
Jun 9 09:49:03 np0000068138 container-server[113839]: Begin container update sweep
Jun 9 09:49:03 np0000068138 container-server[113839]: Container update sweep completed: 0.11s
Jun 9 09:49:05 np0000068138 account-server[113684]: 172.20.0.103 - - [09/Jun/2026:09:49:05 +0000] "HEAD /d1/799/.expiring_objects" 404 - "HEAD http://localhost/v1/.expiring_objects?format=json" "txaf6796f4fe464cb89a4ed-006a27e191" "proxy-server 2" 0.0007 "-" 20 -
Jun 9 09:49:11 np0000068138 object-server[114028]: Starting object replication pass.
Jun 9 09:49:11 np0000068138 object-server[114028]: 2/2 (100.00%) partitions replicated in 0.04s (56.09/sec, 0s remaining)
Jun 9 09:49:11 np0000068138 object-server[114028]: 4 successes, 0 failures
Jun 9 09:49:11 np0000068138 object-server[114028]: 2 suffixes checked - 0.00% hashed, 0.00% synced
Jun 9 09:49:11 np0000068138 object-server[114028]: Partition times: max 0.0218s, min 0.0097s, med 0.0218s
Jun 9 09:49:11 np0000068138 object-server[114028]: Object replication complete. (0.00 minutes)
Jun 9 09:49:16 np0000068138 account-server[113732]: 172.20.0.31 - - [09/Jun/2026:09:49:16 +0000] "HEAD /d1/674/AUTH_b58e929b119041b4b8215291307e3694" 404 - "HEAD http://swift-internal.openstack.svc:8080/v1/AUTH_b58e929b119041b4b8215291307e3694?format=json" "txe434a124de884ba7bc638-006a27e19c" "proxy-server 15" 0.0005 "-" 23 -
Jun 9 09:49:16 np0000068138 account-server[113732]: 172.20.0.31 - - [09/Jun/2026:09:49:16 +0000] "HEAD /d1/674/AUTH_b58e929b119041b4b8215291307e3694" 404 - "HEAD http://swift-internal.openstack.svc:8080/v1/AUTH_b58e929b119041b4b8215291307e3694?format=json" "txe434a124de884ba7bc638-006a27e19c" "proxy-server 15" 0.0006 "-" 23 -
Jun 9 09:49:16 np0000068138 account-server[113692]: 172.20.0.31 - - [09/Jun/2026:09:49:16 +0000] "HEAD /d1/288/AUTH_68dfd5ca4a5f4c0f99607b8e73fb5a9e" 204 - "HEAD http://swift-internal.openstack.svc:8080/v1/AUTH_68dfd5ca4a5f4c0f99607b8e73fb5a9e?format=json" "tx9943abaf5ccc4bd0b5a83-006a27e19c" "proxy-server 12" 0.0036 "-" 22 -
Jun 9 09:49:17 np0000068138 account-server[113684]: 172.20.0.31 - - [09/Jun/2026:09:49:17 +0000] "HEAD /d1/288/AUTH_68dfd5ca4a5f4c0f99607b8e73fb5a9e" 204 - "HEAD http://swift-internal.openstack.svc:8080/v1/AUTH_68dfd5ca4a5f4c0f99607b8e73fb5a9e?format=json" "tx9943abaf5ccc4bd0b5a83-006a27e19c" "proxy-server 12" 0.0025 "-" 20 -
Jun 9 09:49:17 np0000068138 account-server[113688]: 172.20.0.31 - - [09/Jun/2026:09:49:17 +0000] "GET /d1/674/AUTH_b58e929b119041b4b8215291307e3694" 404 - "GET http://swift-internal.openstack.svc:8080/v1/AUTH_b58e929b119041b4b8215291307e3694?format=json" "tx8f0b8bc109844c50b1030-006a27e19d" "proxy-server 12" 0.0007 "-" 21 -
Jun 9 09:49:17 np0000068138 object-server[401855]: Begin object audit "forever" mode (ZBF)
Jun 9 09:49:17 np0000068138 container-server[113411]: Beginning replication run
Jun 9 09:49:17 np0000068138 object-server[401856]: Begin object audit "forever" mode (ALL)
Jun 9 09:49:17 np0000068138 object-server[401855]: Object audit (ZBF). Since Tue Jun 9 09:49:17 2026: Locally: 1 passed, 0 quarantined, 0 errors, files/sec: 510.57, bytes/sec: 0.00, Total time: 0.00, Auditing time: 0.00, Rate: 0.00
Jun 9 09:49:17 np0000068138 object-server[401855]: Object audit (ZBF) "forever" mode completed: 0.01s. Total quarantined: 0, Total errors: 0, Total files/sec: 380.95, Total bytes/sec: 0.00, Auditing time: 0.00, Rate: 0.23
Jun 9 09:49:17 np0000068138 container-server[113411]: Replication run OVER
Jun 9 09:49:17 np0000068138 container-server[113411]: Attempted to replicate 1 dbs in 0.02388 seconds (41.88255/s)
Jun 9 09:49:17 np0000068138 container-server[113411]: Removed 0 dbs
Jun 9 09:49:17 np0000068138 container-server[113411]: 2 successes, 0 failures
Jun 9 09:49:17 np0000068138 container-server[113411]: diff:0 diff_capped:0 empty:0 hashmatch:0 no_change:2 remote_merge:0 rsync:0 ts_repl:0
Jun 9 09:49:18 np0000068138 account-server[113275]: Beginning replication run
Jun 9 09:49:18 np0000068138 account-server[113275]: Replication run OVER
Jun 9 09:49:18 np0000068138 account-server[113275]: Attempted to replicate 1 dbs in 0.01867 seconds (53.55997/s)
Jun 9 09:49:18 np0000068138 account-server[113275]: Removed 0 dbs
Jun 9 09:49:18 np0000068138 account-server[113275]: 2 successes, 0 failures
Jun 9 09:49:18 np0000068138 account-server[113275]: diff:0 diff_capped:0 empty:0 hashmatch:0 no_change:2 remote_merge:0 rsync:0 ts_repl:0
Jun 9 09:49:19 np0000068138 object-server[401856]: Object audit (ALL). Since Tue Jun 9 09:49:17 2026: Locally: 1 passed, 0 quarantined, 0 errors, files/sec: 0.46, bytes/sec: 10032200.79, Total time: 2.16, Auditing time: 0.00, Rate: 0.00
Jun 9 09:49:19 np0000068138 object-server[401856]: Object audit (ALL) "forever" mode completed: 2.17s. Total quarantined: 0, Total errors: 0, Total files/sec: 0.92, Total bytes/sec: 10009674.42, Auditing time: 2.16, Rate: 1.00
Jun 9 09:49:41 np0000068138 object-server[114028]: Starting object replication pass.
Jun 9 09:49:41 np0000068138 object-server[114028]: 2/2 (100.00%) partitions replicated in 0.02s (84.50/sec, 0s remaining)
Jun 9 09:49:41 np0000068138 object-server[114028]: 4 successes, 0 failures
Jun 9 09:49:41 np0000068138 object-server[114028]: 2 suffixes checked - 0.00% hashed, 0.00% synced
Jun 9 09:49:41 np0000068138 object-server[114028]: Partition times: max 0.0102s, min 0.0087s, med 0.0102s
Jun 9 09:49:41 np0000068138 object-server[114028]: Object replication complete. (0.00 minutes)
Jun 9 09:49:47 np0000068138 container-server[113411]: Beginning replication run
Jun 9 09:49:47 np0000068138 container-server[113411]: Replication run OVER
Jun 9 09:49:47 np0000068138 container-server[113411]: Attempted to replicate 1 dbs in 0.02023 seconds (49.44048/s)
Jun 9 09:49:47 np0000068138 container-server[113411]: Removed 0 dbs
Jun 9 09:49:47 np0000068138 container-server[113411]: 2 successes, 0 failures
Jun 9 09:49:47 np0000068138 container-server[113411]: diff:0 diff_capped:0 empty:0 hashmatch:0 no_change:2 remote_merge:0 rsync:0 ts_repl:0
Jun 9 09:49:47 np0000068138 object-server[401857]: Begin object audit "forever" mode (ZBF)
Jun 9 09:49:47 np0000068138 object-server[401857]: Object audit (ZBF). Since Tue Jun 9 09:49:47 2026: Locally: 1 passed, 0 quarantined, 0 errors, files/sec: 558.35, bytes/sec: 0.00, Total time: 0.00, Auditing time: 0.00, Rate: 0.00
Jun 9 09:49:47 np0000068138 object-server[401857]: Object audit (ZBF) "forever" mode completed: 0.00s. Total quarantined: 0, Total errors: 0, Total files/sec: 433.99, Total bytes/sec: 0.00, Auditing time: 0.00, Rate: 0.25
Jun 9 09:49:48 np0000068138 account-server[113275]: Beginning replication run
Jun 9 09:49:48 np0000068138 account-server[113275]: Replication run OVER
Jun 9 09:49:48 np0000068138 account-server[113275]: Attempted to replicate 1 dbs in 0.01504 seconds (66.50297/s)
Jun 9 09:49:48 np0000068138 account-server[113275]: Removed 0 dbs
Jun 9 09:49:48 np0000068138 account-server[113275]: 2 successes, 0 failures
Jun 9 09:49:48 np0000068138 account-server[113275]: diff:0 diff_capped:0 empty:0 hashmatch:0 no_change:2 remote_merge:0 rsync:0 ts_repl:0
Jun 9 09:49:53 np0000068138 account-server[113684]: 172.20.0.104 - - [09/Jun/2026:09:49:53 +0000] "HEAD /d1/799/.expiring_objects" 404 - "HEAD http://localhost/v1/.expiring_objects?format=json" "tx439547e93b064aad8ba0a-006a27e1c1" "proxy-server 2" 0.0007 "-" 20 -
Jun 9 09:49:53 np0000068138 object-expirer[113836]: Pass completed in 0s; 0 objects expired (txn: tx439547e93b064aad8ba0a-006a27e1c1)
Jun 9 09:50:11 np0000068138 object-server[114028]: Starting object replication pass.
Jun 9 09:50:11 np0000068138 object-server[114028]: 2/2 (100.00%) partitions replicated in 0.02s (83.52/sec, 0s remaining)
Jun 9 09:50:11 np0000068138 object-server[114028]: 4 successes, 0 failures
Jun 9 09:50:11 np0000068138 object-server[114028]: 2 suffixes checked - 0.00% hashed, 0.00% synced
Jun 9 09:50:11 np0000068138 object-server[114028]: Partition times: max 0.0113s, min 0.0085s, med 0.0113s
Jun 9 09:50:11 np0000068138 object-server[114028]: Object replication complete. (0.00 minutes)
Jun 9 09:50:11 np0000068138 account-server[113732]: 172.20.0.105 - - [09/Jun/2026:09:50:11 +0000] "HEAD /d1/799/.expiring_objects" 404 - "HEAD http://localhost/v1/.expiring_objects?format=json" "tx1f53603591824e0580e04-006a27e1d3" "proxy-server 2" 0.0007 "-" 23 -
Jun 9 09:50:17 np0000068138 object-server[114405]: Begin object update sweep
Jun 9 09:50:17 np0000068138 object-server[402382]: Object update sweep starting on /srv/node/d1 (pid: 28)
Jun 9 09:50:17 np0000068138 object-server[402382]: Object update sweep completed on /srv/node/d1 in 0.00s seconds:, 0 successes, 0 failures, 0 quarantines, 0 unlinks, 0 errors, 0 redirects (pid: 28)
Jun 9 09:50:17 np0000068138 object-server[402382]: Object update sweep of d1 completed: 0.00s, 0 successes, 0 failures, 0 quarantines, 0 unlinks, 0 errors, 0 redirects
Jun 9 09:50:17 np0000068138 container-server[113411]: Beginning replication run
Jun 9 09:50:17 np0000068138 object-server[114405]: Object update sweep completed: 0.10s
Jun 9 09:50:17 np0000068138 container-server[113411]: Replication run OVER
Jun 9 09:50:17 np0000068138 container-server[113411]: Attempted to replicate 1 dbs in 0.02339 seconds (42.74519/s)
Jun 9 09:50:17 np0000068138 container-server[113411]: Removed 0 dbs
Jun 9 09:50:17 np0000068138 container-server[113411]: 2 successes, 0 failures
Jun 9 09:50:17 np0000068138 container-server[113411]: diff:0 diff_capped:0 empty:0 hashmatch:0 no_change:2 remote_merge:0 rsync:0 ts_repl:0
Jun 9 09:50:17 np0000068138 object-server[402384]: Begin object audit "forever" mode (ALL)
Jun 9 09:50:17 np0000068138 object-server[402383]: Begin object audit "forever" mode (ZBF)
Jun 9 09:50:17 np0000068138 object-server[402383]: Object audit (ZBF). Since Tue Jun 9 09:50:17 2026: Locally: 1 passed, 0 quarantined, 0 errors, files/sec: 539.11, bytes/sec: 0.00, Total time: 0.00, Auditing time: 0.00, Rate: 0.00
Jun 9 09:50:17 np0000068138 object-server[402383]: Object audit (ZBF) "forever" mode completed: 0.00s. Total quarantined: 0, Total errors: 0, Total files/sec: 414.85, Total bytes/sec: 0.00, Auditing time: 0.00, Rate: 0.29
Jun 9 09:50:18 np0000068138 account-server[113275]: Beginning replication run
Jun 9 09:50:18 np0000068138 account-server[113275]: Replication run OVER
Jun 9 09:50:18 np0000068138 account-server[113275]: Attempted to replicate 1 dbs in 0.01702 seconds (58.76316/s)
Jun 9 09:50:18 np0000068138 account-server[113275]: Removed 0 dbs
Jun 9 09:50:18 np0000068138 account-server[113275]: 2 successes, 0 failures
Jun 9 09:50:18 np0000068138 account-server[113275]: diff:0 diff_capped:0 empty:0 hashmatch:0 no_change:2 remote_merge:0 rsync:0 ts_repl:0
Jun 9 09:50:20 np0000068138 object-server[402384]: Object audit (ALL). Since Tue Jun 9 09:50:17 2026: Locally: 1 passed, 0 quarantined, 0 errors, files/sec: 0.46, bytes/sec: 10036701.63, Total time: 2.16, Auditing time: 0.00, Rate: 0.00
Jun 9 09:50:20 np0000068138 object-server[402384]: Object audit (ALL) "forever" mode completed: 2.17s. Total quarantined: 0, Total errors: 0, Total files/sec: 0.92, Total bytes/sec: 10014282.92, Auditing time: 2.16, Rate: 1.00
Jun 9 09:50:20 np0000068138 account-server[113732]: 172.20.0.103 - - [09/Jun/2026:09:50:20 +0000] "HEAD /d1/799/.expiring_objects" 404 - "HEAD http://localhost/v1/.expiring_objects?format=json" "tx7ec4fb2adc0c41a1ba0b9-006a27e1dc" "proxy-server 2" 0.0008 "-" 23 -
Jun 9 09:50:41 np0000068138 object-server[114028]: Starting object replication pass.
Jun 9 09:50:41 np0000068138 object-server[114028]: 2/2 (100.00%) partitions replicated in 0.03s (58.29/sec, 0s remaining)
Jun 9 09:50:41 np0000068138 object-server[114028]: 4 successes, 0 failures
Jun 9 09:50:41 np0000068138 object-server[114028]: 2 suffixes checked - 0.00% hashed, 0.00% synced
Jun 9 09:50:41 np0000068138 object-server[114028]: Partition times: max 0.0171s, min 0.0127s, med 0.0171s
Jun 9 09:50:41 np0000068138 object-server[114028]: Object replication complete. (0.00 minutes)
Jun 9 09:50:47 np0000068138 container-server[113411]: Beginning replication run
Jun 9 09:50:47 np0000068138 container-server[113411]: Replication run OVER
Jun 9 09:50:47 np0000068138 container-server[113411]: Attempted to replicate 1 dbs in 0.01963 seconds (50.93425/s)
Jun 9 09:50:47 np0000068138 container-server[113411]: Removed 0 dbs
Jun 9 09:50:47 np0000068138 container-server[113411]: 2 successes, 0 failures
Jun 9 09:50:47 np0000068138 container-server[113411]: diff:0 diff_capped:0 empty:0 hashmatch:0 no_change:2 remote_merge:0 rsync:0 ts_repl:0
Jun 9 09:50:48 np0000068138 object-server[402385]: Begin object audit "forever" mode (ZBF)
Jun 9 09:50:48 np0000068138 object-server[402385]: Object audit (ZBF). Since Tue Jun 9 09:50:48 2026: Locally: 1 passed, 0 quarantined, 0 errors, files/sec: 594.26, bytes/sec: 0.00, Total time: 0.00, Auditing time: 0.00, Rate: 0.00
Jun 9 09:50:48 np0000068138 object-server[402385]: Object audit (ZBF) "forever" mode completed: 0.00s. Total quarantined: 0, Total errors: 0, Total files/sec: 451.10, Total bytes/sec: 0.00, Auditing time: 0.00, Rate: 0.25
Jun 9 09:50:48 np0000068138 account-server[113275]: Beginning replication run
Jun 9 09:50:48 np0000068138 account-server[113275]: Replication run OVER
Jun 9 09:50:48 np0000068138 account-server[113275]: Attempted to replicate 1 dbs in 0.01628 seconds (61.43842/s)
Jun 9 09:50:48 np0000068138 account-server[113275]: Removed 0 dbs
Jun 9 09:50:48 np0000068138 account-server[113275]: 2 successes, 0 failures
Jun 9 09:50:48 np0000068138 account-server[113275]: diff:0 diff_capped:0 empty:0 hashmatch:0 no_change:2 remote_merge:0 rsync:0 ts_repl:0
Jun 9 09:51:11 np0000068138 object-server[114028]: Starting object replication pass.
Jun 9 09:51:11 np0000068138 object-server[114028]: 2/2 (100.00%) partitions replicated in 0.03s (74.65/sec, 0s remaining)
Jun 9 09:51:11 np0000068138 object-server[114028]: 4 successes, 0 failures
Jun 9 09:51:11 np0000068138 object-server[114028]: 2 suffixes checked - 0.00% hashed, 0.00% synced
Jun 9 09:51:11 np0000068138 object-server[114028]: Partition times: max 0.0111s, min 0.0099s, med 0.0111s
Jun 9 09:51:11 np0000068138 object-server[114028]: Object replication complete. (0.00 minutes)
Jun 9 09:51:17 np0000068138 container-server[113411]: Beginning replication run
Jun 9 09:51:18 np0000068138 object-server[402911]: Begin object audit "forever" mode (ALL)
Jun 9 09:51:18 np0000068138 object-server[402910]: Begin object audit "forever" mode (ZBF)
Jun 9 09:51:18 np0000068138 object-server[402910]: Object audit (ZBF). Since Tue Jun 9 09:51:18 2026: Locally: 1 passed, 0 quarantined, 0 errors, files/sec: 632.53, bytes/sec: 0.00, Total time: 0.00, Auditing time: 0.00, Rate: 0.00
Jun 9 09:51:18 np0000068138 object-server[402910]: Object audit (ZBF) "forever" mode completed: 0.03s. Total quarantined: 0, Total errors: 0, Total files/sec: 58.89, Total bytes/sec: 0.00, Auditing time: 0.00, Rate: 0.03
Jun 9 09:51:18 np0000068138 container-server[113411]: Replication run OVER
Jun 9 09:51:18 np0000068138 container-server[113411]: Attempted to replicate 1 dbs in 0.58642 seconds (1.70526/s)
Jun 9 09:51:18 np0000068138 container-server[113411]: Removed 0 dbs
Jun 9 09:51:18 np0000068138 container-server[113411]: 2 successes, 0 failures
Jun 9 09:51:18 np0000068138 container-server[113411]: diff:0 diff_capped:0 empty:0 hashmatch:0 no_change:2 remote_merge:0 rsync:0 ts_repl:0
Jun 9 09:51:18 np0000068138 account-server[113275]: Beginning replication run
Jun 9 09:51:19 np0000068138 account-server[113275]: Replication run OVER
Jun 9 09:51:19 np0000068138 account-server[113275]: Attempted to replicate 1 dbs in 0.42242 seconds (2.36731/s)
Jun 9 09:51:19 np0000068138 account-server[113275]: Removed 0 dbs
Jun 9 09:51:19 np0000068138 account-server[113275]: 2 successes, 0 failures
Jun 9 09:51:19 np0000068138 account-server[113275]: diff:0 diff_capped:0 empty:0 hashmatch:0 no_change:2 remote_merge:0 rsync:0 ts_repl:0
Jun 9 09:51:20 np0000068138 object-server[402911]: Object audit (ALL). Since Tue Jun 9 09:51:18 2026: Locally: 1 passed, 0 quarantined, 0 errors, files/sec: 0.45, bytes/sec: 9843890.26, Total time: 2.20, Auditing time: 0.00, Rate: 0.00
Jun 9 09:51:20 np0000068138 object-server[402911]: Object audit (ALL) "forever" mode completed: 2.21s. Total quarantined: 0, Total errors: 0, Total files/sec: 0.91, Total bytes/sec: 9823694.97, Auditing time: 2.20, Rate: 1.00
Jun 9 09:51:41 np0000068138 object-server[114028]: Starting object replication pass.
Jun 9 09:51:41 np0000068138 object-server[114028]: 2/2 (100.00%) partitions replicated in 0.03s (73.25/sec, 0s remaining)
Jun 9 09:51:41 np0000068138 object-server[114028]: 4 successes, 0 failures
Jun 9 09:51:41 np0000068138 object-server[114028]: 2 suffixes checked - 0.00% hashed, 0.00% synced
Jun 9 09:51:41 np0000068138 object-server[114028]: Partition times: max 0.0115s, min 0.0111s, med 0.0115s
Jun 9 09:51:41 np0000068138 object-server[114028]: Object replication complete. (0.00 minutes)
Jun 9 09:51:46 np0000068138 container-server[113898]: 172.20.0.31 - - [09/Jun/2026:09:51:46 +0000] "PUT /d1/535/AUTH_68dfd5ca4a5f4c0f99607b8e73fb5a9e/dispersion_0_7" 201 - "PUT http://swift-public-openstack.apps-crc.testing/v1/AUTH_68dfd5ca4a5f4c0f99607b8e73fb5a9e/dispersion_0_7?format=json" "txe237625f3f494288b4b44-006a27e232" "proxy-server 5" 0.0213 "-" 23 0
Jun 9 09:51:46 np0000068138 account-server[113688]: 172.20.0.105 - - [09/Jun/2026:09:51:46 +0000] "PUT /d1/288/AUTH_68dfd5ca4a5f4c0f99607b8e73fb5a9e/dispersion_0_7" 201 - "PUT http://172.20.0.105:6001/d1/535/AUTH_68dfd5ca4a5f4c0f99607b8e73fb5a9e/dispersion_0_7" "txe237625f3f494288b4b44-006a27e232" "container-server 22" 0.0017 "-" 21 0
Jun 9 09:51:47 np0000068138 account-server[113692]: 172.20.0.105 - - [09/Jun/2026:09:51:47 +0000] "PUT /d1/288/AUTH_68dfd5ca4a5f4c0f99607b8e73fb5a9e/dispersion_0_4" 201 - "PUT http://172.20.0.105:6001/d1/531/AUTH_68dfd5ca4a5f4c0f99607b8e73fb5a9e/dispersion_0_4" "tx44257a76e6244fe699eb8-006a27e232" "container-server 22" 0.0168 "-" 22 0
Jun 9 09:51:47 np0000068138 container-server[113840]: 172.20.0.31 - - [09/Jun/2026:09:51:47 +0000] "PUT /d1/531/AUTH_68dfd5ca4a5f4c0f99607b8e73fb5a9e/dispersion_0_4" 201 - "PUT http://swift-public-openstack.apps-crc.testing/v1/AUTH_68dfd5ca4a5f4c0f99607b8e73fb5a9e/dispersion_0_4?format=json" "tx44257a76e6244fe699eb8-006a27e232" "proxy-server 16" 0.0361 "-" 22 0
Jun 9 09:51:47 np0000068138 account-server[113688]: 172.20.0.103 - - [09/Jun/2026:09:51:47 +0000] "PUT /d1/288/AUTH_68dfd5ca4a5f4c0f99607b8e73fb5a9e/dispersion_0_0" 201 - "PUT http://172.20.0.103:6001/d1/17/AUTH_68dfd5ca4a5f4c0f99607b8e73fb5a9e/dispersion_0_0" "txa5ed64923c7f41e58a479-006a27e232" "container-server 16" 0.0063 "-" 21 0
Jun 9 09:51:47 np0000068138 account-server[113692]: 172.20.0.105 - - [09/Jun/2026:09:51:47 +0000] "PUT /d1/288/AUTH_68dfd5ca4a5f4c0f99607b8e73fb5a9e/dispersion_0_5" 201 - "PUT http://172.20.0.105:6001/d1/673/AUTH_68dfd5ca4a5f4c0f99607b8e73fb5a9e/dispersion_0_5" "txd6dd1d14893e427b8f5a7-006a27e232" "container-server 21" 0.0210 "-" 22 0
Jun 9 09:51:47 np0000068138 container-server[113840]: 172.20.0.31 - - [09/Jun/2026:09:51:47 +0000] "PUT /d1/673/AUTH_68dfd5ca4a5f4c0f99607b8e73fb5a9e/dispersion_0_5" 201 - "PUT http://swift-public-openstack.apps-crc.testing/v1/AUTH_68dfd5ca4a5f4c0f99607b8e73fb5a9e/dispersion_0_5?format=json" "txd6dd1d14893e427b8f5a7-006a27e232" "proxy-server 6" 0.0446 "-" 22 0
Jun 9 09:51:47 np0000068138 account-server[113732]: 172.20.0.104 - - [09/Jun/2026:09:51:47 +0000] "PUT /d1/288/AUTH_68dfd5ca4a5f4c0f99607b8e73fb5a9e/dispersion_0_17" 201 - "PUT http://172.20.0.104:6001/d1/99/AUTH_68dfd5ca4a5f4c0f99607b8e73fb5a9e/dispersion_0_17" "tx14e81d0c7da244ecba8ca-006a27e233" "container-server 20" 0.0070 "-" 23 0
Jun 9 09:51:47 np0000068138 container-server[113823]: 172.20.0.31 - - [09/Jun/2026:09:51:47 +0000] "PUT /d1/17/AUTH_68dfd5ca4a5f4c0f99607b8e73fb5a9e/dispersion_0_0" 201 - "PUT http://swift-public-openstack.apps-crc.testing/v1/AUTH_68dfd5ca4a5f4c0f99607b8e73fb5a9e/dispersion_0_0?format=json" "txa5ed64923c7f41e58a479-006a27e232" "proxy-server 11" 0.0672 "-" 20 0
Jun 9 09:51:47 np0000068138 container-server[113823]: 172.20.0.31 - - [09/Jun/2026:09:51:47 +0000] "PUT /d1/99/AUTH_68dfd5ca4a5f4c0f99607b8e73fb5a9e/dispersion_0_17" 201 - "PUT http://swift-public-openstack.apps-crc.testing/v1/AUTH_68dfd5ca4a5f4c0f99607b8e73fb5a9e/dispersion_0_17?format=json" "tx14e81d0c7da244ecba8ca-006a27e233" "proxy-server 5" 0.0278 "-" 20 0
Jun 9 09:51:47 np0000068138 account-server[113684]: 172.20.0.104 - - [09/Jun/2026:09:51:47 +0000] "PUT /d1/288/AUTH_68dfd5ca4a5f4c0f99607b8e73fb5a9e/dispersion_0_3" 201 - "PUT http://172.20.0.104:6001/d1/340/AUTH_68dfd5ca4a5f4c0f99607b8e73fb5a9e/dispersion_0_3" "tx3bf5ed96ae0e4145b2198-006a27e232" "container-server 21" 0.0208 "-" 20 0
Jun 9 09:51:47 np0000068138 container-server[113825]: 172.20.0.31 - - [09/Jun/2026:09:51:47 +0000] "PUT /d1/340/AUTH_68dfd5ca4a5f4c0f99607b8e73fb5a9e/dispersion_0_3" 201 - "PUT http://swift-public-openstack.apps-crc.testing/v1/AUTH_68dfd5ca4a5f4c0f99607b8e73fb5a9e/dispersion_0_3?format=json" "tx3bf5ed96ae0e4145b2198-006a27e232" "proxy-server 15" 0.0402 "-" 21 0
Jun 9 09:51:47 np0000068138 container-server[113840]: 172.20.0.31 - - [09/Jun/2026:09:51:47 +0000] "PUT /d1/1003/AUTH_68dfd5ca4a5f4c0f99607b8e73fb5a9e/dispersion_0_1" 201 - "PUT http://swift-public-openstack.apps-crc.testing/v1/AUTH_68dfd5ca4a5f4c0f99607b8e73fb5a9e/dispersion_0_1?format=json" "tx6a37de81498e460186d76-006a27e232" "proxy-server 9" 0.0439 "-" 22 0
Jun 9 09:51:47 np0000068138 account-server[113688]: 172.20.0.104 - - [09/Jun/2026:09:51:47 +0000] "PUT /d1/288/AUTH_68dfd5ca4a5f4c0f99607b8e73fb5a9e/dispersion_0_8" 201 - "PUT http://172.20.0.104:6001/d1/59/AUTH_68dfd5ca4a5f4c0f99607b8e73fb5a9e/dispersion_0_8" "txe043034133e041c8a897a-006a27e232" "container-server 23" 0.0269 "-" 21 0
Jun 9 09:51:47 np0000068138 container-server[113898]: 172.20.0.31 - - [09/Jun/2026:09:51:47 +0000] "PUT /d1/59/AUTH_68dfd5ca4a5f4c0f99607b8e73fb5a9e/dispersion_0_8" 201 - "PUT http://swift-public-openstack.apps-crc.testing/v1/AUTH_68dfd5ca4a5f4c0f99607b8e73fb5a9e/dispersion_0_8?format=json" "txe043034133e041c8a897a-006a27e232" "proxy-server 6" 0.0487 "-" 23 0
Jun 9 09:51:47 np0000068138 account-server[113732]: 172.20.0.103 - - [09/Jun/2026:09:51:47 +0000] "PUT /d1/288/AUTH_68dfd5ca4a5f4c0f99607b8e73fb5a9e/dispersion_0_1" 201 - "PUT http://172.20.0.103:6001/d1/1003/AUTH_68dfd5ca4a5f4c0f99607b8e73fb5a9e/dispersion_0_1" "tx6a37de81498e460186d76-006a27e232" "container-server 17" 0.0168 "-" 23 0
Jun 9 09:51:47 np0000068138 container-server[113840]: 172.20.0.31 - - [09/Jun/2026:09:51:47 +0000] "PUT /d1/788/AUTH_68dfd5ca4a5f4c0f99607b8e73fb5a9e/dispersion_0_11" 201 - "PUT http://swift-public-openstack.apps-crc.testing/v1/AUTH_68dfd5ca4a5f4c0f99607b8e73fb5a9e/dispersion_0_11?format=json" "tx030033277e2a45e5b27c3-006a27e232" "proxy-server 6" 0.0329 "-" 22 0
Jun 9 09:51:47 np0000068138 account-server[113688]: 172.20.0.105 - - [09/Jun/2026:09:51:47 +0000] "PUT /d1/288/AUTH_68dfd5ca4a5f4c0f99607b8e73fb5a9e/dispersion_0_19" 201 - "PUT http://172.20.0.105:6001/d1/787/AUTH_68dfd5ca4a5f4c0f99607b8e73fb5a9e/dispersion_0_19" "txf2116caa820649869b592-006a27e233" "container-server 21" 0.0098 "-" 21 0
Jun 9 09:51:47 np0000068138 account-server[113692]: 172.20.0.105 - - [09/Jun/2026:09:51:47 +0000] "PUT /d1/288/AUTH_68dfd5ca4a5f4c0f99607b8e73fb5a9e/dispersion_0_22" 201 - "PUT http://172.20.0.105:6001/d1/559/AUTH_68dfd5ca4a5f4c0f99607b8e73fb5a9e/dispersion_0_22" "txf525f1aa85ea4ab5a7491-006a27e233" "container-server 22" 0.0066 "-" 22 0
Jun 9 09:51:47 np0000068138 account-server[113684]: 172.20.0.104 - - [09/Jun/2026:09:51:47 +0000] "PUT /d1/288/AUTH_68dfd5ca4a5f4c0f99607b8e73fb5a9e/dispersion_0_10" 201 - "PUT http://172.20.0.104:6001/d1/654/AUTH_68dfd5ca4a5f4c0f99607b8e73fb5a9e/dispersion_0_10" "tx65c3573075c3452f93f77-006a27e232" "container-server 23" 0.0319 "-" 20 0
Jun 9 09:51:47 np0000068138 container-server[113898]: 172.20.0.31 - - [09/Jun/2026:09:51:47 +0000] "PUT /d1/654/AUTH_68dfd5ca4a5f4c0f99607b8e73fb5a9e/dispersion_0_10" 201 - "PUT http://swift-public-openstack.apps-crc.testing/v1/AUTH_68dfd5ca4a5f4c0f99607b8e73fb5a9e/dispersion_0_10?format=json" "tx65c3573075c3452f93f77-006a27e232" "proxy-server 9" 0.0483 "-" 23 0
Jun 9 09:51:47 np0000068138 account-server[113684]: 172.20.0.104 - - [09/Jun/2026:09:51:47 +0000] "PUT /d1/288/AUTH_68dfd5ca4a5f4c0f99607b8e73fb5a9e/dispersion_0_20" 201 - "PUT http://172.20.0.104:6001/d1/229/AUTH_68dfd5ca4a5f4c0f99607b8e73fb5a9e/dispersion_0_20" "tx42625c9f10f241e093027-006a27e233" "container-server 23" 0.0322 "-" 20 0
Jun 9 09:51:47 np0000068138 container-server[113898]: 172.20.0.31 - - [09/Jun/2026:09:51:47 +0000] "PUT /d1/229/AUTH_68dfd5ca4a5f4c0f99607b8e73fb5a9e/dispersion_0_20" 201 - "PUT http://swift-public-openstack.apps-crc.testing/v1/AUTH_68dfd5ca4a5f4c0f99607b8e73fb5a9e/dispersion_0_20?format=json" "tx42625c9f10f241e093027-006a27e233" "proxy-server 16" 0.0459 "-" 23 0
Jun 9 09:51:47 np0000068138 account-server[113692]: 172.20.0.103 - - [09/Jun/2026:09:51:47 +0000] "PUT /d1/288/AUTH_68dfd5ca4a5f4c0f99607b8e73fb5a9e/dispersion_0_11" 201 - "PUT http://172.20.0.103:6001/d1/788/AUTH_68dfd5ca4a5f4c0f99607b8e73fb5a9e/dispersion_0_11" "tx030033277e2a45e5b27c3-006a27e232" "container-server 17" 0.0151 "-" 22 0
Jun 9 09:51:47 np0000068138 account-server[113688]: 172.20.0.105 - - [09/Jun/2026:09:51:47 +0000] "PUT /d1/288/AUTH_68dfd5ca4a5f4c0f99607b8e73fb5a9e/dispersion_0_15" 201 - "PUT http://172.20.0.105:6001/d1/77/AUTH_68dfd5ca4a5f4c0f99607b8e73fb5a9e/dispersion_0_15" "txb330904be33242de83c75-006a27e232" "container-server 20" 0.0161 "-" 21 0
Jun 9 09:51:47 np0000068138 account-server[113732]: 172.20.0.104 - - [09/Jun/2026:09:51:47 +0000] "PUT /d1/288/AUTH_68dfd5ca4a5f4c0f99607b8e73fb5a9e/dispersion_0_12" 201 - "PUT http://172.20.0.104:6001/d1/581/AUTH_68dfd5ca4a5f4c0f99607b8e73fb5a9e/dispersion_0_12" "tx526f31d1f4684069890ae-006a27e232" "container-server 20" 0.0119 "-" 23 0
Jun 9 09:51:47 np0000068138 container-server[113823]: 172.20.0.31 - - [09/Jun/2026:09:51:47 +0000] "PUT /d1/581/AUTH_68dfd5ca4a5f4c0f99607b8e73fb5a9e/dispersion_0_12" 201 - "PUT http://swift-public-openstack.apps-crc.testing/v1/AUTH_68dfd5ca4a5f4c0f99607b8e73fb5a9e/dispersion_0_12?format=json" "tx526f31d1f4684069890ae-006a27e232" "proxy-server 8" 0.0263 "-" 20 0
Jun 9 09:51:47 np0000068138 account-server[113688]: 172.20.0.103 - - [09/Jun/2026:09:51:47 +0000] "PUT /d1/288/AUTH_68dfd5ca4a5f4c0f99607b8e73fb5a9e/dispersion_0_9" 201 - "PUT http://172.20.0.103:6001/d1/42/AUTH_68dfd5ca4a5f4c0f99607b8e73fb5a9e/dispersion_0_9" "txfc402b6a52d549dfbb25b-006a27e232" "container-server 15" 0.0360 "-" 21 0
Jun 9 09:51:47 np0000068138 account-server[113688]: 172.20.0.104 - - [09/Jun/2026:09:51:47 +0000] "PUT /d1/288/AUTH_68dfd5ca4a5f4c0f99607b8e73fb5a9e/dispersion_0_18" 201 - "PUT http://172.20.0.104:6001/d1/369/AUTH_68dfd5ca4a5f4c0f99607b8e73fb5a9e/dispersion_0_18" "tx2bf125ad581b4c10a2c6c-006a27e233" "container-server 23" 0.0081 "-" 21 0
Jun 9 09:51:47 np0000068138 account-server[113692]: 172.20.0.104 - - [09/Jun/2026:09:51:47 +0000] "PUT /d1/288/AUTH_68dfd5ca4a5f4c0f99607b8e73fb5a9e/dispersion_0_16" 201 - "PUT http://172.20.0.104:6001/d1/992/AUTH_68dfd5ca4a5f4c0f99607b8e73fb5a9e/dispersion_0_16" "txd7ecc2cb869347a8b9ed2-006a27e232" "container-server 20" 0.0076 "-" 22 0
Jun 9 09:51:47 np0000068138 container-server[113823]: 172.20.0.31 - - [09/Jun/2026:09:51:47 +0000] "PUT /d1/992/AUTH_68dfd5ca4a5f4c0f99607b8e73fb5a9e/dispersion_0_16" 201 - "PUT http://swift-public-openstack.apps-crc.testing/v1/AUTH_68dfd5ca4a5f4c0f99607b8e73fb5a9e/dispersion_0_16?format=json" "txd7ecc2cb869347a8b9ed2-006a27e232" "proxy-server 10" 0.0165 "-" 20 0
Jun 9 09:51:47 np0000068138 container-server[113898]: 172.20.0.31 - - [09/Jun/2026:09:51:47 +0000] "PUT /d1/369/AUTH_68dfd5ca4a5f4c0f99607b8e73fb5a9e/dispersion_0_18" 201 - "PUT http://swift-public-openstack.apps-crc.testing/v1/AUTH_68dfd5ca4a5f4c0f99607b8e73fb5a9e/dispersion_0_18?format=json" "tx2bf125ad581b4c10a2c6c-006a27e233" "proxy-server 8" 0.0399 "-" 23 0
Jun 9 09:51:47 np0000068138 account-server[113684]: 172.20.0.103 - - [09/Jun/2026:09:51:47 +0000] "PUT /d1/288/AUTH_68dfd5ca4a5f4c0f99607b8e73fb5a9e/dispersion_0_14" 201 - "PUT http://172.20.0.103:6001/d1/220/AUTH_68dfd5ca4a5f4c0f99607b8e73fb5a9e/dispersion_0_14" "tx82b10c253fb5451d8319d-006a27e232" "container-server 17" 0.0056 "-" 20 0
Jun 9 09:51:47 np0000068138 container-server[113825]: 172.20.0.31 - - [09/Jun/2026:09:51:47 +0000] "PUT /d1/281/AUTH_68dfd5ca4a5f4c0f99607b8e73fb5a9e/dispersion_0_26" 201 - "PUT http://swift-public-openstack.apps-crc.testing/v1/AUTH_68dfd5ca4a5f4c0f99607b8e73fb5a9e/dispersion_0_26?format=json" "txdc8b1720375344ef9864f-006a27e233" "proxy-server 9" 0.0479 "-" 21 0
Jun 9 09:51:47 np0000068138 account-server[113684]: 172.20.0.103 - - [09/Jun/2026:09:51:47 +0000] "PUT /d1/288/AUTH_68dfd5ca4a5f4c0f99607b8e73fb5a9e/dispersion_0_25" 201 - "PUT http://172.20.0.103:6001/d1/624/AUTH_68dfd5ca4a5f4c0f99607b8e73fb5a9e/dispersion_0_25" "tx58363eb0b4714b84b43e3-006a27e233" "container-server 16" 0.0056 "-" 20 0
Jun 9 09:51:47 np0000068138 account-server[113684]: 172.20.0.103 - - [09/Jun/2026:09:51:47 +0000] "PUT /d1/288/AUTH_68dfd5ca4a5f4c0f99607b8e73fb5a9e/dispersion_0_27" 201 - "PUT http://172.20.0.103:6001/d1/28/AUTH_68dfd5ca4a5f4c0f99607b8e73fb5a9e/dispersion_0_27" "txc231687bd47f422381818-006a27e233" "container-server 16" 0.0050 "-" 20 0
Jun 9 09:51:47 np0000068138 container-server[113825]: 172.20.0.31 - - [09/Jun/2026:09:51:47 +0000] "PUT /d1/559/AUTH_68dfd5ca4a5f4c0f99607b8e73fb5a9e/dispersion_0_22" 201 - "PUT http://swift-public-openstack.apps-crc.testing/v1/AUTH_68dfd5ca4a5f4c0f99607b8e73fb5a9e/dispersion_0_22?format=json" "txf525f1aa85ea4ab5a7491-006a27e233" "proxy-server 6" 0.1104 "-" 21 0
Jun 9 09:51:47 np0000068138 container-server[113898]: 172.20.0.31 - - [09/Jun/2026:09:51:47 +0000] "PUT /d1/624/AUTH_68dfd5ca4a5f4c0f99607b8e73fb5a9e/dispersion_0_25" 201 - "PUT http://swift-public-openstack.apps-crc.testing/v1/AUTH_68dfd5ca4a5f4c0f99607b8e73fb5a9e/dispersion_0_25?format=json" "tx58363eb0b4714b84b43e3-006a27e233" "proxy-server 12" 0.0671 "-" 23 0
Jun 9 09:51:47 np0000068138 container-server[113840]: 172.20.0.31 - - [09/Jun/2026:09:51:47 +0000] "PUT /d1/680/AUTH_68dfd5ca4a5f4c0f99607b8e73fb5a9e/dispersion_0_23" 201 - "PUT http://swift-public-openstack.apps-crc.testing/v1/AUTH_68dfd5ca4a5f4c0f99607b8e73fb5a9e/dispersion_0_23?format=json" "tx1dc2bf846e4e4001b9999-006a27e233" "proxy-server 5" 0.0965 "-" 22 0
Jun 9 09:51:47 np0000068138 container-server[113825]: 172.20.0.31 - - [09/Jun/2026:09:51:47 +0000] "PUT /d1/336/AUTH_68dfd5ca4a5f4c0f99607b8e73fb5a9e/dispersion_0_30" 201 - "PUT http://swift-public-openstack.apps-crc.testing/v1/AUTH_68dfd5ca4a5f4c0f99607b8e73fb5a9e/dispersion_0_30?format=json" "txc8eace8be10b4adaa13e9-006a27e233" "proxy-server 12" 0.0177 "-" 21 0
Jun 9 09:51:47 np0000068138 account-server[113692]: 172.20.0.104 - - [09/Jun/2026:09:51:47 +0000] "PUT /d1/288/AUTH_68dfd5ca4a5f4c0f99607b8e73fb5a9e/dispersion_0_29" 201 - "PUT http://172.20.0.104:6001/d1/243/AUTH_68dfd5ca4a5f4c0f99607b8e73fb5a9e/dispersion_0_29" "txf5d0b593f6514523baea5-006a27e233" "container-server 22" 0.0180 "-" 22 0
Jun 9 09:51:47 np0000068138 container-server[113840]: 172.20.0.31 - - [09/Jun/2026:09:51:47 +0000] "PUT /d1/243/AUTH_68dfd5ca4a5f4c0f99607b8e73fb5a9e/dispersion_0_29" 201 - "PUT http://swift-public-openstack.apps-crc.testing/v1/AUTH_68dfd5ca4a5f4c0f99607b8e73fb5a9e/dispersion_0_29?format=json" "txf5d0b593f6514523baea5-006a27e233" "proxy-server 11" 0.0343 "-" 22 0
Jun 9 09:51:47 np0000068138 account-server[113732]: 172.20.0.103 - - [09/Jun/2026:09:51:47 +0000] "PUT /d1/288/AUTH_68dfd5ca4a5f4c0f99607b8e73fb5a9e/dispersion_0_24" 201 - "PUT http://172.20.0.103:6001/d1/452/AUTH_68dfd5ca4a5f4c0f99607b8e73fb5a9e/dispersion_0_24" "tx72cb3b186d924420b8ac0-006a27e233" "container-server 14" 0.0165 "-" 23 0
Jun 9 09:51:47 np0000068138 container-server[113898]: 172.20.0.31 - - [09/Jun/2026:09:51:47 +0000] "PUT /d1/28/AUTH_68dfd5ca4a5f4c0f99607b8e73fb5a9e/dispersion_0_27" 201 - "PUT http://swift-public-openstack.apps-crc.testing/v1/AUTH_68dfd5ca4a5f4c0f99607b8e73fb5a9e/dispersion_0_27?format=json" "txc231687bd47f422381818-006a27e233" "proxy-server 15" 0.0704 "-" 23 0
Jun 9 09:51:47 np0000068138 account-server[113688]: 172.20.0.103 - - [09/Jun/2026:09:51:47 +0000] "PUT /d1/288/AUTH_68dfd5ca4a5f4c0f99607b8e73fb5a9e/dispersion_0_23" 201 - "PUT http://172.20.0.103:6001/d1/680/AUTH_68dfd5ca4a5f4c0f99607b8e73fb5a9e/dispersion_0_23" "tx1dc2bf846e4e4001b9999-006a27e233" "container-server 17" 0.0471 "-" 21 0
Jun 9 09:51:47 np0000068138 container-server[113840]: 172.20.0.31 - - [09/Jun/2026:09:51:47 +0000] "PUT /d1/77/AUTH_68dfd5ca4a5f4c0f99607b8e73fb5a9e/dispersion_0_15" 201 - "PUT http://swift-public-openstack.apps-crc.testing/v1/AUTH_68dfd5ca4a5f4c0f99607b8e73fb5a9e/dispersion_0_15?format=json" "txb330904be33242de83c75-006a27e232" "proxy-server 9" 0.1316 "-" 22 0
Jun 9 09:51:47 np0000068138 account-server[113688]: 172.20.0.104 - - [09/Jun/2026:09:51:47 +0000] "PUT /d1/288/AUTH_68dfd5ca4a5f4c0f99607b8e73fb5a9e/dispersion_0_33" 201 - "PUT http://172.20.0.104:6001/d1/190/AUTH_68dfd5ca4a5f4c0f99607b8e73fb5a9e/dispersion_0_33" "txac9f688d6cdf442099446-006a27e233" "container-server 21" 0.0081 "-" 21 0
Jun 9 09:51:47 np0000068138 container-server[113825]: 172.20.0.31 - - [09/Jun/2026:09:51:47 +0000] "PUT /d1/190/AUTH_68dfd5ca4a5f4c0f99607b8e73fb5a9e/dispersion_0_33" 201 - "PUT http://swift-public-openstack.apps-crc.testing/v1/AUTH_68dfd5ca4a5f4c0f99607b8e73fb5a9e/dispersion_0_33?format=json" "txac9f688d6cdf442099446-006a27e233" "proxy-server 10" 0.0245 "-" 21 0
Jun 9 09:51:47 np0000068138 account-server[113688]: 172.20.0.103 - - [09/Jun/2026:09:51:47 +0000] "PUT /d1/288/AUTH_68dfd5ca4a5f4c0f99607b8e73fb5a9e/dispersion_0_26" 201 - "PUT http://172.20.0.103:6001/d1/281/AUTH_68dfd5ca4a5f4c0f99607b8e73fb5a9e/dispersion_0_26" "txdc8b1720375344ef9864f-006a27e233" "container-server 14" 0.0051 "-" 21 0
Jun 9 09:51:47 np0000068138 container-server[113823]: 172.20.0.31 - - [09/Jun/2026:09:51:47 +0000] "PUT /d1/739/AUTH_68dfd5ca4a5f4c0f99607b8e73fb5a9e/dispersion_0_32" 201 - "PUT http://swift-public-openstack.apps-crc.testing/v1/AUTH_68dfd5ca4a5f4c0f99607b8e73fb5a9e/dispersion_0_32?format=json" "tx38214e6b08a34c328157a-006a27e233" "proxy-server 6" 0.0492 "-" 20 0
Jun 9 09:51:47 np0000068138 account-server[113688]: 172.20.0.105 - - [09/Jun/2026:09:51:47 +0000] "PUT /d1/288/AUTH_68dfd5ca4a5f4c0f99607b8e73fb5a9e/dispersion_0_28" 201 - "PUT http://172.20.0.105:6001/d1/600/AUTH_68dfd5ca4a5f4c0f99607b8e73fb5a9e/dispersion_0_28" "txb191edac9d2243f88ca0b-006a27e233" "container-server 21" 0.0054 "-" 21 0
Jun 9 09:51:47 np0000068138 account-server[113688]: 172.20.0.104 - - [09/Jun/2026:09:51:47 +0000] "PUT /d1/288/AUTH_68dfd5ca4a5f4c0f99607b8e73fb5a9e/dispersion_0_35" 201 - "PUT http://172.20.0.104:6001/d1/106/AUTH_68dfd5ca4a5f4c0f99607b8e73fb5a9e/dispersion_0_35" "tx71d114c7bf4447b0ab9db-006a27e233" "container-server 21" 0.0106 "-" 21 0
Jun 9 09:51:47 np0000068138 container-server[113825]: 172.20.0.31 - - [09/Jun/2026:09:51:47 +0000] "PUT /d1/106/AUTH_68dfd5ca4a5f4c0f99607b8e73fb5a9e/dispersion_0_35" 201 - "PUT http://swift-public-openstack.apps-crc.testing/v1/AUTH_68dfd5ca4a5f4c0f99607b8e73fb5a9e/dispersion_0_35?format=json" "tx71d114c7bf4447b0ab9db-006a27e233" "proxy-server 15" 0.0266 "-" 21 0
Jun 9 09:51:47 np0000068138 account-server[113692]: 172.20.0.104 - - [09/Jun/2026:09:51:47 +0000] "PUT /d1/288/AUTH_68dfd5ca4a5f4c0f99607b8e73fb5a9e/dispersion_0_31" 201 - "PUT http://172.20.0.104:6001/d1/315/AUTH_68dfd5ca4a5f4c0f99607b8e73fb5a9e/dispersion_0_31" "tx5d04822342c14800bb4ff-006a27e233" "container-server 21" 0.0090 "-" 22 0
Jun 9 09:51:47 np0000068138 container-server[113825]: 172.20.0.31 - - [09/Jun/2026:09:51:47 +0000] "PUT /d1/315/AUTH_68dfd5ca4a5f4c0f99607b8e73fb5a9e/dispersion_0_31" 201 - "PUT http://swift-public-openstack.apps-crc.testing/v1/AUTH_68dfd5ca4a5f4c0f99607b8e73fb5a9e/dispersion_0_31?format=json" "tx5d04822342c14800bb4ff-006a27e233" "proxy-server 13" 0.0219 "-" 21 0
Jun 9 09:51:47 np0000068138 account-server[113688]: 172.20.0.103 - - [09/Jun/2026:09:51:47 +0000] "PUT /d1/288/AUTH_68dfd5ca4a5f4c0f99607b8e73fb5a9e/dispersion_0_30" 201 - "PUT http://172.20.0.103:6001/d1/336/AUTH_68dfd5ca4a5f4c0f99607b8e73fb5a9e/dispersion_0_30" "txc8eace8be10b4adaa13e9-006a27e233" "container-server 14" 0.0053 "-" 21 0
Jun 9 09:51:47 np0000068138 account-server[113732]: 172.20.0.105 - - [09/Jun/2026:09:51:47 +0000] "PUT /d1/288/AUTH_68dfd5ca4a5f4c0f99607b8e73fb5a9e/dispersion_0_32" 201 - "PUT http://172.20.0.105:6001/d1/739/AUTH_68dfd5ca4a5f4c0f99607b8e73fb5a9e/dispersion_0_32" "tx38214e6b08a34c328157a-006a27e233" "container-server 20" 0.0463 "-" 23 0
Jun 9 09:51:47 np0000068138 container-server[113898]: 172.20.0.31 - - [09/Jun/2026:09:51:47 +0000] "PUT /d1/600/AUTH_68dfd5ca4a5f4c0f99607b8e73fb5a9e/dispersion_0_28" 201 - "PUT http://swift-public-openstack.apps-crc.testing/v1/AUTH_68dfd5ca4a5f4c0f99607b8e73fb5a9e/dispersion_0_28?format=json" "txb191edac9d2243f88ca0b-006a27e233" "proxy-server 13" 0.0713 "-" 23 0
Jun 9 09:51:47 np0000068138 account-server[113692]: 172.20.0.105 - - [09/Jun/2026:09:51:47 +0000] "PUT /d1/288/AUTH_68dfd5ca4a5f4c0f99607b8e73fb5a9e/dispersion_0_34" 201 - "PUT http://172.20.0.105:6001/d1/698/AUTH_68dfd5ca4a5f4c0f99607b8e73fb5a9e/dispersion_0_34" "tx005134b1411144f9a5fac-006a27e233" "container-server 21" 0.0519 "-" 22 0
Jun 9 09:51:47 np0000068138 account-server[113688]: 172.20.0.104 - - [09/Jun/2026:09:51:47 +0000] "PUT /d1/288/AUTH_68dfd5ca4a5f4c0f99607b8e73fb5a9e/dispersion_0_38" 201 - "PUT http://172.20.0.104:6001/d1/108/AUTH_68dfd5ca4a5f4c0f99607b8e73fb5a9e/dispersion_0_38" "tx2ea8cb9788b343af82caa-006a27e233" "container-server 22" 0.0068 "-" 21 0
Jun 9 09:51:47 np0000068138 container-server[113825]: 172.20.0.31 - - [09/Jun/2026:09:51:47 +0000] "PUT /d1/42/AUTH_68dfd5ca4a5f4c0f99607b8e73fb5a9e/dispersion_0_9" 201 - "PUT http://swift-public-openstack.apps-crc.testing/v1/AUTH_68dfd5ca4a5f4c0f99607b8e73fb5a9e/dispersion_0_9?format=json" "txfc402b6a52d549dfbb25b-006a27e232" "proxy-server 12" 0.2333 "-" 21 0
Jun 9 09:51:47 np0000068138 container-server[113840]: 172.20.0.31 - - [09/Jun/2026:09:51:47 +0000] "PUT /d1/108/AUTH_68dfd5ca4a5f4c0f99607b8e73fb5a9e/dispersion_0_38" 201 - "PUT http://swift-public-openstack.apps-crc.testing/v1/AUTH_68dfd5ca4a5f4c0f99607b8e73fb5a9e/dispersion_0_38?format=json" "tx2ea8cb9788b343af82caa-006a27e233" "proxy-server 9" 0.0188 "-" 22 0
Jun 9 09:51:47 np0000068138 account-server[113684]: 172.20.0.103 - - [09/Jun/2026:09:51:47 +0000] "PUT /d1/288/AUTH_68dfd5ca4a5f4c0f99607b8e73fb5a9e/dispersion_0_37" 201 - "PUT http://172.20.0.103:6001/d1/297/AUTH_68dfd5ca4a5f4c0f99607b8e73fb5a9e/dispersion_0_37" "txd53f7d1aa109412d8efac-006a27e233" "container-server 15" 0.0185 "-" 20 0
Jun 9 09:51:47 np0000068138 container-server[113898]: 172.20.0.31 - - [09/Jun/2026:09:51:47 +0000] "PUT /d1/698/AUTH_68dfd5ca4a5f4c0f99607b8e73fb5a9e/dispersion_0_34" 201 - "PUT http://swift-public-openstack.apps-crc.testing/v1/AUTH_68dfd5ca4a5f4c0f99607b8e73fb5a9e/dispersion_0_34?format=json" "tx005134b1411144f9a5fac-006a27e233" "proxy-server 12" 0.0886 "-" 23 0
Jun 9 09:51:47 np0000068138 account-server[113732]: 172.20.0.103 - - [09/Jun/2026:09:51:47 +0000] "PUT /d1/288/AUTH_68dfd5ca4a5f4c0f99607b8e73fb5a9e/dispersion_0_36" 201 - "PUT http://172.20.0.103:6001/d1/686/AUTH_68dfd5ca4a5f4c0f99607b8e73fb5a9e/dispersion_0_36" "tx157ed0df0fb041cb8e5fe-006a27e233" "container-server 15" 0.0265 "-" 23 0
Jun 9 09:51:47 np0000068138 container-server[113823]: 172.20.0.31 - - [09/Jun/2026:09:51:47 +0000] "PUT /d1/220/AUTH_68dfd5ca4a5f4c0f99607b8e73fb5a9e/dispersion_0_14" 201 - "PUT http://swift-public-openstack.apps-crc.testing/v1/AUTH_68dfd5ca4a5f4c0f99607b8e73fb5a9e/dispersion_0_14?format=json" "tx82b10c253fb5451d8319d-006a27e232" "proxy-server 15" 0.2402 "-" 20 0
Jun 9 09:51:47 np0000068138 account-server[113684]: 172.20.0.103 - - [09/Jun/2026:09:51:47 +0000] "PUT /d1/288/AUTH_68dfd5ca4a5f4c0f99607b8e73fb5a9e/dispersion_0_39" 201 - "PUT http://172.20.0.103:6001/d1/465/AUTH_68dfd5ca4a5f4c0f99607b8e73fb5a9e/dispersion_0_39" "txbe92d5a092674bcb92dd9-006a27e233" "container-server 14" 0.0151 "-" 20 0
Jun 9 09:51:47 np0000068138 account-server[113688]: 172.20.0.104 - - [09/Jun/2026:09:51:47 +0000] "PUT /d1/288/AUTH_68dfd5ca4a5f4c0f99607b8e73fb5a9e/dispersion_0_41" 201 - "PUT http://172.20.0.104:6001/d1/288/AUTH_68dfd5ca4a5f4c0f99607b8e73fb5a9e/dispersion_0_41" "txc5e77df5176e46c3bfa3b-006a27e233" "container-server 21" 0.0054 "-" 21 0
Jun 9 09:51:47 np0000068138 container-server[113825]: 172.20.0.31 - - [09/Jun/2026:09:51:47 +0000] "PUT /d1/288/AUTH_68dfd5ca4a5f4c0f99607b8e73fb5a9e/dispersion_0_41" 201 - "PUT http://swift-public-openstack.apps-crc.testing/v1/AUTH_68dfd5ca4a5f4c0f99607b8e73fb5a9e/dispersion_0_41?format=json" "txc5e77df5176e46c3bfa3b-006a27e233" "proxy-server 12" 0.0192 "-" 21 0
Jun 9 09:51:47 np0000068138 account-server[113688]: 172.20.0.104 - - [09/Jun/2026:09:51:47 +0000] "PUT /d1/288/AUTH_68dfd5ca4a5f4c0f99607b8e73fb5a9e/dispersion_0_40" 201 - "PUT http://172.20.0.104:6001/d1/298/AUTH_68dfd5ca4a5f4c0f99607b8e73fb5a9e/dispersion_0_40" "tx36f4b9b68f9b4fb990607-006a27e233" "container-server 23" 0.0258 "-" 21 0
Jun 9 09:51:47 np0000068138 container-server[113898]: 172.20.0.31 - - [09/Jun/2026:09:51:47 +0000] "PUT /d1/298/AUTH_68dfd5ca4a5f4c0f99607b8e73fb5a9e/dispersion_0_40" 201 - "PUT http://swift-public-openstack.apps-crc.testing/v1/AUTH_68dfd5ca4a5f4c0f99607b8e73fb5a9e/dispersion_0_40?format=json" "tx36f4b9b68f9b4fb990607-006a27e233" "proxy-server 6" 0.0407 "-" 23 0
Jun 9 09:51:47 np0000068138 container-server[113823]: 172.20.0.31 - - [09/Jun/2026:09:51:47 +0000] "PUT /d1/465/AUTH_68dfd5ca4a5f4c0f99607b8e73fb5a9e/dispersion_0_39" 201 - "PUT http://swift-public-openstack.apps-crc.testing/v1/AUTH_68dfd5ca4a5f4c0f99607b8e73fb5a9e/dispersion_0_39?format=json" "txbe92d5a092674bcb92dd9-006a27e233" "proxy-server 10" 0.0604 "-" 20 0
Jun 9 09:51:47 np0000068138 container-server[113825]: 172.20.0.31 - - [09/Jun/2026:09:51:47 +0000] "PUT /d1/787/AUTH_68dfd5ca4a5f4c0f99607b8e73fb5a9e/dispersion_0_19" 201 - "PUT http://swift-public-openstack.apps-crc.testing/v1/AUTH_68dfd5ca4a5f4c0f99607b8e73fb5a9e/dispersion_0_19?format=json" "txf2116caa820649869b592-006a27e233" "proxy-server 5" 0.3246 "-" 21 0
Jun 9 09:51:47 np0000068138 account-server[113692]: 172.20.0.104 - - [09/Jun/2026:09:51:47 +0000] "PUT /d1/288/AUTH_68dfd5ca4a5f4c0f99607b8e73fb5a9e/dispersion_0_42" 201 - "PUT http://172.20.0.104:6001/d1/868/AUTH_68dfd5ca4a5f4c0f99607b8e73fb5a9e/dispersion_0_42" "txe201c810dbb246f8b3d1c-006a27e233" "container-server 21" 0.0045 "-" 22 0
Jun 9 09:51:47 np0000068138 container-server[113825]: 172.20.0.31 - - [09/Jun/2026:09:51:47 +0000] "PUT /d1/868/AUTH_68dfd5ca4a5f4c0f99607b8e73fb5a9e/dispersion_0_42" 201 - "PUT http://swift-public-openstack.apps-crc.testing/v1/AUTH_68dfd5ca4a5f4c0f99607b8e73fb5a9e/dispersion_0_42?format=json" "txe201c810dbb246f8b3d1c-006a27e233" "proxy-server 12" 0.0393 "-" 21 0
Jun 9 09:51:47 np0000068138 account-server[113732]: 172.20.0.105 - - [09/Jun/2026:09:51:47 +0000] "PUT /d1/288/AUTH_68dfd5ca4a5f4c0f99607b8e73fb5a9e/dispersion_0_43" 201 - "PUT http://172.20.0.105:6001/d1/1001/AUTH_68dfd5ca4a5f4c0f99607b8e73fb5a9e/dispersion_0_43" "tx32faff28b172439c95b1c-006a27e233" "container-server 22" 0.0071 "-" 23 0
