2026-06-09 07:48:12.987 18 DEBUG neutron.wsgi [-] (18) accepted ('192.168.122.100', 33504) server /usr/lib/python3.9/site-packages/eventlet/wsgi.py:992
2026-06-09 07:48:12.991 18 INFO neutron.wsgi [-] 192.168.122.100 "GET /healthcheck HTTP/1.0" status: 200 len: 137 time: 0.0024829
2026-06-09 07:48:14.991 17 DEBUG neutron.wsgi [-] (17) accepted ('192.168.122.100', 53728) server /usr/lib/python3.9/site-packages/eventlet/wsgi.py:992
2026-06-09 07:48:14.996 17 INFO neutron.wsgi [-] 192.168.122.100 "GET /healthcheck HTTP/1.0" status: 200 len: 137 time: 0.0030529
2026-06-09 07:48:16.998 18 DEBUG neutron.wsgi [-] (18) accepted ('192.168.122.100', 53734) server /usr/lib/python3.9/site-packages/eventlet/wsgi.py:992
2026-06-09 07:48:17.001 18 INFO neutron.wsgi [-] 192.168.122.100 "GET /healthcheck HTTP/1.0" status: 200 len: 137 time: 0.0017679
2026-06-09 07:48:19.003 15 DEBUG neutron.wsgi [-] (15) accepted ('192.168.122.100', 53738) server /usr/lib/python3.9/site-packages/eventlet/wsgi.py:992
2026-06-09 07:48:19.012 15 INFO neutron.wsgi [-] 192.168.122.100 "GET /healthcheck HTTP/1.0" status: 200 len: 137 time: 0.0071487
2026-06-09 07:48:21.014 16 DEBUG neutron.wsgi [-] (16) accepted ('192.168.122.100', 53746) server /usr/lib/python3.9/site-packages/eventlet/wsgi.py:992
2026-06-09 07:48:21.016 16 INFO neutron.wsgi [-] 192.168.122.100 "GET /healthcheck HTTP/1.0" status: 200 len: 137 time: 0.0017862
2026-06-09 07:48:21.180 16 DEBUG neutron.wsgi [-] (16) accepted ('192.168.122.100', 53754) server /usr/lib/python3.9/site-packages/eventlet/wsgi.py:992
2026-06-09 07:48:21.184 16 INFO neutron.wsgi [-] 192.168.122.100 "GET / HTTP/1.1" status: 200 len: 233 time: 0.0026348
2026-06-09 07:48:23.018 16 DEBUG neutron.wsgi [-] (16) accepted ('192.168.122.100', 53762) server /usr/lib/python3.9/site-packages/eventlet/wsgi.py:992
2026-06-09 07:48:23.021 16 INFO neutron.wsgi [-] 192.168.122.100 "GET /healthcheck HTTP/1.0" status: 200 len: 137 time: 0.0026751
2026-06-09 07:48:25.021 17 DEBUG neutron.wsgi [-] (17) accepted ('192.168.122.100', 46602) server /usr/lib/python3.9/site-packages/eventlet/wsgi.py:992
2026-06-09 07:48:25.023 17 INFO neutron.wsgi [-] 192.168.122.100 "GET /healthcheck HTTP/1.0" status: 200 len: 137 time: 0.0012386
2026-06-09 07:48:27.025 17 DEBUG neutron.wsgi [-] (17) accepted ('192.168.122.100', 46616) server /usr/lib/python3.9/site-packages/eventlet/wsgi.py:992
2026-06-09 07:48:27.028 17 INFO neutron.wsgi [-] 192.168.122.100 "GET /healthcheck HTTP/1.0" status: 200 len: 137 time: 0.0024562
2026-06-09 07:48:29.030 18 DEBUG neutron.wsgi [-] (18) accepted ('192.168.122.100', 46630) server /usr/lib/python3.9/site-packages/eventlet/wsgi.py:992
2026-06-09 07:48:29.033 18 INFO neutron.wsgi [-] 192.168.122.100 "GET /healthcheck HTTP/1.0" status: 200 len: 137 time: 0.0026045
2026-06-09 07:48:31.035 16 DEBUG neutron.wsgi [-] (16) accepted ('192.168.122.100', 46638) server /usr/lib/python3.9/site-packages/eventlet/wsgi.py:992
2026-06-09 07:48:31.039 16 INFO neutron.wsgi [-] 192.168.122.100 "GET /healthcheck HTTP/1.0" status: 200 len: 137 time: 0.0026903
2026-06-09 07:48:33.040 16 DEBUG neutron.wsgi [-] (16) accepted ('192.168.122.100', 46650) server /usr/lib/python3.9/site-packages/eventlet/wsgi.py:992
2026-06-09 07:48:33.042 16 INFO neutron.wsgi [-] 192.168.122.100 "GET /healthcheck HTTP/1.0" status: 200 len: 137 time: 0.0012343
2026-06-09 07:48:35.044 18 DEBUG neutron.wsgi [-] (18) accepted ('192.168.122.100', 46494) server /usr/lib/python3.9/site-packages/eventlet/wsgi.py:992
2026-06-09 07:48:35.048 18 INFO neutron.wsgi [-] 192.168.122.100 "GET /healthcheck HTTP/1.0" status: 200 len: 137 time: 0.0025871
2026-06-09 07:48:37.049 16 DEBUG neutron.wsgi [-] (16) accepted ('192.168.122.100', 46510) server /usr/lib/python3.9/site-packages/eventlet/wsgi.py:992
2026-06-09 07:48:37.051 16 INFO neutron.wsgi [-] 192.168.122.100 "GET /healthcheck HTTP/1.0" status: 200 len: 137 time: 0.0012515
2026-06-09 07:48:39.053 15 DEBUG neutron.wsgi [-] (15) accepted ('192.168.122.100', 46512) server /usr/lib/python3.9/site-packages/eventlet/wsgi.py:992
2026-06-09 07:48:39.057 15 INFO neutron.wsgi [-] 192.168.122.100 "GET /healthcheck HTTP/1.0" status: 200 len: 137 time: 0.0026278
2026-06-09 07:48:41.059 15 DEBUG neutron.wsgi [-] (15) accepted ('192.168.122.100', 46524) server /usr/lib/python3.9/site-packages/eventlet/wsgi.py:992
2026-06-09 07:48:41.062 15 INFO neutron.wsgi [-] 192.168.122.100 "GET /healthcheck HTTP/1.0" status: 200 len: 137 time: 0.0024254
2026-06-09 07:48:43.064 16 DEBUG neutron.wsgi [-] (16) accepted ('192.168.122.100', 46528) server /usr/lib/python3.9/site-packages/eventlet/wsgi.py:992
2026-06-09 07:48:43.067 16 INFO neutron.wsgi [-] 192.168.122.100 "GET /healthcheck HTTP/1.0" status: 200 len: 137 time: 0.0024421
2026-06-09 07:48:45.069 15 DEBUG neutron.wsgi [-] (15) accepted ('192.168.122.100', 34654) server /usr/lib/python3.9/site-packages/eventlet/wsgi.py:992
2026-06-09 07:48:45.072 15 INFO neutron.wsgi [-] 192.168.122.100 "GET /healthcheck HTTP/1.0" status: 200 len: 137 time: 0.0024455
2026-06-09 07:48:47.075 15 DEBUG neutron.wsgi [-] (15) accepted ('192.168.122.100', 34666) server /usr/lib/python3.9/site-packages/eventlet/wsgi.py:992
2026-06-09 07:48:47.079 15 INFO neutron.wsgi [-] 192.168.122.100 "GET /healthcheck HTTP/1.0" status: 200 len: 137 time: 0.0026915
2026-06-09 07:48:49.080 16 DEBUG neutron.wsgi [-] (16) accepted ('192.168.122.100', 34670) server /usr/lib/python3.9/site-packages/eventlet/wsgi.py:992
2026-06-09 07:48:49.083 16 INFO neutron.wsgi [-] 192.168.122.100 "GET /healthcheck HTTP/1.0" status: 200 len: 137 time: 0.0017109
2026-06-09 07:48:51.085 15 DEBUG neutron.wsgi [-] (15) accepted ('192.168.122.100', 34674) server /usr/lib/python3.9/site-packages/eventlet/wsgi.py:992
2026-06-09 07:48:51.088 15 INFO neutron.wsgi [-] 192.168.122.100 "GET /healthcheck HTTP/1.0" status: 200 len: 137 time: 0.0026436
2026-06-09 07:48:52.259 18 DEBUG neutron.wsgi [-] (18) accepted ('192.168.122.100', 34676) server /usr/lib/python3.9/site-packages/eventlet/wsgi.py:992
2026-06-09 07:48:52.262 18 INFO neutron.wsgi [-] 192.168.122.100 "GET / HTTP/1.1" status: 200 len: 233 time: 0.0024910
2026-06-09 07:48:53.090 15 DEBUG neutron.wsgi [-] (15) accepted ('192.168.122.100', 34682) server /usr/lib/python3.9/site-packages/eventlet/wsgi.py:992
2026-06-09 07:48:53.092 15 INFO neutron.wsgi [-] 192.168.122.100 "GET /healthcheck HTTP/1.0" status: 200 len: 137 time: 0.0012972
2026-06-09 07:48:55.094 15 DEBUG neutron.wsgi [-] (15) accepted ('192.168.122.100', 55300) server /usr/lib/python3.9/site-packages/eventlet/wsgi.py:992
2026-06-09 07:48:55.098 15 INFO neutron.wsgi [-] 192.168.122.100 "GET /healthcheck HTTP/1.0" status: 200 len: 137 time: 0.0027213
2026-06-09 07:48:57.100 16 DEBUG neutron.wsgi [-] (16) accepted ('192.168.122.100', 55304) server /usr/lib/python3.9/site-packages/eventlet/wsgi.py:992
2026-06-09 07:48:57.104 16 INFO neutron.wsgi [-] 192.168.122.100 "GET /healthcheck HTTP/1.0" status: 200 len: 137 time: 0.0024171
2026-06-09 07:48:59.106 16 DEBUG neutron.wsgi [-] (16) accepted ('192.168.122.100', 55316) server /usr/lib/python3.9/site-packages/eventlet/wsgi.py:992
2026-06-09 07:48:59.110 16 INFO neutron.wsgi [-] 192.168.122.100 "GET /healthcheck HTTP/1.0" status: 200 len: 137 time: 0.0025034
2026-06-09 07:49:01.111 18 DEBUG neutron.wsgi [-] (18) accepted ('192.168.122.100', 55332) server /usr/lib/python3.9/site-packages/eventlet/wsgi.py:992
2026-06-09 07:49:01.113 18 INFO neutron.wsgi [-] 192.168.122.100 "GET /healthcheck HTTP/1.0" status: 200 len: 137 time: 0.0013430
2026-06-09 07:49:03.115 17 DEBUG neutron.wsgi [-] (17) accepted ('192.168.122.100', 55334) server /usr/lib/python3.9/site-packages/eventlet/wsgi.py:992
2026-06-09 07:49:03.116 17 INFO neutron.wsgi [-] 192.168.122.100 "GET /healthcheck HTTP/1.0" status: 200 len: 137 time: 0.0012448
2026-06-09 07:49:05.118 17 DEBUG neutron.wsgi [-] (17) accepted ('192.168.122.100', 48214) server /usr/lib/python3.9/site-packages/eventlet/wsgi.py:992
2026-06-09 07:49:05.120 17 INFO neutron.wsgi [-] 192.168.122.100 "GET /healthcheck HTTP/1.0" status: 200 len: 137 time: 0.0015962
2026-06-09 07:49:07.123 18 DEBUG neutron.wsgi [-] (18) accepted ('192.168.122.100', 48230) server /usr/lib/python3.9/site-packages/eventlet/wsgi.py:992
2026-06-09 07:49:07.126 18 INFO neutron.wsgi [-] 192.168.122.100 "GET /healthcheck HTTP/1.0" status: 200 len: 137 time: 0.0024798
2026-06-09 07:49:09.128 18 DEBUG neutron.wsgi [-] (18) accepted ('192.168.122.100', 48240) server /usr/lib/python3.9/site-packages/eventlet/wsgi.py:992
2026-06-09 07:49:09.131 18 INFO neutron.wsgi [-] 192.168.122.100 "GET /healthcheck HTTP/1.0" status: 200 len: 137 time: 0.0015554
2026-06-09 07:49:11.133 18 DEBUG neutron.wsgi [-] (18) accepted ('192.168.122.100', 48246) server /usr/lib/python3.9/site-packages/eventlet/wsgi.py:992
2026-06-09 07:49:11.137 18 INFO neutron.wsgi [-] 192.168.122.100 "GET /healthcheck HTTP/1.0" status: 200 len: 137 time: 0.0025201
2026-06-09 07:49:13.138 16 DEBUG neutron.wsgi [-] (16) accepted ('192.168.122.100', 48260) server /usr/lib/python3.9/site-packages/eventlet/wsgi.py:992
2026-06-09 07:49:13.141 16 INFO neutron.wsgi [-] 192.168.122.100 "GET /healthcheck HTTP/1.0" status: 200 len: 137 time: 0.0016174
2026-06-09 07:49:15.143 15 DEBUG neutron.wsgi [-] (15) accepted ('192.168.122.100', 33294) server /usr/lib/python3.9/site-packages/eventlet/wsgi.py:992
2026-06-09 07:49:15.145 15 INFO neutron.wsgi [-] 192.168.122.100 "GET /healthcheck HTTP/1.0" status: 200 len: 137 time: 0.0016856
2026-06-09 07:49:17.147 16 DEBUG neutron.wsgi [-] (16) accepted ('192.168.122.100', 33304) server /usr/lib/python3.9/site-packages/eventlet/wsgi.py:992
2026-06-09 07:49:17.151 16 INFO neutron.wsgi [-] 192.168.122.100 "GET /healthcheck HTTP/1.0" status: 200 len: 137 time: 0.0026355
2026-06-09 07:49:19.152 18 DEBUG neutron.wsgi [-] (18) accepted ('192.168.122.100', 33316) server /usr/lib/python3.9/site-packages/eventlet/wsgi.py:992
2026-06-09 07:49:19.156 18 INFO neutron.wsgi [-] 192.168.122.100 "GET /healthcheck HTTP/1.0" status: 200 len: 137 time: 0.0024605
2026-06-09 07:49:19.275 17 DEBUG neutron.wsgi [-] (17) accepted ('192.168.122.100', 33328) server /usr/lib/python3.9/site-packages/eventlet/wsgi.py:992
2026-06-09 07:49:19.932 17 DEBUG neutron.policy [req-dfdfa05a-a8d2-4bf8-98e2-f5213c422ead e12f675761644ddd8242872ea7b10d63 c72c190658434bf6bd212e5f84f978b9 - default default] Loaded default policies from ['networking-bgpvpn', 'neutron'] under neutron.policies entry points register_rules /usr/lib/python3.9/site-packages/neutron/policy.py:73
2026-06-09 07:49:19.957 17 INFO neutron.wsgi [req-dfdfa05a-a8d2-4bf8-98e2-f5213c422ead e12f675761644ddd8242872ea7b10d63 c72c190658434bf6bd212e5f84f978b9 - default default] 192.168.122.99,192.168.122.100 "GET /v2.0/networks?name=ctlplane HTTP/1.1" status: 200 len: 189 time: 0.6804788
2026-06-09 07:49:19.964 17 DEBUG neutron.api.v2.base [req-6f78a735-2359-4115-9c42-20258060438c e12f675761644ddd8242872ea7b10d63 c72c190658434bf6bd212e5f84f978b9 - default default] Request body: {'network': {'provider:physical_network': 'ctlplane', 'provider:network_type': 'flat', 'mtu': 1450, 'name': 'ctlplane', 'dns_domain': 'ctlplane.ooo.test.'}} prepare_request_body /usr/lib/python3.9/site-packages/neutron/api/v2/base.py:729
2026-06-09 07:49:19.980 17 DEBUG neutron.pecan_wsgi.hooks.quota_enforcement [req-6f78a735-2359-4115-9c42-20258060438c e12f675761644ddd8242872ea7b10d63 c72c190658434bf6bd212e5f84f978b9 - default default] Made reservation on behalf of c72c190658434bf6bd212e5f84f978b9 for: {'network': 1} before /usr/lib/python3.9/site-packages/neutron/pecan_wsgi/hooks/quota_enforcement.py:53
2026-06-09 07:49:19.981 17 DEBUG neutron_lib.callbacks.manager [req-6f78a735-2359-4115-9c42-20258060438c e12f675761644ddd8242872ea7b10d63 c72c190658434bf6bd212e5f84f978b9 - default default] Notify callbacks ['neutron.plugins.ml2.plugin.SecurityGroupDbMixin._ensure_default_security_group_handler-2064657'] for network, before_create _notify_loop /usr/lib/python3.9/site-packages/neutron_lib/callbacks/manager.py:200
2026-06-09 07:49:19.994 17 DEBUG neutron_lib.callbacks.manager [req-6f78a735-2359-4115-9c42-20258060438c e12f675761644ddd8242872ea7b10d63 c72c190658434bf6bd212e5f84f978b9 - default default] Notify callbacks [] for security_group, before_create _notify_loop /usr/lib/python3.9/site-packages/neutron_lib/callbacks/manager.py:200
2026-06-09 07:49:20.043 17 DEBUG neutron_lib.callbacks.manager [req-6f78a735-2359-4115-9c42-20258060438c e12f675761644ddd8242872ea7b10d63 c72c190658434bf6bd212e5f84f978b9 - default default] Notify callbacks [] for security_group, precommit_create _notify_loop /usr/lib/python3.9/site-packages/neutron_lib/callbacks/manager.py:200
2026-06-09 07:49:20.045 17 DEBUG neutron_lib.callbacks.manager [req-6f78a735-2359-4115-9c42-20258060438c e12f675761644ddd8242872ea7b10d63 c72c190658434bf6bd212e5f84f978b9 - default default] Notify callbacks ['neutron.plugins.ml2.ovo_rpc._ObjectChangeHandler.handle_event-654604'] for security_group, after_create _notify_loop /usr/lib/python3.9/site-packages/neutron_lib/callbacks/manager.py:200
2026-06-09 07:49:20.056 17 DEBUG neutron.plugins.ml2.drivers.type_flat [req-6f78a735-2359-4115-9c42-20258060438c e12f675761644ddd8242872ea7b10d63 c72c190658434bf6bd212e5f84f978b9 - default default] Reserving flat network on physical network ctlplane reserve_provider_segment /usr/lib/python3.9/site-packages/neutron/plugins/ml2/drivers/type_flat.py:100
2026-06-09 07:49:20.066 17 DEBUG neutron.api.rpc.handlers.resources_rpc [req-6f78a735-2359-4115-9c42-20258060438c e12f675761644ddd8242872ea7b10d63 c72c190658434bf6bd212e5f84f978b9 - - -] Pushing event updated for resources: {'SecurityGroup': ['ID=6ee4a699-852d-4cfe-8ce0-f2835b8bbcd0,revision_number=1']} push /usr/lib/python3.9/site-packages/neutron/api/rpc/handlers/resources_rpc.py:237
2026-06-09 07:49:20.067 17 DEBUG neutron_lib.callbacks.manager [req-6f78a735-2359-4115-9c42-20258060438c e12f675761644ddd8242872ea7b10d63 c72c190658434bf6bd212e5f84f978b9 - default default] Notify callbacks ['neutron.services.segments.db._add_segment_host_mapping_for_segment-8791205296231', 'neutron.plugins.ml2.plugin.Ml2Plugin._handle_segment_change-1766068'] for segment, precommit_create _notify_loop /usr/lib/python3.9/site-packages/neutron_lib/callbacks/manager.py:200
2026-06-09 07:49:20.069 17 DEBUG neutron.plugins.ml2.drivers.mech_agent [req-6f78a735-2359-4115-9c42-20258060438c e12f675761644ddd8242872ea7b10d63 c72c190658434bf6bd212e5f84f978b9 - default default] Checking segment: NetworkSegment(created_at=2026-06-09T07:49:20Z,description=,hosts=[],id=38ec3486-c35e-4ded-a138-cebab6bd40a7,is_dynamic=False,name=,network_id=6e9284f6-21c1-48c0-ade5-418e0ff5bb85,network_type='flat',physical_network='ctlplane',revision_number=0,segment_index=0,segmentation_id=None,updated_at=2026-06-09T07:49:20Z) for mappings: {'ctlplane': 'br-ctlplane'} with network types: ['local', 'flat', 'vlan'] check_segment_for_agent /usr/lib/python3.9/site-packages/neutron/plugins/ml2/drivers/mech_agent.py:343
2026-06-09 07:49:20.072 17 DEBUG neutron.api.rpc.callbacks.version_manager [req-6f78a735-2359-4115-9c42-20258060438c e12f675761644ddd8242872ea7b10d63 c72c190658434bf6bd212e5f84f978b9 - - -] Version for resource type AddressGroup changed None to 1.2 on consumer Open vSwitch agent@undercloud.ooo.test _set_version /usr/lib/python3.9/site-packages/neutron/api/rpc/callbacks/version_manager.py:113
2026-06-09 07:49:20.073 17 DEBUG neutron.api.rpc.callbacks.version_manager [req-6f78a735-2359-4115-9c42-20258060438c e12f675761644ddd8242872ea7b10d63 c72c190658434bf6bd212e5f84f978b9 - - -] Version for resource type ConntrackHelper changed None to 1.0 on consumer Open vSwitch agent@undercloud.ooo.test _set_version /usr/lib/python3.9/site-packages/neutron/api/rpc/callbacks/version_manager.py:113
2026-06-09 07:49:20.073 17 DEBUG neutron.api.rpc.callbacks.version_manager [req-6f78a735-2359-4115-9c42-20258060438c e12f675761644ddd8242872ea7b10d63 c72c190658434bf6bd212e5f84f978b9 - - -] Version for resource type Log changed None to 1.0 on consumer Open vSwitch agent@undercloud.ooo.test _set_version /usr/lib/python3.9/site-packages/neutron/api/rpc/callbacks/version_manager.py:113
2026-06-09 07:49:20.073 17 DEBUG neutron.api.rpc.callbacks.version_manager [req-6f78a735-2359-4115-9c42-20258060438c e12f675761644ddd8242872ea7b10d63 c72c190658434bf6bd212e5f84f978b9 - - -] Version for resource type Network changed None to 1.1 on consumer Open vSwitch agent@undercloud.ooo.test _set_version /usr/lib/python3.9/site-packages/neutron/api/rpc/callbacks/version_manager.py:113
2026-06-09 07:49:20.073 17 DEBUG neutron.api.rpc.callbacks.version_manager [req-6f78a735-2359-4115-9c42-20258060438c e12f675761644ddd8242872ea7b10d63 c72c190658434bf6bd212e5f84f978b9 - - -] Version for resource type Port changed None to 1.7 on consumer Open vSwitch agent@undercloud.ooo.test _set_version /usr/lib/python3.9/site-packages/neutron/api/rpc/callbacks/version_manager.py:113
2026-06-09 07:49:20.073 17 DEBUG neutron.api.rpc.callbacks.version_manager [req-6f78a735-2359-4115-9c42-20258060438c e12f675761644ddd8242872ea7b10d63 c72c190658434bf6bd212e5f84f978b9 - - -] Version for resource type PortForwarding changed None to 1.2 on consumer Open vSwitch agent@undercloud.ooo.test _set_version /usr/lib/python3.9/site-packages/neutron/api/rpc/callbacks/version_manager.py:113
2026-06-09 07:49:20.073 17 DEBUG neutron.api.rpc.callbacks.version_manager [req-6f78a735-2359-4115-9c42-20258060438c e12f675761644ddd8242872ea7b10d63 c72c190658434bf6bd212e5f84f978b9 - - -] Version for resource type QosPolicy changed None to 1.8 on consumer Open vSwitch agent@undercloud.ooo.test _set_version /usr/lib/python3.9/site-packages/neutron/api/rpc/callbacks/version_manager.py:113
2026-06-09 07:49:20.073 17 DEBUG neutron.api.rpc.callbacks.version_manager [req-6f78a735-2359-4115-9c42-20258060438c e12f675761644ddd8242872ea7b10d63 c72c190658434bf6bd212e5f84f978b9 - - -] Version for resource type SecurityGroup changed None to 1.5 on consumer Open vSwitch agent@undercloud.ooo.test _set_version /usr/lib/python3.9/site-packages/neutron/api/rpc/callbacks/version_manager.py:113
2026-06-09 07:49:20.073 17 DEBUG neutron.api.rpc.callbacks.version_manager [req-6f78a735-2359-4115-9c42-20258060438c e12f675761644ddd8242872ea7b10d63 c72c190658434bf6bd212e5f84f978b9 - - -] Version for resource type SecurityGroupRule changed None to 1.2 on consumer Open vSwitch agent@undercloud.ooo.test _set_version /usr/lib/python3.9/site-packages/neutron/api/rpc/callbacks/version_manager.py:113
2026-06-09 07:49:20.074 17 DEBUG neutron.api.rpc.callbacks.version_manager [req-6f78a735-2359-4115-9c42-20258060438c e12f675761644ddd8242872ea7b10d63 c72c190658434bf6bd212e5f84f978b9 - - -] Version for resource type SubPort changed None to 1.0 on consumer Open vSwitch agent@undercloud.ooo.test _set_version /usr/lib/python3.9/site-packages/neutron/api/rpc/callbacks/version_manager.py:113
2026-06-09 07:49:20.074 17 DEBUG neutron.api.rpc.callbacks.version_manager [req-6f78a735-2359-4115-9c42-20258060438c e12f675761644ddd8242872ea7b10d63 c72c190658434bf6bd212e5f84f978b9 - - -] Version for resource type Subnet changed None to 1.1 on consumer Open vSwitch agent@undercloud.ooo.test _set_version /usr/lib/python3.9/site-packages/neutron/api/rpc/callbacks/version_manager.py:113
2026-06-09 07:49:20.074 17 DEBUG neutron.api.rpc.callbacks.version_manager [req-6f78a735-2359-4115-9c42-20258060438c e12f675761644ddd8242872ea7b10d63 c72c190658434bf6bd212e5f84f978b9 - - -] Version for resource type Trunk changed None to 1.1 on consumer Open vSwitch agent@undercloud.ooo.test _set_version /usr/lib/python3.9/site-packages/neutron/api/rpc/callbacks/version_manager.py:113
2026-06-09 07:49:20.074 17 DEBUG neutron.api.rpc.callbacks.version_manager [req-6f78a735-2359-4115-9c42-20258060438c e12f675761644ddd8242872ea7b10d63 c72c190658434bf6bd212e5f84f978b9 - - -] Tracked resource versions report: pushed versions: { 'AddressGroup': {'1.2'}, 'ConntrackHelper': {'1.0'}, 'Log': {'1.0'}, 'Network': {'1.1'}, 'Port': {'1.7'}, 'PortForwarding': {'1.2'}, 'QosPolicy': {'1.8'}, 'SecurityGroup': {'1.5'}, 'SecurityGroupRule': {'1.2'}, 'SubPort': {'1.0'}, 'Subnet': {'1.1'}, 'Trunk': {'1.1'}} consumer versions: { DHCP agent@undercloud.ooo.test: {}, L3 agent@undercloud.ooo.test: {}, Open vSwitch agent@undercloud.ooo.test: { 'AddressGroup': '1.2', 'ConntrackHelper': '1.0', 'Log': '1.0', 'Network': '1.1', 'Port': '1.7', 'PortForwarding': '1.2', 'QosPolicy': '1.8', 'SecurityGroup': '1.5', 'SecurityGroupRule': '1.2', 'SubPort': '1.0', 'Subnet': '1.1', 'Trunk': '1.1'}} report /usr/lib/python3.9/site-packages/neutron/api/rpc/callbacks/version_manager.py:175
2026-06-09 07:49:20.086 17 DEBUG neutron.services.segments.db [req-6f78a735-2359-4115-9c42-20258060438c e12f675761644ddd8242872ea7b10d63 c72c190658434bf6bd212e5f84f978b9 - default default] Segment 38ec3486-c35e-4ded-a138-cebab6bd40a7 mapped to the hosts {'undercloud.ooo.test'} map_segment_to_hosts /usr/lib/python3.9/site-packages/neutron/services/segments/db.py:339
2026-06-09 07:49:20.086 17 INFO neutron.db.segments_db [req-6f78a735-2359-4115-9c42-20258060438c e12f675761644ddd8242872ea7b10d63 c72c190658434bf6bd212e5f84f978b9 - default default] Added segment 38ec3486-c35e-4ded-a138-cebab6bd40a7 of type flat for network 6e9284f6-21c1-48c0-ade5-418e0ff5bb85
2026-06-09 07:49:20.125 17 DEBUG neutron_lib.callbacks.manager [req-6f78a735-2359-4115-9c42-20258060438c e12f675761644ddd8242872ea7b10d63 c72c190658434bf6bd212e5f84f978b9 - default default] Notify callbacks ['neutron.services.auto_allocate.db._ensure_external_network_default_value_callback-8791204650298'] for network, precommit_create _notify_loop /usr/lib/python3.9/site-packages/neutron_lib/callbacks/manager.py:200
2026-06-09 07:49:20.146 17 DEBUG neutron_lib.callbacks.manager [req-6f78a735-2359-4115-9c42-20258060438c e12f675761644ddd8242872ea7b10d63 c72c190658434bf6bd212e5f84f978b9 - default default] Notify callbacks ['neutron.plugins.ml2.ovo_rpc._ObjectChangeHandler.handle_event-654685', 'neutron.api.rpc.agentnotifiers.dhcp_rpc_agent_api.DhcpAgentNotifyAPI._native_event_send_dhcp_notification-886890'] for network, after_create _notify_loop /usr/lib/python3.9/site-packages/neutron_lib/callbacks/manager.py:200
2026-06-09 07:49:20.147 17 DEBUG neutron.pecan_wsgi.hooks.policy_enforcement [req-6f78a735-2359-4115-9c42-20258060438c e12f675761644ddd8242872ea7b10d63 c72c190658434bf6bd212e5f84f978b9 - default default] Attributes excluded by policy engine: ['standard_attr_id', 'vlan_transparent'] _exclude_attributes_by_policy /usr/lib/python3.9/site-packages/neutron/pecan_wsgi/hooks/policy_enforcement.py:259
2026-06-09 07:49:20.147 17 DEBUG neutron_lib.callbacks.manager [req-6f78a735-2359-4115-9c42-20258060438c e12f675761644ddd8242872ea7b10d63 c72c190658434bf6bd212e5f84f978b9 - default default] Notify callbacks ['neutron.api.rpc.agentnotifiers.dhcp_rpc_agent_api.DhcpAgentNotifyAPI._send_dhcp_notification-886872'] for network, before_response _notify_loop /usr/lib/python3.9/site-packages/neutron_lib/callbacks/manager.py:200
2026-06-09 07:49:20.181 17 INFO neutron.wsgi [req-6f78a735-2359-4115-9c42-20258060438c e12f675761644ddd8242872ea7b10d63 c72c190658434bf6bd212e5f84f978b9 - default default] 192.168.122.99,192.168.122.100 "POST /v2.0/networks HTTP/1.1" status: 201 len: 881 time: 0.2192874
2026-06-09 07:49:20.188 17 DEBUG neutron.api.rpc.handlers.resources_rpc [req-6f78a735-2359-4115-9c42-20258060438c e12f675761644ddd8242872ea7b10d63 c72c190658434bf6bd212e5f84f978b9 - - -] Pushing event updated for resources: {'Network': ['ID=6e9284f6-21c1-48c0-ade5-418e0ff5bb85,revision_number=1']} push /usr/lib/python3.9/site-packages/neutron/api/rpc/handlers/resources_rpc.py:237
2026-06-09 07:49:20.205 17 INFO neutron.wsgi [req-22d928f3-63dc-4d8a-9375-ed486fce4bba e12f675761644ddd8242872ea7b10d63 c72c190658434bf6bd212e5f84f978b9 - default default] 192.168.122.99,192.168.122.100 "GET /v2.0/subnets?cidr=192.168.122.0%2F24&network_id=6e9284f6-21c1-48c0-ade5-418e0ff5bb85 HTTP/1.1" status: 200 len: 188 time: 0.0175025
2026-06-09 07:49:20.210 19 DEBUG neutron.plugins.ml2.rpc [req-34bd2471-f04b-4c42-901b-4c6e8d7c85c0 - - - - -] Network 6e9284f6-21c1-48c0-ade5-418e0ff5bb85 details requested by agent ovs-agent-undercloud.ooo.test with host undercloud.ooo.test get_network_details /usr/lib/python3.9/site-packages/neutron/plugins/ml2/rpc.py:232
2026-06-09 07:49:20.213 17 DEBUG neutron.services.segments.db [req-3074d822-c5ff-4816-9b13-45127fbc942b e12f675761644ddd8242872ea7b10d63 c72c190658434bf6bd212e5f84f978b9 - default default] neutron.services.segments.plugin.Plugin method get_segments called with arguments (,) {'filters': {'network_id': ['6e9284f6-21c1-48c0-ade5-418e0ff5bb85'], 'physical_network': ['ctlplane']}, 'fields': [], 'sorts': [('id', True)], 'limit': None, 'marker': None, 'page_reverse': False} wrapper /usr/lib/python3.9/site-packages/oslo_log/helpers.py:65
2026-06-09 07:49:20.221 17 INFO neutron.wsgi [req-3074d822-c5ff-4816-9b13-45127fbc942b e12f675761644ddd8242872ea7b10d63 c72c190658434bf6bd212e5f84f978b9 - default default] 192.168.122.99,192.168.122.100 "GET /v2.0/segments?network_id=6e9284f6-21c1-48c0-ade5-418e0ff5bb85&physical_network=ctlplane HTTP/1.1" status: 200 len: 505 time: 0.0106964
2026-06-09 07:49:20.229 17 DEBUG neutron.api.v2.base [req-c6fa48b2-d8bb-4bc8-8320-b27f4a7cee59 e12f675761644ddd8242872ea7b10d63 c72c190658434bf6bd212e5f84f978b9 - default default] Request body: {'subnet': {'dns_nameservers': ['192.168.122.10'], 'network_id': '6e9284f6-21c1-48c0-ade5-418e0ff5bb85', 'gateway_ip': '192.168.122.10', 'allocation_pools': [{'end': '192.168.122.130', 'start': '192.168.122.110'}], 'host_routes': [], 'ip_version': '4', 'enable_dhcp': True, 'name': 'ctlplane-subnet', 'cidr': '192.168.122.0/24', 'segment_id': None}} prepare_request_body /usr/lib/python3.9/site-packages/neutron/api/v2/base.py:729
2026-06-09 07:49:20.240 17 DEBUG neutron.pecan_wsgi.hooks.quota_enforcement [req-c6fa48b2-d8bb-4bc8-8320-b27f4a7cee59 e12f675761644ddd8242872ea7b10d63 c72c190658434bf6bd212e5f84f978b9 - default default] Made reservation on behalf of c72c190658434bf6bd212e5f84f978b9 for: {'subnet': 1} before /usr/lib/python3.9/site-packages/neutron/pecan_wsgi/hooks/quota_enforcement.py:53
2026-06-09 07:49:20.241 17 DEBUG neutron_lib.callbacks.manager [req-c6fa48b2-d8bb-4bc8-8320-b27f4a7cee59 e12f675761644ddd8242872ea7b10d63 c72c190658434bf6bd212e5f84f978b9 - default default] Notify callbacks ['neutron.services.segments.plugin.SegmentHostRoutes.host_routes_before_create-586483'] for subnet, before_create _notify_loop /usr/lib/python3.9/site-packages/neutron_lib/callbacks/manager.py:200
2026-06-09 07:49:20.275 17 DEBUG neutron.db.ipam_backend_mixin [req-c6fa48b2-d8bb-4bc8-8320-b27f4a7cee59 e12f675761644ddd8242872ea7b10d63 c72c190658434bf6bd212e5f84f978b9 - default default] Performing IP validity checks on allocation pools validate_allocation_pools /usr/lib/python3.9/site-packages/neutron/db/ipam_backend_mixin.py:314
2026-06-09 07:49:20.275 17 DEBUG neutron.db.ipam_backend_mixin [req-c6fa48b2-d8bb-4bc8-8320-b27f4a7cee59 e12f675761644ddd8242872ea7b10d63 c72c190658434bf6bd212e5f84f978b9 - default default] Checking for overlaps among allocation pools and gateway ip validate_allocation_pools /usr/lib/python3.9/site-packages/neutron/db/ipam_backend_mixin.py:335
2026-06-09 07:49:20.347 17 DEBUG neutron_lib.callbacks.manager [req-c6fa48b2-d8bb-4bc8-8320-b27f4a7cee59 e12f675761644ddd8242872ea7b10d63 c72c190658434bf6bd212e5f84f978b9 - default default] Notify callbacks ['neutron.plugins.ml2.ovo_rpc._ObjectChangeHandler.handle_event-654820', 'neutron.api.rpc.agentnotifiers.dhcp_rpc_agent_api.DhcpAgentNotifyAPI._native_event_send_dhcp_notification-886890', 'neutron.services.segments.plugin.NovaSegmentNotifier._notify_subnet_created-727093', 'neutron.services.segments.plugin.SegmentHostRoutes.host_routes_after_create-585993'] for subnet, after_create _notify_loop /usr/lib/python3.9/site-packages/neutron_lib/callbacks/manager.py:200
2026-06-09 07:49:20.408 17 DEBUG neutron.api.rpc.handlers.resources_rpc [req-c6fa48b2-d8bb-4bc8-8320-b27f4a7cee59 e12f675761644ddd8242872ea7b10d63 c72c190658434bf6bd212e5f84f978b9 - - -] Pushing event updated for resources: {'Subnet': ['ID=cb89b9e6-8618-4e27-9cbb-ac9b65b4fc2d,revision_number=0']} push /usr/lib/python3.9/site-packages/neutron/api/rpc/handlers/resources_rpc.py:237
2026-06-09 07:49:20.417 17 DEBUG neutron.plugins.ml2.drivers.mech_agent [req-c6fa48b2-d8bb-4bc8-8320-b27f4a7cee59 e12f675761644ddd8242872ea7b10d63 c72c190658434bf6bd212e5f84f978b9 - default default] Checking segment: {'id': '38ec3486-c35e-4ded-a138-cebab6bd40a7', 'network_type': 'flat', 'physical_network': 'ctlplane', 'segmentation_id': None, 'network_id': '6e9284f6-21c1-48c0-ade5-418e0ff5bb85'} for mappings: {'ctlplane': 'br-ctlplane'} with network types: ['local', 'flat', 'vlan'] check_segment_for_agent /usr/lib/python3.9/site-packages/neutron/plugins/ml2/drivers/mech_agent.py:343
2026-06-09 07:49:20.418 17 DEBUG neutron.scheduler.dhcp_agent_scheduler [req-c6fa48b2-d8bb-4bc8-8320-b27f4a7cee59 e12f675761644ddd8242872ea7b10d63 c72c190658434bf6bd212e5f84f978b9 - default default] Network hostable DHCP agents. Network: 6e9284f6-21c1-48c0-ade5-418e0ff5bb85, hostable agents: ['eae42708-65d4-4912-86b4-a457216745a9'], hosted agents: [] _get_network_hostable_dhcp_agents /usr/lib/python3.9/site-packages/neutron/scheduler/dhcp_agent_scheduler.py:329
2026-06-09 07:49:20.432 17 DEBUG neutron.scheduler.dhcp_agent_scheduler [req-c6fa48b2-d8bb-4bc8-8320-b27f4a7cee59 e12f675761644ddd8242872ea7b10d63 c72c190658434bf6bd212e5f84f978b9 - default default] Network 6e9284f6-21c1-48c0-ade5-418e0ff5bb85 is scheduled to be hosted by DHCP agent eae42708-65d4-4912-86b4-a457216745a9 with binding_index 1 bind /usr/lib/python3.9/site-packages/neutron/scheduler/dhcp_agent_scheduler.py:227
2026-06-09 07:49:20.438 17 DEBUG neutron.scheduler.base_scheduler [req-c6fa48b2-d8bb-4bc8-8320-b27f4a7cee59 e12f675761644ddd8242872ea7b10d63 c72c190658434bf6bd212e5f84f978b9 - default default] Resources bound (agent type, host, resource id): (DHCP agent, undercloud.ooo.test, 6e9284f6-21c1-48c0-ade5-418e0ff5bb85) schedule /usr/lib/python3.9/site-packages/neutron/scheduler/base_scheduler.py:57
2026-06-09 07:49:20.441 17 DEBUG neutron.pecan_wsgi.hooks.policy_enforcement [req-c6fa48b2-d8bb-4bc8-8320-b27f4a7cee59 e12f675761644ddd8242872ea7b10d63 c72c190658434bf6bd212e5f84f978b9 - default default] Attributes excluded by policy engine: ['standard_attr_id', 'shared', 'network'] _exclude_attributes_by_policy /usr/lib/python3.9/site-packages/neutron/pecan_wsgi/hooks/policy_enforcement.py:259
2026-06-09 07:49:20.442 17 DEBUG neutron_lib.callbacks.manager [req-c6fa48b2-d8bb-4bc8-8320-b27f4a7cee59 e12f675761644ddd8242872ea7b10d63 c72c190658434bf6bd212e5f84f978b9 - default default] Notify callbacks ['neutron.api.rpc.agentnotifiers.dhcp_rpc_agent_api.DhcpAgentNotifyAPI._send_dhcp_notification-886872'] for subnet, before_response _notify_loop /usr/lib/python3.9/site-packages/neutron_lib/callbacks/manager.py:200
2026-06-09 07:49:20.447 22 DEBUG neutron.api.rpc.handlers.dhcp_rpc [req-7d713afb-a630-4ec6-a851-9df204a2394c - - - - -] Network 6e9284f6-21c1-48c0-ade5-418e0ff5bb85 requested from undercloud.ooo.test get_network_info /usr/lib/python3.9/site-packages/neutron/api/rpc/handlers/dhcp_rpc.py:213
2026-06-09 07:49:20.458 17 INFO neutron.wsgi [req-c6fa48b2-d8bb-4bc8-8320-b27f4a7cee59 e12f675761644ddd8242872ea7b10d63 c72c190658434bf6bd212e5f84f978b9 - default default] 192.168.122.99,192.168.122.100 "POST /v2.0/subnets HTTP/1.1" status: 201 len: 847 time: 0.2302539
2026-06-09 07:49:20.468 17 DEBUG neutron.services.tag.tag_plugin [req-32922031-256f-4542-8ba9-4b9937a4dff4 e12f675761644ddd8242872ea7b10d63 c72c190658434bf6bd212e5f84f978b9 - default default] neutron.services.tag.tag_plugin.TagPlugin method update_tags called with arguments (, 'networks', '6e9284f6-21c1-48c0-ade5-418e0ff5bb85', {'tags': ['192.168.122.0/24']}) {} wrapper /usr/lib/python3.9/site-packages/oslo_log/helpers.py:65
2026-06-09 07:49:20.567 17 INFO neutron.wsgi [req-32922031-256f-4542-8ba9-4b9937a4dff4 e12f675761644ddd8242872ea7b10d63 c72c190658434bf6bd212e5f84f978b9 - default default] 192.168.122.99,192.168.122.100 "PUT /v2.0/networks/6e9284f6-21c1-48c0-ade5-418e0ff5bb85/tags HTTP/1.1" status: 200 len: 204 time: 0.1039386
2026-06-09 07:49:20.656 20 DEBUG neutron.api.rpc.handlers.dhcp_rpc [req-43e4abeb-f495-48aa-b56b-9805d8d229fc - - - - -] Create dhcp port {'port': {'name': '', 'admin_state_up': True, 'device_id': 'dhcp4ffb0b0c-492f-50f3-b91f-5f97b4a206be-6e9284f6-21c1-48c0-ade5-418e0ff5bb85', 'network_id': '6e9284f6-21c1-48c0-ade5-418e0ff5bb85', 'tenant_id': 'c72c190658434bf6bd212e5f84f978b9', 'fixed_ips': [{'subnet_id': 'cb89b9e6-8618-4e27-9cbb-ac9b65b4fc2d'}]}} from undercloud.ooo.test. create_dhcp_port /usr/lib/python3.9/site-packages/neutron/api/rpc/handlers/dhcp_rpc.py:279
2026-06-09 07:49:20.657 20 DEBUG neutron_lib.callbacks.manager [req-43e4abeb-f495-48aa-b56b-9805d8d229fc - - - - -] Notify callbacks ['neutron.plugins.ml2.plugin.SecurityGroupDbMixin._ensure_default_security_group_handler-2064657'] for port, before_create _notify_loop /usr/lib/python3.9/site-packages/neutron_lib/callbacks/manager.py:200
2026-06-09 07:49:20.760 20 DEBUG neutron.db.db_base_plugin_common [req-43e4abeb-f495-48aa-b56b-9805d8d229fc - - - - -] Allocated IP 192.168.122.110 (6e9284f6-21c1-48c0-ade5-418e0ff5bb85/cb89b9e6-8618-4e27-9cbb-ac9b65b4fc2d/f85c0c88-144e-408d-8ae8-0356f684cd2b) _store_ip_allocation /usr/lib/python3.9/site-packages/neutron/db/db_base_plugin_common.py:131
2026-06-09 07:49:20.857 20 DEBUG neutron_lib.callbacks.manager [req-43e4abeb-f495-48aa-b56b-9805d8d229fc - - - - -] Notify callbacks [] for allowed_address_pair, before_create _notify_loop /usr/lib/python3.9/site-packages/neutron_lib/callbacks/manager.py:200
2026-06-09 07:49:20.858 20 DEBUG neutron_lib.callbacks.manager [req-43e4abeb-f495-48aa-b56b-9805d8d229fc - - - - -] Notify callbacks [] for port, precommit_create _notify_loop /usr/lib/python3.9/site-packages/neutron_lib/callbacks/manager.py:200
2026-06-09 07:49:20.864 20 DEBUG neutron.db.provisioning_blocks [req-43e4abeb-f495-48aa-b56b-9805d8d229fc - - - - -] Transition to ACTIVE for port object f85c0c88-144e-408d-8ae8-0356f684cd2b will not be triggered until provisioned by entity L2. add_provisioning_component /usr/lib/python3.9/site-packages/neutron/db/provisioning_blocks.py:74
2026-06-09 07:49:20.871 20 DEBUG neutron.db.provisioning_blocks [req-43e4abeb-f495-48aa-b56b-9805d8d229fc - - - - -] Transition to ACTIVE for port object f85c0c88-144e-408d-8ae8-0356f684cd2b will not be triggered until provisioned by entity DHCP. add_provisioning_component /usr/lib/python3.9/site-packages/neutron/db/provisioning_blocks.py:74
2026-06-09 07:49:20.876 20 DEBUG neutron_lib.callbacks.manager [req-43e4abeb-f495-48aa-b56b-9805d8d229fc - - - - -] Notify callbacks ['neutron.plugins.ml2.plugin.SecurityGroupServerNotifierRpcMixin.notify_sg_on_port_change-1602649', 'neutron.plugins.ml2.extensions.dns_integration._create_port_in_external_dns_service-8791205180874', 'neutron.plugins.ml2.ovo_rpc._ObjectChangeHandler.handle_event-876308', 'neutron.api.rpc.agentnotifiers.dhcp_rpc_agent_api.DhcpAgentNotifyAPI._native_event_send_dhcp_notification-886890', 'neutron.services.segments.plugin.NovaSegmentNotifier._notify_port_created_or_deleted-727226'] for port, after_create _notify_loop /usr/lib/python3.9/site-packages/neutron_lib/callbacks/manager.py:200
2026-06-09 07:49:20.902 20 DEBUG neutron.scheduler.dhcp_agent_scheduler [req-43e4abeb-f495-48aa-b56b-9805d8d229fc - - - - -] Network 6e9284f6-21c1-48c0-ade5-418e0ff5bb85 is already hosted by enough agents. _get_dhcp_agents_hosting_network /usr/lib/python3.9/site-packages/neutron/scheduler/dhcp_agent_scheduler.py:275
2026-06-09 07:49:20.904 20 DEBUG neutron.scheduler.base_scheduler [req-43e4abeb-f495-48aa-b56b-9805d8d229fc - - - - -] Resources bound (agent type, host, resource id): schedule /usr/lib/python3.9/site-packages/neutron/scheduler/base_scheduler.py:57
2026-06-09 07:49:20.919 20 DEBUG neutron.api.rpc.handlers.resources_rpc [req-43e4abeb-f495-48aa-b56b-9805d8d229fc - - - - -] Pushing event updated for resources: {'Port': ['ID=f85c0c88-144e-408d-8ae8-0356f684cd2b,revision_number=1']} push /usr/lib/python3.9/site-packages/neutron/api/rpc/handlers/resources_rpc.py:237
2026-06-09 07:49:20.926 20 DEBUG neutron.api.rpc.callbacks.version_manager [req-43e4abeb-f495-48aa-b56b-9805d8d229fc - - - - -] Version for resource type AddressGroup changed None to 1.2 on consumer Open vSwitch agent@undercloud.ooo.test _set_version /usr/lib/python3.9/site-packages/neutron/api/rpc/callbacks/version_manager.py:113
2026-06-09 07:49:20.926 20 DEBUG neutron.api.rpc.callbacks.version_manager [req-43e4abeb-f495-48aa-b56b-9805d8d229fc - - - - -] Version for resource type ConntrackHelper changed None to 1.0 on consumer Open vSwitch agent@undercloud.ooo.test _set_version /usr/lib/python3.9/site-packages/neutron/api/rpc/callbacks/version_manager.py:113
2026-06-09 07:49:20.927 20 DEBUG neutron.api.rpc.callbacks.version_manager [req-43e4abeb-f495-48aa-b56b-9805d8d229fc - - - - -] Version for resource type Log changed None to 1.0 on consumer Open vSwitch agent@undercloud.ooo.test _set_version /usr/lib/python3.9/site-packages/neutron/api/rpc/callbacks/version_manager.py:113
2026-06-09 07:49:20.927 20 DEBUG neutron.api.rpc.callbacks.version_manager [req-43e4abeb-f495-48aa-b56b-9805d8d229fc - - - - -] Version for resource type Network changed None to 1.1 on consumer Open vSwitch agent@undercloud.ooo.test _set_version /usr/lib/python3.9/site-packages/neutron/api/rpc/callbacks/version_manager.py:113
2026-06-09 07:49:20.927 20 DEBUG neutron.api.rpc.callbacks.version_manager [req-43e4abeb-f495-48aa-b56b-9805d8d229fc - - - - -] Version for resource type Port changed None to 1.7 on consumer Open vSwitch agent@undercloud.ooo.test _set_version /usr/lib/python3.9/site-packages/neutron/api/rpc/callbacks/version_manager.py:113
2026-06-09 07:49:20.927 20 DEBUG neutron.api.rpc.callbacks.version_manager [req-43e4abeb-f495-48aa-b56b-9805d8d229fc - - - - -] Version for resource type PortForwarding changed None to 1.2 on consumer Open vSwitch agent@undercloud.ooo.test _set_version /usr/lib/python3.9/site-packages/neutron/api/rpc/callbacks/version_manager.py:113
2026-06-09 07:49:20.927 20 DEBUG neutron.api.rpc.callbacks.version_manager [req-43e4abeb-f495-48aa-b56b-9805d8d229fc - - - - -] Version for resource type QosPolicy changed None to 1.8 on consumer Open vSwitch agent@undercloud.ooo.test _set_version /usr/lib/python3.9/site-packages/neutron/api/rpc/callbacks/version_manager.py:113
2026-06-09 07:49:20.927 20 DEBUG neutron.api.rpc.callbacks.version_manager [req-43e4abeb-f495-48aa-b56b-9805d8d229fc - - - - -] Version for resource type SecurityGroup changed None to 1.5 on consumer Open vSwitch agent@undercloud.ooo.test _set_version /usr/lib/python3.9/site-packages/neutron/api/rpc/callbacks/version_manager.py:113
2026-06-09 07:49:20.927 20 DEBUG neutron.api.rpc.callbacks.version_manager [req-43e4abeb-f495-48aa-b56b-9805d8d229fc - - - - -] Version for resource type SecurityGroupRule changed None to 1.2 on consumer Open vSwitch agent@undercloud.ooo.test _set_version /usr/lib/python3.9/site-packages/neutron/api/rpc/callbacks/version_manager.py:113
2026-06-09 07:49:20.927 20 DEBUG neutron.api.rpc.callbacks.version_manager [req-43e4abeb-f495-48aa-b56b-9805d8d229fc - - - - -] Version for resource type SubPort changed None to 1.0 on consumer Open vSwitch agent@undercloud.ooo.test _set_version /usr/lib/python3.9/site-packages/neutron/api/rpc/callbacks/version_manager.py:113
2026-06-09 07:49:20.927 20 DEBUG neutron.api.rpc.callbacks.version_manager [req-43e4abeb-f495-48aa-b56b-9805d8d229fc - - - - -] Version for resource type Subnet changed None to 1.1 on consumer Open vSwitch agent@undercloud.ooo.test _set_version /usr/lib/python3.9/site-packages/neutron/api/rpc/callbacks/version_manager.py:113
2026-06-09 07:49:20.928 20 DEBUG neutron.api.rpc.callbacks.version_manager [req-43e4abeb-f495-48aa-b56b-9805d8d229fc - - - - -] Version for resource type Trunk changed None to 1.1 on consumer Open vSwitch agent@undercloud.ooo.test _set_version /usr/lib/python3.9/site-packages/neutron/api/rpc/callbacks/version_manager.py:113
2026-06-09 07:49:20.928 20 DEBUG neutron.api.rpc.callbacks.version_manager [req-43e4abeb-f495-48aa-b56b-9805d8d229fc - - - - -] Tracked resource versions report: pushed versions: { 'AddressGroup': {'1.2'}, 'ConntrackHelper': {'1.0'}, 'Log': {'1.0'}, 'Network': {'1.1'}, 'Port': {'1.7'}, 'PortForwarding': {'1.2'}, 'QosPolicy': {'1.8'}, 'SecurityGroup': {'1.5'}, 'SecurityGroupRule': {'1.2'}, 'SubPort': {'1.0'}, 'Subnet': {'1.1'}, 'Trunk': {'1.1'}} consumer versions: { DHCP agent@undercloud.ooo.test: {}, L3 agent@undercloud.ooo.test: {}, Open vSwitch agent@undercloud.ooo.test: { 'AddressGroup': '1.2', 'ConntrackHelper': '1.0', 'Log': '1.0', 'Network': '1.1', 'Port': '1.7', 'PortForwarding': '1.2', 'QosPolicy': '1.8', 'SecurityGroup': '1.5', 'SecurityGroupRule': '1.2', 'SubPort': '1.0', 'Subnet': '1.1', 'Trunk': '1.1'}} report /usr/lib/python3.9/site-packages/neutron/api/rpc/callbacks/version_manager.py:175
2026-06-09 07:49:20.933 20 DEBUG neutron.plugins.ml2.managers [req-43e4abeb-f495-48aa-b56b-9805d8d229fc - - - - -] Attempting to bind port f85c0c88-144e-408d-8ae8-0356f684cd2b on host undercloud.ooo.test for vnic_type normal with profile bind_port /usr/lib/python3.9/site-packages/neutron/plugins/ml2/managers.py:806
2026-06-09 07:49:20.933 20 DEBUG neutron.plugins.ml2.managers [req-43e4abeb-f495-48aa-b56b-9805d8d229fc - - - - -] Attempting to bind port f85c0c88-144e-408d-8ae8-0356f684cd2b by drivers openvswitch,baremetal on host undercloud.ooo.test at level 0 using segments [{'id': '38ec3486-c35e-4ded-a138-cebab6bd40a7', 'network_type': 'flat', 'physical_network': 'ctlplane', 'segmentation_id': None, 'network_id': '6e9284f6-21c1-48c0-ade5-418e0ff5bb85'}] _bind_port_level /usr/lib/python3.9/site-packages/neutron/plugins/ml2/managers.py:831
2026-06-09 07:49:20.933 20 DEBUG neutron.plugins.ml2.drivers.mech_agent [req-43e4abeb-f495-48aa-b56b-9805d8d229fc - - - - -] Attempting to bind port f85c0c88-144e-408d-8ae8-0356f684cd2b on network 6e9284f6-21c1-48c0-ade5-418e0ff5bb85 bind_port /usr/lib/python3.9/site-packages/neutron/plugins/ml2/drivers/mech_agent.py:86
2026-06-09 07:49:20.936 20 DEBUG neutron.plugins.ml2.drivers.mech_agent [req-43e4abeb-f495-48aa-b56b-9805d8d229fc - - - - -] Checking agent: {'id': '434253a1-0b38-4aee-9301-faaa2407ee04', 'agent_type': 'Open vSwitch agent', 'binary': 'neutron-openvswitch-agent', 'topic': 'N/A', 'host': 'undercloud.ooo.test', 'admin_state_up': True, 'created_at': datetime.datetime(2026, 6, 9, 7, 47, 58), 'started_at': datetime.datetime(2026, 6, 9, 7, 47, 58), 'heartbeat_timestamp': datetime.datetime(2026, 6, 9, 7, 47, 58), 'description': None, 'resources_synced': None, 'availability_zone': None, 'alive': True, 'configurations': {'arp_responder_enabled': False, 'baremetal_smartnic': False, 'bridge_mappings': {'ctlplane': 'br-ctlplane'}, 'datapath_type': 'system', 'devices': 0, 'enable_distributed_routing': False, 'extensions': [], 'in_distributed_mode': False, 'integration_bridge': 'br-int', 'l2_population': False, 'log_agent_heartbeats': False, 'ovs_capabilities': {'datapath_types': ['netdev', 'system'], 'iface_types': ['bareudp', 'erspan', 'geneve', 'gre', 'gtpu', 'internal', 'ip6erspan', 'ip6gre', 'lisp', 'patch', 'srv6', 'stt', 'system', 'tap', 'vxlan']}, 'ovs_hybrid_plug': True, 'resource_provider_bandwidths': {}, 'resource_provider_hypervisors': {'br-ctlplane': 'undercloud.ooo.test'}, 'resource_provider_inventory_defaults': {'allocation_ratio': 1.0, 'min_unit': 1, 'step_size': 1, 'reserved': 0}, 'tunnel_types': [], 'tunneling_ip': None, 'vhostuser_socket_dir': '/var/run/openvswitch'}, 'resource_versions': {'AddressGroup': '1.2', 'ConntrackHelper': '1.0', 'Log': '1.0', 'Network': '1.1', 'Port': '1.7', 'PortForwarding': '1.2', 'QosPolicy': '1.8', 'SecurityGroup': '1.5', 'SecurityGroupRule': '1.2', 'SubPort': '1.0', 'Subnet': '1.1', 'Trunk': '1.1'}} bind_port /usr/lib/python3.9/site-packages/neutron/plugins/ml2/drivers/mech_agent.py:105
2026-06-09 07:49:20.936 20 DEBUG neutron.plugins.ml2.drivers.mech_agent [req-43e4abeb-f495-48aa-b56b-9805d8d229fc - - - - -] Checking segment: {'id': '38ec3486-c35e-4ded-a138-cebab6bd40a7', 'network_type': 'flat', 'physical_network': 'ctlplane', 'segmentation_id': None, 'network_id': '6e9284f6-21c1-48c0-ade5-418e0ff5bb85'} for mappings: {'ctlplane': 'br-ctlplane'} with network types: ['local', 'flat', 'vlan'] check_segment_for_agent /usr/lib/python3.9/site-packages/neutron/plugins/ml2/drivers/mech_agent.py:343
2026-06-09 07:49:20.936 20 DEBUG neutron_lib.callbacks.manager [req-43e4abeb-f495-48aa-b56b-9805d8d229fc - - - - -] Notify callbacks [] for ovs_bridge_name, before_read _notify_loop /usr/lib/python3.9/site-packages/neutron_lib/callbacks/manager.py:200
2026-06-09 07:49:20.937 20 DEBUG neutron.plugins.ml2.drivers.mech_agent [req-43e4abeb-f495-48aa-b56b-9805d8d229fc - - - - -] Bound using segment: {'id': '38ec3486-c35e-4ded-a138-cebab6bd40a7', 'network_type': 'flat', 'physical_network': 'ctlplane', 'segmentation_id': None, 'network_id': '6e9284f6-21c1-48c0-ade5-418e0ff5bb85'} bind_port /usr/lib/python3.9/site-packages/neutron/plugins/ml2/drivers/mech_agent.py:115
2026-06-09 07:49:20.937 20 DEBUG neutron.plugins.ml2.managers [req-43e4abeb-f495-48aa-b56b-9805d8d229fc - - - - -] Bound port: f85c0c88-144e-408d-8ae8-0356f684cd2b, host: undercloud.ooo.test, vif_type: ovs, vif_details: {"connectivity": "l2", "port_filter": true, "ovs_hybrid_plug": true, "datapath_type": "system", "bridge_name": "br-int"}, binding_levels: [{'bound_driver': 'openvswitch', 'bound_segment': {'id': '38ec3486-c35e-4ded-a138-cebab6bd40a7', 'network_type': 'flat', 'physical_network': 'ctlplane', 'segmentation_id': None, 'network_id': '6e9284f6-21c1-48c0-ade5-418e0ff5bb85'}}] _bind_port_level /usr/lib/python3.9/site-packages/neutron/plugins/ml2/managers.py:944
2026-06-09 07:49:20.937 20 DEBUG neutron_lib.callbacks.manager [req-43e4abeb-f495-48aa-b56b-9805d8d229fc - - - - -] Notify callbacks ['neutron.plugins.ml2.plugin.SecurityGroupDbMixin._ensure_default_security_group_handler-2064657'] for port, before_update _notify_loop /usr/lib/python3.9/site-packages/neutron_lib/callbacks/manager.py:200
2026-06-09 07:49:20.988 20 DEBUG neutron.plugins.ml2.db [req-43e4abeb-f495-48aa-b56b-9805d8d229fc - - - - -] For port f85c0c88-144e-408d-8ae8-0356f684cd2b, host undercloud.ooo.test, cleared binding levels clear_binding_levels /usr/lib/python3.9/site-packages/neutron/plugins/ml2/db.py:88
2026-06-09 07:49:20.990 20 DEBUG neutron.plugins.ml2.db [req-43e4abeb-f495-48aa-b56b-9805d8d229fc - - - - -] For port f85c0c88-144e-408d-8ae8-0356f684cd2b, host undercloud.ooo.test, set binding levels [PortBindingLevel(driver='openvswitch',host='undercloud.ooo.test',level=0,port_id=f85c0c88-144e-408d-8ae8-0356f684cd2b,segment=NetworkSegment(38ec3486-c35e-4ded-a138-cebab6bd40a7),segment_id=38ec3486-c35e-4ded-a138-cebab6bd40a7)] set_binding_levels /usr/lib/python3.9/site-packages/neutron/plugins/ml2/db.py:60
2026-06-09 07:49:20.992 20 DEBUG neutron_lib.callbacks.manager [req-43e4abeb-f495-48aa-b56b-9805d8d229fc - - - - -] Notify callbacks ['neutron.plugins.ml2.plugin.SecurityGroupServerNotifierRpcMixin.notify_sg_on_port_change-1602649', 'neutron.plugins.ml2.extensions.dns_integration._update_port_in_external_dns_service-8791205180901', 'neutron.plugins.ml2.ovo_rpc._ObjectChangeHandler.handle_event-876308', 'neutron.api.rpc.agentnotifiers.dhcp_rpc_agent_api.DhcpAgentNotifyAPI._native_event_send_dhcp_notification-886890', 'neutron.db.l3_db.L3RpcNotifierMixin._notify_gateway_port_ip_changed-8791205218717', 'neutron.db.l3_hascheduler_db._notify_l3_agent_ha_port_update-8791204735034', 'neutron.services.segments.plugin.NovaSegmentNotifier._notify_port_updated-727205'] for port, after_update _notify_loop /usr/lib/python3.9/site-packages/neutron_lib/callbacks/manager.py:200
2026-06-09 07:49:21.029 20 DEBUG neutron.api.rpc.handlers.resources_rpc [req-43e4abeb-f495-48aa-b56b-9805d8d229fc - - - - -] Pushing event updated for resources: {'Port': ['ID=f85c0c88-144e-408d-8ae8-0356f684cd2b,revision_number=2']} push /usr/lib/python3.9/site-packages/neutron/api/rpc/handlers/resources_rpc.py:237
2026-06-09 07:49:21.157 15 DEBUG neutron.wsgi [-] (15) accepted ('192.168.122.100', 33330) server /usr/lib/python3.9/site-packages/eventlet/wsgi.py:992
2026-06-09 07:49:21.161 15 INFO neutron.wsgi [-] 192.168.122.100 "GET /healthcheck HTTP/1.0" status: 200 len: 137 time: 0.0025091
2026-06-09 07:49:22.756 17 DEBUG neutron.wsgi [-] (17) accepted ('192.168.122.100', 33336) server /usr/lib/python3.9/site-packages/eventlet/wsgi.py:992
2026-06-09 07:49:22.759 17 INFO neutron.wsgi [-] 192.168.122.100 "GET / HTTP/1.1" status: 200 len: 233 time: 0.0023148
2026-06-09 07:49:23.164 15 DEBUG neutron.wsgi [-] (15) accepted ('192.168.122.100', 33338) server /usr/lib/python3.9/site-packages/eventlet/wsgi.py:992
2026-06-09 07:49:23.166 15 INFO neutron.wsgi [-] 192.168.122.100 "GET /healthcheck HTTP/1.0" status: 200 len: 137 time: 0.0013080
2026-06-09 07:49:23.834 19 DEBUG neutron.plugins.ml2.rpc [req-34bd2471-f04b-4c42-901b-4c6e8d7c85c0 - - - - -] Device f85c0c88-144e-408d-8ae8-0356f684cd2b up at agent ovs-agent-undercloud.ooo.test update_device_up /usr/lib/python3.9/site-packages/neutron/plugins/ml2/rpc.py:278
