2026-06-09 08:01:12.796 18 DEBUG neutron.pecan_wsgi.hooks.quota_enforcement [req-54833bc2-06e6-4587-a7f8-6e0ed80f72ba e12f675761644ddd8242872ea7b10d63 c72c190658434bf6bd212e5f84f978b9 - default default] Made reservation on behalf of c72c190658434bf6bd212e5f84f978b9 for: {'port': 1} before /usr/lib/python3.9/site-packages/neutron/pecan_wsgi/hooks/quota_enforcement.py:53
2026-06-09 08:01:12.798 18 DEBUG neutron_lib.callbacks.manager [req-54833bc2-06e6-4587-a7f8-6e0ed80f72ba e12f675761644ddd8242872ea7b10d63 c72c190658434bf6bd212e5f84f978b9 - default default] Notify callbacks ['neutron.plugins.ml2.plugin.SecurityGroupDbMixin._ensure_default_security_group_handler-2064657'] for port, before_create _notify_loop /usr/lib/python3.9/site-packages/neutron_lib/callbacks/manager.py:200
2026-06-09 08:01:12.817 16 DEBUG neutron.notifiers.nova [req-e307ba28-d03b-4b10-b0d8-985da8505fc6 e12f675761644ddd8242872ea7b10d63 c72c190658434bf6bd212e5f84f978b9 - default default] device_id is not set on port 5b1555be-491c-4d6c-989e-4bca4f3fced0 yet. _can_notify /usr/lib/python3.9/site-packages/neutron/notifiers/nova.py:201
2026-06-09 08:01:12.820 17 DEBUG neutron.notifiers.nova [req-35bbb993-cecb-4689-a3b9-b2eb92b1be00 e12f675761644ddd8242872ea7b10d63 c72c190658434bf6bd212e5f84f978b9 - default default] device_id is not set on port e3aa2f9b-e532-43dc-b87d-19d0bb404d65 yet. _can_notify /usr/lib/python3.9/site-packages/neutron/notifiers/nova.py:201
2026-06-09 08:01:12.823 18 DEBUG neutron.notifiers.nova [req-54833bc2-06e6-4587-a7f8-6e0ed80f72ba e12f675761644ddd8242872ea7b10d63 c72c190658434bf6bd212e5f84f978b9 - default default] device_id is not set on port fb44450b-3fef-4785-806d-601c17d4f18d yet. _can_notify /usr/lib/python3.9/site-packages/neutron/notifiers/nova.py:201
2026-06-09 08:01:12.984 18 DEBUG neutron_lib.callbacks.manager [req-54833bc2-06e6-4587-a7f8-6e0ed80f72ba e12f675761644ddd8242872ea7b10d63 c72c190658434bf6bd212e5f84f978b9 - default default] Notify callbacks [] for allowed_address_pair, before_create _notify_loop /usr/lib/python3.9/site-packages/neutron_lib/callbacks/manager.py:200
2026-06-09 08:01:12.985 18 DEBUG neutron_lib.callbacks.manager [req-54833bc2-06e6-4587-a7f8-6e0ed80f72ba e12f675761644ddd8242872ea7b10d63 c72c190658434bf6bd212e5f84f978b9 - default default] Notify callbacks [] for port, precommit_create _notify_loop /usr/lib/python3.9/site-packages/neutron_lib/callbacks/manager.py:200
2026-06-09 08:01:12.994 17 DEBUG neutron_lib.callbacks.manager [req-35bbb993-cecb-4689-a3b9-b2eb92b1be00 e12f675761644ddd8242872ea7b10d63 c72c190658434bf6bd212e5f84f978b9 - default default] Notify callbacks [] for allowed_address_pair, before_create _notify_loop /usr/lib/python3.9/site-packages/neutron_lib/callbacks/manager.py:200
2026-06-09 08:01:12.995 17 DEBUG neutron_lib.callbacks.manager [req-35bbb993-cecb-4689-a3b9-b2eb92b1be00 e12f675761644ddd8242872ea7b10d63 c72c190658434bf6bd212e5f84f978b9 - default default] Notify callbacks [] for port, precommit_create _notify_loop /usr/lib/python3.9/site-packages/neutron_lib/callbacks/manager.py:200
2026-06-09 08:01:13.006 18 DEBUG neutron_lib.callbacks.manager [req-54833bc2-06e6-4587-a7f8-6e0ed80f72ba e12f675761644ddd8242872ea7b10d63 c72c190658434bf6bd212e5f84f978b9 - default default] Notify callbacks ['neutron.plugins.ml2.plugin.SecurityGroupServerNotifierRpcMixin.notify_sg_on_port_change-1602649', 'neutron.plugins.ml2.extensions.dns_integration._create_port_in_external_dns_service-8791205180874', 'neutron.plugins.ml2.ovo_rpc._ObjectChangeHandler.handle_event-876308', 'neutron.api.rpc.agentnotifiers.dhcp_rpc_agent_api.DhcpAgentNotifyAPI._native_event_send_dhcp_notification-886890', 'neutron.services.segments.plugin.NovaSegmentNotifier._notify_port_created_or_deleted-727226'] for port, after_create _notify_loop /usr/lib/python3.9/site-packages/neutron_lib/callbacks/manager.py:200
2026-06-09 08:01:13.011 16 DEBUG neutron_lib.callbacks.manager [req-e307ba28-d03b-4b10-b0d8-985da8505fc6 e12f675761644ddd8242872ea7b10d63 c72c190658434bf6bd212e5f84f978b9 - default default] Notify callbacks [] for allowed_address_pair, before_create _notify_loop /usr/lib/python3.9/site-packages/neutron_lib/callbacks/manager.py:200
2026-06-09 08:01:13.012 16 DEBUG neutron_lib.callbacks.manager [req-e307ba28-d03b-4b10-b0d8-985da8505fc6 e12f675761644ddd8242872ea7b10d63 c72c190658434bf6bd212e5f84f978b9 - default default] Notify callbacks [] for port, precommit_create _notify_loop /usr/lib/python3.9/site-packages/neutron_lib/callbacks/manager.py:200
2026-06-09 08:01:13.019 17 DEBUG neutron_lib.callbacks.manager [req-35bbb993-cecb-4689-a3b9-b2eb92b1be00 e12f675761644ddd8242872ea7b10d63 c72c190658434bf6bd212e5f84f978b9 - default default] Notify callbacks ['neutron.plugins.ml2.plugin.SecurityGroupServerNotifierRpcMixin.notify_sg_on_port_change-1602649', 'neutron.plugins.ml2.extensions.dns_integration._create_port_in_external_dns_service-8791205180874', 'neutron.plugins.ml2.ovo_rpc._ObjectChangeHandler.handle_event-876308', 'neutron.api.rpc.agentnotifiers.dhcp_rpc_agent_api.DhcpAgentNotifyAPI._native_event_send_dhcp_notification-886890', 'neutron.services.segments.plugin.NovaSegmentNotifier._notify_port_created_or_deleted-727226'] for port, after_create _notify_loop /usr/lib/python3.9/site-packages/neutron_lib/callbacks/manager.py:200
2026-06-09 08:01:13.028 16 DEBUG neutron_lib.callbacks.manager [req-e307ba28-d03b-4b10-b0d8-985da8505fc6 e12f675761644ddd8242872ea7b10d63 c72c190658434bf6bd212e5f84f978b9 - default default] Notify callbacks ['neutron.plugins.ml2.plugin.SecurityGroupServerNotifierRpcMixin.notify_sg_on_port_change-1602649', 'neutron.plugins.ml2.extensions.dns_integration._create_port_in_external_dns_service-8791205180874', 'neutron.plugins.ml2.ovo_rpc._ObjectChangeHandler.handle_event-876308', 'neutron.api.rpc.agentnotifiers.dhcp_rpc_agent_api.DhcpAgentNotifyAPI._native_event_send_dhcp_notification-886890', 'neutron.services.segments.plugin.NovaSegmentNotifier._notify_port_created_or_deleted-727226'] for port, after_create _notify_loop /usr/lib/python3.9/site-packages/neutron_lib/callbacks/manager.py:200
2026-06-09 08:01:13.031 15 DEBUG neutron.wsgi [-] (15) accepted ('192.168.122.100', 55620) server /usr/lib/python3.9/site-packages/eventlet/wsgi.py:992
2026-06-09 08:01:13.033 15 INFO neutron.wsgi [-] 192.168.122.100 "GET /healthcheck HTTP/1.0" status: 200 len: 137 time: 0.0015502
2026-06-09 08:01:13.034 18 DEBUG neutron.scheduler.dhcp_agent_scheduler [req-54833bc2-06e6-4587-a7f8-6e0ed80f72ba e12f675761644ddd8242872ea7b10d63 c72c190658434bf6bd212e5f84f978b9 - default default] Network 8b0e5b42-db6e-4cab-87ac-63a91f8aba1b is already hosted by enough agents. _get_dhcp_agents_hosting_network /usr/lib/python3.9/site-packages/neutron/scheduler/dhcp_agent_scheduler.py:275
2026-06-09 08:01:13.038 18 DEBUG neutron.scheduler.base_scheduler [req-54833bc2-06e6-4587-a7f8-6e0ed80f72ba e12f675761644ddd8242872ea7b10d63 c72c190658434bf6bd212e5f84f978b9 - default default] Resources bound (agent type, host, resource id): schedule /usr/lib/python3.9/site-packages/neutron/scheduler/base_scheduler.py:57
2026-06-09 08:01:13.051 17 DEBUG neutron.scheduler.dhcp_agent_scheduler [req-35bbb993-cecb-4689-a3b9-b2eb92b1be00 e12f675761644ddd8242872ea7b10d63 c72c190658434bf6bd212e5f84f978b9 - default default] Network 8b0e5b42-db6e-4cab-87ac-63a91f8aba1b is already hosted by enough agents. _get_dhcp_agents_hosting_network /usr/lib/python3.9/site-packages/neutron/scheduler/dhcp_agent_scheduler.py:275
2026-06-09 08:01:13.052 18 DEBUG neutron.pecan_wsgi.hooks.policy_enforcement [req-54833bc2-06e6-4587-a7f8-6e0ed80f72ba e12f675761644ddd8242872ea7b10d63 c72c190658434bf6bd212e5f84f978b9 - default default] Attributes excluded by policy engine: ['standard_attr_id', 'network'] _exclude_attributes_by_policy /usr/lib/python3.9/site-packages/neutron/pecan_wsgi/hooks/policy_enforcement.py:259
2026-06-09 08:01:13.053 17 DEBUG neutron.scheduler.base_scheduler [req-35bbb993-cecb-4689-a3b9-b2eb92b1be00 e12f675761644ddd8242872ea7b10d63 c72c190658434bf6bd212e5f84f978b9 - default default] Resources bound (agent type, host, resource id): schedule /usr/lib/python3.9/site-packages/neutron/scheduler/base_scheduler.py:57
2026-06-09 08:01:13.053 18 DEBUG neutron_lib.callbacks.manager [req-54833bc2-06e6-4587-a7f8-6e0ed80f72ba e12f675761644ddd8242872ea7b10d63 c72c190658434bf6bd212e5f84f978b9 - default default] Notify callbacks ['neutron.notifiers.nova.Notifier._send_nova_notification-935004', 'neutron.api.rpc.agentnotifiers.dhcp_rpc_agent_api.DhcpAgentNotifyAPI._send_dhcp_notification-886872'] for port, before_response _notify_loop /usr/lib/python3.9/site-packages/neutron_lib/callbacks/manager.py:200
2026-06-09 08:01:13.055 17 DEBUG neutron.pecan_wsgi.hooks.policy_enforcement [req-35bbb993-cecb-4689-a3b9-b2eb92b1be00 e12f675761644ddd8242872ea7b10d63 c72c190658434bf6bd212e5f84f978b9 - default default] Attributes excluded by policy engine: ['standard_attr_id', 'network'] _exclude_attributes_by_policy /usr/lib/python3.9/site-packages/neutron/pecan_wsgi/hooks/policy_enforcement.py:259
2026-06-09 08:01:13.056 17 DEBUG neutron_lib.callbacks.manager [req-35bbb993-cecb-4689-a3b9-b2eb92b1be00 e12f675761644ddd8242872ea7b10d63 c72c190658434bf6bd212e5f84f978b9 - default default] Notify callbacks ['neutron.notifiers.nova.Notifier._send_nova_notification-935004', 'neutron.api.rpc.agentnotifiers.dhcp_rpc_agent_api.DhcpAgentNotifyAPI._send_dhcp_notification-886872'] for port, before_response _notify_loop /usr/lib/python3.9/site-packages/neutron_lib/callbacks/manager.py:200
2026-06-09 08:01:13.061 16 DEBUG neutron.scheduler.dhcp_agent_scheduler [req-e307ba28-d03b-4b10-b0d8-985da8505fc6 e12f675761644ddd8242872ea7b10d63 c72c190658434bf6bd212e5f84f978b9 - default default] Network 8b0e5b42-db6e-4cab-87ac-63a91f8aba1b is already hosted by enough agents. _get_dhcp_agents_hosting_network /usr/lib/python3.9/site-packages/neutron/scheduler/dhcp_agent_scheduler.py:275
2026-06-09 08:01:13.063 18 DEBUG neutron.api.rpc.handlers.resources_rpc [req-54833bc2-06e6-4587-a7f8-6e0ed80f72ba e12f675761644ddd8242872ea7b10d63 c72c190658434bf6bd212e5f84f978b9 - - -] Pushing event updated for resources: {'Port': ['ID=fb44450b-3fef-4785-806d-601c17d4f18d,revision_number=1']} push /usr/lib/python3.9/site-packages/neutron/api/rpc/handlers/resources_rpc.py:237
2026-06-09 08:01:13.065 16 DEBUG neutron.scheduler.base_scheduler [req-e307ba28-d03b-4b10-b0d8-985da8505fc6 e12f675761644ddd8242872ea7b10d63 c72c190658434bf6bd212e5f84f978b9 - default default] Resources bound (agent type, host, resource id): schedule /usr/lib/python3.9/site-packages/neutron/scheduler/base_scheduler.py:57
2026-06-09 08:01:13.065 17 DEBUG neutron.api.rpc.handlers.resources_rpc [req-35bbb993-cecb-4689-a3b9-b2eb92b1be00 e12f675761644ddd8242872ea7b10d63 c72c190658434bf6bd212e5f84f978b9 - - -] Pushing event updated for resources: {'Port': ['ID=e3aa2f9b-e532-43dc-b87d-19d0bb404d65,revision_number=1']} push /usr/lib/python3.9/site-packages/neutron/api/rpc/handlers/resources_rpc.py:237
2026-06-09 08:01:13.068 16 DEBUG neutron.pecan_wsgi.hooks.policy_enforcement [req-e307ba28-d03b-4b10-b0d8-985da8505fc6 e12f675761644ddd8242872ea7b10d63 c72c190658434bf6bd212e5f84f978b9 - default default] Attributes excluded by policy engine: ['standard_attr_id', 'network'] _exclude_attributes_by_policy /usr/lib/python3.9/site-packages/neutron/pecan_wsgi/hooks/policy_enforcement.py:259
2026-06-09 08:01:13.068 16 DEBUG neutron_lib.callbacks.manager [req-e307ba28-d03b-4b10-b0d8-985da8505fc6 e12f675761644ddd8242872ea7b10d63 c72c190658434bf6bd212e5f84f978b9 - default default] Notify callbacks ['neutron.notifiers.nova.Notifier._send_nova_notification-935004', 'neutron.api.rpc.agentnotifiers.dhcp_rpc_agent_api.DhcpAgentNotifyAPI._send_dhcp_notification-886872'] for port, before_response _notify_loop /usr/lib/python3.9/site-packages/neutron_lib/callbacks/manager.py:200
2026-06-09 08:01:13.070 16 DEBUG neutron.api.rpc.handlers.resources_rpc [req-e307ba28-d03b-4b10-b0d8-985da8505fc6 e12f675761644ddd8242872ea7b10d63 c72c190658434bf6bd212e5f84f978b9 - - -] Pushing event updated for resources: {'Port': ['ID=5b1555be-491c-4d6c-989e-4bca4f3fced0,revision_number=1']} push /usr/lib/python3.9/site-packages/neutron/api/rpc/handlers/resources_rpc.py:237
2026-06-09 08:01:13.081 16 INFO neutron.wsgi [req-e307ba28-d03b-4b10-b0d8-985da8505fc6 e12f675761644ddd8242872ea7b10d63 c72c190658434bf6bd212e5f84f978b9 - default default] 192.168.122.99,192.168.122.100 "POST /v2.0/ports HTTP/1.1" status: 201 len: 1016 time: 0.3210318
2026-06-09 08:01:13.081 16 DEBUG neutron.api.rpc.callbacks.version_manager [req-e307ba28-d03b-4b10-b0d8-985da8505fc6 e12f675761644ddd8242872ea7b10d63 c72c190658434bf6bd212e5f84f978b9 - - -] Version for resource type AddressGroup changed None to 1.2 on consumer Open vSwitch agent@undercloud.ooo.test _set_version /usr/lib/python3.9/site-packages/neutron/api/rpc/callbacks/version_manager.py:113
2026-06-09 08:01:13.081 16 DEBUG neutron.api.rpc.callbacks.version_manager [req-e307ba28-d03b-4b10-b0d8-985da8505fc6 e12f675761644ddd8242872ea7b10d63 c72c190658434bf6bd212e5f84f978b9 - - -] Version for resource type ConntrackHelper changed None to 1.0 on consumer Open vSwitch agent@undercloud.ooo.test _set_version /usr/lib/python3.9/site-packages/neutron/api/rpc/callbacks/version_manager.py:113
2026-06-09 08:01:13.081 16 DEBUG neutron.api.rpc.callbacks.version_manager [req-e307ba28-d03b-4b10-b0d8-985da8505fc6 e12f675761644ddd8242872ea7b10d63 c72c190658434bf6bd212e5f84f978b9 - - -] Version for resource type Log changed None to 1.0 on consumer Open vSwitch agent@undercloud.ooo.test _set_version /usr/lib/python3.9/site-packages/neutron/api/rpc/callbacks/version_manager.py:113
2026-06-09 08:01:13.082 16 DEBUG neutron.api.rpc.callbacks.version_manager [req-e307ba28-d03b-4b10-b0d8-985da8505fc6 e12f675761644ddd8242872ea7b10d63 c72c190658434bf6bd212e5f84f978b9 - - -] Version for resource type Network changed None to 1.1 on consumer Open vSwitch agent@undercloud.ooo.test _set_version /usr/lib/python3.9/site-packages/neutron/api/rpc/callbacks/version_manager.py:113
2026-06-09 08:01:13.082 16 DEBUG neutron.api.rpc.callbacks.version_manager [req-e307ba28-d03b-4b10-b0d8-985da8505fc6 e12f675761644ddd8242872ea7b10d63 c72c190658434bf6bd212e5f84f978b9 - - -] Version for resource type Port changed None to 1.7 on consumer Open vSwitch agent@undercloud.ooo.test _set_version /usr/lib/python3.9/site-packages/neutron/api/rpc/callbacks/version_manager.py:113
2026-06-09 08:01:13.082 16 DEBUG neutron.api.rpc.callbacks.version_manager [req-e307ba28-d03b-4b10-b0d8-985da8505fc6 e12f675761644ddd8242872ea7b10d63 c72c190658434bf6bd212e5f84f978b9 - - -] Version for resource type PortForwarding changed None to 1.2 on consumer Open vSwitch agent@undercloud.ooo.test _set_version /usr/lib/python3.9/site-packages/neutron/api/rpc/callbacks/version_manager.py:113
2026-06-09 08:01:13.082 17 INFO neutron.wsgi [req-35bbb993-cecb-4689-a3b9-b2eb92b1be00 e12f675761644ddd8242872ea7b10d63 c72c190658434bf6bd212e5f84f978b9 - default default] 192.168.122.99,192.168.122.100 "POST /v2.0/ports HTTP/1.1" status: 201 len: 1016 time: 0.3132939
2026-06-09 08:01:13.082 16 DEBUG neutron.api.rpc.callbacks.version_manager [req-e307ba28-d03b-4b10-b0d8-985da8505fc6 e12f675761644ddd8242872ea7b10d63 c72c190658434bf6bd212e5f84f978b9 - - -] Version for resource type QosPolicy changed None to 1.8 on consumer Open vSwitch agent@undercloud.ooo.test _set_version /usr/lib/python3.9/site-packages/neutron/api/rpc/callbacks/version_manager.py:113
2026-06-09 08:01:13.082 16 DEBUG neutron.api.rpc.callbacks.version_manager [req-e307ba28-d03b-4b10-b0d8-985da8505fc6 e12f675761644ddd8242872ea7b10d63 c72c190658434bf6bd212e5f84f978b9 - - -] Version for resource type SecurityGroup changed None to 1.5 on consumer Open vSwitch agent@undercloud.ooo.test _set_version /usr/lib/python3.9/site-packages/neutron/api/rpc/callbacks/version_manager.py:113
2026-06-09 08:01:13.082 16 DEBUG neutron.api.rpc.callbacks.version_manager [req-e307ba28-d03b-4b10-b0d8-985da8505fc6 e12f675761644ddd8242872ea7b10d63 c72c190658434bf6bd212e5f84f978b9 - - -] Version for resource type SecurityGroupRule changed None to 1.2 on consumer Open vSwitch agent@undercloud.ooo.test _set_version /usr/lib/python3.9/site-packages/neutron/api/rpc/callbacks/version_manager.py:113
2026-06-09 08:01:13.082 16 DEBUG neutron.api.rpc.callbacks.version_manager [req-e307ba28-d03b-4b10-b0d8-985da8505fc6 e12f675761644ddd8242872ea7b10d63 c72c190658434bf6bd212e5f84f978b9 - - -] Version for resource type SubPort changed None to 1.0 on consumer Open vSwitch agent@undercloud.ooo.test _set_version /usr/lib/python3.9/site-packages/neutron/api/rpc/callbacks/version_manager.py:113
2026-06-09 08:01:13.082 16 DEBUG neutron.api.rpc.callbacks.version_manager [req-e307ba28-d03b-4b10-b0d8-985da8505fc6 e12f675761644ddd8242872ea7b10d63 c72c190658434bf6bd212e5f84f978b9 - - -] Version for resource type Subnet changed None to 1.1 on consumer Open vSwitch agent@undercloud.ooo.test _set_version /usr/lib/python3.9/site-packages/neutron/api/rpc/callbacks/version_manager.py:113
2026-06-09 08:01:13.082 16 DEBUG neutron.api.rpc.callbacks.version_manager [req-e307ba28-d03b-4b10-b0d8-985da8505fc6 e12f675761644ddd8242872ea7b10d63 c72c190658434bf6bd212e5f84f978b9 - - -] Version for resource type Trunk changed None to 1.1 on consumer Open vSwitch agent@undercloud.ooo.test _set_version /usr/lib/python3.9/site-packages/neutron/api/rpc/callbacks/version_manager.py:113
2026-06-09 08:01:13.083 18 INFO neutron.wsgi [req-54833bc2-06e6-4587-a7f8-6e0ed80f72ba e12f675761644ddd8242872ea7b10d63 c72c190658434bf6bd212e5f84f978b9 - default default] 192.168.122.99,192.168.122.100 "POST /v2.0/ports HTTP/1.1" status: 201 len: 1016 time: 0.3024433
2026-06-09 08:01:13.092 17 DEBUG neutron.services.tag.tag_plugin [req-394e6f9b-b4b4-4de0-9409-110f7b7a6a8e e12f675761644ddd8242872ea7b10d63 c72c190658434bf6bd212e5f84f978b9 - default default] neutron.services.tag.tag_plugin.TagPlugin method update_tags called with arguments (, 'ports', 'e3aa2f9b-e532-43dc-b87d-19d0bb404d65', {'tags': ['tripleo_stack_name=overcloud', 'tripleo_ovn_physnet=datacentre']}) {} wrapper /usr/lib/python3.9/site-packages/oslo_log/helpers.py:65
2026-06-09 08:01:13.099 16 DEBUG neutron.services.tag.tag_plugin [req-5ae414cc-8a53-4b11-96c4-e7dc7cdabed6 e12f675761644ddd8242872ea7b10d63 c72c190658434bf6bd212e5f84f978b9 - default default] neutron.services.tag.tag_plugin.TagPlugin method update_tags called with arguments (, 'ports', '5b1555be-491c-4d6c-989e-4bca4f3fced0', {'tags': ['tripleo_stack_name=overcloud', 'tripleo_ovn_physnet=datacentre']}) {} wrapper /usr/lib/python3.9/site-packages/oslo_log/helpers.py:65
2026-06-09 08:01:13.100 18 DEBUG neutron.services.tag.tag_plugin [req-36750bcf-5d53-4209-96fa-e1665b8f079d e12f675761644ddd8242872ea7b10d63 c72c190658434bf6bd212e5f84f978b9 - default default] neutron.services.tag.tag_plugin.TagPlugin method update_tags called with arguments (, 'ports', 'fb44450b-3fef-4785-806d-601c17d4f18d', {'tags': ['tripleo_stack_name=overcloud', 'tripleo_ovn_physnet=datacentre']}) {} wrapper /usr/lib/python3.9/site-packages/oslo_log/helpers.py:65
2026-06-09 08:01:13.128 17 INFO neutron.wsgi [req-394e6f9b-b4b4-4de0-9409-110f7b7a6a8e e12f675761644ddd8242872ea7b10d63 c72c190658434bf6bd212e5f84f978b9 - default default] 192.168.122.99,192.168.122.100 "PUT /v2.0/ports/e3aa2f9b-e532-43dc-b87d-19d0bb404d65/tags HTTP/1.1" status: 200 len: 250 time: 0.0389993
2026-06-09 08:01:13.133 16 INFO neutron.wsgi [req-5ae414cc-8a53-4b11-96c4-e7dc7cdabed6 e12f675761644ddd8242872ea7b10d63 c72c190658434bf6bd212e5f84f978b9 - default default] 192.168.122.99,192.168.122.100 "PUT /v2.0/ports/5b1555be-491c-4d6c-989e-4bca4f3fced0/tags HTTP/1.1" status: 200 len: 250 time: 0.0367720
2026-06-09 08:01:13.158 18 INFO neutron.wsgi [req-36750bcf-5d53-4209-96fa-e1665b8f079d e12f675761644ddd8242872ea7b10d63 c72c190658434bf6bd212e5f84f978b9 - default default] 192.168.122.99,192.168.122.100 "PUT /v2.0/ports/fb44450b-3fef-4785-806d-601c17d4f18d/tags HTTP/1.1" status: 200 len: 250 time: 0.0623026
2026-06-09 08:01:13.209 18 DEBUG neutron.pecan_wsgi.hooks.policy_enforcement [req-5478e8c7-2d4c-4fec-8a16-fda493620205 e12f675761644ddd8242872ea7b10d63 c72c190658434bf6bd212e5f84f978b9 - default default] Attributes excluded by policy engine: ['standard_attr_id'] _exclude_attributes_by_policy /usr/lib/python3.9/site-packages/neutron/pecan_wsgi/hooks/policy_enforcement.py:259
2026-06-09 08:01:13.209 18 DEBUG neutron.pecan_wsgi.hooks.policy_enforcement [req-5478e8c7-2d4c-4fec-8a16-fda493620205 e12f675761644ddd8242872ea7b10d63 c72c190658434bf6bd212e5f84f978b9 - default default] Attributes excluded by policy engine: ['standard_attr_id'] _exclude_attributes_by_policy /usr/lib/python3.9/site-packages/neutron/pecan_wsgi/hooks/policy_enforcement.py:259
2026-06-09 08:01:13.209 18 DEBUG neutron.pecan_wsgi.hooks.policy_enforcement [req-5478e8c7-2d4c-4fec-8a16-fda493620205 e12f675761644ddd8242872ea7b10d63 c72c190658434bf6bd212e5f84f978b9 - default default] Attributes excluded by policy engine: ['standard_attr_id'] _exclude_attributes_by_policy /usr/lib/python3.9/site-packages/neutron/pecan_wsgi/hooks/policy_enforcement.py:259
2026-06-09 08:01:13.209 18 DEBUG neutron.pecan_wsgi.hooks.policy_enforcement [req-5478e8c7-2d4c-4fec-8a16-fda493620205 e12f675761644ddd8242872ea7b10d63 c72c190658434bf6bd212e5f84f978b9 - default default] Attributes excluded by policy engine: ['standard_attr_id'] _exclude_attributes_by_policy /usr/lib/python3.9/site-packages/neutron/pecan_wsgi/hooks/policy_enforcement.py:259
2026-06-09 08:01:13.210 18 DEBUG neutron.pecan_wsgi.hooks.policy_enforcement [req-5478e8c7-2d4c-4fec-8a16-fda493620205 e12f675761644ddd8242872ea7b10d63 c72c190658434bf6bd212e5f84f978b9 - default default] Attributes excluded by policy engine: ['standard_attr_id'] _exclude_attributes_by_policy /usr/lib/python3.9/site-packages/neutron/pecan_wsgi/hooks/policy_enforcement.py:259
2026-06-09 08:01:13.210 18 DEBUG neutron.pecan_wsgi.hooks.policy_enforcement [req-5478e8c7-2d4c-4fec-8a16-fda493620205 e12f675761644ddd8242872ea7b10d63 c72c190658434bf6bd212e5f84f978b9 - default default] Attributes excluded by policy engine: ['standard_attr_id'] _exclude_attributes_by_policy /usr/lib/python3.9/site-packages/neutron/pecan_wsgi/hooks/policy_enforcement.py:259
2026-06-09 08:01:13.211 18 INFO neutron.wsgi [req-5478e8c7-2d4c-4fec-8a16-fda493620205 e12f675761644ddd8242872ea7b10d63 c72c190658434bf6bd212e5f84f978b9 - default default] 192.168.122.99,192.168.122.100 "GET /v2.0/ports?network_id=8b0e5b42-db6e-4cab-87ac-63a91f8aba1b&tags=tripleo_stack_name%3Dovercloud HTTP/1.1" status: 200 len: 5533 time: 0.0473325
2026-06-09 08:01:13.261 18 DEBUG neutron.plugins.ml2.plugin [req-c1665871-3072-4931-af83-ff04fcd5fcf9 e12f675761644ddd8242872ea7b10d63 c72c190658434bf6bd212e5f84f978b9 - default default] Deleting port 6b7dea0f-7a61-42ea-8a14-7d3b7f62bafd _pre_delete_port /usr/lib/python3.9/site-packages/neutron/plugins/ml2/plugin.py:2025
2026-06-09 08:01:13.262 18 DEBUG neutron_lib.callbacks.manager [req-c1665871-3072-4931-af83-ff04fcd5fcf9 e12f675761644ddd8242872ea7b10d63 c72c190658434bf6bd212e5f84f978b9 - default default] Notify callbacks ['neutron.plugins.ml2.extensions.dns_integration._delete_port_in_external_dns_service-8791205180910', 'neutron.db.l3_db.L3_NAT_dbonly_mixin._prevent_l3_port_delete_callback-8791205245067'] for port, before_delete _notify_loop /usr/lib/python3.9/site-packages/neutron_lib/callbacks/manager.py:200
2026-06-09 08:01:13.433 18 DEBUG neutron_lib.callbacks.manager [req-c1665871-3072-4931-af83-ff04fcd5fcf9 e12f675761644ddd8242872ea7b10d63 c72c190658434bf6bd212e5f84f978b9 - default default] Notify callbacks ['neutron.services.l3_router.l3_router_plugin.L3_NAT_dbonly_mixin._precommit_delete_port_callback-753373'] for port, precommit_delete _notify_loop /usr/lib/python3.9/site-packages/neutron_lib/callbacks/manager.py:200
2026-06-09 08:01:13.443 18 DEBUG neutron.plugins.ml2.plugin [req-c1665871-3072-4931-af83-ff04fcd5fcf9 e12f675761644ddd8242872ea7b10d63 c72c190658434bf6bd212e5f84f978b9 - default default] Calling delete_port for 6b7dea0f-7a61-42ea-8a14-7d3b7f62bafd owned by delete_port /usr/lib/python3.9/site-packages/neutron/plugins/ml2/plugin.py:2097
2026-06-09 08:01:13.512 18 DEBUG neutron_lib.callbacks.manager [req-c1665871-3072-4931-af83-ff04fcd5fcf9 e12f675761644ddd8242872ea7b10d63 c72c190658434bf6bd212e5f84f978b9 - default default] Notify callbacks ['neutron.plugins.ml2.plugin.SecurityGroupServerNotifierRpcMixin.notify_sg_on_port_change-1602649', 'neutron.plugins.ml2.ovo_rpc._ObjectChangeHandler.handle_event-876308', 'neutron.api.rpc.agentnotifiers.dhcp_rpc_agent_api.DhcpAgentNotifyAPI._native_event_send_dhcp_notification-886890', 'neutron.db.l3_db.L3RpcNotifierMixin._notify_routers_callback-8791205218780', 'neutron.services.segments.plugin.NovaSegmentNotifier._notify_port_created_or_deleted-727226'] for port, after_delete _notify_loop /usr/lib/python3.9/site-packages/neutron_lib/callbacks/manager.py:200
2026-06-09 08:01:13.533 18 DEBUG neutron.api.rpc.handlers.resources_rpc [req-c1665871-3072-4931-af83-ff04fcd5fcf9 e12f675761644ddd8242872ea7b10d63 c72c190658434bf6bd212e5f84f978b9 - - -] Pushing event deleted for resources: {'Port': ['ID=6b7dea0f-7a61-42ea-8a14-7d3b7f62bafd,revision_number=None']} push /usr/lib/python3.9/site-packages/neutron/api/rpc/handlers/resources_rpc.py:237
2026-06-09 08:01:13.538 18 DEBUG neutron_lib.callbacks.manager [req-c1665871-3072-4931-af83-ff04fcd5fcf9 e12f675761644ddd8242872ea7b10d63 c72c190658434bf6bd212e5f84f978b9 - default default] Notify callbacks ['neutron.notifiers.nova.Notifier._send_nova_notification-935004', 'neutron.api.rpc.agentnotifiers.dhcp_rpc_agent_api.DhcpAgentNotifyAPI._send_dhcp_notification-886872'] for port, before_response _notify_loop /usr/lib/python3.9/site-packages/neutron_lib/callbacks/manager.py:200
2026-06-09 08:01:13.539 18 INFO neutron.wsgi [req-c1665871-3072-4931-af83-ff04fcd5fcf9 e12f675761644ddd8242872ea7b10d63 c72c190658434bf6bd212e5f84f978b9 - default default] 192.168.122.99,192.168.122.100 "DELETE /v2.0/ports/6b7dea0f-7a61-42ea-8a14-7d3b7f62bafd HTTP/1.1" status: 204 len: 149 time: 0.3169634
2026-06-09 08:01:13.577 18 DEBUG neutron.plugins.ml2.plugin [req-482e0d15-522a-4c89-97e7-ebf41bd5a29e e12f675761644ddd8242872ea7b10d63 c72c190658434bf6bd212e5f84f978b9 - default default] Deleting port b7ee5340-769b-4d79-95c3-2ac011b243a8 _pre_delete_port /usr/lib/python3.9/site-packages/neutron/plugins/ml2/plugin.py:2025
2026-06-09 08:01:13.577 18 DEBUG neutron_lib.callbacks.manager [req-482e0d15-522a-4c89-97e7-ebf41bd5a29e e12f675761644ddd8242872ea7b10d63 c72c190658434bf6bd212e5f84f978b9 - default default] Notify callbacks ['neutron.plugins.ml2.extensions.dns_integration._delete_port_in_external_dns_service-8791205180910', 'neutron.db.l3_db.L3_NAT_dbonly_mixin._prevent_l3_port_delete_callback-8791205245067'] for port, before_delete _notify_loop /usr/lib/python3.9/site-packages/neutron_lib/callbacks/manager.py:200
2026-06-09 08:01:13.666 18 DEBUG neutron_lib.callbacks.manager [req-482e0d15-522a-4c89-97e7-ebf41bd5a29e e12f675761644ddd8242872ea7b10d63 c72c190658434bf6bd212e5f84f978b9 - default default] Notify callbacks ['neutron.services.l3_router.l3_router_plugin.L3_NAT_dbonly_mixin._precommit_delete_port_callback-753373'] for port, precommit_delete _notify_loop /usr/lib/python3.9/site-packages/neutron_lib/callbacks/manager.py:200
2026-06-09 08:01:13.677 18 DEBUG neutron.plugins.ml2.plugin [req-482e0d15-522a-4c89-97e7-ebf41bd5a29e e12f675761644ddd8242872ea7b10d63 c72c190658434bf6bd212e5f84f978b9 - default default] Calling delete_port for b7ee5340-769b-4d79-95c3-2ac011b243a8 owned by delete_port /usr/lib/python3.9/site-packages/neutron/plugins/ml2/plugin.py:2097
2026-06-09 08:01:13.726 18 DEBUG neutron_lib.callbacks.manager [req-482e0d15-522a-4c89-97e7-ebf41bd5a29e e12f675761644ddd8242872ea7b10d63 c72c190658434bf6bd212e5f84f978b9 - default default] Notify callbacks ['neutron.plugins.ml2.plugin.SecurityGroupServerNotifierRpcMixin.notify_sg_on_port_change-1602649', 'neutron.plugins.ml2.ovo_rpc._ObjectChangeHandler.handle_event-876308', 'neutron.api.rpc.agentnotifiers.dhcp_rpc_agent_api.DhcpAgentNotifyAPI._native_event_send_dhcp_notification-886890', 'neutron.db.l3_db.L3RpcNotifierMixin._notify_routers_callback-8791205218780', 'neutron.services.segments.plugin.NovaSegmentNotifier._notify_port_created_or_deleted-727226'] for port, after_delete _notify_loop /usr/lib/python3.9/site-packages/neutron_lib/callbacks/manager.py:200
2026-06-09 08:01:13.759 18 DEBUG neutron.api.rpc.handlers.resources_rpc [req-482e0d15-522a-4c89-97e7-ebf41bd5a29e e12f675761644ddd8242872ea7b10d63 c72c190658434bf6bd212e5f84f978b9 - - -] Pushing event deleted for resources: {'Port': ['ID=b7ee5340-769b-4d79-95c3-2ac011b243a8,revision_number=None']} push /usr/lib/python3.9/site-packages/neutron/api/rpc/handlers/resources_rpc.py:237
2026-06-09 08:01:13.765 18 DEBUG neutron_lib.callbacks.manager [req-482e0d15-522a-4c89-97e7-ebf41bd5a29e e12f675761644ddd8242872ea7b10d63 c72c190658434bf6bd212e5f84f978b9 - default default] Notify callbacks ['neutron.notifiers.nova.Notifier._send_nova_notification-935004', 'neutron.api.rpc.agentnotifiers.dhcp_rpc_agent_api.DhcpAgentNotifyAPI._send_dhcp_notification-886872'] for port, before_response _notify_loop /usr/lib/python3.9/site-packages/neutron_lib/callbacks/manager.py:200
2026-06-09 08:01:13.770 18 INFO neutron.wsgi [req-482e0d15-522a-4c89-97e7-ebf41bd5a29e e12f675761644ddd8242872ea7b10d63 c72c190658434bf6bd212e5f84f978b9 - default default] 192.168.122.99,192.168.122.100 "DELETE /v2.0/ports/b7ee5340-769b-4d79-95c3-2ac011b243a8 HTTP/1.1" status: 204 len: 149 time: 0.2224824
2026-06-09 08:01:13.839 18 DEBUG neutron.plugins.ml2.plugin [req-30a1a422-7f86-4966-95ce-84557867e6c5 e12f675761644ddd8242872ea7b10d63 c72c190658434bf6bd212e5f84f978b9 - default default] Deleting port e4ea735a-e2b7-4813-864a-5d904c1c6ba7 _pre_delete_port /usr/lib/python3.9/site-packages/neutron/plugins/ml2/plugin.py:2025
2026-06-09 08:01:13.840 18 DEBUG neutron_lib.callbacks.manager [req-30a1a422-7f86-4966-95ce-84557867e6c5 e12f675761644ddd8242872ea7b10d63 c72c190658434bf6bd212e5f84f978b9 - default default] Notify callbacks ['neutron.plugins.ml2.extensions.dns_integration._delete_port_in_external_dns_service-8791205180910', 'neutron.db.l3_db.L3_NAT_dbonly_mixin._prevent_l3_port_delete_callback-8791205245067'] for port, before_delete _notify_loop /usr/lib/python3.9/site-packages/neutron_lib/callbacks/manager.py:200
2026-06-09 08:01:13.979 18 DEBUG neutron_lib.callbacks.manager [req-30a1a422-7f86-4966-95ce-84557867e6c5 e12f675761644ddd8242872ea7b10d63 c72c190658434bf6bd212e5f84f978b9 - default default] Notify callbacks ['neutron.services.l3_router.l3_router_plugin.L3_NAT_dbonly_mixin._precommit_delete_port_callback-753373'] for port, precommit_delete _notify_loop /usr/lib/python3.9/site-packages/neutron_lib/callbacks/manager.py:200
2026-06-09 08:01:13.987 18 DEBUG neutron.plugins.ml2.plugin [req-30a1a422-7f86-4966-95ce-84557867e6c5 e12f675761644ddd8242872ea7b10d63 c72c190658434bf6bd212e5f84f978b9 - default default] Calling delete_port for e4ea735a-e2b7-4813-864a-5d904c1c6ba7 owned by delete_port /usr/lib/python3.9/site-packages/neutron/plugins/ml2/plugin.py:2097
2026-06-09 08:01:14.029 18 DEBUG neutron_lib.callbacks.manager [req-30a1a422-7f86-4966-95ce-84557867e6c5 e12f675761644ddd8242872ea7b10d63 c72c190658434bf6bd212e5f84f978b9 - default default] Notify callbacks ['neutron.plugins.ml2.plugin.SecurityGroupServerNotifierRpcMixin.notify_sg_on_port_change-1602649', 'neutron.plugins.ml2.ovo_rpc._ObjectChangeHandler.handle_event-876308', 'neutron.api.rpc.agentnotifiers.dhcp_rpc_agent_api.DhcpAgentNotifyAPI._native_event_send_dhcp_notification-886890', 'neutron.db.l3_db.L3RpcNotifierMixin._notify_routers_callback-8791205218780', 'neutron.services.segments.plugin.NovaSegmentNotifier._notify_port_created_or_deleted-727226'] for port, after_delete _notify_loop /usr/lib/python3.9/site-packages/neutron_lib/callbacks/manager.py:200
2026-06-09 08:01:14.050 18 DEBUG neutron.api.rpc.handlers.resources_rpc [req-30a1a422-7f86-4966-95ce-84557867e6c5 e12f675761644ddd8242872ea7b10d63 c72c190658434bf6bd212e5f84f978b9 - - -] Pushing event deleted for resources: {'Port': ['ID=e4ea735a-e2b7-4813-864a-5d904c1c6ba7,revision_number=None']} push /usr/lib/python3.9/site-packages/neutron/api/rpc/handlers/resources_rpc.py:237
2026-06-09 08:01:14.053 18 DEBUG neutron_lib.callbacks.manager [req-30a1a422-7f86-4966-95ce-84557867e6c5 e12f675761644ddd8242872ea7b10d63 c72c190658434bf6bd212e5f84f978b9 - default default] Notify callbacks ['neutron.notifiers.nova.Notifier._send_nova_notification-935004', 'neutron.api.rpc.agentnotifiers.dhcp_rpc_agent_api.DhcpAgentNotifyAPI._send_dhcp_notification-886872'] for port, before_response _notify_loop /usr/lib/python3.9/site-packages/neutron_lib/callbacks/manager.py:200
2026-06-09 08:01:14.054 18 INFO neutron.wsgi [req-30a1a422-7f86-4966-95ce-84557867e6c5 e12f675761644ddd8242872ea7b10d63 c72c190658434bf6bd212e5f84f978b9 - default default] 192.168.122.99,192.168.122.100 "DELETE /v2.0/ports/e4ea735a-e2b7-4813-864a-5d904c1c6ba7 HTTP/1.1" status: 204 len: 149 time: 0.2768972
2026-06-09 08:01:14.154 18 DEBUG neutron.pecan_wsgi.hooks.policy_enforcement [req-28d5248f-17cb-4e02-a4b5-4cc2a86483d7 e12f675761644ddd8242872ea7b10d63 c72c190658434bf6bd212e5f84f978b9 - default default] Attributes excluded by policy engine: ['standard_attr_id'] _exclude_attributes_by_policy /usr/lib/python3.9/site-packages/neutron/pecan_wsgi/hooks/policy_enforcement.py:259
2026-06-09 08:01:14.154 18 DEBUG neutron.pecan_wsgi.hooks.policy_enforcement [req-28d5248f-17cb-4e02-a4b5-4cc2a86483d7 e12f675761644ddd8242872ea7b10d63 c72c190658434bf6bd212e5f84f978b9 - default default] Attributes excluded by policy engine: ['standard_attr_id'] _exclude_attributes_by_policy /usr/lib/python3.9/site-packages/neutron/pecan_wsgi/hooks/policy_enforcement.py:259
2026-06-09 08:01:14.155 18 DEBUG neutron.pecan_wsgi.hooks.policy_enforcement [req-28d5248f-17cb-4e02-a4b5-4cc2a86483d7 e12f675761644ddd8242872ea7b10d63 c72c190658434bf6bd212e5f84f978b9 - default default] Attributes excluded by policy engine: ['standard_attr_id'] _exclude_attributes_by_policy /usr/lib/python3.9/site-packages/neutron/pecan_wsgi/hooks/policy_enforcement.py:259
2026-06-09 08:01:14.156 18 INFO neutron.wsgi [req-28d5248f-17cb-4e02-a4b5-4cc2a86483d7 e12f675761644ddd8242872ea7b10d63 c72c190658434bf6bd212e5f84f978b9 - default default] 192.168.122.99,192.168.122.100 "GET /v2.0/ports?network_id=8b0e5b42-db6e-4cab-87ac-63a91f8aba1b&tags=tripleo_stack_name%3Dovercloud HTTP/1.1" status: 200 len: 2860 time: 0.0961006
2026-06-09 08:01:15.035 16 DEBUG neutron.wsgi [-] (16) accepted ('192.168.122.100', 32914) server /usr/lib/python3.9/site-packages/eventlet/wsgi.py:992
2026-06-09 08:01:15.039 16 INFO neutron.wsgi [-] 192.168.122.100 "GET /healthcheck HTTP/1.0" status: 200 len: 137 time: 0.0029891
2026-06-09 08:01:17.040 15 DEBUG neutron.wsgi [-] (15) accepted ('192.168.122.100', 32922) server /usr/lib/python3.9/site-packages/eventlet/wsgi.py:992
2026-06-09 08:01:17.045 15 INFO neutron.wsgi [-] 192.168.122.100 "GET /healthcheck HTTP/1.0" status: 200 len: 137 time: 0.0029600
2026-06-09 08:01:19.046 15 DEBUG neutron.wsgi [-] (15) accepted ('192.168.122.100', 32928) server /usr/lib/python3.9/site-packages/eventlet/wsgi.py:992
2026-06-09 08:01:19.049 15 INFO neutron.wsgi [-] 192.168.122.100 "GET /healthcheck HTTP/1.0" status: 200 len: 137 time: 0.0017273
2026-06-09 08:01:21.050 16 DEBUG neutron.wsgi [-] (16) accepted ('192.168.122.100', 32936) server /usr/lib/python3.9/site-packages/eventlet/wsgi.py:992
2026-06-09 08:01:21.054 16 INFO neutron.wsgi [-] 192.168.122.100 "GET /healthcheck HTTP/1.0" status: 200 len: 137 time: 0.0026581
2026-06-09 08:01:23.057 15 DEBUG neutron.wsgi [-] (15) accepted ('192.168.122.100', 32938) server /usr/lib/python3.9/site-packages/eventlet/wsgi.py:992
2026-06-09 08:01:23.059 15 INFO neutron.wsgi [-] 192.168.122.100 "GET /healthcheck HTTP/1.0" status: 200 len: 137 time: 0.0018663
2026-06-09 08:01:25.061 15 DEBUG neutron.wsgi [-] (15) accepted ('192.168.122.100', 50766) server /usr/lib/python3.9/site-packages/eventlet/wsgi.py:992
2026-06-09 08:01:25.064 15 INFO neutron.wsgi [-] 192.168.122.100 "GET /healthcheck HTTP/1.0" status: 200 len: 137 time: 0.0015168
2026-06-09 08:01:27.065 18 DEBUG neutron.wsgi [-] (18) accepted ('192.168.122.100', 50774) server /usr/lib/python3.9/site-packages/eventlet/wsgi.py:992
2026-06-09 08:01:27.069 18 INFO neutron.wsgi [-] 192.168.122.100 "GET /healthcheck HTTP/1.0" status: 200 len: 137 time: 0.0028262
2026-06-09 08:01:29.070 18 DEBUG neutron.wsgi [-] (18) accepted ('192.168.122.100', 50784) server /usr/lib/python3.9/site-packages/eventlet/wsgi.py:992
2026-06-09 08:01:29.075 18 INFO neutron.wsgi [-] 192.168.122.100 "GET /healthcheck HTTP/1.0" status: 200 len: 137 time: 0.0025706
2026-06-09 08:01:31.076 18 DEBUG neutron.wsgi [-] (18) accepted ('192.168.122.100', 50792) server /usr/lib/python3.9/site-packages/eventlet/wsgi.py:992
2026-06-09 08:01:31.079 18 INFO neutron.wsgi [-] 192.168.122.100 "GET /healthcheck HTTP/1.0" status: 200 len: 137 time: 0.0018525
2026-06-09 08:01:33.081 18 DEBUG neutron.wsgi [-] (18) accepted ('192.168.122.100', 50802) server /usr/lib/python3.9/site-packages/eventlet/wsgi.py:992
2026-06-09 08:01:33.083 18 INFO neutron.wsgi [-] 192.168.122.100 "GET /healthcheck HTTP/1.0" status: 200 len: 137 time: 0.0018287
2026-06-09 08:01:35.084 18 DEBUG neutron.wsgi [-] (18) accepted ('192.168.122.100', 51008) server /usr/lib/python3.9/site-packages/eventlet/wsgi.py:992
2026-06-09 08:01:35.088 18 INFO neutron.wsgi [-] 192.168.122.100 "GET /healthcheck HTTP/1.0" status: 200 len: 137 time: 0.0027759
2026-06-09 08:01:37.091 17 DEBUG neutron.wsgi [-] (17) accepted ('192.168.122.100', 51018) server /usr/lib/python3.9/site-packages/eventlet/wsgi.py:992
2026-06-09 08:01:37.095 17 INFO neutron.wsgi [-] 192.168.122.100 "GET /healthcheck HTTP/1.0" status: 200 len: 137 time: 0.0029249
2026-06-09 08:01:39.096 17 DEBUG neutron.wsgi [-] (17) accepted ('192.168.122.100', 51034) server /usr/lib/python3.9/site-packages/eventlet/wsgi.py:992
2026-06-09 08:01:39.100 17 INFO neutron.wsgi [-] 192.168.122.100 "GET /healthcheck HTTP/1.0" status: 200 len: 137 time: 0.0027273
2026-06-09 08:01:41.101 18 DEBUG neutron.wsgi [-] (18) accepted ('192.168.122.100', 51038) server /usr/lib/python3.9/site-packages/eventlet/wsgi.py:992
2026-06-09 08:01:41.105 18 INFO neutron.wsgi [-] 192.168.122.100 "GET /healthcheck HTTP/1.0" status: 200 len: 137 time: 0.0026352
2026-06-09 08:01:43.106 15 DEBUG neutron.wsgi [-] (15) accepted ('192.168.122.100', 51048) server /usr/lib/python3.9/site-packages/eventlet/wsgi.py:992
2026-06-09 08:01:43.109 15 INFO neutron.wsgi [-] 192.168.122.100 "GET /healthcheck HTTP/1.0" status: 200 len: 137 time: 0.0016017
2026-06-09 08:01:43.506 16 DEBUG neutron.wsgi [-] (16) accepted ('192.168.122.100', 51050) server /usr/lib/python3.9/site-packages/eventlet/wsgi.py:992
2026-06-09 08:01:43.509 16 INFO neutron.wsgi [-] 192.168.122.100 "GET / HTTP/1.1" status: 200 len: 233 time: 0.0023928
2026-06-09 08:01:45.110 17 DEBUG neutron.wsgi [-] (17) accepted ('192.168.122.100', 38844) server /usr/lib/python3.9/site-packages/eventlet/wsgi.py:992
2026-06-09 08:01:45.115 17 INFO neutron.wsgi [-] 192.168.122.100 "GET /healthcheck HTTP/1.0" status: 200 len: 137 time: 0.0028210
2026-06-09 08:01:47.117 18 DEBUG neutron.wsgi [-] (18) accepted ('192.168.122.100', 38850) server /usr/lib/python3.9/site-packages/eventlet/wsgi.py:992
2026-06-09 08:01:47.121 18 INFO neutron.wsgi [-] 192.168.122.100 "GET /healthcheck HTTP/1.0" status: 200 len: 137 time: 0.0026193
2026-06-09 08:01:49.122 16 DEBUG neutron.wsgi [-] (16) accepted ('192.168.122.100', 38856) server /usr/lib/python3.9/site-packages/eventlet/wsgi.py:992
2026-06-09 08:01:49.127 16 INFO neutron.wsgi [-] 192.168.122.100 "GET /healthcheck HTTP/1.0" status: 200 len: 137 time: 0.0028148
2026-06-09 08:01:51.128 16 DEBUG neutron.wsgi [-] (16) accepted ('192.168.122.100', 38866) server /usr/lib/python3.9/site-packages/eventlet/wsgi.py:992
2026-06-09 08:01:51.133 16 INFO neutron.wsgi [-] 192.168.122.100 "GET /healthcheck HTTP/1.0" status: 200 len: 137 time: 0.0029438
2026-06-09 08:01:53.134 15 DEBUG neutron.wsgi [-] (15) accepted ('192.168.122.100', 38868) server /usr/lib/python3.9/site-packages/eventlet/wsgi.py:992
2026-06-09 08:01:53.138 15 INFO neutron.wsgi [-] 192.168.122.100 "GET /healthcheck HTTP/1.0" status: 200 len: 137 time: 0.0026968
2026-06-09 08:01:55.140 15 DEBUG neutron.wsgi [-] (15) accepted ('192.168.122.100', 56252) server /usr/lib/python3.9/site-packages/eventlet/wsgi.py:992
2026-06-09 08:01:55.144 15 INFO neutron.wsgi [-] 192.168.122.100 "GET /healthcheck HTTP/1.0" status: 200 len: 137 time: 0.0029330
2026-06-09 08:01:57.146 15 DEBUG neutron.wsgi [-] (15) accepted ('192.168.122.100', 56260) server /usr/lib/python3.9/site-packages/eventlet/wsgi.py:992
2026-06-09 08:01:57.150 15 INFO neutron.wsgi [-] 192.168.122.100 "GET /healthcheck HTTP/1.0" status: 200 len: 137 time: 0.0026758
2026-06-09 08:01:59.152 15 DEBUG neutron.wsgi [-] (15) accepted ('192.168.122.100', 56264) server /usr/lib/python3.9/site-packages/eventlet/wsgi.py:992
2026-06-09 08:01:59.156 15 INFO neutron.wsgi [-] 192.168.122.100 "GET /healthcheck HTTP/1.0" status: 200 len: 137 time: 0.0026429
2026-06-09 08:02:01.157 15 DEBUG neutron.wsgi [-] (15) accepted ('192.168.122.100', 56270) server /usr/lib/python3.9/site-packages/eventlet/wsgi.py:992
2026-06-09 08:02:01.162 15 INFO neutron.wsgi [-] 192.168.122.100 "GET /healthcheck HTTP/1.0" status: 200 len: 137 time: 0.0028534
2026-06-09 08:02:03.163 15 DEBUG neutron.wsgi [-] (15) accepted ('192.168.122.100', 56276) server /usr/lib/python3.9/site-packages/eventlet/wsgi.py:992
2026-06-09 08:02:03.167 15 INFO neutron.wsgi [-] 192.168.122.100 "GET /healthcheck HTTP/1.0" status: 200 len: 137 time: 0.0026505
2026-06-09 08:02:05.168 18 DEBUG neutron.wsgi [-] (18) accepted ('192.168.122.100', 52620) server /usr/lib/python3.9/site-packages/eventlet/wsgi.py:992
2026-06-09 08:02:05.173 18 INFO neutron.wsgi [-] 192.168.122.100 "GET /healthcheck HTTP/1.0" status: 200 len: 137 time: 0.0028114
2026-06-09 08:02:07.175 17 DEBUG neutron.wsgi [-] (17) accepted ('192.168.122.100', 52622) server /usr/lib/python3.9/site-packages/eventlet/wsgi.py:992
2026-06-09 08:02:07.179 17 INFO neutron.wsgi [-] 192.168.122.100 "GET /healthcheck HTTP/1.0" status: 200 len: 137 time: 0.0031104
2026-06-09 08:02:09.180 16 DEBUG neutron.wsgi [-] (16) accepted ('192.168.122.100', 52626) server /usr/lib/python3.9/site-packages/eventlet/wsgi.py:992
2026-06-09 08:02:09.184 16 INFO neutron.wsgi [-] 192.168.122.100 "GET /healthcheck HTTP/1.0" status: 200 len: 137 time: 0.0027077
2026-06-09 08:02:11.185 16 DEBUG neutron.wsgi [-] (16) accepted ('192.168.122.100', 52636) server /usr/lib/python3.9/site-packages/eventlet/wsgi.py:992
2026-06-09 08:02:11.187 16 INFO neutron.wsgi [-] 192.168.122.100 "GET /healthcheck HTTP/1.0" status: 200 len: 137 time: 0.0015700
2026-06-09 08:02:13.189 15 DEBUG neutron.wsgi [-] (15) accepted ('192.168.122.100', 52652) server /usr/lib/python3.9/site-packages/eventlet/wsgi.py:992
2026-06-09 08:02:13.191 15 INFO neutron.wsgi [-] 192.168.122.100 "GET /healthcheck HTTP/1.0" status: 200 len: 137 time: 0.0014377
2026-06-09 08:02:14.227 17 DEBUG neutron.wsgi [-] (17) accepted ('192.168.122.100', 37268) server /usr/lib/python3.9/site-packages/eventlet/wsgi.py:992
2026-06-09 08:02:14.232 17 INFO neutron.wsgi [-] 192.168.122.100 "GET / HTTP/1.1" status: 200 len: 233 time: 0.0031919
2026-06-09 08:02:15.193 15 DEBUG neutron.wsgi [-] (15) accepted ('192.168.122.100', 37274) server /usr/lib/python3.9/site-packages/eventlet/wsgi.py:992
2026-06-09 08:02:15.197 15 INFO neutron.wsgi [-] 192.168.122.100 "GET /healthcheck HTTP/1.0" status: 200 len: 137 time: 0.0029795
2026-06-09 08:02:17.199 16 DEBUG neutron.wsgi [-] (16) accepted ('192.168.122.100', 37290) server /usr/lib/python3.9/site-packages/eventlet/wsgi.py:992
2026-06-09 08:02:17.204 16 INFO neutron.wsgi [-] 192.168.122.100 "GET /healthcheck HTTP/1.0" status: 200 len: 137 time: 0.0028896
2026-06-09 08:02:19.206 16 DEBUG neutron.wsgi [-] (16) accepted ('192.168.122.100', 37294) server /usr/lib/python3.9/site-packages/eventlet/wsgi.py:992
2026-06-09 08:02:19.209 16 INFO neutron.wsgi [-] 192.168.122.100 "GET /healthcheck HTTP/1.0" status: 200 len: 137 time: 0.0025897
2026-06-09 08:02:21.211 17 DEBUG neutron.wsgi [-] (17) accepted ('192.168.122.100', 37306) server /usr/lib/python3.9/site-packages/eventlet/wsgi.py:992
2026-06-09 08:02:21.216 17 INFO neutron.wsgi [-] 192.168.122.100 "GET /healthcheck HTTP/1.0" status: 200 len: 137 time: 0.0031197
2026-06-09 08:02:23.217 16 DEBUG neutron.wsgi [-] (16) accepted ('192.168.122.100', 37316) server /usr/lib/python3.9/site-packages/eventlet/wsgi.py:992
2026-06-09 08:02:23.220 16 INFO neutron.wsgi [-] 192.168.122.100 "GET /healthcheck HTTP/1.0" status: 200 len: 137 time: 0.0017924
2026-06-09 08:02:25.221 18 DEBUG neutron.wsgi [-] (18) accepted ('192.168.122.100', 33948) server /usr/lib/python3.9/site-packages/eventlet/wsgi.py:992
2026-06-09 08:02:25.225 18 INFO neutron.wsgi [-] 192.168.122.100 "GET /healthcheck HTTP/1.0" status: 200 len: 137 time: 0.0026624
2026-06-09 08:02:27.227 16 DEBUG neutron.wsgi [-] (16) accepted ('192.168.122.100', 33960) server /usr/lib/python3.9/site-packages/eventlet/wsgi.py:992
2026-06-09 08:02:27.231 16 INFO neutron.wsgi [-] 192.168.122.100 "GET /healthcheck HTTP/1.0" status: 200 len: 137 time: 0.0029244
2026-06-09 08:02:29.233 15 DEBUG neutron.wsgi [-] (15) accepted ('192.168.122.100', 33962) server /usr/lib/python3.9/site-packages/eventlet/wsgi.py:992
2026-06-09 08:02:29.239 15 INFO neutron.wsgi [-] 192.168.122.100 "GET /healthcheck HTTP/1.0" status: 200 len: 137 time: 0.0036809
2026-06-09 08:02:31.241 18 DEBUG neutron.wsgi [-] (18) accepted ('192.168.122.100', 33978) server /usr/lib/python3.9/site-packages/eventlet/wsgi.py:992
2026-06-09 08:02:31.244 18 INFO neutron.wsgi [-] 192.168.122.100 "GET /healthcheck HTTP/1.0" status: 200 len: 137 time: 0.0020933
2026-06-09 08:02:33.246 15 DEBUG neutron.wsgi [-] (15) accepted ('192.168.122.100', 33986) server /usr/lib/python3.9/site-packages/eventlet/wsgi.py:992
2026-06-09 08:02:33.250 15 INFO neutron.wsgi [-] 192.168.122.100 "GET /healthcheck HTTP/1.0" status: 200 len: 137 time: 0.0025902
2026-06-09 08:02:35.252 15 DEBUG neutron.wsgi [-] (15) accepted ('192.168.122.100', 52076) server /usr/lib/python3.9/site-packages/eventlet/wsgi.py:992
2026-06-09 08:02:35.255 15 INFO neutron.wsgi [-] 192.168.122.100 "GET /healthcheck HTTP/1.0" status: 200 len: 137 time: 0.0026138
2026-06-09 08:02:37.258 16 DEBUG neutron.wsgi [-] (16) accepted ('192.168.122.100', 52088) server /usr/lib/python3.9/site-packages/eventlet/wsgi.py:992
2026-06-09 08:02:37.262 16 INFO neutron.wsgi [-] 192.168.122.100 "GET /healthcheck HTTP/1.0" status: 200 len: 137 time: 0.0027969
2026-06-09 08:02:39.263 15 DEBUG neutron.wsgi [-] (15) accepted ('192.168.122.100', 52092) server /usr/lib/python3.9/site-packages/eventlet/wsgi.py:992
2026-06-09 08:02:39.268 15 INFO neutron.wsgi [-] 192.168.122.100 "GET /healthcheck HTTP/1.0" status: 200 len: 137 time: 0.0035229
2026-06-09 08:02:41.270 16 DEBUG neutron.wsgi [-] (16) accepted ('192.168.122.100', 52106) server /usr/lib/python3.9/site-packages/eventlet/wsgi.py:992
2026-06-09 08:02:41.274 16 INFO neutron.wsgi [-] 192.168.122.100 "GET /healthcheck HTTP/1.0" status: 200 len: 137 time: 0.0032737
2026-06-09 08:02:43.275 16 DEBUG neutron.wsgi [-] (16) accepted ('192.168.122.100', 52120) server /usr/lib/python3.9/site-packages/eventlet/wsgi.py:992
2026-06-09 08:02:43.279 16 INFO neutron.wsgi [-] 192.168.122.100 "GET /healthcheck HTTP/1.0" status: 200 len: 137 time: 0.0029035
2026-06-09 08:02:45.163 15 DEBUG neutron.wsgi [-] (15) accepted ('192.168.122.100', 53382) server /usr/lib/python3.9/site-packages/eventlet/wsgi.py:992
2026-06-09 08:02:45.166 15 INFO neutron.wsgi [-] 192.168.122.100 "GET / HTTP/1.1" status: 200 len: 233 time: 0.0016911
2026-06-09 08:02:45.281 15 DEBUG neutron.wsgi [-] (15) accepted ('192.168.122.100', 53384) server /usr/lib/python3.9/site-packages/eventlet/wsgi.py:992
2026-06-09 08:02:45.284 15 INFO neutron.wsgi [-] 192.168.122.100 "GET /healthcheck HTTP/1.0" status: 200 len: 137 time: 0.0021532
2026-06-09 08:02:47.286 16 DEBUG neutron.wsgi [-] (16) accepted ('192.168.122.100', 53396) server /usr/lib/python3.9/site-packages/eventlet/wsgi.py:992
2026-06-09 08:02:47.290 16 INFO neutron.wsgi [-] 192.168.122.100 "GET /healthcheck HTTP/1.0" status: 200 len: 137 time: 0.0035641
2026-06-09 08:02:49.293 15 DEBUG neutron.wsgi [-] (15) accepted ('192.168.122.100', 53404) server /usr/lib/python3.9/site-packages/eventlet/wsgi.py:992
2026-06-09 08:02:49.297 15 INFO neutron.wsgi [-] 192.168.122.100 "GET /healthcheck HTTP/1.0" status: 200 len: 137 time: 0.0029936
2026-06-09 08:02:51.298 15 DEBUG neutron.wsgi [-] (15) accepted ('192.168.122.100', 53414) server /usr/lib/python3.9/site-packages/eventlet/wsgi.py:992
2026-06-09 08:02:51.303 15 INFO neutron.wsgi [-] 192.168.122.100 "GET /healthcheck HTTP/1.0" status: 200 len: 137 time: 0.0026510
2026-06-09 08:02:52.638 22 DEBUG neutron_lib.callbacks.manager [req-dd343d00-559b-40cb-8500-f3fa916bc8db - - - - -] Notify callbacks ['neutron.services.segments.db._update_segment_host_mapping_for_agent-8791205296222', 'neutron.plugins.ml2.plugin.Ml2Plugin._retry_binding_revived_agents-1709324'] for agent, after_update _notify_loop /usr/lib/python3.9/site-packages/neutron_lib/callbacks/manager.py:200
