2026-06-09 07:49:47.759 16 INFO neutron.wsgi [req-cdf197e9-8102-4cd5-a5d0-d9420096319b e12f675761644ddd8242872ea7b10d63 c72c190658434bf6bd212e5f84f978b9 - default default] 192.168.122.99,192.168.122.100 "PUT /v2.0/subnets/c77d3996-5557-4aa3-a52c-f9373d81747b/tags HTTP/1.1" status: 200 len: 206 time: 0.0287077
2026-06-09 07:49:49.039 17 DEBUG neutron.wsgi [-] (17) accepted ('192.168.122.100', 42054) server /usr/lib/python3.9/site-packages/eventlet/wsgi.py:992
2026-06-09 07:49:49.195 17 INFO neutron.pecan_wsgi.hooks.translation [req-3db05891-98b6-4acc-b6c7-10f73c778ef9 e12f675761644ddd8242872ea7b10d63 c72c190658434bf6bd212e5f84f978b9 - default default] GET failed (client error): The resource could not be found.
2026-06-09 07:49:49.197 17 INFO neutron.wsgi [req-3db05891-98b6-4acc-b6c7-10f73c778ef9 e12f675761644ddd8242872ea7b10d63 c72c190658434bf6bd212e5f84f978b9 - default default] 192.168.122.99,192.168.122.100 "GET /v2.0/networks/storage HTTP/1.1" status: 404 len: 291 time: 0.1567733
2026-06-09 07:49:49.224 18 DEBUG neutron.wsgi [-] (18) accepted ('192.168.122.100', 42066) server /usr/lib/python3.9/site-packages/eventlet/wsgi.py:992
2026-06-09 07:49:49.227 18 INFO neutron.wsgi [-] 192.168.122.100 "GET /healthcheck HTTP/1.0" status: 200 len: 137 time: 0.0024974
2026-06-09 07:49:49.312 17 DEBUG neutron.pecan_wsgi.hooks.policy_enforcement [req-fafbfdd4-e719-4be8-bed8-e5cf44be9580 e12f675761644ddd8242872ea7b10d63 c72c190658434bf6bd212e5f84f978b9 - default default] Attributes excluded by policy engine: ['standard_attr_id', 'vlan_transparent'] _exclude_attributes_by_policy /usr/lib/python3.9/site-packages/neutron/pecan_wsgi/hooks/policy_enforcement.py:259
2026-06-09 07:49:49.314 17 INFO neutron.wsgi [req-fafbfdd4-e719-4be8-bed8-e5cf44be9580 e12f675761644ddd8242872ea7b10d63 c72c190658434bf6bd212e5f84f978b9 - default default] 192.168.122.99,192.168.122.100 "GET /v2.0/networks?name=storage HTTP/1.1" status: 200 len: 1023 time: 0.1123173
2026-06-09 07:49:49.372 17 DEBUG neutron.pecan_wsgi.hooks.policy_enforcement [req-871953d4-04a6-4e6d-b751-35394130b9de e12f675761644ddd8242872ea7b10d63 c72c190658434bf6bd212e5f84f978b9 - default default] Attributes excluded by policy engine: ['standard_attr_id', 'shared'] _exclude_attributes_by_policy /usr/lib/python3.9/site-packages/neutron/pecan_wsgi/hooks/policy_enforcement.py:259
2026-06-09 07:49:49.374 17 INFO neutron.wsgi [req-871953d4-04a6-4e6d-b751-35394130b9de e12f675761644ddd8242872ea7b10d63 c72c190658434bf6bd212e5f84f978b9 - default default] 192.168.122.99,192.168.122.100 "GET /v2.0/subnets/b99b6e6d-af8f-4969-b313-7b449528cc26 HTTP/1.1" status: 200 len: 859 time: 0.0532367
2026-06-09 07:49:49.394 17 INFO neutron.pecan_wsgi.hooks.translation [req-23e76ea2-c7e7-4849-b153-f67fe4577cd8 e12f675761644ddd8242872ea7b10d63 c72c190658434bf6bd212e5f84f978b9 - default default] GET failed (client error): The resource could not be found.
2026-06-09 07:49:49.395 17 INFO neutron.wsgi [req-23e76ea2-c7e7-4849-b153-f67fe4577cd8 e12f675761644ddd8242872ea7b10d63 c72c190658434bf6bd212e5f84f978b9 - default default] 192.168.122.99,192.168.122.100 "GET /v2.0/networks/storage_mgmt HTTP/1.1" status: 404 len: 296 time: 0.0150187
2026-06-09 07:49:49.474 17 DEBUG neutron.pecan_wsgi.hooks.policy_enforcement [req-e9e5729b-f9fa-4113-b7c5-31de3cbfa90e e12f675761644ddd8242872ea7b10d63 c72c190658434bf6bd212e5f84f978b9 - default default] Attributes excluded by policy engine: ['standard_attr_id', 'vlan_transparent'] _exclude_attributes_by_policy /usr/lib/python3.9/site-packages/neutron/pecan_wsgi/hooks/policy_enforcement.py:259
2026-06-09 07:49:49.475 17 INFO neutron.wsgi [req-e9e5729b-f9fa-4113-b7c5-31de3cbfa90e e12f675761644ddd8242872ea7b10d63 c72c190658434bf6bd212e5f84f978b9 - default default] 192.168.122.99,192.168.122.100 "GET /v2.0/networks?name=storage_mgmt HTTP/1.1" status: 200 len: 1051 time: 0.0760124
2026-06-09 07:49:49.527 17 DEBUG neutron.pecan_wsgi.hooks.policy_enforcement [req-d76a2034-dc20-49f6-a95b-a426695d4bb8 e12f675761644ddd8242872ea7b10d63 c72c190658434bf6bd212e5f84f978b9 - default default] Attributes excluded by policy engine: ['standard_attr_id', 'shared'] _exclude_attributes_by_policy /usr/lib/python3.9/site-packages/neutron/pecan_wsgi/hooks/policy_enforcement.py:259
2026-06-09 07:49:49.528 17 INFO neutron.wsgi [req-d76a2034-dc20-49f6-a95b-a426695d4bb8 e12f675761644ddd8242872ea7b10d63 c72c190658434bf6bd212e5f84f978b9 - default default] 192.168.122.99,192.168.122.100 "GET /v2.0/subnets/f3a8f3ac-334d-43e0-905b-b4dd3c2f2da5 HTTP/1.1" status: 200 len: 864 time: 0.0462546
2026-06-09 07:49:49.544 17 INFO neutron.pecan_wsgi.hooks.translation [req-f4b52913-f96a-4e70-bd9f-62acc5964d56 e12f675761644ddd8242872ea7b10d63 c72c190658434bf6bd212e5f84f978b9 - default default] GET failed (client error): The resource could not be found.
2026-06-09 07:49:49.545 17 INFO neutron.wsgi [req-f4b52913-f96a-4e70-bd9f-62acc5964d56 e12f675761644ddd8242872ea7b10d63 c72c190658434bf6bd212e5f84f978b9 - default default] 192.168.122.99,192.168.122.100 "GET /v2.0/networks/internal_api HTTP/1.1" status: 404 len: 296 time: 0.0119445
2026-06-09 07:49:49.601 17 DEBUG neutron.pecan_wsgi.hooks.policy_enforcement [req-c75de4d0-698e-4e18-ba84-5f8bb35b2703 e12f675761644ddd8242872ea7b10d63 c72c190658434bf6bd212e5f84f978b9 - default default] Attributes excluded by policy engine: ['standard_attr_id', 'vlan_transparent'] _exclude_attributes_by_policy /usr/lib/python3.9/site-packages/neutron/pecan_wsgi/hooks/policy_enforcement.py:259
2026-06-09 07:49:49.602 17 INFO neutron.wsgi [req-c75de4d0-698e-4e18-ba84-5f8bb35b2703 e12f675761644ddd8242872ea7b10d63 c72c190658434bf6bd212e5f84f978b9 - default default] 192.168.122.99,192.168.122.100 "GET /v2.0/networks?name=internal_api HTTP/1.1" status: 200 len: 1052 time: 0.0531693
2026-06-09 07:49:49.635 17 DEBUG neutron.pecan_wsgi.hooks.policy_enforcement [req-4254ed6b-8457-4d85-9933-7d91ace49848 e12f675761644ddd8242872ea7b10d63 c72c190658434bf6bd212e5f84f978b9 - default default] Attributes excluded by policy engine: ['standard_attr_id', 'shared'] _exclude_attributes_by_policy /usr/lib/python3.9/site-packages/neutron/pecan_wsgi/hooks/policy_enforcement.py:259
2026-06-09 07:49:49.636 17 INFO neutron.wsgi [req-4254ed6b-8457-4d85-9933-7d91ace49848 e12f675761644ddd8242872ea7b10d63 c72c190658434bf6bd212e5f84f978b9 - default default] 192.168.122.99,192.168.122.100 "GET /v2.0/subnets/760f3be0-280a-413b-84fe-0f62da4548de HTTP/1.1" status: 200 len: 864 time: 0.0284431
2026-06-09 07:49:49.653 17 INFO neutron.pecan_wsgi.hooks.translation [req-18a0277d-bca2-4d0c-a756-a57be8e44ff7 e12f675761644ddd8242872ea7b10d63 c72c190658434bf6bd212e5f84f978b9 - default default] GET failed (client error): The resource could not be found.
2026-06-09 07:49:49.653 17 INFO neutron.wsgi [req-18a0277d-bca2-4d0c-a756-a57be8e44ff7 e12f675761644ddd8242872ea7b10d63 c72c190658434bf6bd212e5f84f978b9 - default default] 192.168.122.99,192.168.122.100 "GET /v2.0/networks/tenant HTTP/1.1" status: 404 len: 290 time: 0.0124755
2026-06-09 07:49:49.711 17 DEBUG neutron.pecan_wsgi.hooks.policy_enforcement [req-47751651-2699-4973-b018-c912aaa2d6bf e12f675761644ddd8242872ea7b10d63 c72c190658434bf6bd212e5f84f978b9 - default default] Attributes excluded by policy engine: ['standard_attr_id', 'vlan_transparent'] _exclude_attributes_by_policy /usr/lib/python3.9/site-packages/neutron/pecan_wsgi/hooks/policy_enforcement.py:259
2026-06-09 07:49:49.711 17 INFO neutron.wsgi [req-47751651-2699-4973-b018-c912aaa2d6bf e12f675761644ddd8242872ea7b10d63 c72c190658434bf6bd212e5f84f978b9 - default default] 192.168.122.99,192.168.122.100 "GET /v2.0/networks?name=tenant HTTP/1.1" status: 200 len: 998 time: 0.0548372
2026-06-09 07:49:49.744 17 DEBUG neutron.pecan_wsgi.hooks.policy_enforcement [req-43d30f91-c2cb-4617-87d9-5029053d7361 e12f675761644ddd8242872ea7b10d63 c72c190658434bf6bd212e5f84f978b9 - default default] Attributes excluded by policy engine: ['standard_attr_id', 'shared'] _exclude_attributes_by_policy /usr/lib/python3.9/site-packages/neutron/pecan_wsgi/hooks/policy_enforcement.py:259
2026-06-09 07:49:49.745 17 INFO neutron.wsgi [req-43d30f91-c2cb-4617-87d9-5029053d7361 e12f675761644ddd8242872ea7b10d63 c72c190658434bf6bd212e5f84f978b9 - default default] 192.168.122.99,192.168.122.100 "GET /v2.0/subnets/fbf9fe9e-dfb9-4dc2-a327-6a1c5d273c30 HTTP/1.1" status: 200 len: 858 time: 0.0304072
2026-06-09 07:49:49.762 17 INFO neutron.pecan_wsgi.hooks.translation [req-441d3e3e-e736-4b5a-bf8c-8e28915343bc e12f675761644ddd8242872ea7b10d63 c72c190658434bf6bd212e5f84f978b9 - default default] GET failed (client error): The resource could not be found.
2026-06-09 07:49:49.763 17 INFO neutron.wsgi [req-441d3e3e-e736-4b5a-bf8c-8e28915343bc e12f675761644ddd8242872ea7b10d63 c72c190658434bf6bd212e5f84f978b9 - default default] 192.168.122.99,192.168.122.100 "GET /v2.0/networks/external HTTP/1.1" status: 404 len: 292 time: 0.0121815
2026-06-09 07:49:49.820 17 DEBUG neutron.pecan_wsgi.hooks.policy_enforcement [req-8ae6ebca-7b74-41ae-a051-864df7172048 e12f675761644ddd8242872ea7b10d63 c72c190658434bf6bd212e5f84f978b9 - default default] Attributes excluded by policy engine: ['standard_attr_id', 'vlan_transparent'] _exclude_attributes_by_policy /usr/lib/python3.9/site-packages/neutron/pecan_wsgi/hooks/policy_enforcement.py:259
2026-06-09 07:49:49.821 17 INFO neutron.wsgi [req-8ae6ebca-7b74-41ae-a051-864df7172048 e12f675761644ddd8242872ea7b10d63 c72c190658434bf6bd212e5f84f978b9 - default default] 192.168.122.99,192.168.122.100 "GET /v2.0/networks?name=external HTTP/1.1" status: 200 len: 1029 time: 0.0550334
2026-06-09 07:49:49.857 17 DEBUG neutron.pecan_wsgi.hooks.policy_enforcement [req-3c4d52c3-2b32-4f83-bb3e-26ebcdf4073e e12f675761644ddd8242872ea7b10d63 c72c190658434bf6bd212e5f84f978b9 - default default] Attributes excluded by policy engine: ['standard_attr_id', 'shared'] _exclude_attributes_by_policy /usr/lib/python3.9/site-packages/neutron/pecan_wsgi/hooks/policy_enforcement.py:259
2026-06-09 07:49:49.858 17 INFO neutron.wsgi [req-3c4d52c3-2b32-4f83-bb3e-26ebcdf4073e e12f675761644ddd8242872ea7b10d63 c72c190658434bf6bd212e5f84f978b9 - default default] 192.168.122.99,192.168.122.100 "GET /v2.0/subnets/c77d3996-5557-4aa3-a52c-f9373d81747b HTTP/1.1" status: 200 len: 860 time: 0.0300405
2026-06-09 07:49:51.229 17 DEBUG neutron.wsgi [-] (17) accepted ('192.168.122.100', 42078) server /usr/lib/python3.9/site-packages/eventlet/wsgi.py:992
2026-06-09 07:49:51.232 17 INFO neutron.wsgi [-] 192.168.122.100 "GET /healthcheck HTTP/1.0" status: 200 len: 137 time: 0.0027037
2026-06-09 07:49:53.234 17 DEBUG neutron.wsgi [-] (17) accepted ('192.168.122.100', 42088) server /usr/lib/python3.9/site-packages/eventlet/wsgi.py:992
2026-06-09 07:49:53.238 17 INFO neutron.wsgi [-] 192.168.122.100 "GET /healthcheck HTTP/1.0" status: 200 len: 137 time: 0.0029151
2026-06-09 07:49:53.432 15 DEBUG neutron.wsgi [-] (15) accepted ('192.168.122.100', 42102) server /usr/lib/python3.9/site-packages/eventlet/wsgi.py:992
2026-06-09 07:49:53.435 15 INFO neutron.wsgi [-] 192.168.122.100 "GET / HTTP/1.1" status: 200 len: 233 time: 0.0026872
2026-06-09 07:49:55.240 16 DEBUG neutron.wsgi [-] (16) accepted ('192.168.122.100', 54698) server /usr/lib/python3.9/site-packages/eventlet/wsgi.py:992
2026-06-09 07:49:55.242 16 INFO neutron.wsgi [-] 192.168.122.100 "GET /healthcheck HTTP/1.0" status: 200 len: 137 time: 0.0014851
2026-06-09 07:49:55.465 18 DEBUG neutron.wsgi [-] (18) accepted ('192.168.122.100', 54712) server /usr/lib/python3.9/site-packages/eventlet/wsgi.py:992
2026-06-09 07:49:55.597 18 DEBUG neutron.pecan_wsgi.hooks.policy_enforcement [req-ab00231a-2295-40bd-a755-b5597b67de36 e12f675761644ddd8242872ea7b10d63 c72c190658434bf6bd212e5f84f978b9 - default default] Attributes excluded by policy engine: ['standard_attr_id', 'vlan_transparent'] _exclude_attributes_by_policy /usr/lib/python3.9/site-packages/neutron/pecan_wsgi/hooks/policy_enforcement.py:259
2026-06-09 07:49:55.598 18 DEBUG neutron.pecan_wsgi.hooks.policy_enforcement [req-ab00231a-2295-40bd-a755-b5597b67de36 e12f675761644ddd8242872ea7b10d63 c72c190658434bf6bd212e5f84f978b9 - default default] Attributes excluded by policy engine: ['standard_attr_id', 'vlan_transparent'] _exclude_attributes_by_policy /usr/lib/python3.9/site-packages/neutron/pecan_wsgi/hooks/policy_enforcement.py:259
2026-06-09 07:49:55.598 18 DEBUG neutron.pecan_wsgi.hooks.policy_enforcement [req-ab00231a-2295-40bd-a755-b5597b67de36 e12f675761644ddd8242872ea7b10d63 c72c190658434bf6bd212e5f84f978b9 - default default] Attributes excluded by policy engine: ['standard_attr_id', 'vlan_transparent'] _exclude_attributes_by_policy /usr/lib/python3.9/site-packages/neutron/pecan_wsgi/hooks/policy_enforcement.py:259
2026-06-09 07:49:55.598 18 DEBUG neutron.pecan_wsgi.hooks.policy_enforcement [req-ab00231a-2295-40bd-a755-b5597b67de36 e12f675761644ddd8242872ea7b10d63 c72c190658434bf6bd212e5f84f978b9 - default default] Attributes excluded by policy engine: ['standard_attr_id', 'vlan_transparent'] _exclude_attributes_by_policy /usr/lib/python3.9/site-packages/neutron/pecan_wsgi/hooks/policy_enforcement.py:259
2026-06-09 07:49:55.598 18 DEBUG neutron.pecan_wsgi.hooks.policy_enforcement [req-ab00231a-2295-40bd-a755-b5597b67de36 e12f675761644ddd8242872ea7b10d63 c72c190658434bf6bd212e5f84f978b9 - default default] Attributes excluded by policy engine: ['standard_attr_id', 'vlan_transparent'] _exclude_attributes_by_policy /usr/lib/python3.9/site-packages/neutron/pecan_wsgi/hooks/policy_enforcement.py:259
2026-06-09 07:49:55.599 18 DEBUG neutron.pecan_wsgi.hooks.policy_enforcement [req-ab00231a-2295-40bd-a755-b5597b67de36 e12f675761644ddd8242872ea7b10d63 c72c190658434bf6bd212e5f84f978b9 - default default] Attributes excluded by policy engine: ['standard_attr_id', 'vlan_transparent'] _exclude_attributes_by_policy /usr/lib/python3.9/site-packages/neutron/pecan_wsgi/hooks/policy_enforcement.py:259
2026-06-09 07:49:55.599 18 INFO neutron.wsgi [req-ab00231a-2295-40bd-a755-b5597b67de36 e12f675761644ddd8242872ea7b10d63 c72c190658434bf6bd212e5f84f978b9 - default default] 192.168.122.99,192.168.122.100 "GET /v2.0/networks HTTP/1.1" status: 200 len: 5131 time: 0.1333115
2026-06-09 07:49:55.635 18 DEBUG neutron.pecan_wsgi.hooks.policy_enforcement [req-7ae43173-7fbf-41e0-801f-a5b8fd75ee22 e12f675761644ddd8242872ea7b10d63 c72c190658434bf6bd212e5f84f978b9 - default default] Attributes excluded by policy engine: ['standard_attr_id', 'shared'] _exclude_attributes_by_policy /usr/lib/python3.9/site-packages/neutron/pecan_wsgi/hooks/policy_enforcement.py:259
2026-06-09 07:49:55.636 18 INFO neutron.wsgi [req-7ae43173-7fbf-41e0-801f-a5b8fd75ee22 e12f675761644ddd8242872ea7b10d63 c72c190658434bf6bd212e5f84f978b9 - default default] 192.168.122.99,192.168.122.100 "GET /v2.0/subnets?network_id=1ca1f250-03a8-4ebf-8649-8185684c8e37 HTTP/1.1" status: 200 len: 863 time: 0.0310502
2026-06-09 07:49:55.669 18 DEBUG neutron.pecan_wsgi.hooks.policy_enforcement [req-93a7aff1-6925-446f-b45a-fa99cd8fa034 e12f675761644ddd8242872ea7b10d63 c72c190658434bf6bd212e5f84f978b9 - default default] Attributes excluded by policy engine: ['standard_attr_id', 'shared'] _exclude_attributes_by_policy /usr/lib/python3.9/site-packages/neutron/pecan_wsgi/hooks/policy_enforcement.py:259
2026-06-09 07:49:55.670 18 INFO neutron.wsgi [req-93a7aff1-6925-446f-b45a-fa99cd8fa034 e12f675761644ddd8242872ea7b10d63 c72c190658434bf6bd212e5f84f978b9 - default default] 192.168.122.99,192.168.122.100 "GET /v2.0/subnets?network_id=23ebbe28-a04a-4eb1-a3b1-fc09acd7e77e HTTP/1.1" status: 200 len: 867 time: 0.0277202
2026-06-09 07:49:55.700 18 DEBUG neutron.pecan_wsgi.hooks.policy_enforcement [req-99004ec9-28ae-44d1-a718-e88a4e0d2233 e12f675761644ddd8242872ea7b10d63 c72c190658434bf6bd212e5f84f978b9 - default default] Attributes excluded by policy engine: ['standard_attr_id', 'shared'] _exclude_attributes_by_policy /usr/lib/python3.9/site-packages/neutron/pecan_wsgi/hooks/policy_enforcement.py:259
2026-06-09 07:49:55.700 18 INFO neutron.wsgi [req-99004ec9-28ae-44d1-a718-e88a4e0d2233 e12f675761644ddd8242872ea7b10d63 c72c190658434bf6bd212e5f84f978b9 - default default] 192.168.122.99,192.168.122.100 "GET /v2.0/subnets?network_id=4197ab06-4dba-4b36-ab71-15ecb5baa049 HTTP/1.1" status: 200 len: 861 time: 0.0270617
2026-06-09 07:49:55.735 18 DEBUG neutron.pecan_wsgi.hooks.policy_enforcement [req-980bb097-9686-4c18-9431-c9f8f4eae12c e12f675761644ddd8242872ea7b10d63 c72c190658434bf6bd212e5f84f978b9 - default default] Attributes excluded by policy engine: ['standard_attr_id', 'shared'] _exclude_attributes_by_policy /usr/lib/python3.9/site-packages/neutron/pecan_wsgi/hooks/policy_enforcement.py:259
2026-06-09 07:49:55.736 18 INFO neutron.wsgi [req-980bb097-9686-4c18-9431-c9f8f4eae12c e12f675761644ddd8242872ea7b10d63 c72c190658434bf6bd212e5f84f978b9 - default default] 192.168.122.99,192.168.122.100 "GET /v2.0/subnets?network_id=6e9284f6-21c1-48c0-ade5-418e0ff5bb85 HTTP/1.1" status: 200 len: 845 time: 0.0288587
2026-06-09 07:49:55.769 18 DEBUG neutron.pecan_wsgi.hooks.policy_enforcement [req-e7872db6-ca80-4d28-ae95-ceb88e6ac741 e12f675761644ddd8242872ea7b10d63 c72c190658434bf6bd212e5f84f978b9 - default default] Attributes excluded by policy engine: ['standard_attr_id', 'shared'] _exclude_attributes_by_policy /usr/lib/python3.9/site-packages/neutron/pecan_wsgi/hooks/policy_enforcement.py:259
2026-06-09 07:49:55.770 18 INFO neutron.wsgi [req-e7872db6-ca80-4d28-ae95-ceb88e6ac741 e12f675761644ddd8242872ea7b10d63 c72c190658434bf6bd212e5f84f978b9 - default default] 192.168.122.99,192.168.122.100 "GET /v2.0/subnets?network_id=b19c306a-2968-4cee-882c-b0b4e0ca227b HTTP/1.1" status: 200 len: 862 time: 0.0257154
2026-06-09 07:49:55.802 18 DEBUG neutron.pecan_wsgi.hooks.policy_enforcement [req-e759a31d-7003-49f9-ab06-636e77e53e64 e12f675761644ddd8242872ea7b10d63 c72c190658434bf6bd212e5f84f978b9 - default default] Attributes excluded by policy engine: ['standard_attr_id', 'shared'] _exclude_attributes_by_policy /usr/lib/python3.9/site-packages/neutron/pecan_wsgi/hooks/policy_enforcement.py:259
2026-06-09 07:49:55.803 18 INFO neutron.wsgi [req-e759a31d-7003-49f9-ab06-636e77e53e64 e12f675761644ddd8242872ea7b10d63 c72c190658434bf6bd212e5f84f978b9 - default default] 192.168.122.99,192.168.122.100 "GET /v2.0/subnets?network_id=c25fafb8-a5b8-4539-8daa-6f70660a67df HTTP/1.1" status: 200 len: 867 time: 0.0264196
2026-06-09 07:49:55.834 16 DEBUG neutron.wsgi [-] (16) accepted ('192.168.122.100', 54714) server /usr/lib/python3.9/site-packages/eventlet/wsgi.py:992
2026-06-09 07:49:55.836 15 DEBUG neutron.wsgi [-] (15) accepted ('192.168.122.100', 54716) server /usr/lib/python3.9/site-packages/eventlet/wsgi.py:992
2026-06-09 07:49:55.837 16 DEBUG neutron.wsgi [-] (16) accepted ('192.168.122.100', 54726) server /usr/lib/python3.9/site-packages/eventlet/wsgi.py:992
2026-06-09 07:49:55.839 17 DEBUG neutron.wsgi [-] (17) accepted ('192.168.122.100', 54732) server /usr/lib/python3.9/site-packages/eventlet/wsgi.py:992
2026-06-09 07:49:55.848 18 INFO neutron.wsgi [req-739bc238-24f7-44d6-8a00-06c0afb3f96d e12f675761644ddd8242872ea7b10d63 c72c190658434bf6bd212e5f84f978b9 - default default] 192.168.122.99,192.168.122.100 "GET /v2.0/ports?network_id=c25fafb8-a5b8-4539-8daa-6f70660a67df&tags=tripleo_stack_name%3Dovercloud&tags=tripleo_vip_net%3Dinternal_api HTTP/1.1" status: 200 len: 186 time: 0.0335104
2026-06-09 07:49:55.858 18 DEBUG neutron.api.v2.base [req-a5f7e23f-0796-4af4-920d-2d3e3ff64c82 e12f675761644ddd8242872ea7b10d63 c72c190658434bf6bd212e5f84f978b9 - default default] Request body: {'port': {'fixed_ips': [{'subnet_id': '760f3be0-280a-413b-84fe-0f62da4548de'}], 'dns_name': 'overcloud', 'network_id': 'c25fafb8-a5b8-4539-8daa-6f70660a67df', 'name': 'internal_api_vip'}} prepare_request_body /usr/lib/python3.9/site-packages/neutron/api/v2/base.py:729
2026-06-09 07:49:55.868 18 DEBUG neutron.pecan_wsgi.hooks.quota_enforcement [req-a5f7e23f-0796-4af4-920d-2d3e3ff64c82 e12f675761644ddd8242872ea7b10d63 c72c190658434bf6bd212e5f84f978b9 - default default] Made reservation on behalf of c72c190658434bf6bd212e5f84f978b9 for: {'port': 1} before /usr/lib/python3.9/site-packages/neutron/pecan_wsgi/hooks/quota_enforcement.py:53
2026-06-09 07:49:55.869 18 DEBUG neutron_lib.callbacks.manager [req-a5f7e23f-0796-4af4-920d-2d3e3ff64c82 e12f675761644ddd8242872ea7b10d63 c72c190658434bf6bd212e5f84f978b9 - default default] Notify callbacks ['neutron.plugins.ml2.plugin.SecurityGroupDbMixin._ensure_default_security_group_handler-2064657'] for port, before_create _notify_loop /usr/lib/python3.9/site-packages/neutron_lib/callbacks/manager.py:200
2026-06-09 07:49:55.883 18 DEBUG neutron.notifiers.nova [req-a5f7e23f-0796-4af4-920d-2d3e3ff64c82 e12f675761644ddd8242872ea7b10d63 c72c190658434bf6bd212e5f84f978b9 - default default] device_id is not set on port 11985e2d-1b10-46a7-9c14-9ad54e12a112 yet. _can_notify /usr/lib/python3.9/site-packages/neutron/notifiers/nova.py:201
2026-06-09 07:49:55.889 17 INFO neutron.wsgi [req-22563086-5da5-45d5-ad91-1c9929154432 e12f675761644ddd8242872ea7b10d63 c72c190658434bf6bd212e5f84f978b9 - default default] 192.168.122.99,192.168.122.100 "GET /v2.0/ports?network_id=23ebbe28-a04a-4eb1-a3b1-fc09acd7e77e&tags=tripleo_stack_name%3Dovercloud&tags=tripleo_vip_net%3Dstorage_mgmt HTTP/1.1" status: 200 len: 186 time: 0.0495095
2026-06-09 07:49:55.901 17 DEBUG neutron.api.v2.base [req-38a90f93-df7c-41e8-a9d0-0226b664d8f2 e12f675761644ddd8242872ea7b10d63 c72c190658434bf6bd212e5f84f978b9 - default default] Request body: {'port': {'fixed_ips': [{'subnet_id': 'f3a8f3ac-334d-43e0-905b-b4dd3c2f2da5'}], 'dns_name': 'overcloud', 'network_id': '23ebbe28-a04a-4eb1-a3b1-fc09acd7e77e', 'name': 'storage_mgmt_vip'}} prepare_request_body /usr/lib/python3.9/site-packages/neutron/api/v2/base.py:729
2026-06-09 07:49:55.912 17 DEBUG neutron.pecan_wsgi.hooks.quota_enforcement [req-38a90f93-df7c-41e8-a9d0-0226b664d8f2 e12f675761644ddd8242872ea7b10d63 c72c190658434bf6bd212e5f84f978b9 - default default] Made reservation on behalf of c72c190658434bf6bd212e5f84f978b9 for: {'port': 1} before /usr/lib/python3.9/site-packages/neutron/pecan_wsgi/hooks/quota_enforcement.py:53
2026-06-09 07:49:55.915 17 DEBUG neutron_lib.callbacks.manager [req-38a90f93-df7c-41e8-a9d0-0226b664d8f2 e12f675761644ddd8242872ea7b10d63 c72c190658434bf6bd212e5f84f978b9 - default default] Notify callbacks ['neutron.plugins.ml2.plugin.SecurityGroupDbMixin._ensure_default_security_group_handler-2064657'] for port, before_create _notify_loop /usr/lib/python3.9/site-packages/neutron_lib/callbacks/manager.py:200
2026-06-09 07:49:55.937 17 DEBUG neutron.notifiers.nova [req-38a90f93-df7c-41e8-a9d0-0226b664d8f2 e12f675761644ddd8242872ea7b10d63 c72c190658434bf6bd212e5f84f978b9 - default default] device_id is not set on port 255d6336-81af-44c5-8729-f6004f70e3fb yet. _can_notify /usr/lib/python3.9/site-packages/neutron/notifiers/nova.py:201
2026-06-09 07:49:55.940 16 INFO neutron.wsgi [req-0045e64a-5354-4c39-8653-48351fa831b6 e12f675761644ddd8242872ea7b10d63 c72c190658434bf6bd212e5f84f978b9 - default default] 192.168.122.99,192.168.122.100 "GET /v2.0/ports?network_id=b19c306a-2968-4cee-882c-b0b4e0ca227b&tags=tripleo_stack_name%3Dovercloud&tags=tripleo_vip_net%3Dstorage HTTP/1.1" status: 200 len: 186 time: 0.1050887
2026-06-09 07:49:55.942 16 INFO neutron.wsgi [req-9eaac22e-3d31-4bfb-824b-5f74b42f5b6b e12f675761644ddd8242872ea7b10d63 c72c190658434bf6bd212e5f84f978b9 - default default] 192.168.122.99,192.168.122.100 "GET /v2.0/ports?network_id=6e9284f6-21c1-48c0-ade5-418e0ff5bb85&tags=tripleo_stack_name%3Dovercloud&tags=tripleo_vip_net%3Dctlplane HTTP/1.1" status: 200 len: 186 time: 0.1042252
2026-06-09 07:49:55.954 16 DEBUG neutron.api.v2.base [req-742392da-c294-4931-87c2-345022afb0e6 e12f675761644ddd8242872ea7b10d63 c72c190658434bf6bd212e5f84f978b9 - default default] Request body: {'port': {'fixed_ips': [{'subnet_id': 'b99b6e6d-af8f-4969-b313-7b449528cc26'}], 'dns_name': 'overcloud', 'network_id': 'b19c306a-2968-4cee-882c-b0b4e0ca227b', 'name': 'storage_vip'}} prepare_request_body /usr/lib/python3.9/site-packages/neutron/api/v2/base.py:729
2026-06-09 07:49:55.958 16 DEBUG neutron.api.v2.base [req-7b2c8157-9c9e-4f22-a0b8-1916c9a358f8 e12f675761644ddd8242872ea7b10d63 c72c190658434bf6bd212e5f84f978b9 - default default] Request body: {'port': {'fixed_ips': [{'ip_address': '192.168.122.99'}], 'dns_name': 'overcloud', 'network_id': '6e9284f6-21c1-48c0-ade5-418e0ff5bb85', 'name': 'ctlplane_vip'}} prepare_request_body /usr/lib/python3.9/site-packages/neutron/api/v2/base.py:729
2026-06-09 07:49:55.966 18 DEBUG neutron.db.db_base_plugin_common [req-a5f7e23f-0796-4af4-920d-2d3e3ff64c82 e12f675761644ddd8242872ea7b10d63 c72c190658434bf6bd212e5f84f978b9 - default default] Allocated IP 172.17.0.246 (c25fafb8-a5b8-4539-8daa-6f70660a67df/760f3be0-280a-413b-84fe-0f62da4548de/11985e2d-1b10-46a7-9c14-9ad54e12a112) _store_ip_allocation /usr/lib/python3.9/site-packages/neutron/db/db_base_plugin_common.py:131
2026-06-09 07:49:55.973 16 DEBUG neutron.pecan_wsgi.hooks.quota_enforcement [req-742392da-c294-4931-87c2-345022afb0e6 e12f675761644ddd8242872ea7b10d63 c72c190658434bf6bd212e5f84f978b9 - default default] Made reservation on behalf of c72c190658434bf6bd212e5f84f978b9 for: {'port': 1} before /usr/lib/python3.9/site-packages/neutron/pecan_wsgi/hooks/quota_enforcement.py:53
2026-06-09 07:49:55.975 16 DEBUG neutron_lib.callbacks.manager [req-742392da-c294-4931-87c2-345022afb0e6 e12f675761644ddd8242872ea7b10d63 c72c190658434bf6bd212e5f84f978b9 - default default] Notify callbacks ['neutron.plugins.ml2.plugin.SecurityGroupDbMixin._ensure_default_security_group_handler-2064657'] for port, before_create _notify_loop /usr/lib/python3.9/site-packages/neutron_lib/callbacks/manager.py:200
2026-06-09 07:49:55.985 16 DEBUG neutron.pecan_wsgi.hooks.quota_enforcement [req-7b2c8157-9c9e-4f22-a0b8-1916c9a358f8 e12f675761644ddd8242872ea7b10d63 c72c190658434bf6bd212e5f84f978b9 - default default] Made reservation on behalf of c72c190658434bf6bd212e5f84f978b9 for: {'port': 1} before /usr/lib/python3.9/site-packages/neutron/pecan_wsgi/hooks/quota_enforcement.py:53
2026-06-09 07:49:55.987 16 DEBUG neutron_lib.callbacks.manager [req-7b2c8157-9c9e-4f22-a0b8-1916c9a358f8 e12f675761644ddd8242872ea7b10d63 c72c190658434bf6bd212e5f84f978b9 - default default] Notify callbacks ['neutron.plugins.ml2.plugin.SecurityGroupDbMixin._ensure_default_security_group_handler-2064657'] for port, before_create _notify_loop /usr/lib/python3.9/site-packages/neutron_lib/callbacks/manager.py:200
2026-06-09 07:49:56.008 16 DEBUG neutron.notifiers.nova [req-742392da-c294-4931-87c2-345022afb0e6 e12f675761644ddd8242872ea7b10d63 c72c190658434bf6bd212e5f84f978b9 - default default] device_id is not set on port c87a215f-90d9-4eed-b419-bc6df61021e4 yet. _can_notify /usr/lib/python3.9/site-packages/neutron/notifiers/nova.py:201
2026-06-09 07:49:56.023 16 DEBUG neutron.notifiers.nova [req-7b2c8157-9c9e-4f22-a0b8-1916c9a358f8 e12f675761644ddd8242872ea7b10d63 c72c190658434bf6bd212e5f84f978b9 - default default] device_id is not set on port 2d92c1c6-43dd-4538-a48a-24611fa0e4b3 yet. _can_notify /usr/lib/python3.9/site-packages/neutron/notifiers/nova.py:201
2026-06-09 07:49:56.074 17 DEBUG neutron.db.db_base_plugin_common [req-38a90f93-df7c-41e8-a9d0-0226b664d8f2 e12f675761644ddd8242872ea7b10d63 c72c190658434bf6bd212e5f84f978b9 - default default] Allocated IP 172.20.0.184 (23ebbe28-a04a-4eb1-a3b1-fc09acd7e77e/f3a8f3ac-334d-43e0-905b-b4dd3c2f2da5/255d6336-81af-44c5-8729-f6004f70e3fb) _store_ip_allocation /usr/lib/python3.9/site-packages/neutron/db/db_base_plugin_common.py:131
2026-06-09 07:49:56.087 15 DEBUG neutron.policy [req-5b5b50af-6f73-44fd-999a-c775ce38eea8 e12f675761644ddd8242872ea7b10d63 c72c190658434bf6bd212e5f84f978b9 - default default] Loaded default policies from ['networking-bgpvpn', 'neutron'] under neutron.policies entry points register_rules /usr/lib/python3.9/site-packages/neutron/policy.py:73
2026-06-09 07:49:56.120 15 INFO neutron.wsgi [req-5b5b50af-6f73-44fd-999a-c775ce38eea8 e12f675761644ddd8242872ea7b10d63 c72c190658434bf6bd212e5f84f978b9 - default default] 192.168.122.99,192.168.122.100 "GET /v2.0/ports?network_id=1ca1f250-03a8-4ebf-8649-8185684c8e37&tags=tripleo_stack_name%3Dovercloud&tags=tripleo_vip_net%3Dexternal HTTP/1.1" status: 200 len: 186 time: 0.2831137
2026-06-09 07:49:56.123 18 DEBUG neutron_lib.callbacks.manager [req-a5f7e23f-0796-4af4-920d-2d3e3ff64c82 e12f675761644ddd8242872ea7b10d63 c72c190658434bf6bd212e5f84f978b9 - default default] Notify callbacks [] for allowed_address_pair, before_create _notify_loop /usr/lib/python3.9/site-packages/neutron_lib/callbacks/manager.py:200
2026-06-09 07:49:56.124 18 DEBUG neutron_lib.callbacks.manager [req-a5f7e23f-0796-4af4-920d-2d3e3ff64c82 e12f675761644ddd8242872ea7b10d63 c72c190658434bf6bd212e5f84f978b9 - default default] Notify callbacks [] for port, precommit_create _notify_loop /usr/lib/python3.9/site-packages/neutron_lib/callbacks/manager.py:200
2026-06-09 07:49:56.126 15 DEBUG neutron.api.v2.base [req-d2e69cc2-dbab-4e3c-9964-bbee7fa30869 e12f675761644ddd8242872ea7b10d63 c72c190658434bf6bd212e5f84f978b9 - default default] Request body: {'port': {'fixed_ips': [{'subnet_id': 'c77d3996-5557-4aa3-a52c-f9373d81747b'}], 'dns_name': 'overcloud', 'network_id': '1ca1f250-03a8-4ebf-8649-8185684c8e37', 'name': 'external_vip'}} prepare_request_body /usr/lib/python3.9/site-packages/neutron/api/v2/base.py:729
2026-06-09 07:49:56.139 15 DEBUG neutron.pecan_wsgi.hooks.quota_enforcement [req-d2e69cc2-dbab-4e3c-9964-bbee7fa30869 e12f675761644ddd8242872ea7b10d63 c72c190658434bf6bd212e5f84f978b9 - default default] Made reservation on behalf of c72c190658434bf6bd212e5f84f978b9 for: {'port': 1} before /usr/lib/python3.9/site-packages/neutron/pecan_wsgi/hooks/quota_enforcement.py:53
2026-06-09 07:49:56.141 15 DEBUG neutron_lib.callbacks.manager [req-d2e69cc2-dbab-4e3c-9964-bbee7fa30869 e12f675761644ddd8242872ea7b10d63 c72c190658434bf6bd212e5f84f978b9 - default default] Notify callbacks ['neutron.plugins.ml2.plugin.SecurityGroupDbMixin._ensure_default_security_group_handler-2064657'] for port, before_create _notify_loop /usr/lib/python3.9/site-packages/neutron_lib/callbacks/manager.py:200
2026-06-09 07:49:56.154 16 DEBUG neutron.db.db_base_plugin_common [req-7b2c8157-9c9e-4f22-a0b8-1916c9a358f8 e12f675761644ddd8242872ea7b10d63 c72c190658434bf6bd212e5f84f978b9 - default default] Allocated IP 192.168.122.99 (6e9284f6-21c1-48c0-ade5-418e0ff5bb85/cb89b9e6-8618-4e27-9cbb-ac9b65b4fc2d/2d92c1c6-43dd-4538-a48a-24611fa0e4b3) _store_ip_allocation /usr/lib/python3.9/site-packages/neutron/db/db_base_plugin_common.py:131
2026-06-09 07:49:56.155 16 DEBUG neutron.db.db_base_plugin_common [req-742392da-c294-4931-87c2-345022afb0e6 e12f675761644ddd8242872ea7b10d63 c72c190658434bf6bd212e5f84f978b9 - default default] Allocated IP 172.18.0.179 (b19c306a-2968-4cee-882c-b0b4e0ca227b/b99b6e6d-af8f-4969-b313-7b449528cc26/c87a215f-90d9-4eed-b419-bc6df61021e4) _store_ip_allocation /usr/lib/python3.9/site-packages/neutron/db/db_base_plugin_common.py:131
2026-06-09 07:49:56.158 18 DEBUG neutron_lib.callbacks.manager [req-a5f7e23f-0796-4af4-920d-2d3e3ff64c82 e12f675761644ddd8242872ea7b10d63 c72c190658434bf6bd212e5f84f978b9 - default default] Notify callbacks ['neutron.plugins.ml2.plugin.SecurityGroupServerNotifierRpcMixin.notify_sg_on_port_change-1602649', 'neutron.plugins.ml2.extensions.dns_integration._create_port_in_external_dns_service-8791205180874', 'neutron.plugins.ml2.ovo_rpc._ObjectChangeHandler.handle_event-876308', 'neutron.api.rpc.agentnotifiers.dhcp_rpc_agent_api.DhcpAgentNotifyAPI._native_event_send_dhcp_notification-886890', 'neutron.services.segments.plugin.NovaSegmentNotifier._notify_port_created_or_deleted-727226'] for port, after_create _notify_loop /usr/lib/python3.9/site-packages/neutron_lib/callbacks/manager.py:200
2026-06-09 07:49:56.160 15 DEBUG neutron.notifiers.nova [req-d2e69cc2-dbab-4e3c-9964-bbee7fa30869 e12f675761644ddd8242872ea7b10d63 c72c190658434bf6bd212e5f84f978b9 - default default] device_id is not set on port 1a9cc374-3ea0-4ed2-af6c-c69a531d3e74 yet. _can_notify /usr/lib/python3.9/site-packages/neutron/notifiers/nova.py:201
2026-06-09 07:49:56.197 18 DEBUG neutron.api.rpc.handlers.resources_rpc [req-a5f7e23f-0796-4af4-920d-2d3e3ff64c82 e12f675761644ddd8242872ea7b10d63 c72c190658434bf6bd212e5f84f978b9 - - -] Pushing event updated for resources: {'Port': ['ID=11985e2d-1b10-46a7-9c14-9ad54e12a112,revision_number=1']} push /usr/lib/python3.9/site-packages/neutron/api/rpc/handlers/resources_rpc.py:237
2026-06-09 07:49:56.203 18 DEBUG neutron.plugins.ml2.drivers.mech_agent [req-a5f7e23f-0796-4af4-920d-2d3e3ff64c82 e12f675761644ddd8242872ea7b10d63 c72c190658434bf6bd212e5f84f978b9 - default default] Checking segment: {'id': '3b2c7ce6-419a-4b28-afc5-2d3d134d915c', 'network_type': 'flat', 'physical_network': 'internal_api_internal_api_subnet', 'segmentation_id': None, 'network_id': 'c25fafb8-a5b8-4539-8daa-6f70660a67df'} for mappings: {'ctlplane': 'br-ctlplane'} with network types: ['local', 'flat', 'vlan'] check_segment_for_agent /usr/lib/python3.9/site-packages/neutron/plugins/ml2/drivers/mech_agent.py:343
2026-06-09 07:49:56.203 18 DEBUG neutron.plugins.ml2.drivers.mech_agent [req-a5f7e23f-0796-4af4-920d-2d3e3ff64c82 e12f675761644ddd8242872ea7b10d63 c72c190658434bf6bd212e5f84f978b9 - default default] Network c25fafb8-a5b8-4539-8daa-6f70660a67df with segment 3b2c7ce6-419a-4b28-afc5-2d3d134d915c is connected to physical network internal_api_internal_api_subnet, but agent undercloud.ooo.test reported physical networks {'ctlplane': 'br-ctlplane'}. The physical network must be configured on the agent if binding is to succeed. check_segment_for_agent /usr/lib/python3.9/site-packages/neutron/plugins/ml2/drivers/mech_agent.py:365
2026-06-09 07:49:56.205 18 DEBUG neutron.scheduler.dhcp_agent_scheduler [req-a5f7e23f-0796-4af4-920d-2d3e3ff64c82 e12f675761644ddd8242872ea7b10d63 c72c190658434bf6bd212e5f84f978b9 - default default] Network hostable DHCP agents. Network: c25fafb8-a5b8-4539-8daa-6f70660a67df, hostable agents: [], hosted agents: [] _get_network_hostable_dhcp_agents /usr/lib/python3.9/site-packages/neutron/scheduler/dhcp_agent_scheduler.py:329
2026-06-09 07:49:56.206 18 DEBUG neutron.scheduler.base_scheduler [req-a5f7e23f-0796-4af4-920d-2d3e3ff64c82 e12f675761644ddd8242872ea7b10d63 c72c190658434bf6bd212e5f84f978b9 - default default] Resources bound (agent type, host, resource id): schedule /usr/lib/python3.9/site-packages/neutron/scheduler/base_scheduler.py:57
2026-06-09 07:49:56.206 18 WARNING neutron.api.rpc.agentnotifiers.dhcp_rpc_agent_api [req-a5f7e23f-0796-4af4-920d-2d3e3ff64c82 e12f675761644ddd8242872ea7b10d63 c72c190658434bf6bd212e5f84f978b9 - default default] Unable to schedule network c25fafb8-a5b8-4539-8daa-6f70660a67df: no agents available; will retry on subsequent port and subnet creation events.
2026-06-09 07:49:56.206 18 DEBUG neutron.api.rpc.agentnotifiers.dhcp_rpc_agent_api [req-a5f7e23f-0796-4af4-920d-2d3e3ff64c82 e12f675761644ddd8242872ea7b10d63 c72c190658434bf6bd212e5f84f978b9 - default default] Network c25fafb8-a5b8-4539-8daa-6f70660a67df is not hosted by any dhcp agent _notify_agents /usr/lib/python3.9/site-packages/neutron/api/rpc/agentnotifiers/dhcp_rpc_agent_api.py:228
2026-06-09 07:49:56.229 18 DEBUG neutron.pecan_wsgi.hooks.policy_enforcement [req-a5f7e23f-0796-4af4-920d-2d3e3ff64c82 e12f675761644ddd8242872ea7b10d63 c72c190658434bf6bd212e5f84f978b9 - default default] Attributes excluded by policy engine: ['standard_attr_id', 'network'] _exclude_attributes_by_policy /usr/lib/python3.9/site-packages/neutron/pecan_wsgi/hooks/policy_enforcement.py:259
2026-06-09 07:49:56.230 18 DEBUG neutron_lib.callbacks.manager [req-a5f7e23f-0796-4af4-920d-2d3e3ff64c82 e12f675761644ddd8242872ea7b10d63 c72c190658434bf6bd212e5f84f978b9 - default default] Notify callbacks ['neutron.notifiers.nova.Notifier._send_nova_notification-935004', 'neutron.api.rpc.agentnotifiers.dhcp_rpc_agent_api.DhcpAgentNotifyAPI._send_dhcp_notification-886872'] for port, before_response _notify_loop /usr/lib/python3.9/site-packages/neutron_lib/callbacks/manager.py:200
2026-06-09 07:49:56.242 18 INFO neutron.wsgi [req-a5f7e23f-0796-4af4-920d-2d3e3ff64c82 e12f675761644ddd8242872ea7b10d63 c72c190658434bf6bd212e5f84f978b9 - default default] 192.168.122.99,192.168.122.100 "POST /v2.0/ports HTTP/1.1" status: 201 len: 1155 time: 0.3856692
2026-06-09 07:49:56.249 18 DEBUG neutron.services.tag.tag_plugin [req-92f00339-1a46-498c-9456-1cce3e6f65d2 e12f675761644ddd8242872ea7b10d63 c72c190658434bf6bd212e5f84f978b9 - default default] neutron.services.tag.tag_plugin.TagPlugin method update_tags called with arguments (, 'ports', '11985e2d-1b10-46a7-9c14-9ad54e12a112', {'tags': ['tripleo_stack_name=overcloud', 'tripleo_vip_net=internal_api']}) {} wrapper /usr/lib/python3.9/site-packages/oslo_log/helpers.py:65
2026-06-09 07:49:56.264 17 DEBUG neutron_lib.callbacks.manager [req-38a90f93-df7c-41e8-a9d0-0226b664d8f2 e12f675761644ddd8242872ea7b10d63 c72c190658434bf6bd212e5f84f978b9 - default default] Notify callbacks [] for allowed_address_pair, before_create _notify_loop /usr/lib/python3.9/site-packages/neutron_lib/callbacks/manager.py:200
2026-06-09 07:49:56.265 17 DEBUG neutron_lib.callbacks.manager [req-38a90f93-df7c-41e8-a9d0-0226b664d8f2 e12f675761644ddd8242872ea7b10d63 c72c190658434bf6bd212e5f84f978b9 - default default] Notify callbacks [] for port, precommit_create _notify_loop /usr/lib/python3.9/site-packages/neutron_lib/callbacks/manager.py:200
2026-06-09 07:49:56.287 18 INFO neutron.wsgi [req-92f00339-1a46-498c-9456-1cce3e6f65d2 e12f675761644ddd8242872ea7b10d63 c72c190658434bf6bd212e5f84f978b9 - default default] 192.168.122.99,192.168.122.100 "PUT /v2.0/ports/11985e2d-1b10-46a7-9c14-9ad54e12a112/tags HTTP/1.1" status: 200 len: 248 time: 0.0402141
2026-06-09 07:49:56.296 15 DEBUG neutron.db.db_base_plugin_common [req-d2e69cc2-dbab-4e3c-9964-bbee7fa30869 e12f675761644ddd8242872ea7b10d63 c72c190658434bf6bd212e5f84f978b9 - default default] Allocated IP 172.21.0.133 (1ca1f250-03a8-4ebf-8649-8185684c8e37/c77d3996-5557-4aa3-a52c-f9373d81747b/1a9cc374-3ea0-4ed2-af6c-c69a531d3e74) _store_ip_allocation /usr/lib/python3.9/site-packages/neutron/db/db_base_plugin_common.py:131
2026-06-09 07:49:56.302 17 DEBUG neutron_lib.callbacks.manager [req-38a90f93-df7c-41e8-a9d0-0226b664d8f2 e12f675761644ddd8242872ea7b10d63 c72c190658434bf6bd212e5f84f978b9 - default default] Notify callbacks ['neutron.plugins.ml2.plugin.SecurityGroupServerNotifierRpcMixin.notify_sg_on_port_change-1602649', 'neutron.plugins.ml2.extensions.dns_integration._create_port_in_external_dns_service-8791205180874', 'neutron.plugins.ml2.ovo_rpc._ObjectChangeHandler.handle_event-876308', 'neutron.api.rpc.agentnotifiers.dhcp_rpc_agent_api.DhcpAgentNotifyAPI._native_event_send_dhcp_notification-886890', 'neutron.services.segments.plugin.NovaSegmentNotifier._notify_port_created_or_deleted-727226'] for port, after_create _notify_loop /usr/lib/python3.9/site-packages/neutron_lib/callbacks/manager.py:200
2026-06-09 07:49:56.345 17 DEBUG neutron.api.rpc.handlers.resources_rpc [req-38a90f93-df7c-41e8-a9d0-0226b664d8f2 e12f675761644ddd8242872ea7b10d63 c72c190658434bf6bd212e5f84f978b9 - - -] Pushing event updated for resources: {'Port': ['ID=255d6336-81af-44c5-8729-f6004f70e3fb,revision_number=1']} push /usr/lib/python3.9/site-packages/neutron/api/rpc/handlers/resources_rpc.py:237
2026-06-09 07:49:56.351 17 DEBUG neutron.plugins.ml2.drivers.mech_agent [req-38a90f93-df7c-41e8-a9d0-0226b664d8f2 e12f675761644ddd8242872ea7b10d63 c72c190658434bf6bd212e5f84f978b9 - default default] Checking segment: {'id': '4c7a7bac-79d2-41d6-a54d-9eaed030df7d', 'network_type': 'flat', 'physical_network': 'storage_mgmt_storage_mgmt_subnet', 'segmentation_id': None, 'network_id': '23ebbe28-a04a-4eb1-a3b1-fc09acd7e77e'} for mappings: {'ctlplane': 'br-ctlplane'} with network types: ['local', 'flat', 'vlan'] check_segment_for_agent /usr/lib/python3.9/site-packages/neutron/plugins/ml2/drivers/mech_agent.py:343
2026-06-09 07:49:56.351 17 DEBUG neutron.plugins.ml2.drivers.mech_agent [req-38a90f93-df7c-41e8-a9d0-0226b664d8f2 e12f675761644ddd8242872ea7b10d63 c72c190658434bf6bd212e5f84f978b9 - default default] Network 23ebbe28-a04a-4eb1-a3b1-fc09acd7e77e with segment 4c7a7bac-79d2-41d6-a54d-9eaed030df7d is connected to physical network storage_mgmt_storage_mgmt_subnet, but agent undercloud.ooo.test reported physical networks {'ctlplane': 'br-ctlplane'}. The physical network must be configured on the agent if binding is to succeed. check_segment_for_agent /usr/lib/python3.9/site-packages/neutron/plugins/ml2/drivers/mech_agent.py:365
2026-06-09 07:49:56.353 17 DEBUG neutron.scheduler.dhcp_agent_scheduler [req-38a90f93-df7c-41e8-a9d0-0226b664d8f2 e12f675761644ddd8242872ea7b10d63 c72c190658434bf6bd212e5f84f978b9 - default default] Network hostable DHCP agents. Network: 23ebbe28-a04a-4eb1-a3b1-fc09acd7e77e, hostable agents: [], hosted agents: [] _get_network_hostable_dhcp_agents /usr/lib/python3.9/site-packages/neutron/scheduler/dhcp_agent_scheduler.py:329
2026-06-09 07:49:56.353 17 DEBUG neutron.scheduler.base_scheduler [req-38a90f93-df7c-41e8-a9d0-0226b664d8f2 e12f675761644ddd8242872ea7b10d63 c72c190658434bf6bd212e5f84f978b9 - default default] Resources bound (agent type, host, resource id): schedule /usr/lib/python3.9/site-packages/neutron/scheduler/base_scheduler.py:57
2026-06-09 07:49:56.354 17 WARNING neutron.api.rpc.agentnotifiers.dhcp_rpc_agent_api [req-38a90f93-df7c-41e8-a9d0-0226b664d8f2 e12f675761644ddd8242872ea7b10d63 c72c190658434bf6bd212e5f84f978b9 - default default] Unable to schedule network 23ebbe28-a04a-4eb1-a3b1-fc09acd7e77e: no agents available; will retry on subsequent port and subnet creation events.
2026-06-09 07:49:56.354 17 DEBUG neutron.api.rpc.agentnotifiers.dhcp_rpc_agent_api [req-38a90f93-df7c-41e8-a9d0-0226b664d8f2 e12f675761644ddd8242872ea7b10d63 c72c190658434bf6bd212e5f84f978b9 - default default] Network 23ebbe28-a04a-4eb1-a3b1-fc09acd7e77e is not hosted by any dhcp agent _notify_agents /usr/lib/python3.9/site-packages/neutron/api/rpc/agentnotifiers/dhcp_rpc_agent_api.py:228
2026-06-09 07:49:56.406 17 DEBUG neutron.pecan_wsgi.hooks.policy_enforcement [req-38a90f93-df7c-41e8-a9d0-0226b664d8f2 e12f675761644ddd8242872ea7b10d63 c72c190658434bf6bd212e5f84f978b9 - default default] Attributes excluded by policy engine: ['standard_attr_id', 'network'] _exclude_attributes_by_policy /usr/lib/python3.9/site-packages/neutron/pecan_wsgi/hooks/policy_enforcement.py:259
2026-06-09 07:49:56.406 17 DEBUG neutron_lib.callbacks.manager [req-38a90f93-df7c-41e8-a9d0-0226b664d8f2 e12f675761644ddd8242872ea7b10d63 c72c190658434bf6bd212e5f84f978b9 - default default] Notify callbacks ['neutron.notifiers.nova.Notifier._send_nova_notification-935004', 'neutron.api.rpc.agentnotifiers.dhcp_rpc_agent_api.DhcpAgentNotifyAPI._send_dhcp_notification-886872'] for port, before_response _notify_loop /usr/lib/python3.9/site-packages/neutron_lib/callbacks/manager.py:200
2026-06-09 07:49:56.417 17 INFO neutron.wsgi [req-38a90f93-df7c-41e8-a9d0-0226b664d8f2 e12f675761644ddd8242872ea7b10d63 c72c190658434bf6bd212e5f84f978b9 - default default] 192.168.122.99,192.168.122.100 "POST /v2.0/ports HTTP/1.1" status: 201 len: 1155 time: 0.5194728
2026-06-09 07:49:56.427 17 DEBUG neutron.services.tag.tag_plugin [req-895a8163-d320-4f5a-a75b-2e80182484b4 e12f675761644ddd8242872ea7b10d63 c72c190658434bf6bd212e5f84f978b9 - default default] neutron.services.tag.tag_plugin.TagPlugin method update_tags called with arguments (, 'ports', '255d6336-81af-44c5-8729-f6004f70e3fb', {'tags': ['tripleo_stack_name=overcloud', 'tripleo_vip_net=storage_mgmt']}) {} wrapper /usr/lib/python3.9/site-packages/oslo_log/helpers.py:65
2026-06-09 07:49:56.457 16 DEBUG neutron_lib.callbacks.manager [req-742392da-c294-4931-87c2-345022afb0e6 e12f675761644ddd8242872ea7b10d63 c72c190658434bf6bd212e5f84f978b9 - default default] Notify callbacks [] for allowed_address_pair, before_create _notify_loop /usr/lib/python3.9/site-packages/neutron_lib/callbacks/manager.py:200
2026-06-09 07:49:56.458 16 DEBUG neutron_lib.callbacks.manager [req-742392da-c294-4931-87c2-345022afb0e6 e12f675761644ddd8242872ea7b10d63 c72c190658434bf6bd212e5f84f978b9 - default default] Notify callbacks [] for port, precommit_create _notify_loop /usr/lib/python3.9/site-packages/neutron_lib/callbacks/manager.py:200
2026-06-09 07:49:56.462 17 INFO neutron.wsgi [req-895a8163-d320-4f5a-a75b-2e80182484b4 e12f675761644ddd8242872ea7b10d63 c72c190658434bf6bd212e5f84f978b9 - default default] 192.168.122.99,192.168.122.100 "PUT /v2.0/ports/255d6336-81af-44c5-8729-f6004f70e3fb/tags HTTP/1.1" status: 200 len: 248 time: 0.0373111
2026-06-09 07:49:56.467 16 DEBUG neutron_lib.callbacks.manager [req-7b2c8157-9c9e-4f22-a0b8-1916c9a358f8 e12f675761644ddd8242872ea7b10d63 c72c190658434bf6bd212e5f84f978b9 - default default] Notify callbacks [] for allowed_address_pair, before_create _notify_loop /usr/lib/python3.9/site-packages/neutron_lib/callbacks/manager.py:200
2026-06-09 07:49:56.467 16 DEBUG neutron_lib.callbacks.manager [req-7b2c8157-9c9e-4f22-a0b8-1916c9a358f8 e12f675761644ddd8242872ea7b10d63 c72c190658434bf6bd212e5f84f978b9 - default default] Notify callbacks [] for port, precommit_create _notify_loop /usr/lib/python3.9/site-packages/neutron_lib/callbacks/manager.py:200
2026-06-09 07:49:56.479 16 DEBUG neutron.db.provisioning_blocks [req-7b2c8157-9c9e-4f22-a0b8-1916c9a358f8 e12f675761644ddd8242872ea7b10d63 c72c190658434bf6bd212e5f84f978b9 - default default] Transition to ACTIVE for port object 2d92c1c6-43dd-4538-a48a-24611fa0e4b3 will not be triggered until provisioned by entity DHCP. add_provisioning_component /usr/lib/python3.9/site-packages/neutron/db/provisioning_blocks.py:74
2026-06-09 07:49:56.488 15 DEBUG neutron_lib.callbacks.manager [req-d2e69cc2-dbab-4e3c-9964-bbee7fa30869 e12f675761644ddd8242872ea7b10d63 c72c190658434bf6bd212e5f84f978b9 - default default] Notify callbacks [] for allowed_address_pair, before_create _notify_loop /usr/lib/python3.9/site-packages/neutron_lib/callbacks/manager.py:200
2026-06-09 07:49:56.489 15 DEBUG neutron_lib.callbacks.manager [req-d2e69cc2-dbab-4e3c-9964-bbee7fa30869 e12f675761644ddd8242872ea7b10d63 c72c190658434bf6bd212e5f84f978b9 - default default] Notify callbacks [] for port, precommit_create _notify_loop /usr/lib/python3.9/site-packages/neutron_lib/callbacks/manager.py:200
2026-06-09 07:49:56.502 16 DEBUG neutron_lib.callbacks.manager [req-742392da-c294-4931-87c2-345022afb0e6 e12f675761644ddd8242872ea7b10d63 c72c190658434bf6bd212e5f84f978b9 - default default] Notify callbacks ['neutron.plugins.ml2.plugin.SecurityGroupServerNotifierRpcMixin.notify_sg_on_port_change-1602649', 'neutron.plugins.ml2.extensions.dns_integration._create_port_in_external_dns_service-8791205180874', 'neutron.plugins.ml2.ovo_rpc._ObjectChangeHandler.handle_event-876308', 'neutron.api.rpc.agentnotifiers.dhcp_rpc_agent_api.DhcpAgentNotifyAPI._native_event_send_dhcp_notification-886890', 'neutron.services.segments.plugin.NovaSegmentNotifier._notify_port_created_or_deleted-727226'] for port, after_create _notify_loop /usr/lib/python3.9/site-packages/neutron_lib/callbacks/manager.py:200
2026-06-09 07:49:56.519 15 DEBUG neutron_lib.callbacks.manager [req-d2e69cc2-dbab-4e3c-9964-bbee7fa30869 e12f675761644ddd8242872ea7b10d63 c72c190658434bf6bd212e5f84f978b9 - default default] Notify callbacks ['neutron.plugins.ml2.plugin.SecurityGroupServerNotifierRpcMixin.notify_sg_on_port_change-1602649', 'neutron.plugins.ml2.extensions.dns_integration._create_port_in_external_dns_service-8791205180874', 'neutron.plugins.ml2.ovo_rpc._ObjectChangeHandler.handle_event-876308', 'neutron.api.rpc.agentnotifiers.dhcp_rpc_agent_api.DhcpAgentNotifyAPI._native_event_send_dhcp_notification-886890', 'neutron.services.segments.plugin.NovaSegmentNotifier._notify_port_created_or_deleted-727226'] for port, after_create _notify_loop /usr/lib/python3.9/site-packages/neutron_lib/callbacks/manager.py:200
2026-06-09 07:49:56.520 16 DEBUG neutron_lib.callbacks.manager [req-7b2c8157-9c9e-4f22-a0b8-1916c9a358f8 e12f675761644ddd8242872ea7b10d63 c72c190658434bf6bd212e5f84f978b9 - default default] Notify callbacks ['neutron.plugins.ml2.plugin.SecurityGroupServerNotifierRpcMixin.notify_sg_on_port_change-1602649', 'neutron.plugins.ml2.extensions.dns_integration._create_port_in_external_dns_service-8791205180874', 'neutron.plugins.ml2.ovo_rpc._ObjectChangeHandler.handle_event-876308', 'neutron.api.rpc.agentnotifiers.dhcp_rpc_agent_api.DhcpAgentNotifyAPI._native_event_send_dhcp_notification-886890', 'neutron.services.segments.plugin.NovaSegmentNotifier._notify_port_created_or_deleted-727226'] for port, after_create _notify_loop /usr/lib/python3.9/site-packages/neutron_lib/callbacks/manager.py:200
2026-06-09 07:49:56.559 16 DEBUG neutron.scheduler.dhcp_agent_scheduler [req-7b2c8157-9c9e-4f22-a0b8-1916c9a358f8 e12f675761644ddd8242872ea7b10d63 c72c190658434bf6bd212e5f84f978b9 - default default] Network 6e9284f6-21c1-48c0-ade5-418e0ff5bb85 is already hosted by enough agents. _get_dhcp_agents_hosting_network /usr/lib/python3.9/site-packages/neutron/scheduler/dhcp_agent_scheduler.py:275
2026-06-09 07:49:56.560 16 DEBUG neutron.api.rpc.handlers.resources_rpc [req-742392da-c294-4931-87c2-345022afb0e6 e12f675761644ddd8242872ea7b10d63 c72c190658434bf6bd212e5f84f978b9 - - -] Pushing event updated for resources: {'Port': ['ID=c87a215f-90d9-4eed-b419-bc6df61021e4,revision_number=1']} push /usr/lib/python3.9/site-packages/neutron/api/rpc/handlers/resources_rpc.py:237
