2026-06-09 07:49:56.562 16 DEBUG neutron.scheduler.base_scheduler [req-7b2c8157-9c9e-4f22-a0b8-1916c9a358f8 e12f675761644ddd8242872ea7b10d63 c72c190658434bf6bd212e5f84f978b9 - default default] Resources bound (agent type, host, resource id): schedule /usr/lib/python3.9/site-packages/neutron/scheduler/base_scheduler.py:57
2026-06-09 07:49:56.588 16 DEBUG neutron.plugins.ml2.drivers.mech_agent [req-742392da-c294-4931-87c2-345022afb0e6 e12f675761644ddd8242872ea7b10d63 c72c190658434bf6bd212e5f84f978b9 - default default] Checking segment: {'id': '777e35d9-d1c2-4be6-932c-90725fed76d8', 'network_type': 'flat', 'physical_network': 'storage_storage_subnet', 'segmentation_id': None, 'network_id': 'b19c306a-2968-4cee-882c-b0b4e0ca227b'} for mappings: {'ctlplane': 'br-ctlplane'} with network types: ['local', 'flat', 'vlan'] check_segment_for_agent /usr/lib/python3.9/site-packages/neutron/plugins/ml2/drivers/mech_agent.py:343
2026-06-09 07:49:56.588 16 DEBUG neutron.plugins.ml2.drivers.mech_agent [req-742392da-c294-4931-87c2-345022afb0e6 e12f675761644ddd8242872ea7b10d63 c72c190658434bf6bd212e5f84f978b9 - default default] Network b19c306a-2968-4cee-882c-b0b4e0ca227b with segment 777e35d9-d1c2-4be6-932c-90725fed76d8 is connected to physical network storage_storage_subnet, but agent undercloud.ooo.test reported physical networks {'ctlplane': 'br-ctlplane'}. The physical network must be configured on the agent if binding is to succeed. check_segment_for_agent /usr/lib/python3.9/site-packages/neutron/plugins/ml2/drivers/mech_agent.py:365
2026-06-09 07:49:56.597 16 DEBUG neutron.scheduler.dhcp_agent_scheduler [req-742392da-c294-4931-87c2-345022afb0e6 e12f675761644ddd8242872ea7b10d63 c72c190658434bf6bd212e5f84f978b9 - default default] Network hostable DHCP agents. Network: b19c306a-2968-4cee-882c-b0b4e0ca227b, hostable agents: [], hosted agents: [] _get_network_hostable_dhcp_agents /usr/lib/python3.9/site-packages/neutron/scheduler/dhcp_agent_scheduler.py:329
2026-06-09 07:49:56.598 16 DEBUG neutron.scheduler.base_scheduler [req-742392da-c294-4931-87c2-345022afb0e6 e12f675761644ddd8242872ea7b10d63 c72c190658434bf6bd212e5f84f978b9 - default default] Resources bound (agent type, host, resource id): schedule /usr/lib/python3.9/site-packages/neutron/scheduler/base_scheduler.py:57
2026-06-09 07:49:56.598 16 WARNING neutron.api.rpc.agentnotifiers.dhcp_rpc_agent_api [req-742392da-c294-4931-87c2-345022afb0e6 e12f675761644ddd8242872ea7b10d63 c72c190658434bf6bd212e5f84f978b9 - default default] Unable to schedule network b19c306a-2968-4cee-882c-b0b4e0ca227b: no agents available; will retry on subsequent port and subnet creation events.
2026-06-09 07:49:56.598 16 DEBUG neutron.api.rpc.agentnotifiers.dhcp_rpc_agent_api [req-742392da-c294-4931-87c2-345022afb0e6 e12f675761644ddd8242872ea7b10d63 c72c190658434bf6bd212e5f84f978b9 - default default] Network b19c306a-2968-4cee-882c-b0b4e0ca227b is not hosted by any dhcp agent _notify_agents /usr/lib/python3.9/site-packages/neutron/api/rpc/agentnotifiers/dhcp_rpc_agent_api.py:228
2026-06-09 07:49:56.639 16 DEBUG neutron.api.rpc.handlers.resources_rpc [req-7b2c8157-9c9e-4f22-a0b8-1916c9a358f8 e12f675761644ddd8242872ea7b10d63 c72c190658434bf6bd212e5f84f978b9 - - -] Pushing event updated for resources: {'Port': ['ID=2d92c1c6-43dd-4538-a48a-24611fa0e4b3,revision_number=1']} push /usr/lib/python3.9/site-packages/neutron/api/rpc/handlers/resources_rpc.py:237
2026-06-09 07:49:56.646 16 DEBUG neutron.pecan_wsgi.hooks.policy_enforcement [req-742392da-c294-4931-87c2-345022afb0e6 e12f675761644ddd8242872ea7b10d63 c72c190658434bf6bd212e5f84f978b9 - default default] Attributes excluded by policy engine: ['standard_attr_id', 'network'] _exclude_attributes_by_policy /usr/lib/python3.9/site-packages/neutron/pecan_wsgi/hooks/policy_enforcement.py:259
2026-06-09 07:49:56.646 16 DEBUG neutron_lib.callbacks.manager [req-742392da-c294-4931-87c2-345022afb0e6 e12f675761644ddd8242872ea7b10d63 c72c190658434bf6bd212e5f84f978b9 - default default] Notify callbacks ['neutron.notifiers.nova.Notifier._send_nova_notification-935004', 'neutron.api.rpc.agentnotifiers.dhcp_rpc_agent_api.DhcpAgentNotifyAPI._send_dhcp_notification-886872'] for port, before_response _notify_loop /usr/lib/python3.9/site-packages/neutron_lib/callbacks/manager.py:200
2026-06-09 07:49:56.650 15 DEBUG neutron.api.rpc.handlers.resources_rpc [req-d2e69cc2-dbab-4e3c-9964-bbee7fa30869 e12f675761644ddd8242872ea7b10d63 c72c190658434bf6bd212e5f84f978b9 - - -] Pushing event updated for resources: {'Port': ['ID=1a9cc374-3ea0-4ed2-af6c-c69a531d3e74,revision_number=1']} push /usr/lib/python3.9/site-packages/neutron/api/rpc/handlers/resources_rpc.py:237
2026-06-09 07:49:56.656 15 DEBUG neutron.api.rpc.callbacks.version_manager [req-d2e69cc2-dbab-4e3c-9964-bbee7fa30869 e12f675761644ddd8242872ea7b10d63 c72c190658434bf6bd212e5f84f978b9 - - -] Version for resource type AddressGroup changed None to 1.2 on consumer Open vSwitch agent@undercloud.ooo.test _set_version /usr/lib/python3.9/site-packages/neutron/api/rpc/callbacks/version_manager.py:113
2026-06-09 07:49:56.656 15 DEBUG neutron.api.rpc.callbacks.version_manager [req-d2e69cc2-dbab-4e3c-9964-bbee7fa30869 e12f675761644ddd8242872ea7b10d63 c72c190658434bf6bd212e5f84f978b9 - - -] Version for resource type ConntrackHelper changed None to 1.0 on consumer Open vSwitch agent@undercloud.ooo.test _set_version /usr/lib/python3.9/site-packages/neutron/api/rpc/callbacks/version_manager.py:113
2026-06-09 07:49:56.656 15 DEBUG neutron.api.rpc.callbacks.version_manager [req-d2e69cc2-dbab-4e3c-9964-bbee7fa30869 e12f675761644ddd8242872ea7b10d63 c72c190658434bf6bd212e5f84f978b9 - - -] Version for resource type Log changed None to 1.0 on consumer Open vSwitch agent@undercloud.ooo.test _set_version /usr/lib/python3.9/site-packages/neutron/api/rpc/callbacks/version_manager.py:113
2026-06-09 07:49:56.656 15 DEBUG neutron.api.rpc.callbacks.version_manager [req-d2e69cc2-dbab-4e3c-9964-bbee7fa30869 e12f675761644ddd8242872ea7b10d63 c72c190658434bf6bd212e5f84f978b9 - - -] Version for resource type Network changed None to 1.1 on consumer Open vSwitch agent@undercloud.ooo.test _set_version /usr/lib/python3.9/site-packages/neutron/api/rpc/callbacks/version_manager.py:113
2026-06-09 07:49:56.656 15 DEBUG neutron.api.rpc.callbacks.version_manager [req-d2e69cc2-dbab-4e3c-9964-bbee7fa30869 e12f675761644ddd8242872ea7b10d63 c72c190658434bf6bd212e5f84f978b9 - - -] Version for resource type Port changed None to 1.7 on consumer Open vSwitch agent@undercloud.ooo.test _set_version /usr/lib/python3.9/site-packages/neutron/api/rpc/callbacks/version_manager.py:113
2026-06-09 07:49:56.656 15 DEBUG neutron.api.rpc.callbacks.version_manager [req-d2e69cc2-dbab-4e3c-9964-bbee7fa30869 e12f675761644ddd8242872ea7b10d63 c72c190658434bf6bd212e5f84f978b9 - - -] Version for resource type PortForwarding changed None to 1.2 on consumer Open vSwitch agent@undercloud.ooo.test _set_version /usr/lib/python3.9/site-packages/neutron/api/rpc/callbacks/version_manager.py:113
2026-06-09 07:49:56.657 15 DEBUG neutron.api.rpc.callbacks.version_manager [req-d2e69cc2-dbab-4e3c-9964-bbee7fa30869 e12f675761644ddd8242872ea7b10d63 c72c190658434bf6bd212e5f84f978b9 - - -] Version for resource type QosPolicy changed None to 1.8 on consumer Open vSwitch agent@undercloud.ooo.test _set_version /usr/lib/python3.9/site-packages/neutron/api/rpc/callbacks/version_manager.py:113
2026-06-09 07:49:56.657 15 DEBUG neutron.api.rpc.callbacks.version_manager [req-d2e69cc2-dbab-4e3c-9964-bbee7fa30869 e12f675761644ddd8242872ea7b10d63 c72c190658434bf6bd212e5f84f978b9 - - -] Version for resource type SecurityGroup changed None to 1.5 on consumer Open vSwitch agent@undercloud.ooo.test _set_version /usr/lib/python3.9/site-packages/neutron/api/rpc/callbacks/version_manager.py:113
2026-06-09 07:49:56.657 15 DEBUG neutron.api.rpc.callbacks.version_manager [req-d2e69cc2-dbab-4e3c-9964-bbee7fa30869 e12f675761644ddd8242872ea7b10d63 c72c190658434bf6bd212e5f84f978b9 - - -] Version for resource type SecurityGroupRule changed None to 1.2 on consumer Open vSwitch agent@undercloud.ooo.test _set_version /usr/lib/python3.9/site-packages/neutron/api/rpc/callbacks/version_manager.py:113
2026-06-09 07:49:56.657 15 DEBUG neutron.api.rpc.callbacks.version_manager [req-d2e69cc2-dbab-4e3c-9964-bbee7fa30869 e12f675761644ddd8242872ea7b10d63 c72c190658434bf6bd212e5f84f978b9 - - -] Version for resource type SubPort changed None to 1.0 on consumer Open vSwitch agent@undercloud.ooo.test _set_version /usr/lib/python3.9/site-packages/neutron/api/rpc/callbacks/version_manager.py:113
2026-06-09 07:49:56.657 15 DEBUG neutron.api.rpc.callbacks.version_manager [req-d2e69cc2-dbab-4e3c-9964-bbee7fa30869 e12f675761644ddd8242872ea7b10d63 c72c190658434bf6bd212e5f84f978b9 - - -] Version for resource type Subnet changed None to 1.1 on consumer Open vSwitch agent@undercloud.ooo.test _set_version /usr/lib/python3.9/site-packages/neutron/api/rpc/callbacks/version_manager.py:113
2026-06-09 07:49:56.658 15 DEBUG neutron.api.rpc.callbacks.version_manager [req-d2e69cc2-dbab-4e3c-9964-bbee7fa30869 e12f675761644ddd8242872ea7b10d63 c72c190658434bf6bd212e5f84f978b9 - - -] Version for resource type Trunk changed None to 1.1 on consumer Open vSwitch agent@undercloud.ooo.test _set_version /usr/lib/python3.9/site-packages/neutron/api/rpc/callbacks/version_manager.py:113
2026-06-09 07:49:56.658 16 DEBUG neutron.pecan_wsgi.hooks.policy_enforcement [req-7b2c8157-9c9e-4f22-a0b8-1916c9a358f8 e12f675761644ddd8242872ea7b10d63 c72c190658434bf6bd212e5f84f978b9 - default default] Attributes excluded by policy engine: ['standard_attr_id', 'network'] _exclude_attributes_by_policy /usr/lib/python3.9/site-packages/neutron/pecan_wsgi/hooks/policy_enforcement.py:259
2026-06-09 07:49:56.658 15 DEBUG neutron.api.rpc.callbacks.version_manager [req-d2e69cc2-dbab-4e3c-9964-bbee7fa30869 e12f675761644ddd8242872ea7b10d63 c72c190658434bf6bd212e5f84f978b9 - - -] Tracked resource versions report: pushed versions: { 'AddressGroup': {'1.2'}, 'ConntrackHelper': {'1.0'}, 'Log': {'1.0'}, 'Network': {'1.1'}, 'Port': {'1.7'}, 'PortForwarding': {'1.2'}, 'QosPolicy': {'1.8'}, 'SecurityGroup': {'1.5'}, 'SecurityGroupRule': {'1.2'}, 'SubPort': {'1.0'}, 'Subnet': {'1.1'}, 'Trunk': {'1.1'}} consumer versions: { DHCP agent@undercloud.ooo.test: {}, L3 agent@undercloud.ooo.test: {}, Open vSwitch agent@undercloud.ooo.test: { 'AddressGroup': '1.2', 'ConntrackHelper': '1.0', 'Log': '1.0', 'Network': '1.1', 'Port': '1.7', 'PortForwarding': '1.2', 'QosPolicy': '1.8', 'SecurityGroup': '1.5', 'SecurityGroupRule': '1.2', 'SubPort': '1.0', 'Subnet': '1.1', 'Trunk': '1.1'}} report /usr/lib/python3.9/site-packages/neutron/api/rpc/callbacks/version_manager.py:175
2026-06-09 07:49:56.658 16 DEBUG neutron_lib.callbacks.manager [req-7b2c8157-9c9e-4f22-a0b8-1916c9a358f8 e12f675761644ddd8242872ea7b10d63 c72c190658434bf6bd212e5f84f978b9 - default default] Notify callbacks ['neutron.notifiers.nova.Notifier._send_nova_notification-935004', 'neutron.api.rpc.agentnotifiers.dhcp_rpc_agent_api.DhcpAgentNotifyAPI._send_dhcp_notification-886872'] for port, before_response _notify_loop /usr/lib/python3.9/site-packages/neutron_lib/callbacks/manager.py:200
2026-06-09 07:49:56.665 16 INFO neutron.wsgi [req-742392da-c294-4931-87c2-345022afb0e6 e12f675761644ddd8242872ea7b10d63 c72c190658434bf6bd212e5f84f978b9 - default default] 192.168.122.99,192.168.122.100 "POST /v2.0/ports HTTP/1.1" status: 201 len: 1150 time: 0.7142863
2026-06-09 07:49:56.668 16 INFO neutron.wsgi [req-7b2c8157-9c9e-4f22-a0b8-1916c9a358f8 e12f675761644ddd8242872ea7b10d63 c72c190658434bf6bd212e5f84f978b9 - default default] 192.168.122.99,192.168.122.100 "POST /v2.0/ports HTTP/1.1" status: 201 len: 1155 time: 0.7164080
2026-06-09 07:49:56.669 15 DEBUG neutron.plugins.ml2.drivers.mech_agent [req-d2e69cc2-dbab-4e3c-9964-bbee7fa30869 e12f675761644ddd8242872ea7b10d63 c72c190658434bf6bd212e5f84f978b9 - default default] Checking segment: {'id': '774476b9-7004-463b-b339-9bf9b833acba', 'network_type': 'flat', 'physical_network': 'external_external_subnet', 'segmentation_id': None, 'network_id': '1ca1f250-03a8-4ebf-8649-8185684c8e37'} for mappings: {'ctlplane': 'br-ctlplane'} with network types: ['local', 'flat', 'vlan'] check_segment_for_agent /usr/lib/python3.9/site-packages/neutron/plugins/ml2/drivers/mech_agent.py:343
2026-06-09 07:49:56.674 15 DEBUG neutron.plugins.ml2.drivers.mech_agent [req-d2e69cc2-dbab-4e3c-9964-bbee7fa30869 e12f675761644ddd8242872ea7b10d63 c72c190658434bf6bd212e5f84f978b9 - default default] Network 1ca1f250-03a8-4ebf-8649-8185684c8e37 with segment 774476b9-7004-463b-b339-9bf9b833acba is connected to physical network external_external_subnet, but agent undercloud.ooo.test reported physical networks {'ctlplane': 'br-ctlplane'}. The physical network must be configured on the agent if binding is to succeed. check_segment_for_agent /usr/lib/python3.9/site-packages/neutron/plugins/ml2/drivers/mech_agent.py:365
2026-06-09 07:49:56.676 16 DEBUG neutron.services.tag.tag_plugin [req-f44ba5db-2b4d-4c36-b0f2-c45d4eab9e25 e12f675761644ddd8242872ea7b10d63 c72c190658434bf6bd212e5f84f978b9 - default default] neutron.services.tag.tag_plugin.TagPlugin method update_tags called with arguments (, 'ports', '2d92c1c6-43dd-4538-a48a-24611fa0e4b3', {'tags': ['tripleo_stack_name=overcloud', 'tripleo_vip_net=ctlplane']}) {} wrapper /usr/lib/python3.9/site-packages/oslo_log/helpers.py:65
2026-06-09 07:49:56.681 15 DEBUG neutron.scheduler.dhcp_agent_scheduler [req-d2e69cc2-dbab-4e3c-9964-bbee7fa30869 e12f675761644ddd8242872ea7b10d63 c72c190658434bf6bd212e5f84f978b9 - default default] Network hostable DHCP agents. Network: 1ca1f250-03a8-4ebf-8649-8185684c8e37, hostable agents: [], hosted agents: [] _get_network_hostable_dhcp_agents /usr/lib/python3.9/site-packages/neutron/scheduler/dhcp_agent_scheduler.py:329
2026-06-09 07:49:56.681 15 DEBUG neutron.scheduler.base_scheduler [req-d2e69cc2-dbab-4e3c-9964-bbee7fa30869 e12f675761644ddd8242872ea7b10d63 c72c190658434bf6bd212e5f84f978b9 - default default] Resources bound (agent type, host, resource id): schedule /usr/lib/python3.9/site-packages/neutron/scheduler/base_scheduler.py:57
2026-06-09 07:49:56.682 15 WARNING neutron.api.rpc.agentnotifiers.dhcp_rpc_agent_api [req-d2e69cc2-dbab-4e3c-9964-bbee7fa30869 e12f675761644ddd8242872ea7b10d63 c72c190658434bf6bd212e5f84f978b9 - default default] Unable to schedule network 1ca1f250-03a8-4ebf-8649-8185684c8e37: no agents available; will retry on subsequent port and subnet creation events.
2026-06-09 07:49:56.682 15 DEBUG neutron.api.rpc.agentnotifiers.dhcp_rpc_agent_api [req-d2e69cc2-dbab-4e3c-9964-bbee7fa30869 e12f675761644ddd8242872ea7b10d63 c72c190658434bf6bd212e5f84f978b9 - default default] Network 1ca1f250-03a8-4ebf-8649-8185684c8e37 is not hosted by any dhcp agent _notify_agents /usr/lib/python3.9/site-packages/neutron/api/rpc/agentnotifiers/dhcp_rpc_agent_api.py:228
2026-06-09 07:49:56.689 16 DEBUG neutron.services.tag.tag_plugin [req-8279c03d-a218-4688-a225-1f67fda3e824 e12f675761644ddd8242872ea7b10d63 c72c190658434bf6bd212e5f84f978b9 - default default] neutron.services.tag.tag_plugin.TagPlugin method update_tags called with arguments (, 'ports', 'c87a215f-90d9-4eed-b419-bc6df61021e4', {'tags': ['tripleo_stack_name=overcloud', 'tripleo_vip_net=storage']}) {} wrapper /usr/lib/python3.9/site-packages/oslo_log/helpers.py:65
2026-06-09 07:49:56.724 15 DEBUG neutron.pecan_wsgi.hooks.policy_enforcement [req-d2e69cc2-dbab-4e3c-9964-bbee7fa30869 e12f675761644ddd8242872ea7b10d63 c72c190658434bf6bd212e5f84f978b9 - default default] Attributes excluded by policy engine: ['standard_attr_id', 'network'] _exclude_attributes_by_policy /usr/lib/python3.9/site-packages/neutron/pecan_wsgi/hooks/policy_enforcement.py:259
2026-06-09 07:49:56.724 15 DEBUG neutron_lib.callbacks.manager [req-d2e69cc2-dbab-4e3c-9964-bbee7fa30869 e12f675761644ddd8242872ea7b10d63 c72c190658434bf6bd212e5f84f978b9 - default default] Notify callbacks ['neutron.notifiers.nova.Notifier._send_nova_notification-935004', 'neutron.api.rpc.agentnotifiers.dhcp_rpc_agent_api.DhcpAgentNotifyAPI._send_dhcp_notification-886872'] for port, before_response _notify_loop /usr/lib/python3.9/site-packages/neutron_lib/callbacks/manager.py:200
2026-06-09 07:49:56.733 16 INFO neutron.wsgi [req-8279c03d-a218-4688-a225-1f67fda3e824 e12f675761644ddd8242872ea7b10d63 c72c190658434bf6bd212e5f84f978b9 - default default] 192.168.122.99,192.168.122.100 "PUT /v2.0/ports/c87a215f-90d9-4eed-b419-bc6df61021e4/tags HTTP/1.1" status: 200 len: 243 time: 0.0592759
2026-06-09 07:49:56.738 16 INFO neutron.wsgi [req-f44ba5db-2b4d-4c36-b0f2-c45d4eab9e25 e12f675761644ddd8242872ea7b10d63 c72c190658434bf6bd212e5f84f978b9 - default default] 192.168.122.99,192.168.122.100 "PUT /v2.0/ports/2d92c1c6-43dd-4538-a48a-24611fa0e4b3/tags HTTP/1.1" status: 200 len: 244 time: 0.0645924
2026-06-09 07:49:56.749 15 INFO neutron.wsgi [req-d2e69cc2-dbab-4e3c-9964-bbee7fa30869 e12f675761644ddd8242872ea7b10d63 c72c190658434bf6bd212e5f84f978b9 - default default] 192.168.122.99,192.168.122.100 "POST /v2.0/ports HTTP/1.1" status: 201 len: 1151 time: 0.6248336
2026-06-09 07:49:56.755 15 DEBUG neutron.services.tag.tag_plugin [req-b9ea8846-fe20-44ce-8158-b1976b59a20e e12f675761644ddd8242872ea7b10d63 c72c190658434bf6bd212e5f84f978b9 - default default] neutron.services.tag.tag_plugin.TagPlugin method update_tags called with arguments (, 'ports', '1a9cc374-3ea0-4ed2-af6c-c69a531d3e74', {'tags': ['tripleo_stack_name=overcloud', 'tripleo_vip_net=external']}) {} wrapper /usr/lib/python3.9/site-packages/oslo_log/helpers.py:65
2026-06-09 07:49:56.825 15 INFO neutron.wsgi [req-b9ea8846-fe20-44ce-8158-b1976b59a20e e12f675761644ddd8242872ea7b10d63 c72c190658434bf6bd212e5f84f978b9 - default default] 192.168.122.99,192.168.122.100 "PUT /v2.0/ports/1a9cc374-3ea0-4ed2-af6c-c69a531d3e74/tags HTTP/1.1" status: 200 len: 244 time: 0.0727766
2026-06-09 07:49:56.871 15 DEBUG neutron.pecan_wsgi.hooks.policy_enforcement [req-41873ed6-659c-46de-a4d4-6cd0a579a54e e12f675761644ddd8242872ea7b10d63 c72c190658434bf6bd212e5f84f978b9 - default default] Attributes excluded by policy engine: ['standard_attr_id'] _exclude_attributes_by_policy /usr/lib/python3.9/site-packages/neutron/pecan_wsgi/hooks/policy_enforcement.py:259
2026-06-09 07:49:56.872 15 DEBUG neutron.pecan_wsgi.hooks.policy_enforcement [req-41873ed6-659c-46de-a4d4-6cd0a579a54e e12f675761644ddd8242872ea7b10d63 c72c190658434bf6bd212e5f84f978b9 - default default] Attributes excluded by policy engine: ['standard_attr_id'] _exclude_attributes_by_policy /usr/lib/python3.9/site-packages/neutron/pecan_wsgi/hooks/policy_enforcement.py:259
2026-06-09 07:49:56.872 15 DEBUG neutron.pecan_wsgi.hooks.policy_enforcement [req-41873ed6-659c-46de-a4d4-6cd0a579a54e e12f675761644ddd8242872ea7b10d63 c72c190658434bf6bd212e5f84f978b9 - default default] Attributes excluded by policy engine: ['standard_attr_id'] _exclude_attributes_by_policy /usr/lib/python3.9/site-packages/neutron/pecan_wsgi/hooks/policy_enforcement.py:259
2026-06-09 07:49:56.872 15 DEBUG neutron.pecan_wsgi.hooks.policy_enforcement [req-41873ed6-659c-46de-a4d4-6cd0a579a54e e12f675761644ddd8242872ea7b10d63 c72c190658434bf6bd212e5f84f978b9 - default default] Attributes excluded by policy engine: ['standard_attr_id'] _exclude_attributes_by_policy /usr/lib/python3.9/site-packages/neutron/pecan_wsgi/hooks/policy_enforcement.py:259
2026-06-09 07:49:56.872 15 DEBUG neutron.pecan_wsgi.hooks.policy_enforcement [req-41873ed6-659c-46de-a4d4-6cd0a579a54e e12f675761644ddd8242872ea7b10d63 c72c190658434bf6bd212e5f84f978b9 - default default] Attributes excluded by policy engine: ['standard_attr_id'] _exclude_attributes_by_policy /usr/lib/python3.9/site-packages/neutron/pecan_wsgi/hooks/policy_enforcement.py:259
2026-06-09 07:49:56.873 15 INFO neutron.wsgi [req-41873ed6-659c-46de-a4d4-6cd0a579a54e e12f675761644ddd8242872ea7b10d63 c72c190658434bf6bd212e5f84f978b9 - default default] 192.168.122.99,192.168.122.100 "GET /v2.0/ports?tags=tripleo_stack_name%3Dovercloud HTTP/1.1" status: 200 len: 5305 time: 0.0441017
2026-06-09 07:49:57.022 19 DEBUG neutron.db.provisioning_blocks [req-f4117cee-a379-41fe-8638-25fdd82945c8 - - - - -] Provisioning for port 2d92c1c6-43dd-4538-a48a-24611fa0e4b3 completed by entity DHCP. provisioning_complete /usr/lib/python3.9/site-packages/neutron/db/provisioning_blocks.py:134
2026-06-09 07:49:57.028 19 DEBUG neutron.db.provisioning_blocks [req-f4117cee-a379-41fe-8638-25fdd82945c8 - - - - -] Provisioning complete for port 2d92c1c6-43dd-4538-a48a-24611fa0e4b3 triggered by entity DHCP. provisioning_complete /usr/lib/python3.9/site-packages/neutron/db/provisioning_blocks.py:140
2026-06-09 07:49:57.028 19 DEBUG neutron_lib.callbacks.manager [req-f4117cee-a379-41fe-8638-25fdd82945c8 - - - - -] Notify callbacks ['neutron.plugins.ml2.plugin.Ml2Plugin._port_provisioned-1709482'] for port, provisioning_complete _notify_loop /usr/lib/python3.9/site-packages/neutron_lib/callbacks/manager.py:200
2026-06-09 07:49:57.028 19 INFO neutron.plugins.ml2.plugin [req-f4117cee-a379-41fe-8638-25fdd82945c8 - - - - -] Attempt 1 to provision port 2d92c1c6-43dd-4538-a48a-24611fa0e4b3
2026-06-09 07:49:57.070 19 DEBUG neutron.plugins.ml2.plugin [req-f4117cee-a379-41fe-8638-25fdd82945c8 - - - - -] Port 2d92c1c6-43dd-4538-a48a-24611fa0e4b3 cannot update to ACTIVE because it is not bound. _port_provisioned /usr/lib/python3.9/site-packages/neutron/plugins/ml2/plugin.py:353
2026-06-09 07:49:57.244 18 DEBUG neutron.wsgi [-] (18) accepted ('192.168.122.100', 54736) server /usr/lib/python3.9/site-packages/eventlet/wsgi.py:992
2026-06-09 07:49:57.246 18 INFO neutron.wsgi [-] 192.168.122.100 "GET /healthcheck HTTP/1.0" status: 200 len: 137 time: 0.0015130
2026-06-09 07:49:58.283 18 DEBUG neutron.wsgi [-] (18) accepted ('192.168.122.100', 54744) server /usr/lib/python3.9/site-packages/eventlet/wsgi.py:992
2026-06-09 07:49:58.432 18 DEBUG neutron.pecan_wsgi.hooks.policy_enforcement [req-7078e56a-29f1-446b-9dff-108a250fba7e e12f675761644ddd8242872ea7b10d63 c72c190658434bf6bd212e5f84f978b9 - default default] Attributes excluded by policy engine: ['standard_attr_id', 'vlan_transparent'] _exclude_attributes_by_policy /usr/lib/python3.9/site-packages/neutron/pecan_wsgi/hooks/policy_enforcement.py:259
2026-06-09 07:49:58.432 18 DEBUG neutron.pecan_wsgi.hooks.policy_enforcement [req-7078e56a-29f1-446b-9dff-108a250fba7e e12f675761644ddd8242872ea7b10d63 c72c190658434bf6bd212e5f84f978b9 - default default] Attributes excluded by policy engine: ['standard_attr_id', 'vlan_transparent'] _exclude_attributes_by_policy /usr/lib/python3.9/site-packages/neutron/pecan_wsgi/hooks/policy_enforcement.py:259
2026-06-09 07:49:58.433 18 DEBUG neutron.pecan_wsgi.hooks.policy_enforcement [req-7078e56a-29f1-446b-9dff-108a250fba7e e12f675761644ddd8242872ea7b10d63 c72c190658434bf6bd212e5f84f978b9 - default default] Attributes excluded by policy engine: ['standard_attr_id', 'vlan_transparent'] _exclude_attributes_by_policy /usr/lib/python3.9/site-packages/neutron/pecan_wsgi/hooks/policy_enforcement.py:259
2026-06-09 07:49:58.433 18 DEBUG neutron.pecan_wsgi.hooks.policy_enforcement [req-7078e56a-29f1-446b-9dff-108a250fba7e e12f675761644ddd8242872ea7b10d63 c72c190658434bf6bd212e5f84f978b9 - default default] Attributes excluded by policy engine: ['standard_attr_id', 'vlan_transparent'] _exclude_attributes_by_policy /usr/lib/python3.9/site-packages/neutron/pecan_wsgi/hooks/policy_enforcement.py:259
2026-06-09 07:49:58.433 18 DEBUG neutron.pecan_wsgi.hooks.policy_enforcement [req-7078e56a-29f1-446b-9dff-108a250fba7e e12f675761644ddd8242872ea7b10d63 c72c190658434bf6bd212e5f84f978b9 - default default] Attributes excluded by policy engine: ['standard_attr_id', 'vlan_transparent'] _exclude_attributes_by_policy /usr/lib/python3.9/site-packages/neutron/pecan_wsgi/hooks/policy_enforcement.py:259
2026-06-09 07:49:58.433 18 DEBUG neutron.pecan_wsgi.hooks.policy_enforcement [req-7078e56a-29f1-446b-9dff-108a250fba7e e12f675761644ddd8242872ea7b10d63 c72c190658434bf6bd212e5f84f978b9 - default default] Attributes excluded by policy engine: ['standard_attr_id', 'vlan_transparent'] _exclude_attributes_by_policy /usr/lib/python3.9/site-packages/neutron/pecan_wsgi/hooks/policy_enforcement.py:259
2026-06-09 07:49:58.435 18 INFO neutron.wsgi [req-7078e56a-29f1-446b-9dff-108a250fba7e e12f675761644ddd8242872ea7b10d63 c72c190658434bf6bd212e5f84f978b9 - default default] 192.168.122.99,192.168.122.100 "GET /v2.0/networks HTTP/1.1" status: 200 len: 5131 time: 0.1498909
2026-06-09 07:49:58.479 18 DEBUG neutron.pecan_wsgi.hooks.policy_enforcement [req-8e828488-ec04-4fac-91a5-e2422b5f13b7 e12f675761644ddd8242872ea7b10d63 c72c190658434bf6bd212e5f84f978b9 - default default] Attributes excluded by policy engine: ['standard_attr_id', 'shared'] _exclude_attributes_by_policy /usr/lib/python3.9/site-packages/neutron/pecan_wsgi/hooks/policy_enforcement.py:259
2026-06-09 07:49:58.480 18 INFO neutron.wsgi [req-8e828488-ec04-4fac-91a5-e2422b5f13b7 e12f675761644ddd8242872ea7b10d63 c72c190658434bf6bd212e5f84f978b9 - default default] 192.168.122.99,192.168.122.100 "GET /v2.0/subnets?network_id=1ca1f250-03a8-4ebf-8649-8185684c8e37 HTTP/1.1" status: 200 len: 863 time: 0.0383892
2026-06-09 07:49:58.534 18 DEBUG neutron.pecan_wsgi.hooks.policy_enforcement [req-98084926-fb57-48e3-9c33-6bb62e8006b9 e12f675761644ddd8242872ea7b10d63 c72c190658434bf6bd212e5f84f978b9 - default default] Attributes excluded by policy engine: ['standard_attr_id', 'shared'] _exclude_attributes_by_policy /usr/lib/python3.9/site-packages/neutron/pecan_wsgi/hooks/policy_enforcement.py:259
2026-06-09 07:49:58.535 18 INFO neutron.wsgi [req-98084926-fb57-48e3-9c33-6bb62e8006b9 e12f675761644ddd8242872ea7b10d63 c72c190658434bf6bd212e5f84f978b9 - default default] 192.168.122.99,192.168.122.100 "GET /v2.0/subnets?network_id=23ebbe28-a04a-4eb1-a3b1-fc09acd7e77e HTTP/1.1" status: 200 len: 867 time: 0.0481505
2026-06-09 07:49:58.574 18 DEBUG neutron.pecan_wsgi.hooks.policy_enforcement [req-32beeb68-436b-41f8-89da-ef61c6c659cf e12f675761644ddd8242872ea7b10d63 c72c190658434bf6bd212e5f84f978b9 - default default] Attributes excluded by policy engine: ['standard_attr_id', 'shared'] _exclude_attributes_by_policy /usr/lib/python3.9/site-packages/neutron/pecan_wsgi/hooks/policy_enforcement.py:259
2026-06-09 07:49:58.575 18 INFO neutron.wsgi [req-32beeb68-436b-41f8-89da-ef61c6c659cf e12f675761644ddd8242872ea7b10d63 c72c190658434bf6bd212e5f84f978b9 - default default] 192.168.122.99,192.168.122.100 "GET /v2.0/subnets?network_id=4197ab06-4dba-4b36-ab71-15ecb5baa049 HTTP/1.1" status: 200 len: 861 time: 0.0333531
2026-06-09 07:49:58.606 18 DEBUG neutron.pecan_wsgi.hooks.policy_enforcement [req-40f87907-3bab-4731-8447-ce118516eb6f e12f675761644ddd8242872ea7b10d63 c72c190658434bf6bd212e5f84f978b9 - default default] Attributes excluded by policy engine: ['standard_attr_id', 'shared'] _exclude_attributes_by_policy /usr/lib/python3.9/site-packages/neutron/pecan_wsgi/hooks/policy_enforcement.py:259
2026-06-09 07:49:58.607 18 INFO neutron.wsgi [req-40f87907-3bab-4731-8447-ce118516eb6f e12f675761644ddd8242872ea7b10d63 c72c190658434bf6bd212e5f84f978b9 - default default] 192.168.122.99,192.168.122.100 "GET /v2.0/subnets?network_id=6e9284f6-21c1-48c0-ade5-418e0ff5bb85 HTTP/1.1" status: 200 len: 845 time: 0.0273395
2026-06-09 07:49:58.638 18 DEBUG neutron.pecan_wsgi.hooks.policy_enforcement [req-5afb54b3-81a9-4293-9f4f-87a1aea07ef0 e12f675761644ddd8242872ea7b10d63 c72c190658434bf6bd212e5f84f978b9 - default default] Attributes excluded by policy engine: ['standard_attr_id', 'shared'] _exclude_attributes_by_policy /usr/lib/python3.9/site-packages/neutron/pecan_wsgi/hooks/policy_enforcement.py:259
2026-06-09 07:49:58.639 18 INFO neutron.wsgi [req-5afb54b3-81a9-4293-9f4f-87a1aea07ef0 e12f675761644ddd8242872ea7b10d63 c72c190658434bf6bd212e5f84f978b9 - default default] 192.168.122.99,192.168.122.100 "GET /v2.0/subnets?network_id=b19c306a-2968-4cee-882c-b0b4e0ca227b HTTP/1.1" status: 200 len: 862 time: 0.0278728
2026-06-09 07:49:58.674 18 DEBUG neutron.pecan_wsgi.hooks.policy_enforcement [req-7c79982b-93a6-4746-b8b1-1717a8494f45 e12f675761644ddd8242872ea7b10d63 c72c190658434bf6bd212e5f84f978b9 - default default] Attributes excluded by policy engine: ['standard_attr_id', 'shared'] _exclude_attributes_by_policy /usr/lib/python3.9/site-packages/neutron/pecan_wsgi/hooks/policy_enforcement.py:259
2026-06-09 07:49:58.675 18 INFO neutron.wsgi [req-7c79982b-93a6-4746-b8b1-1717a8494f45 e12f675761644ddd8242872ea7b10d63 c72c190658434bf6bd212e5f84f978b9 - default default] 192.168.122.99,192.168.122.100 "GET /v2.0/subnets?network_id=c25fafb8-a5b8-4539-8daa-6f70660a67df HTTP/1.1" status: 200 len: 867 time: 0.0280397
2026-06-09 07:49:58.739 18 DEBUG neutron.pecan_wsgi.hooks.policy_enforcement [req-0f83e914-28d7-40a6-9614-0bed558a58d8 e12f675761644ddd8242872ea7b10d63 c72c190658434bf6bd212e5f84f978b9 - default default] Attributes excluded by policy engine: ['standard_attr_id', 'vlan_transparent'] _exclude_attributes_by_policy /usr/lib/python3.9/site-packages/neutron/pecan_wsgi/hooks/policy_enforcement.py:259
2026-06-09 07:49:58.739 18 DEBUG neutron.pecan_wsgi.hooks.policy_enforcement [req-0f83e914-28d7-40a6-9614-0bed558a58d8 e12f675761644ddd8242872ea7b10d63 c72c190658434bf6bd212e5f84f978b9 - default default] Attributes excluded by policy engine: ['standard_attr_id', 'vlan_transparent'] _exclude_attributes_by_policy /usr/lib/python3.9/site-packages/neutron/pecan_wsgi/hooks/policy_enforcement.py:259
2026-06-09 07:49:58.739 18 DEBUG neutron.pecan_wsgi.hooks.policy_enforcement [req-0f83e914-28d7-40a6-9614-0bed558a58d8 e12f675761644ddd8242872ea7b10d63 c72c190658434bf6bd212e5f84f978b9 - default default] Attributes excluded by policy engine: ['standard_attr_id', 'vlan_transparent'] _exclude_attributes_by_policy /usr/lib/python3.9/site-packages/neutron/pecan_wsgi/hooks/policy_enforcement.py:259
2026-06-09 07:49:58.740 18 DEBUG neutron.pecan_wsgi.hooks.policy_enforcement [req-0f83e914-28d7-40a6-9614-0bed558a58d8 e12f675761644ddd8242872ea7b10d63 c72c190658434bf6bd212e5f84f978b9 - default default] Attributes excluded by policy engine: ['standard_attr_id', 'vlan_transparent'] _exclude_attributes_by_policy /usr/lib/python3.9/site-packages/neutron/pecan_wsgi/hooks/policy_enforcement.py:259
2026-06-09 07:49:58.740 18 DEBUG neutron.pecan_wsgi.hooks.policy_enforcement [req-0f83e914-28d7-40a6-9614-0bed558a58d8 e12f675761644ddd8242872ea7b10d63 c72c190658434bf6bd212e5f84f978b9 - default default] Attributes excluded by policy engine: ['standard_attr_id', 'vlan_transparent'] _exclude_attributes_by_policy /usr/lib/python3.9/site-packages/neutron/pecan_wsgi/hooks/policy_enforcement.py:259
2026-06-09 07:49:58.740 18 DEBUG neutron.pecan_wsgi.hooks.policy_enforcement [req-0f83e914-28d7-40a6-9614-0bed558a58d8 e12f675761644ddd8242872ea7b10d63 c72c190658434bf6bd212e5f84f978b9 - default default] Attributes excluded by policy engine: ['standard_attr_id', 'vlan_transparent'] _exclude_attributes_by_policy /usr/lib/python3.9/site-packages/neutron/pecan_wsgi/hooks/policy_enforcement.py:259
2026-06-09 07:49:58.741 18 INFO neutron.wsgi [req-0f83e914-28d7-40a6-9614-0bed558a58d8 e12f675761644ddd8242872ea7b10d63 c72c190658434bf6bd212e5f84f978b9 - default default] 192.168.122.99,192.168.122.100 "GET /v2.0/networks HTTP/1.1" status: 200 len: 5131 time: 0.0600891
2026-06-09 07:49:58.794 18 DEBUG neutron.pecan_wsgi.hooks.policy_enforcement [req-03f9261e-9683-451f-b5ed-da185b5b4195 e12f675761644ddd8242872ea7b10d63 c72c190658434bf6bd212e5f84f978b9 - default default] Attributes excluded by policy engine: ['standard_attr_id'] _exclude_attributes_by_policy /usr/lib/python3.9/site-packages/neutron/pecan_wsgi/hooks/policy_enforcement.py:259
2026-06-09 07:49:58.795 18 INFO neutron.wsgi [req-03f9261e-9683-451f-b5ed-da185b5b4195 e12f675761644ddd8242872ea7b10d63 c72c190658434bf6bd212e5f84f978b9 - default default] 192.168.122.99,192.168.122.100 "GET /v2.0/ports?network_id=c25fafb8-a5b8-4539-8daa-6f70660a67df&tags=tripleo_stack_name%3Dovercloud&tags=tripleo_vip_net%3Dinternal_api HTTP/1.1" status: 200 len: 1215 time: 0.0413435
2026-06-09 07:49:58.830 18 DEBUG neutron.pecan_wsgi.hooks.policy_enforcement [req-58af8d84-649b-45ef-a8ee-9a0931ef0929 e12f675761644ddd8242872ea7b10d63 c72c190658434bf6bd212e5f84f978b9 - default default] Attributes excluded by policy engine: ['standard_attr_id', 'shared'] _exclude_attributes_by_policy /usr/lib/python3.9/site-packages/neutron/pecan_wsgi/hooks/policy_enforcement.py:259
2026-06-09 07:49:58.831 18 INFO neutron.wsgi [req-58af8d84-649b-45ef-a8ee-9a0931ef0929 e12f675761644ddd8242872ea7b10d63 c72c190658434bf6bd212e5f84f978b9 - default default] 192.168.122.99,192.168.122.100 "GET /v2.0/subnets/760f3be0-280a-413b-84fe-0f62da4548de HTTP/1.1" status: 200 len: 864 time: 0.0294931
2026-06-09 07:49:58.876 18 DEBUG neutron.pecan_wsgi.hooks.policy_enforcement [req-d527dca4-2068-468f-bbd7-78f7b6761bb2 e12f675761644ddd8242872ea7b10d63 c72c190658434bf6bd212e5f84f978b9 - default default] Attributes excluded by policy engine: ['standard_attr_id'] _exclude_attributes_by_policy /usr/lib/python3.9/site-packages/neutron/pecan_wsgi/hooks/policy_enforcement.py:259
2026-06-09 07:49:58.877 18 INFO neutron.wsgi [req-d527dca4-2068-468f-bbd7-78f7b6761bb2 e12f675761644ddd8242872ea7b10d63 c72c190658434bf6bd212e5f84f978b9 - default default] 192.168.122.99,192.168.122.100 "GET /v2.0/ports?network_id=b19c306a-2968-4cee-882c-b0b4e0ca227b&tags=tripleo_stack_name%3Dovercloud&tags=tripleo_vip_net%3Dstorage HTTP/1.1" status: 200 len: 1205 time: 0.0398755
2026-06-09 07:49:58.911 18 DEBUG neutron.pecan_wsgi.hooks.policy_enforcement [req-57fa3653-2b14-42d9-8e67-60384b7f3771 e12f675761644ddd8242872ea7b10d63 c72c190658434bf6bd212e5f84f978b9 - default default] Attributes excluded by policy engine: ['standard_attr_id', 'shared'] _exclude_attributes_by_policy /usr/lib/python3.9/site-packages/neutron/pecan_wsgi/hooks/policy_enforcement.py:259
2026-06-09 07:49:58.912 18 INFO neutron.wsgi [req-57fa3653-2b14-42d9-8e67-60384b7f3771 e12f675761644ddd8242872ea7b10d63 c72c190658434bf6bd212e5f84f978b9 - default default] 192.168.122.99,192.168.122.100 "GET /v2.0/subnets/b99b6e6d-af8f-4969-b313-7b449528cc26 HTTP/1.1" status: 200 len: 859 time: 0.0283835
2026-06-09 07:49:58.957 18 DEBUG neutron.pecan_wsgi.hooks.policy_enforcement [req-af4fb446-bf65-4825-a0f3-7ac9c6b10bfd e12f675761644ddd8242872ea7b10d63 c72c190658434bf6bd212e5f84f978b9 - default default] Attributes excluded by policy engine: ['standard_attr_id'] _exclude_attributes_by_policy /usr/lib/python3.9/site-packages/neutron/pecan_wsgi/hooks/policy_enforcement.py:259
2026-06-09 07:49:58.958 18 INFO neutron.wsgi [req-af4fb446-bf65-4825-a0f3-7ac9c6b10bfd e12f675761644ddd8242872ea7b10d63 c72c190658434bf6bd212e5f84f978b9 - default default] 192.168.122.99,192.168.122.100 "GET /v2.0/ports?network_id=23ebbe28-a04a-4eb1-a3b1-fc09acd7e77e&tags=tripleo_stack_name%3Dovercloud&tags=tripleo_vip_net%3Dstorage_mgmt HTTP/1.1" status: 200 len: 1215 time: 0.0410731
2026-06-09 07:49:58.990 18 DEBUG neutron.pecan_wsgi.hooks.policy_enforcement [req-991600fd-b62f-4a37-936e-da6ef12a5259 e12f675761644ddd8242872ea7b10d63 c72c190658434bf6bd212e5f84f978b9 - default default] Attributes excluded by policy engine: ['standard_attr_id', 'shared'] _exclude_attributes_by_policy /usr/lib/python3.9/site-packages/neutron/pecan_wsgi/hooks/policy_enforcement.py:259
2026-06-09 07:49:58.991 18 INFO neutron.wsgi [req-991600fd-b62f-4a37-936e-da6ef12a5259 e12f675761644ddd8242872ea7b10d63 c72c190658434bf6bd212e5f84f978b9 - default default] 192.168.122.99,192.168.122.100 "GET /v2.0/subnets/f3a8f3ac-334d-43e0-905b-b4dd3c2f2da5 HTTP/1.1" status: 200 len: 864 time: 0.0265441
2026-06-09 07:49:59.035 18 DEBUG neutron.pecan_wsgi.hooks.policy_enforcement [req-1e289f61-e868-42f9-9a89-dcb1763fc2fd e12f675761644ddd8242872ea7b10d63 c72c190658434bf6bd212e5f84f978b9 - default default] Attributes excluded by policy engine: ['standard_attr_id'] _exclude_attributes_by_policy /usr/lib/python3.9/site-packages/neutron/pecan_wsgi/hooks/policy_enforcement.py:259
2026-06-09 07:49:59.036 18 INFO neutron.wsgi [req-1e289f61-e868-42f9-9a89-dcb1763fc2fd e12f675761644ddd8242872ea7b10d63 c72c190658434bf6bd212e5f84f978b9 - default default] 192.168.122.99,192.168.122.100 "GET /v2.0/ports?network_id=1ca1f250-03a8-4ebf-8649-8185684c8e37&tags=tripleo_stack_name%3Dovercloud&tags=tripleo_vip_net%3Dexternal HTTP/1.1" status: 200 len: 1207 time: 0.0401359
2026-06-09 07:49:59.069 18 DEBUG neutron.pecan_wsgi.hooks.policy_enforcement [req-8906178f-e55f-4ae8-ae71-94598525b27f e12f675761644ddd8242872ea7b10d63 c72c190658434bf6bd212e5f84f978b9 - default default] Attributes excluded by policy engine: ['standard_attr_id', 'shared'] _exclude_attributes_by_policy /usr/lib/python3.9/site-packages/neutron/pecan_wsgi/hooks/policy_enforcement.py:259
2026-06-09 07:49:59.069 18 INFO neutron.wsgi [req-8906178f-e55f-4ae8-ae71-94598525b27f e12f675761644ddd8242872ea7b10d63 c72c190658434bf6bd212e5f84f978b9 - default default] 192.168.122.99,192.168.122.100 "GET /v2.0/subnets/c77d3996-5557-4aa3-a52c-f9373d81747b HTTP/1.1" status: 200 len: 860 time: 0.0267184
2026-06-09 07:49:59.113 18 DEBUG neutron.pecan_wsgi.hooks.policy_enforcement [req-2ffb49d6-4c5b-414c-a5e1-df191c783c80 e12f675761644ddd8242872ea7b10d63 c72c190658434bf6bd212e5f84f978b9 - default default] Attributes excluded by policy engine: ['standard_attr_id'] _exclude_attributes_by_policy /usr/lib/python3.9/site-packages/neutron/pecan_wsgi/hooks/policy_enforcement.py:259
2026-06-09 07:49:59.114 18 INFO neutron.wsgi [req-2ffb49d6-4c5b-414c-a5e1-df191c783c80 e12f675761644ddd8242872ea7b10d63 c72c190658434bf6bd212e5f84f978b9 - default default] 192.168.122.99,192.168.122.100 "GET /v2.0/ports?network_id=6e9284f6-21c1-48c0-ade5-418e0ff5bb85&tags=tripleo_stack_name%3Dovercloud&tags=tripleo_vip_net%3Dctlplane HTTP/1.1" status: 200 len: 1211 time: 0.0398297
2026-06-09 07:49:59.173 18 DEBUG neutron.pecan_wsgi.hooks.policy_enforcement [req-e6566b17-6fbe-46cb-8658-05c4874e9867 e12f675761644ddd8242872ea7b10d63 c72c190658434bf6bd212e5f84f978b9 - default default] Attributes excluded by policy engine: ['standard_attr_id', 'vlan_transparent'] _exclude_attributes_by_policy /usr/lib/python3.9/site-packages/neutron/pecan_wsgi/hooks/policy_enforcement.py:259
2026-06-09 07:49:59.174 18 INFO neutron.wsgi [req-e6566b17-6fbe-46cb-8658-05c4874e9867 e12f675761644ddd8242872ea7b10d63 c72c190658434bf6bd212e5f84f978b9 - default default] 192.168.122.99,192.168.122.100 "GET /v2.0/networks/6e9284f6-21c1-48c0-ade5-418e0ff5bb85 HTTP/1.1" status: 200 len: 919 time: 0.0531416
2026-06-09 07:49:59.206 18 DEBUG neutron.pecan_wsgi.hooks.policy_enforcement [req-811b69bd-a378-4a41-8913-2ec5f07ac943 e12f675761644ddd8242872ea7b10d63 c72c190658434bf6bd212e5f84f978b9 - default default] Attributes excluded by policy engine: ['standard_attr_id', 'shared'] _exclude_attributes_by_policy /usr/lib/python3.9/site-packages/neutron/pecan_wsgi/hooks/policy_enforcement.py:259
2026-06-09 07:49:59.206 18 INFO neutron.wsgi [req-811b69bd-a378-4a41-8913-2ec5f07ac943 e12f675761644ddd8242872ea7b10d63 c72c190658434bf6bd212e5f84f978b9 - default default] 192.168.122.99,192.168.122.100 "GET /v2.0/subnets/cb89b9e6-8618-4e27-9cbb-ac9b65b4fc2d HTTP/1.1" status: 200 len: 842 time: 0.0272639
2026-06-09 07:49:59.247 18 DEBUG neutron.wsgi [-] (18) accepted ('192.168.122.100', 54754) server /usr/lib/python3.9/site-packages/eventlet/wsgi.py:992
2026-06-09 07:49:59.250 18 INFO neutron.wsgi [-] 192.168.122.100 "GET /healthcheck HTTP/1.0" status: 200 len: 137 time: 0.0016389
2026-06-09 07:50:01.253 17 DEBUG neutron.wsgi [-] (17) accepted ('192.168.122.100', 54756) server /usr/lib/python3.9/site-packages/eventlet/wsgi.py:992
2026-06-09 07:50:01.257 17 INFO neutron.wsgi [-] 192.168.122.100 "GET /healthcheck HTTP/1.0" status: 200 len: 137 time: 0.0027888
2026-06-09 07:50:03.258 17 DEBUG neutron.wsgi [-] (17) accepted ('192.168.122.100', 54760) server /usr/lib/python3.9/site-packages/eventlet/wsgi.py:992
2026-06-09 07:50:03.260 17 INFO neutron.wsgi [-] 192.168.122.100 "GET /healthcheck HTTP/1.0" status: 200 len: 137 time: 0.0013192
2026-06-09 07:50:05.262 18 DEBUG neutron.wsgi [-] (18) accepted ('192.168.122.100', 53174) server /usr/lib/python3.9/site-packages/eventlet/wsgi.py:992
2026-06-09 07:50:05.264 18 INFO neutron.wsgi [-] 192.168.122.100 "GET /healthcheck HTTP/1.0" status: 200 len: 137 time: 0.0018997
2026-06-09 07:50:07.266 18 DEBUG neutron.wsgi [-] (18) accepted ('192.168.122.100', 53188) server /usr/lib/python3.9/site-packages/eventlet/wsgi.py:992
2026-06-09 07:50:07.268 18 INFO neutron.wsgi [-] 192.168.122.100 "GET /healthcheck HTTP/1.0" status: 200 len: 137 time: 0.0017729
2026-06-09 07:50:09.271 16 DEBUG neutron.wsgi [-] (16) accepted ('192.168.122.100', 53196) server /usr/lib/python3.9/site-packages/eventlet/wsgi.py:992
2026-06-09 07:50:09.273 16 INFO neutron.wsgi [-] 192.168.122.100 "GET /healthcheck HTTP/1.0" status: 200 len: 137 time: 0.0019348
2026-06-09 07:50:11.275 18 DEBUG neutron.wsgi [-] (18) accepted ('192.168.122.100', 53212) server /usr/lib/python3.9/site-packages/eventlet/wsgi.py:992
2026-06-09 07:50:11.280 18 INFO neutron.wsgi [-] 192.168.122.100 "GET /healthcheck HTTP/1.0" status: 200 len: 137 time: 0.0035346
2026-06-09 07:50:13.281 16 DEBUG neutron.wsgi [-] (16) accepted ('192.168.122.100', 53224) server /usr/lib/python3.9/site-packages/eventlet/wsgi.py:992
2026-06-09 07:50:13.284 16 INFO neutron.wsgi [-] 192.168.122.100 "GET /healthcheck HTTP/1.0" status: 200 len: 137 time: 0.0017748
2026-06-09 07:50:15.286 16 DEBUG neutron.wsgi [-] (16) accepted ('192.168.122.100', 52468) server /usr/lib/python3.9/site-packages/eventlet/wsgi.py:992
2026-06-09 07:50:15.289 16 INFO neutron.wsgi [-] 192.168.122.100 "GET /healthcheck HTTP/1.0" status: 200 len: 137 time: 0.0022433
2026-06-09 07:50:17.291 16 DEBUG neutron.wsgi [-] (16) accepted ('192.168.122.100', 52478) server /usr/lib/python3.9/site-packages/eventlet/wsgi.py:992
2026-06-09 07:50:17.295 16 INFO neutron.wsgi [-] 192.168.122.100 "GET /healthcheck HTTP/1.0" status: 200 len: 137 time: 0.0027406
2026-06-09 07:50:19.297 18 DEBUG neutron.wsgi [-] (18) accepted ('192.168.122.100', 52486) server /usr/lib/python3.9/site-packages/eventlet/wsgi.py:992
2026-06-09 07:50:19.301 18 INFO neutron.wsgi [-] 192.168.122.100 "GET /healthcheck HTTP/1.0" status: 200 len: 137 time: 0.0027013
2026-06-09 07:50:21.303 18 DEBUG neutron.wsgi [-] (18) accepted ('192.168.122.100', 52496) server /usr/lib/python3.9/site-packages/eventlet/wsgi.py:992
2026-06-09 07:50:21.307 18 INFO neutron.wsgi [-] 192.168.122.100 "GET /healthcheck HTTP/1.0" status: 200 len: 137 time: 0.0027506
2026-06-09 07:50:23.309 18 DEBUG neutron.wsgi [-] (18) accepted ('192.168.122.100', 52506) server /usr/lib/python3.9/site-packages/eventlet/wsgi.py:992
2026-06-09 07:50:23.312 18 INFO neutron.wsgi [-] 192.168.122.100 "GET /healthcheck HTTP/1.0" status: 200 len: 137 time: 0.0026224
2026-06-09 07:50:24.381 18 DEBUG neutron.wsgi [-] (18) accepted ('192.168.122.100', 37424) server /usr/lib/python3.9/site-packages/eventlet/wsgi.py:992
2026-06-09 07:50:24.384 18 INFO neutron.wsgi [-] 192.168.122.100 "GET / HTTP/1.1" status: 200 len: 233 time: 0.0024753
2026-06-09 07:50:25.314 15 DEBUG neutron.wsgi [-] (15) accepted ('192.168.122.100', 37426) server /usr/lib/python3.9/site-packages/eventlet/wsgi.py:992
2026-06-09 07:50:25.316 15 INFO neutron.wsgi [-] 192.168.122.100 "GET /healthcheck HTTP/1.0" status: 200 len: 137 time: 0.0013826
2026-06-09 07:50:27.318 16 DEBUG neutron.wsgi [-] (16) accepted ('192.168.122.100', 37430) server /usr/lib/python3.9/site-packages/eventlet/wsgi.py:992
2026-06-09 07:50:27.322 16 INFO neutron.wsgi [-] 192.168.122.100 "GET /healthcheck HTTP/1.0" status: 200 len: 137 time: 0.0026956
2026-06-09 07:50:29.324 16 DEBUG neutron.wsgi [-] (16) accepted ('192.168.122.100', 37440) server /usr/lib/python3.9/site-packages/eventlet/wsgi.py:992
2026-06-09 07:50:29.402 16 INFO neutron.wsgi [-] 192.168.122.100 "GET /healthcheck HTTP/1.0" status: 200 len: 137 time: 0.0029008
2026-06-09 07:50:31.405 16 DEBUG neutron.wsgi [-] (16) accepted ('192.168.122.100', 37446) server /usr/lib/python3.9/site-packages/eventlet/wsgi.py:992
2026-06-09 07:50:31.408 16 INFO neutron.wsgi [-] 192.168.122.100 "GET /healthcheck HTTP/1.0" status: 200 len: 137 time: 0.0025117
2026-06-09 07:50:33.409 16 DEBUG neutron.wsgi [-] (16) accepted ('192.168.122.100', 37460) server /usr/lib/python3.9/site-packages/eventlet/wsgi.py:992
2026-06-09 07:50:33.413 16 INFO neutron.wsgi [-] 192.168.122.100 "GET /healthcheck HTTP/1.0" status: 200 len: 137 time: 0.0025911
2026-06-09 07:50:35.415 15 DEBUG neutron.wsgi [-] (15) accepted ('192.168.122.100', 45952) server /usr/lib/python3.9/site-packages/eventlet/wsgi.py:992
2026-06-09 07:50:35.419 15 INFO neutron.wsgi [-] 192.168.122.100 "GET /healthcheck HTTP/1.0" status: 200 len: 137 time: 0.0027735
2026-06-09 07:50:37.420 16 DEBUG neutron.wsgi [-] (16) accepted ('192.168.122.100', 45956) server /usr/lib/python3.9/site-packages/eventlet/wsgi.py:992
2026-06-09 07:50:37.424 16 INFO neutron.wsgi [-] 192.168.122.100 "GET /healthcheck HTTP/1.0" status: 200 len: 137 time: 0.0026579
2026-06-09 07:50:39.426 18 DEBUG neutron.wsgi [-] (18) accepted ('192.168.122.100', 45966) server /usr/lib/python3.9/site-packages/eventlet/wsgi.py:992
2026-06-09 07:50:39.429 18 INFO neutron.wsgi [-] 192.168.122.100 "GET /healthcheck HTTP/1.0" status: 200 len: 137 time: 0.0017183
2026-06-09 07:50:41.431 18 DEBUG neutron.wsgi [-] (18) accepted ('192.168.122.100', 45982) server /usr/lib/python3.9/site-packages/eventlet/wsgi.py:992
2026-06-09 07:50:41.435 18 INFO neutron.wsgi [-] 192.168.122.100 "GET /healthcheck HTTP/1.0" status: 200 len: 137 time: 0.0025496
2026-06-09 07:50:43.436 16 DEBUG neutron.wsgi [-] (16) accepted ('192.168.122.100', 45986) server /usr/lib/python3.9/site-packages/eventlet/wsgi.py:992
2026-06-09 07:50:43.440 16 INFO neutron.wsgi [-] 192.168.122.100 "GET /healthcheck HTTP/1.0" status: 200 len: 137 time: 0.0026100
2026-06-09 07:50:45.442 18 DEBUG neutron.wsgi [-] (18) accepted ('192.168.122.100', 41754) server /usr/lib/python3.9/site-packages/eventlet/wsgi.py:992
2026-06-09 07:50:45.444 18 INFO neutron.wsgi [-] 192.168.122.100 "GET /healthcheck HTTP/1.0" status: 200 len: 137 time: 0.0013225
2026-06-09 07:50:47.446 17 DEBUG neutron.wsgi [-] (17) accepted ('192.168.122.100', 41768) server /usr/lib/python3.9/site-packages/eventlet/wsgi.py:992
2026-06-09 07:50:47.450 17 INFO neutron.wsgi [-] 192.168.122.100 "GET /healthcheck HTTP/1.0" status: 200 len: 137 time: 0.0027127
2026-06-09 07:50:49.452 17 DEBUG neutron.wsgi [-] (17) accepted ('192.168.122.100', 41776) server /usr/lib/python3.9/site-packages/eventlet/wsgi.py:992
2026-06-09 07:50:49.456 17 INFO neutron.wsgi [-] 192.168.122.100 "GET /healthcheck HTTP/1.0" status: 200 len: 137 time: 0.0026031
2026-06-09 07:50:51.458 17 DEBUG neutron.wsgi [-] (17) accepted ('192.168.122.100', 41790) server /usr/lib/python3.9/site-packages/eventlet/wsgi.py:992
2026-06-09 07:50:51.462 17 INFO neutron.wsgi [-] 192.168.122.100 "GET /healthcheck HTTP/1.0" status: 200 len: 137 time: 0.0027645
2026-06-09 07:50:53.463 17 DEBUG neutron.wsgi [-] (17) accepted ('192.168.122.100', 41794) server /usr/lib/python3.9/site-packages/eventlet/wsgi.py:992
2026-06-09 07:50:53.467 17 INFO neutron.wsgi [-] 192.168.122.100 "GET /healthcheck HTTP/1.0" status: 200 len: 137 time: 0.0025730
2026-06-09 07:50:55.469 15 DEBUG neutron.wsgi [-] (15) accepted ('192.168.122.100', 39100) server /usr/lib/python3.9/site-packages/eventlet/wsgi.py:992
2026-06-09 07:50:55.472 15 INFO neutron.wsgi [-] 192.168.122.100 "GET /healthcheck HTTP/1.0" status: 200 len: 137 time: 0.0019007
2026-06-09 07:50:55.640 18 DEBUG neutron.wsgi [-] (18) accepted ('192.168.122.100', 39104) server /usr/lib/python3.9/site-packages/eventlet/wsgi.py:992
2026-06-09 07:50:55.642 18 INFO neutron.wsgi [-] 192.168.122.100 "GET / HTTP/1.1" status: 200 len: 233 time: 0.0012035
2026-06-09 07:50:57.474 17 DEBUG neutron.wsgi [-] (17) accepted ('192.168.122.100', 39116) server /usr/lib/python3.9/site-packages/eventlet/wsgi.py:992
2026-06-09 07:50:57.476 17 INFO neutron.wsgi [-] 192.168.122.100 "GET /healthcheck HTTP/1.0" status: 200 len: 137 time: 0.0013678
2026-06-09 07:50:59.479 17 DEBUG neutron.wsgi [-] (17) accepted ('192.168.122.100', 39122) server /usr/lib/python3.9/site-packages/eventlet/wsgi.py:992
2026-06-09 07:50:59.481 17 INFO neutron.wsgi [-] 192.168.122.100 "GET /healthcheck HTTP/1.0" status: 200 len: 137 time: 0.0018365
2026-06-09 07:51:01.483 16 DEBUG neutron.wsgi [-] (16) accepted ('192.168.122.100', 39126) server /usr/lib/python3.9/site-packages/eventlet/wsgi.py:992
2026-06-09 07:51:01.487 16 INFO neutron.wsgi [-] 192.168.122.100 "GET /healthcheck HTTP/1.0" status: 200 len: 137 time: 0.0027206
2026-06-09 07:51:03.489 18 DEBUG neutron.wsgi [-] (18) accepted ('192.168.122.100', 39132) server /usr/lib/python3.9/site-packages/eventlet/wsgi.py:992
2026-06-09 07:51:03.491 18 INFO neutron.wsgi [-] 192.168.122.100 "GET /healthcheck HTTP/1.0" status: 200 len: 137 time: 0.0013726
2026-06-09 07:51:05.493 16 DEBUG neutron.wsgi [-] (16) accepted ('192.168.122.100', 47318) server /usr/lib/python3.9/site-packages/eventlet/wsgi.py:992
2026-06-09 07:51:05.496 16 INFO neutron.wsgi [-] 192.168.122.100 "GET /healthcheck HTTP/1.0" status: 200 len: 137 time: 0.0024993
2026-06-09 07:51:07.498 15 DEBUG neutron.wsgi [-] (15) accepted ('192.168.122.100', 47322) server /usr/lib/python3.9/site-packages/eventlet/wsgi.py:992
2026-06-09 07:51:07.500 15 INFO neutron.wsgi [-] 192.168.122.100 "GET /healthcheck HTTP/1.0" status: 200 len: 137 time: 0.0013947
