2026-06-12 08:43:39.314 2 DEBUG oslo_service.service [-] ovn.fdb_age_threshold = 0 log_opt_values /usr/lib/python3.9/site-packages/oslo_config/cfg.py:2613
2026-06-12 08:43:39.314 2 DEBUG oslo_service.service [-] ovn.localnet_learn_fdb = False log_opt_values /usr/lib/python3.9/site-packages/oslo_config/cfg.py:2613
2026-06-12 08:43:39.314 2 DEBUG oslo_service.service [-] ovn.mac_binding_age_threshold = 0 log_opt_values /usr/lib/python3.9/site-packages/oslo_config/cfg.py:2613
2026-06-12 08:43:39.314 2 DEBUG oslo_service.service [-] ovn.neutron_sync_mode = log log_opt_values /usr/lib/python3.9/site-packages/oslo_config/cfg.py:2613
2026-06-12 08:43:39.314 2 DEBUG oslo_service.service [-] ovn.ovn_dhcp4_global_options = {} log_opt_values /usr/lib/python3.9/site-packages/oslo_config/cfg.py:2613
2026-06-12 08:43:39.315 2 DEBUG oslo_service.service [-] ovn.ovn_dhcp6_global_options = {} log_opt_values /usr/lib/python3.9/site-packages/oslo_config/cfg.py:2613
2026-06-12 08:43:39.315 2 DEBUG oslo_service.service [-] ovn.ovn_emit_need_to_frag = True log_opt_values /usr/lib/python3.9/site-packages/oslo_config/cfg.py:2613
2026-06-12 08:43:39.314 16 INFO ovsdbapp.backend.ovs_idl.vlog [req-7f4ad9fd-507e-499f-bd15-1f19c637748e - - - - -] ssl:172.17.0.103:6641: connecting...
2026-06-12 08:43:39.315 2 DEBUG oslo_service.service [-] ovn.ovn_l3_mode = True log_opt_values /usr/lib/python3.9/site-packages/oslo_config/cfg.py:2613
2026-06-12 08:43:39.315 2 DEBUG oslo_service.service [-] ovn.ovn_l3_scheduler = leastloaded log_opt_values /usr/lib/python3.9/site-packages/oslo_config/cfg.py:2613
2026-06-12 08:43:39.315 2 DEBUG oslo_service.service [-] ovn.ovn_metadata_enabled = True log_opt_values /usr/lib/python3.9/site-packages/oslo_config/cfg.py:2613
2026-06-12 08:43:39.315 2 DEBUG oslo_service.service [-] ovn.ovn_nb_ca_cert = /etc/ipa/ca.crt log_opt_values /usr/lib/python3.9/site-packages/oslo_config/cfg.py:2613
2026-06-12 08:43:39.315 2 DEBUG oslo_service.service [-] ovn.ovn_nb_certificate = /etc/pki/tls/certs/neutron_ovn.crt log_opt_values /usr/lib/python3.9/site-packages/oslo_config/cfg.py:2613
2026-06-12 08:43:39.315 2 DEBUG oslo_service.service [-] ovn.ovn_nb_connection = ssl:172.17.0.103:6641,ssl:172.17.0.104:6641,ssl:172.17.0.105:6641 log_opt_values /usr/lib/python3.9/site-packages/oslo_config/cfg.py:2613
2026-06-12 08:43:39.315 2 DEBUG oslo_service.service [-] ovn.ovn_nb_private_key = /etc/pki/tls/private/neutron_ovn.key log_opt_values /usr/lib/python3.9/site-packages/oslo_config/cfg.py:2613
2026-06-12 08:43:39.315 2 DEBUG oslo_service.service [-] ovn.ovn_router_indirect_snat = False log_opt_values /usr/lib/python3.9/site-packages/oslo_config/cfg.py:2613
2026-06-12 08:43:39.315 2 DEBUG oslo_service.service [-] ovn.ovn_sb_ca_cert = /etc/ipa/ca.crt log_opt_values /usr/lib/python3.9/site-packages/oslo_config/cfg.py:2613
2026-06-12 08:43:39.315 2 DEBUG oslo_service.service [-] ovn.ovn_sb_certificate = /etc/pki/tls/certs/neutron_ovn.crt log_opt_values /usr/lib/python3.9/site-packages/oslo_config/cfg.py:2613
2026-06-12 08:43:39.315 2 DEBUG oslo_service.service [-] ovn.ovn_sb_connection = ssl:172.17.0.103:6642,ssl:172.17.0.104:6642,ssl:172.17.0.105:6642 log_opt_values /usr/lib/python3.9/site-packages/oslo_config/cfg.py:2613
2026-06-12 08:43:39.315 2 DEBUG oslo_service.service [-] ovn.ovn_sb_private_key = /etc/pki/tls/private/neutron_ovn.key log_opt_values /usr/lib/python3.9/site-packages/oslo_config/cfg.py:2613
2026-06-12 08:43:39.315 2 DEBUG oslo_service.service [-] ovn.ovsdb_connection_timeout = 180 log_opt_values /usr/lib/python3.9/site-packages/oslo_config/cfg.py:2613
2026-06-12 08:43:39.315 2 DEBUG oslo_service.service [-] ovn.ovsdb_log_level = INFO log_opt_values /usr/lib/python3.9/site-packages/oslo_config/cfg.py:2613
2026-06-12 08:43:39.315 2 DEBUG oslo_service.service [-] ovn.ovsdb_probe_interval = 60000 log_opt_values /usr/lib/python3.9/site-packages/oslo_config/cfg.py:2613
2026-06-12 08:43:39.316 2 DEBUG oslo_service.service [-] ovn.ovsdb_retry_max_interval = 180 log_opt_values /usr/lib/python3.9/site-packages/oslo_config/cfg.py:2613
2026-06-12 08:43:39.316 2 DEBUG oslo_service.service [-] ovn.vhost_sock_dir = /var/run/openvswitch log_opt_values /usr/lib/python3.9/site-packages/oslo_config/cfg.py:2613
2026-06-12 08:43:39.316 2 DEBUG oslo_service.service [-] ovn.vif_type = ovs log_opt_values /usr/lib/python3.9/site-packages/oslo_config/cfg.py:2613
2026-06-12 08:43:39.316 2 DEBUG oslo_service.service [-] OVS.bridge_mac_table_size = 50000 log_opt_values /usr/lib/python3.9/site-packages/oslo_config/cfg.py:2613
2026-06-12 08:43:39.316 2 DEBUG oslo_service.service [-] OVS.igmp_snooping_enable = False log_opt_values /usr/lib/python3.9/site-packages/oslo_config/cfg.py:2613
2026-06-12 08:43:39.316 2 DEBUG oslo_service.service [-] OVS.ovsdb_timeout = 10 log_opt_values /usr/lib/python3.9/site-packages/oslo_config/cfg.py:2613
2026-06-12 08:43:39.316 2 DEBUG oslo_service.service [-] ovn_nb_global.fdb_removal_limit = 0 log_opt_values /usr/lib/python3.9/site-packages/oslo_config/cfg.py:2613
2026-06-12 08:43:39.316 20 INFO neutron.plugins.ml2.drivers.ovn.mech_driver.ovsdb.impl_idl_ovn [-] Getting OvsdbSbOvnIdl for MaintenanceWorker with retry
2026-06-12 08:43:39.316 2 DEBUG oslo_service.service [-] ovn_nb_global.ignore_lsp_down = False log_opt_values /usr/lib/python3.9/site-packages/oslo_config/cfg.py:2613
2026-06-12 08:43:39.316 2 DEBUG oslo_service.service [-] ovn_nb_global.mac_binding_removal_limit = 0 log_opt_values /usr/lib/python3.9/site-packages/oslo_config/cfg.py:2613
2026-06-12 08:43:39.316 2 DEBUG oslo_service.service [-] ******************************************************************************** log_opt_values /usr/lib/python3.9/site-packages/oslo_config/cfg.py:2617
2026-06-12 08:43:39.321 20 DEBUG ovsdbapp.backend.ovs_idl [-] Created lookup_table index Chassis.name autocreate_indices /usr/lib/python3.9/site-packages/ovsdbapp/backend/ovs_idl/__init__.py:109
2026-06-12 08:43:39.321 20 DEBUG ovsdbapp.backend.ovs_idl [-] Created schema index Chassis_Private.name autocreate_indices /usr/lib/python3.9/site-packages/ovsdbapp/backend/ovs_idl/__init__.py:128
2026-06-12 08:43:39.321 20 DEBUG ovsdbapp.backend.ovs_idl [-] Created schema index Datapath_Binding.tunnel_key autocreate_indices /usr/lib/python3.9/site-packages/ovsdbapp/backend/ovs_idl/__init__.py:128
2026-06-12 08:43:39.323 20 INFO ovsdbapp.backend.ovs_idl.vlog [-] ssl:172.17.0.105:6642: connecting...
2026-06-12 08:43:39.323 16 INFO ovsdbapp.backend.ovs_idl.vlog [req-7f4ad9fd-507e-499f-bd15-1f19c637748e - - - - -] ssl:172.17.0.103:6641: connected
2026-06-12 08:43:39.324 18 INFO ovsdbapp.backend.ovs_idl.vlog [req-2383aadc-6152-4554-a1ec-8c8d24efe25f - - - - -] ssl:172.17.0.105:6641: clustered database server is not cluster leader; trying another server
2026-06-12 08:43:39.325 18 INFO ovsdbapp.backend.ovs_idl.vlog [req-2383aadc-6152-4554-a1ec-8c8d24efe25f - - - - -] ssl:172.17.0.105:6641: connection closed by client
2026-06-12 08:43:39.328 18 INFO ovsdbapp.backend.ovs_idl.vlog [req-2383aadc-6152-4554-a1ec-8c8d24efe25f - - - - -] ssl:172.17.0.103:6641: connecting...
2026-06-12 08:43:39.333 18 INFO ovsdbapp.backend.ovs_idl.vlog [req-2383aadc-6152-4554-a1ec-8c8d24efe25f - - - - -] ssl:172.17.0.103:6641: connected
2026-06-12 08:43:39.336 20 INFO ovsdbapp.backend.ovs_idl.vlog [-] ssl:172.17.0.105:6642: connected
2026-06-12 08:43:39.343 16 DEBUG neutron.common.ovn.hash_ring_manager [req-7f4ad9fd-507e-499f-bd15-1f19c637748e - - - - -] Allow caching, nodes 1>=1 _wait_startup_before_caching /usr/lib/python3.9/site-packages/neutron/common/ovn/hash_ring_manager.py:64
2026-06-12 08:43:39.353 20 INFO neutron.plugins.ml2.drivers.ovn.mech_driver.ovsdb.extensions.qos [-] Starting OVNClientQosExtension
2026-06-12 08:43:39.354 20 INFO neutron.plugins.ml2.drivers.ovn.mech_driver.ovsdb.extensions.qos [-] Starting OVNClientQosExtension
2026-06-12 08:43:39.354 20 DEBUG neutron.plugins.ml2.drivers.ovn.mech_driver.ovsdb.maintenance [-] Schema aware periodic task found: DBInconsistenciesPeriodics.migrate_to_port_groups _set_schema_aware_periodics /usr/lib/python3.9/site-packages/neutron/plugins/ml2/drivers/ovn/mech_driver/ovsdb/maintenance.py:135
2026-06-12 08:43:39.354 20 DEBUG neutron.plugins.ml2.drivers.ovn.mech_driver.ovsdb.maintenance [-] Periodic task found: DBInconsistenciesPeriodics.add_vnic_type_and_pb_capabilities_to_lsp add_periodics /usr/lib/python3.9/site-packages/neutron/plugins/ml2/drivers/ovn/mech_driver/ovsdb/maintenance.py:74
2026-06-12 08:43:39.354 20 DEBUG neutron.plugins.ml2.drivers.ovn.mech_driver.ovsdb.maintenance [-] Periodic task found: DBInconsistenciesPeriodics.check_baremetal_ports_dhcp_options add_periodics /usr/lib/python3.9/site-packages/neutron/plugins/ml2/drivers/ovn/mech_driver/ovsdb/maintenance.py:74
2026-06-12 08:43:39.354 20 DEBUG neutron.plugins.ml2.drivers.ovn.mech_driver.ovsdb.maintenance [-] Periodic task found: DBInconsistenciesPeriodics.check_fair_meter_consistency add_periodics /usr/lib/python3.9/site-packages/neutron/plugins/ml2/drivers/ovn/mech_driver/ovsdb/maintenance.py:74
2026-06-12 08:43:39.354 20 DEBUG neutron.plugins.ml2.drivers.ovn.mech_driver.ovsdb.maintenance [-] Periodic task found: DBInconsistenciesPeriodics.check_fdb_aging_settings add_periodics /usr/lib/python3.9/site-packages/neutron/plugins/ml2/drivers/ovn/mech_driver/ovsdb/maintenance.py:74
2026-06-12 08:43:39.355 20 DEBUG neutron.plugins.ml2.drivers.ovn.mech_driver.ovsdb.maintenance [-] Periodic task found: DBInconsistenciesPeriodics.check_for_fragmentation_support add_periodics /usr/lib/python3.9/site-packages/neutron/plugins/ml2/drivers/ovn/mech_driver/ovsdb/maintenance.py:74
2026-06-12 08:43:39.355 20 DEBUG neutron.plugins.ml2.drivers.ovn.mech_driver.ovsdb.maintenance [-] Periodic task found: DBInconsistenciesPeriodics.check_for_ha_chassis_group add_periodics /usr/lib/python3.9/site-packages/neutron/plugins/ml2/drivers/ovn/mech_driver/ovsdb/maintenance.py:74
2026-06-12 08:43:39.355 20 DEBUG neutron.plugins.ml2.drivers.ovn.mech_driver.ovsdb.maintenance [-] Periodic task found: DBInconsistenciesPeriodics.check_for_igmp_snoop_support add_periodics /usr/lib/python3.9/site-packages/neutron/plugins/ml2/drivers/ovn/mech_driver/ovsdb/maintenance.py:74
2026-06-12 08:43:39.355 20 DEBUG neutron.plugins.ml2.drivers.ovn.mech_driver.ovsdb.maintenance [-] Periodic task found: DBInconsistenciesPeriodics.check_for_inconsistencies add_periodics /usr/lib/python3.9/site-packages/neutron/plugins/ml2/drivers/ovn/mech_driver/ovsdb/maintenance.py:74
2026-06-12 08:43:39.355 20 DEBUG neutron.plugins.ml2.drivers.ovn.mech_driver.ovsdb.maintenance [-] Periodic task found: DBInconsistenciesPeriodics.check_for_localnet_legacy_port_name add_periodics /usr/lib/python3.9/site-packages/neutron/plugins/ml2/drivers/ovn/mech_driver/ovsdb/maintenance.py:74
2026-06-12 08:43:39.355 20 DEBUG neutron.plugins.ml2.drivers.ovn.mech_driver.ovsdb.maintenance [-] Periodic task found: DBInconsistenciesPeriodics.check_for_mcast_flood_reports add_periodics /usr/lib/python3.9/site-packages/neutron/plugins/ml2/drivers/ovn/mech_driver/ovsdb/maintenance.py:74
2026-06-12 08:43:39.355 20 DEBUG neutron.plugins.ml2.drivers.ovn.mech_driver.ovsdb.maintenance [-] Periodic task found: DBInconsistenciesPeriodics.check_for_port_security_unknown_address add_periodics /usr/lib/python3.9/site-packages/neutron/plugins/ml2/drivers/ovn/mech_driver/ovsdb/maintenance.py:74
2026-06-12 08:43:39.355 20 DEBUG neutron.plugins.ml2.drivers.ovn.mech_driver.ovsdb.maintenance [-] Periodic task found: DBInconsistenciesPeriodics.check_global_dhcp_opts add_periodics /usr/lib/python3.9/site-packages/neutron/plugins/ml2/drivers/ovn/mech_driver/ovsdb/maintenance.py:74
2026-06-12 08:43:39.355 20 DEBUG neutron.plugins.ml2.drivers.ovn.mech_driver.ovsdb.maintenance [-] Periodic task found: DBInconsistenciesPeriodics.check_localnet_port_has_learn_fdb add_periodics /usr/lib/python3.9/site-packages/neutron/plugins/ml2/drivers/ovn/mech_driver/ovsdb/maintenance.py:74
2026-06-12 08:43:39.355 20 DEBUG neutron.plugins.ml2.drivers.ovn.mech_driver.ovsdb.maintenance [-] Periodic task found: DBInconsistenciesPeriodics.check_metadata_ports add_periodics /usr/lib/python3.9/site-packages/neutron/plugins/ml2/drivers/ovn/mech_driver/ovsdb/maintenance.py:74
2026-06-12 08:43:39.355 20 DEBUG neutron.plugins.ml2.drivers.ovn.mech_driver.ovsdb.maintenance [-] Periodic task found: DBInconsistenciesPeriodics.check_network_broadcast_arps_to_all_routers add_periodics /usr/lib/python3.9/site-packages/neutron/plugins/ml2/drivers/ovn/mech_driver/ovsdb/maintenance.py:74
2026-06-12 08:43:39.355 20 DEBUG neutron.plugins.ml2.drivers.ovn.mech_driver.ovsdb.maintenance [-] Periodic task found: DBInconsistenciesPeriodics.check_port_has_address_scope add_periodics /usr/lib/python3.9/site-packages/neutron/plugins/ml2/drivers/ovn/mech_driver/ovsdb/maintenance.py:74
2026-06-12 08:43:39.355 20 DEBUG neutron.plugins.ml2.drivers.ovn.mech_driver.ovsdb.maintenance [-] Periodic task found: DBInconsistenciesPeriodics.check_provider_distributed_ports add_periodics /usr/lib/python3.9/site-packages/neutron/plugins/ml2/drivers/ovn/mech_driver/ovsdb/maintenance.py:74
2026-06-12 08:43:39.355 20 DEBUG neutron.plugins.ml2.drivers.ovn.mech_driver.ovsdb.maintenance [-] Periodic task found: DBInconsistenciesPeriodics.check_redirect_type_router_gateway_ports add_periodics /usr/lib/python3.9/site-packages/neutron/plugins/ml2/drivers/ovn/mech_driver/ovsdb/maintenance.py:74
2026-06-12 08:43:39.356 20 DEBUG neutron.plugins.ml2.drivers.ovn.mech_driver.ovsdb.maintenance [-] Periodic task found: DBInconsistenciesPeriodics.check_router_mac_binding_options add_periodics /usr/lib/python3.9/site-packages/neutron/plugins/ml2/drivers/ovn/mech_driver/ovsdb/maintenance.py:74
2026-06-12 08:43:39.356 20 DEBUG neutron.plugins.ml2.drivers.ovn.mech_driver.ovsdb.maintenance [-] Periodic task found: DBInconsistenciesPeriodics.cleanup_old_hash_ring_nodes add_periodics /usr/lib/python3.9/site-packages/neutron/plugins/ml2/drivers/ovn/mech_driver/ovsdb/maintenance.py:74
2026-06-12 08:43:39.356 20 DEBUG neutron.plugins.ml2.drivers.ovn.mech_driver.ovsdb.maintenance [-] Periodic task found: DBInconsistenciesPeriodics.configure_nb_global add_periodics /usr/lib/python3.9/site-packages/neutron/plugins/ml2/drivers/ovn/mech_driver/ovsdb/maintenance.py:74
2026-06-12 08:43:39.356 20 DEBUG neutron.plugins.ml2.drivers.ovn.mech_driver.ovsdb.maintenance [-] Periodic task found: DBInconsistenciesPeriodics.create_router_extra_attributes_registers add_periodics /usr/lib/python3.9/site-packages/neutron/plugins/ml2/drivers/ovn/mech_driver/ovsdb/maintenance.py:74
2026-06-12 08:43:39.356 20 DEBUG neutron.plugins.ml2.drivers.ovn.mech_driver.ovsdb.maintenance [-] Periodic task found: DBInconsistenciesPeriodics.migrate_to_port_groups add_periodics /usr/lib/python3.9/site-packages/neutron/plugins/ml2/drivers/ovn/mech_driver/ovsdb/maintenance.py:74
2026-06-12 08:43:39.356 20 DEBUG neutron.plugins.ml2.drivers.ovn.mech_driver.ovsdb.maintenance [-] Periodic task found: DBInconsistenciesPeriodics.remove_duplicated_chassis_registers add_periodics /usr/lib/python3.9/site-packages/neutron/plugins/ml2/drivers/ovn/mech_driver/ovsdb/maintenance.py:74
2026-06-12 08:43:39.356 20 DEBUG neutron.plugins.ml2.drivers.ovn.mech_driver.ovsdb.maintenance [-] Periodic task found: DBInconsistenciesPeriodics.remove_invalid_gateway_chassis_from_unbound_lrp add_periodics /usr/lib/python3.9/site-packages/neutron/plugins/ml2/drivers/ovn/mech_driver/ovsdb/maintenance.py:74
2026-06-12 08:43:39.356 20 DEBUG neutron.plugins.ml2.drivers.ovn.mech_driver.ovsdb.maintenance [-] Periodic task found: DBInconsistenciesPeriodics.sync_metadata_ports add_periodics /usr/lib/python3.9/site-packages/neutron/plugins/ml2/drivers/ovn/mech_driver/ovsdb/maintenance.py:74
2026-06-12 08:43:39.356 20 DEBUG neutron.plugins.ml2.drivers.ovn.mech_driver.ovsdb.maintenance [-] Periodic task found: DBInconsistenciesPeriodics.update_logical_router_with_gateway_network_id add_periodics /usr/lib/python3.9/site-packages/neutron/plugins/ml2/drivers/ovn/mech_driver/ovsdb/maintenance.py:74
2026-06-12 08:43:39.356 20 DEBUG neutron.plugins.ml2.drivers.ovn.mech_driver.ovsdb.maintenance [-] Periodic task found: DBInconsistenciesPeriodics.update_mac_aging_settings add_periodics /usr/lib/python3.9/site-packages/neutron/plugins/ml2/drivers/ovn/mech_driver/ovsdb/maintenance.py:74
2026-06-12 08:43:39.356 20 DEBUG neutron.plugins.ml2.drivers.ovn.mech_driver.ovsdb.maintenance [-] Periodic task found: DBInconsistenciesPeriodics.update_port_qos_with_external_ids_reference add_periodics /usr/lib/python3.9/site-packages/neutron/plugins/ml2/drivers/ovn/mech_driver/ovsdb/maintenance.py:74
2026-06-12 08:43:39.356 20 DEBUG neutron.plugins.ml2.drivers.ovn.mech_driver.ovsdb.maintenance [-] Periodic task found: DBInconsistenciesPeriodics.update_port_virtual_type add_periodics /usr/lib/python3.9/site-packages/neutron/plugins/ml2/drivers/ovn/mech_driver/ovsdb/maintenance.py:74
2026-06-12 08:43:39.356 20 DEBUG neutron.plugins.ml2.drivers.ovn.mech_driver.ovsdb.maintenance [-] Periodic task found: DBInconsistenciesPeriodics.update_qos_fip_rule_priority add_periodics /usr/lib/python3.9/site-packages/neutron/plugins/ml2/drivers/ovn/mech_driver/ovsdb/maintenance.py:74
2026-06-12 08:43:39.360 20 DEBUG futurist.periodics [-] Submitting immediate callback 'neutron.plugins.ml2.drivers.ovn.mech_driver.ovsdb.maintenance.DBInconsistenciesPeriodics.add_vnic_type_and_pb_capabilities_to_lsp' _process_immediates /usr/lib/python3.9/site-packages/futurist/periodics.py:676
2026-06-12 08:43:39.360 16 DEBUG neutron.common.ovn.hash_ring_manager [req-7f4ad9fd-507e-499f-bd15-1f19c637748e - - - - -] Hash Ring loaded. 1 active nodes. 0 offline nodes _load_hash_ring /usr/lib/python3.9/site-packages/neutron/common/ovn/hash_ring_manager.py:99
2026-06-12 08:43:39.367 20 INFO neutron.plugins.ml2.drivers.ovn.mech_driver.mech_driver [-] Maintenance task thread has started
2026-06-12 08:43:39.367 20 INFO neutron.plugins.ml2.drivers.ovn.mech_driver.mech_driver [-] MaintenanceWorker process has finished the post initialization
2026-06-12 08:43:39.368 18 DEBUG neutron.common.ovn.hash_ring_manager [req-2383aadc-6152-4554-a1ec-8c8d24efe25f - - - - -] Allow caching, nodes 1>=1 _wait_startup_before_caching /usr/lib/python3.9/site-packages/neutron/common/ovn/hash_ring_manager.py:64
2026-06-12 08:43:39.385 18 DEBUG neutron.common.ovn.hash_ring_manager [req-2383aadc-6152-4554-a1ec-8c8d24efe25f - - - - -] Hash Ring loaded. 1 active nodes. 0 offline nodes _load_hash_ring /usr/lib/python3.9/site-packages/neutron/common/ovn/hash_ring_manager.py:99
2026-06-12 08:43:39.386 18 INFO neutron.plugins.ml2.drivers.ovn.mech_driver.ovsdb.impl_idl_ovn [req-2383aadc-6152-4554-a1ec-8c8d24efe25f - - - - -] Getting OvsdbSbOvnIdl for RpcWorker with retry
2026-06-12 08:43:39.393 16 DEBUG neutron.plugins.ml2.drivers.ovn.mech_driver.ovsdb.ovsdb_monitor [req-7f4ad9fd-507e-499f-bd15-1f19c637748e - - - - -] Hash Ring: Node 4162d5b0-22b5-408d-92c1-dfa430f231f2 (host: np0000071519.ooo.test) handling event "create" for row 3eef84c9-bdd9-4d25-a4ce-5353d1127a52 (table: NB_Global) notify /usr/lib/python3.9/site-packages/neutron/plugins/ml2/drivers/ovn/mech_driver/ovsdb/ovsdb_monitor.py:791
2026-06-12 08:43:39.393 16 DEBUG neutron.plugins.ml2.drivers.ovn.mech_driver.ovsdb.ovsdb_monitor [req-7f4ad9fd-507e-499f-bd15-1f19c637748e - - - - -] Hash Ring: Node 4162d5b0-22b5-408d-92c1-dfa430f231f2 (host: np0000071519.ooo.test) handling event "create" for row 87ff493c-b516-4738-bb0f-fb4a6d2ae58f (table: Connection) notify /usr/lib/python3.9/site-packages/neutron/plugins/ml2/drivers/ovn/mech_driver/ovsdb/ovsdb_monitor.py:791
2026-06-12 08:43:39.393 16 DEBUG neutron.plugins.ml2.drivers.ovn.mech_driver.ovsdb.ovsdb_monitor [req-7f4ad9fd-507e-499f-bd15-1f19c637748e - - - - -] Hash Ring: Node 4162d5b0-22b5-408d-92c1-dfa430f231f2 (host: np0000071519.ooo.test) handling event "create" for row 7095a46a-77b6-4f72-b1ed-5c73530dd3fb (table: Port_Group) notify /usr/lib/python3.9/site-packages/neutron/plugins/ml2/drivers/ovn/mech_driver/ovsdb/ovsdb_monitor.py:791
2026-06-12 08:43:39.393 16 DEBUG neutron.plugins.ml2.drivers.ovn.mech_driver.ovsdb.ovsdb_monitor [req-7f4ad9fd-507e-499f-bd15-1f19c637748e - - - - -] Hash Ring: Node 4162d5b0-22b5-408d-92c1-dfa430f231f2 (host: np0000071519.ooo.test) handling event "create" for row bdaf8323-a0f0-4122-8237-1da279257b83 (table: ACL) notify /usr/lib/python3.9/site-packages/neutron/plugins/ml2/drivers/ovn/mech_driver/ovsdb/ovsdb_monitor.py:791
2026-06-12 08:43:39.394 16 DEBUG neutron.plugins.ml2.drivers.ovn.mech_driver.ovsdb.ovsdb_monitor [req-7f4ad9fd-507e-499f-bd15-1f19c637748e - - - - -] Hash Ring: Node 4162d5b0-22b5-408d-92c1-dfa430f231f2 (host: np0000071519.ooo.test) handling event "create" for row d27e8431-5670-44c2-a4aa-44c0de0fe423 (table: ACL) notify /usr/lib/python3.9/site-packages/neutron/plugins/ml2/drivers/ovn/mech_driver/ovsdb/ovsdb_monitor.py:791
2026-06-12 08:43:39.394 20 DEBUG ovsdbapp.backend.ovs_idl.transaction [-] There are no commands to commit do_commit /usr/lib/python3.9/site-packages/ovsdbapp/backend/ovs_idl/transaction.py:78
2026-06-12 08:43:39.394 16 INFO neutron.plugins.ml2.drivers.ovn.mech_driver.ovsdb.impl_idl_ovn [req-7f4ad9fd-507e-499f-bd15-1f19c637748e - - - - -] Getting OvsdbSbOvnIdl for WorkerService with retry
2026-06-12 08:43:39.395 20 DEBUG futurist.periodics [req-4eb1cc7d-ad81-485f-b31f-6a5cafc76ef8 - - - - -] Periodic callback 'neutron.plugins.ml2.drivers.ovn.mech_driver.ovsdb.maintenance.DBInconsistenciesPeriodics.add_vnic_type_and_pb_capabilities_to_lsp' raised 'NeverAgain' exception, stopping any further execution of it. _on_done /usr/lib/python3.9/site-packages/futurist/periodics.py:713
2026-06-12 08:43:39.395 20 DEBUG futurist.periodics [req-4eb1cc7d-ad81-485f-b31f-6a5cafc76ef8 - - - - -] Submitting immediate callback 'neutron.plugins.ml2.drivers.ovn.mech_driver.ovsdb.maintenance.DBInconsistenciesPeriodics.check_baremetal_ports_dhcp_options' _process_immediates /usr/lib/python3.9/site-packages/futurist/periodics.py:676
2026-06-12 08:43:39.397 18 DEBUG ovsdbapp.backend.ovs_idl [req-2383aadc-6152-4554-a1ec-8c8d24efe25f - - - - -] Created lookup_table index Chassis.name autocreate_indices /usr/lib/python3.9/site-packages/ovsdbapp/backend/ovs_idl/__init__.py:109
2026-06-12 08:43:39.397 18 DEBUG ovsdbapp.backend.ovs_idl [req-2383aadc-6152-4554-a1ec-8c8d24efe25f - - - - -] Created schema index Chassis_Private.name autocreate_indices /usr/lib/python3.9/site-packages/ovsdbapp/backend/ovs_idl/__init__.py:128
2026-06-12 08:43:39.397 18 DEBUG ovsdbapp.backend.ovs_idl [req-2383aadc-6152-4554-a1ec-8c8d24efe25f - - - - -] Created schema index Datapath_Binding.tunnel_key autocreate_indices /usr/lib/python3.9/site-packages/ovsdbapp/backend/ovs_idl/__init__.py:128
2026-06-12 08:43:39.402 18 INFO ovsdbapp.backend.ovs_idl.vlog [req-2383aadc-6152-4554-a1ec-8c8d24efe25f - - - - -] ssl:172.17.0.104:6642: connecting...
2026-06-12 08:43:39.411 18 INFO ovsdbapp.backend.ovs_idl.vlog [req-2383aadc-6152-4554-a1ec-8c8d24efe25f - - - - -] ssl:172.17.0.104:6642: connected
2026-06-12 08:43:39.430 18 DEBUG neutron.common.ovn.hash_ring_manager [req-2383aadc-6152-4554-a1ec-8c8d24efe25f - - - - -] Allow caching, nodes 1>=1 _wait_startup_before_caching /usr/lib/python3.9/site-packages/neutron/common/ovn/hash_ring_manager.py:64
2026-06-12 08:43:39.431 16 DEBUG ovsdbapp.backend.ovs_idl [req-7f4ad9fd-507e-499f-bd15-1f19c637748e - - - - -] Created lookup_table index Chassis.name autocreate_indices /usr/lib/python3.9/site-packages/ovsdbapp/backend/ovs_idl/__init__.py:109
2026-06-12 08:43:39.431 16 DEBUG ovsdbapp.backend.ovs_idl [req-7f4ad9fd-507e-499f-bd15-1f19c637748e - - - - -] Created schema index Chassis_Private.name autocreate_indices /usr/lib/python3.9/site-packages/ovsdbapp/backend/ovs_idl/__init__.py:128
2026-06-12 08:43:39.432 16 DEBUG ovsdbapp.backend.ovs_idl [req-7f4ad9fd-507e-499f-bd15-1f19c637748e - - - - -] Created schema index Datapath_Binding.tunnel_key autocreate_indices /usr/lib/python3.9/site-packages/ovsdbapp/backend/ovs_idl/__init__.py:128
2026-06-12 08:43:39.439 18 DEBUG neutron.common.ovn.hash_ring_manager [req-2383aadc-6152-4554-a1ec-8c8d24efe25f - - - - -] Hash Ring loaded. 1 active nodes. 0 offline nodes _load_hash_ring /usr/lib/python3.9/site-packages/neutron/common/ovn/hash_ring_manager.py:99
2026-06-12 08:43:39.440 18 DEBUG neutron.plugins.ml2.drivers.ovn.mech_driver.ovsdb.ovsdb_monitor [req-2383aadc-6152-4554-a1ec-8c8d24efe25f - - - - -] ChassisAgentWriteEvent : Matched Chassis_Private, create, None None matches /usr/lib/python3.9/site-packages/neutron/plugins/ml2/drivers/ovn/mech_driver/ovsdb/ovsdb_monitor.py:61
2026-06-12 08:43:39.440 18 DEBUG neutron.plugins.ml2.drivers.ovn.mech_driver.ovsdb.ovsdb_monitor [req-2383aadc-6152-4554-a1ec-8c8d24efe25f - - - - -] ChassisAgentWriteEvent : Matched Chassis_Private, create, None None matches /usr/lib/python3.9/site-packages/neutron/plugins/ml2/drivers/ovn/mech_driver/ovsdb/ovsdb_monitor.py:61
2026-06-12 08:43:39.441 18 DEBUG neutron.plugins.ml2.drivers.ovn.mech_driver.ovsdb.ovsdb_monitor [req-2383aadc-6152-4554-a1ec-8c8d24efe25f - - - - -] ChassisAgentWriteEvent : Matched Chassis_Private, create, None None matches /usr/lib/python3.9/site-packages/neutron/plugins/ml2/drivers/ovn/mech_driver/ovsdb/ovsdb_monitor.py:61
2026-06-12 08:43:39.443 18 INFO neutron.plugins.ml2.drivers.ovn.mech_driver.mech_driver [req-2383aadc-6152-4554-a1ec-8c8d24efe25f - - - - -] RpcWorker process has finished the post initialization
2026-06-12 08:43:39.443 18 DEBUG neutron.plugins.ml2.plugin [req-2383aadc-6152-4554-a1ec-8c8d24efe25f - - - - -] neutron.plugins.ml2.plugin.Ml2Plugin method start_rpc_listeners called with arguments () {} wrapper /usr/lib/python3.9/site-packages/oslo_log/helpers.py:65
2026-06-12 08:43:39.443 16 INFO ovsdbapp.backend.ovs_idl.vlog [req-7f4ad9fd-507e-499f-bd15-1f19c637748e - - - - -] ssl:172.17.0.105:6642: connecting...
2026-06-12 08:43:39.463 16 INFO ovsdbapp.backend.ovs_idl.vlog [req-7f4ad9fd-507e-499f-bd15-1f19c637748e - - - - -] ssl:172.17.0.105:6642: connected
2026-06-12 08:43:39.474 16 DEBUG neutron.common.ovn.hash_ring_manager [req-7f4ad9fd-507e-499f-bd15-1f19c637748e - - - - -] Allow caching, nodes 1>=1 _wait_startup_before_caching /usr/lib/python3.9/site-packages/neutron/common/ovn/hash_ring_manager.py:64
2026-06-12 08:43:39.478 16 DEBUG neutron.common.ovn.hash_ring_manager [req-7f4ad9fd-507e-499f-bd15-1f19c637748e - - - - -] Hash Ring loaded. 1 active nodes. 0 offline nodes _load_hash_ring /usr/lib/python3.9/site-packages/neutron/common/ovn/hash_ring_manager.py:99
2026-06-12 08:43:39.480 16 DEBUG neutron.plugins.ml2.drivers.ovn.mech_driver.ovsdb.ovsdb_monitor [req-7f4ad9fd-507e-499f-bd15-1f19c637748e - - - - -] Hash Ring: Node 4162d5b0-22b5-408d-92c1-dfa430f231f2 (host: np0000071519.ooo.test) handling event "create" for row 5a5a69a9-4597-4332-a8e9-70093c3491e2 (table: Chassis) notify /usr/lib/python3.9/site-packages/neutron/plugins/ml2/drivers/ovn/mech_driver/ovsdb/ovsdb_monitor.py:791
2026-06-12 08:43:39.481 16 DEBUG neutron.plugins.ml2.drivers.ovn.mech_driver.ovsdb.ovsdb_monitor [req-7f4ad9fd-507e-499f-bd15-1f19c637748e - - - - -] Hash Ring: Node 4162d5b0-22b5-408d-92c1-dfa430f231f2 (host: np0000071519.ooo.test) handling event "create" for row 2b7278e4-2d1d-491b-b80d-bd27bc96e59b (table: Chassis) notify /usr/lib/python3.9/site-packages/neutron/plugins/ml2/drivers/ovn/mech_driver/ovsdb/ovsdb_monitor.py:791
2026-06-12 08:43:39.481 16 DEBUG neutron.plugins.ml2.drivers.ovn.mech_driver.ovsdb.ovsdb_monitor [req-7f4ad9fd-507e-499f-bd15-1f19c637748e - - - - -] Hash Ring: Node 4162d5b0-22b5-408d-92c1-dfa430f231f2 (host: np0000071519.ooo.test) handling event "create" for row 0a765218-8903-455d-b4cc-18966ad0bc40 (table: Chassis) notify /usr/lib/python3.9/site-packages/neutron/plugins/ml2/drivers/ovn/mech_driver/ovsdb/ovsdb_monitor.py:791
2026-06-12 08:43:39.482 16 DEBUG neutron.plugins.ml2.drivers.ovn.mech_driver.ovsdb.ovsdb_monitor [req-7f4ad9fd-507e-499f-bd15-1f19c637748e - - - - -] ChassisAgentWriteEvent : Matched Chassis_Private, create, None None matches /usr/lib/python3.9/site-packages/neutron/plugins/ml2/drivers/ovn/mech_driver/ovsdb/ovsdb_monitor.py:61
2026-06-12 08:43:39.482 16 DEBUG neutron.plugins.ml2.drivers.ovn.mech_driver.ovsdb.ovsdb_monitor [req-7f4ad9fd-507e-499f-bd15-1f19c637748e - - - - -] Hash Ring: Node 4162d5b0-22b5-408d-92c1-dfa430f231f2 (host: np0000071519.ooo.test) handling event "create" for row 1ce686e4-1c7f-4833-b57f-138f4262c5a1 (table: Chassis_Private) notify /usr/lib/python3.9/site-packages/neutron/plugins/ml2/drivers/ovn/mech_driver/ovsdb/ovsdb_monitor.py:791
2026-06-12 08:43:39.482 16 DEBUG neutron.plugins.ml2.drivers.ovn.mech_driver.ovsdb.ovsdb_monitor [req-7f4ad9fd-507e-499f-bd15-1f19c637748e - - - - -] ChassisAgentWriteEvent : Matched Chassis_Private, create, None None matches /usr/lib/python3.9/site-packages/neutron/plugins/ml2/drivers/ovn/mech_driver/ovsdb/ovsdb_monitor.py:61
2026-06-12 08:43:39.482 16 DEBUG neutron.plugins.ml2.drivers.ovn.mech_driver.ovsdb.ovsdb_monitor [req-7f4ad9fd-507e-499f-bd15-1f19c637748e - - - - -] Hash Ring: Node 4162d5b0-22b5-408d-92c1-dfa430f231f2 (host: np0000071519.ooo.test) handling event "create" for row 6b00faba-1b54-4a2c-a0f5-716e9a7a1d22 (table: Chassis_Private) notify /usr/lib/python3.9/site-packages/neutron/plugins/ml2/drivers/ovn/mech_driver/ovsdb/ovsdb_monitor.py:791
2026-06-12 08:43:39.482 16 DEBUG neutron.plugins.ml2.drivers.ovn.mech_driver.ovsdb.ovsdb_monitor [req-7f4ad9fd-507e-499f-bd15-1f19c637748e - - - - -] ChassisAgentWriteEvent : Matched Chassis_Private, create, None None matches /usr/lib/python3.9/site-packages/neutron/plugins/ml2/drivers/ovn/mech_driver/ovsdb/ovsdb_monitor.py:61
2026-06-12 08:43:39.482 20 DEBUG futurist.periodics [req-4eb1cc7d-ad81-485f-b31f-6a5cafc76ef8 - - - - -] Periodic callback 'neutron.plugins.ml2.drivers.ovn.mech_driver.ovsdb.maintenance.DBInconsistenciesPeriodics.check_baremetal_ports_dhcp_options' raised 'NeverAgain' exception, stopping any further execution of it. _on_done /usr/lib/python3.9/site-packages/futurist/periodics.py:713
2026-06-12 08:43:39.483 16 DEBUG neutron.plugins.ml2.drivers.ovn.mech_driver.ovsdb.ovsdb_monitor [req-7f4ad9fd-507e-499f-bd15-1f19c637748e - - - - -] Hash Ring: Node 4162d5b0-22b5-408d-92c1-dfa430f231f2 (host: np0000071519.ooo.test) handling event "create" for row c2db9c00-afa3-4c85-b41d-d1ae5b470c89 (table: Chassis_Private) notify /usr/lib/python3.9/site-packages/neutron/plugins/ml2/drivers/ovn/mech_driver/ovsdb/ovsdb_monitor.py:791
2026-06-12 08:43:39.483 20 DEBUG futurist.periodics [req-4eb1cc7d-ad81-485f-b31f-6a5cafc76ef8 - - - - -] Submitting immediate callback 'neutron.plugins.ml2.drivers.ovn.mech_driver.ovsdb.maintenance.DBInconsistenciesPeriodics.check_fair_meter_consistency' _process_immediates /usr/lib/python3.9/site-packages/futurist/periodics.py:676
2026-06-12 08:43:39.483 16 DEBUG neutron.plugins.ml2.drivers.ovn.mech_driver.ovsdb.ovsdb_monitor [req-7f4ad9fd-507e-499f-bd15-1f19c637748e - - - - -] Hash Ring: Node 4162d5b0-22b5-408d-92c1-dfa430f231f2 (host: np0000071519.ooo.test) handling event "create" for row 68207819-ff86-4185-92ba-e893202b6382 (table: Encap) notify /usr/lib/python3.9/site-packages/neutron/plugins/ml2/drivers/ovn/mech_driver/ovsdb/ovsdb_monitor.py:791
2026-06-12 08:43:39.483 20 DEBUG futurist.periodics [req-4eb1cc7d-ad81-485f-b31f-6a5cafc76ef8 - - - - -] Periodic callback 'neutron.plugins.ml2.drivers.ovn.mech_driver.ovsdb.maintenance.DBInconsistenciesPeriodics.check_fair_meter_consistency' raised 'NeverAgain' exception, stopping any further execution of it. _on_done /usr/lib/python3.9/site-packages/futurist/periodics.py:713
2026-06-12 08:43:39.483 20 DEBUG futurist.periodics [req-4eb1cc7d-ad81-485f-b31f-6a5cafc76ef8 - - - - -] Submitting immediate callback 'neutron.plugins.ml2.drivers.ovn.mech_driver.ovsdb.maintenance.DBInconsistenciesPeriodics.check_fdb_aging_settings' _process_immediates /usr/lib/python3.9/site-packages/futurist/periodics.py:676
2026-06-12 08:43:39.483 16 DEBUG neutron.plugins.ml2.drivers.ovn.mech_driver.ovsdb.ovsdb_monitor [req-7f4ad9fd-507e-499f-bd15-1f19c637748e - - - - -] Hash Ring: Node 4162d5b0-22b5-408d-92c1-dfa430f231f2 (host: np0000071519.ooo.test) handling event "create" for row 8ca970fd-0551-431b-90e8-0a9d8e8a1548 (table: Encap) notify /usr/lib/python3.9/site-packages/neutron/plugins/ml2/drivers/ovn/mech_driver/ovsdb/ovsdb_monitor.py:791
2026-06-12 08:43:39.484 16 DEBUG neutron.plugins.ml2.drivers.ovn.mech_driver.ovsdb.ovsdb_monitor [req-7f4ad9fd-507e-499f-bd15-1f19c637748e - - - - -] Hash Ring: Node 4162d5b0-22b5-408d-92c1-dfa430f231f2 (host: np0000071519.ooo.test) handling event "create" for row b34db00d-a842-4098-9cb5-62b79be12987 (table: Encap) notify /usr/lib/python3.9/site-packages/neutron/plugins/ml2/drivers/ovn/mech_driver/ovsdb/ovsdb_monitor.py:791
2026-06-12 08:43:39.486 16 INFO neutron.plugins.ml2.drivers.ovn.mech_driver.mech_driver [req-7f4ad9fd-507e-499f-bd15-1f19c637748e - - - - -] WorkerService process has finished the post initialization
2026-06-12 08:43:39.486 16 INFO neutron.wsgi [-] (16) wsgi starting up on http://[::1]:9696
2026-06-12 08:43:39.511 20 DEBUG ovsdbapp.backend.ovs_idl.transaction [-] Running txn n=1 command(idx=0): DbSetCommand(_result=None, table=NB_Global, record=., col_values=dict_items([('options', {'fdb_removal_limit': '0'})]), if_exists=True) do_commit /usr/lib/python3.9/site-packages/ovsdbapp/backend/ovs_idl/transaction.py:89
2026-06-12 08:43:39.518 16 DEBUG neutron.plugins.ml2.drivers.ovn.mech_driver.ovsdb.ovsdb_monitor [-] Hash Ring: Node 4162d5b0-22b5-408d-92c1-dfa430f231f2 (host: np0000071519.ooo.test) handling event "update" for row 3eef84c9-bdd9-4d25-a4ce-5353d1127a52 (table: NB_Global) notify /usr/lib/python3.9/site-packages/neutron/plugins/ml2/drivers/ovn/mech_driver/ovsdb/ovsdb_monitor.py:791
2026-06-12 08:43:39.519 20 DEBUG futurist.periodics [req-4eb1cc7d-ad81-485f-b31f-6a5cafc76ef8 - - - - -] Periodic callback 'neutron.plugins.ml2.drivers.ovn.mech_driver.ovsdb.maintenance.DBInconsistenciesPeriodics.check_fdb_aging_settings' raised 'NeverAgain' exception, stopping any further execution of it. _on_done /usr/lib/python3.9/site-packages/futurist/periodics.py:713
2026-06-12 08:43:39.520 20 DEBUG futurist.periodics [req-4eb1cc7d-ad81-485f-b31f-6a5cafc76ef8 - - - - -] Submitting immediate callback 'neutron.plugins.ml2.drivers.ovn.mech_driver.ovsdb.maintenance.DBInconsistenciesPeriodics.check_for_fragmentation_support' _process_immediates /usr/lib/python3.9/site-packages/futurist/periodics.py:676
2026-06-12 08:43:39.530 20 DEBUG futurist.periodics [req-4eb1cc7d-ad81-485f-b31f-6a5cafc76ef8 - - - - -] Periodic callback 'neutron.plugins.ml2.drivers.ovn.mech_driver.ovsdb.maintenance.DBInconsistenciesPeriodics.check_for_fragmentation_support' raised 'NeverAgain' exception, stopping any further execution of it. _on_done /usr/lib/python3.9/site-packages/futurist/periodics.py:713
2026-06-12 08:43:39.530 20 DEBUG futurist.periodics [req-4eb1cc7d-ad81-485f-b31f-6a5cafc76ef8 - - - - -] Submitting immediate callback 'neutron.plugins.ml2.drivers.ovn.mech_driver.ovsdb.maintenance.DBInconsistenciesPeriodics.check_for_ha_chassis_group' _process_immediates /usr/lib/python3.9/site-packages/futurist/periodics.py:676
2026-06-12 08:43:39.531 20 DEBUG ovsdbapp.backend.ovs_idl.transaction [-] Running txn n=1 command(idx=0): HAChassisGroupDelCommand(_result=None, name=default_ha_chassis_group, if_exists=True) do_commit /usr/lib/python3.9/site-packages/ovsdbapp/backend/ovs_idl/transaction.py:89
2026-06-12 08:43:39.531 20 DEBUG ovsdbapp.backend.ovs_idl.transaction [-] Transaction caused no change do_commit /usr/lib/python3.9/site-packages/ovsdbapp/backend/ovs_idl/transaction.py:129
2026-06-12 08:43:39.531 20 DEBUG futurist.periodics [req-4eb1cc7d-ad81-485f-b31f-6a5cafc76ef8 - - - - -] Periodic callback 'neutron.plugins.ml2.drivers.ovn.mech_driver.ovsdb.maintenance.DBInconsistenciesPeriodics.check_for_ha_chassis_group' raised 'NeverAgain' exception, stopping any further execution of it. _on_done /usr/lib/python3.9/site-packages/futurist/periodics.py:713
2026-06-12 08:43:39.531 20 DEBUG futurist.periodics [req-4eb1cc7d-ad81-485f-b31f-6a5cafc76ef8 - - - - -] Submitting immediate callback 'neutron.plugins.ml2.drivers.ovn.mech_driver.ovsdb.maintenance.DBInconsistenciesPeriodics.check_for_igmp_snoop_support' _process_immediates /usr/lib/python3.9/site-packages/futurist/periodics.py:676
2026-06-12 08:43:39.531 20 DEBUG ovsdbapp.backend.ovs_idl.transaction [-] There are no commands to commit do_commit /usr/lib/python3.9/site-packages/ovsdbapp/backend/ovs_idl/transaction.py:78
2026-06-12 08:43:39.532 20 DEBUG futurist.periodics [req-4eb1cc7d-ad81-485f-b31f-6a5cafc76ef8 - - - - -] Periodic callback 'neutron.plugins.ml2.drivers.ovn.mech_driver.ovsdb.maintenance.DBInconsistenciesPeriodics.check_for_igmp_snoop_support' raised 'NeverAgain' exception, stopping any further execution of it. _on_done /usr/lib/python3.9/site-packages/futurist/periodics.py:713
2026-06-12 08:43:39.532 20 DEBUG futurist.periodics [req-4eb1cc7d-ad81-485f-b31f-6a5cafc76ef8 - - - - -] Submitting immediate callback 'neutron.plugins.ml2.drivers.ovn.mech_driver.ovsdb.maintenance.DBInconsistenciesPeriodics.check_for_inconsistencies' _process_immediates /usr/lib/python3.9/site-packages/futurist/periodics.py:676
2026-06-12 08:43:39.538 20 DEBUG neutron.plugins.ml2.drivers.ovn.mech_driver.ovsdb.maintenance [req-4eb1cc7d-ad81-485f-b31f-6a5cafc76ef8 - - - - -] Maintenance task: No inconsistencies found. Skipping check_for_inconsistencies /usr/lib/python3.9/site-packages/neutron/plugins/ml2/drivers/ovn/mech_driver/ovsdb/maintenance.py:363
2026-06-12 08:43:39.538 20 DEBUG futurist.periodics [req-4eb1cc7d-ad81-485f-b31f-6a5cafc76ef8 - - - - -] Submitting immediate callback 'neutron.plugins.ml2.drivers.ovn.mech_driver.ovsdb.maintenance.DBInconsistenciesPeriodics.check_for_localnet_legacy_port_name' _process_immediates /usr/lib/python3.9/site-packages/futurist/periodics.py:676
2026-06-12 08:43:39.539 20 DEBUG futurist.periodics [req-4eb1cc7d-ad81-485f-b31f-6a5cafc76ef8 - - - - -] Periodic callback 'neutron.plugins.ml2.drivers.ovn.mech_driver.ovsdb.maintenance.DBInconsistenciesPeriodics.check_for_localnet_legacy_port_name' raised 'NeverAgain' exception, stopping any further execution of it. _on_done /usr/lib/python3.9/site-packages/futurist/periodics.py:713
2026-06-12 08:43:39.539 20 DEBUG futurist.periodics [req-4eb1cc7d-ad81-485f-b31f-6a5cafc76ef8 - - - - -] Submitting immediate callback 'neutron.plugins.ml2.drivers.ovn.mech_driver.ovsdb.maintenance.DBInconsistenciesPeriodics.check_for_mcast_flood_reports' _process_immediates /usr/lib/python3.9/site-packages/futurist/periodics.py:676
2026-06-12 08:43:39.539 20 DEBUG futurist.periodics [req-4eb1cc7d-ad81-485f-b31f-6a5cafc76ef8 - - - - -] Periodic callback 'neutron.plugins.ml2.drivers.ovn.mech_driver.ovsdb.maintenance.DBInconsistenciesPeriodics.check_for_mcast_flood_reports' raised 'NeverAgain' exception, stopping any further execution of it. _on_done /usr/lib/python3.9/site-packages/futurist/periodics.py:713
2026-06-12 08:43:39.539 20 DEBUG futurist.periodics [req-4eb1cc7d-ad81-485f-b31f-6a5cafc76ef8 - - - - -] Submitting immediate callback 'neutron.plugins.ml2.drivers.ovn.mech_driver.ovsdb.maintenance.DBInconsistenciesPeriodics.check_for_port_security_unknown_address' _process_immediates /usr/lib/python3.9/site-packages/futurist/periodics.py:676
2026-06-12 08:43:39.539 20 DEBUG futurist.periodics [req-4eb1cc7d-ad81-485f-b31f-6a5cafc76ef8 - - - - -] Periodic callback 'neutron.plugins.ml2.drivers.ovn.mech_driver.ovsdb.maintenance.DBInconsistenciesPeriodics.check_for_port_security_unknown_address' raised 'NeverAgain' exception, stopping any further execution of it. _on_done /usr/lib/python3.9/site-packages/futurist/periodics.py:713
2026-06-12 08:43:39.539 20 DEBUG futurist.periodics [req-4eb1cc7d-ad81-485f-b31f-6a5cafc76ef8 - - - - -] Submitting immediate callback 'neutron.plugins.ml2.drivers.ovn.mech_driver.ovsdb.maintenance.DBInconsistenciesPeriodics.check_global_dhcp_opts' _process_immediates /usr/lib/python3.9/site-packages/futurist/periodics.py:676
2026-06-12 08:43:39.540 20 DEBUG futurist.periodics [req-4eb1cc7d-ad81-485f-b31f-6a5cafc76ef8 - - - - -] Periodic callback 'neutron.plugins.ml2.drivers.ovn.mech_driver.ovsdb.maintenance.DBInconsistenciesPeriodics.check_global_dhcp_opts' raised 'NeverAgain' exception, stopping any further execution of it. _on_done /usr/lib/python3.9/site-packages/futurist/periodics.py:713
2026-06-12 08:43:39.540 20 DEBUG futurist.periodics [req-4eb1cc7d-ad81-485f-b31f-6a5cafc76ef8 - - - - -] Submitting immediate callback 'neutron.plugins.ml2.drivers.ovn.mech_driver.ovsdb.maintenance.DBInconsistenciesPeriodics.check_localnet_port_has_learn_fdb' _process_immediates /usr/lib/python3.9/site-packages/futurist/periodics.py:676
2026-06-12 08:43:39.540 20 DEBUG ovsdbapp.backend.ovs_idl.transaction [-] There are no commands to commit do_commit /usr/lib/python3.9/site-packages/ovsdbapp/backend/ovs_idl/transaction.py:78
2026-06-12 08:43:39.540 20 DEBUG futurist.periodics [req-4eb1cc7d-ad81-485f-b31f-6a5cafc76ef8 - - - - -] Periodic callback 'neutron.plugins.ml2.drivers.ovn.mech_driver.ovsdb.maintenance.DBInconsistenciesPeriodics.check_localnet_port_has_learn_fdb' raised 'NeverAgain' exception, stopping any further execution of it. _on_done /usr/lib/python3.9/site-packages/futurist/periodics.py:713
2026-06-12 08:43:39.540 20 DEBUG futurist.periodics [req-4eb1cc7d-ad81-485f-b31f-6a5cafc76ef8 - - - - -] Submitting immediate callback 'neutron.plugins.ml2.drivers.ovn.mech_driver.ovsdb.maintenance.DBInconsistenciesPeriodics.check_metadata_ports' _process_immediates /usr/lib/python3.9/site-packages/futurist/periodics.py:676
2026-06-12 08:43:39.547 20 DEBUG futurist.periodics [req-4eb1cc7d-ad81-485f-b31f-6a5cafc76ef8 - - - - -] Periodic callback 'neutron.plugins.ml2.drivers.ovn.mech_driver.ovsdb.maintenance.DBInconsistenciesPeriodics.check_metadata_ports' raised 'NeverAgain' exception, stopping any further execution of it. _on_done /usr/lib/python3.9/site-packages/futurist/periodics.py:713
2026-06-12 08:43:39.548 20 DEBUG futurist.periodics [req-4eb1cc7d-ad81-485f-b31f-6a5cafc76ef8 - - - - -] Submitting immediate callback 'neutron.plugins.ml2.drivers.ovn.mech_driver.ovsdb.maintenance.DBInconsistenciesPeriodics.check_network_broadcast_arps_to_all_routers' _process_immediates /usr/lib/python3.9/site-packages/futurist/periodics.py:676
2026-06-12 08:43:39.555 20 DEBUG futurist.periodics [req-4eb1cc7d-ad81-485f-b31f-6a5cafc76ef8 - - - - -] Periodic callback 'neutron.plugins.ml2.drivers.ovn.mech_driver.ovsdb.maintenance.DBInconsistenciesPeriodics.check_network_broadcast_arps_to_all_routers' raised 'NeverAgain' exception, stopping any further execution of it. _on_done /usr/lib/python3.9/site-packages/futurist/periodics.py:713
2026-06-12 08:43:39.555 20 DEBUG futurist.periodics [req-4eb1cc7d-ad81-485f-b31f-6a5cafc76ef8 - - - - -] Submitting immediate callback 'neutron.plugins.ml2.drivers.ovn.mech_driver.ovsdb.maintenance.DBInconsistenciesPeriodics.check_port_has_address_scope' _process_immediates /usr/lib/python3.9/site-packages/futurist/periodics.py:676
2026-06-12 08:43:39.555 20 DEBUG ovsdbapp.backend.ovs_idl.transaction [-] There are no commands to commit do_commit /usr/lib/python3.9/site-packages/ovsdbapp/backend/ovs_idl/transaction.py:78
2026-06-12 08:43:39.556 20 DEBUG futurist.periodics [req-4eb1cc7d-ad81-485f-b31f-6a5cafc76ef8 - - - - -] Periodic callback 'neutron.plugins.ml2.drivers.ovn.mech_driver.ovsdb.maintenance.DBInconsistenciesPeriodics.check_port_has_address_scope' raised 'NeverAgain' exception, stopping any further execution of it. _on_done /usr/lib/python3.9/site-packages/futurist/periodics.py:713
2026-06-12 08:43:39.556 20 DEBUG futurist.periodics [req-4eb1cc7d-ad81-485f-b31f-6a5cafc76ef8 - - - - -] Submitting immediate callback 'neutron.plugins.ml2.drivers.ovn.mech_driver.ovsdb.maintenance.DBInconsistenciesPeriodics.check_provider_distributed_ports' _process_immediates /usr/lib/python3.9/site-packages/futurist/periodics.py:676
2026-06-12 08:43:39.581 20 DEBUG futurist.periodics [req-4eb1cc7d-ad81-485f-b31f-6a5cafc76ef8 - - - - -] Periodic callback 'neutron.plugins.ml2.drivers.ovn.mech_driver.ovsdb.maintenance.DBInconsistenciesPeriodics.check_provider_distributed_ports' raised 'NeverAgain' exception, stopping any further execution of it. _on_done /usr/lib/python3.9/site-packages/futurist/periodics.py:713
2026-06-12 08:43:39.581 20 DEBUG futurist.periodics [req-4eb1cc7d-ad81-485f-b31f-6a5cafc76ef8 - - - - -] Submitting immediate callback 'neutron.plugins.ml2.drivers.ovn.mech_driver.ovsdb.maintenance.DBInconsistenciesPeriodics.check_redirect_type_router_gateway_ports' _process_immediates /usr/lib/python3.9/site-packages/futurist/periodics.py:676
2026-06-12 08:43:39.597 20 DEBUG futurist.periodics [req-4eb1cc7d-ad81-485f-b31f-6a5cafc76ef8 - - - - -] Periodic callback 'neutron.plugins.ml2.drivers.ovn.mech_driver.ovsdb.maintenance.DBInconsistenciesPeriodics.check_redirect_type_router_gateway_ports' raised 'NeverAgain' exception, stopping any further execution of it. _on_done /usr/lib/python3.9/site-packages/futurist/periodics.py:713
2026-06-12 08:43:39.597 20 DEBUG futurist.periodics [req-4eb1cc7d-ad81-485f-b31f-6a5cafc76ef8 - - - - -] Submitting immediate callback 'neutron.plugins.ml2.drivers.ovn.mech_driver.ovsdb.maintenance.DBInconsistenciesPeriodics.check_router_mac_binding_options' _process_immediates /usr/lib/python3.9/site-packages/futurist/periodics.py:676
2026-06-12 08:43:39.598 20 DEBUG futurist.periodics [req-4eb1cc7d-ad81-485f-b31f-6a5cafc76ef8 - - - - -] Periodic callback 'neutron.plugins.ml2.drivers.ovn.mech_driver.ovsdb.maintenance.DBInconsistenciesPeriodics.check_router_mac_binding_options' raised 'NeverAgain' exception, stopping any further execution of it. _on_done /usr/lib/python3.9/site-packages/futurist/periodics.py:713
2026-06-12 08:43:39.598 20 DEBUG futurist.periodics [req-4eb1cc7d-ad81-485f-b31f-6a5cafc76ef8 - - - - -] Submitting immediate callback 'neutron.plugins.ml2.drivers.ovn.mech_driver.ovsdb.maintenance.DBInconsistenciesPeriodics.cleanup_old_hash_ring_nodes' _process_immediates /usr/lib/python3.9/site-packages/futurist/periodics.py:676
2026-06-12 08:43:39.600 20 INFO neutron.db.ovn_hash_ring_db [req-4eb1cc7d-ad81-485f-b31f-6a5cafc76ef8 - - - - -] Cleaned up Hash Ring nodes older than 5 days
2026-06-12 08:43:39.600 20 DEBUG futurist.periodics [req-4eb1cc7d-ad81-485f-b31f-6a5cafc76ef8 - - - - -] Submitting immediate callback 'neutron.plugins.ml2.drivers.ovn.mech_driver.ovsdb.maintenance.DBInconsistenciesPeriodics.configure_nb_global' _process_immediates /usr/lib/python3.9/site-packages/futurist/periodics.py:676
2026-06-12 08:43:39.600 20 DEBUG neutron.plugins.ml2.drivers.ovn.mech_driver.ovsdb.impl_idl_ovn [req-4eb1cc7d-ad81-485f-b31f-6a5cafc76ef8 - - - - -] Setting NB_Global options: {'ignore_lsp_down': 'false', 'mac_binding_removal_limit': '0', 'fdb_removal_limit': '0'} set_nb_global_options /usr/lib/python3.9/site-packages/neutron/plugins/ml2/drivers/ovn/mech_driver/ovsdb/impl_idl_ovn.py:854
2026-06-12 08:43:39.601 20 DEBUG ovsdbapp.backend.ovs_idl.transaction [-] Running txn n=1 command(idx=0): DbSetCommand(_result=None, table=NB_Global, record=., col_values=dict_items([('options', {'ignore_lsp_down': 'false', 'mac_binding_removal_limit': '0', 'fdb_removal_limit': '0'})]), if_exists=True) do_commit /usr/lib/python3.9/site-packages/ovsdbapp/backend/ovs_idl/transaction.py:89
2026-06-12 08:43:39.605 16 DEBUG neutron.plugins.ml2.drivers.ovn.mech_driver.ovsdb.ovsdb_monitor [-] Hash Ring: Node 4162d5b0-22b5-408d-92c1-dfa430f231f2 (host: np0000071519.ooo.test) handling event "update" for row 3eef84c9-bdd9-4d25-a4ce-5353d1127a52 (table: NB_Global) notify /usr/lib/python3.9/site-packages/neutron/plugins/ml2/drivers/ovn/mech_driver/ovsdb/ovsdb_monitor.py:791
2026-06-12 08:43:39.608 20 DEBUG futurist.periodics [req-4eb1cc7d-ad81-485f-b31f-6a5cafc76ef8 - - - - -] Periodic callback 'neutron.plugins.ml2.drivers.ovn.mech_driver.ovsdb.maintenance.DBInconsistenciesPeriodics.configure_nb_global' raised 'NeverAgain' exception, stopping any further execution of it. _on_done /usr/lib/python3.9/site-packages/futurist/periodics.py:713
2026-06-12 08:43:39.608 20 DEBUG futurist.periodics [req-4eb1cc7d-ad81-485f-b31f-6a5cafc76ef8 - - - - -] Submitting immediate callback 'neutron.plugins.ml2.drivers.ovn.mech_driver.ovsdb.maintenance.DBInconsistenciesPeriodics.create_router_extra_attributes_registers' _process_immediates /usr/lib/python3.9/site-packages/futurist/periodics.py:676
2026-06-12 08:43:39.638 20 DEBUG futurist.periodics [req-4eb1cc7d-ad81-485f-b31f-6a5cafc76ef8 - - - - -] Periodic callback 'neutron.plugins.ml2.drivers.ovn.mech_driver.ovsdb.maintenance.DBInconsistenciesPeriodics.create_router_extra_attributes_registers' raised 'NeverAgain' exception, stopping any further execution of it. _on_done /usr/lib/python3.9/site-packages/futurist/periodics.py:713
2026-06-12 08:43:39.638 20 DEBUG futurist.periodics [req-4eb1cc7d-ad81-485f-b31f-6a5cafc76ef8 - - - - -] Submitting immediate callback 'neutron.plugins.ml2.drivers.ovn.mech_driver.ovsdb.maintenance.DBInconsistenciesPeriodics.migrate_to_port_groups' _process_immediates /usr/lib/python3.9/site-packages/futurist/periodics.py:676
