2026-06-12 08:14:20.151 15 DEBUG neutron.pecan_wsgi.hooks.quota_enforcement [req-93186a68-e5f6-49c2-8063-623dfa278494 fecf2c20f8ec48c4b6d3e792c6433b4e 3391102c2fa3465bacb426765dc7bb6c - default default] Made reservation on behalf of 3391102c2fa3465bacb426765dc7bb6c for: {'port': 1} before /usr/lib/python3.9/site-packages/neutron/pecan_wsgi/hooks/quota_enforcement.py:53
2026-06-12 08:14:20.152 15 DEBUG neutron_lib.callbacks.manager [req-93186a68-e5f6-49c2-8063-623dfa278494 fecf2c20f8ec48c4b6d3e792c6433b4e 3391102c2fa3465bacb426765dc7bb6c - default default] Notify callbacks ['neutron.plugins.ml2.plugin.SecurityGroupDbMixin._ensure_default_security_group_handler-1672458'] for port, before_create _notify_loop /usr/lib/python3.9/site-packages/neutron_lib/callbacks/manager.py:200
2026-06-12 08:14:20.152 16 DEBUG neutron_lib.callbacks.manager [req-f259c574-e7a4-4c07-9fc5-fb45a02af031 fecf2c20f8ec48c4b6d3e792c6433b4e 3391102c2fa3465bacb426765dc7bb6c - default default] Notify callbacks ['neutron.plugins.ml2.plugin.SecurityGroupDbMixin._ensure_default_security_group_handler-1672458'] for port, before_create _notify_loop /usr/lib/python3.9/site-packages/neutron_lib/callbacks/manager.py:200
2026-06-12 08:14:20.152 17 DEBUG neutron.api.v2.base [req-9f24ac14-a01c-4c2a-bddb-1f3151316d78 fecf2c20f8ec48c4b6d3e792c6433b4e 3391102c2fa3465bacb426765dc7bb6c - default default] Request body: {'port': {'dns_name': 'np0000071523', 'name': 'np0000071523_ovn_physnet_datacentre', 'network_id': 'e3887976-1631-48fe-957c-05e3c4fac5f0'}} prepare_request_body /usr/lib/python3.9/site-packages/neutron/api/v2/base.py:729
2026-06-12 08:14:20.162 17 DEBUG neutron.pecan_wsgi.hooks.quota_enforcement [req-9f24ac14-a01c-4c2a-bddb-1f3151316d78 fecf2c20f8ec48c4b6d3e792c6433b4e 3391102c2fa3465bacb426765dc7bb6c - default default] Made reservation on behalf of 3391102c2fa3465bacb426765dc7bb6c for: {'port': 1} before /usr/lib/python3.9/site-packages/neutron/pecan_wsgi/hooks/quota_enforcement.py:53
2026-06-12 08:14:20.164 17 DEBUG neutron_lib.callbacks.manager [req-9f24ac14-a01c-4c2a-bddb-1f3151316d78 fecf2c20f8ec48c4b6d3e792c6433b4e 3391102c2fa3465bacb426765dc7bb6c - default default] Notify callbacks ['neutron.plugins.ml2.plugin.SecurityGroupDbMixin._ensure_default_security_group_handler-1672458'] for port, before_create _notify_loop /usr/lib/python3.9/site-packages/neutron_lib/callbacks/manager.py:200
2026-06-12 08:14:20.168 15 DEBUG neutron.notifiers.nova [req-93186a68-e5f6-49c2-8063-623dfa278494 fecf2c20f8ec48c4b6d3e792c6433b4e 3391102c2fa3465bacb426765dc7bb6c - default default] device_id is not set on port 0d2b4d4f-016b-4469-a9eb-ad835d819980 yet. _can_notify /usr/lib/python3.9/site-packages/neutron/notifiers/nova.py:201
2026-06-12 08:14:20.174 16 DEBUG neutron.notifiers.nova [req-f259c574-e7a4-4c07-9fc5-fb45a02af031 fecf2c20f8ec48c4b6d3e792c6433b4e 3391102c2fa3465bacb426765dc7bb6c - default default] device_id is not set on port d8f5c392-1613-4bc5-b426-5ce0fd43f904 yet. _can_notify /usr/lib/python3.9/site-packages/neutron/notifiers/nova.py:201
2026-06-12 08:14:20.181 17 DEBUG neutron.notifiers.nova [req-9f24ac14-a01c-4c2a-bddb-1f3151316d78 fecf2c20f8ec48c4b6d3e792c6433b4e 3391102c2fa3465bacb426765dc7bb6c - default default] device_id is not set on port 5208848a-8660-42af-900d-0abe82de338d yet. _can_notify /usr/lib/python3.9/site-packages/neutron/notifiers/nova.py:201
2026-06-12 08:14:20.335 17 DEBUG neutron_lib.callbacks.manager [req-9f24ac14-a01c-4c2a-bddb-1f3151316d78 fecf2c20f8ec48c4b6d3e792c6433b4e 3391102c2fa3465bacb426765dc7bb6c - default default] Notify callbacks [] for allowed_address_pair, before_create _notify_loop /usr/lib/python3.9/site-packages/neutron_lib/callbacks/manager.py:200
2026-06-12 08:14:20.336 17 DEBUG neutron_lib.callbacks.manager [req-9f24ac14-a01c-4c2a-bddb-1f3151316d78 fecf2c20f8ec48c4b6d3e792c6433b4e 3391102c2fa3465bacb426765dc7bb6c - default default] Notify callbacks [] for port, precommit_create _notify_loop /usr/lib/python3.9/site-packages/neutron_lib/callbacks/manager.py:200
2026-06-12 08:14:20.336 16 DEBUG neutron_lib.callbacks.manager [req-f259c574-e7a4-4c07-9fc5-fb45a02af031 fecf2c20f8ec48c4b6d3e792c6433b4e 3391102c2fa3465bacb426765dc7bb6c - default default] Notify callbacks [] for allowed_address_pair, before_create _notify_loop /usr/lib/python3.9/site-packages/neutron_lib/callbacks/manager.py:200
2026-06-12 08:14:20.337 16 DEBUG neutron_lib.callbacks.manager [req-f259c574-e7a4-4c07-9fc5-fb45a02af031 fecf2c20f8ec48c4b6d3e792c6433b4e 3391102c2fa3465bacb426765dc7bb6c - default default] Notify callbacks [] for port, precommit_create _notify_loop /usr/lib/python3.9/site-packages/neutron_lib/callbacks/manager.py:200
2026-06-12 08:14:20.344 15 DEBUG neutron_lib.callbacks.manager [req-93186a68-e5f6-49c2-8063-623dfa278494 fecf2c20f8ec48c4b6d3e792c6433b4e 3391102c2fa3465bacb426765dc7bb6c - default default] Notify callbacks [] for allowed_address_pair, before_create _notify_loop /usr/lib/python3.9/site-packages/neutron_lib/callbacks/manager.py:200
2026-06-12 08:14:20.345 15 DEBUG neutron_lib.callbacks.manager [req-93186a68-e5f6-49c2-8063-623dfa278494 fecf2c20f8ec48c4b6d3e792c6433b4e 3391102c2fa3465bacb426765dc7bb6c - default default] Notify callbacks [] for port, precommit_create _notify_loop /usr/lib/python3.9/site-packages/neutron_lib/callbacks/manager.py:200
2026-06-12 08:14:20.351 17 DEBUG neutron_lib.callbacks.manager [req-9f24ac14-a01c-4c2a-bddb-1f3151316d78 fecf2c20f8ec48c4b6d3e792c6433b4e 3391102c2fa3465bacb426765dc7bb6c - default default] Notify callbacks ['neutron.plugins.ml2.plugin.SecurityGroupServerNotifierRpcMixin.notify_sg_on_port_change-1584706', 'neutron.plugins.ml2.extensions.dns_integration._create_port_in_external_dns_service-8729871947210', 'neutron.plugins.ml2.ovo_rpc._ObjectChangeHandler.handle_event-257470', 'neutron.api.rpc.agentnotifiers.dhcp_rpc_agent_api.DhcpAgentNotifyAPI._native_event_send_dhcp_notification-966541', 'neutron.services.segments.plugin.NovaSegmentNotifier._notify_port_created_or_deleted-595377'] for port, after_create _notify_loop /usr/lib/python3.9/site-packages/neutron_lib/callbacks/manager.py:200
2026-06-12 08:14:20.353 16 DEBUG neutron_lib.callbacks.manager [req-f259c574-e7a4-4c07-9fc5-fb45a02af031 fecf2c20f8ec48c4b6d3e792c6433b4e 3391102c2fa3465bacb426765dc7bb6c - default default] Notify callbacks ['neutron.plugins.ml2.plugin.SecurityGroupServerNotifierRpcMixin.notify_sg_on_port_change-1584706', 'neutron.plugins.ml2.extensions.dns_integration._create_port_in_external_dns_service-8729871947210', 'neutron.plugins.ml2.ovo_rpc._ObjectChangeHandler.handle_event-257470', 'neutron.api.rpc.agentnotifiers.dhcp_rpc_agent_api.DhcpAgentNotifyAPI._native_event_send_dhcp_notification-966541', 'neutron.services.segments.plugin.NovaSegmentNotifier._notify_port_created_or_deleted-595377'] for port, after_create _notify_loop /usr/lib/python3.9/site-packages/neutron_lib/callbacks/manager.py:200
2026-06-12 08:14:20.359 15 DEBUG neutron_lib.callbacks.manager [req-93186a68-e5f6-49c2-8063-623dfa278494 fecf2c20f8ec48c4b6d3e792c6433b4e 3391102c2fa3465bacb426765dc7bb6c - default default] Notify callbacks ['neutron.plugins.ml2.plugin.SecurityGroupServerNotifierRpcMixin.notify_sg_on_port_change-1584706', 'neutron.plugins.ml2.extensions.dns_integration._create_port_in_external_dns_service-8729871947210', 'neutron.plugins.ml2.ovo_rpc._ObjectChangeHandler.handle_event-257470', 'neutron.api.rpc.agentnotifiers.dhcp_rpc_agent_api.DhcpAgentNotifyAPI._native_event_send_dhcp_notification-966541', 'neutron.services.segments.plugin.NovaSegmentNotifier._notify_port_created_or_deleted-595377'] for port, after_create _notify_loop /usr/lib/python3.9/site-packages/neutron_lib/callbacks/manager.py:200
2026-06-12 08:14:20.378 17 DEBUG neutron.scheduler.dhcp_agent_scheduler [req-9f24ac14-a01c-4c2a-bddb-1f3151316d78 fecf2c20f8ec48c4b6d3e792c6433b4e 3391102c2fa3465bacb426765dc7bb6c - default default] Network e3887976-1631-48fe-957c-05e3c4fac5f0 is already hosted by enough agents. _get_dhcp_agents_hosting_network /usr/lib/python3.9/site-packages/neutron/scheduler/dhcp_agent_scheduler.py:275
2026-06-12 08:14:20.379 17 DEBUG neutron.scheduler.base_scheduler [req-9f24ac14-a01c-4c2a-bddb-1f3151316d78 fecf2c20f8ec48c4b6d3e792c6433b4e 3391102c2fa3465bacb426765dc7bb6c - default default] Resources bound (agent type, host, resource id): schedule /usr/lib/python3.9/site-packages/neutron/scheduler/base_scheduler.py:57
2026-06-12 08:14:20.381 17 DEBUG neutron.pecan_wsgi.hooks.policy_enforcement [req-9f24ac14-a01c-4c2a-bddb-1f3151316d78 fecf2c20f8ec48c4b6d3e792c6433b4e 3391102c2fa3465bacb426765dc7bb6c - default default] Attributes excluded by policy engine: ['standard_attr_id', 'network'] _exclude_attributes_by_policy /usr/lib/python3.9/site-packages/neutron/pecan_wsgi/hooks/policy_enforcement.py:259
2026-06-12 08:14:20.381 17 DEBUG neutron_lib.callbacks.manager [req-9f24ac14-a01c-4c2a-bddb-1f3151316d78 fecf2c20f8ec48c4b6d3e792c6433b4e 3391102c2fa3465bacb426765dc7bb6c - default default] Notify callbacks ['neutron.notifiers.nova.Notifier._send_nova_notification-162310', 'neutron.api.rpc.agentnotifiers.dhcp_rpc_agent_api.DhcpAgentNotifyAPI._send_dhcp_notification-966591'] for port, before_response _notify_loop /usr/lib/python3.9/site-packages/neutron_lib/callbacks/manager.py:200
2026-06-12 08:14:20.384 16 DEBUG neutron.scheduler.dhcp_agent_scheduler [req-f259c574-e7a4-4c07-9fc5-fb45a02af031 fecf2c20f8ec48c4b6d3e792c6433b4e 3391102c2fa3465bacb426765dc7bb6c - default default] Network e3887976-1631-48fe-957c-05e3c4fac5f0 is already hosted by enough agents. _get_dhcp_agents_hosting_network /usr/lib/python3.9/site-packages/neutron/scheduler/dhcp_agent_scheduler.py:275
2026-06-12 08:14:20.386 16 DEBUG neutron.scheduler.base_scheduler [req-f259c574-e7a4-4c07-9fc5-fb45a02af031 fecf2c20f8ec48c4b6d3e792c6433b4e 3391102c2fa3465bacb426765dc7bb6c - default default] Resources bound (agent type, host, resource id): schedule /usr/lib/python3.9/site-packages/neutron/scheduler/base_scheduler.py:57
2026-06-12 08:14:20.389 16 DEBUG neutron.pecan_wsgi.hooks.policy_enforcement [req-f259c574-e7a4-4c07-9fc5-fb45a02af031 fecf2c20f8ec48c4b6d3e792c6433b4e 3391102c2fa3465bacb426765dc7bb6c - default default] Attributes excluded by policy engine: ['standard_attr_id', 'network'] _exclude_attributes_by_policy /usr/lib/python3.9/site-packages/neutron/pecan_wsgi/hooks/policy_enforcement.py:259
2026-06-12 08:14:20.389 16 DEBUG neutron_lib.callbacks.manager [req-f259c574-e7a4-4c07-9fc5-fb45a02af031 fecf2c20f8ec48c4b6d3e792c6433b4e 3391102c2fa3465bacb426765dc7bb6c - default default] Notify callbacks ['neutron.notifiers.nova.Notifier._send_nova_notification-162310', 'neutron.api.rpc.agentnotifiers.dhcp_rpc_agent_api.DhcpAgentNotifyAPI._send_dhcp_notification-966591'] for port, before_response _notify_loop /usr/lib/python3.9/site-packages/neutron_lib/callbacks/manager.py:200
2026-06-12 08:14:20.390 17 DEBUG neutron.api.rpc.handlers.resources_rpc [req-9f24ac14-a01c-4c2a-bddb-1f3151316d78 fecf2c20f8ec48c4b6d3e792c6433b4e 3391102c2fa3465bacb426765dc7bb6c - - -] Pushing event updated for resources: {'Port': ['ID=5208848a-8660-42af-900d-0abe82de338d,revision_number=1']} push /usr/lib/python3.9/site-packages/neutron/api/rpc/handlers/resources_rpc.py:237
2026-06-12 08:14:20.398 17 INFO neutron.wsgi [req-9f24ac14-a01c-4c2a-bddb-1f3151316d78 fecf2c20f8ec48c4b6d3e792c6433b4e 3391102c2fa3465bacb426765dc7bb6c - default default] 192.168.122.99,192.168.122.100 "POST /v2.0/ports HTTP/1.1" status: 201 len: 1016 time: 0.2489245
2026-06-12 08:14:20.400 16 DEBUG neutron.api.rpc.handlers.resources_rpc [req-f259c574-e7a4-4c07-9fc5-fb45a02af031 fecf2c20f8ec48c4b6d3e792c6433b4e 3391102c2fa3465bacb426765dc7bb6c - - -] Pushing event updated for resources: {'Port': ['ID=d8f5c392-1613-4bc5-b426-5ce0fd43f904,revision_number=1']} push /usr/lib/python3.9/site-packages/neutron/api/rpc/handlers/resources_rpc.py:237
2026-06-12 08:14:20.402 15 DEBUG neutron.scheduler.dhcp_agent_scheduler [req-93186a68-e5f6-49c2-8063-623dfa278494 fecf2c20f8ec48c4b6d3e792c6433b4e 3391102c2fa3465bacb426765dc7bb6c - default default] Network e3887976-1631-48fe-957c-05e3c4fac5f0 is already hosted by enough agents. _get_dhcp_agents_hosting_network /usr/lib/python3.9/site-packages/neutron/scheduler/dhcp_agent_scheduler.py:275
2026-06-12 08:14:20.404 17 DEBUG neutron.services.tag.tag_plugin [req-5e417eff-619b-478e-9802-87abdecaf366 fecf2c20f8ec48c4b6d3e792c6433b4e 3391102c2fa3465bacb426765dc7bb6c - default default] neutron.services.tag.tag_plugin.TagPlugin method update_tags called with arguments (, 'ports', '5208848a-8660-42af-900d-0abe82de338d', {'tags': ['tripleo_stack_name=overcloud', 'tripleo_ovn_physnet=datacentre']}) {} wrapper /usr/lib/python3.9/site-packages/oslo_log/helpers.py:65
2026-06-12 08:14:20.405 15 DEBUG neutron.scheduler.base_scheduler [req-93186a68-e5f6-49c2-8063-623dfa278494 fecf2c20f8ec48c4b6d3e792c6433b4e 3391102c2fa3465bacb426765dc7bb6c - default default] Resources bound (agent type, host, resource id): schedule /usr/lib/python3.9/site-packages/neutron/scheduler/base_scheduler.py:57
2026-06-12 08:14:20.406 16 DEBUG neutron.api.rpc.callbacks.version_manager [req-f259c574-e7a4-4c07-9fc5-fb45a02af031 fecf2c20f8ec48c4b6d3e792c6433b4e 3391102c2fa3465bacb426765dc7bb6c - - -] Version for resource type AddressGroup changed None to 1.2 on consumer Open vSwitch agent@undercloud.ooo.test _set_version /usr/lib/python3.9/site-packages/neutron/api/rpc/callbacks/version_manager.py:113
2026-06-12 08:14:20.406 16 DEBUG neutron.api.rpc.callbacks.version_manager [req-f259c574-e7a4-4c07-9fc5-fb45a02af031 fecf2c20f8ec48c4b6d3e792c6433b4e 3391102c2fa3465bacb426765dc7bb6c - - -] Version for resource type ConntrackHelper changed None to 1.0 on consumer Open vSwitch agent@undercloud.ooo.test _set_version /usr/lib/python3.9/site-packages/neutron/api/rpc/callbacks/version_manager.py:113
2026-06-12 08:14:20.407 16 DEBUG neutron.api.rpc.callbacks.version_manager [req-f259c574-e7a4-4c07-9fc5-fb45a02af031 fecf2c20f8ec48c4b6d3e792c6433b4e 3391102c2fa3465bacb426765dc7bb6c - - -] Version for resource type Log changed None to 1.0 on consumer Open vSwitch agent@undercloud.ooo.test _set_version /usr/lib/python3.9/site-packages/neutron/api/rpc/callbacks/version_manager.py:113
2026-06-12 08:14:20.407 16 DEBUG neutron.api.rpc.callbacks.version_manager [req-f259c574-e7a4-4c07-9fc5-fb45a02af031 fecf2c20f8ec48c4b6d3e792c6433b4e 3391102c2fa3465bacb426765dc7bb6c - - -] Version for resource type Network changed None to 1.1 on consumer Open vSwitch agent@undercloud.ooo.test _set_version /usr/lib/python3.9/site-packages/neutron/api/rpc/callbacks/version_manager.py:113
2026-06-12 08:14:20.407 16 DEBUG neutron.api.rpc.callbacks.version_manager [req-f259c574-e7a4-4c07-9fc5-fb45a02af031 fecf2c20f8ec48c4b6d3e792c6433b4e 3391102c2fa3465bacb426765dc7bb6c - - -] Version for resource type Port changed None to 1.7 on consumer Open vSwitch agent@undercloud.ooo.test _set_version /usr/lib/python3.9/site-packages/neutron/api/rpc/callbacks/version_manager.py:113
2026-06-12 08:14:20.407 16 DEBUG neutron.api.rpc.callbacks.version_manager [req-f259c574-e7a4-4c07-9fc5-fb45a02af031 fecf2c20f8ec48c4b6d3e792c6433b4e 3391102c2fa3465bacb426765dc7bb6c - - -] Version for resource type PortForwarding changed None to 1.2 on consumer Open vSwitch agent@undercloud.ooo.test _set_version /usr/lib/python3.9/site-packages/neutron/api/rpc/callbacks/version_manager.py:113
2026-06-12 08:14:20.407 16 DEBUG neutron.api.rpc.callbacks.version_manager [req-f259c574-e7a4-4c07-9fc5-fb45a02af031 fecf2c20f8ec48c4b6d3e792c6433b4e 3391102c2fa3465bacb426765dc7bb6c - - -] Version for resource type QosPolicy changed None to 1.8 on consumer Open vSwitch agent@undercloud.ooo.test _set_version /usr/lib/python3.9/site-packages/neutron/api/rpc/callbacks/version_manager.py:113
2026-06-12 08:14:20.408 16 DEBUG neutron.api.rpc.callbacks.version_manager [req-f259c574-e7a4-4c07-9fc5-fb45a02af031 fecf2c20f8ec48c4b6d3e792c6433b4e 3391102c2fa3465bacb426765dc7bb6c - - -] Version for resource type SecurityGroup changed None to 1.5 on consumer Open vSwitch agent@undercloud.ooo.test _set_version /usr/lib/python3.9/site-packages/neutron/api/rpc/callbacks/version_manager.py:113
2026-06-12 08:14:20.408 16 DEBUG neutron.api.rpc.callbacks.version_manager [req-f259c574-e7a4-4c07-9fc5-fb45a02af031 fecf2c20f8ec48c4b6d3e792c6433b4e 3391102c2fa3465bacb426765dc7bb6c - - -] Version for resource type SecurityGroupRule changed None to 1.2 on consumer Open vSwitch agent@undercloud.ooo.test _set_version /usr/lib/python3.9/site-packages/neutron/api/rpc/callbacks/version_manager.py:113
2026-06-12 08:14:20.408 16 DEBUG neutron.api.rpc.callbacks.version_manager [req-f259c574-e7a4-4c07-9fc5-fb45a02af031 fecf2c20f8ec48c4b6d3e792c6433b4e 3391102c2fa3465bacb426765dc7bb6c - - -] Version for resource type SubPort changed None to 1.0 on consumer Open vSwitch agent@undercloud.ooo.test _set_version /usr/lib/python3.9/site-packages/neutron/api/rpc/callbacks/version_manager.py:113
2026-06-12 08:14:20.408 16 DEBUG neutron.api.rpc.callbacks.version_manager [req-f259c574-e7a4-4c07-9fc5-fb45a02af031 fecf2c20f8ec48c4b6d3e792c6433b4e 3391102c2fa3465bacb426765dc7bb6c - - -] Version for resource type Subnet changed None to 1.1 on consumer Open vSwitch agent@undercloud.ooo.test _set_version /usr/lib/python3.9/site-packages/neutron/api/rpc/callbacks/version_manager.py:113
2026-06-12 08:14:20.408 16 DEBUG neutron.api.rpc.callbacks.version_manager [req-f259c574-e7a4-4c07-9fc5-fb45a02af031 fecf2c20f8ec48c4b6d3e792c6433b4e 3391102c2fa3465bacb426765dc7bb6c - - -] Version for resource type Trunk changed None to 1.1 on consumer Open vSwitch agent@undercloud.ooo.test _set_version /usr/lib/python3.9/site-packages/neutron/api/rpc/callbacks/version_manager.py:113
2026-06-12 08:14:20.411 15 DEBUG neutron.pecan_wsgi.hooks.policy_enforcement [req-93186a68-e5f6-49c2-8063-623dfa278494 fecf2c20f8ec48c4b6d3e792c6433b4e 3391102c2fa3465bacb426765dc7bb6c - default default] Attributes excluded by policy engine: ['standard_attr_id', 'network'] _exclude_attributes_by_policy /usr/lib/python3.9/site-packages/neutron/pecan_wsgi/hooks/policy_enforcement.py:259
2026-06-12 08:14:20.412 15 DEBUG neutron_lib.callbacks.manager [req-93186a68-e5f6-49c2-8063-623dfa278494 fecf2c20f8ec48c4b6d3e792c6433b4e 3391102c2fa3465bacb426765dc7bb6c - default default] Notify callbacks ['neutron.notifiers.nova.Notifier._send_nova_notification-162310', 'neutron.api.rpc.agentnotifiers.dhcp_rpc_agent_api.DhcpAgentNotifyAPI._send_dhcp_notification-966591'] for port, before_response _notify_loop /usr/lib/python3.9/site-packages/neutron_lib/callbacks/manager.py:200
2026-06-12 08:14:20.417 15 DEBUG neutron.api.rpc.handlers.resources_rpc [req-93186a68-e5f6-49c2-8063-623dfa278494 fecf2c20f8ec48c4b6d3e792c6433b4e 3391102c2fa3465bacb426765dc7bb6c - - -] Pushing event updated for resources: {'Port': ['ID=0d2b4d4f-016b-4469-a9eb-ad835d819980,revision_number=1']} push /usr/lib/python3.9/site-packages/neutron/api/rpc/handlers/resources_rpc.py:237
2026-06-12 08:14:20.413 16 INFO neutron.wsgi [req-f259c574-e7a4-4c07-9fc5-fb45a02af031 fecf2c20f8ec48c4b6d3e792c6433b4e 3391102c2fa3465bacb426765dc7bb6c - default default] 192.168.122.99,192.168.122.100 "POST /v2.0/ports HTTP/1.1" status: 201 len: 1016 time: 0.2755992
2026-06-12 08:14:20.422 16 DEBUG neutron.services.tag.tag_plugin [req-5906a90a-17be-4269-bc86-f62cabd5152c fecf2c20f8ec48c4b6d3e792c6433b4e 3391102c2fa3465bacb426765dc7bb6c - default default] neutron.services.tag.tag_plugin.TagPlugin method update_tags called with arguments (, 'ports', 'd8f5c392-1613-4bc5-b426-5ce0fd43f904', {'tags': ['tripleo_stack_name=overcloud', 'tripleo_ovn_physnet=datacentre']}) {} wrapper /usr/lib/python3.9/site-packages/oslo_log/helpers.py:65
2026-06-12 08:14:20.428 15 INFO neutron.wsgi [req-93186a68-e5f6-49c2-8063-623dfa278494 fecf2c20f8ec48c4b6d3e792c6433b4e 3391102c2fa3465bacb426765dc7bb6c - default default] 192.168.122.99,192.168.122.100 "POST /v2.0/ports HTTP/1.1" status: 201 len: 1016 time: 0.2879179
2026-06-12 08:14:20.436 17 INFO neutron.wsgi [req-5e417eff-619b-478e-9802-87abdecaf366 fecf2c20f8ec48c4b6d3e792c6433b4e 3391102c2fa3465bacb426765dc7bb6c - default default] 192.168.122.99,192.168.122.100 "PUT /v2.0/ports/5208848a-8660-42af-900d-0abe82de338d/tags HTTP/1.1" status: 200 len: 250 time: 0.0338738
2026-06-12 08:14:20.437 15 DEBUG neutron.services.tag.tag_plugin [req-a2fe566b-83b8-4336-b71e-823a7e754c1c fecf2c20f8ec48c4b6d3e792c6433b4e 3391102c2fa3465bacb426765dc7bb6c - default default] neutron.services.tag.tag_plugin.TagPlugin method update_tags called with arguments (, 'ports', '0d2b4d4f-016b-4469-a9eb-ad835d819980', {'tags': ['tripleo_stack_name=overcloud', 'tripleo_ovn_physnet=datacentre']}) {} wrapper /usr/lib/python3.9/site-packages/oslo_log/helpers.py:65
2026-06-12 08:14:20.466 16 INFO neutron.wsgi [req-5906a90a-17be-4269-bc86-f62cabd5152c fecf2c20f8ec48c4b6d3e792c6433b4e 3391102c2fa3465bacb426765dc7bb6c - default default] 192.168.122.99,192.168.122.100 "PUT /v2.0/ports/d8f5c392-1613-4bc5-b426-5ce0fd43f904/tags HTTP/1.1" status: 200 len: 250 time: 0.0465722
2026-06-12 08:14:20.476 15 INFO neutron.wsgi [req-a2fe566b-83b8-4336-b71e-823a7e754c1c fecf2c20f8ec48c4b6d3e792c6433b4e 3391102c2fa3465bacb426765dc7bb6c - default default] 192.168.122.99,192.168.122.100 "PUT /v2.0/ports/0d2b4d4f-016b-4469-a9eb-ad835d819980/tags HTTP/1.1" status: 200 len: 250 time: 0.0430391
2026-06-12 08:14:20.557 15 DEBUG neutron.pecan_wsgi.hooks.policy_enforcement [req-27caa93d-5053-4deb-a861-29ab3cee83ca fecf2c20f8ec48c4b6d3e792c6433b4e 3391102c2fa3465bacb426765dc7bb6c - default default] Attributes excluded by policy engine: ['standard_attr_id'] _exclude_attributes_by_policy /usr/lib/python3.9/site-packages/neutron/pecan_wsgi/hooks/policy_enforcement.py:259
2026-06-12 08:14:20.558 15 DEBUG neutron.pecan_wsgi.hooks.policy_enforcement [req-27caa93d-5053-4deb-a861-29ab3cee83ca fecf2c20f8ec48c4b6d3e792c6433b4e 3391102c2fa3465bacb426765dc7bb6c - default default] Attributes excluded by policy engine: ['standard_attr_id'] _exclude_attributes_by_policy /usr/lib/python3.9/site-packages/neutron/pecan_wsgi/hooks/policy_enforcement.py:259
2026-06-12 08:14:20.558 15 DEBUG neutron.pecan_wsgi.hooks.policy_enforcement [req-27caa93d-5053-4deb-a861-29ab3cee83ca fecf2c20f8ec48c4b6d3e792c6433b4e 3391102c2fa3465bacb426765dc7bb6c - default default] Attributes excluded by policy engine: ['standard_attr_id'] _exclude_attributes_by_policy /usr/lib/python3.9/site-packages/neutron/pecan_wsgi/hooks/policy_enforcement.py:259
2026-06-12 08:14:20.559 15 DEBUG neutron.pecan_wsgi.hooks.policy_enforcement [req-27caa93d-5053-4deb-a861-29ab3cee83ca fecf2c20f8ec48c4b6d3e792c6433b4e 3391102c2fa3465bacb426765dc7bb6c - default default] Attributes excluded by policy engine: ['standard_attr_id'] _exclude_attributes_by_policy /usr/lib/python3.9/site-packages/neutron/pecan_wsgi/hooks/policy_enforcement.py:259
2026-06-12 08:14:20.559 15 DEBUG neutron.pecan_wsgi.hooks.policy_enforcement [req-27caa93d-5053-4deb-a861-29ab3cee83ca fecf2c20f8ec48c4b6d3e792c6433b4e 3391102c2fa3465bacb426765dc7bb6c - default default] Attributes excluded by policy engine: ['standard_attr_id'] _exclude_attributes_by_policy /usr/lib/python3.9/site-packages/neutron/pecan_wsgi/hooks/policy_enforcement.py:259
2026-06-12 08:14:20.560 15 DEBUG neutron.pecan_wsgi.hooks.policy_enforcement [req-27caa93d-5053-4deb-a861-29ab3cee83ca fecf2c20f8ec48c4b6d3e792c6433b4e 3391102c2fa3465bacb426765dc7bb6c - default default] Attributes excluded by policy engine: ['standard_attr_id'] _exclude_attributes_by_policy /usr/lib/python3.9/site-packages/neutron/pecan_wsgi/hooks/policy_enforcement.py:259
2026-06-12 08:14:20.561 15 INFO neutron.wsgi [req-27caa93d-5053-4deb-a861-29ab3cee83ca fecf2c20f8ec48c4b6d3e792c6433b4e 3391102c2fa3465bacb426765dc7bb6c - default default] 192.168.122.99,192.168.122.100 "GET /v2.0/ports?network_id=e3887976-1631-48fe-957c-05e3c4fac5f0&tags=tripleo_stack_name%3Dovercloud HTTP/1.1" status: 200 len: 5533 time: 0.0811758
2026-06-12 08:14:20.611 15 DEBUG neutron.plugins.ml2.plugin [req-dce53f28-ab2a-4ef8-bbb9-c6d26ab60c77 fecf2c20f8ec48c4b6d3e792c6433b4e 3391102c2fa3465bacb426765dc7bb6c - default default] Deleting port 13defce7-2714-4bd3-8a46-9debaac0a5a6 _pre_delete_port /usr/lib/python3.9/site-packages/neutron/plugins/ml2/plugin.py:2025
2026-06-12 08:14:20.612 15 DEBUG neutron_lib.callbacks.manager [req-dce53f28-ab2a-4ef8-bbb9-c6d26ab60c77 fecf2c20f8ec48c4b6d3e792c6433b4e 3391102c2fa3465bacb426765dc7bb6c - default default] Notify callbacks ['neutron.plugins.ml2.extensions.dns_integration._delete_port_in_external_dns_service-8729871947246', 'neutron.db.l3_db.L3_NAT_dbonly_mixin._prevent_l3_port_delete_callback-8729872011403'] for port, before_delete _notify_loop /usr/lib/python3.9/site-packages/neutron_lib/callbacks/manager.py:200
2026-06-12 08:14:20.724 15 DEBUG neutron_lib.callbacks.manager [req-dce53f28-ab2a-4ef8-bbb9-c6d26ab60c77 fecf2c20f8ec48c4b6d3e792c6433b4e 3391102c2fa3465bacb426765dc7bb6c - default default] Notify callbacks ['neutron.services.l3_router.l3_router_plugin.L3_NAT_dbonly_mixin._precommit_delete_port_callback-568542'] for port, precommit_delete _notify_loop /usr/lib/python3.9/site-packages/neutron_lib/callbacks/manager.py:200
2026-06-12 08:14:20.734 15 DEBUG neutron.plugins.ml2.plugin [req-dce53f28-ab2a-4ef8-bbb9-c6d26ab60c77 fecf2c20f8ec48c4b6d3e792c6433b4e 3391102c2fa3465bacb426765dc7bb6c - default default] Calling delete_port for 13defce7-2714-4bd3-8a46-9debaac0a5a6 owned by delete_port /usr/lib/python3.9/site-packages/neutron/plugins/ml2/plugin.py:2097
2026-06-12 08:14:20.801 15 DEBUG neutron_lib.callbacks.manager [req-dce53f28-ab2a-4ef8-bbb9-c6d26ab60c77 fecf2c20f8ec48c4b6d3e792c6433b4e 3391102c2fa3465bacb426765dc7bb6c - default default] Notify callbacks ['neutron.plugins.ml2.plugin.SecurityGroupServerNotifierRpcMixin.notify_sg_on_port_change-1584706', 'neutron.plugins.ml2.ovo_rpc._ObjectChangeHandler.handle_event-257470', 'neutron.api.rpc.agentnotifiers.dhcp_rpc_agent_api.DhcpAgentNotifyAPI._native_event_send_dhcp_notification-966541', 'neutron.db.l3_db.L3RpcNotifierMixin._notify_routers_callback-8729872017372', 'neutron.services.segments.plugin.NovaSegmentNotifier._notify_port_created_or_deleted-595377'] for port, after_delete _notify_loop /usr/lib/python3.9/site-packages/neutron_lib/callbacks/manager.py:200
2026-06-12 08:14:20.823 15 DEBUG neutron.api.rpc.handlers.resources_rpc [req-dce53f28-ab2a-4ef8-bbb9-c6d26ab60c77 fecf2c20f8ec48c4b6d3e792c6433b4e 3391102c2fa3465bacb426765dc7bb6c - - -] Pushing event deleted for resources: {'Port': ['ID=13defce7-2714-4bd3-8a46-9debaac0a5a6,revision_number=None']} push /usr/lib/python3.9/site-packages/neutron/api/rpc/handlers/resources_rpc.py:237
2026-06-12 08:14:20.829 15 DEBUG neutron_lib.callbacks.manager [req-dce53f28-ab2a-4ef8-bbb9-c6d26ab60c77 fecf2c20f8ec48c4b6d3e792c6433b4e 3391102c2fa3465bacb426765dc7bb6c - default default] Notify callbacks ['neutron.notifiers.nova.Notifier._send_nova_notification-162310', 'neutron.api.rpc.agentnotifiers.dhcp_rpc_agent_api.DhcpAgentNotifyAPI._send_dhcp_notification-966591'] for port, before_response _notify_loop /usr/lib/python3.9/site-packages/neutron_lib/callbacks/manager.py:200
2026-06-12 08:14:20.832 15 INFO neutron.wsgi [req-dce53f28-ab2a-4ef8-bbb9-c6d26ab60c77 fecf2c20f8ec48c4b6d3e792c6433b4e 3391102c2fa3465bacb426765dc7bb6c - default default] 192.168.122.99,192.168.122.100 "DELETE /v2.0/ports/13defce7-2714-4bd3-8a46-9debaac0a5a6 HTTP/1.1" status: 204 len: 149 time: 0.2622409
2026-06-12 08:14:20.896 15 DEBUG neutron.plugins.ml2.plugin [req-2c4d5fac-cc8b-42ac-8e67-39fc22d1ec10 fecf2c20f8ec48c4b6d3e792c6433b4e 3391102c2fa3465bacb426765dc7bb6c - default default] Deleting port 8c5b83c7-406a-4db2-9647-ed14c66ea814 _pre_delete_port /usr/lib/python3.9/site-packages/neutron/plugins/ml2/plugin.py:2025
2026-06-12 08:14:20.896 15 DEBUG neutron_lib.callbacks.manager [req-2c4d5fac-cc8b-42ac-8e67-39fc22d1ec10 fecf2c20f8ec48c4b6d3e792c6433b4e 3391102c2fa3465bacb426765dc7bb6c - default default] Notify callbacks ['neutron.plugins.ml2.extensions.dns_integration._delete_port_in_external_dns_service-8729871947246', 'neutron.db.l3_db.L3_NAT_dbonly_mixin._prevent_l3_port_delete_callback-8729872011403'] for port, before_delete _notify_loop /usr/lib/python3.9/site-packages/neutron_lib/callbacks/manager.py:200
2026-06-12 08:14:20.995 15 DEBUG neutron_lib.callbacks.manager [req-2c4d5fac-cc8b-42ac-8e67-39fc22d1ec10 fecf2c20f8ec48c4b6d3e792c6433b4e 3391102c2fa3465bacb426765dc7bb6c - default default] Notify callbacks ['neutron.services.l3_router.l3_router_plugin.L3_NAT_dbonly_mixin._precommit_delete_port_callback-568542'] for port, precommit_delete _notify_loop /usr/lib/python3.9/site-packages/neutron_lib/callbacks/manager.py:200
2026-06-12 08:14:21.004 15 DEBUG neutron.plugins.ml2.plugin [req-2c4d5fac-cc8b-42ac-8e67-39fc22d1ec10 fecf2c20f8ec48c4b6d3e792c6433b4e 3391102c2fa3465bacb426765dc7bb6c - default default] Calling delete_port for 8c5b83c7-406a-4db2-9647-ed14c66ea814 owned by delete_port /usr/lib/python3.9/site-packages/neutron/plugins/ml2/plugin.py:2097
2026-06-12 08:14:21.043 15 DEBUG neutron_lib.callbacks.manager [req-2c4d5fac-cc8b-42ac-8e67-39fc22d1ec10 fecf2c20f8ec48c4b6d3e792c6433b4e 3391102c2fa3465bacb426765dc7bb6c - default default] Notify callbacks ['neutron.plugins.ml2.plugin.SecurityGroupServerNotifierRpcMixin.notify_sg_on_port_change-1584706', 'neutron.plugins.ml2.ovo_rpc._ObjectChangeHandler.handle_event-257470', 'neutron.api.rpc.agentnotifiers.dhcp_rpc_agent_api.DhcpAgentNotifyAPI._native_event_send_dhcp_notification-966541', 'neutron.db.l3_db.L3RpcNotifierMixin._notify_routers_callback-8729872017372', 'neutron.services.segments.plugin.NovaSegmentNotifier._notify_port_created_or_deleted-595377'] for port, after_delete _notify_loop /usr/lib/python3.9/site-packages/neutron_lib/callbacks/manager.py:200
2026-06-12 08:14:21.065 15 DEBUG neutron.api.rpc.handlers.resources_rpc [req-2c4d5fac-cc8b-42ac-8e67-39fc22d1ec10 fecf2c20f8ec48c4b6d3e792c6433b4e 3391102c2fa3465bacb426765dc7bb6c - - -] Pushing event deleted for resources: {'Port': ['ID=8c5b83c7-406a-4db2-9647-ed14c66ea814,revision_number=None']} push /usr/lib/python3.9/site-packages/neutron/api/rpc/handlers/resources_rpc.py:237
2026-06-12 08:14:21.074 15 DEBUG neutron_lib.callbacks.manager [req-2c4d5fac-cc8b-42ac-8e67-39fc22d1ec10 fecf2c20f8ec48c4b6d3e792c6433b4e 3391102c2fa3465bacb426765dc7bb6c - default default] Notify callbacks ['neutron.notifiers.nova.Notifier._send_nova_notification-162310', 'neutron.api.rpc.agentnotifiers.dhcp_rpc_agent_api.DhcpAgentNotifyAPI._send_dhcp_notification-966591'] for port, before_response _notify_loop /usr/lib/python3.9/site-packages/neutron_lib/callbacks/manager.py:200
2026-06-12 08:14:21.075 15 INFO neutron.wsgi [req-2c4d5fac-cc8b-42ac-8e67-39fc22d1ec10 fecf2c20f8ec48c4b6d3e792c6433b4e 3391102c2fa3465bacb426765dc7bb6c - default default] 192.168.122.99,192.168.122.100 "DELETE /v2.0/ports/8c5b83c7-406a-4db2-9647-ed14c66ea814 HTTP/1.1" status: 204 len: 149 time: 0.2313814
2026-06-12 08:14:21.114 15 DEBUG neutron.plugins.ml2.plugin [req-71803669-8924-44eb-a921-1479489dff83 fecf2c20f8ec48c4b6d3e792c6433b4e 3391102c2fa3465bacb426765dc7bb6c - default default] Deleting port 93d4f3e5-ea3f-4362-8820-1c8ff9094590 _pre_delete_port /usr/lib/python3.9/site-packages/neutron/plugins/ml2/plugin.py:2025
2026-06-12 08:14:21.114 15 DEBUG neutron_lib.callbacks.manager [req-71803669-8924-44eb-a921-1479489dff83 fecf2c20f8ec48c4b6d3e792c6433b4e 3391102c2fa3465bacb426765dc7bb6c - default default] Notify callbacks ['neutron.plugins.ml2.extensions.dns_integration._delete_port_in_external_dns_service-8729871947246', 'neutron.db.l3_db.L3_NAT_dbonly_mixin._prevent_l3_port_delete_callback-8729872011403'] for port, before_delete _notify_loop /usr/lib/python3.9/site-packages/neutron_lib/callbacks/manager.py:200
2026-06-12 08:14:21.252 18 DEBUG neutron.wsgi [-] (18) accepted ('192.168.122.100', 36542) server /usr/lib/python3.9/site-packages/eventlet/wsgi.py:992
2026-06-12 08:14:21.254 18 INFO neutron.wsgi [-] 192.168.122.100 "GET /healthcheck HTTP/1.0" status: 200 len: 137 time: 0.0014534
2026-06-12 08:14:21.272 15 DEBUG neutron_lib.callbacks.manager [req-71803669-8924-44eb-a921-1479489dff83 fecf2c20f8ec48c4b6d3e792c6433b4e 3391102c2fa3465bacb426765dc7bb6c - default default] Notify callbacks ['neutron.services.l3_router.l3_router_plugin.L3_NAT_dbonly_mixin._precommit_delete_port_callback-568542'] for port, precommit_delete _notify_loop /usr/lib/python3.9/site-packages/neutron_lib/callbacks/manager.py:200
2026-06-12 08:14:21.280 15 DEBUG neutron.plugins.ml2.plugin [req-71803669-8924-44eb-a921-1479489dff83 fecf2c20f8ec48c4b6d3e792c6433b4e 3391102c2fa3465bacb426765dc7bb6c - default default] Calling delete_port for 93d4f3e5-ea3f-4362-8820-1c8ff9094590 owned by delete_port /usr/lib/python3.9/site-packages/neutron/plugins/ml2/plugin.py:2097
2026-06-12 08:14:21.312 15 DEBUG neutron_lib.callbacks.manager [req-71803669-8924-44eb-a921-1479489dff83 fecf2c20f8ec48c4b6d3e792c6433b4e 3391102c2fa3465bacb426765dc7bb6c - default default] Notify callbacks ['neutron.plugins.ml2.plugin.SecurityGroupServerNotifierRpcMixin.notify_sg_on_port_change-1584706', 'neutron.plugins.ml2.ovo_rpc._ObjectChangeHandler.handle_event-257470', 'neutron.api.rpc.agentnotifiers.dhcp_rpc_agent_api.DhcpAgentNotifyAPI._native_event_send_dhcp_notification-966541', 'neutron.db.l3_db.L3RpcNotifierMixin._notify_routers_callback-8729872017372', 'neutron.services.segments.plugin.NovaSegmentNotifier._notify_port_created_or_deleted-595377'] for port, after_delete _notify_loop /usr/lib/python3.9/site-packages/neutron_lib/callbacks/manager.py:200
2026-06-12 08:14:21.337 15 DEBUG neutron.api.rpc.handlers.resources_rpc [req-71803669-8924-44eb-a921-1479489dff83 fecf2c20f8ec48c4b6d3e792c6433b4e 3391102c2fa3465bacb426765dc7bb6c - - -] Pushing event deleted for resources: {'Port': ['ID=93d4f3e5-ea3f-4362-8820-1c8ff9094590,revision_number=None']} push /usr/lib/python3.9/site-packages/neutron/api/rpc/handlers/resources_rpc.py:237
2026-06-12 08:14:21.342 15 DEBUG neutron_lib.callbacks.manager [req-71803669-8924-44eb-a921-1479489dff83 fecf2c20f8ec48c4b6d3e792c6433b4e 3391102c2fa3465bacb426765dc7bb6c - default default] Notify callbacks ['neutron.notifiers.nova.Notifier._send_nova_notification-162310', 'neutron.api.rpc.agentnotifiers.dhcp_rpc_agent_api.DhcpAgentNotifyAPI._send_dhcp_notification-966591'] for port, before_response _notify_loop /usr/lib/python3.9/site-packages/neutron_lib/callbacks/manager.py:200
2026-06-12 08:14:21.343 15 INFO neutron.wsgi [req-71803669-8924-44eb-a921-1479489dff83 fecf2c20f8ec48c4b6d3e792c6433b4e 3391102c2fa3465bacb426765dc7bb6c - default default] 192.168.122.99,192.168.122.100 "DELETE /v2.0/ports/93d4f3e5-ea3f-4362-8820-1c8ff9094590 HTTP/1.1" status: 204 len: 149 time: 0.2597561
2026-06-12 08:14:21.388 15 DEBUG neutron.pecan_wsgi.hooks.policy_enforcement [req-350b95ac-db1a-4565-9636-17f1977d2ef7 fecf2c20f8ec48c4b6d3e792c6433b4e 3391102c2fa3465bacb426765dc7bb6c - default default] Attributes excluded by policy engine: ['standard_attr_id'] _exclude_attributes_by_policy /usr/lib/python3.9/site-packages/neutron/pecan_wsgi/hooks/policy_enforcement.py:259
2026-06-12 08:14:21.389 15 DEBUG neutron.pecan_wsgi.hooks.policy_enforcement [req-350b95ac-db1a-4565-9636-17f1977d2ef7 fecf2c20f8ec48c4b6d3e792c6433b4e 3391102c2fa3465bacb426765dc7bb6c - default default] Attributes excluded by policy engine: ['standard_attr_id'] _exclude_attributes_by_policy /usr/lib/python3.9/site-packages/neutron/pecan_wsgi/hooks/policy_enforcement.py:259
2026-06-12 08:14:21.389 15 DEBUG neutron.pecan_wsgi.hooks.policy_enforcement [req-350b95ac-db1a-4565-9636-17f1977d2ef7 fecf2c20f8ec48c4b6d3e792c6433b4e 3391102c2fa3465bacb426765dc7bb6c - default default] Attributes excluded by policy engine: ['standard_attr_id'] _exclude_attributes_by_policy /usr/lib/python3.9/site-packages/neutron/pecan_wsgi/hooks/policy_enforcement.py:259
2026-06-12 08:14:21.390 15 INFO neutron.wsgi [req-350b95ac-db1a-4565-9636-17f1977d2ef7 fecf2c20f8ec48c4b6d3e792c6433b4e 3391102c2fa3465bacb426765dc7bb6c - default default] 192.168.122.99,192.168.122.100 "GET /v2.0/ports?network_id=e3887976-1631-48fe-957c-05e3c4fac5f0&tags=tripleo_stack_name%3Dovercloud HTTP/1.1" status: 200 len: 2860 time: 0.0418119
2026-06-12 08:14:24.243 18 DEBUG neutron.wsgi [-] (18) accepted ('192.168.122.100', 51442) server /usr/lib/python3.9/site-packages/eventlet/wsgi.py:992
2026-06-12 08:14:24.245 18 INFO neutron.wsgi [-] 192.168.122.100 "GET /healthcheck HTTP/1.0" status: 200 len: 137 time: 0.0013559
2026-06-12 08:14:26.248 18 DEBUG neutron.wsgi [-] (18) accepted ('192.168.122.100', 51458) server /usr/lib/python3.9/site-packages/eventlet/wsgi.py:992
2026-06-12 08:14:26.252 18 INFO neutron.wsgi [-] 192.168.122.100 "GET /healthcheck HTTP/1.0" status: 200 len: 137 time: 0.0026286
2026-06-12 08:14:28.254 17 DEBUG neutron.wsgi [-] (17) accepted ('192.168.122.100', 51468) server /usr/lib/python3.9/site-packages/eventlet/wsgi.py:992
2026-06-12 08:14:28.257 17 INFO neutron.wsgi [-] 192.168.122.100 "GET /healthcheck HTTP/1.0" status: 200 len: 137 time: 0.0028517
2026-06-12 08:14:30.260 17 DEBUG neutron.wsgi [-] (17) accepted ('192.168.122.100', 51470) server /usr/lib/python3.9/site-packages/eventlet/wsgi.py:992
2026-06-12 08:14:30.262 17 INFO neutron.wsgi [-] 192.168.122.100 "GET /healthcheck HTTP/1.0" status: 200 len: 137 time: 0.0012712
2026-06-12 08:14:31.973 17 DEBUG neutron.wsgi [-] (17) accepted ('192.168.122.100', 39628) server /usr/lib/python3.9/site-packages/eventlet/wsgi.py:992
2026-06-12 08:14:31.976 17 INFO neutron.wsgi [-] 192.168.122.100 "GET / HTTP/1.1" status: 200 len: 233 time: 0.0012810
2026-06-12 08:14:32.264 17 DEBUG neutron.wsgi [-] (17) accepted ('192.168.122.100', 39632) server /usr/lib/python3.9/site-packages/eventlet/wsgi.py:992
2026-06-12 08:14:32.265 17 INFO neutron.wsgi [-] 192.168.122.100 "GET /healthcheck HTTP/1.0" status: 200 len: 137 time: 0.0013306
2026-06-12 08:14:34.268 16 DEBUG neutron.wsgi [-] (16) accepted ('192.168.122.100', 39648) server /usr/lib/python3.9/site-packages/eventlet/wsgi.py:992
2026-06-12 08:14:34.271 16 INFO neutron.wsgi [-] 192.168.122.100 "GET /healthcheck HTTP/1.0" status: 200 len: 137 time: 0.0017061
2026-06-12 08:14:36.272 16 DEBUG neutron.wsgi [-] (16) accepted ('192.168.122.100', 39656) server /usr/lib/python3.9/site-packages/eventlet/wsgi.py:992
2026-06-12 08:14:36.276 16 INFO neutron.wsgi [-] 192.168.122.100 "GET /healthcheck HTTP/1.0" status: 200 len: 137 time: 0.0025814
2026-06-12 08:14:38.279 16 DEBUG neutron.wsgi [-] (16) accepted ('192.168.122.100', 39668) server /usr/lib/python3.9/site-packages/eventlet/wsgi.py:992
2026-06-12 08:14:38.281 16 INFO neutron.wsgi [-] 192.168.122.100 "GET /healthcheck HTTP/1.0" status: 200 len: 137 time: 0.0014737
2026-06-12 08:14:40.284 17 DEBUG neutron.wsgi [-] (17) accepted ('192.168.122.100', 39670) server /usr/lib/python3.9/site-packages/eventlet/wsgi.py:992
2026-06-12 08:14:40.287 17 INFO neutron.wsgi [-] 192.168.122.100 "GET /healthcheck HTTP/1.0" status: 200 len: 137 time: 0.0026081
2026-06-12 08:14:42.290 16 DEBUG neutron.wsgi [-] (16) accepted ('192.168.122.100', 42018) server /usr/lib/python3.9/site-packages/eventlet/wsgi.py:992
2026-06-12 08:14:42.294 16 INFO neutron.wsgi [-] 192.168.122.100 "GET /healthcheck HTTP/1.0" status: 200 len: 137 time: 0.0027664
2026-06-12 08:14:44.296 16 DEBUG neutron.wsgi [-] (16) accepted ('192.168.122.100', 42024) server /usr/lib/python3.9/site-packages/eventlet/wsgi.py:992
2026-06-12 08:14:44.298 16 INFO neutron.wsgi [-] 192.168.122.100 "GET /healthcheck HTTP/1.0" status: 200 len: 137 time: 0.0014517
2026-06-12 08:14:46.299 17 DEBUG neutron.wsgi [-] (17) accepted ('192.168.122.100', 42032) server /usr/lib/python3.9/site-packages/eventlet/wsgi.py:992
2026-06-12 08:14:46.303 17 INFO neutron.wsgi [-] 192.168.122.100 "GET /healthcheck HTTP/1.0" status: 200 len: 137 time: 0.0022757
2026-06-12 08:14:48.306 17 DEBUG neutron.wsgi [-] (17) accepted ('192.168.122.100', 42044) server /usr/lib/python3.9/site-packages/eventlet/wsgi.py:992
2026-06-12 08:14:48.309 17 INFO neutron.wsgi [-] 192.168.122.100 "GET /healthcheck HTTP/1.0" status: 200 len: 137 time: 0.0019631
2026-06-12 08:14:50.312 17 DEBUG neutron.wsgi [-] (17) accepted ('192.168.122.100', 42058) server /usr/lib/python3.9/site-packages/eventlet/wsgi.py:992
2026-06-12 08:14:50.314 17 INFO neutron.wsgi [-] 192.168.122.100 "GET /healthcheck HTTP/1.0" status: 200 len: 137 time: 0.0013196
2026-06-12 08:14:52.316 18 DEBUG neutron.wsgi [-] (18) accepted ('192.168.122.100', 59372) server /usr/lib/python3.9/site-packages/eventlet/wsgi.py:992
2026-06-12 08:14:52.320 18 INFO neutron.wsgi [-] 192.168.122.100 "GET /healthcheck HTTP/1.0" status: 200 len: 137 time: 0.0025935
2026-06-12 08:14:54.323 16 DEBUG neutron.wsgi [-] (16) accepted ('192.168.122.100', 59374) server /usr/lib/python3.9/site-packages/eventlet/wsgi.py:992
2026-06-12 08:14:54.326 16 INFO neutron.wsgi [-] 192.168.122.100 "GET /healthcheck HTTP/1.0" status: 200 len: 137 time: 0.0017483
2026-06-12 08:14:56.328 18 DEBUG neutron.wsgi [-] (18) accepted ('192.168.122.100', 59382) server /usr/lib/python3.9/site-packages/eventlet/wsgi.py:992
2026-06-12 08:14:56.332 18 INFO neutron.wsgi [-] 192.168.122.100 "GET /healthcheck HTTP/1.0" status: 200 len: 137 time: 0.0031643
2026-06-12 08:14:58.334 17 DEBUG neutron.wsgi [-] (17) accepted ('192.168.122.100', 59384) server /usr/lib/python3.9/site-packages/eventlet/wsgi.py:992
2026-06-12 08:14:58.337 17 INFO neutron.wsgi [-] 192.168.122.100 "GET /healthcheck HTTP/1.0" status: 200 len: 137 time: 0.0017033
2026-06-12 08:15:00.340 16 DEBUG neutron.wsgi [-] (16) accepted ('192.168.122.100', 59394) server /usr/lib/python3.9/site-packages/eventlet/wsgi.py:992
2026-06-12 08:15:00.344 16 INFO neutron.wsgi [-] 192.168.122.100 "GET /healthcheck HTTP/1.0" status: 200 len: 137 time: 0.0026007
2026-06-12 08:15:02.346 16 DEBUG neutron.wsgi [-] (16) accepted ('192.168.122.100', 58516) server /usr/lib/python3.9/site-packages/eventlet/wsgi.py:992
2026-06-12 08:15:02.349 16 INFO neutron.wsgi [-] 192.168.122.100 "GET /healthcheck HTTP/1.0" status: 200 len: 137 time: 0.0021243
2026-06-12 08:15:02.817 16 DEBUG neutron.wsgi [-] (16) accepted ('192.168.122.100', 58528) server /usr/lib/python3.9/site-packages/eventlet/wsgi.py:992
2026-06-12 08:15:02.820 16 INFO neutron.wsgi [-] 192.168.122.100 "GET / HTTP/1.1" status: 200 len: 233 time: 0.0021784
2026-06-12 08:15:04.351 16 DEBUG neutron.wsgi [-] (16) accepted ('192.168.122.100', 58536) server /usr/lib/python3.9/site-packages/eventlet/wsgi.py:992
2026-06-12 08:15:04.353 16 INFO neutron.wsgi [-] 192.168.122.100 "GET /healthcheck HTTP/1.0" status: 200 len: 137 time: 0.0017524
2026-06-12 08:15:06.355 18 DEBUG neutron.wsgi [-] (18) accepted ('192.168.122.100', 58552) server /usr/lib/python3.9/site-packages/eventlet/wsgi.py:992
2026-06-12 08:15:06.358 18 INFO neutron.wsgi [-] 192.168.122.100 "GET /healthcheck HTTP/1.0" status: 200 len: 137 time: 0.0016713
2026-06-12 08:15:08.360 16 DEBUG neutron.wsgi [-] (16) accepted ('192.168.122.100', 58564) server /usr/lib/python3.9/site-packages/eventlet/wsgi.py:992
2026-06-12 08:15:08.364 16 INFO neutron.wsgi [-] 192.168.122.100 "GET /healthcheck HTTP/1.0" status: 200 len: 137 time: 0.0024683
2026-06-12 08:15:10.366 16 DEBUG neutron.wsgi [-] (16) accepted ('192.168.122.100', 58580) server /usr/lib/python3.9/site-packages/eventlet/wsgi.py:992
2026-06-12 08:15:10.369 16 INFO neutron.wsgi [-] 192.168.122.100 "GET /healthcheck HTTP/1.0" status: 200 len: 137 time: 0.0027304
2026-06-12 08:15:12.371 16 DEBUG neutron.wsgi [-] (16) accepted ('192.168.122.100', 54630) server /usr/lib/python3.9/site-packages/eventlet/wsgi.py:992
2026-06-12 08:15:12.375 16 INFO neutron.wsgi [-] 192.168.122.100 "GET /healthcheck HTTP/1.0" status: 200 len: 137 time: 0.0024717
2026-06-12 08:15:14.378 16 DEBUG neutron.wsgi [-] (16) accepted ('192.168.122.100', 54644) server /usr/lib/python3.9/site-packages/eventlet/wsgi.py:992
2026-06-12 08:15:14.382 16 INFO neutron.wsgi [-] 192.168.122.100 "GET /healthcheck HTTP/1.0" status: 200 len: 137 time: 0.0028887
2026-06-12 08:15:16.383 18 DEBUG neutron.wsgi [-] (18) accepted ('192.168.122.100', 54660) server /usr/lib/python3.9/site-packages/eventlet/wsgi.py:992
2026-06-12 08:15:16.386 18 INFO neutron.wsgi [-] 192.168.122.100 "GET /healthcheck HTTP/1.0" status: 200 len: 137 time: 0.0016787
2026-06-12 08:15:18.388 15 DEBUG neutron.wsgi [-] (15) accepted ('192.168.122.100', 54676) server /usr/lib/python3.9/site-packages/eventlet/wsgi.py:992
2026-06-12 08:15:18.390 15 INFO neutron.wsgi [-] 192.168.122.100 "GET /healthcheck HTTP/1.0" status: 200 len: 137 time: 0.0017827
2026-06-12 08:15:20.393 17 DEBUG neutron.wsgi [-] (17) accepted ('192.168.122.100', 54680) server /usr/lib/python3.9/site-packages/eventlet/wsgi.py:992
2026-06-12 08:15:20.397 17 INFO neutron.wsgi [-] 192.168.122.100 "GET /healthcheck HTTP/1.0" status: 200 len: 137 time: 0.0026212
2026-06-12 08:15:22.399 15 DEBUG neutron.wsgi [-] (15) accepted ('192.168.122.100', 60482) server /usr/lib/python3.9/site-packages/eventlet/wsgi.py:992
2026-06-12 08:15:22.403 15 INFO neutron.wsgi [-] 192.168.122.100 "GET /healthcheck HTTP/1.0" status: 200 len: 137 time: 0.0030236
2026-06-12 08:15:24.405 15 DEBUG neutron.wsgi [-] (15) accepted ('192.168.122.100', 60492) server /usr/lib/python3.9/site-packages/eventlet/wsgi.py:992
2026-06-12 08:15:24.408 15 INFO neutron.wsgi [-] 192.168.122.100 "GET /healthcheck HTTP/1.0" status: 200 len: 137 time: 0.0027599
2026-06-12 08:15:26.410 18 DEBUG neutron.wsgi [-] (18) accepted ('192.168.122.100', 60496) server /usr/lib/python3.9/site-packages/eventlet/wsgi.py:992
2026-06-12 08:15:26.412 18 INFO neutron.wsgi [-] 192.168.122.100 "GET /healthcheck HTTP/1.0" status: 200 len: 137 time: 0.0013402
2026-06-12 08:15:28.415 18 DEBUG neutron.wsgi [-] (18) accepted ('192.168.122.100', 60500) server /usr/lib/python3.9/site-packages/eventlet/wsgi.py:992
2026-06-12 08:15:28.419 18 INFO neutron.wsgi [-] 192.168.122.100 "GET /healthcheck HTTP/1.0" status: 200 len: 137 time: 0.0028543
2026-06-12 08:15:30.420 18 DEBUG neutron.wsgi [-] (18) accepted ('192.168.122.100', 60508) server /usr/lib/python3.9/site-packages/eventlet/wsgi.py:992
2026-06-12 08:15:30.422 18 INFO neutron.wsgi [-] 192.168.122.100 "GET /healthcheck HTTP/1.0" status: 200 len: 137 time: 0.0013428
2026-06-12 08:15:32.424 18 DEBUG neutron.wsgi [-] (18) accepted ('192.168.122.100', 58656) server /usr/lib/python3.9/site-packages/eventlet/wsgi.py:992
2026-06-12 08:15:32.428 18 INFO neutron.wsgi [-] 192.168.122.100 "GET /healthcheck HTTP/1.0" status: 200 len: 137 time: 0.0024288
2026-06-12 08:15:33.647 18 DEBUG neutron.wsgi [-] (18) accepted ('192.168.122.100', 58660) server /usr/lib/python3.9/site-packages/eventlet/wsgi.py:992
2026-06-12 08:15:33.650 18 INFO neutron.wsgi [-] 192.168.122.100 "GET / HTTP/1.1" status: 200 len: 233 time: 0.0015082
2026-06-12 08:15:34.430 15 DEBUG neutron.wsgi [-] (15) accepted ('192.168.122.100', 58668) server /usr/lib/python3.9/site-packages/eventlet/wsgi.py:992
2026-06-12 08:15:34.434 15 INFO neutron.wsgi [-] 192.168.122.100 "GET /healthcheck HTTP/1.0" status: 200 len: 137 time: 0.0031290
2026-06-12 08:15:36.435 18 DEBUG neutron.wsgi [-] (18) accepted ('192.168.122.100', 58670) server /usr/lib/python3.9/site-packages/eventlet/wsgi.py:992
2026-06-12 08:15:36.438 18 INFO neutron.wsgi [-] 192.168.122.100 "GET /healthcheck HTTP/1.0" status: 200 len: 137 time: 0.0013993
2026-06-12 08:15:38.440 17 DEBUG neutron.wsgi [-] (17) accepted ('192.168.122.100', 58676) server /usr/lib/python3.9/site-packages/eventlet/wsgi.py:992
2026-06-12 08:15:38.442 17 INFO neutron.wsgi [-] 192.168.122.100 "GET /healthcheck HTTP/1.0" status: 200 len: 137 time: 0.0016453
2026-06-12 08:15:40.444 15 DEBUG neutron.wsgi [-] (15) accepted ('192.168.122.100', 58684) server /usr/lib/python3.9/site-packages/eventlet/wsgi.py:992
2026-06-12 08:15:40.448 15 INFO neutron.wsgi [-] 192.168.122.100 "GET /healthcheck HTTP/1.0" status: 200 len: 137 time: 0.0025673
2026-06-12 08:15:40.971 21 DEBUG neutron_lib.callbacks.manager [req-08b776af-8dbc-4947-beee-4fbd3da997b6 - - - - -] Notify callbacks ['neutron.services.segments.db._update_segment_host_mapping_for_agent-8729872062558', 'neutron.plugins.ml2.plugin.Ml2Plugin._retry_binding_revived_agents-1970967'] for agent, after_update _notify_loop /usr/lib/python3.9/site-packages/neutron_lib/callbacks/manager.py:200
2026-06-12 08:15:41.029 23 DEBUG neutron_lib.callbacks.manager [req-f22544af-f753-4190-a869-d1587f8793e8 - - - - -] Notify callbacks ['neutron.services.segments.db._update_segment_host_mapping_for_agent-8729872062558', 'neutron.plugins.ml2.plugin.Ml2Plugin._retry_binding_revived_agents-1970967'] for agent, after_update _notify_loop /usr/lib/python3.9/site-packages/neutron_lib/callbacks/manager.py:200
2026-06-12 08:15:42.449 18 DEBUG neutron.wsgi [-] (18) accepted ('192.168.122.100', 34496) server /usr/lib/python3.9/site-packages/eventlet/wsgi.py:992
2026-06-12 08:15:42.451 18 INFO neutron.wsgi [-] 192.168.122.100 "GET /healthcheck HTTP/1.0" status: 200 len: 137 time: 0.0014205
2026-06-12 08:15:44.453 15 DEBUG neutron.wsgi [-] (15) accepted ('192.168.122.100', 34508) server /usr/lib/python3.9/site-packages/eventlet/wsgi.py:992
2026-06-12 08:15:44.456 15 INFO neutron.wsgi [-] 192.168.122.100 "GET /healthcheck HTTP/1.0" status: 200 len: 137 time: 0.0025027
2026-06-12 08:15:46.458 17 DEBUG neutron.wsgi [-] (17) accepted ('192.168.122.100', 34522) server /usr/lib/python3.9/site-packages/eventlet/wsgi.py:992
2026-06-12 08:15:46.461 17 INFO neutron.wsgi [-] 192.168.122.100 "GET /healthcheck HTTP/1.0" status: 200 len: 137 time: 0.0013964
