2026-06-12 08:02:46.912 16 DEBUG neutron_lib.callbacks.manager [req-db4e6e40-a9cb-45ba-8692-f6e251c7cc1c fecf2c20f8ec48c4b6d3e792c6433b4e 3391102c2fa3465bacb426765dc7bb6c - default default] Notify callbacks ['neutron.notifiers.nova.Notifier._send_nova_notification-162310', 'neutron.api.rpc.agentnotifiers.dhcp_rpc_agent_api.DhcpAgentNotifyAPI._send_dhcp_notification-966591'] for port, before_response _notify_loop /usr/lib/python3.9/site-packages/neutron_lib/callbacks/manager.py:200
2026-06-12 08:02:46.953 16 INFO neutron.wsgi [req-db4e6e40-a9cb-45ba-8692-f6e251c7cc1c fecf2c20f8ec48c4b6d3e792c6433b4e 3391102c2fa3465bacb426765dc7bb6c - default default] 192.168.122.99,192.168.122.100 "POST /v2.0/ports HTTP/1.1" status: 201 len: 1150 time: 0.4876578
2026-06-12 08:02:46.953 15 DEBUG neutron_lib.callbacks.manager [req-c1be4531-f05c-44fb-8746-b5c096352f85 fecf2c20f8ec48c4b6d3e792c6433b4e 3391102c2fa3465bacb426765dc7bb6c - default default] Notify callbacks [] for allowed_address_pair, before_create _notify_loop /usr/lib/python3.9/site-packages/neutron_lib/callbacks/manager.py:200
2026-06-12 08:02:46.954 15 DEBUG neutron_lib.callbacks.manager [req-c1be4531-f05c-44fb-8746-b5c096352f85 fecf2c20f8ec48c4b6d3e792c6433b4e 3391102c2fa3465bacb426765dc7bb6c - default default] Notify callbacks [] for port, precommit_create _notify_loop /usr/lib/python3.9/site-packages/neutron_lib/callbacks/manager.py:200
2026-06-12 08:02:46.958 18 DEBUG neutron.api.rpc.handlers.resources_rpc [req-5a33bf47-4e02-4c08-840e-ff4152f733c4 fecf2c20f8ec48c4b6d3e792c6433b4e 3391102c2fa3465bacb426765dc7bb6c - - -] Pushing event updated for resources: {'Port': ['ID=f313fbef-b526-4c73-9574-296add7b5ff6,revision_number=1']} push /usr/lib/python3.9/site-packages/neutron/api/rpc/handlers/resources_rpc.py:237
2026-06-12 08:02:46.960 16 DEBUG neutron.services.tag.tag_plugin [req-b7d387c9-eb29-4e6e-9e85-12d4e76b3301 fecf2c20f8ec48c4b6d3e792c6433b4e 3391102c2fa3465bacb426765dc7bb6c - default default] neutron.services.tag.tag_plugin.TagPlugin method update_tags called with arguments (, 'ports', '7572fadc-e1f0-4b19-a145-600ba4b5827c', {'tags': ['tripleo_stack_name=overcloud', 'tripleo_vip_net=storage']}) {} wrapper /usr/lib/python3.9/site-packages/oslo_log/helpers.py:65
2026-06-12 08:02:46.969 18 DEBUG neutron.plugins.ml2.drivers.mech_agent [req-5a33bf47-4e02-4c08-840e-ff4152f733c4 fecf2c20f8ec48c4b6d3e792c6433b4e 3391102c2fa3465bacb426765dc7bb6c - default default] Checking segment: {'id': '39bdf4d6-f78e-4dbd-994c-08e410da052f', 'network_type': 'flat', 'physical_network': 'external_external_subnet', 'segmentation_id': None, 'network_id': '2e814215-fd2b-4368-8361-d004d571da50'} for mappings: {'ctlplane': 'br-ctlplane'} with network types: ['local', 'flat', 'vlan'] check_segment_for_agent /usr/lib/python3.9/site-packages/neutron/plugins/ml2/drivers/mech_agent.py:343
2026-06-12 08:02:46.969 18 DEBUG neutron.plugins.ml2.drivers.mech_agent [req-5a33bf47-4e02-4c08-840e-ff4152f733c4 fecf2c20f8ec48c4b6d3e792c6433b4e 3391102c2fa3465bacb426765dc7bb6c - default default] Network 2e814215-fd2b-4368-8361-d004d571da50 with segment 39bdf4d6-f78e-4dbd-994c-08e410da052f is connected to physical network external_external_subnet, but agent undercloud.ooo.test reported physical networks {'ctlplane': 'br-ctlplane'}. The physical network must be configured on the agent if binding is to succeed. check_segment_for_agent /usr/lib/python3.9/site-packages/neutron/plugins/ml2/drivers/mech_agent.py:365
2026-06-12 08:02:46.972 15 DEBUG neutron_lib.callbacks.manager [req-18179923-9179-48ef-a991-d525070c9af9 fecf2c20f8ec48c4b6d3e792c6433b4e 3391102c2fa3465bacb426765dc7bb6c - default default] Notify callbacks [] for allowed_address_pair, before_create _notify_loop /usr/lib/python3.9/site-packages/neutron_lib/callbacks/manager.py:200
2026-06-12 08:02:46.972 18 DEBUG neutron.scheduler.dhcp_agent_scheduler [req-5a33bf47-4e02-4c08-840e-ff4152f733c4 fecf2c20f8ec48c4b6d3e792c6433b4e 3391102c2fa3465bacb426765dc7bb6c - default default] Network hostable DHCP agents. Network: 2e814215-fd2b-4368-8361-d004d571da50, hostable agents: [], hosted agents: [] _get_network_hostable_dhcp_agents /usr/lib/python3.9/site-packages/neutron/scheduler/dhcp_agent_scheduler.py:329
2026-06-12 08:02:46.973 15 DEBUG neutron_lib.callbacks.manager [req-18179923-9179-48ef-a991-d525070c9af9 fecf2c20f8ec48c4b6d3e792c6433b4e 3391102c2fa3465bacb426765dc7bb6c - default default] Notify callbacks [] for port, precommit_create _notify_loop /usr/lib/python3.9/site-packages/neutron_lib/callbacks/manager.py:200
2026-06-12 08:02:46.973 18 DEBUG neutron.scheduler.base_scheduler [req-5a33bf47-4e02-4c08-840e-ff4152f733c4 fecf2c20f8ec48c4b6d3e792c6433b4e 3391102c2fa3465bacb426765dc7bb6c - default default] Resources bound (agent type, host, resource id): schedule /usr/lib/python3.9/site-packages/neutron/scheduler/base_scheduler.py:57
2026-06-12 08:02:46.973 18 WARNING neutron.api.rpc.agentnotifiers.dhcp_rpc_agent_api [req-5a33bf47-4e02-4c08-840e-ff4152f733c4 fecf2c20f8ec48c4b6d3e792c6433b4e 3391102c2fa3465bacb426765dc7bb6c - default default] Unable to schedule network 2e814215-fd2b-4368-8361-d004d571da50: no agents available; will retry on subsequent port and subnet creation events.
2026-06-12 08:02:46.973 18 DEBUG neutron.api.rpc.agentnotifiers.dhcp_rpc_agent_api [req-5a33bf47-4e02-4c08-840e-ff4152f733c4 fecf2c20f8ec48c4b6d3e792c6433b4e 3391102c2fa3465bacb426765dc7bb6c - default default] Network 2e814215-fd2b-4368-8361-d004d571da50 is not hosted by any dhcp agent _notify_agents /usr/lib/python3.9/site-packages/neutron/api/rpc/agentnotifiers/dhcp_rpc_agent_api.py:228
2026-06-12 08:02:46.975 16 DEBUG neutron.wsgi [-] (16) accepted ('192.168.122.100', 39136) server /usr/lib/python3.9/site-packages/eventlet/wsgi.py:992
2026-06-12 08:02:46.977 16 INFO neutron.wsgi [-] 192.168.122.100 "GET /healthcheck HTTP/1.0" status: 200 len: 137 time: 0.0014901
2026-06-12 08:02:46.989 15 DEBUG neutron.db.provisioning_blocks [req-18179923-9179-48ef-a991-d525070c9af9 fecf2c20f8ec48c4b6d3e792c6433b4e 3391102c2fa3465bacb426765dc7bb6c - default default] Transition to ACTIVE for port object 6097e547-47ba-4066-9466-11bfee8fdfe0 will not be triggered until provisioned by entity DHCP. add_provisioning_component /usr/lib/python3.9/site-packages/neutron/db/provisioning_blocks.py:74
2026-06-12 08:02:46.995 16 INFO neutron.wsgi [req-b7d387c9-eb29-4e6e-9e85-12d4e76b3301 fecf2c20f8ec48c4b6d3e792c6433b4e 3391102c2fa3465bacb426765dc7bb6c - default default] 192.168.122.99,192.168.122.100 "PUT /v2.0/ports/7572fadc-e1f0-4b19-a145-600ba4b5827c/tags HTTP/1.1" status: 200 len: 243 time: 0.0366611
2026-06-12 08:02:47.001 18 DEBUG neutron.pecan_wsgi.hooks.policy_enforcement [req-5a33bf47-4e02-4c08-840e-ff4152f733c4 fecf2c20f8ec48c4b6d3e792c6433b4e 3391102c2fa3465bacb426765dc7bb6c - default default] Attributes excluded by policy engine: ['standard_attr_id', 'network'] _exclude_attributes_by_policy /usr/lib/python3.9/site-packages/neutron/pecan_wsgi/hooks/policy_enforcement.py:259
2026-06-12 08:02:47.001 15 DEBUG neutron_lib.callbacks.manager [req-c1be4531-f05c-44fb-8746-b5c096352f85 fecf2c20f8ec48c4b6d3e792c6433b4e 3391102c2fa3465bacb426765dc7bb6c - default default] Notify callbacks ['neutron.plugins.ml2.plugin.SecurityGroupServerNotifierRpcMixin.notify_sg_on_port_change-1584706', 'neutron.plugins.ml2.extensions.dns_integration._create_port_in_external_dns_service-8729871947210', 'neutron.plugins.ml2.ovo_rpc._ObjectChangeHandler.handle_event-257470', 'neutron.api.rpc.agentnotifiers.dhcp_rpc_agent_api.DhcpAgentNotifyAPI._native_event_send_dhcp_notification-966541', 'neutron.services.segments.plugin.NovaSegmentNotifier._notify_port_created_or_deleted-595377'] for port, after_create _notify_loop /usr/lib/python3.9/site-packages/neutron_lib/callbacks/manager.py:200
2026-06-12 08:02:47.001 18 DEBUG neutron_lib.callbacks.manager [req-5a33bf47-4e02-4c08-840e-ff4152f733c4 fecf2c20f8ec48c4b6d3e792c6433b4e 3391102c2fa3465bacb426765dc7bb6c - default default] Notify callbacks ['neutron.notifiers.nova.Notifier._send_nova_notification-162310', 'neutron.api.rpc.agentnotifiers.dhcp_rpc_agent_api.DhcpAgentNotifyAPI._send_dhcp_notification-966591'] for port, before_response _notify_loop /usr/lib/python3.9/site-packages/neutron_lib/callbacks/manager.py:200
2026-06-12 08:02:47.014 18 INFO neutron.wsgi [req-5a33bf47-4e02-4c08-840e-ff4152f733c4 fecf2c20f8ec48c4b6d3e792c6433b4e 3391102c2fa3465bacb426765dc7bb6c - default default] 192.168.122.99,192.168.122.100 "POST /v2.0/ports HTTP/1.1" status: 201 len: 1151 time: 0.5669804
2026-06-12 08:02:47.020 18 DEBUG neutron.services.tag.tag_plugin [req-7856c0d0-7d05-4687-9a5e-676b6bda657c fecf2c20f8ec48c4b6d3e792c6433b4e 3391102c2fa3465bacb426765dc7bb6c - default default] neutron.services.tag.tag_plugin.TagPlugin method update_tags called with arguments (, 'ports', 'f313fbef-b526-4c73-9574-296add7b5ff6', {'tags': ['tripleo_stack_name=overcloud', 'tripleo_vip_net=external']}) {} wrapper /usr/lib/python3.9/site-packages/oslo_log/helpers.py:65
2026-06-12 08:02:47.035 15 DEBUG neutron_lib.callbacks.manager [req-18179923-9179-48ef-a991-d525070c9af9 fecf2c20f8ec48c4b6d3e792c6433b4e 3391102c2fa3465bacb426765dc7bb6c - default default] Notify callbacks ['neutron.plugins.ml2.plugin.SecurityGroupServerNotifierRpcMixin.notify_sg_on_port_change-1584706', 'neutron.plugins.ml2.extensions.dns_integration._create_port_in_external_dns_service-8729871947210', 'neutron.plugins.ml2.ovo_rpc._ObjectChangeHandler.handle_event-257470', 'neutron.api.rpc.agentnotifiers.dhcp_rpc_agent_api.DhcpAgentNotifyAPI._native_event_send_dhcp_notification-966541', 'neutron.services.segments.plugin.NovaSegmentNotifier._notify_port_created_or_deleted-595377'] for port, after_create _notify_loop /usr/lib/python3.9/site-packages/neutron_lib/callbacks/manager.py:200
2026-06-12 08:02:47.053 15 DEBUG neutron.api.rpc.handlers.resources_rpc [req-c1be4531-f05c-44fb-8746-b5c096352f85 fecf2c20f8ec48c4b6d3e792c6433b4e 3391102c2fa3465bacb426765dc7bb6c - - -] Pushing event updated for resources: {'Port': ['ID=139b9e13-74ab-4e1a-9ac2-d2cac05507ac,revision_number=1']} push /usr/lib/python3.9/site-packages/neutron/api/rpc/handlers/resources_rpc.py:237
2026-06-12 08:02:47.065 18 INFO neutron.wsgi [req-7856c0d0-7d05-4687-9a5e-676b6bda657c fecf2c20f8ec48c4b6d3e792c6433b4e 3391102c2fa3465bacb426765dc7bb6c - default default] 192.168.122.99,192.168.122.100 "PUT /v2.0/ports/f313fbef-b526-4c73-9574-296add7b5ff6/tags HTTP/1.1" status: 200 len: 244 time: 0.0484700
2026-06-12 08:02:47.069 15 DEBUG neutron.scheduler.dhcp_agent_scheduler [req-18179923-9179-48ef-a991-d525070c9af9 fecf2c20f8ec48c4b6d3e792c6433b4e 3391102c2fa3465bacb426765dc7bb6c - default default] Network 02dd4d7c-0f5d-40a2-99be-2702224ade31 is already hosted by enough agents. _get_dhcp_agents_hosting_network /usr/lib/python3.9/site-packages/neutron/scheduler/dhcp_agent_scheduler.py:275
2026-06-12 08:02:47.072 15 DEBUG neutron.scheduler.base_scheduler [req-18179923-9179-48ef-a991-d525070c9af9 fecf2c20f8ec48c4b6d3e792c6433b4e 3391102c2fa3465bacb426765dc7bb6c - default default] Resources bound (agent type, host, resource id): schedule /usr/lib/python3.9/site-packages/neutron/scheduler/base_scheduler.py:57
2026-06-12 08:02:47.073 15 DEBUG neutron.plugins.ml2.drivers.mech_agent [req-c1be4531-f05c-44fb-8746-b5c096352f85 fecf2c20f8ec48c4b6d3e792c6433b4e 3391102c2fa3465bacb426765dc7bb6c - default default] Checking segment: {'id': '207f4436-0460-43c9-89e6-da6a327ee3f4', 'network_type': 'flat', 'physical_network': 'internal_api_internal_api_subnet', 'segmentation_id': None, 'network_id': 'c3331ed1-fce4-45d7-bda7-fabf8cf3ad28'} for mappings: {'ctlplane': 'br-ctlplane'} with network types: ['local', 'flat', 'vlan'] check_segment_for_agent /usr/lib/python3.9/site-packages/neutron/plugins/ml2/drivers/mech_agent.py:343
2026-06-12 08:02:47.074 15 DEBUG neutron.plugins.ml2.drivers.mech_agent [req-c1be4531-f05c-44fb-8746-b5c096352f85 fecf2c20f8ec48c4b6d3e792c6433b4e 3391102c2fa3465bacb426765dc7bb6c - default default] Network c3331ed1-fce4-45d7-bda7-fabf8cf3ad28 with segment 207f4436-0460-43c9-89e6-da6a327ee3f4 is connected to physical network internal_api_internal_api_subnet, but agent undercloud.ooo.test reported physical networks {'ctlplane': 'br-ctlplane'}. The physical network must be configured on the agent if binding is to succeed. check_segment_for_agent /usr/lib/python3.9/site-packages/neutron/plugins/ml2/drivers/mech_agent.py:365
2026-06-12 08:02:47.098 15 DEBUG neutron.scheduler.dhcp_agent_scheduler [req-c1be4531-f05c-44fb-8746-b5c096352f85 fecf2c20f8ec48c4b6d3e792c6433b4e 3391102c2fa3465bacb426765dc7bb6c - default default] Network hostable DHCP agents. Network: c3331ed1-fce4-45d7-bda7-fabf8cf3ad28, hostable agents: [], hosted agents: [] _get_network_hostable_dhcp_agents /usr/lib/python3.9/site-packages/neutron/scheduler/dhcp_agent_scheduler.py:329
2026-06-12 08:02:47.099 15 DEBUG neutron.scheduler.base_scheduler [req-c1be4531-f05c-44fb-8746-b5c096352f85 fecf2c20f8ec48c4b6d3e792c6433b4e 3391102c2fa3465bacb426765dc7bb6c - default default] Resources bound (agent type, host, resource id): schedule /usr/lib/python3.9/site-packages/neutron/scheduler/base_scheduler.py:57
2026-06-12 08:02:47.099 15 WARNING neutron.api.rpc.agentnotifiers.dhcp_rpc_agent_api [req-c1be4531-f05c-44fb-8746-b5c096352f85 fecf2c20f8ec48c4b6d3e792c6433b4e 3391102c2fa3465bacb426765dc7bb6c - default default] Unable to schedule network c3331ed1-fce4-45d7-bda7-fabf8cf3ad28: no agents available; will retry on subsequent port and subnet creation events.
2026-06-12 08:02:47.099 15 DEBUG neutron.api.rpc.agentnotifiers.dhcp_rpc_agent_api [req-c1be4531-f05c-44fb-8746-b5c096352f85 fecf2c20f8ec48c4b6d3e792c6433b4e 3391102c2fa3465bacb426765dc7bb6c - default default] Network c3331ed1-fce4-45d7-bda7-fabf8cf3ad28 is not hosted by any dhcp agent _notify_agents /usr/lib/python3.9/site-packages/neutron/api/rpc/agentnotifiers/dhcp_rpc_agent_api.py:228
2026-06-12 08:02:47.123 15 DEBUG neutron.api.rpc.handlers.resources_rpc [req-18179923-9179-48ef-a991-d525070c9af9 fecf2c20f8ec48c4b6d3e792c6433b4e 3391102c2fa3465bacb426765dc7bb6c - - -] Pushing event updated for resources: {'Port': ['ID=6097e547-47ba-4066-9466-11bfee8fdfe0,revision_number=1']} push /usr/lib/python3.9/site-packages/neutron/api/rpc/handlers/resources_rpc.py:237
2026-06-12 08:02:47.130 15 DEBUG neutron.pecan_wsgi.hooks.policy_enforcement [req-18179923-9179-48ef-a991-d525070c9af9 fecf2c20f8ec48c4b6d3e792c6433b4e 3391102c2fa3465bacb426765dc7bb6c - default default] Attributes excluded by policy engine: ['standard_attr_id', 'network'] _exclude_attributes_by_policy /usr/lib/python3.9/site-packages/neutron/pecan_wsgi/hooks/policy_enforcement.py:259
2026-06-12 08:02:47.131 15 DEBUG neutron_lib.callbacks.manager [req-18179923-9179-48ef-a991-d525070c9af9 fecf2c20f8ec48c4b6d3e792c6433b4e 3391102c2fa3465bacb426765dc7bb6c - default default] Notify callbacks ['neutron.notifiers.nova.Notifier._send_nova_notification-162310', 'neutron.api.rpc.agentnotifiers.dhcp_rpc_agent_api.DhcpAgentNotifyAPI._send_dhcp_notification-966591'] for port, before_response _notify_loop /usr/lib/python3.9/site-packages/neutron_lib/callbacks/manager.py:200
2026-06-12 08:02:47.136 15 DEBUG neutron.pecan_wsgi.hooks.policy_enforcement [req-c1be4531-f05c-44fb-8746-b5c096352f85 fecf2c20f8ec48c4b6d3e792c6433b4e 3391102c2fa3465bacb426765dc7bb6c - default default] Attributes excluded by policy engine: ['standard_attr_id', 'network'] _exclude_attributes_by_policy /usr/lib/python3.9/site-packages/neutron/pecan_wsgi/hooks/policy_enforcement.py:259
2026-06-12 08:02:47.136 15 DEBUG neutron_lib.callbacks.manager [req-c1be4531-f05c-44fb-8746-b5c096352f85 fecf2c20f8ec48c4b6d3e792c6433b4e 3391102c2fa3465bacb426765dc7bb6c - default default] Notify callbacks ['neutron.notifiers.nova.Notifier._send_nova_notification-162310', 'neutron.api.rpc.agentnotifiers.dhcp_rpc_agent_api.DhcpAgentNotifyAPI._send_dhcp_notification-966591'] for port, before_response _notify_loop /usr/lib/python3.9/site-packages/neutron_lib/callbacks/manager.py:200
2026-06-12 08:02:47.147 15 INFO neutron.wsgi [req-c1be4531-f05c-44fb-8746-b5c096352f85 fecf2c20f8ec48c4b6d3e792c6433b4e 3391102c2fa3465bacb426765dc7bb6c - default default] 192.168.122.99,192.168.122.100 "POST /v2.0/ports HTTP/1.1" status: 201 len: 1155 time: 0.7083013
2026-06-12 08:02:47.149 15 INFO neutron.wsgi [req-18179923-9179-48ef-a991-d525070c9af9 fecf2c20f8ec48c4b6d3e792c6433b4e 3391102c2fa3465bacb426765dc7bb6c - default default] 192.168.122.99,192.168.122.100 "POST /v2.0/ports HTTP/1.1" status: 201 len: 1155 time: 0.6965835
2026-06-12 08:02:47.161 15 DEBUG neutron.services.tag.tag_plugin [req-0943709f-190f-469c-953b-26c115c2c2e0 fecf2c20f8ec48c4b6d3e792c6433b4e 3391102c2fa3465bacb426765dc7bb6c - default default] neutron.services.tag.tag_plugin.TagPlugin method update_tags called with arguments (, 'ports', '6097e547-47ba-4066-9466-11bfee8fdfe0', {'tags': ['tripleo_stack_name=overcloud', 'tripleo_vip_net=ctlplane']}) {} wrapper /usr/lib/python3.9/site-packages/oslo_log/helpers.py:65
2026-06-12 08:02:47.184 15 DEBUG neutron.services.tag.tag_plugin [req-8ebcaecf-346a-4733-a88b-8ca7d4daa32a fecf2c20f8ec48c4b6d3e792c6433b4e 3391102c2fa3465bacb426765dc7bb6c - default default] neutron.services.tag.tag_plugin.TagPlugin method update_tags called with arguments (, 'ports', '139b9e13-74ab-4e1a-9ac2-d2cac05507ac', {'tags': ['tripleo_stack_name=overcloud', 'tripleo_vip_net=internal_api']}) {} wrapper /usr/lib/python3.9/site-packages/oslo_log/helpers.py:65
2026-06-12 08:02:47.221 15 INFO neutron.wsgi [req-0943709f-190f-469c-953b-26c115c2c2e0 fecf2c20f8ec48c4b6d3e792c6433b4e 3391102c2fa3465bacb426765dc7bb6c - default default] 192.168.122.99,192.168.122.100 "PUT /v2.0/ports/6097e547-47ba-4066-9466-11bfee8fdfe0/tags HTTP/1.1" status: 200 len: 244 time: 0.0623438
2026-06-12 08:02:47.222 15 INFO neutron.wsgi [req-8ebcaecf-346a-4733-a88b-8ca7d4daa32a fecf2c20f8ec48c4b6d3e792c6433b4e 3391102c2fa3465bacb426765dc7bb6c - default default] 192.168.122.99,192.168.122.100 "PUT /v2.0/ports/139b9e13-74ab-4e1a-9ac2-d2cac05507ac/tags HTTP/1.1" status: 200 len: 248 time: 0.0404155
2026-06-12 08:02:47.264 15 DEBUG neutron.pecan_wsgi.hooks.policy_enforcement [req-e0565b72-62ce-4030-9f59-543b6fd8136d fecf2c20f8ec48c4b6d3e792c6433b4e 3391102c2fa3465bacb426765dc7bb6c - default default] Attributes excluded by policy engine: ['standard_attr_id'] _exclude_attributes_by_policy /usr/lib/python3.9/site-packages/neutron/pecan_wsgi/hooks/policy_enforcement.py:259
2026-06-12 08:02:47.264 15 DEBUG neutron.pecan_wsgi.hooks.policy_enforcement [req-e0565b72-62ce-4030-9f59-543b6fd8136d fecf2c20f8ec48c4b6d3e792c6433b4e 3391102c2fa3465bacb426765dc7bb6c - default default] Attributes excluded by policy engine: ['standard_attr_id'] _exclude_attributes_by_policy /usr/lib/python3.9/site-packages/neutron/pecan_wsgi/hooks/policy_enforcement.py:259
2026-06-12 08:02:47.264 15 DEBUG neutron.pecan_wsgi.hooks.policy_enforcement [req-e0565b72-62ce-4030-9f59-543b6fd8136d fecf2c20f8ec48c4b6d3e792c6433b4e 3391102c2fa3465bacb426765dc7bb6c - default default] Attributes excluded by policy engine: ['standard_attr_id'] _exclude_attributes_by_policy /usr/lib/python3.9/site-packages/neutron/pecan_wsgi/hooks/policy_enforcement.py:259
2026-06-12 08:02:47.264 15 DEBUG neutron.pecan_wsgi.hooks.policy_enforcement [req-e0565b72-62ce-4030-9f59-543b6fd8136d fecf2c20f8ec48c4b6d3e792c6433b4e 3391102c2fa3465bacb426765dc7bb6c - default default] Attributes excluded by policy engine: ['standard_attr_id'] _exclude_attributes_by_policy /usr/lib/python3.9/site-packages/neutron/pecan_wsgi/hooks/policy_enforcement.py:259
2026-06-12 08:02:47.265 15 DEBUG neutron.pecan_wsgi.hooks.policy_enforcement [req-e0565b72-62ce-4030-9f59-543b6fd8136d fecf2c20f8ec48c4b6d3e792c6433b4e 3391102c2fa3465bacb426765dc7bb6c - default default] Attributes excluded by policy engine: ['standard_attr_id'] _exclude_attributes_by_policy /usr/lib/python3.9/site-packages/neutron/pecan_wsgi/hooks/policy_enforcement.py:259
2026-06-12 08:02:47.265 15 INFO neutron.wsgi [req-e0565b72-62ce-4030-9f59-543b6fd8136d fecf2c20f8ec48c4b6d3e792c6433b4e 3391102c2fa3465bacb426765dc7bb6c - default default] 192.168.122.99,192.168.122.100 "GET /v2.0/ports?tags=tripleo_stack_name%3Dovercloud HTTP/1.1" status: 200 len: 5305 time: 0.0395119
2026-06-12 08:02:47.453 21 DEBUG neutron.db.provisioning_blocks [req-369e24df-727f-4f70-8ab8-0a22d8e1afad - - - - -] Provisioning for port 6097e547-47ba-4066-9466-11bfee8fdfe0 completed by entity DHCP. provisioning_complete /usr/lib/python3.9/site-packages/neutron/db/provisioning_blocks.py:134
2026-06-12 08:02:47.459 21 DEBUG neutron.db.provisioning_blocks [req-369e24df-727f-4f70-8ab8-0a22d8e1afad - - - - -] Provisioning complete for port 6097e547-47ba-4066-9466-11bfee8fdfe0 triggered by entity DHCP. provisioning_complete /usr/lib/python3.9/site-packages/neutron/db/provisioning_blocks.py:140
2026-06-12 08:02:47.459 21 DEBUG neutron_lib.callbacks.manager [req-369e24df-727f-4f70-8ab8-0a22d8e1afad - - - - -] Notify callbacks ['neutron.plugins.ml2.plugin.Ml2Plugin._port_provisioned-1971121'] for port, provisioning_complete _notify_loop /usr/lib/python3.9/site-packages/neutron_lib/callbacks/manager.py:200
2026-06-12 08:02:47.460 21 INFO neutron.plugins.ml2.plugin [req-369e24df-727f-4f70-8ab8-0a22d8e1afad - - - - -] Attempt 1 to provision port 6097e547-47ba-4066-9466-11bfee8fdfe0
2026-06-12 08:02:47.513 21 DEBUG neutron.plugins.ml2.plugin [req-369e24df-727f-4f70-8ab8-0a22d8e1afad - - - - -] Port 6097e547-47ba-4066-9466-11bfee8fdfe0 cannot update to ACTIVE because it is not bound. _port_provisioned /usr/lib/python3.9/site-packages/neutron/plugins/ml2/plugin.py:353
2026-06-12 08:02:48.713 17 DEBUG neutron.wsgi [-] (17) accepted ('192.168.122.100', 39142) server /usr/lib/python3.9/site-packages/eventlet/wsgi.py:992
2026-06-12 08:02:48.835 17 DEBUG neutron.pecan_wsgi.hooks.policy_enforcement [req-f29b8c5a-13b1-471d-ad03-7ff0616dc6aa fecf2c20f8ec48c4b6d3e792c6433b4e 3391102c2fa3465bacb426765dc7bb6c - default default] Attributes excluded by policy engine: ['standard_attr_id', 'vlan_transparent'] _exclude_attributes_by_policy /usr/lib/python3.9/site-packages/neutron/pecan_wsgi/hooks/policy_enforcement.py:259
2026-06-12 08:02:48.835 17 DEBUG neutron.pecan_wsgi.hooks.policy_enforcement [req-f29b8c5a-13b1-471d-ad03-7ff0616dc6aa fecf2c20f8ec48c4b6d3e792c6433b4e 3391102c2fa3465bacb426765dc7bb6c - default default] Attributes excluded by policy engine: ['standard_attr_id', 'vlan_transparent'] _exclude_attributes_by_policy /usr/lib/python3.9/site-packages/neutron/pecan_wsgi/hooks/policy_enforcement.py:259
2026-06-12 08:02:48.835 17 DEBUG neutron.pecan_wsgi.hooks.policy_enforcement [req-f29b8c5a-13b1-471d-ad03-7ff0616dc6aa fecf2c20f8ec48c4b6d3e792c6433b4e 3391102c2fa3465bacb426765dc7bb6c - default default] Attributes excluded by policy engine: ['standard_attr_id', 'vlan_transparent'] _exclude_attributes_by_policy /usr/lib/python3.9/site-packages/neutron/pecan_wsgi/hooks/policy_enforcement.py:259
2026-06-12 08:02:48.836 17 DEBUG neutron.pecan_wsgi.hooks.policy_enforcement [req-f29b8c5a-13b1-471d-ad03-7ff0616dc6aa fecf2c20f8ec48c4b6d3e792c6433b4e 3391102c2fa3465bacb426765dc7bb6c - default default] Attributes excluded by policy engine: ['standard_attr_id', 'vlan_transparent'] _exclude_attributes_by_policy /usr/lib/python3.9/site-packages/neutron/pecan_wsgi/hooks/policy_enforcement.py:259
2026-06-12 08:02:48.836 17 DEBUG neutron.pecan_wsgi.hooks.policy_enforcement [req-f29b8c5a-13b1-471d-ad03-7ff0616dc6aa fecf2c20f8ec48c4b6d3e792c6433b4e 3391102c2fa3465bacb426765dc7bb6c - default default] Attributes excluded by policy engine: ['standard_attr_id', 'vlan_transparent'] _exclude_attributes_by_policy /usr/lib/python3.9/site-packages/neutron/pecan_wsgi/hooks/policy_enforcement.py:259
2026-06-12 08:02:48.836 17 DEBUG neutron.pecan_wsgi.hooks.policy_enforcement [req-f29b8c5a-13b1-471d-ad03-7ff0616dc6aa fecf2c20f8ec48c4b6d3e792c6433b4e 3391102c2fa3465bacb426765dc7bb6c - default default] Attributes excluded by policy engine: ['standard_attr_id', 'vlan_transparent'] _exclude_attributes_by_policy /usr/lib/python3.9/site-packages/neutron/pecan_wsgi/hooks/policy_enforcement.py:259
2026-06-12 08:02:48.837 17 INFO neutron.wsgi [req-f29b8c5a-13b1-471d-ad03-7ff0616dc6aa fecf2c20f8ec48c4b6d3e792c6433b4e 3391102c2fa3465bacb426765dc7bb6c - default default] 192.168.122.99,192.168.122.100 "GET /v2.0/networks HTTP/1.1" status: 200 len: 5131 time: 0.1226411
2026-06-12 08:02:48.881 17 DEBUG neutron.pecan_wsgi.hooks.policy_enforcement [req-debc8786-b0f1-4037-90fe-c28e0142e483 fecf2c20f8ec48c4b6d3e792c6433b4e 3391102c2fa3465bacb426765dc7bb6c - default default] Attributes excluded by policy engine: ['standard_attr_id', 'shared'] _exclude_attributes_by_policy /usr/lib/python3.9/site-packages/neutron/pecan_wsgi/hooks/policy_enforcement.py:259
2026-06-12 08:02:48.883 17 INFO neutron.wsgi [req-debc8786-b0f1-4037-90fe-c28e0142e483 fecf2c20f8ec48c4b6d3e792c6433b4e 3391102c2fa3465bacb426765dc7bb6c - default default] 192.168.122.99,192.168.122.100 "GET /v2.0/subnets?network_id=02dd4d7c-0f5d-40a2-99be-2702224ade31 HTTP/1.1" status: 200 len: 845 time: 0.0411384
2026-06-12 08:02:48.976 17 DEBUG neutron.pecan_wsgi.hooks.policy_enforcement [req-d04412e2-ab19-4de7-9ab7-75aebd800fdc fecf2c20f8ec48c4b6d3e792c6433b4e 3391102c2fa3465bacb426765dc7bb6c - default default] Attributes excluded by policy engine: ['standard_attr_id', 'shared'] _exclude_attributes_by_policy /usr/lib/python3.9/site-packages/neutron/pecan_wsgi/hooks/policy_enforcement.py:259
2026-06-12 08:02:48.977 17 INFO neutron.wsgi [req-d04412e2-ab19-4de7-9ab7-75aebd800fdc fecf2c20f8ec48c4b6d3e792c6433b4e 3391102c2fa3465bacb426765dc7bb6c - default default] 192.168.122.99,192.168.122.100 "GET /v2.0/subnets?network_id=2e814215-fd2b-4368-8361-d004d571da50 HTTP/1.1" status: 200 len: 863 time: 0.0856421
2026-06-12 08:02:48.978 18 DEBUG neutron.wsgi [-] (18) accepted ('192.168.122.100', 39150) server /usr/lib/python3.9/site-packages/eventlet/wsgi.py:992
2026-06-12 08:02:48.980 18 INFO neutron.wsgi [-] 192.168.122.100 "GET /healthcheck HTTP/1.0" status: 200 len: 137 time: 0.0014966
2026-06-12 08:02:49.015 17 DEBUG neutron.pecan_wsgi.hooks.policy_enforcement [req-2e7153df-0463-49aa-8cbf-973692ea146a fecf2c20f8ec48c4b6d3e792c6433b4e 3391102c2fa3465bacb426765dc7bb6c - default default] Attributes excluded by policy engine: ['standard_attr_id', 'shared'] _exclude_attributes_by_policy /usr/lib/python3.9/site-packages/neutron/pecan_wsgi/hooks/policy_enforcement.py:259
2026-06-12 08:02:49.016 17 INFO neutron.wsgi [req-2e7153df-0463-49aa-8cbf-973692ea146a fecf2c20f8ec48c4b6d3e792c6433b4e 3391102c2fa3465bacb426765dc7bb6c - default default] 192.168.122.99,192.168.122.100 "GET /v2.0/subnets?network_id=520056c6-8531-4294-a173-08674fecf06d HTTP/1.1" status: 200 len: 867 time: 0.0317781
2026-06-12 08:02:49.054 17 DEBUG neutron.pecan_wsgi.hooks.policy_enforcement [req-59409015-7c29-4601-9495-fa6918508a0b fecf2c20f8ec48c4b6d3e792c6433b4e 3391102c2fa3465bacb426765dc7bb6c - default default] Attributes excluded by policy engine: ['standard_attr_id', 'shared'] _exclude_attributes_by_policy /usr/lib/python3.9/site-packages/neutron/pecan_wsgi/hooks/policy_enforcement.py:259
2026-06-12 08:02:49.055 17 INFO neutron.wsgi [req-59409015-7c29-4601-9495-fa6918508a0b fecf2c20f8ec48c4b6d3e792c6433b4e 3391102c2fa3465bacb426765dc7bb6c - default default] 192.168.122.99,192.168.122.100 "GET /v2.0/subnets?network_id=5c6f351d-788a-4163-ac99-08189784e7ad HTTP/1.1" status: 200 len: 861 time: 0.0315738
2026-06-12 08:02:49.090 17 DEBUG neutron.pecan_wsgi.hooks.policy_enforcement [req-1e5d6a36-7416-4a4b-9bf1-2802324fc41d fecf2c20f8ec48c4b6d3e792c6433b4e 3391102c2fa3465bacb426765dc7bb6c - default default] Attributes excluded by policy engine: ['standard_attr_id', 'shared'] _exclude_attributes_by_policy /usr/lib/python3.9/site-packages/neutron/pecan_wsgi/hooks/policy_enforcement.py:259
2026-06-12 08:02:49.091 17 INFO neutron.wsgi [req-1e5d6a36-7416-4a4b-9bf1-2802324fc41d fecf2c20f8ec48c4b6d3e792c6433b4e 3391102c2fa3465bacb426765dc7bb6c - default default] 192.168.122.99,192.168.122.100 "GET /v2.0/subnets?network_id=6d566ce7-d931-47ee-83de-79c9e25c8ec8 HTTP/1.1" status: 200 len: 862 time: 0.0320053
2026-06-12 08:02:49.120 17 DEBUG neutron.pecan_wsgi.hooks.policy_enforcement [req-d2870507-b60c-4163-b81b-8f48932252b2 fecf2c20f8ec48c4b6d3e792c6433b4e 3391102c2fa3465bacb426765dc7bb6c - default default] Attributes excluded by policy engine: ['standard_attr_id', 'shared'] _exclude_attributes_by_policy /usr/lib/python3.9/site-packages/neutron/pecan_wsgi/hooks/policy_enforcement.py:259
2026-06-12 08:02:49.121 17 INFO neutron.wsgi [req-d2870507-b60c-4163-b81b-8f48932252b2 fecf2c20f8ec48c4b6d3e792c6433b4e 3391102c2fa3465bacb426765dc7bb6c - default default] 192.168.122.99,192.168.122.100 "GET /v2.0/subnets?network_id=c3331ed1-fce4-45d7-bda7-fabf8cf3ad28 HTTP/1.1" status: 200 len: 867 time: 0.0263147
2026-06-12 08:02:49.188 17 DEBUG neutron.pecan_wsgi.hooks.policy_enforcement [req-b0ddd173-67f1-4cae-ad5a-a0d7731558f4 fecf2c20f8ec48c4b6d3e792c6433b4e 3391102c2fa3465bacb426765dc7bb6c - default default] Attributes excluded by policy engine: ['standard_attr_id', 'vlan_transparent'] _exclude_attributes_by_policy /usr/lib/python3.9/site-packages/neutron/pecan_wsgi/hooks/policy_enforcement.py:259
2026-06-12 08:02:49.188 17 DEBUG neutron.pecan_wsgi.hooks.policy_enforcement [req-b0ddd173-67f1-4cae-ad5a-a0d7731558f4 fecf2c20f8ec48c4b6d3e792c6433b4e 3391102c2fa3465bacb426765dc7bb6c - default default] Attributes excluded by policy engine: ['standard_attr_id', 'vlan_transparent'] _exclude_attributes_by_policy /usr/lib/python3.9/site-packages/neutron/pecan_wsgi/hooks/policy_enforcement.py:259
2026-06-12 08:02:49.188 17 DEBUG neutron.pecan_wsgi.hooks.policy_enforcement [req-b0ddd173-67f1-4cae-ad5a-a0d7731558f4 fecf2c20f8ec48c4b6d3e792c6433b4e 3391102c2fa3465bacb426765dc7bb6c - default default] Attributes excluded by policy engine: ['standard_attr_id', 'vlan_transparent'] _exclude_attributes_by_policy /usr/lib/python3.9/site-packages/neutron/pecan_wsgi/hooks/policy_enforcement.py:259
2026-06-12 08:02:49.189 17 DEBUG neutron.pecan_wsgi.hooks.policy_enforcement [req-b0ddd173-67f1-4cae-ad5a-a0d7731558f4 fecf2c20f8ec48c4b6d3e792c6433b4e 3391102c2fa3465bacb426765dc7bb6c - default default] Attributes excluded by policy engine: ['standard_attr_id', 'vlan_transparent'] _exclude_attributes_by_policy /usr/lib/python3.9/site-packages/neutron/pecan_wsgi/hooks/policy_enforcement.py:259
2026-06-12 08:02:49.189 17 DEBUG neutron.pecan_wsgi.hooks.policy_enforcement [req-b0ddd173-67f1-4cae-ad5a-a0d7731558f4 fecf2c20f8ec48c4b6d3e792c6433b4e 3391102c2fa3465bacb426765dc7bb6c - default default] Attributes excluded by policy engine: ['standard_attr_id', 'vlan_transparent'] _exclude_attributes_by_policy /usr/lib/python3.9/site-packages/neutron/pecan_wsgi/hooks/policy_enforcement.py:259
2026-06-12 08:02:49.189 17 DEBUG neutron.pecan_wsgi.hooks.policy_enforcement [req-b0ddd173-67f1-4cae-ad5a-a0d7731558f4 fecf2c20f8ec48c4b6d3e792c6433b4e 3391102c2fa3465bacb426765dc7bb6c - default default] Attributes excluded by policy engine: ['standard_attr_id', 'vlan_transparent'] _exclude_attributes_by_policy /usr/lib/python3.9/site-packages/neutron/pecan_wsgi/hooks/policy_enforcement.py:259
2026-06-12 08:02:49.190 17 INFO neutron.wsgi [req-b0ddd173-67f1-4cae-ad5a-a0d7731558f4 fecf2c20f8ec48c4b6d3e792c6433b4e 3391102c2fa3465bacb426765dc7bb6c - default default] 192.168.122.99,192.168.122.100 "GET /v2.0/networks HTTP/1.1" status: 200 len: 5131 time: 0.0647705
2026-06-12 08:02:49.239 17 DEBUG neutron.pecan_wsgi.hooks.policy_enforcement [req-ccb7c564-36de-468e-a61f-ad02cb903c3a fecf2c20f8ec48c4b6d3e792c6433b4e 3391102c2fa3465bacb426765dc7bb6c - default default] Attributes excluded by policy engine: ['standard_attr_id'] _exclude_attributes_by_policy /usr/lib/python3.9/site-packages/neutron/pecan_wsgi/hooks/policy_enforcement.py:259
2026-06-12 08:02:49.240 17 INFO neutron.wsgi [req-ccb7c564-36de-468e-a61f-ad02cb903c3a fecf2c20f8ec48c4b6d3e792c6433b4e 3391102c2fa3465bacb426765dc7bb6c - default default] 192.168.122.99,192.168.122.100 "GET /v2.0/ports?network_id=c3331ed1-fce4-45d7-bda7-fabf8cf3ad28&tags=tripleo_stack_name%3Dovercloud&tags=tripleo_vip_net%3Dinternal_api HTTP/1.1" status: 200 len: 1215 time: 0.0436487
2026-06-12 08:02:49.271 17 DEBUG neutron.pecan_wsgi.hooks.policy_enforcement [req-7240b824-4259-43b1-a067-7c329e8c2354 fecf2c20f8ec48c4b6d3e792c6433b4e 3391102c2fa3465bacb426765dc7bb6c - default default] Attributes excluded by policy engine: ['standard_attr_id', 'shared'] _exclude_attributes_by_policy /usr/lib/python3.9/site-packages/neutron/pecan_wsgi/hooks/policy_enforcement.py:259
2026-06-12 08:02:49.271 17 INFO neutron.wsgi [req-7240b824-4259-43b1-a067-7c329e8c2354 fecf2c20f8ec48c4b6d3e792c6433b4e 3391102c2fa3465bacb426765dc7bb6c - default default] 192.168.122.99,192.168.122.100 "GET /v2.0/subnets/49af3a58-65cf-4296-b8d2-8b37fc421e30 HTTP/1.1" status: 200 len: 864 time: 0.0273173
2026-06-12 08:02:49.315 17 DEBUG neutron.pecan_wsgi.hooks.policy_enforcement [req-74901ee6-cbcd-43b2-a268-b2041f8d810e fecf2c20f8ec48c4b6d3e792c6433b4e 3391102c2fa3465bacb426765dc7bb6c - default default] Attributes excluded by policy engine: ['standard_attr_id'] _exclude_attributes_by_policy /usr/lib/python3.9/site-packages/neutron/pecan_wsgi/hooks/policy_enforcement.py:259
2026-06-12 08:02:49.316 17 INFO neutron.wsgi [req-74901ee6-cbcd-43b2-a268-b2041f8d810e fecf2c20f8ec48c4b6d3e792c6433b4e 3391102c2fa3465bacb426765dc7bb6c - default default] 192.168.122.99,192.168.122.100 "GET /v2.0/ports?network_id=6d566ce7-d931-47ee-83de-79c9e25c8ec8&tags=tripleo_stack_name%3Dovercloud&tags=tripleo_vip_net%3Dstorage HTTP/1.1" status: 200 len: 1205 time: 0.0412445
2026-06-12 08:02:49.348 17 DEBUG neutron.pecan_wsgi.hooks.policy_enforcement [req-9dbc3e94-8591-4e2c-8a42-f48cd9e3b4ca fecf2c20f8ec48c4b6d3e792c6433b4e 3391102c2fa3465bacb426765dc7bb6c - default default] Attributes excluded by policy engine: ['standard_attr_id', 'shared'] _exclude_attributes_by_policy /usr/lib/python3.9/site-packages/neutron/pecan_wsgi/hooks/policy_enforcement.py:259
2026-06-12 08:02:49.348 17 INFO neutron.wsgi [req-9dbc3e94-8591-4e2c-8a42-f48cd9e3b4ca fecf2c20f8ec48c4b6d3e792c6433b4e 3391102c2fa3465bacb426765dc7bb6c - default default] 192.168.122.99,192.168.122.100 "GET /v2.0/subnets/80a99349-d980-4f94-bc85-6d2fffe616e5 HTTP/1.1" status: 200 len: 859 time: 0.0291753
2026-06-12 08:02:49.394 17 DEBUG neutron.pecan_wsgi.hooks.policy_enforcement [req-c4e7eb5c-cb2b-4642-977d-84a8f469b2fc fecf2c20f8ec48c4b6d3e792c6433b4e 3391102c2fa3465bacb426765dc7bb6c - default default] Attributes excluded by policy engine: ['standard_attr_id'] _exclude_attributes_by_policy /usr/lib/python3.9/site-packages/neutron/pecan_wsgi/hooks/policy_enforcement.py:259
2026-06-12 08:02:49.395 17 INFO neutron.wsgi [req-c4e7eb5c-cb2b-4642-977d-84a8f469b2fc fecf2c20f8ec48c4b6d3e792c6433b4e 3391102c2fa3465bacb426765dc7bb6c - default default] 192.168.122.99,192.168.122.100 "GET /v2.0/ports?network_id=520056c6-8531-4294-a173-08674fecf06d&tags=tripleo_stack_name%3Dovercloud&tags=tripleo_vip_net%3Dstorage_mgmt HTTP/1.1" status: 200 len: 1215 time: 0.0435152
2026-06-12 08:02:49.429 17 DEBUG neutron.pecan_wsgi.hooks.policy_enforcement [req-0159fb38-95e9-49e3-aa30-c8779d14f876 fecf2c20f8ec48c4b6d3e792c6433b4e 3391102c2fa3465bacb426765dc7bb6c - default default] Attributes excluded by policy engine: ['standard_attr_id', 'shared'] _exclude_attributes_by_policy /usr/lib/python3.9/site-packages/neutron/pecan_wsgi/hooks/policy_enforcement.py:259
2026-06-12 08:02:49.430 17 INFO neutron.wsgi [req-0159fb38-95e9-49e3-aa30-c8779d14f876 fecf2c20f8ec48c4b6d3e792c6433b4e 3391102c2fa3465bacb426765dc7bb6c - default default] 192.168.122.99,192.168.122.100 "GET /v2.0/subnets/cbb8fd4f-d34c-4b95-b90b-6e7562bc5363 HTTP/1.1" status: 200 len: 864 time: 0.0307894
2026-06-12 08:02:49.474 17 DEBUG neutron.pecan_wsgi.hooks.policy_enforcement [req-e3192aca-3c0b-4cb9-9254-a02a684351bb fecf2c20f8ec48c4b6d3e792c6433b4e 3391102c2fa3465bacb426765dc7bb6c - default default] Attributes excluded by policy engine: ['standard_attr_id'] _exclude_attributes_by_policy /usr/lib/python3.9/site-packages/neutron/pecan_wsgi/hooks/policy_enforcement.py:259
2026-06-12 08:02:49.475 17 INFO neutron.wsgi [req-e3192aca-3c0b-4cb9-9254-a02a684351bb fecf2c20f8ec48c4b6d3e792c6433b4e 3391102c2fa3465bacb426765dc7bb6c - default default] 192.168.122.99,192.168.122.100 "GET /v2.0/ports?network_id=2e814215-fd2b-4368-8361-d004d571da50&tags=tripleo_stack_name%3Dovercloud&tags=tripleo_vip_net%3Dexternal HTTP/1.1" status: 200 len: 1207 time: 0.0423338
2026-06-12 08:02:49.507 17 DEBUG neutron.pecan_wsgi.hooks.policy_enforcement [req-22874049-ac10-4d73-a1ff-531b1e555154 fecf2c20f8ec48c4b6d3e792c6433b4e 3391102c2fa3465bacb426765dc7bb6c - default default] Attributes excluded by policy engine: ['standard_attr_id', 'shared'] _exclude_attributes_by_policy /usr/lib/python3.9/site-packages/neutron/pecan_wsgi/hooks/policy_enforcement.py:259
2026-06-12 08:02:49.508 17 INFO neutron.wsgi [req-22874049-ac10-4d73-a1ff-531b1e555154 fecf2c20f8ec48c4b6d3e792c6433b4e 3391102c2fa3465bacb426765dc7bb6c - default default] 192.168.122.99,192.168.122.100 "GET /v2.0/subnets/bef0ebdf-76f5-4c7e-949d-faa0fd400ee8 HTTP/1.1" status: 200 len: 860 time: 0.0291796
2026-06-12 08:02:49.563 17 DEBUG neutron.pecan_wsgi.hooks.policy_enforcement [req-75d222f3-c248-4ea3-a58a-e6603eaeb3d6 fecf2c20f8ec48c4b6d3e792c6433b4e 3391102c2fa3465bacb426765dc7bb6c - default default] Attributes excluded by policy engine: ['standard_attr_id'] _exclude_attributes_by_policy /usr/lib/python3.9/site-packages/neutron/pecan_wsgi/hooks/policy_enforcement.py:259
2026-06-12 08:02:49.564 17 INFO neutron.wsgi [req-75d222f3-c248-4ea3-a58a-e6603eaeb3d6 fecf2c20f8ec48c4b6d3e792c6433b4e 3391102c2fa3465bacb426765dc7bb6c - default default] 192.168.122.99,192.168.122.100 "GET /v2.0/ports?network_id=02dd4d7c-0f5d-40a2-99be-2702224ade31&tags=tripleo_stack_name%3Dovercloud&tags=tripleo_vip_net%3Dctlplane HTTP/1.1" status: 200 len: 1211 time: 0.0523517
2026-06-12 08:02:49.621 17 DEBUG neutron.pecan_wsgi.hooks.policy_enforcement [req-e581a544-86a3-4bbc-a9ee-4a8cf0c72b2a fecf2c20f8ec48c4b6d3e792c6433b4e 3391102c2fa3465bacb426765dc7bb6c - default default] Attributes excluded by policy engine: ['standard_attr_id', 'vlan_transparent'] _exclude_attributes_by_policy /usr/lib/python3.9/site-packages/neutron/pecan_wsgi/hooks/policy_enforcement.py:259
2026-06-12 08:02:49.622 17 INFO neutron.wsgi [req-e581a544-86a3-4bbc-a9ee-4a8cf0c72b2a fecf2c20f8ec48c4b6d3e792c6433b4e 3391102c2fa3465bacb426765dc7bb6c - default default] 192.168.122.99,192.168.122.100 "GET /v2.0/networks/02dd4d7c-0f5d-40a2-99be-2702224ade31 HTTP/1.1" status: 200 len: 919 time: 0.0530300
2026-06-12 08:02:49.654 17 DEBUG neutron.pecan_wsgi.hooks.policy_enforcement [req-cb8f0c19-319f-4dce-88f7-146f417e0ecb fecf2c20f8ec48c4b6d3e792c6433b4e 3391102c2fa3465bacb426765dc7bb6c - default default] Attributes excluded by policy engine: ['standard_attr_id', 'shared'] _exclude_attributes_by_policy /usr/lib/python3.9/site-packages/neutron/pecan_wsgi/hooks/policy_enforcement.py:259
2026-06-12 08:02:49.655 17 INFO neutron.wsgi [req-cb8f0c19-319f-4dce-88f7-146f417e0ecb fecf2c20f8ec48c4b6d3e792c6433b4e 3391102c2fa3465bacb426765dc7bb6c - default default] 192.168.122.99,192.168.122.100 "GET /v2.0/subnets/72457bf3-456d-419e-8127-1ada5c9e3580 HTTP/1.1" status: 200 len: 842 time: 0.0302041
2026-06-12 08:02:50.982 18 DEBUG neutron.wsgi [-] (18) accepted ('192.168.122.100', 39162) server /usr/lib/python3.9/site-packages/eventlet/wsgi.py:992
2026-06-12 08:02:50.986 18 INFO neutron.wsgi [-] 192.168.122.100 "GET /healthcheck HTTP/1.0" status: 200 len: 137 time: 0.0026975
2026-06-12 08:02:52.987 18 DEBUG neutron.wsgi [-] (18) accepted ('192.168.122.100', 38506) server /usr/lib/python3.9/site-packages/eventlet/wsgi.py:992
2026-06-12 08:02:52.990 18 INFO neutron.wsgi [-] 192.168.122.100 "GET /healthcheck HTTP/1.0" status: 200 len: 137 time: 0.0013318
2026-06-12 08:02:54.992 18 DEBUG neutron.wsgi [-] (18) accepted ('192.168.122.100', 38510) server /usr/lib/python3.9/site-packages/eventlet/wsgi.py:992
2026-06-12 08:02:54.995 18 INFO neutron.wsgi [-] 192.168.122.100 "GET /healthcheck HTTP/1.0" status: 200 len: 137 time: 0.0025272
2026-06-12 08:02:56.997 18 DEBUG neutron.wsgi [-] (18) accepted ('192.168.122.100', 38512) server /usr/lib/python3.9/site-packages/eventlet/wsgi.py:992
2026-06-12 08:02:57.001 18 INFO neutron.wsgi [-] 192.168.122.100 "GET /healthcheck HTTP/1.0" status: 200 len: 137 time: 0.0029120
2026-06-12 08:02:59.003 18 DEBUG neutron.wsgi [-] (18) accepted ('192.168.122.100', 38516) server /usr/lib/python3.9/site-packages/eventlet/wsgi.py:992
2026-06-12 08:02:59.006 18 INFO neutron.wsgi [-] 192.168.122.100 "GET /healthcheck HTTP/1.0" status: 200 len: 137 time: 0.0026684
2026-06-12 08:03:01.008 16 DEBUG neutron.wsgi [-] (16) accepted ('192.168.122.100', 38522) server /usr/lib/python3.9/site-packages/eventlet/wsgi.py:992
2026-06-12 08:03:01.011 16 INFO neutron.wsgi [-] 192.168.122.100 "GET /healthcheck HTTP/1.0" status: 200 len: 137 time: 0.0026641
2026-06-12 08:03:03.013 18 DEBUG neutron.wsgi [-] (18) accepted ('192.168.122.100', 49584) server /usr/lib/python3.9/site-packages/eventlet/wsgi.py:992
2026-06-12 08:03:03.016 18 INFO neutron.wsgi [-] 192.168.122.100 "GET /healthcheck HTTP/1.0" status: 200 len: 137 time: 0.0015922
2026-06-12 08:03:05.017 16 DEBUG neutron.wsgi [-] (16) accepted ('192.168.122.100', 49600) server /usr/lib/python3.9/site-packages/eventlet/wsgi.py:992
2026-06-12 08:03:05.021 16 INFO neutron.wsgi [-] 192.168.122.100 "GET /healthcheck HTTP/1.0" status: 200 len: 137 time: 0.0026221
2026-06-12 08:03:07.023 16 DEBUG neutron.wsgi [-] (16) accepted ('192.168.122.100', 49608) server /usr/lib/python3.9/site-packages/eventlet/wsgi.py:992
2026-06-12 08:03:07.025 16 INFO neutron.wsgi [-] 192.168.122.100 "GET /healthcheck HTTP/1.0" status: 200 len: 137 time: 0.0017905
2026-06-12 08:03:09.028 15 DEBUG neutron.wsgi [-] (15) accepted ('192.168.122.100', 49622) server /usr/lib/python3.9/site-packages/eventlet/wsgi.py:992
2026-06-12 08:03:09.032 15 INFO neutron.wsgi [-] 192.168.122.100 "GET /healthcheck HTTP/1.0" status: 200 len: 137 time: 0.0027778
2026-06-12 08:03:11.034 15 DEBUG neutron.wsgi [-] (15) accepted ('192.168.122.100', 49634) server /usr/lib/python3.9/site-packages/eventlet/wsgi.py:992
2026-06-12 08:03:11.037 15 INFO neutron.wsgi [-] 192.168.122.100 "GET /healthcheck HTTP/1.0" status: 200 len: 137 time: 0.0021265
2026-06-12 08:03:12.079 17 DEBUG neutron.wsgi [-] (17) accepted ('192.168.122.100', 41194) server /usr/lib/python3.9/site-packages/eventlet/wsgi.py:992
2026-06-12 08:03:12.081 17 INFO neutron.wsgi [-] 192.168.122.100 "GET / HTTP/1.1" status: 200 len: 233 time: 0.0012870
2026-06-12 08:03:13.039 17 DEBUG neutron.wsgi [-] (17) accepted ('192.168.122.100', 41206) server /usr/lib/python3.9/site-packages/eventlet/wsgi.py:992
2026-06-12 08:03:13.042 17 INFO neutron.wsgi [-] 192.168.122.100 "GET /healthcheck HTTP/1.0" status: 200 len: 137 time: 0.0026617
2026-06-12 08:03:15.044 16 DEBUG neutron.wsgi [-] (16) accepted ('192.168.122.100', 41208) server /usr/lib/python3.9/site-packages/eventlet/wsgi.py:992
2026-06-12 08:03:15.048 16 INFO neutron.wsgi [-] 192.168.122.100 "GET /healthcheck HTTP/1.0" status: 200 len: 137 time: 0.0025055
2026-06-12 08:03:17.050 18 DEBUG neutron.wsgi [-] (18) accepted ('192.168.122.100', 41214) server /usr/lib/python3.9/site-packages/eventlet/wsgi.py:992
2026-06-12 08:03:17.053 18 INFO neutron.wsgi [-] 192.168.122.100 "GET /healthcheck HTTP/1.0" status: 200 len: 137 time: 0.0013158
2026-06-12 08:03:19.054 18 DEBUG neutron.wsgi [-] (18) accepted ('192.168.122.100', 41220) server /usr/lib/python3.9/site-packages/eventlet/wsgi.py:992
2026-06-12 08:03:19.056 18 INFO neutron.wsgi [-] 192.168.122.100 "GET /healthcheck HTTP/1.0" status: 200 len: 137 time: 0.0012670
2026-06-12 08:03:21.059 17 DEBUG neutron.wsgi [-] (17) accepted ('192.168.122.100', 41228) server /usr/lib/python3.9/site-packages/eventlet/wsgi.py:992
2026-06-12 08:03:21.063 17 INFO neutron.wsgi [-] 192.168.122.100 "GET /healthcheck HTTP/1.0" status: 200 len: 137 time: 0.0024054
2026-06-12 08:03:23.065 15 DEBUG neutron.wsgi [-] (15) accepted ('192.168.122.100', 32912) server /usr/lib/python3.9/site-packages/eventlet/wsgi.py:992
2026-06-12 08:03:23.069 15 INFO neutron.wsgi [-] 192.168.122.100 "GET /healthcheck HTTP/1.0" status: 200 len: 137 time: 0.0024865
2026-06-12 08:03:25.071 15 DEBUG neutron.wsgi [-] (15) accepted ('192.168.122.100', 32918) server /usr/lib/python3.9/site-packages/eventlet/wsgi.py:992
2026-06-12 08:03:25.075 15 INFO neutron.wsgi [-] 192.168.122.100 "GET /healthcheck HTTP/1.0" status: 200 len: 137 time: 0.0025988
2026-06-12 08:03:27.077 18 DEBUG neutron.wsgi [-] (18) accepted ('192.168.122.100', 32930) server /usr/lib/python3.9/site-packages/eventlet/wsgi.py:992
2026-06-12 08:03:27.079 18 INFO neutron.wsgi [-] 192.168.122.100 "GET /healthcheck HTTP/1.0" status: 200 len: 137 time: 0.0017443
2026-06-12 08:03:29.081 16 DEBUG neutron.wsgi [-] (16) accepted ('192.168.122.100', 32944) server /usr/lib/python3.9/site-packages/eventlet/wsgi.py:992
2026-06-12 08:03:29.084 16 INFO neutron.wsgi [-] 192.168.122.100 "GET /healthcheck HTTP/1.0" status: 200 len: 137 time: 0.0025487
2026-06-12 08:03:31.085 17 DEBUG neutron.wsgi [-] (17) accepted ('192.168.122.100', 32956) server /usr/lib/python3.9/site-packages/eventlet/wsgi.py:992
2026-06-12 08:03:31.088 17 INFO neutron.wsgi [-] 192.168.122.100 "GET /healthcheck HTTP/1.0" status: 200 len: 137 time: 0.0016515
2026-06-12 08:03:33.090 17 DEBUG neutron.wsgi [-] (17) accepted ('192.168.122.100', 48364) server /usr/lib/python3.9/site-packages/eventlet/wsgi.py:992
2026-06-12 08:03:33.092 17 INFO neutron.wsgi [-] 192.168.122.100 "GET /healthcheck HTTP/1.0" status: 200 len: 137 time: 0.0015531
2026-06-12 08:03:35.094 18 DEBUG neutron.wsgi [-] (18) accepted ('192.168.122.100', 48372) server /usr/lib/python3.9/site-packages/eventlet/wsgi.py:992
2026-06-12 08:03:35.097 18 INFO neutron.wsgi [-] 192.168.122.100 "GET /healthcheck HTTP/1.0" status: 200 len: 137 time: 0.0024893
2026-06-12 08:03:37.099 16 DEBUG neutron.wsgi [-] (16) accepted ('192.168.122.100', 48380) server /usr/lib/python3.9/site-packages/eventlet/wsgi.py:992
2026-06-12 08:03:37.102 16 INFO neutron.wsgi [-] 192.168.122.100 "GET /healthcheck HTTP/1.0" status: 200 len: 137 time: 0.0024915
2026-06-12 08:03:39.104 18 DEBUG neutron.wsgi [-] (18) accepted ('192.168.122.100', 48390) server /usr/lib/python3.9/site-packages/eventlet/wsgi.py:992
2026-06-12 08:03:39.107 18 INFO neutron.wsgi [-] 192.168.122.100 "GET /healthcheck HTTP/1.0" status: 200 len: 137 time: 0.0024893
2026-06-12 08:03:41.109 18 DEBUG neutron.wsgi [-] (18) accepted ('192.168.122.100', 48400) server /usr/lib/python3.9/site-packages/eventlet/wsgi.py:992
2026-06-12 08:03:41.111 18 INFO neutron.wsgi [-] 192.168.122.100 "GET /healthcheck HTTP/1.0" status: 200 len: 137 time: 0.0012476
2026-06-12 08:03:42.718 18 DEBUG neutron.wsgi [-] (18) accepted ('192.168.122.100', 37386) server /usr/lib/python3.9/site-packages/eventlet/wsgi.py:992
2026-06-12 08:03:42.720 18 INFO neutron.wsgi [-] 192.168.122.100 "GET / HTTP/1.1" status: 200 len: 233 time: 0.0012660
2026-06-12 08:03:43.113 15 DEBUG neutron.wsgi [-] (15) accepted ('192.168.122.100', 37390) server /usr/lib/python3.9/site-packages/eventlet/wsgi.py:992
2026-06-12 08:03:43.116 15 INFO neutron.wsgi [-] 192.168.122.100 "GET /healthcheck HTTP/1.0" status: 200 len: 137 time: 0.0025897
2026-06-12 08:03:45.118 16 DEBUG neutron.wsgi [-] (16) accepted ('192.168.122.100', 37396) server /usr/lib/python3.9/site-packages/eventlet/wsgi.py:992
2026-06-12 08:03:45.122 16 INFO neutron.wsgi [-] 192.168.122.100 "GET /healthcheck HTTP/1.0" status: 200 len: 137 time: 0.0025401
2026-06-12 08:03:47.124 18 DEBUG neutron.wsgi [-] (18) accepted ('192.168.122.100', 37408) server /usr/lib/python3.9/site-packages/eventlet/wsgi.py:992
2026-06-12 08:03:47.127 18 INFO neutron.wsgi [-] 192.168.122.100 "GET /healthcheck HTTP/1.0" status: 200 len: 137 time: 0.0027146
2026-06-12 08:03:49.129 18 DEBUG neutron.wsgi [-] (18) accepted ('192.168.122.100', 37420) server /usr/lib/python3.9/site-packages/eventlet/wsgi.py:992
2026-06-12 08:03:49.131 18 INFO neutron.wsgi [-] 192.168.122.100 "GET /healthcheck HTTP/1.0" status: 200 len: 137 time: 0.0012672
2026-06-12 08:03:51.133 15 DEBUG neutron.wsgi [-] (15) accepted ('192.168.122.100', 37426) server /usr/lib/python3.9/site-packages/eventlet/wsgi.py:992
2026-06-12 08:03:51.137 15 INFO neutron.wsgi [-] 192.168.122.100 "GET /healthcheck HTTP/1.0" status: 200 len: 137 time: 0.0025966
2026-06-12 08:03:53.139 16 DEBUG neutron.wsgi [-] (16) accepted ('192.168.122.100', 54824) server /usr/lib/python3.9/site-packages/eventlet/wsgi.py:992
2026-06-12 08:03:53.141 16 INFO neutron.wsgi [-] 192.168.122.100 "GET /healthcheck HTTP/1.0" status: 200 len: 137 time: 0.0013065
2026-06-12 08:03:55.143 18 DEBUG neutron.wsgi [-] (18) accepted ('192.168.122.100', 54840) server /usr/lib/python3.9/site-packages/eventlet/wsgi.py:992
2026-06-12 08:03:55.146 18 INFO neutron.wsgi [-] 192.168.122.100 "GET /healthcheck HTTP/1.0" status: 200 len: 137 time: 0.0024915
2026-06-12 08:03:57.148 17 DEBUG neutron.wsgi [-] (17) accepted ('192.168.122.100', 54856) server /usr/lib/python3.9/site-packages/eventlet/wsgi.py:992
2026-06-12 08:03:57.150 17 INFO neutron.wsgi [-] 192.168.122.100 "GET /healthcheck HTTP/1.0" status: 200 len: 137 time: 0.0017107
