2026-06-12 08:01:00.712 15 DEBUG neutron.wsgi [-] (15) accepted ('192.168.122.100', 34970) server /usr/lib/python3.9/site-packages/eventlet/wsgi.py:992
2026-06-12 08:01:00.715 15 INFO neutron.wsgi [-] 192.168.122.100 "GET /healthcheck HTTP/1.0" status: 200 len: 137 time: 0.0018210
2026-06-12 08:01:02.717 16 DEBUG neutron.wsgi [-] (16) accepted ('192.168.122.100', 45094) server /usr/lib/python3.9/site-packages/eventlet/wsgi.py:992
2026-06-12 08:01:02.724 16 INFO neutron.wsgi [-] 192.168.122.100 "GET /healthcheck HTTP/1.0" status: 200 len: 137 time: 0.0046782
2026-06-12 08:01:04.726 15 DEBUG neutron.wsgi [-] (15) accepted ('192.168.122.100', 45110) server /usr/lib/python3.9/site-packages/eventlet/wsgi.py:992
2026-06-12 08:01:04.728 15 INFO neutron.wsgi [-] 192.168.122.100 "GET /healthcheck HTTP/1.0" status: 200 len: 137 time: 0.0013599
2026-06-12 08:01:06.730 17 DEBUG neutron.wsgi [-] (17) accepted ('192.168.122.100', 45120) server /usr/lib/python3.9/site-packages/eventlet/wsgi.py:992
2026-06-12 08:01:06.733 17 INFO neutron.wsgi [-] 192.168.122.100 "GET /healthcheck HTTP/1.0" status: 200 len: 137 time: 0.0016820
2026-06-12 08:01:08.602 17 DEBUG neutron.wsgi [-] (17) accepted ('192.168.122.100', 45122) server /usr/lib/python3.9/site-packages/eventlet/wsgi.py:992
2026-06-12 08:01:08.609 17 INFO neutron.wsgi [-] 192.168.122.100 "GET / HTTP/1.1" status: 200 len: 233 time: 0.0049810
2026-06-12 08:01:08.735 17 DEBUG neutron.wsgi [-] (17) accepted ('192.168.122.100', 45124) server /usr/lib/python3.9/site-packages/eventlet/wsgi.py:992
2026-06-12 08:01:08.740 17 INFO neutron.wsgi [-] 192.168.122.100 "GET /healthcheck HTTP/1.0" status: 200 len: 137 time: 0.0038452
2026-06-12 08:01:10.741 15 DEBUG neutron.wsgi [-] (15) accepted ('192.168.122.100', 45134) server /usr/lib/python3.9/site-packages/eventlet/wsgi.py:992
2026-06-12 08:01:10.744 15 INFO neutron.wsgi [-] 192.168.122.100 "GET /healthcheck HTTP/1.0" status: 200 len: 137 time: 0.0017567
2026-06-12 08:01:12.746 17 DEBUG neutron.wsgi [-] (17) accepted ('192.168.122.100', 57410) server /usr/lib/python3.9/site-packages/eventlet/wsgi.py:992
2026-06-12 08:01:12.749 17 INFO neutron.wsgi [-] 192.168.122.100 "GET /healthcheck HTTP/1.0" status: 200 len: 137 time: 0.0020263
2026-06-12 08:01:14.751 18 DEBUG neutron.wsgi [-] (18) accepted ('192.168.122.100', 57420) server /usr/lib/python3.9/site-packages/eventlet/wsgi.py:992
2026-06-12 08:01:14.754 18 INFO neutron.wsgi [-] 192.168.122.100 "GET /healthcheck HTTP/1.0" status: 200 len: 137 time: 0.0025239
2026-06-12 08:01:16.755 15 DEBUG neutron.wsgi [-] (15) accepted ('192.168.122.100', 57424) server /usr/lib/python3.9/site-packages/eventlet/wsgi.py:992
2026-06-12 08:01:16.758 15 INFO neutron.wsgi [-] 192.168.122.100 "GET /healthcheck HTTP/1.0" status: 200 len: 137 time: 0.0014544
2026-06-12 08:01:18.759 16 DEBUG neutron.wsgi [-] (16) accepted ('192.168.122.100', 57432) server /usr/lib/python3.9/site-packages/eventlet/wsgi.py:992
2026-06-12 08:01:18.762 16 INFO neutron.wsgi [-] 192.168.122.100 "GET /healthcheck HTTP/1.0" status: 200 len: 137 time: 0.0015600
2026-06-12 08:01:20.764 17 DEBUG neutron.wsgi [-] (17) accepted ('192.168.122.100', 57442) server /usr/lib/python3.9/site-packages/eventlet/wsgi.py:992
2026-06-12 08:01:20.768 17 INFO neutron.wsgi [-] 192.168.122.100 "GET /healthcheck HTTP/1.0" status: 200 len: 137 time: 0.0026293
2026-06-12 08:01:22.770 17 DEBUG neutron.wsgi [-] (17) accepted ('192.168.122.100', 44052) server /usr/lib/python3.9/site-packages/eventlet/wsgi.py:992
2026-06-12 08:01:22.773 17 INFO neutron.wsgi [-] 192.168.122.100 "GET /healthcheck HTTP/1.0" status: 200 len: 137 time: 0.0017149
2026-06-12 08:01:24.775 17 DEBUG neutron.wsgi [-] (17) accepted ('192.168.122.100', 44060) server /usr/lib/python3.9/site-packages/eventlet/wsgi.py:992
2026-06-12 08:01:24.778 17 INFO neutron.wsgi [-] 192.168.122.100 "GET /healthcheck HTTP/1.0" status: 200 len: 137 time: 0.0024824
2026-06-12 08:01:26.780 16 DEBUG neutron.wsgi [-] (16) accepted ('192.168.122.100', 44074) server /usr/lib/python3.9/site-packages/eventlet/wsgi.py:992
2026-06-12 08:01:26.783 16 INFO neutron.wsgi [-] 192.168.122.100 "GET /healthcheck HTTP/1.0" status: 200 len: 137 time: 0.0026948
2026-06-12 08:01:28.785 18 DEBUG neutron.wsgi [-] (18) accepted ('192.168.122.100', 44090) server /usr/lib/python3.9/site-packages/eventlet/wsgi.py:992
2026-06-12 08:01:28.787 18 INFO neutron.wsgi [-] 192.168.122.100 "GET /healthcheck HTTP/1.0" status: 200 len: 137 time: 0.0012920
2026-06-12 08:01:30.788 18 DEBUG neutron.wsgi [-] (18) accepted ('192.168.122.100', 44102) server /usr/lib/python3.9/site-packages/eventlet/wsgi.py:992
2026-06-12 08:01:30.791 18 INFO neutron.wsgi [-] 192.168.122.100 "GET /healthcheck HTTP/1.0" status: 200 len: 137 time: 0.0013361
2026-06-12 08:01:32.793 18 DEBUG neutron.wsgi [-] (18) accepted ('192.168.122.100', 39962) server /usr/lib/python3.9/site-packages/eventlet/wsgi.py:992
2026-06-12 08:01:32.797 18 INFO neutron.wsgi [-] 192.168.122.100 "GET /healthcheck HTTP/1.0" status: 200 len: 137 time: 0.0025842
2026-06-12 08:01:34.799 16 DEBUG neutron.wsgi [-] (16) accepted ('192.168.122.100', 39974) server /usr/lib/python3.9/site-packages/eventlet/wsgi.py:992
2026-06-12 08:01:34.803 16 INFO neutron.wsgi [-] 192.168.122.100 "GET /healthcheck HTTP/1.0" status: 200 len: 137 time: 0.0028636
2026-06-12 08:01:36.805 18 DEBUG neutron.wsgi [-] (18) accepted ('192.168.122.100', 39982) server /usr/lib/python3.9/site-packages/eventlet/wsgi.py:992
2026-06-12 08:01:36.808 18 INFO neutron.wsgi [-] 192.168.122.100 "GET /healthcheck HTTP/1.0" status: 200 len: 137 time: 0.0024316
2026-06-12 08:01:38.810 18 DEBUG neutron.wsgi [-] (18) accepted ('192.168.122.100', 39996) server /usr/lib/python3.9/site-packages/eventlet/wsgi.py:992
2026-06-12 08:01:38.813 18 INFO neutron.wsgi [-] 192.168.122.100 "GET /healthcheck HTTP/1.0" status: 200 len: 137 time: 0.0025322
2026-06-12 08:01:39.610 18 DEBUG neutron.wsgi [-] (18) accepted ('192.168.122.100', 40004) server /usr/lib/python3.9/site-packages/eventlet/wsgi.py:992
2026-06-12 08:01:39.614 18 INFO neutron.wsgi [-] 192.168.122.100 "GET / HTTP/1.1" status: 200 len: 233 time: 0.0026138
2026-06-12 08:01:40.815 18 DEBUG neutron.wsgi [-] (18) accepted ('192.168.122.100', 40010) server /usr/lib/python3.9/site-packages/eventlet/wsgi.py:992
2026-06-12 08:01:40.818 18 INFO neutron.wsgi [-] 192.168.122.100 "GET /healthcheck HTTP/1.0" status: 200 len: 137 time: 0.0018404
2026-06-12 08:01:42.820 18 DEBUG neutron.wsgi [-] (18) accepted ('192.168.122.100', 51124) server /usr/lib/python3.9/site-packages/eventlet/wsgi.py:992
2026-06-12 08:01:42.824 18 INFO neutron.wsgi [-] 192.168.122.100 "GET /healthcheck HTTP/1.0" status: 200 len: 137 time: 0.0026715
2026-06-12 08:01:44.826 16 DEBUG neutron.wsgi [-] (16) accepted ('192.168.122.100', 51128) server /usr/lib/python3.9/site-packages/eventlet/wsgi.py:992
2026-06-12 08:01:44.829 16 INFO neutron.wsgi [-] 192.168.122.100 "GET /healthcheck HTTP/1.0" status: 200 len: 137 time: 0.0020084
2026-06-12 08:01:46.831 18 DEBUG neutron.wsgi [-] (18) accepted ('192.168.122.100', 51138) server /usr/lib/python3.9/site-packages/eventlet/wsgi.py:992
2026-06-12 08:01:46.834 18 INFO neutron.wsgi [-] 192.168.122.100 "GET /healthcheck HTTP/1.0" status: 200 len: 137 time: 0.0017588
2026-06-12 08:01:48.836 17 DEBUG neutron.wsgi [-] (17) accepted ('192.168.122.100', 51154) server /usr/lib/python3.9/site-packages/eventlet/wsgi.py:992
2026-06-12 08:01:48.840 17 INFO neutron.wsgi [-] 192.168.122.100 "GET /healthcheck HTTP/1.0" status: 200 len: 137 time: 0.0023966
2026-06-12 08:01:50.842 17 DEBUG neutron.wsgi [-] (17) accepted ('192.168.122.100', 51170) server /usr/lib/python3.9/site-packages/eventlet/wsgi.py:992
2026-06-12 08:01:50.845 17 INFO neutron.wsgi [-] 192.168.122.100 "GET /healthcheck HTTP/1.0" status: 200 len: 137 time: 0.0024045
2026-06-12 08:01:52.847 18 DEBUG neutron.wsgi [-] (18) accepted ('192.168.122.100', 34180) server /usr/lib/python3.9/site-packages/eventlet/wsgi.py:992
2026-06-12 08:01:52.849 18 INFO neutron.wsgi [-] 192.168.122.100 "GET /healthcheck HTTP/1.0" status: 200 len: 137 time: 0.0012720
2026-06-12 08:01:54.851 16 DEBUG neutron.wsgi [-] (16) accepted ('192.168.122.100', 34182) server /usr/lib/python3.9/site-packages/eventlet/wsgi.py:992
2026-06-12 08:01:54.855 16 INFO neutron.wsgi [-] 192.168.122.100 "GET /healthcheck HTTP/1.0" status: 200 len: 137 time: 0.0026369
2026-06-12 08:01:56.857 15 DEBUG neutron.wsgi [-] (15) accepted ('192.168.122.100', 34184) server /usr/lib/python3.9/site-packages/eventlet/wsgi.py:992
2026-06-12 08:01:56.860 15 INFO neutron.wsgi [-] 192.168.122.100 "GET /healthcheck HTTP/1.0" status: 200 len: 137 time: 0.0024166
2026-06-12 08:01:58.863 18 DEBUG neutron.wsgi [-] (18) accepted ('192.168.122.100', 34192) server /usr/lib/python3.9/site-packages/eventlet/wsgi.py:992
2026-06-12 08:01:58.867 18 INFO neutron.wsgi [-] 192.168.122.100 "GET /healthcheck HTTP/1.0" status: 200 len: 137 time: 0.0028985
2026-06-12 08:02:00.869 15 DEBUG neutron.wsgi [-] (15) accepted ('192.168.122.100', 34208) server /usr/lib/python3.9/site-packages/eventlet/wsgi.py:992
2026-06-12 08:02:00.871 15 INFO neutron.wsgi [-] 192.168.122.100 "GET /healthcheck HTTP/1.0" status: 200 len: 137 time: 0.0012968
2026-06-12 08:02:02.488 15 DEBUG neutron.wsgi [-] (15) accepted ('192.168.122.100', 51870) server /usr/lib/python3.9/site-packages/eventlet/wsgi.py:992
2026-06-12 08:02:02.872 18 DEBUG neutron.wsgi [-] (18) accepted ('192.168.122.100', 51880) server /usr/lib/python3.9/site-packages/eventlet/wsgi.py:992
2026-06-12 08:02:02.874 18 INFO neutron.wsgi [-] 192.168.122.100 "GET /healthcheck HTTP/1.0" status: 200 len: 137 time: 0.0012765
2026-06-12 08:02:03.288 15 DEBUG neutron.policy [req-83fa1bf9-a4ee-4c60-a356-122ba662e7ef fecf2c20f8ec48c4b6d3e792c6433b4e 3391102c2fa3465bacb426765dc7bb6c - default default] Loaded default policies from ['networking-bgpvpn', 'neutron'] under neutron.policies entry points register_rules /usr/lib/python3.9/site-packages/neutron/policy.py:73
2026-06-12 08:02:03.312 15 INFO neutron.wsgi [req-83fa1bf9-a4ee-4c60-a356-122ba662e7ef fecf2c20f8ec48c4b6d3e792c6433b4e 3391102c2fa3465bacb426765dc7bb6c - default default] 192.168.122.99,192.168.122.100 "GET /v2.0/networks?name=ctlplane HTTP/1.1" status: 200 len: 189 time: 0.8233781
2026-06-12 08:02:03.319 15 DEBUG neutron.api.v2.base [req-8194d2d7-2f95-42c6-a0cc-b511e4a71b1a fecf2c20f8ec48c4b6d3e792c6433b4e 3391102c2fa3465bacb426765dc7bb6c - default default] Request body: {'network': {'name': 'ctlplane', 'provider:physical_network': 'ctlplane', 'provider:network_type': 'flat', 'mtu': 1450, 'dns_domain': 'ctlplane.ooo.test.'}} prepare_request_body /usr/lib/python3.9/site-packages/neutron/api/v2/base.py:729
2026-06-12 08:02:03.336 15 DEBUG neutron.pecan_wsgi.hooks.quota_enforcement [req-8194d2d7-2f95-42c6-a0cc-b511e4a71b1a fecf2c20f8ec48c4b6d3e792c6433b4e 3391102c2fa3465bacb426765dc7bb6c - default default] Made reservation on behalf of 3391102c2fa3465bacb426765dc7bb6c for: {'network': 1} before /usr/lib/python3.9/site-packages/neutron/pecan_wsgi/hooks/quota_enforcement.py:53
2026-06-12 08:02:03.337 15 DEBUG neutron_lib.callbacks.manager [req-8194d2d7-2f95-42c6-a0cc-b511e4a71b1a fecf2c20f8ec48c4b6d3e792c6433b4e 3391102c2fa3465bacb426765dc7bb6c - default default] Notify callbacks ['neutron.plugins.ml2.plugin.SecurityGroupDbMixin._ensure_default_security_group_handler-1672458'] for network, before_create _notify_loop /usr/lib/python3.9/site-packages/neutron_lib/callbacks/manager.py:200
2026-06-12 08:02:03.351 15 DEBUG neutron_lib.callbacks.manager [req-8194d2d7-2f95-42c6-a0cc-b511e4a71b1a fecf2c20f8ec48c4b6d3e792c6433b4e 3391102c2fa3465bacb426765dc7bb6c - default default] Notify callbacks [] for security_group, before_create _notify_loop /usr/lib/python3.9/site-packages/neutron_lib/callbacks/manager.py:200
2026-06-12 08:02:03.403 15 DEBUG neutron_lib.callbacks.manager [req-8194d2d7-2f95-42c6-a0cc-b511e4a71b1a fecf2c20f8ec48c4b6d3e792c6433b4e 3391102c2fa3465bacb426765dc7bb6c - default default] Notify callbacks [] for security_group, precommit_create _notify_loop /usr/lib/python3.9/site-packages/neutron_lib/callbacks/manager.py:200
2026-06-12 08:02:03.411 15 DEBUG neutron_lib.callbacks.manager [req-8194d2d7-2f95-42c6-a0cc-b511e4a71b1a fecf2c20f8ec48c4b6d3e792c6433b4e 3391102c2fa3465bacb426765dc7bb6c - default default] Notify callbacks ['neutron.plugins.ml2.ovo_rpc._ObjectChangeHandler.handle_event-998205'] for security_group, after_create _notify_loop /usr/lib/python3.9/site-packages/neutron_lib/callbacks/manager.py:200
2026-06-12 08:02:03.423 15 DEBUG neutron.plugins.ml2.drivers.type_flat [req-8194d2d7-2f95-42c6-a0cc-b511e4a71b1a fecf2c20f8ec48c4b6d3e792c6433b4e 3391102c2fa3465bacb426765dc7bb6c - default default] Reserving flat network on physical network ctlplane reserve_provider_segment /usr/lib/python3.9/site-packages/neutron/plugins/ml2/drivers/type_flat.py:100
2026-06-12 08:02:03.431 15 DEBUG neutron.api.rpc.handlers.resources_rpc [req-8194d2d7-2f95-42c6-a0cc-b511e4a71b1a fecf2c20f8ec48c4b6d3e792c6433b4e 3391102c2fa3465bacb426765dc7bb6c - - -] Pushing event updated for resources: {'SecurityGroup': ['ID=982634a6-4761-4086-9393-22929645d929,revision_number=1']} push /usr/lib/python3.9/site-packages/neutron/api/rpc/handlers/resources_rpc.py:237
2026-06-12 08:02:03.435 15 DEBUG neutron_lib.callbacks.manager [req-8194d2d7-2f95-42c6-a0cc-b511e4a71b1a fecf2c20f8ec48c4b6d3e792c6433b4e 3391102c2fa3465bacb426765dc7bb6c - default default] Notify callbacks ['neutron.services.segments.db._add_segment_host_mapping_for_segment-8729872062567', 'neutron.plugins.ml2.plugin.Ml2Plugin._handle_segment_change-1980079'] for segment, precommit_create _notify_loop /usr/lib/python3.9/site-packages/neutron_lib/callbacks/manager.py:200
2026-06-12 08:02:03.438 15 DEBUG neutron.plugins.ml2.drivers.mech_agent [req-8194d2d7-2f95-42c6-a0cc-b511e4a71b1a fecf2c20f8ec48c4b6d3e792c6433b4e 3391102c2fa3465bacb426765dc7bb6c - default default] Checking segment: NetworkSegment(created_at=2026-06-12T08:02:03Z,description=,hosts=[],id=7fcbcf6e-77ba-4e05-94c4-bf74811cee32,is_dynamic=False,name=,network_id=02dd4d7c-0f5d-40a2-99be-2702224ade31,network_type='flat',physical_network='ctlplane',revision_number=0,segment_index=0,segmentation_id=None,updated_at=2026-06-12T08:02:03Z) for mappings: {'ctlplane': 'br-ctlplane'} with network types: ['local', 'flat', 'vlan'] check_segment_for_agent /usr/lib/python3.9/site-packages/neutron/plugins/ml2/drivers/mech_agent.py:343
2026-06-12 08:02:03.439 15 DEBUG neutron.api.rpc.callbacks.version_manager [req-8194d2d7-2f95-42c6-a0cc-b511e4a71b1a fecf2c20f8ec48c4b6d3e792c6433b4e 3391102c2fa3465bacb426765dc7bb6c - - -] Version for resource type AddressGroup changed None to 1.2 on consumer Open vSwitch agent@undercloud.ooo.test _set_version /usr/lib/python3.9/site-packages/neutron/api/rpc/callbacks/version_manager.py:113
2026-06-12 08:02:03.439 15 DEBUG neutron.api.rpc.callbacks.version_manager [req-8194d2d7-2f95-42c6-a0cc-b511e4a71b1a fecf2c20f8ec48c4b6d3e792c6433b4e 3391102c2fa3465bacb426765dc7bb6c - - -] Version for resource type ConntrackHelper changed None to 1.0 on consumer Open vSwitch agent@undercloud.ooo.test _set_version /usr/lib/python3.9/site-packages/neutron/api/rpc/callbacks/version_manager.py:113
2026-06-12 08:02:03.439 15 DEBUG neutron.api.rpc.callbacks.version_manager [req-8194d2d7-2f95-42c6-a0cc-b511e4a71b1a fecf2c20f8ec48c4b6d3e792c6433b4e 3391102c2fa3465bacb426765dc7bb6c - - -] Version for resource type Log changed None to 1.0 on consumer Open vSwitch agent@undercloud.ooo.test _set_version /usr/lib/python3.9/site-packages/neutron/api/rpc/callbacks/version_manager.py:113
2026-06-12 08:02:03.439 15 DEBUG neutron.api.rpc.callbacks.version_manager [req-8194d2d7-2f95-42c6-a0cc-b511e4a71b1a fecf2c20f8ec48c4b6d3e792c6433b4e 3391102c2fa3465bacb426765dc7bb6c - - -] Version for resource type Network changed None to 1.1 on consumer Open vSwitch agent@undercloud.ooo.test _set_version /usr/lib/python3.9/site-packages/neutron/api/rpc/callbacks/version_manager.py:113
2026-06-12 08:02:03.439 15 DEBUG neutron.api.rpc.callbacks.version_manager [req-8194d2d7-2f95-42c6-a0cc-b511e4a71b1a fecf2c20f8ec48c4b6d3e792c6433b4e 3391102c2fa3465bacb426765dc7bb6c - - -] Version for resource type Port changed None to 1.7 on consumer Open vSwitch agent@undercloud.ooo.test _set_version /usr/lib/python3.9/site-packages/neutron/api/rpc/callbacks/version_manager.py:113
2026-06-12 08:02:03.440 15 DEBUG neutron.api.rpc.callbacks.version_manager [req-8194d2d7-2f95-42c6-a0cc-b511e4a71b1a fecf2c20f8ec48c4b6d3e792c6433b4e 3391102c2fa3465bacb426765dc7bb6c - - -] Version for resource type PortForwarding changed None to 1.2 on consumer Open vSwitch agent@undercloud.ooo.test _set_version /usr/lib/python3.9/site-packages/neutron/api/rpc/callbacks/version_manager.py:113
2026-06-12 08:02:03.440 15 DEBUG neutron.api.rpc.callbacks.version_manager [req-8194d2d7-2f95-42c6-a0cc-b511e4a71b1a fecf2c20f8ec48c4b6d3e792c6433b4e 3391102c2fa3465bacb426765dc7bb6c - - -] Version for resource type QosPolicy changed None to 1.8 on consumer Open vSwitch agent@undercloud.ooo.test _set_version /usr/lib/python3.9/site-packages/neutron/api/rpc/callbacks/version_manager.py:113
2026-06-12 08:02:03.440 15 DEBUG neutron.api.rpc.callbacks.version_manager [req-8194d2d7-2f95-42c6-a0cc-b511e4a71b1a fecf2c20f8ec48c4b6d3e792c6433b4e 3391102c2fa3465bacb426765dc7bb6c - - -] Version for resource type SecurityGroup changed None to 1.5 on consumer Open vSwitch agent@undercloud.ooo.test _set_version /usr/lib/python3.9/site-packages/neutron/api/rpc/callbacks/version_manager.py:113
2026-06-12 08:02:03.440 15 DEBUG neutron.api.rpc.callbacks.version_manager [req-8194d2d7-2f95-42c6-a0cc-b511e4a71b1a fecf2c20f8ec48c4b6d3e792c6433b4e 3391102c2fa3465bacb426765dc7bb6c - - -] Version for resource type SecurityGroupRule changed None to 1.2 on consumer Open vSwitch agent@undercloud.ooo.test _set_version /usr/lib/python3.9/site-packages/neutron/api/rpc/callbacks/version_manager.py:113
2026-06-12 08:02:03.440 15 DEBUG neutron.api.rpc.callbacks.version_manager [req-8194d2d7-2f95-42c6-a0cc-b511e4a71b1a fecf2c20f8ec48c4b6d3e792c6433b4e 3391102c2fa3465bacb426765dc7bb6c - - -] Version for resource type SubPort changed None to 1.0 on consumer Open vSwitch agent@undercloud.ooo.test _set_version /usr/lib/python3.9/site-packages/neutron/api/rpc/callbacks/version_manager.py:113
2026-06-12 08:02:03.440 15 DEBUG neutron.api.rpc.callbacks.version_manager [req-8194d2d7-2f95-42c6-a0cc-b511e4a71b1a fecf2c20f8ec48c4b6d3e792c6433b4e 3391102c2fa3465bacb426765dc7bb6c - - -] Version for resource type Subnet changed None to 1.1 on consumer Open vSwitch agent@undercloud.ooo.test _set_version /usr/lib/python3.9/site-packages/neutron/api/rpc/callbacks/version_manager.py:113
2026-06-12 08:02:03.440 15 DEBUG neutron.api.rpc.callbacks.version_manager [req-8194d2d7-2f95-42c6-a0cc-b511e4a71b1a fecf2c20f8ec48c4b6d3e792c6433b4e 3391102c2fa3465bacb426765dc7bb6c - - -] Version for resource type Trunk changed None to 1.1 on consumer Open vSwitch agent@undercloud.ooo.test _set_version /usr/lib/python3.9/site-packages/neutron/api/rpc/callbacks/version_manager.py:113
2026-06-12 08:02:03.441 15 DEBUG neutron.api.rpc.callbacks.version_manager [req-8194d2d7-2f95-42c6-a0cc-b511e4a71b1a fecf2c20f8ec48c4b6d3e792c6433b4e 3391102c2fa3465bacb426765dc7bb6c - - -] Tracked resource versions report: pushed versions: { 'AddressGroup': {'1.2'}, 'ConntrackHelper': {'1.0'}, 'Log': {'1.0'}, 'Network': {'1.1'}, 'Port': {'1.7'}, 'PortForwarding': {'1.2'}, 'QosPolicy': {'1.8'}, 'SecurityGroup': {'1.5'}, 'SecurityGroupRule': {'1.2'}, 'SubPort': {'1.0'}, 'Subnet': {'1.1'}, 'Trunk': {'1.1'}} consumer versions: { DHCP agent@undercloud.ooo.test: {}, L3 agent@undercloud.ooo.test: {}, Open vSwitch agent@undercloud.ooo.test: { 'AddressGroup': '1.2', 'ConntrackHelper': '1.0', 'Log': '1.0', 'Network': '1.1', 'Port': '1.7', 'PortForwarding': '1.2', 'QosPolicy': '1.8', 'SecurityGroup': '1.5', 'SecurityGroupRule': '1.2', 'SubPort': '1.0', 'Subnet': '1.1', 'Trunk': '1.1'}} report /usr/lib/python3.9/site-packages/neutron/api/rpc/callbacks/version_manager.py:175
2026-06-12 08:02:03.454 15 DEBUG neutron.services.segments.db [req-8194d2d7-2f95-42c6-a0cc-b511e4a71b1a fecf2c20f8ec48c4b6d3e792c6433b4e 3391102c2fa3465bacb426765dc7bb6c - default default] Segment 7fcbcf6e-77ba-4e05-94c4-bf74811cee32 mapped to the hosts {'undercloud.ooo.test'} map_segment_to_hosts /usr/lib/python3.9/site-packages/neutron/services/segments/db.py:339
2026-06-12 08:02:03.454 15 INFO neutron.db.segments_db [req-8194d2d7-2f95-42c6-a0cc-b511e4a71b1a fecf2c20f8ec48c4b6d3e792c6433b4e 3391102c2fa3465bacb426765dc7bb6c - default default] Added segment 7fcbcf6e-77ba-4e05-94c4-bf74811cee32 of type flat for network 02dd4d7c-0f5d-40a2-99be-2702224ade31
2026-06-12 08:02:03.493 15 DEBUG neutron_lib.callbacks.manager [req-8194d2d7-2f95-42c6-a0cc-b511e4a71b1a fecf2c20f8ec48c4b6d3e792c6433b4e 3391102c2fa3465bacb426765dc7bb6c - default default] Notify callbacks ['neutron.services.auto_allocate.db._ensure_external_network_default_value_callback-8729871417402'] for network, precommit_create _notify_loop /usr/lib/python3.9/site-packages/neutron_lib/callbacks/manager.py:200
2026-06-12 08:02:03.512 15 DEBUG neutron_lib.callbacks.manager [req-8194d2d7-2f95-42c6-a0cc-b511e4a71b1a fecf2c20f8ec48c4b6d3e792c6433b4e 3391102c2fa3465bacb426765dc7bb6c - default default] Notify callbacks ['neutron.plugins.ml2.ovo_rpc._ObjectChangeHandler.handle_event-998222', 'neutron.api.rpc.agentnotifiers.dhcp_rpc_agent_api.DhcpAgentNotifyAPI._native_event_send_dhcp_notification-966541'] for network, after_create _notify_loop /usr/lib/python3.9/site-packages/neutron_lib/callbacks/manager.py:200
2026-06-12 08:02:03.513 15 DEBUG neutron.pecan_wsgi.hooks.policy_enforcement [req-8194d2d7-2f95-42c6-a0cc-b511e4a71b1a fecf2c20f8ec48c4b6d3e792c6433b4e 3391102c2fa3465bacb426765dc7bb6c - default default] Attributes excluded by policy engine: ['standard_attr_id', 'vlan_transparent'] _exclude_attributes_by_policy /usr/lib/python3.9/site-packages/neutron/pecan_wsgi/hooks/policy_enforcement.py:259
2026-06-12 08:02:03.513 15 DEBUG neutron_lib.callbacks.manager [req-8194d2d7-2f95-42c6-a0cc-b511e4a71b1a fecf2c20f8ec48c4b6d3e792c6433b4e 3391102c2fa3465bacb426765dc7bb6c - default default] Notify callbacks ['neutron.api.rpc.agentnotifiers.dhcp_rpc_agent_api.DhcpAgentNotifyAPI._send_dhcp_notification-966591'] for network, before_response _notify_loop /usr/lib/python3.9/site-packages/neutron_lib/callbacks/manager.py:200
2026-06-12 08:02:03.547 15 INFO neutron.wsgi [req-8194d2d7-2f95-42c6-a0cc-b511e4a71b1a fecf2c20f8ec48c4b6d3e792c6433b4e 3391102c2fa3465bacb426765dc7bb6c - default default] 192.168.122.99,192.168.122.100 "POST /v2.0/networks HTTP/1.1" status: 201 len: 881 time: 0.2300994
2026-06-12 08:02:03.554 15 DEBUG neutron.api.rpc.handlers.resources_rpc [req-8194d2d7-2f95-42c6-a0cc-b511e4a71b1a fecf2c20f8ec48c4b6d3e792c6433b4e 3391102c2fa3465bacb426765dc7bb6c - - -] Pushing event updated for resources: {'Network': ['ID=02dd4d7c-0f5d-40a2-99be-2702224ade31,revision_number=1']} push /usr/lib/python3.9/site-packages/neutron/api/rpc/handlers/resources_rpc.py:237
2026-06-12 08:02:03.571 15 INFO neutron.wsgi [req-caa65c0c-6bd7-4ff5-8b37-f7f24758857d fecf2c20f8ec48c4b6d3e792c6433b4e 3391102c2fa3465bacb426765dc7bb6c - default default] 192.168.122.99,192.168.122.100 "GET /v2.0/subnets?cidr=192.168.122.0%2F24&network_id=02dd4d7c-0f5d-40a2-99be-2702224ade31 HTTP/1.1" status: 200 len: 188 time: 0.0173328
2026-06-12 08:02:03.577 15 DEBUG neutron.services.segments.db [req-4f9e2da7-36e7-487a-8977-780adaa94d94 fecf2c20f8ec48c4b6d3e792c6433b4e 3391102c2fa3465bacb426765dc7bb6c - default default] neutron.services.segments.plugin.Plugin method get_segments called with arguments (,) {'filters': {'network_id': ['02dd4d7c-0f5d-40a2-99be-2702224ade31'], 'physical_network': ['ctlplane']}, 'fields': [], 'sorts': [('id', True)], 'limit': None, 'marker': None, 'page_reverse': False} wrapper /usr/lib/python3.9/site-packages/oslo_log/helpers.py:65
2026-06-12 08:02:03.577 21 DEBUG neutron.plugins.ml2.rpc [req-2311c8c5-41ca-42ca-aa49-48d0fd194ac7 - - - - -] Network 02dd4d7c-0f5d-40a2-99be-2702224ade31 details requested by agent ovs-agent-undercloud.ooo.test with host undercloud.ooo.test get_network_details /usr/lib/python3.9/site-packages/neutron/plugins/ml2/rpc.py:232
2026-06-12 08:02:03.586 15 INFO neutron.wsgi [req-4f9e2da7-36e7-487a-8977-780adaa94d94 fecf2c20f8ec48c4b6d3e792c6433b4e 3391102c2fa3465bacb426765dc7bb6c - default default] 192.168.122.99,192.168.122.100 "GET /v2.0/segments?network_id=02dd4d7c-0f5d-40a2-99be-2702224ade31&physical_network=ctlplane HTTP/1.1" status: 200 len: 505 time: 0.0106826
2026-06-12 08:02:03.593 15 DEBUG neutron.api.v2.base [req-2d5dcf84-7c4f-40c5-a58a-6b5fada06199 fecf2c20f8ec48c4b6d3e792c6433b4e 3391102c2fa3465bacb426765dc7bb6c - default default] Request body: {'subnet': {'name': 'ctlplane-subnet', 'gateway_ip': '192.168.122.10', 'segment_id': None, 'enable_dhcp': True, 'cidr': '192.168.122.0/24', 'host_routes': [], 'ip_version': '4', 'network_id': '02dd4d7c-0f5d-40a2-99be-2702224ade31', 'allocation_pools': [{'end': '192.168.122.130', 'start': '192.168.122.110'}], 'dns_nameservers': ['192.168.122.10']}} prepare_request_body /usr/lib/python3.9/site-packages/neutron/api/v2/base.py:729
2026-06-12 08:02:03.604 15 DEBUG neutron.pecan_wsgi.hooks.quota_enforcement [req-2d5dcf84-7c4f-40c5-a58a-6b5fada06199 fecf2c20f8ec48c4b6d3e792c6433b4e 3391102c2fa3465bacb426765dc7bb6c - default default] Made reservation on behalf of 3391102c2fa3465bacb426765dc7bb6c for: {'subnet': 1} before /usr/lib/python3.9/site-packages/neutron/pecan_wsgi/hooks/quota_enforcement.py:53
2026-06-12 08:02:03.605 15 DEBUG neutron_lib.callbacks.manager [req-2d5dcf84-7c4f-40c5-a58a-6b5fada06199 fecf2c20f8ec48c4b6d3e792c6433b4e 3391102c2fa3465bacb426765dc7bb6c - default default] Notify callbacks ['neutron.services.segments.plugin.SegmentHostRoutes.host_routes_before_create-544228'] for subnet, before_create _notify_loop /usr/lib/python3.9/site-packages/neutron_lib/callbacks/manager.py:200
2026-06-12 08:02:03.640 15 DEBUG neutron.db.ipam_backend_mixin [req-2d5dcf84-7c4f-40c5-a58a-6b5fada06199 fecf2c20f8ec48c4b6d3e792c6433b4e 3391102c2fa3465bacb426765dc7bb6c - default default] Performing IP validity checks on allocation pools validate_allocation_pools /usr/lib/python3.9/site-packages/neutron/db/ipam_backend_mixin.py:314
2026-06-12 08:02:03.640 15 DEBUG neutron.db.ipam_backend_mixin [req-2d5dcf84-7c4f-40c5-a58a-6b5fada06199 fecf2c20f8ec48c4b6d3e792c6433b4e 3391102c2fa3465bacb426765dc7bb6c - default default] Checking for overlaps among allocation pools and gateway ip validate_allocation_pools /usr/lib/python3.9/site-packages/neutron/db/ipam_backend_mixin.py:335
2026-06-12 08:02:03.725 15 DEBUG neutron_lib.callbacks.manager [req-2d5dcf84-7c4f-40c5-a58a-6b5fada06199 fecf2c20f8ec48c4b6d3e792c6433b4e 3391102c2fa3465bacb426765dc7bb6c - default default] Notify callbacks ['neutron.plugins.ml2.ovo_rpc._ObjectChangeHandler.handle_event-998293', 'neutron.api.rpc.agentnotifiers.dhcp_rpc_agent_api.DhcpAgentNotifyAPI._native_event_send_dhcp_notification-966541', 'neutron.services.segments.plugin.NovaSegmentNotifier._notify_subnet_created-595262', 'neutron.services.segments.plugin.SegmentHostRoutes.host_routes_after_create-543774'] for subnet, after_create _notify_loop /usr/lib/python3.9/site-packages/neutron_lib/callbacks/manager.py:200
2026-06-12 08:02:03.775 15 DEBUG neutron.api.rpc.handlers.resources_rpc [req-2d5dcf84-7c4f-40c5-a58a-6b5fada06199 fecf2c20f8ec48c4b6d3e792c6433b4e 3391102c2fa3465bacb426765dc7bb6c - - -] Pushing event updated for resources: {'Subnet': ['ID=72457bf3-456d-419e-8127-1ada5c9e3580,revision_number=0']} push /usr/lib/python3.9/site-packages/neutron/api/rpc/handlers/resources_rpc.py:237
2026-06-12 08:02:03.790 15 DEBUG neutron.plugins.ml2.drivers.mech_agent [req-2d5dcf84-7c4f-40c5-a58a-6b5fada06199 fecf2c20f8ec48c4b6d3e792c6433b4e 3391102c2fa3465bacb426765dc7bb6c - default default] Checking segment: {'id': '7fcbcf6e-77ba-4e05-94c4-bf74811cee32', 'network_type': 'flat', 'physical_network': 'ctlplane', 'segmentation_id': None, 'network_id': '02dd4d7c-0f5d-40a2-99be-2702224ade31'} for mappings: {'ctlplane': 'br-ctlplane'} with network types: ['local', 'flat', 'vlan'] check_segment_for_agent /usr/lib/python3.9/site-packages/neutron/plugins/ml2/drivers/mech_agent.py:343
2026-06-12 08:02:03.790 15 DEBUG neutron.scheduler.dhcp_agent_scheduler [req-2d5dcf84-7c4f-40c5-a58a-6b5fada06199 fecf2c20f8ec48c4b6d3e792c6433b4e 3391102c2fa3465bacb426765dc7bb6c - default default] Network hostable DHCP agents. Network: 02dd4d7c-0f5d-40a2-99be-2702224ade31, hostable agents: ['1d71d248-e280-4180-b775-1a2c74017c5d'], hosted agents: [] _get_network_hostable_dhcp_agents /usr/lib/python3.9/site-packages/neutron/scheduler/dhcp_agent_scheduler.py:329
2026-06-12 08:02:03.810 15 DEBUG neutron.scheduler.dhcp_agent_scheduler [req-2d5dcf84-7c4f-40c5-a58a-6b5fada06199 fecf2c20f8ec48c4b6d3e792c6433b4e 3391102c2fa3465bacb426765dc7bb6c - default default] Network 02dd4d7c-0f5d-40a2-99be-2702224ade31 is scheduled to be hosted by DHCP agent 1d71d248-e280-4180-b775-1a2c74017c5d with binding_index 1 bind /usr/lib/python3.9/site-packages/neutron/scheduler/dhcp_agent_scheduler.py:227
2026-06-12 08:02:03.818 15 DEBUG neutron.scheduler.base_scheduler [req-2d5dcf84-7c4f-40c5-a58a-6b5fada06199 fecf2c20f8ec48c4b6d3e792c6433b4e 3391102c2fa3465bacb426765dc7bb6c - default default] Resources bound (agent type, host, resource id): (DHCP agent, undercloud.ooo.test, 02dd4d7c-0f5d-40a2-99be-2702224ade31) schedule /usr/lib/python3.9/site-packages/neutron/scheduler/base_scheduler.py:57
2026-06-12 08:02:03.824 15 DEBUG neutron.pecan_wsgi.hooks.policy_enforcement [req-2d5dcf84-7c4f-40c5-a58a-6b5fada06199 fecf2c20f8ec48c4b6d3e792c6433b4e 3391102c2fa3465bacb426765dc7bb6c - default default] Attributes excluded by policy engine: ['standard_attr_id', 'shared', 'network'] _exclude_attributes_by_policy /usr/lib/python3.9/site-packages/neutron/pecan_wsgi/hooks/policy_enforcement.py:259
2026-06-12 08:02:03.825 15 DEBUG neutron_lib.callbacks.manager [req-2d5dcf84-7c4f-40c5-a58a-6b5fada06199 fecf2c20f8ec48c4b6d3e792c6433b4e 3391102c2fa3465bacb426765dc7bb6c - default default] Notify callbacks ['neutron.api.rpc.agentnotifiers.dhcp_rpc_agent_api.DhcpAgentNotifyAPI._send_dhcp_notification-966591'] for subnet, before_response _notify_loop /usr/lib/python3.9/site-packages/neutron_lib/callbacks/manager.py:200
2026-06-12 08:02:03.828 20 DEBUG neutron.api.rpc.handlers.dhcp_rpc [req-254a56df-095d-48a8-8da6-88daff2fd885 - - - - -] Network 02dd4d7c-0f5d-40a2-99be-2702224ade31 requested from undercloud.ooo.test get_network_info /usr/lib/python3.9/site-packages/neutron/api/rpc/handlers/dhcp_rpc.py:213
2026-06-12 08:02:03.841 15 INFO neutron.wsgi [req-2d5dcf84-7c4f-40c5-a58a-6b5fada06199 fecf2c20f8ec48c4b6d3e792c6433b4e 3391102c2fa3465bacb426765dc7bb6c - default default] 192.168.122.99,192.168.122.100 "POST /v2.0/subnets HTTP/1.1" status: 201 len: 847 time: 0.2498379
2026-06-12 08:02:03.852 15 DEBUG neutron.services.tag.tag_plugin [req-9b7fe69e-fa16-4ff1-9f88-404f2f039805 fecf2c20f8ec48c4b6d3e792c6433b4e 3391102c2fa3465bacb426765dc7bb6c - default default] neutron.services.tag.tag_plugin.TagPlugin method update_tags called with arguments (, 'networks', '02dd4d7c-0f5d-40a2-99be-2702224ade31', {'tags': ['192.168.122.0/24']}) {} wrapper /usr/lib/python3.9/site-packages/oslo_log/helpers.py:65
2026-06-12 08:02:03.945 15 INFO neutron.wsgi [req-9b7fe69e-fa16-4ff1-9f88-404f2f039805 fecf2c20f8ec48c4b6d3e792c6433b4e 3391102c2fa3465bacb426765dc7bb6c - default default] 192.168.122.99,192.168.122.100 "PUT /v2.0/networks/02dd4d7c-0f5d-40a2-99be-2702224ade31/tags HTTP/1.1" status: 200 len: 204 time: 0.0978169
2026-06-12 08:02:04.023 19 DEBUG neutron.api.rpc.handlers.dhcp_rpc [req-bfdf139c-de04-4fc8-836a-ef6b57d2cc32 - - - - -] Create dhcp port {'port': {'name': '', 'admin_state_up': True, 'device_id': 'dhcp4ffb0b0c-492f-50f3-b91f-5f97b4a206be-02dd4d7c-0f5d-40a2-99be-2702224ade31', 'network_id': '02dd4d7c-0f5d-40a2-99be-2702224ade31', 'tenant_id': '3391102c2fa3465bacb426765dc7bb6c', 'fixed_ips': [{'subnet_id': '72457bf3-456d-419e-8127-1ada5c9e3580'}]}} from undercloud.ooo.test. create_dhcp_port /usr/lib/python3.9/site-packages/neutron/api/rpc/handlers/dhcp_rpc.py:279
2026-06-12 08:02:04.025 19 DEBUG neutron_lib.callbacks.manager [req-bfdf139c-de04-4fc8-836a-ef6b57d2cc32 - - - - -] Notify callbacks ['neutron.plugins.ml2.plugin.SecurityGroupDbMixin._ensure_default_security_group_handler-1672458'] for port, before_create _notify_loop /usr/lib/python3.9/site-packages/neutron_lib/callbacks/manager.py:200
2026-06-12 08:02:04.131 19 DEBUG neutron.db.db_base_plugin_common [req-bfdf139c-de04-4fc8-836a-ef6b57d2cc32 - - - - -] Allocated IP 192.168.122.110 (02dd4d7c-0f5d-40a2-99be-2702224ade31/72457bf3-456d-419e-8127-1ada5c9e3580/b18a13d7-b9a5-472d-b09f-7069491f349c) _store_ip_allocation /usr/lib/python3.9/site-packages/neutron/db/db_base_plugin_common.py:131
2026-06-12 08:02:04.235 19 DEBUG neutron_lib.callbacks.manager [req-bfdf139c-de04-4fc8-836a-ef6b57d2cc32 - - - - -] Notify callbacks [] for allowed_address_pair, before_create _notify_loop /usr/lib/python3.9/site-packages/neutron_lib/callbacks/manager.py:200
2026-06-12 08:02:04.236 19 DEBUG neutron_lib.callbacks.manager [req-bfdf139c-de04-4fc8-836a-ef6b57d2cc32 - - - - -] Notify callbacks [] for port, precommit_create _notify_loop /usr/lib/python3.9/site-packages/neutron_lib/callbacks/manager.py:200
2026-06-12 08:02:04.242 19 DEBUG neutron.db.provisioning_blocks [req-bfdf139c-de04-4fc8-836a-ef6b57d2cc32 - - - - -] Transition to ACTIVE for port object b18a13d7-b9a5-472d-b09f-7069491f349c will not be triggered until provisioned by entity L2. add_provisioning_component /usr/lib/python3.9/site-packages/neutron/db/provisioning_blocks.py:74
2026-06-12 08:02:04.249 19 DEBUG neutron.db.provisioning_blocks [req-bfdf139c-de04-4fc8-836a-ef6b57d2cc32 - - - - -] Transition to ACTIVE for port object b18a13d7-b9a5-472d-b09f-7069491f349c will not be triggered until provisioned by entity DHCP. add_provisioning_component /usr/lib/python3.9/site-packages/neutron/db/provisioning_blocks.py:74
2026-06-12 08:02:04.255 19 DEBUG neutron_lib.callbacks.manager [req-bfdf139c-de04-4fc8-836a-ef6b57d2cc32 - - - - -] Notify callbacks ['neutron.plugins.ml2.plugin.SecurityGroupServerNotifierRpcMixin.notify_sg_on_port_change-1584706', 'neutron.plugins.ml2.extensions.dns_integration._create_port_in_external_dns_service-8729871947210', 'neutron.plugins.ml2.ovo_rpc._ObjectChangeHandler.handle_event-257470', 'neutron.api.rpc.agentnotifiers.dhcp_rpc_agent_api.DhcpAgentNotifyAPI._native_event_send_dhcp_notification-966541', 'neutron.services.segments.plugin.NovaSegmentNotifier._notify_port_created_or_deleted-595377'] for port, after_create _notify_loop /usr/lib/python3.9/site-packages/neutron_lib/callbacks/manager.py:200
2026-06-12 08:02:04.286 19 DEBUG neutron.scheduler.dhcp_agent_scheduler [req-bfdf139c-de04-4fc8-836a-ef6b57d2cc32 - - - - -] Network 02dd4d7c-0f5d-40a2-99be-2702224ade31 is already hosted by enough agents. _get_dhcp_agents_hosting_network /usr/lib/python3.9/site-packages/neutron/scheduler/dhcp_agent_scheduler.py:275
2026-06-12 08:02:04.291 19 DEBUG neutron.scheduler.base_scheduler [req-bfdf139c-de04-4fc8-836a-ef6b57d2cc32 - - - - -] Resources bound (agent type, host, resource id): schedule /usr/lib/python3.9/site-packages/neutron/scheduler/base_scheduler.py:57
2026-06-12 08:02:04.322 19 DEBUG neutron.plugins.ml2.managers [req-bfdf139c-de04-4fc8-836a-ef6b57d2cc32 - - - - -] Attempting to bind port b18a13d7-b9a5-472d-b09f-7069491f349c on host undercloud.ooo.test for vnic_type normal with profile bind_port /usr/lib/python3.9/site-packages/neutron/plugins/ml2/managers.py:806
2026-06-12 08:02:04.323 19 DEBUG neutron.plugins.ml2.managers [req-bfdf139c-de04-4fc8-836a-ef6b57d2cc32 - - - - -] Attempting to bind port b18a13d7-b9a5-472d-b09f-7069491f349c by drivers openvswitch,baremetal on host undercloud.ooo.test at level 0 using segments [{'id': '7fcbcf6e-77ba-4e05-94c4-bf74811cee32', 'network_type': 'flat', 'physical_network': 'ctlplane', 'segmentation_id': None, 'network_id': '02dd4d7c-0f5d-40a2-99be-2702224ade31'}] _bind_port_level /usr/lib/python3.9/site-packages/neutron/plugins/ml2/managers.py:831
2026-06-12 08:02:04.323 19 DEBUG neutron.plugins.ml2.drivers.mech_agent [req-bfdf139c-de04-4fc8-836a-ef6b57d2cc32 - - - - -] Attempting to bind port b18a13d7-b9a5-472d-b09f-7069491f349c on network 02dd4d7c-0f5d-40a2-99be-2702224ade31 bind_port /usr/lib/python3.9/site-packages/neutron/plugins/ml2/drivers/mech_agent.py:86
2026-06-12 08:02:04.327 19 DEBUG neutron.api.rpc.handlers.resources_rpc [req-bfdf139c-de04-4fc8-836a-ef6b57d2cc32 - - - - -] Pushing event updated for resources: {'Port': ['ID=b18a13d7-b9a5-472d-b09f-7069491f349c,revision_number=1']} push /usr/lib/python3.9/site-packages/neutron/api/rpc/handlers/resources_rpc.py:237
2026-06-12 08:02:04.330 19 DEBUG neutron.plugins.ml2.drivers.mech_agent [req-bfdf139c-de04-4fc8-836a-ef6b57d2cc32 - - - - -] Checking agent: {'id': '99a4aff5-518e-49e0-a5fc-12ca5bc0fd1c', 'agent_type': 'Open vSwitch agent', 'binary': 'neutron-openvswitch-agent', 'topic': 'N/A', 'host': 'undercloud.ooo.test', 'admin_state_up': True, 'created_at': datetime.datetime(2026, 6, 12, 8, 0, 46), 'started_at': datetime.datetime(2026, 6, 12, 8, 0, 46), 'heartbeat_timestamp': datetime.datetime(2026, 6, 12, 8, 0, 46), 'description': None, 'resources_synced': None, 'availability_zone': None, 'alive': True, 'configurations': {'arp_responder_enabled': False, 'baremetal_smartnic': False, 'bridge_mappings': {'ctlplane': 'br-ctlplane'}, 'datapath_type': 'system', 'devices': 0, 'enable_distributed_routing': False, 'extensions': [], 'in_distributed_mode': False, 'integration_bridge': 'br-int', 'l2_population': False, 'log_agent_heartbeats': False, 'ovs_capabilities': {'datapath_types': ['netdev', 'system'], 'iface_types': ['bareudp', 'erspan', 'geneve', 'gre', 'gtpu', 'internal', 'ip6erspan', 'ip6gre', 'lisp', 'patch', 'srv6', 'stt', 'system', 'tap', 'vxlan']}, 'ovs_hybrid_plug': True, 'resource_provider_bandwidths': {}, 'resource_provider_hypervisors': {'br-ctlplane': 'undercloud.ooo.test'}, 'resource_provider_inventory_defaults': {'allocation_ratio': 1.0, 'min_unit': 1, 'step_size': 1, 'reserved': 0}, 'tunnel_types': [], 'tunneling_ip': None, 'vhostuser_socket_dir': '/var/run/openvswitch'}, 'resource_versions': {'AddressGroup': '1.2', 'ConntrackHelper': '1.0', 'Log': '1.0', 'Network': '1.1', 'Port': '1.7', 'PortForwarding': '1.2', 'QosPolicy': '1.8', 'SecurityGroup': '1.5', 'SecurityGroupRule': '1.2', 'SubPort': '1.0', 'Subnet': '1.1', 'Trunk': '1.1'}} bind_port /usr/lib/python3.9/site-packages/neutron/plugins/ml2/drivers/mech_agent.py:105
2026-06-12 08:02:04.331 19 DEBUG neutron.plugins.ml2.drivers.mech_agent [req-bfdf139c-de04-4fc8-836a-ef6b57d2cc32 - - - - -] Checking segment: {'id': '7fcbcf6e-77ba-4e05-94c4-bf74811cee32', 'network_type': 'flat', 'physical_network': 'ctlplane', 'segmentation_id': None, 'network_id': '02dd4d7c-0f5d-40a2-99be-2702224ade31'} for mappings: {'ctlplane': 'br-ctlplane'} with network types: ['local', 'flat', 'vlan'] check_segment_for_agent /usr/lib/python3.9/site-packages/neutron/plugins/ml2/drivers/mech_agent.py:343
2026-06-12 08:02:04.331 19 DEBUG neutron_lib.callbacks.manager [req-bfdf139c-de04-4fc8-836a-ef6b57d2cc32 - - - - -] Notify callbacks [] for ovs_bridge_name, before_read _notify_loop /usr/lib/python3.9/site-packages/neutron_lib/callbacks/manager.py:200
2026-06-12 08:02:04.331 19 DEBUG neutron.plugins.ml2.drivers.mech_agent [req-bfdf139c-de04-4fc8-836a-ef6b57d2cc32 - - - - -] Bound using segment: {'id': '7fcbcf6e-77ba-4e05-94c4-bf74811cee32', 'network_type': 'flat', 'physical_network': 'ctlplane', 'segmentation_id': None, 'network_id': '02dd4d7c-0f5d-40a2-99be-2702224ade31'} bind_port /usr/lib/python3.9/site-packages/neutron/plugins/ml2/drivers/mech_agent.py:115
2026-06-12 08:02:04.332 19 DEBUG neutron.plugins.ml2.managers [req-bfdf139c-de04-4fc8-836a-ef6b57d2cc32 - - - - -] Bound port: b18a13d7-b9a5-472d-b09f-7069491f349c, host: undercloud.ooo.test, vif_type: ovs, vif_details: {"connectivity": "l2", "port_filter": true, "ovs_hybrid_plug": true, "datapath_type": "system", "bridge_name": "br-int"}, binding_levels: [{'bound_driver': 'openvswitch', 'bound_segment': {'id': '7fcbcf6e-77ba-4e05-94c4-bf74811cee32', 'network_type': 'flat', 'physical_network': 'ctlplane', 'segmentation_id': None, 'network_id': '02dd4d7c-0f5d-40a2-99be-2702224ade31'}}] _bind_port_level /usr/lib/python3.9/site-packages/neutron/plugins/ml2/managers.py:944
2026-06-12 08:02:04.332 19 DEBUG neutron_lib.callbacks.manager [req-bfdf139c-de04-4fc8-836a-ef6b57d2cc32 - - - - -] Notify callbacks ['neutron.plugins.ml2.plugin.SecurityGroupDbMixin._ensure_default_security_group_handler-1672458'] for port, before_update _notify_loop /usr/lib/python3.9/site-packages/neutron_lib/callbacks/manager.py:200
2026-06-12 08:02:04.343 19 DEBUG neutron.api.rpc.callbacks.version_manager [req-bfdf139c-de04-4fc8-836a-ef6b57d2cc32 - - - - -] Version for resource type AddressGroup changed None to 1.2 on consumer Open vSwitch agent@undercloud.ooo.test _set_version /usr/lib/python3.9/site-packages/neutron/api/rpc/callbacks/version_manager.py:113
2026-06-12 08:02:04.344 19 DEBUG neutron.api.rpc.callbacks.version_manager [req-bfdf139c-de04-4fc8-836a-ef6b57d2cc32 - - - - -] Version for resource type ConntrackHelper changed None to 1.0 on consumer Open vSwitch agent@undercloud.ooo.test _set_version /usr/lib/python3.9/site-packages/neutron/api/rpc/callbacks/version_manager.py:113
2026-06-12 08:02:04.344 19 DEBUG neutron.api.rpc.callbacks.version_manager [req-bfdf139c-de04-4fc8-836a-ef6b57d2cc32 - - - - -] Version for resource type Log changed None to 1.0 on consumer Open vSwitch agent@undercloud.ooo.test _set_version /usr/lib/python3.9/site-packages/neutron/api/rpc/callbacks/version_manager.py:113
2026-06-12 08:02:04.344 19 DEBUG neutron.api.rpc.callbacks.version_manager [req-bfdf139c-de04-4fc8-836a-ef6b57d2cc32 - - - - -] Version for resource type Network changed None to 1.1 on consumer Open vSwitch agent@undercloud.ooo.test _set_version /usr/lib/python3.9/site-packages/neutron/api/rpc/callbacks/version_manager.py:113
2026-06-12 08:02:04.344 19 DEBUG neutron.api.rpc.callbacks.version_manager [req-bfdf139c-de04-4fc8-836a-ef6b57d2cc32 - - - - -] Version for resource type Port changed None to 1.7 on consumer Open vSwitch agent@undercloud.ooo.test _set_version /usr/lib/python3.9/site-packages/neutron/api/rpc/callbacks/version_manager.py:113
2026-06-12 08:02:04.344 19 DEBUG neutron.api.rpc.callbacks.version_manager [req-bfdf139c-de04-4fc8-836a-ef6b57d2cc32 - - - - -] Version for resource type PortForwarding changed None to 1.2 on consumer Open vSwitch agent@undercloud.ooo.test _set_version /usr/lib/python3.9/site-packages/neutron/api/rpc/callbacks/version_manager.py:113
2026-06-12 08:02:04.345 19 DEBUG neutron.api.rpc.callbacks.version_manager [req-bfdf139c-de04-4fc8-836a-ef6b57d2cc32 - - - - -] Version for resource type QosPolicy changed None to 1.8 on consumer Open vSwitch agent@undercloud.ooo.test _set_version /usr/lib/python3.9/site-packages/neutron/api/rpc/callbacks/version_manager.py:113
2026-06-12 08:02:04.345 19 DEBUG neutron.api.rpc.callbacks.version_manager [req-bfdf139c-de04-4fc8-836a-ef6b57d2cc32 - - - - -] Version for resource type SecurityGroup changed None to 1.5 on consumer Open vSwitch agent@undercloud.ooo.test _set_version /usr/lib/python3.9/site-packages/neutron/api/rpc/callbacks/version_manager.py:113
2026-06-12 08:02:04.345 19 DEBUG neutron.api.rpc.callbacks.version_manager [req-bfdf139c-de04-4fc8-836a-ef6b57d2cc32 - - - - -] Version for resource type SecurityGroupRule changed None to 1.2 on consumer Open vSwitch agent@undercloud.ooo.test _set_version /usr/lib/python3.9/site-packages/neutron/api/rpc/callbacks/version_manager.py:113
2026-06-12 08:02:04.345 19 DEBUG neutron.api.rpc.callbacks.version_manager [req-bfdf139c-de04-4fc8-836a-ef6b57d2cc32 - - - - -] Version for resource type SubPort changed None to 1.0 on consumer Open vSwitch agent@undercloud.ooo.test _set_version /usr/lib/python3.9/site-packages/neutron/api/rpc/callbacks/version_manager.py:113
2026-06-12 08:02:04.345 19 DEBUG neutron.api.rpc.callbacks.version_manager [req-bfdf139c-de04-4fc8-836a-ef6b57d2cc32 - - - - -] Version for resource type Subnet changed None to 1.1 on consumer Open vSwitch agent@undercloud.ooo.test _set_version /usr/lib/python3.9/site-packages/neutron/api/rpc/callbacks/version_manager.py:113
2026-06-12 08:02:04.345 19 DEBUG neutron.api.rpc.callbacks.version_manager [req-bfdf139c-de04-4fc8-836a-ef6b57d2cc32 - - - - -] Version for resource type Trunk changed None to 1.1 on consumer Open vSwitch agent@undercloud.ooo.test _set_version /usr/lib/python3.9/site-packages/neutron/api/rpc/callbacks/version_manager.py:113
2026-06-12 08:02:04.346 19 DEBUG neutron.api.rpc.callbacks.version_manager [req-bfdf139c-de04-4fc8-836a-ef6b57d2cc32 - - - - -] Tracked resource versions report: pushed versions: { 'AddressGroup': {'1.2'}, 'ConntrackHelper': {'1.0'}, 'Log': {'1.0'}, 'Network': {'1.1'}, 'Port': {'1.7'}, 'PortForwarding': {'1.2'}, 'QosPolicy': {'1.8'}, 'SecurityGroup': {'1.5'}, 'SecurityGroupRule': {'1.2'}, 'SubPort': {'1.0'}, 'Subnet': {'1.1'}, 'Trunk': {'1.1'}} consumer versions: { DHCP agent@undercloud.ooo.test: {}, L3 agent@undercloud.ooo.test: {}, Open vSwitch agent@undercloud.ooo.test: { 'AddressGroup': '1.2', 'ConntrackHelper': '1.0', 'Log': '1.0', 'Network': '1.1', 'Port': '1.7', 'PortForwarding': '1.2', 'QosPolicy': '1.8', 'SecurityGroup': '1.5', 'SecurityGroupRule': '1.2', 'SubPort': '1.0', 'Subnet': '1.1', 'Trunk': '1.1'}} report /usr/lib/python3.9/site-packages/neutron/api/rpc/callbacks/version_manager.py:175
2026-06-12 08:02:04.392 19 DEBUG neutron.plugins.ml2.db [req-bfdf139c-de04-4fc8-836a-ef6b57d2cc32 - - - - -] For port b18a13d7-b9a5-472d-b09f-7069491f349c, host undercloud.ooo.test, cleared binding levels clear_binding_levels /usr/lib/python3.9/site-packages/neutron/plugins/ml2/db.py:88
2026-06-12 08:02:04.395 19 DEBUG neutron.plugins.ml2.db [req-bfdf139c-de04-4fc8-836a-ef6b57d2cc32 - - - - -] For port b18a13d7-b9a5-472d-b09f-7069491f349c, host undercloud.ooo.test, set binding levels [PortBindingLevel(driver='openvswitch',host='undercloud.ooo.test',level=0,port_id=b18a13d7-b9a5-472d-b09f-7069491f349c,segment=NetworkSegment(7fcbcf6e-77ba-4e05-94c4-bf74811cee32),segment_id=7fcbcf6e-77ba-4e05-94c4-bf74811cee32)] set_binding_levels /usr/lib/python3.9/site-packages/neutron/plugins/ml2/db.py:60
2026-06-12 08:02:04.398 19 DEBUG neutron_lib.callbacks.manager [req-bfdf139c-de04-4fc8-836a-ef6b57d2cc32 - - - - -] Notify callbacks ['neutron.plugins.ml2.plugin.SecurityGroupServerNotifierRpcMixin.notify_sg_on_port_change-1584706', 'neutron.plugins.ml2.extensions.dns_integration._update_port_in_external_dns_service-8729871947237', 'neutron.plugins.ml2.ovo_rpc._ObjectChangeHandler.handle_event-257470', 'neutron.api.rpc.agentnotifiers.dhcp_rpc_agent_api.DhcpAgentNotifyAPI._native_event_send_dhcp_notification-966541', 'neutron.db.l3_db.L3RpcNotifierMixin._notify_gateway_port_ip_changed-8729872017309', 'neutron.db.l3_hascheduler_db._notify_l3_agent_ha_port_update-8729871502138', 'neutron.services.segments.plugin.NovaSegmentNotifier._notify_port_updated-595374'] for port, after_update _notify_loop /usr/lib/python3.9/site-packages/neutron_lib/callbacks/manager.py:200
2026-06-12 08:02:04.445 19 DEBUG neutron.api.rpc.handlers.resources_rpc [req-bfdf139c-de04-4fc8-836a-ef6b57d2cc32 - - - - -] Pushing event updated for resources: {'Port': ['ID=b18a13d7-b9a5-472d-b09f-7069491f349c,revision_number=2']} push /usr/lib/python3.9/site-packages/neutron/api/rpc/handlers/resources_rpc.py:237
2026-06-12 08:02:04.877 18 DEBUG neutron.wsgi [-] (18) accepted ('192.168.122.100', 51892) server /usr/lib/python3.9/site-packages/eventlet/wsgi.py:992
2026-06-12 08:02:04.880 18 INFO neutron.wsgi [-] 192.168.122.100 "GET /healthcheck HTTP/1.0" status: 200 len: 137 time: 0.0022347
2026-06-12 08:02:06.079 22 DEBUG neutron.plugins.ml2.rpc [req-2311c8c5-41ca-42ca-aa49-48d0fd194ac7 - - - - -] Device b18a13d7-b9a5-472d-b09f-7069491f349c up at agent ovs-agent-undercloud.ooo.test update_device_up /usr/lib/python3.9/site-packages/neutron/plugins/ml2/rpc.py:278
2026-06-12 08:02:06.152 22 DEBUG neutron.db.provisioning_blocks [req-2311c8c5-41ca-42ca-aa49-48d0fd194ac7 - - - - -] Provisioning for port b18a13d7-b9a5-472d-b09f-7069491f349c completed by entity L2. provisioning_complete /usr/lib/python3.9/site-packages/neutron/db/provisioning_blocks.py:134
2026-06-12 08:02:06.858 20 DEBUG neutron.api.rpc.handlers.dhcp_rpc [req-f0525060-8808-4658-ab26-b04b82734c15 - - - - -] Network 02dd4d7c-0f5d-40a2-99be-2702224ade31 requested from undercloud.ooo.test get_network_info /usr/lib/python3.9/site-packages/neutron/api/rpc/handlers/dhcp_rpc.py:213
2026-06-12 08:02:06.882 16 DEBUG neutron.wsgi [-] (16) accepted ('192.168.122.100', 51904) server /usr/lib/python3.9/site-packages/eventlet/wsgi.py:992
2026-06-12 08:02:06.886 16 INFO neutron.wsgi [-] 192.168.122.100 "GET /healthcheck HTTP/1.0" status: 200 len: 137 time: 0.0029445
2026-06-12 08:02:06.962 19 DEBUG neutron.db.provisioning_blocks [req-9e42e9a7-eb22-41a6-bc56-bedc9f18a099 - - - - -] Provisioning for port b18a13d7-b9a5-472d-b09f-7069491f349c completed by entity DHCP. provisioning_complete /usr/lib/python3.9/site-packages/neutron/db/provisioning_blocks.py:134
