2026-06-12 08:02:37.733 18 DEBUG neutron_lib.callbacks.manager [req-72854fe2-f965-4f33-a103-b78afd1628a4 fecf2c20f8ec48c4b6d3e792c6433b4e 3391102c2fa3465bacb426765dc7bb6c - default default] Notify callbacks ['neutron.plugins.ml2.ovo_rpc._ObjectChangeHandler.handle_event-998293', 'neutron.api.rpc.agentnotifiers.dhcp_rpc_agent_api.DhcpAgentNotifyAPI._native_event_send_dhcp_notification-966541', 'neutron.services.segments.plugin.NovaSegmentNotifier._notify_subnet_created-595262', 'neutron.services.segments.plugin.SegmentHostRoutes.host_routes_after_create-543774'] for subnet, after_create _notify_loop /usr/lib/python3.9/site-packages/neutron_lib/callbacks/manager.py:200
2026-06-12 08:02:37.733 18 DEBUG neutron.services.segments.db [req-72854fe2-f965-4f33-a103-b78afd1628a4 fecf2c20f8ec48c4b6d3e792c6433b4e 3391102c2fa3465bacb426765dc7bb6c - default default] neutron.services.segments.plugin.Plugin method get_segment called with arguments (, '39bdf4d6-f78e-4dbd-994c-08e410da052f') {} wrapper /usr/lib/python3.9/site-packages/oslo_log/helpers.py:65
2026-06-12 08:02:37.771 18 DEBUG neutron.plugins.ml2.drivers.mech_agent [req-72854fe2-f965-4f33-a103-b78afd1628a4 fecf2c20f8ec48c4b6d3e792c6433b4e 3391102c2fa3465bacb426765dc7bb6c - default default] Checking segment: {'id': '39bdf4d6-f78e-4dbd-994c-08e410da052f', 'network_type': 'flat', 'physical_network': 'external_external_subnet', 'segmentation_id': None, 'network_id': '2e814215-fd2b-4368-8361-d004d571da50'} for mappings: {'ctlplane': 'br-ctlplane'} with network types: ['local', 'flat', 'vlan'] check_segment_for_agent /usr/lib/python3.9/site-packages/neutron/plugins/ml2/drivers/mech_agent.py:343
2026-06-12 08:02:37.771 18 DEBUG neutron.plugins.ml2.drivers.mech_agent [req-72854fe2-f965-4f33-a103-b78afd1628a4 fecf2c20f8ec48c4b6d3e792c6433b4e 3391102c2fa3465bacb426765dc7bb6c - default default] Network 2e814215-fd2b-4368-8361-d004d571da50 with segment 39bdf4d6-f78e-4dbd-994c-08e410da052f is connected to physical network external_external_subnet, but agent undercloud.ooo.test reported physical networks {'ctlplane': 'br-ctlplane'}. The physical network must be configured on the agent if binding is to succeed. check_segment_for_agent /usr/lib/python3.9/site-packages/neutron/plugins/ml2/drivers/mech_agent.py:365
2026-06-12 08:02:37.774 18 DEBUG neutron.scheduler.dhcp_agent_scheduler [req-72854fe2-f965-4f33-a103-b78afd1628a4 fecf2c20f8ec48c4b6d3e792c6433b4e 3391102c2fa3465bacb426765dc7bb6c - default default] Network hostable DHCP agents. Network: 2e814215-fd2b-4368-8361-d004d571da50, hostable agents: [], hosted agents: [] _get_network_hostable_dhcp_agents /usr/lib/python3.9/site-packages/neutron/scheduler/dhcp_agent_scheduler.py:329
2026-06-12 08:02:37.774 18 DEBUG neutron.scheduler.base_scheduler [req-72854fe2-f965-4f33-a103-b78afd1628a4 fecf2c20f8ec48c4b6d3e792c6433b4e 3391102c2fa3465bacb426765dc7bb6c - default default] Resources bound (agent type, host, resource id): schedule /usr/lib/python3.9/site-packages/neutron/scheduler/base_scheduler.py:57
2026-06-12 08:02:37.774 18 WARNING neutron.api.rpc.agentnotifiers.dhcp_rpc_agent_api [req-72854fe2-f965-4f33-a103-b78afd1628a4 fecf2c20f8ec48c4b6d3e792c6433b4e 3391102c2fa3465bacb426765dc7bb6c - default default] Unable to schedule network 2e814215-fd2b-4368-8361-d004d571da50: no agents available; will retry on subsequent port and subnet creation events.
2026-06-12 08:02:37.774 18 DEBUG neutron.api.rpc.agentnotifiers.dhcp_rpc_agent_api [req-72854fe2-f965-4f33-a103-b78afd1628a4 fecf2c20f8ec48c4b6d3e792c6433b4e 3391102c2fa3465bacb426765dc7bb6c - default default] Network 2e814215-fd2b-4368-8361-d004d571da50 is not hosted by any dhcp agent _notify_agents /usr/lib/python3.9/site-packages/neutron/api/rpc/agentnotifiers/dhcp_rpc_agent_api.py:228
2026-06-12 08:02:37.781 18 DEBUG neutron.pecan_wsgi.hooks.policy_enforcement [req-72854fe2-f965-4f33-a103-b78afd1628a4 fecf2c20f8ec48c4b6d3e792c6433b4e 3391102c2fa3465bacb426765dc7bb6c - default default] Attributes excluded by policy engine: ['standard_attr_id', 'shared', 'network'] _exclude_attributes_by_policy /usr/lib/python3.9/site-packages/neutron/pecan_wsgi/hooks/policy_enforcement.py:259
2026-06-12 08:02:37.781 18 DEBUG neutron_lib.callbacks.manager [req-72854fe2-f965-4f33-a103-b78afd1628a4 fecf2c20f8ec48c4b6d3e792c6433b4e 3391102c2fa3465bacb426765dc7bb6c - default default] Notify callbacks ['neutron.api.rpc.agentnotifiers.dhcp_rpc_agent_api.DhcpAgentNotifyAPI._send_dhcp_notification-966591'] for subnet, before_response _notify_loop /usr/lib/python3.9/site-packages/neutron_lib/callbacks/manager.py:200
2026-06-12 08:02:37.790 18 DEBUG neutron.api.rpc.handlers.resources_rpc [req-72854fe2-f965-4f33-a103-b78afd1628a4 fecf2c20f8ec48c4b6d3e792c6433b4e 3391102c2fa3465bacb426765dc7bb6c - - -] Pushing event updated for resources: {'Subnet': ['ID=bef0ebdf-76f5-4c7e-949d-faa0fd400ee8,revision_number=0']} push /usr/lib/python3.9/site-packages/neutron/api/rpc/handlers/resources_rpc.py:237
2026-06-12 08:02:37.799 18 INFO neutron.wsgi [req-72854fe2-f965-4f33-a103-b78afd1628a4 fecf2c20f8ec48c4b6d3e792c6433b4e 3391102c2fa3465bacb426765dc7bb6c - default default] 192.168.122.99,192.168.122.100 "POST /v2.0/subnets HTTP/1.1" status: 201 len: 845 time: 0.1844969
2026-06-12 08:02:37.809 18 DEBUG neutron.services.tag.tag_plugin [req-93f22c91-8d4f-49b2-b59a-cf793801904f fecf2c20f8ec48c4b6d3e792c6433b4e 3391102c2fa3465bacb426765dc7bb6c - default default] neutron.services.tag.tag_plugin.TagPlugin method update_tags called with arguments (, 'subnets', 'bef0ebdf-76f5-4c7e-949d-faa0fd400ee8', {'tags': ['tripleo_vlan_id=44']}) {} wrapper /usr/lib/python3.9/site-packages/oslo_log/helpers.py:65
2026-06-12 08:02:37.859 18 INFO neutron.wsgi [req-93f22c91-8d4f-49b2-b59a-cf793801904f fecf2c20f8ec48c4b6d3e792c6433b4e 3391102c2fa3465bacb426765dc7bb6c - default default] 192.168.122.99,192.168.122.100 "PUT /v2.0/subnets/bef0ebdf-76f5-4c7e-949d-faa0fd400ee8/tags HTTP/1.1" status: 200 len: 206 time: 0.0551631
2026-06-12 08:02:38.960 18 DEBUG neutron.wsgi [-] (18) accepted ('192.168.122.100', 37266) server /usr/lib/python3.9/site-packages/eventlet/wsgi.py:992
2026-06-12 08:02:38.962 18 INFO neutron.wsgi [-] 192.168.122.100 "GET /healthcheck HTTP/1.0" status: 200 len: 137 time: 0.0016704
2026-06-12 08:02:39.185 18 DEBUG neutron.wsgi [-] (18) accepted ('192.168.122.100', 37282) server /usr/lib/python3.9/site-packages/eventlet/wsgi.py:992
2026-06-12 08:02:39.234 18 INFO neutron.pecan_wsgi.hooks.translation [req-afd5414e-2a06-4d8e-b041-c1dfd6f4f6af fecf2c20f8ec48c4b6d3e792c6433b4e 3391102c2fa3465bacb426765dc7bb6c - default default] GET failed (client error): The resource could not be found.
2026-06-12 08:02:39.236 18 INFO neutron.wsgi [req-afd5414e-2a06-4d8e-b041-c1dfd6f4f6af fecf2c20f8ec48c4b6d3e792c6433b4e 3391102c2fa3465bacb426765dc7bb6c - default default] 192.168.122.99,192.168.122.100 "GET /v2.0/networks/storage HTTP/1.1" status: 404 len: 291 time: 0.0505323
2026-06-12 08:02:39.341 18 DEBUG neutron.pecan_wsgi.hooks.policy_enforcement [req-3b5c69cf-0099-4e15-b651-dcdb95ae622c fecf2c20f8ec48c4b6d3e792c6433b4e 3391102c2fa3465bacb426765dc7bb6c - default default] Attributes excluded by policy engine: ['standard_attr_id', 'vlan_transparent'] _exclude_attributes_by_policy /usr/lib/python3.9/site-packages/neutron/pecan_wsgi/hooks/policy_enforcement.py:259
2026-06-12 08:02:39.342 18 INFO neutron.wsgi [req-3b5c69cf-0099-4e15-b651-dcdb95ae622c fecf2c20f8ec48c4b6d3e792c6433b4e 3391102c2fa3465bacb426765dc7bb6c - default default] 192.168.122.99,192.168.122.100 "GET /v2.0/networks?name=storage HTTP/1.1" status: 200 len: 1023 time: 0.1013339
2026-06-12 08:02:39.377 18 DEBUG neutron.pecan_wsgi.hooks.policy_enforcement [req-d13ad0d0-5b20-48e9-8721-dca8738de8aa fecf2c20f8ec48c4b6d3e792c6433b4e 3391102c2fa3465bacb426765dc7bb6c - default default] Attributes excluded by policy engine: ['standard_attr_id', 'shared'] _exclude_attributes_by_policy /usr/lib/python3.9/site-packages/neutron/pecan_wsgi/hooks/policy_enforcement.py:259
2026-06-12 08:02:39.378 18 INFO neutron.wsgi [req-d13ad0d0-5b20-48e9-8721-dca8738de8aa fecf2c20f8ec48c4b6d3e792c6433b4e 3391102c2fa3465bacb426765dc7bb6c - default default] 192.168.122.99,192.168.122.100 "GET /v2.0/subnets/80a99349-d980-4f94-bc85-6d2fffe616e5 HTTP/1.1" status: 200 len: 859 time: 0.0296314
2026-06-12 08:02:39.403 18 INFO neutron.pecan_wsgi.hooks.translation [req-e789fb40-44ac-4439-9b5f-6c7ec52182c4 fecf2c20f8ec48c4b6d3e792c6433b4e 3391102c2fa3465bacb426765dc7bb6c - default default] GET failed (client error): The resource could not be found.
2026-06-12 08:02:39.405 18 INFO neutron.wsgi [req-e789fb40-44ac-4439-9b5f-6c7ec52182c4 fecf2c20f8ec48c4b6d3e792c6433b4e 3391102c2fa3465bacb426765dc7bb6c - default default] 192.168.122.99,192.168.122.100 "GET /v2.0/networks/storage_mgmt HTTP/1.1" status: 404 len: 296 time: 0.0201366
2026-06-12 08:02:39.503 18 DEBUG neutron.pecan_wsgi.hooks.policy_enforcement [req-c3951f76-7b24-4ed0-9915-18aff2a39498 fecf2c20f8ec48c4b6d3e792c6433b4e 3391102c2fa3465bacb426765dc7bb6c - default default] Attributes excluded by policy engine: ['standard_attr_id', 'vlan_transparent'] _exclude_attributes_by_policy /usr/lib/python3.9/site-packages/neutron/pecan_wsgi/hooks/policy_enforcement.py:259
2026-06-12 08:02:39.504 18 INFO neutron.wsgi [req-c3951f76-7b24-4ed0-9915-18aff2a39498 fecf2c20f8ec48c4b6d3e792c6433b4e 3391102c2fa3465bacb426765dc7bb6c - default default] 192.168.122.99,192.168.122.100 "GET /v2.0/networks?name=storage_mgmt HTTP/1.1" status: 200 len: 1051 time: 0.0947344
2026-06-12 08:02:39.545 18 DEBUG neutron.pecan_wsgi.hooks.policy_enforcement [req-003e6f32-c408-4ba1-a431-a33b8af91590 fecf2c20f8ec48c4b6d3e792c6433b4e 3391102c2fa3465bacb426765dc7bb6c - default default] Attributes excluded by policy engine: ['standard_attr_id', 'shared'] _exclude_attributes_by_policy /usr/lib/python3.9/site-packages/neutron/pecan_wsgi/hooks/policy_enforcement.py:259
2026-06-12 08:02:39.546 18 INFO neutron.wsgi [req-003e6f32-c408-4ba1-a431-a33b8af91590 fecf2c20f8ec48c4b6d3e792c6433b4e 3391102c2fa3465bacb426765dc7bb6c - default default] 192.168.122.99,192.168.122.100 "GET /v2.0/subnets/cbb8fd4f-d34c-4b95-b90b-6e7562bc5363 HTTP/1.1" status: 200 len: 864 time: 0.0364115
2026-06-12 08:02:39.565 18 INFO neutron.pecan_wsgi.hooks.translation [req-cf5290b7-c787-4392-ae63-f80e78e5b044 fecf2c20f8ec48c4b6d3e792c6433b4e 3391102c2fa3465bacb426765dc7bb6c - default default] GET failed (client error): The resource could not be found.
2026-06-12 08:02:39.565 18 INFO neutron.wsgi [req-cf5290b7-c787-4392-ae63-f80e78e5b044 fecf2c20f8ec48c4b6d3e792c6433b4e 3391102c2fa3465bacb426765dc7bb6c - default default] 192.168.122.99,192.168.122.100 "GET /v2.0/networks/internal_api HTTP/1.1" status: 404 len: 296 time: 0.0155900
2026-06-12 08:02:39.670 18 DEBUG neutron.pecan_wsgi.hooks.policy_enforcement [req-0757940e-b0ca-44fd-a5de-c231c0906c0d fecf2c20f8ec48c4b6d3e792c6433b4e 3391102c2fa3465bacb426765dc7bb6c - default default] Attributes excluded by policy engine: ['standard_attr_id', 'vlan_transparent'] _exclude_attributes_by_policy /usr/lib/python3.9/site-packages/neutron/pecan_wsgi/hooks/policy_enforcement.py:259
2026-06-12 08:02:39.672 18 INFO neutron.wsgi [req-0757940e-b0ca-44fd-a5de-c231c0906c0d fecf2c20f8ec48c4b6d3e792c6433b4e 3391102c2fa3465bacb426765dc7bb6c - default default] 192.168.122.99,192.168.122.100 "GET /v2.0/networks?name=internal_api HTTP/1.1" status: 200 len: 1052 time: 0.1035204
2026-06-12 08:02:39.738 18 DEBUG neutron.pecan_wsgi.hooks.policy_enforcement [req-5a7b2036-12b5-458f-a38a-b588d4e7b83f fecf2c20f8ec48c4b6d3e792c6433b4e 3391102c2fa3465bacb426765dc7bb6c - default default] Attributes excluded by policy engine: ['standard_attr_id', 'shared'] _exclude_attributes_by_policy /usr/lib/python3.9/site-packages/neutron/pecan_wsgi/hooks/policy_enforcement.py:259
2026-06-12 08:02:39.740 18 INFO neutron.wsgi [req-5a7b2036-12b5-458f-a38a-b588d4e7b83f fecf2c20f8ec48c4b6d3e792c6433b4e 3391102c2fa3465bacb426765dc7bb6c - default default] 192.168.122.99,192.168.122.100 "GET /v2.0/subnets/49af3a58-65cf-4296-b8d2-8b37fc421e30 HTTP/1.1" status: 200 len: 864 time: 0.0613656
2026-06-12 08:02:39.768 18 INFO neutron.pecan_wsgi.hooks.translation [req-2f9e867c-d160-47a9-b6aa-626dafdd67c3 fecf2c20f8ec48c4b6d3e792c6433b4e 3391102c2fa3465bacb426765dc7bb6c - default default] GET failed (client error): The resource could not be found.
2026-06-12 08:02:39.770 18 INFO neutron.wsgi [req-2f9e867c-d160-47a9-b6aa-626dafdd67c3 fecf2c20f8ec48c4b6d3e792c6433b4e 3391102c2fa3465bacb426765dc7bb6c - default default] 192.168.122.99,192.168.122.100 "GET /v2.0/networks/tenant HTTP/1.1" status: 404 len: 290 time: 0.0235603
2026-06-12 08:02:39.858 18 DEBUG neutron.pecan_wsgi.hooks.policy_enforcement [req-59a0ce3b-06db-48c6-8c24-26d4e6b5ee1d fecf2c20f8ec48c4b6d3e792c6433b4e 3391102c2fa3465bacb426765dc7bb6c - default default] Attributes excluded by policy engine: ['standard_attr_id', 'vlan_transparent'] _exclude_attributes_by_policy /usr/lib/python3.9/site-packages/neutron/pecan_wsgi/hooks/policy_enforcement.py:259
2026-06-12 08:02:39.859 18 INFO neutron.wsgi [req-59a0ce3b-06db-48c6-8c24-26d4e6b5ee1d fecf2c20f8ec48c4b6d3e792c6433b4e 3391102c2fa3465bacb426765dc7bb6c - default default] 192.168.122.99,192.168.122.100 "GET /v2.0/networks?name=tenant HTTP/1.1" status: 200 len: 998 time: 0.0853946
2026-06-12 08:02:39.902 18 DEBUG neutron.pecan_wsgi.hooks.policy_enforcement [req-5ecf87ea-6add-44fe-8c20-a80ed3e3931b fecf2c20f8ec48c4b6d3e792c6433b4e 3391102c2fa3465bacb426765dc7bb6c - default default] Attributes excluded by policy engine: ['standard_attr_id', 'shared'] _exclude_attributes_by_policy /usr/lib/python3.9/site-packages/neutron/pecan_wsgi/hooks/policy_enforcement.py:259
2026-06-12 08:02:39.904 18 INFO neutron.wsgi [req-5ecf87ea-6add-44fe-8c20-a80ed3e3931b fecf2c20f8ec48c4b6d3e792c6433b4e 3391102c2fa3465bacb426765dc7bb6c - default default] 192.168.122.99,192.168.122.100 "GET /v2.0/subnets/ea55a5b0-e88d-4cc9-85f0-317a70d5eb77 HTTP/1.1" status: 200 len: 858 time: 0.0389237
2026-06-12 08:02:39.924 18 INFO neutron.pecan_wsgi.hooks.translation [req-1563c995-b73f-4e18-a7ff-344933035591 fecf2c20f8ec48c4b6d3e792c6433b4e 3391102c2fa3465bacb426765dc7bb6c - default default] GET failed (client error): The resource could not be found.
2026-06-12 08:02:39.925 18 INFO neutron.wsgi [req-1563c995-b73f-4e18-a7ff-344933035591 fecf2c20f8ec48c4b6d3e792c6433b4e 3391102c2fa3465bacb426765dc7bb6c - default default] 192.168.122.99,192.168.122.100 "GET /v2.0/networks/external HTTP/1.1" status: 404 len: 292 time: 0.0162036
2026-06-12 08:02:40.029 18 DEBUG neutron.pecan_wsgi.hooks.policy_enforcement [req-1a333ecf-01f4-48b1-ac0b-9b7506bba9d2 fecf2c20f8ec48c4b6d3e792c6433b4e 3391102c2fa3465bacb426765dc7bb6c - default default] Attributes excluded by policy engine: ['standard_attr_id', 'vlan_transparent'] _exclude_attributes_by_policy /usr/lib/python3.9/site-packages/neutron/pecan_wsgi/hooks/policy_enforcement.py:259
2026-06-12 08:02:40.031 18 INFO neutron.wsgi [req-1a333ecf-01f4-48b1-ac0b-9b7506bba9d2 fecf2c20f8ec48c4b6d3e792c6433b4e 3391102c2fa3465bacb426765dc7bb6c - default default] 192.168.122.99,192.168.122.100 "GET /v2.0/networks?name=external HTTP/1.1" status: 200 len: 1029 time: 0.1032033
2026-06-12 08:02:40.083 18 DEBUG neutron.pecan_wsgi.hooks.policy_enforcement [req-143dc81e-0076-48bf-8045-51cc11930ee0 fecf2c20f8ec48c4b6d3e792c6433b4e 3391102c2fa3465bacb426765dc7bb6c - default default] Attributes excluded by policy engine: ['standard_attr_id', 'shared'] _exclude_attributes_by_policy /usr/lib/python3.9/site-packages/neutron/pecan_wsgi/hooks/policy_enforcement.py:259
2026-06-12 08:02:40.085 18 INFO neutron.wsgi [req-143dc81e-0076-48bf-8045-51cc11930ee0 fecf2c20f8ec48c4b6d3e792c6433b4e 3391102c2fa3465bacb426765dc7bb6c - default default] 192.168.122.99,192.168.122.100 "GET /v2.0/subnets/bef0ebdf-76f5-4c7e-949d-faa0fd400ee8 HTTP/1.1" status: 200 len: 860 time: 0.0466075
2026-06-12 08:02:40.964 16 DEBUG neutron.wsgi [-] (16) accepted ('192.168.122.100', 37292) server /usr/lib/python3.9/site-packages/eventlet/wsgi.py:992
2026-06-12 08:02:40.967 16 INFO neutron.wsgi [-] 192.168.122.100 "GET /healthcheck HTTP/1.0" status: 200 len: 137 time: 0.0025299
2026-06-12 08:02:41.600 15 DEBUG neutron.wsgi [-] (15) accepted ('192.168.122.100', 39078) server /usr/lib/python3.9/site-packages/eventlet/wsgi.py:992
2026-06-12 08:02:41.602 15 INFO neutron.wsgi [-] 192.168.122.100 "GET / HTTP/1.1" status: 200 len: 233 time: 0.0012841
2026-06-12 08:02:42.968 15 DEBUG neutron.wsgi [-] (15) accepted ('192.168.122.100', 39080) server /usr/lib/python3.9/site-packages/eventlet/wsgi.py:992
2026-06-12 08:02:42.970 15 INFO neutron.wsgi [-] 192.168.122.100 "GET /healthcheck HTTP/1.0" status: 200 len: 137 time: 0.0016861
2026-06-12 08:02:44.972 15 DEBUG neutron.wsgi [-] (15) accepted ('192.168.122.100', 39094) server /usr/lib/python3.9/site-packages/eventlet/wsgi.py:992
2026-06-12 08:02:44.975 15 INFO neutron.wsgi [-] 192.168.122.100 "GET /healthcheck HTTP/1.0" status: 200 len: 137 time: 0.0012903
2026-06-12 08:02:45.898 15 DEBUG neutron.wsgi [-] (15) accepted ('192.168.122.100', 39106) server /usr/lib/python3.9/site-packages/eventlet/wsgi.py:992
2026-06-12 08:02:46.039 15 DEBUG neutron.pecan_wsgi.hooks.policy_enforcement [req-d1332d00-a50c-4a38-9a3d-eda3f17a696f fecf2c20f8ec48c4b6d3e792c6433b4e 3391102c2fa3465bacb426765dc7bb6c - default default] Attributes excluded by policy engine: ['standard_attr_id', 'vlan_transparent'] _exclude_attributes_by_policy /usr/lib/python3.9/site-packages/neutron/pecan_wsgi/hooks/policy_enforcement.py:259
2026-06-12 08:02:46.039 15 DEBUG neutron.pecan_wsgi.hooks.policy_enforcement [req-d1332d00-a50c-4a38-9a3d-eda3f17a696f fecf2c20f8ec48c4b6d3e792c6433b4e 3391102c2fa3465bacb426765dc7bb6c - default default] Attributes excluded by policy engine: ['standard_attr_id', 'vlan_transparent'] _exclude_attributes_by_policy /usr/lib/python3.9/site-packages/neutron/pecan_wsgi/hooks/policy_enforcement.py:259
2026-06-12 08:02:46.039 15 DEBUG neutron.pecan_wsgi.hooks.policy_enforcement [req-d1332d00-a50c-4a38-9a3d-eda3f17a696f fecf2c20f8ec48c4b6d3e792c6433b4e 3391102c2fa3465bacb426765dc7bb6c - default default] Attributes excluded by policy engine: ['standard_attr_id', 'vlan_transparent'] _exclude_attributes_by_policy /usr/lib/python3.9/site-packages/neutron/pecan_wsgi/hooks/policy_enforcement.py:259
2026-06-12 08:02:46.040 15 DEBUG neutron.pecan_wsgi.hooks.policy_enforcement [req-d1332d00-a50c-4a38-9a3d-eda3f17a696f fecf2c20f8ec48c4b6d3e792c6433b4e 3391102c2fa3465bacb426765dc7bb6c - default default] Attributes excluded by policy engine: ['standard_attr_id', 'vlan_transparent'] _exclude_attributes_by_policy /usr/lib/python3.9/site-packages/neutron/pecan_wsgi/hooks/policy_enforcement.py:259
2026-06-12 08:02:46.040 15 DEBUG neutron.pecan_wsgi.hooks.policy_enforcement [req-d1332d00-a50c-4a38-9a3d-eda3f17a696f fecf2c20f8ec48c4b6d3e792c6433b4e 3391102c2fa3465bacb426765dc7bb6c - default default] Attributes excluded by policy engine: ['standard_attr_id', 'vlan_transparent'] _exclude_attributes_by_policy /usr/lib/python3.9/site-packages/neutron/pecan_wsgi/hooks/policy_enforcement.py:259
2026-06-12 08:02:46.040 15 DEBUG neutron.pecan_wsgi.hooks.policy_enforcement [req-d1332d00-a50c-4a38-9a3d-eda3f17a696f fecf2c20f8ec48c4b6d3e792c6433b4e 3391102c2fa3465bacb426765dc7bb6c - default default] Attributes excluded by policy engine: ['standard_attr_id', 'vlan_transparent'] _exclude_attributes_by_policy /usr/lib/python3.9/site-packages/neutron/pecan_wsgi/hooks/policy_enforcement.py:259
2026-06-12 08:02:46.041 15 INFO neutron.wsgi [req-d1332d00-a50c-4a38-9a3d-eda3f17a696f fecf2c20f8ec48c4b6d3e792c6433b4e 3391102c2fa3465bacb426765dc7bb6c - default default] 192.168.122.99,192.168.122.100 "GET /v2.0/networks HTTP/1.1" status: 200 len: 5131 time: 0.1427042
2026-06-12 08:02:46.082 15 DEBUG neutron.pecan_wsgi.hooks.policy_enforcement [req-b1af0061-641a-4cb7-9797-9e9845980f97 fecf2c20f8ec48c4b6d3e792c6433b4e 3391102c2fa3465bacb426765dc7bb6c - default default] Attributes excluded by policy engine: ['standard_attr_id', 'shared'] _exclude_attributes_by_policy /usr/lib/python3.9/site-packages/neutron/pecan_wsgi/hooks/policy_enforcement.py:259
2026-06-12 08:02:46.083 15 INFO neutron.wsgi [req-b1af0061-641a-4cb7-9797-9e9845980f97 fecf2c20f8ec48c4b6d3e792c6433b4e 3391102c2fa3465bacb426765dc7bb6c - default default] 192.168.122.99,192.168.122.100 "GET /v2.0/subnets?network_id=02dd4d7c-0f5d-40a2-99be-2702224ade31 HTTP/1.1" status: 200 len: 845 time: 0.0356119
2026-06-12 08:02:46.125 15 DEBUG neutron.pecan_wsgi.hooks.policy_enforcement [req-514957ed-dcf2-42cd-b495-edaf6944af53 fecf2c20f8ec48c4b6d3e792c6433b4e 3391102c2fa3465bacb426765dc7bb6c - default default] Attributes excluded by policy engine: ['standard_attr_id', 'shared'] _exclude_attributes_by_policy /usr/lib/python3.9/site-packages/neutron/pecan_wsgi/hooks/policy_enforcement.py:259
2026-06-12 08:02:46.126 15 INFO neutron.wsgi [req-514957ed-dcf2-42cd-b495-edaf6944af53 fecf2c20f8ec48c4b6d3e792c6433b4e 3391102c2fa3465bacb426765dc7bb6c - default default] 192.168.122.99,192.168.122.100 "GET /v2.0/subnets?network_id=2e814215-fd2b-4368-8361-d004d571da50 HTTP/1.1" status: 200 len: 863 time: 0.0344398
2026-06-12 08:02:46.172 15 DEBUG neutron.pecan_wsgi.hooks.policy_enforcement [req-71194725-dae6-4ab7-a68e-0712eed1d729 fecf2c20f8ec48c4b6d3e792c6433b4e 3391102c2fa3465bacb426765dc7bb6c - default default] Attributes excluded by policy engine: ['standard_attr_id', 'shared'] _exclude_attributes_by_policy /usr/lib/python3.9/site-packages/neutron/pecan_wsgi/hooks/policy_enforcement.py:259
2026-06-12 08:02:46.174 15 INFO neutron.wsgi [req-71194725-dae6-4ab7-a68e-0712eed1d729 fecf2c20f8ec48c4b6d3e792c6433b4e 3391102c2fa3465bacb426765dc7bb6c - default default] 192.168.122.99,192.168.122.100 "GET /v2.0/subnets?network_id=520056c6-8531-4294-a173-08674fecf06d HTTP/1.1" status: 200 len: 867 time: 0.0406466
2026-06-12 08:02:46.237 15 DEBUG neutron.pecan_wsgi.hooks.policy_enforcement [req-2fb4fbd5-2454-4ed3-9ecd-3bcc840b01a0 fecf2c20f8ec48c4b6d3e792c6433b4e 3391102c2fa3465bacb426765dc7bb6c - default default] Attributes excluded by policy engine: ['standard_attr_id', 'shared'] _exclude_attributes_by_policy /usr/lib/python3.9/site-packages/neutron/pecan_wsgi/hooks/policy_enforcement.py:259
2026-06-12 08:02:46.238 15 INFO neutron.wsgi [req-2fb4fbd5-2454-4ed3-9ecd-3bcc840b01a0 fecf2c20f8ec48c4b6d3e792c6433b4e 3391102c2fa3465bacb426765dc7bb6c - default default] 192.168.122.99,192.168.122.100 "GET /v2.0/subnets?network_id=5c6f351d-788a-4163-ac99-08189784e7ad HTTP/1.1" status: 200 len: 861 time: 0.0571721
2026-06-12 08:02:46.290 15 DEBUG neutron.pecan_wsgi.hooks.policy_enforcement [req-6a9d455e-9ee2-4109-b3e9-951fdebf8daa fecf2c20f8ec48c4b6d3e792c6433b4e 3391102c2fa3465bacb426765dc7bb6c - default default] Attributes excluded by policy engine: ['standard_attr_id', 'shared'] _exclude_attributes_by_policy /usr/lib/python3.9/site-packages/neutron/pecan_wsgi/hooks/policy_enforcement.py:259
2026-06-12 08:02:46.291 15 INFO neutron.wsgi [req-6a9d455e-9ee2-4109-b3e9-951fdebf8daa fecf2c20f8ec48c4b6d3e792c6433b4e 3391102c2fa3465bacb426765dc7bb6c - default default] 192.168.122.99,192.168.122.100 "GET /v2.0/subnets?network_id=6d566ce7-d931-47ee-83de-79c9e25c8ec8 HTTP/1.1" status: 200 len: 862 time: 0.0445881
2026-06-12 08:02:46.341 15 DEBUG neutron.pecan_wsgi.hooks.policy_enforcement [req-5bc09074-a337-4a66-a496-65987b18ccf1 fecf2c20f8ec48c4b6d3e792c6433b4e 3391102c2fa3465bacb426765dc7bb6c - default default] Attributes excluded by policy engine: ['standard_attr_id', 'shared'] _exclude_attributes_by_policy /usr/lib/python3.9/site-packages/neutron/pecan_wsgi/hooks/policy_enforcement.py:259
2026-06-12 08:02:46.343 15 INFO neutron.wsgi [req-5bc09074-a337-4a66-a496-65987b18ccf1 fecf2c20f8ec48c4b6d3e792c6433b4e 3391102c2fa3465bacb426765dc7bb6c - default default] 192.168.122.99,192.168.122.100 "GET /v2.0/subnets?network_id=c3331ed1-fce4-45d7-bda7-fabf8cf3ad28 HTTP/1.1" status: 200 len: 867 time: 0.0447230
2026-06-12 08:02:46.373 16 DEBUG neutron.wsgi [-] (16) accepted ('192.168.122.100', 39110) server /usr/lib/python3.9/site-packages/eventlet/wsgi.py:992
2026-06-12 08:02:46.373 17 DEBUG neutron.wsgi [-] (17) accepted ('192.168.122.100', 39112) server /usr/lib/python3.9/site-packages/eventlet/wsgi.py:992
2026-06-12 08:02:46.374 18 DEBUG neutron.wsgi [-] (18) accepted ('192.168.122.100', 39116) server /usr/lib/python3.9/site-packages/eventlet/wsgi.py:992
2026-06-12 08:02:46.398 15 DEBUG neutron.wsgi [-] (15) accepted ('192.168.122.100', 39124) server /usr/lib/python3.9/site-packages/eventlet/wsgi.py:992
2026-06-12 08:02:46.429 17 INFO neutron.wsgi [req-64988e89-30d4-4987-bd55-c68a595c8dda fecf2c20f8ec48c4b6d3e792c6433b4e 3391102c2fa3465bacb426765dc7bb6c - default default] 192.168.122.99,192.168.122.100 "GET /v2.0/ports?network_id=520056c6-8531-4294-a173-08674fecf06d&tags=tripleo_stack_name%3Dovercloud&tags=tripleo_vip_net%3Dstorage_mgmt HTTP/1.1" status: 200 len: 186 time: 0.0541697
2026-06-12 08:02:46.429 15 INFO neutron.wsgi [req-935d8dbf-d3c3-46d1-adb4-d3de1b372b81 fecf2c20f8ec48c4b6d3e792c6433b4e 3391102c2fa3465bacb426765dc7bb6c - default default] 192.168.122.99,192.168.122.100 "GET /v2.0/ports?network_id=c3331ed1-fce4-45d7-bda7-fabf8cf3ad28&tags=tripleo_stack_name%3Dovercloud&tags=tripleo_vip_net%3Dinternal_api HTTP/1.1" status: 200 len: 186 time: 0.0779207
2026-06-12 08:02:46.441 15 DEBUG neutron.api.v2.base [req-c1be4531-f05c-44fb-8746-b5c096352f85 fecf2c20f8ec48c4b6d3e792c6433b4e 3391102c2fa3465bacb426765dc7bb6c - default default] Request body: {'port': {'fixed_ips': [{'subnet_id': '49af3a58-65cf-4296-b8d2-8b37fc421e30'}], 'dns_name': 'overcloud', 'name': 'internal_api_vip', 'network_id': 'c3331ed1-fce4-45d7-bda7-fabf8cf3ad28'}} prepare_request_body /usr/lib/python3.9/site-packages/neutron/api/v2/base.py:729
2026-06-12 08:02:46.442 18 INFO neutron.wsgi [req-7d21ae54-fa73-4275-827f-66a7e6921b09 fecf2c20f8ec48c4b6d3e792c6433b4e 3391102c2fa3465bacb426765dc7bb6c - default default] 192.168.122.99,192.168.122.100 "GET /v2.0/ports?network_id=2e814215-fd2b-4368-8361-d004d571da50&tags=tripleo_stack_name%3Dovercloud&tags=tripleo_vip_net%3Dexternal HTTP/1.1" status: 200 len: 186 time: 0.0675421
2026-06-12 08:02:46.444 17 DEBUG neutron.api.v2.base [req-b3ea783f-8bc6-4199-9217-a90aa1742cbe fecf2c20f8ec48c4b6d3e792c6433b4e 3391102c2fa3465bacb426765dc7bb6c - default default] Request body: {'port': {'fixed_ips': [{'subnet_id': 'cbb8fd4f-d34c-4b95-b90b-6e7562bc5363'}], 'dns_name': 'overcloud', 'name': 'storage_mgmt_vip', 'network_id': '520056c6-8531-4294-a173-08674fecf06d'}} prepare_request_body /usr/lib/python3.9/site-packages/neutron/api/v2/base.py:729
2026-06-12 08:02:46.448 15 INFO neutron.wsgi [req-4fa7a1e2-0c03-41a1-a6b1-49d4b2e11766 fecf2c20f8ec48c4b6d3e792c6433b4e 3391102c2fa3465bacb426765dc7bb6c - default default] 192.168.122.99,192.168.122.100 "GET /v2.0/ports?network_id=02dd4d7c-0f5d-40a2-99be-2702224ade31&tags=tripleo_stack_name%3Dovercloud&tags=tripleo_vip_net%3Dctlplane HTTP/1.1" status: 200 len: 186 time: 0.0488381
2026-06-12 08:02:46.452 18 DEBUG neutron.api.v2.base [req-5a33bf47-4e02-4c08-840e-ff4152f733c4 fecf2c20f8ec48c4b6d3e792c6433b4e 3391102c2fa3465bacb426765dc7bb6c - default default] Request body: {'port': {'fixed_ips': [{'subnet_id': 'bef0ebdf-76f5-4c7e-949d-faa0fd400ee8'}], 'dns_name': 'overcloud', 'name': 'external_vip', 'network_id': '2e814215-fd2b-4368-8361-d004d571da50'}} prepare_request_body /usr/lib/python3.9/site-packages/neutron/api/v2/base.py:729
2026-06-12 08:02:46.454 17 DEBUG neutron.pecan_wsgi.hooks.quota_enforcement [req-b3ea783f-8bc6-4199-9217-a90aa1742cbe fecf2c20f8ec48c4b6d3e792c6433b4e 3391102c2fa3465bacb426765dc7bb6c - default default] Made reservation on behalf of 3391102c2fa3465bacb426765dc7bb6c for: {'port': 1} before /usr/lib/python3.9/site-packages/neutron/pecan_wsgi/hooks/quota_enforcement.py:53
2026-06-12 08:02:46.454 15 DEBUG neutron.api.v2.base [req-18179923-9179-48ef-a991-d525070c9af9 fecf2c20f8ec48c4b6d3e792c6433b4e 3391102c2fa3465bacb426765dc7bb6c - default default] Request body: {'port': {'fixed_ips': [{'ip_address': '192.168.122.99'}], 'dns_name': 'overcloud', 'name': 'ctlplane_vip', 'network_id': '02dd4d7c-0f5d-40a2-99be-2702224ade31'}} prepare_request_body /usr/lib/python3.9/site-packages/neutron/api/v2/base.py:729
2026-06-12 08:02:46.455 17 DEBUG neutron_lib.callbacks.manager [req-b3ea783f-8bc6-4199-9217-a90aa1742cbe fecf2c20f8ec48c4b6d3e792c6433b4e 3391102c2fa3465bacb426765dc7bb6c - default default] Notify callbacks ['neutron.plugins.ml2.plugin.SecurityGroupDbMixin._ensure_default_security_group_handler-1672458'] for port, before_create _notify_loop /usr/lib/python3.9/site-packages/neutron_lib/callbacks/manager.py:200
2026-06-12 08:02:46.456 15 DEBUG neutron.pecan_wsgi.hooks.quota_enforcement [req-c1be4531-f05c-44fb-8746-b5c096352f85 fecf2c20f8ec48c4b6d3e792c6433b4e 3391102c2fa3465bacb426765dc7bb6c - default default] Made reservation on behalf of 3391102c2fa3465bacb426765dc7bb6c for: {'port': 1} before /usr/lib/python3.9/site-packages/neutron/pecan_wsgi/hooks/quota_enforcement.py:53
2026-06-12 08:02:46.458 15 DEBUG neutron_lib.callbacks.manager [req-c1be4531-f05c-44fb-8746-b5c096352f85 fecf2c20f8ec48c4b6d3e792c6433b4e 3391102c2fa3465bacb426765dc7bb6c - default default] Notify callbacks ['neutron.plugins.ml2.plugin.SecurityGroupDbMixin._ensure_default_security_group_handler-1672458'] for port, before_create _notify_loop /usr/lib/python3.9/site-packages/neutron_lib/callbacks/manager.py:200
2026-06-12 08:02:46.462 16 INFO neutron.wsgi [req-2a1b7f10-1647-40aa-8246-6f3f5c8a92f9 fecf2c20f8ec48c4b6d3e792c6433b4e 3391102c2fa3465bacb426765dc7bb6c - default default] 192.168.122.99,192.168.122.100 "GET /v2.0/ports?network_id=6d566ce7-d931-47ee-83de-79c9e25c8ec8&tags=tripleo_stack_name%3Dovercloud&tags=tripleo_vip_net%3Dstorage HTTP/1.1" status: 200 len: 186 time: 0.0884774
2026-06-12 08:02:46.467 18 DEBUG neutron.pecan_wsgi.hooks.quota_enforcement [req-5a33bf47-4e02-4c08-840e-ff4152f733c4 fecf2c20f8ec48c4b6d3e792c6433b4e 3391102c2fa3465bacb426765dc7bb6c - default default] Made reservation on behalf of 3391102c2fa3465bacb426765dc7bb6c for: {'port': 1} before /usr/lib/python3.9/site-packages/neutron/pecan_wsgi/hooks/quota_enforcement.py:53
2026-06-12 08:02:46.468 16 DEBUG neutron.api.v2.base [req-db4e6e40-a9cb-45ba-8692-f6e251c7cc1c fecf2c20f8ec48c4b6d3e792c6433b4e 3391102c2fa3465bacb426765dc7bb6c - default default] Request body: {'port': {'fixed_ips': [{'subnet_id': '80a99349-d980-4f94-bc85-6d2fffe616e5'}], 'dns_name': 'overcloud', 'name': 'storage_vip', 'network_id': '6d566ce7-d931-47ee-83de-79c9e25c8ec8'}} prepare_request_body /usr/lib/python3.9/site-packages/neutron/api/v2/base.py:729
2026-06-12 08:02:46.469 18 DEBUG neutron_lib.callbacks.manager [req-5a33bf47-4e02-4c08-840e-ff4152f733c4 fecf2c20f8ec48c4b6d3e792c6433b4e 3391102c2fa3465bacb426765dc7bb6c - default default] Notify callbacks ['neutron.plugins.ml2.plugin.SecurityGroupDbMixin._ensure_default_security_group_handler-1672458'] for port, before_create _notify_loop /usr/lib/python3.9/site-packages/neutron_lib/callbacks/manager.py:200
2026-06-12 08:02:46.472 17 DEBUG neutron.notifiers.nova [req-b3ea783f-8bc6-4199-9217-a90aa1742cbe fecf2c20f8ec48c4b6d3e792c6433b4e 3391102c2fa3465bacb426765dc7bb6c - default default] device_id is not set on port 60c7f7f3-6b7b-45fb-bb77-0f554e4c0bbf yet. _can_notify /usr/lib/python3.9/site-packages/neutron/notifiers/nova.py:201
2026-06-12 08:02:46.474 15 DEBUG neutron.pecan_wsgi.hooks.quota_enforcement [req-18179923-9179-48ef-a991-d525070c9af9 fecf2c20f8ec48c4b6d3e792c6433b4e 3391102c2fa3465bacb426765dc7bb6c - default default] Made reservation on behalf of 3391102c2fa3465bacb426765dc7bb6c for: {'port': 1} before /usr/lib/python3.9/site-packages/neutron/pecan_wsgi/hooks/quota_enforcement.py:53
2026-06-12 08:02:46.475 15 DEBUG neutron_lib.callbacks.manager [req-18179923-9179-48ef-a991-d525070c9af9 fecf2c20f8ec48c4b6d3e792c6433b4e 3391102c2fa3465bacb426765dc7bb6c - default default] Notify callbacks ['neutron.plugins.ml2.plugin.SecurityGroupDbMixin._ensure_default_security_group_handler-1672458'] for port, before_create _notify_loop /usr/lib/python3.9/site-packages/neutron_lib/callbacks/manager.py:200
2026-06-12 08:02:46.478 16 DEBUG neutron.pecan_wsgi.hooks.quota_enforcement [req-db4e6e40-a9cb-45ba-8692-f6e251c7cc1c fecf2c20f8ec48c4b6d3e792c6433b4e 3391102c2fa3465bacb426765dc7bb6c - default default] Made reservation on behalf of 3391102c2fa3465bacb426765dc7bb6c for: {'port': 1} before /usr/lib/python3.9/site-packages/neutron/pecan_wsgi/hooks/quota_enforcement.py:53
2026-06-12 08:02:46.479 16 DEBUG neutron_lib.callbacks.manager [req-db4e6e40-a9cb-45ba-8692-f6e251c7cc1c fecf2c20f8ec48c4b6d3e792c6433b4e 3391102c2fa3465bacb426765dc7bb6c - default default] Notify callbacks ['neutron.plugins.ml2.plugin.SecurityGroupDbMixin._ensure_default_security_group_handler-1672458'] for port, before_create _notify_loop /usr/lib/python3.9/site-packages/neutron_lib/callbacks/manager.py:200
2026-06-12 08:02:46.481 15 DEBUG neutron.notifiers.nova [req-c1be4531-f05c-44fb-8746-b5c096352f85 fecf2c20f8ec48c4b6d3e792c6433b4e 3391102c2fa3465bacb426765dc7bb6c - default default] device_id is not set on port 139b9e13-74ab-4e1a-9ac2-d2cac05507ac yet. _can_notify /usr/lib/python3.9/site-packages/neutron/notifiers/nova.py:201
2026-06-12 08:02:46.498 16 DEBUG neutron.notifiers.nova [req-db4e6e40-a9cb-45ba-8692-f6e251c7cc1c fecf2c20f8ec48c4b6d3e792c6433b4e 3391102c2fa3465bacb426765dc7bb6c - default default] device_id is not set on port 7572fadc-e1f0-4b19-a145-600ba4b5827c yet. _can_notify /usr/lib/python3.9/site-packages/neutron/notifiers/nova.py:201
2026-06-12 08:02:46.502 18 DEBUG neutron.notifiers.nova [req-5a33bf47-4e02-4c08-840e-ff4152f733c4 fecf2c20f8ec48c4b6d3e792c6433b4e 3391102c2fa3465bacb426765dc7bb6c - default default] device_id is not set on port f313fbef-b526-4c73-9574-296add7b5ff6 yet. _can_notify /usr/lib/python3.9/site-packages/neutron/notifiers/nova.py:201
2026-06-12 08:02:46.509 15 DEBUG neutron.notifiers.nova [req-18179923-9179-48ef-a991-d525070c9af9 fecf2c20f8ec48c4b6d3e792c6433b4e 3391102c2fa3465bacb426765dc7bb6c - default default] device_id is not set on port 6097e547-47ba-4066-9466-11bfee8fdfe0 yet. _can_notify /usr/lib/python3.9/site-packages/neutron/notifiers/nova.py:201
2026-06-12 08:02:46.558 17 DEBUG neutron.db.db_base_plugin_common [req-b3ea783f-8bc6-4199-9217-a90aa1742cbe fecf2c20f8ec48c4b6d3e792c6433b4e 3391102c2fa3465bacb426765dc7bb6c - default default] Allocated IP 172.20.0.140 (520056c6-8531-4294-a173-08674fecf06d/cbb8fd4f-d34c-4b95-b90b-6e7562bc5363/60c7f7f3-6b7b-45fb-bb77-0f554e4c0bbf) _store_ip_allocation /usr/lib/python3.9/site-packages/neutron/db/db_base_plugin_common.py:131
2026-06-12 08:02:46.599 16 DEBUG neutron.db.db_base_plugin_common [req-db4e6e40-a9cb-45ba-8692-f6e251c7cc1c fecf2c20f8ec48c4b6d3e792c6433b4e 3391102c2fa3465bacb426765dc7bb6c - default default] Allocated IP 172.18.0.248 (6d566ce7-d931-47ee-83de-79c9e25c8ec8/80a99349-d980-4f94-bc85-6d2fffe616e5/7572fadc-e1f0-4b19-a145-600ba4b5827c) _store_ip_allocation /usr/lib/python3.9/site-packages/neutron/db/db_base_plugin_common.py:131
2026-06-12 08:02:46.623 18 DEBUG neutron.db.db_base_plugin_common [req-5a33bf47-4e02-4c08-840e-ff4152f733c4 fecf2c20f8ec48c4b6d3e792c6433b4e 3391102c2fa3465bacb426765dc7bb6c - default default] Allocated IP 172.21.0.236 (2e814215-fd2b-4368-8361-d004d571da50/bef0ebdf-76f5-4c7e-949d-faa0fd400ee8/f313fbef-b526-4c73-9574-296add7b5ff6) _store_ip_allocation /usr/lib/python3.9/site-packages/neutron/db/db_base_plugin_common.py:131
2026-06-12 08:02:46.649 15 DEBUG neutron.db.db_base_plugin_common [req-c1be4531-f05c-44fb-8746-b5c096352f85 fecf2c20f8ec48c4b6d3e792c6433b4e 3391102c2fa3465bacb426765dc7bb6c - default default] Allocated IP 172.17.0.181 (c3331ed1-fce4-45d7-bda7-fabf8cf3ad28/49af3a58-65cf-4296-b8d2-8b37fc421e30/139b9e13-74ab-4e1a-9ac2-d2cac05507ac) _store_ip_allocation /usr/lib/python3.9/site-packages/neutron/db/db_base_plugin_common.py:131
2026-06-12 08:02:46.660 15 DEBUG neutron.db.db_base_plugin_common [req-18179923-9179-48ef-a991-d525070c9af9 fecf2c20f8ec48c4b6d3e792c6433b4e 3391102c2fa3465bacb426765dc7bb6c - default default] Allocated IP 192.168.122.99 (02dd4d7c-0f5d-40a2-99be-2702224ade31/72457bf3-456d-419e-8127-1ada5c9e3580/6097e547-47ba-4066-9466-11bfee8fdfe0) _store_ip_allocation /usr/lib/python3.9/site-packages/neutron/db/db_base_plugin_common.py:131
2026-06-12 08:02:46.726 17 DEBUG neutron_lib.callbacks.manager [req-b3ea783f-8bc6-4199-9217-a90aa1742cbe fecf2c20f8ec48c4b6d3e792c6433b4e 3391102c2fa3465bacb426765dc7bb6c - default default] Notify callbacks [] for allowed_address_pair, before_create _notify_loop /usr/lib/python3.9/site-packages/neutron_lib/callbacks/manager.py:200
2026-06-12 08:02:46.727 17 DEBUG neutron_lib.callbacks.manager [req-b3ea783f-8bc6-4199-9217-a90aa1742cbe fecf2c20f8ec48c4b6d3e792c6433b4e 3391102c2fa3465bacb426765dc7bb6c - default default] Notify callbacks [] for port, precommit_create _notify_loop /usr/lib/python3.9/site-packages/neutron_lib/callbacks/manager.py:200
2026-06-12 08:02:46.758 17 DEBUG neutron_lib.callbacks.manager [req-b3ea783f-8bc6-4199-9217-a90aa1742cbe fecf2c20f8ec48c4b6d3e792c6433b4e 3391102c2fa3465bacb426765dc7bb6c - default default] Notify callbacks ['neutron.plugins.ml2.plugin.SecurityGroupServerNotifierRpcMixin.notify_sg_on_port_change-1584706', 'neutron.plugins.ml2.extensions.dns_integration._create_port_in_external_dns_service-8729871947210', 'neutron.plugins.ml2.ovo_rpc._ObjectChangeHandler.handle_event-257470', 'neutron.api.rpc.agentnotifiers.dhcp_rpc_agent_api.DhcpAgentNotifyAPI._native_event_send_dhcp_notification-966541', 'neutron.services.segments.plugin.NovaSegmentNotifier._notify_port_created_or_deleted-595377'] for port, after_create _notify_loop /usr/lib/python3.9/site-packages/neutron_lib/callbacks/manager.py:200
2026-06-12 08:02:46.792 16 DEBUG neutron_lib.callbacks.manager [req-db4e6e40-a9cb-45ba-8692-f6e251c7cc1c fecf2c20f8ec48c4b6d3e792c6433b4e 3391102c2fa3465bacb426765dc7bb6c - default default] Notify callbacks [] for allowed_address_pair, before_create _notify_loop /usr/lib/python3.9/site-packages/neutron_lib/callbacks/manager.py:200
2026-06-12 08:02:46.793 16 DEBUG neutron_lib.callbacks.manager [req-db4e6e40-a9cb-45ba-8692-f6e251c7cc1c fecf2c20f8ec48c4b6d3e792c6433b4e 3391102c2fa3465bacb426765dc7bb6c - default default] Notify callbacks [] for port, precommit_create _notify_loop /usr/lib/python3.9/site-packages/neutron_lib/callbacks/manager.py:200
2026-06-12 08:02:46.801 17 DEBUG neutron.api.rpc.handlers.resources_rpc [req-b3ea783f-8bc6-4199-9217-a90aa1742cbe fecf2c20f8ec48c4b6d3e792c6433b4e 3391102c2fa3465bacb426765dc7bb6c - - -] Pushing event updated for resources: {'Port': ['ID=60c7f7f3-6b7b-45fb-bb77-0f554e4c0bbf,revision_number=1']} push /usr/lib/python3.9/site-packages/neutron/api/rpc/handlers/resources_rpc.py:237
2026-06-12 08:02:46.803 17 DEBUG neutron.plugins.ml2.drivers.mech_agent [req-b3ea783f-8bc6-4199-9217-a90aa1742cbe fecf2c20f8ec48c4b6d3e792c6433b4e 3391102c2fa3465bacb426765dc7bb6c - default default] Checking segment: {'id': '61f356c3-7942-43ed-8132-152eb3f7bbbe', 'network_type': 'flat', 'physical_network': 'storage_mgmt_storage_mgmt_subnet', 'segmentation_id': None, 'network_id': '520056c6-8531-4294-a173-08674fecf06d'} for mappings: {'ctlplane': 'br-ctlplane'} with network types: ['local', 'flat', 'vlan'] check_segment_for_agent /usr/lib/python3.9/site-packages/neutron/plugins/ml2/drivers/mech_agent.py:343
2026-06-12 08:02:46.803 17 DEBUG neutron.plugins.ml2.drivers.mech_agent [req-b3ea783f-8bc6-4199-9217-a90aa1742cbe fecf2c20f8ec48c4b6d3e792c6433b4e 3391102c2fa3465bacb426765dc7bb6c - default default] Network 520056c6-8531-4294-a173-08674fecf06d with segment 61f356c3-7942-43ed-8132-152eb3f7bbbe is connected to physical network storage_mgmt_storage_mgmt_subnet, but agent undercloud.ooo.test reported physical networks {'ctlplane': 'br-ctlplane'}. The physical network must be configured on the agent if binding is to succeed. check_segment_for_agent /usr/lib/python3.9/site-packages/neutron/plugins/ml2/drivers/mech_agent.py:365
2026-06-12 08:02:46.806 17 DEBUG neutron.scheduler.dhcp_agent_scheduler [req-b3ea783f-8bc6-4199-9217-a90aa1742cbe fecf2c20f8ec48c4b6d3e792c6433b4e 3391102c2fa3465bacb426765dc7bb6c - default default] Network hostable DHCP agents. Network: 520056c6-8531-4294-a173-08674fecf06d, hostable agents: [], hosted agents: [] _get_network_hostable_dhcp_agents /usr/lib/python3.9/site-packages/neutron/scheduler/dhcp_agent_scheduler.py:329
2026-06-12 08:02:46.806 17 DEBUG neutron.scheduler.base_scheduler [req-b3ea783f-8bc6-4199-9217-a90aa1742cbe fecf2c20f8ec48c4b6d3e792c6433b4e 3391102c2fa3465bacb426765dc7bb6c - default default] Resources bound (agent type, host, resource id): schedule /usr/lib/python3.9/site-packages/neutron/scheduler/base_scheduler.py:57
2026-06-12 08:02:46.806 17 WARNING neutron.api.rpc.agentnotifiers.dhcp_rpc_agent_api [req-b3ea783f-8bc6-4199-9217-a90aa1742cbe fecf2c20f8ec48c4b6d3e792c6433b4e 3391102c2fa3465bacb426765dc7bb6c - default default] Unable to schedule network 520056c6-8531-4294-a173-08674fecf06d: no agents available; will retry on subsequent port and subnet creation events.
2026-06-12 08:02:46.806 17 DEBUG neutron.api.rpc.agentnotifiers.dhcp_rpc_agent_api [req-b3ea783f-8bc6-4199-9217-a90aa1742cbe fecf2c20f8ec48c4b6d3e792c6433b4e 3391102c2fa3465bacb426765dc7bb6c - default default] Network 520056c6-8531-4294-a173-08674fecf06d is not hosted by any dhcp agent _notify_agents /usr/lib/python3.9/site-packages/neutron/api/rpc/agentnotifiers/dhcp_rpc_agent_api.py:228
2026-06-12 08:02:46.829 17 DEBUG neutron.pecan_wsgi.hooks.policy_enforcement [req-b3ea783f-8bc6-4199-9217-a90aa1742cbe fecf2c20f8ec48c4b6d3e792c6433b4e 3391102c2fa3465bacb426765dc7bb6c - default default] Attributes excluded by policy engine: ['standard_attr_id', 'network'] _exclude_attributes_by_policy /usr/lib/python3.9/site-packages/neutron/pecan_wsgi/hooks/policy_enforcement.py:259
2026-06-12 08:02:46.830 17 DEBUG neutron_lib.callbacks.manager [req-b3ea783f-8bc6-4199-9217-a90aa1742cbe fecf2c20f8ec48c4b6d3e792c6433b4e 3391102c2fa3465bacb426765dc7bb6c - default default] Notify callbacks ['neutron.notifiers.nova.Notifier._send_nova_notification-162310', 'neutron.api.rpc.agentnotifiers.dhcp_rpc_agent_api.DhcpAgentNotifyAPI._send_dhcp_notification-966591'] for port, before_response _notify_loop /usr/lib/python3.9/site-packages/neutron_lib/callbacks/manager.py:200
2026-06-12 08:02:46.830 16 DEBUG neutron_lib.callbacks.manager [req-db4e6e40-a9cb-45ba-8692-f6e251c7cc1c fecf2c20f8ec48c4b6d3e792c6433b4e 3391102c2fa3465bacb426765dc7bb6c - default default] Notify callbacks ['neutron.plugins.ml2.plugin.SecurityGroupServerNotifierRpcMixin.notify_sg_on_port_change-1584706', 'neutron.plugins.ml2.extensions.dns_integration._create_port_in_external_dns_service-8729871947210', 'neutron.plugins.ml2.ovo_rpc._ObjectChangeHandler.handle_event-257470', 'neutron.api.rpc.agentnotifiers.dhcp_rpc_agent_api.DhcpAgentNotifyAPI._native_event_send_dhcp_notification-966541', 'neutron.services.segments.plugin.NovaSegmentNotifier._notify_port_created_or_deleted-595377'] for port, after_create _notify_loop /usr/lib/python3.9/site-packages/neutron_lib/callbacks/manager.py:200
2026-06-12 08:02:46.830 18 DEBUG neutron_lib.callbacks.manager [req-5a33bf47-4e02-4c08-840e-ff4152f733c4 fecf2c20f8ec48c4b6d3e792c6433b4e 3391102c2fa3465bacb426765dc7bb6c - default default] Notify callbacks [] for allowed_address_pair, before_create _notify_loop /usr/lib/python3.9/site-packages/neutron_lib/callbacks/manager.py:200
2026-06-12 08:02:46.831 18 DEBUG neutron_lib.callbacks.manager [req-5a33bf47-4e02-4c08-840e-ff4152f733c4 fecf2c20f8ec48c4b6d3e792c6433b4e 3391102c2fa3465bacb426765dc7bb6c - default default] Notify callbacks [] for port, precommit_create _notify_loop /usr/lib/python3.9/site-packages/neutron_lib/callbacks/manager.py:200
2026-06-12 08:02:46.854 17 INFO neutron.wsgi [req-b3ea783f-8bc6-4199-9217-a90aa1742cbe fecf2c20f8ec48c4b6d3e792c6433b4e 3391102c2fa3465bacb426765dc7bb6c - default default] 192.168.122.99,192.168.122.100 "POST /v2.0/ports HTTP/1.1" status: 201 len: 1155 time: 0.4126890
2026-06-12 08:02:46.861 17 DEBUG neutron.services.tag.tag_plugin [req-c1688cb5-75d5-4a6a-8669-0c5318af1270 fecf2c20f8ec48c4b6d3e792c6433b4e 3391102c2fa3465bacb426765dc7bb6c - default default] neutron.services.tag.tag_plugin.TagPlugin method update_tags called with arguments (, 'ports', '60c7f7f3-6b7b-45fb-bb77-0f554e4c0bbf', {'tags': ['tripleo_stack_name=overcloud', 'tripleo_vip_net=storage_mgmt']}) {} wrapper /usr/lib/python3.9/site-packages/oslo_log/helpers.py:65
2026-06-12 08:02:46.861 18 DEBUG neutron_lib.callbacks.manager [req-5a33bf47-4e02-4c08-840e-ff4152f733c4 fecf2c20f8ec48c4b6d3e792c6433b4e 3391102c2fa3465bacb426765dc7bb6c - default default] Notify callbacks ['neutron.plugins.ml2.plugin.SecurityGroupServerNotifierRpcMixin.notify_sg_on_port_change-1584706', 'neutron.plugins.ml2.extensions.dns_integration._create_port_in_external_dns_service-8729871947210', 'neutron.plugins.ml2.ovo_rpc._ObjectChangeHandler.handle_event-257470', 'neutron.api.rpc.agentnotifiers.dhcp_rpc_agent_api.DhcpAgentNotifyAPI._native_event_send_dhcp_notification-966541', 'neutron.services.segments.plugin.NovaSegmentNotifier._notify_port_created_or_deleted-595377'] for port, after_create _notify_loop /usr/lib/python3.9/site-packages/neutron_lib/callbacks/manager.py:200
2026-06-12 08:02:46.873 16 DEBUG neutron.api.rpc.handlers.resources_rpc [req-db4e6e40-a9cb-45ba-8692-f6e251c7cc1c fecf2c20f8ec48c4b6d3e792c6433b4e 3391102c2fa3465bacb426765dc7bb6c - - -] Pushing event updated for resources: {'Port': ['ID=7572fadc-e1f0-4b19-a145-600ba4b5827c,revision_number=1']} push /usr/lib/python3.9/site-packages/neutron/api/rpc/handlers/resources_rpc.py:237
2026-06-12 08:02:46.883 16 DEBUG neutron.plugins.ml2.drivers.mech_agent [req-db4e6e40-a9cb-45ba-8692-f6e251c7cc1c fecf2c20f8ec48c4b6d3e792c6433b4e 3391102c2fa3465bacb426765dc7bb6c - default default] Checking segment: {'id': '270f790e-7c92-46d2-b4dc-917140508412', 'network_type': 'flat', 'physical_network': 'storage_storage_subnet', 'segmentation_id': None, 'network_id': '6d566ce7-d931-47ee-83de-79c9e25c8ec8'} for mappings: {'ctlplane': 'br-ctlplane'} with network types: ['local', 'flat', 'vlan'] check_segment_for_agent /usr/lib/python3.9/site-packages/neutron/plugins/ml2/drivers/mech_agent.py:343
2026-06-12 08:02:46.883 16 DEBUG neutron.plugins.ml2.drivers.mech_agent [req-db4e6e40-a9cb-45ba-8692-f6e251c7cc1c fecf2c20f8ec48c4b6d3e792c6433b4e 3391102c2fa3465bacb426765dc7bb6c - default default] Network 6d566ce7-d931-47ee-83de-79c9e25c8ec8 with segment 270f790e-7c92-46d2-b4dc-917140508412 is connected to physical network storage_storage_subnet, but agent undercloud.ooo.test reported physical networks {'ctlplane': 'br-ctlplane'}. The physical network must be configured on the agent if binding is to succeed. check_segment_for_agent /usr/lib/python3.9/site-packages/neutron/plugins/ml2/drivers/mech_agent.py:365
2026-06-12 08:02:46.886 16 DEBUG neutron.scheduler.dhcp_agent_scheduler [req-db4e6e40-a9cb-45ba-8692-f6e251c7cc1c fecf2c20f8ec48c4b6d3e792c6433b4e 3391102c2fa3465bacb426765dc7bb6c - default default] Network hostable DHCP agents. Network: 6d566ce7-d931-47ee-83de-79c9e25c8ec8, hostable agents: [], hosted agents: [] _get_network_hostable_dhcp_agents /usr/lib/python3.9/site-packages/neutron/scheduler/dhcp_agent_scheduler.py:329
2026-06-12 08:02:46.886 16 DEBUG neutron.scheduler.base_scheduler [req-db4e6e40-a9cb-45ba-8692-f6e251c7cc1c fecf2c20f8ec48c4b6d3e792c6433b4e 3391102c2fa3465bacb426765dc7bb6c - default default] Resources bound (agent type, host, resource id): schedule /usr/lib/python3.9/site-packages/neutron/scheduler/base_scheduler.py:57
2026-06-12 08:02:46.886 16 WARNING neutron.api.rpc.agentnotifiers.dhcp_rpc_agent_api [req-db4e6e40-a9cb-45ba-8692-f6e251c7cc1c fecf2c20f8ec48c4b6d3e792c6433b4e 3391102c2fa3465bacb426765dc7bb6c - default default] Unable to schedule network 6d566ce7-d931-47ee-83de-79c9e25c8ec8: no agents available; will retry on subsequent port and subnet creation events.
2026-06-12 08:02:46.886 16 DEBUG neutron.api.rpc.agentnotifiers.dhcp_rpc_agent_api [req-db4e6e40-a9cb-45ba-8692-f6e251c7cc1c fecf2c20f8ec48c4b6d3e792c6433b4e 3391102c2fa3465bacb426765dc7bb6c - default default] Network 6d566ce7-d931-47ee-83de-79c9e25c8ec8 is not hosted by any dhcp agent _notify_agents /usr/lib/python3.9/site-packages/neutron/api/rpc/agentnotifiers/dhcp_rpc_agent_api.py:228
2026-06-12 08:02:46.891 17 INFO neutron.wsgi [req-c1688cb5-75d5-4a6a-8669-0c5318af1270 fecf2c20f8ec48c4b6d3e792c6433b4e 3391102c2fa3465bacb426765dc7bb6c - default default] 192.168.122.99,192.168.122.100 "PUT /v2.0/ports/60c7f7f3-6b7b-45fb-bb77-0f554e4c0bbf/tags HTTP/1.1" status: 200 len: 248 time: 0.0324295
2026-06-12 08:02:46.911 16 DEBUG neutron.pecan_wsgi.hooks.policy_enforcement [req-db4e6e40-a9cb-45ba-8692-f6e251c7cc1c fecf2c20f8ec48c4b6d3e792c6433b4e 3391102c2fa3465bacb426765dc7bb6c - default default] Attributes excluded by policy engine: ['standard_attr_id', 'network'] _exclude_attributes_by_policy /usr/lib/python3.9/site-packages/neutron/pecan_wsgi/hooks/policy_enforcement.py:259
